2026-04-28 02:31:49.557 8 INFO neutron.db.ovn_revision_numbers_db [None req-4837c418-f203-447a-ac53-f0cb011ee3ce - - - - - -] Successfully bumped revision number for resource 759319de-584d-43b0-a7bf-1f43925b85c5 (type: subnets) to 0
2026-04-28 02:31:49.576 7 INFO neutron.plugins.ml2.drivers.ovn.mech_driver.mech_driver [None req-a0bb795d-edf8-4a4a-a1c6-e79e284e75d6 - - - - - -] OVN reports status down for port: 70cb36e3-d0bb-4f32-a43e-9ad64df5eb3a [pid: 8|app: 0|req: 709/1371] 10.0.0.41 () {34 vars in 668 bytes} [Tue Apr 28 02:31:48 2026] POST /v2.0/subnets => generated 626 bytes in 707 msecs (HTTP/1.1 201) 4 headers in 162 bytes (1 switches on core 0) [pid: 8|app: 0|req: 710/1372] 10.0.0.232 () {28 vars in 591 bytes} [Tue Apr 28 02:31:49 2026] GET /v2.0/subnetpools => generated 19 bytes in 10 msecs (HTTP/1.1 200) 4 headers in 156 bytes (1 switches on core 0)
2026-04-28 02:31:49.634 7 INFO neutron.db.ovn_revision_numbers_db [None req-6c4a2bdc-5b90-4898-85b7-30f1f7f7a46c e4ab964889284fb08e7840c39b19c424 3c086edbaa464e20a0eacb1eff073a4c - - default default] Successfully bumped revision number for resource 70cb36e3-d0bb-4f32-a43e-9ad64df5eb3a (type: ports) to 1 [pid: 7|app: 0|req: 663/1373] 10.0.0.41 () {34 vars in 670 bytes} [Tue Apr 28 02:31:48 2026] POST /v2.0/networks => generated 763 bytes in 720 msecs (HTTP/1.1 201) 4 headers in 162 bytes (1 switches on core 0) [pid: 8|app: 0|req: 711/1374] 10.0.0.41 () {32 vars in 739 bytes} [Tue Apr 28 02:31:49 2026] DELETE /v2.0/security-groups/e1a37999-7615-4e82-a325-7cf42dae4dc8 => generated 0 bytes in 132 msecs (HTTP/1.1 204) 2 headers in 112 bytes (1 switches on core 0) [pid: 8|app: 0|req: 712/1375] 10.0.0.232 () {28 vars in 591 bytes} [Tue Apr 28 02:31:49 2026] GET /v2.0/floatingips => generated 1399 bytes in 41 msecs (HTTP/1.1 200) 4 headers in 158 bytes (1 switches on core 0)
2026-04-28 02:31:49.779 7 INFO neutron.db.segments_db [None req-6da2b336-1b16-4f61-a690-1789b6680e7a 1a914468909641a084044b55af0dbb2b e72a368ce4cb451a85c1f231eee814ce - - default default] Added segment 749bd910-ebde-4f4f-94bf-02e3e60f83bc of type geneve for network f4d87f97-98cb-4b90-b750-339e27739e13
2026-04-28 02:31:49.894 7 INFO neutron.db.ovn_revision_numbers_db [None req-6da2b336-1b16-4f61-a690-1789b6680e7a 1a914468909641a084044b55af0dbb2b e72a368ce4cb451a85c1f231eee814ce - - default default] Successfully bumped revision number for resource f4d87f97-98cb-4b90-b750-339e27739e13 (type: networks) to 1
2026-04-28 02:31:49.920 8 WARNING neutron.scheduler.dhcp_agent_scheduler [None req-2d3597cb-8ffc-4384-82ff-e201e8e3d1a2 e4ab964889284fb08e7840c39b19c424 3c086edbaa464e20a0eacb1eff073a4c - - default default] No more DHCP agents
2026-04-28 02:31:49.921 8 WARNING neutron.api.rpc.agentnotifiers.dhcp_rpc_agent_api [None req-2d3597cb-8ffc-4384-82ff-e201e8e3d1a2 e4ab964889284fb08e7840c39b19c424 3c086edbaa464e20a0eacb1eff073a4c - - default default] Unable to schedule network acdadc10-332d-48c9-9e0d-cdaefa3fe2a9: no agents available; will retry on subsequent port and subnet creation events.
2026-04-28 02:31:50.073 7 WARNING neutron.scheduler.dhcp_agent_scheduler [None req-6da2b336-1b16-4f61-a690-1789b6680e7a 1a914468909641a084044b55af0dbb2b e72a368ce4cb451a85c1f231eee814ce - - default default] No more DHCP agents
2026-04-28 02:31:50.074 7 WARNING neutron.api.rpc.agentnotifiers.dhcp_rpc_agent_api [None req-6da2b336-1b16-4f61-a690-1789b6680e7a 1a914468909641a084044b55af0dbb2b e72a368ce4cb451a85c1f231eee814ce - - default default] Unable to schedule network f4d87f97-98cb-4b90-b750-339e27739e13: no agents available; will retry on subsequent port and subnet creation events.
2026-04-28 02:31:50.149 7 INFO neutron.db.ovn_revision_numbers_db [None req-6da2b336-1b16-4f61-a690-1789b6680e7a 1a914468909641a084044b55af0dbb2b e72a368ce4cb451a85c1f231eee814ce - - default default] Successfully bumped revision number for resource 743db92b-6497-46ee-8b3e-e6958b5c182e (type: ports) to 1 [pid: 7|app: 0|req: 664/1376] 10.0.0.41 () {34 vars in 669 bytes} [Tue Apr 28 02:31:49 2026] POST /v2.0/networks => generated 651 bytes in 481 msecs (HTTP/1.1 201) 4 headers in 162 bytes (1 switches on core 0)
2026-04-28 02:31:50.180 7 INFO neutron.api.v2.resource [None req-45758d09-12c5-44a6-9814-36805868ecc4 7336d6f0539c4034a5be4f847d5c26f3 788ea3402d2f4a1c94c2c101d0cae8ad - - default default] show failed (client error): The resource could not be found. [pid: 7|app: 0|req: 665/1377] 10.0.0.41 () {32 vars in 736 bytes} [Tue Apr 28 02:31:50 2026] GET /v2.0/security-groups/e1a37999-7615-4e82-a325-7cf42dae4dc8 => generated 146 bytes in 10 msecs (HTTP/1.1 404) 4 headers in 164 bytes (1 switches on core 0) [pid: 7|app: 0|req: 666/1378] 10.0.0.232 () {28 vars in 579 bytes} [Tue Apr 28 02:31:50 2026] GET /v2.0/ports => generated 21014 bytes in 90 msecs (HTTP/1.1 200) 4 headers in 159 bytes (1 switches on core 0)
2026-04-28 02:31:50.416 8 INFO neutron.db.ovn_revision_numbers_db [None req-b3803a2e-79e1-44a0-b5f0-d441b035f145 - - - - - -] Successfully bumped revision number for resource 70cb36e3-d0bb-4f32-a43e-9ad64df5eb3a (type: ports) to 2
2026-04-28 02:31:50.468 8 INFO neutron.db.ovn_revision_numbers_db [None req-b3803a2e-79e1-44a0-b5f0-d441b035f145 - - - - - -] Successfully bumped revision number for resource 4d7c6c06-fec5-4aa6-8ec9-3da0a16b7035 (type: subnets) to 0 [pid: 8|app: 0|req: 713/1379] 10.0.0.41 () {34 vars in 668 bytes} [Tue Apr 28 02:31:49 2026] POST /v2.0/subnets => generated 688 bytes in 719 msecs (HTTP/1.1 201) 4 headers in 162 bytes (1 switches on core 0)
2026-04-28 02:31:50.493 7 WARNING neutron.scheduler.dhcp_agent_scheduler [None req-17349f85-b160-47d6-875d-e9641b7e3629 1a914468909641a084044b55af0dbb2b e72a368ce4cb451a85c1f231eee814ce - - default default] No more DHCP agents
2026-04-28 02:31:50.494 7 WARNING neutron.api.rpc.agentnotifiers.dhcp_rpc_agent_api [None req-17349f85-b160-47d6-875d-e9641b7e3629 1a914468909641a084044b55af0dbb2b e72a368ce4cb451a85c1f231eee814ce - - default default] Unable to schedule network f4d87f97-98cb-4b90-b750-339e27739e13: no agents available; will retry on subsequent port and subnet creation events.
2026-04-28 02:31:50.601 8 INFO neutron_taas.services.taas.taas_plugin [None req-c8fe94f6-4750-45fd-9896-cf20be98273f 7336d6f0539c4034a5be4f847d5c26f3 788ea3402d2f4a1c94c2c101d0cae8ad - - default default] TaaS: Handle Delete Port: 6a017ea1-a66b-4066-8c52-f548987084d6
2026-04-28 02:31:50.604 8 INFO neutron_taas.services.taas.tap_mirror_plugin [None req-c8fe94f6-4750-45fd-9896-cf20be98273f 7336d6f0539c4034a5be4f847d5c26f3 788ea3402d2f4a1c94c2c101d0cae8ad - - default default] Tap Mirror: Handle Delete Port: 6a017ea1-a66b-4066-8c52-f548987084d6 [pid: 8|app: 0|req: 714/1380] 10.0.0.41 () {32 vars in 731 bytes} [Tue Apr 28 02:31:50 2026] DELETE /v2.0/floatingips/26d3bccc-b976-468b-abae-07aa16c29830 => generated 0 bytes in 265 msecs (HTTP/1.1 204) 2 headers in 112 bytes (1 switches on core 0) [pid: 8|app: 0|req: 715/1381] 10.0.0.232 () {28 vars in 583 bytes} [Tue Apr 28 02:31:50 2026] GET /v2.0/routers => generated 2909 bytes in 70 msecs (HTTP/1.1 200) 4 headers in 158 bytes (1 switches on core 0)
2026-04-28 02:31:50.881 7 INFO neutron.db.ovn_revision_numbers_db [None req-b27d412d-24d6-450a-a6c8-8cd90210ca6f - - - - - -] Successfully bumped revision number for resource 743db92b-6497-46ee-8b3e-e6958b5c182e (type: ports) to 2
2026-04-28 02:31:50.914 7 INFO neutron.db.ovn_revision_numbers_db [None req-b27d412d-24d6-450a-a6c8-8cd90210ca6f - - - - - -] Successfully bumped revision number for resource 632e5ead-9b20-4066-9601-40e6375c1c24 (type: subnets) to 0 [pid: 7|app: 0|req: 667/1382] 10.0.0.41 () {34 vars in 668 bytes} [Tue Apr 28 02:31:50 2026] POST /v2.0/subnets => generated 629 bytes in 668 msecs (HTTP/1.1 201) 4 headers in 162 bytes (1 switches on core 0)
2026-04-28 02:31:51.232 7 INFO neutron_taas.services.taas.taas_plugin [None req-6e589d6b-3449-4d6d-a90f-65cc86b425fb e4ab964889284fb08e7840c39b19c424 3c086edbaa464e20a0eacb1eff073a4c - - default default] TaaS: Handle Delete Port: 9aa89ec9-80bd-4ed8-87c9-1533609bec38
2026-04-28 02:31:51.235 7 INFO neutron_taas.services.taas.tap_mirror_plugin [None req-6e589d6b-3449-4d6d-a90f-65cc86b425fb e4ab964889284fb08e7840c39b19c424 3c086edbaa464e20a0eacb1eff073a4c - - default default] Tap Mirror: Handle Delete Port: 9aa89ec9-80bd-4ed8-87c9-1533609bec38
2026-04-28 02:31:51.249 8 WARNING neutron.scheduler.dhcp_agent_scheduler [None req-af816cce-4a8d-4ce7-bcad-7a3bdad670b3 e4ab964889284fb08e7840c39b19c424 3c086edbaa464e20a0eacb1eff073a4c - - default default] No more DHCP agents
2026-04-28 02:31:51.250 8 WARNING neutron.api.rpc.agentnotifiers.dhcp_rpc_agent_api [None req-af816cce-4a8d-4ce7-bcad-7a3bdad670b3 e4ab964889284fb08e7840c39b19c424 3c086edbaa464e20a0eacb1eff073a4c - - default default] Unable to schedule network 757961b3-605b-43e4-820f-f8549475bdd8: no agents available; will retry on subsequent port and subnet creation events.
2026-04-28 02:31:51.348 7 INFO neutron.plugins.ml2.drivers.ovn.mech_driver.mech_driver [None req-a0bb795d-edf8-4a4a-a1c6-e79e284e75d6 - - - - - -] OVN reports status down for port: c88ca736-be7d-4051-b620-53f92f068e7f
2026-04-28 02:31:51.369 8 INFO neutron.db.ovn_revision_numbers_db [None req-af816cce-4a8d-4ce7-bcad-7a3bdad670b3 e4ab964889284fb08e7840c39b19c424 3c086edbaa464e20a0eacb1eff073a4c - - default default] Successfully bumped revision number for resource c88ca736-be7d-4051-b620-53f92f068e7f (type: ports) to 1
2026-04-28 02:31:51.831 8 INFO neutron.plugins.ml2.drivers.ovn.mech_driver.ovsdb.commands [None req-11a510c0-f81f-4873-9574-331f1a79e598 - - - - - -] Schedule LRP lrp-c88ca736-be7d-4051-b620-53f92f068e7f on gateway 63cf612f-8606-4ada-ae16-0ea82ace09cf with priority 1
2026-04-28 02:31:51.865 8 INFO neutron.plugins.ml2.drivers.ovn.mech_driver.ovsdb.ovsdb_monitor [None req-6ac55f00-fe4a-4216-9565-a095e335c5ef - - - - - -] Router 0d437c48-24a1-48f5-b953-c81f7d9dcf03 is bound to host instance
2026-04-28 02:31:51.868 7 INFO neutron.plugins.ml2.drivers.ovn.mech_driver.mech_driver [None req-a0bb795d-edf8-4a4a-a1c6-e79e284e75d6 - - - - - -] OVN reports status up for port: c88ca736-be7d-4051-b620-53f92f068e7f [pid: 7|app: 0|req: 668/1383] 10.0.0.41 () {34 vars in 788 bytes} [Tue Apr 28 02:31:50 2026] PUT /v2.0/routers/c9141d71-acde-47ed-9f2c-858a223582da/remove_router_interface => generated 309 bytes in 958 msecs (HTTP/1.1 200) 4 headers in 157 bytes (1 switches on core 0) /var/lib/openstack/lib/python3.12/site-packages/pycadf/identifier.py:70: UserWarning: Invalid uuid: neutron. To ensure interoperability, identifiers should be a valid uuid. warnings.warn(('Invalid uuid: %s. To ensure interoperability, '
2026-04-28 02:31:51.912 8 INFO neutron.db.ovn_revision_numbers_db [None req-af816cce-4a8d-4ce7-bcad-7a3bdad670b3 e4ab964889284fb08e7840c39b19c424 3c086edbaa464e20a0eacb1eff073a4c - - default default] Successfully bumped revision number for resource c88ca736-be7d-4051-b620-53f92f068e7f (type: router_ports) to 1
2026-04-28 02:31:51.913 7 INFO neutron.plugins.ml2.plugin [None req-a0bb795d-edf8-4a4a-a1c6-e79e284e75d6 - - - - - -] Attempt 1 to provision port c88ca736-be7d-4051-b620-53f92f068e7f [pid: 7|app: 0|req: 669/1384] 10.0.0.232 () {28 vars in 624 bytes} [Tue Apr 28 02:31:51 2026] GET /v2.0/agents?binary=ovn-controller => generated 416 bytes in 19 msecs (HTTP/1.1 200) 4 headers in 157 bytes (1 switches on core 0)
2026-04-28 02:31:52.037 8 INFO neutron.db.ovn_revision_numbers_db [None req-af816cce-4a8d-4ce7-bcad-7a3bdad670b3 e4ab964889284fb08e7840c39b19c424 3c086edbaa464e20a0eacb1eff073a4c - - default default] Successfully bumped revision number for resource 0d437c48-24a1-48f5-b953-c81f7d9dcf03 (type: routers) to 2
2026-04-28 02:31:52.052 7 INFO neutron.db.segments_db [None req-18ffc067-826d-400b-85f3-be3d40b8cd4b 1a914468909641a084044b55af0dbb2b e72a368ce4cb451a85c1f231eee814ce - - default default] Added segment 0af5e72c-4b3d-481a-a54d-ecb13f5d2210 of type geneve for network 5cf9d353-6e5c-4caf-bca5-30aebc9aac69 [pid: 8|app: 0|req: 716/1385] 10.0.0.41 () {34 vars in 668 bytes} [Tue Apr 28 02:31:50 2026] POST /v2.0/routers => generated 966 bytes in 1257 msecs (HTTP/1.1 201) 4 headers in 162 bytes (1 switches on core 0)
2026-04-28 02:31:52.158 7 INFO neutron.db.ovn_revision_numbers_db [None req-18ffc067-826d-400b-85f3-be3d40b8cd4b 1a914468909641a084044b55af0dbb2b e72a368ce4cb451a85c1f231eee814ce - - default default] Successfully bumped revision number for resource 5cf9d353-6e5c-4caf-bca5-30aebc9aac69 (type: networks) to 1
2026-04-28 02:31:52.322 7 WARNING neutron.scheduler.dhcp_agent_scheduler [None req-18ffc067-826d-400b-85f3-be3d40b8cd4b 1a914468909641a084044b55af0dbb2b e72a368ce4cb451a85c1f231eee814ce - - default default] No more DHCP agents
2026-04-28 02:31:52.323 7 WARNING neutron.api.rpc.agentnotifiers.dhcp_rpc_agent_api [None req-18ffc067-826d-400b-85f3-be3d40b8cd4b 1a914468909641a084044b55af0dbb2b e72a368ce4cb451a85c1f231eee814ce - - default default] Unable to schedule network 5cf9d353-6e5c-4caf-bca5-30aebc9aac69: no agents available; will retry on subsequent port and subnet creation events.
2026-04-28 02:31:52.406 7 INFO neutron.db.ovn_revision_numbers_db [None req-18ffc067-826d-400b-85f3-be3d40b8cd4b 1a914468909641a084044b55af0dbb2b e72a368ce4cb451a85c1f231eee814ce - - default default] Successfully bumped revision number for resource 8256f706-a989-452d-9619-e50c891a4beb (type: ports) to 1 [pid: 7|app: 0|req: 670/1386] 10.0.0.41 () {34 vars in 669 bytes} [Tue Apr 28 02:31:51 2026] POST /v2.0/networks => generated 650 bytes in 506 msecs (HTTP/1.1 201) 4 headers in 162 bytes (1 switches on core 0) [pid: 7|app: 0|req: 671/1387] 10.0.0.232 () {28 vars in 585 bytes} [Tue Apr 28 02:31:52 2026] GET /v2.0/networks => generated 7788 bytes in 80 msecs (HTTP/1.1 200) 4 headers in 158 bytes (1 switches on core 0)
2026-04-28 02:31:52.623 8 INFO neutron_taas.services.taas.taas_plugin [None req-f87f6867-4cff-4e8f-bedb-2188e3355663 e4ab964889284fb08e7840c39b19c424 3c086edbaa464e20a0eacb1eff073a4c - - default default] TaaS: Handle Delete Port: 0eac5b0c-784d-4afa-b583-7cf504fc5319
2026-04-28 02:31:52.627 8 INFO neutron_taas.services.taas.tap_mirror_plugin [None req-f87f6867-4cff-4e8f-bedb-2188e3355663 e4ab964889284fb08e7840c39b19c424 3c086edbaa464e20a0eacb1eff073a4c - - default default] Tap Mirror: Handle Delete Port: 0eac5b0c-784d-4afa-b583-7cf504fc5319
2026-04-28 02:31:52.795 8 WARNING neutron.plugins.ml2.drivers.ovn.mech_driver.ovsdb.ovn_client [None req-234b004f-6920-41b2-a549-7aa1a9f35d04 - - - - - -] No hosting information found for port 0d53f86d-8b12-4536-b81d-2f1b230ef613: RuntimeError: No hosting information found for port 0d53f86d-8b12-4536-b81d-2f1b230ef613
2026-04-28 02:31:52.893 7 WARNING neutron.scheduler.dhcp_agent_scheduler [None req-4d2c397b-225e-42d5-a4c6-a11c693a50d0 e4ab964889284fb08e7840c39b19c424 3c086edbaa464e20a0eacb1eff073a4c - - default default] No more DHCP agents
2026-04-28 02:31:52.895 7 WARNING neutron.api.rpc.agentnotifiers.dhcp_rpc_agent_api [None req-4d2c397b-225e-42d5-a4c6-a11c693a50d0 e4ab964889284fb08e7840c39b19c424 3c086edbaa464e20a0eacb1eff073a4c - - default default] Unable to schedule network acdadc10-332d-48c9-9e0d-cdaefa3fe2a9: no agents available; will retry on subsequent port and subnet creation events.
2026-04-28 02:31:53.021 7 INFO neutron.db.ovn_revision_numbers_db [None req-4d2c397b-225e-42d5-a4c6-a11c693a50d0 e4ab964889284fb08e7840c39b19c424 3c086edbaa464e20a0eacb1eff073a4c - - default default] Successfully bumped revision number for resource b4c296e5-0aa4-4794-a9ea-bdf4072627ff (type: ports) to 1
2026-04-28 02:31:53.027 8 INFO neutron.db.ovn_revision_numbers_db [None req-234b004f-6920-41b2-a549-7aa1a9f35d04 - - - - - -] Successfully bumped revision number for resource 0d53f86d-8b12-4536-b81d-2f1b230ef613 (type: router_ports) to 2
2026-04-28 02:31:53.028 8 INFO neutron.plugins.ml2.drivers.ovn.mech_driver.mech_driver [None req-234b004f-6920-41b2-a549-7aa1a9f35d04 - - - - - -] OVN reports status down for port: 743db92b-6497-46ee-8b3e-e6958b5c182e
2026-04-28 02:31:53.209 8 INFO neutron.plugins.ml2.drivers.ovn.mech_driver.mech_driver [None req-234b004f-6920-41b2-a549-7aa1a9f35d04 - - - - - -] OVN reports status down for port: b4c296e5-0aa4-4794-a9ea-bdf4072627ff [pid: 8|app: 0|req: 717/1388] 10.0.0.41 () {32 vars in 723 bytes} [Tue Apr 28 02:31:52 2026] DELETE /v2.0/routers/c9141d71-acde-47ed-9f2c-858a223582da => generated 0 bytes in 1437 msecs (HTTP/1.1 204) 2 headers in 112 bytes (1 switches on core 0)
2026-04-28 02:31:53.569 8 INFO neutron.plugins.ml2.drivers.ovn.mech_driver.mech_driver [None req-234b004f-6920-41b2-a549-7aa1a9f35d04 - - - - - -] OVN reports status up for port: b4c296e5-0aa4-4794-a9ea-bdf4072627ff
2026-04-28 02:31:53.619 8 INFO neutron.plugins.ml2.plugin [None req-234b004f-6920-41b2-a549-7aa1a9f35d04 - - - - - -] Attempt 1 to provision port b4c296e5-0aa4-4794-a9ea-bdf4072627ff
2026-04-28 02:31:53.648 7 WARNING neutron.scheduler.dhcp_agent_scheduler [None req-4d2c397b-225e-42d5-a4c6-a11c693a50d0 e4ab964889284fb08e7840c39b19c424 3c086edbaa464e20a0eacb1eff073a4c - - default default] No more DHCP agents
2026-04-28 02:31:53.649 7 WARNING neutron.api.rpc.agentnotifiers.dhcp_rpc_agent_api [None req-4d2c397b-225e-42d5-a4c6-a11c693a50d0 e4ab964889284fb08e7840c39b19c424 3c086edbaa464e20a0eacb1eff073a4c - - default default] Unable to schedule network acdadc10-332d-48c9-9e0d-cdaefa3fe2a9: no agents available; will retry on subsequent port and subnet creation events.
2026-04-28 02:31:53.651 8 INFO neutron.db.ovn_revision_numbers_db [None req-97d0f5dd-7950-4170-b3d0-e33208642541 - - - - - -] Successfully bumped revision number for resource c88ca736-be7d-4051-b620-53f92f068e7f (type: ports) to 4
2026-04-28 02:31:54.048 7 INFO neutron.db.ovn_revision_numbers_db [None req-4d2c397b-225e-42d5-a4c6-a11c693a50d0 e4ab964889284fb08e7840c39b19c424 3c086edbaa464e20a0eacb1eff073a4c - - default default] Successfully bumped revision number for resource b4c296e5-0aa4-4794-a9ea-bdf4072627ff (type: router_ports) to 1 [pid: 7|app: 0|req: 672/1389] 10.0.0.41 () {34 vars in 782 bytes} [Tue Apr 28 02:31:52 2026] PUT /v2.0/routers/0d437c48-24a1-48f5-b953-c81f7d9dcf03/add_router_interface => generated 309 bytes in 1546 msecs (HTTP/1.1 200) 4 headers in 157 bytes (1 switches on core 0) [pid: 7|app: 0|req: 673/1390] 10.0.0.232 () {28 vars in 599 bytes} [Tue Apr 28 02:31:54 2026] GET /v2.0/security-groups => generated 34782 bytes in 41 msecs (HTTP/1.1 200) 4 headers in 159 bytes (1 switches on core 0)
2026-04-28 02:31:54.113 8 WARNING neutron.scheduler.dhcp_agent_scheduler [None req-2fa5b079-d084-41c0-82e0-27f8575a0516 1a914468909641a084044b55af0dbb2b e72a368ce4cb451a85c1f231eee814ce - - default default] No more DHCP agents
2026-04-28 02:31:54.118 8 WARNING neutron.api.rpc.agentnotifiers.dhcp_rpc_agent_api [None req-2fa5b079-d084-41c0-82e0-27f8575a0516 1a914468909641a084044b55af0dbb2b e72a368ce4cb451a85c1f231eee814ce - - default default] Unable to schedule network 5cf9d353-6e5c-4caf-bca5-30aebc9aac69: no agents available; will retry on subsequent port and subnet creation events. [pid: 7|app: 0|req: 674/1391] 10.0.0.133 () {34 vars in 990 bytes} [Tue Apr 28 02:31:54 2026] GET /v2.0/ports?device_id=8caf0daf-9e69-43be-b407-d2df6589f7c6 => generated 975 bytes in 64 msecs (HTTP/1.1 200) 4 headers in 157 bytes (1 switches on core 0)
2026-04-28 02:31:54.282 7 INFO neutron.plugins.ml2.drivers.ovn.mech_driver.mech_driver [None req-a0bb795d-edf8-4a4a-a1c6-e79e284e75d6 - - - - - -] OVN reports status down for port: 8256f706-a989-452d-9619-e50c891a4beb [pid: 7|app: 0|req: 675/1392] 10.0.0.41 () {32 vars in 723 bytes} [Tue Apr 28 02:31:54 2026] DELETE /v2.0/subnets/bd9a23a4-f73d-4f43-8482-47ab898097d9 => generated 0 bytes in 214 msecs (HTTP/1.1 204) 3 headers in 131 bytes (1 switches on core 0) [pid: 7|app: 0|req: 676/1393] 10.0.0.232 () {28 vars in 619 bytes} [Tue Apr 28 02:31:54 2026] GET /v2.0/network-ip-availabilities => generated 4060 bytes in 14 msecs (HTTP/1.1 200) 4 headers in 158 bytes (1 switches on core 0) [pid: 7|app: 0|req: 677/1394] 10.0.0.133 () {34 vars in 1040 bytes} [Tue Apr 28 02:31:54 2026] GET /v2.0/security-groups?id=f38206a0-55f8-4ec2-96c8-33a185738e2f&fields=id&fields=name => generated 113 bytes in 29 msecs (HTTP/1.1 200) 4 headers in 157 bytes (1 switches on core 0)
2026-04-28 02:31:54.528 7 INFO neutron_taas.services.taas.taas_plugin [None req-ce34988c-8fb3-4c80-b6f4-802971fe6d28 e4ab964889284fb08e7840c39b19c424 3c086edbaa464e20a0eacb1eff073a4c - - default default] TaaS: Handle Delete Port: d76a3653-717e-4014-afe2-9d94aac72cd6
2026-04-28 02:31:54.530 7 INFO neutron_taas.services.taas.tap_mirror_plugin [None req-ce34988c-8fb3-4c80-b6f4-802971fe6d28 e4ab964889284fb08e7840c39b19c424 3c086edbaa464e20a0eacb1eff073a4c - - default default] Tap Mirror: Handle Delete Port: d76a3653-717e-4014-afe2-9d94aac72cd6
2026-04-28 02:31:54.708 7 INFO neutron.services.segments.plugin [-] Segment a56124e3-9b43-4fe9-899d-b39d0b225981 resource provider aggregate not found
2026-04-28 02:31:54.711 7 INFO neutron.services.segments.plugin [-] Segment a56124e3-9b43-4fe9-899d-b39d0b225981 resource provider aggregate not found
2026-04-28 02:31:54.727 7 INFO neutron.services.segments.plugin [-] Segment a56124e3-9b43-4fe9-899d-b39d0b225981 resource provider not found; error: Placement Client Error (4xx): {"errors": [{"status": 404, "title": "Not Found", "detail": "The resource could not be found.\n\n No resource provider with uuid a56124e3-9b43-4fe9-899d-b39d0b225981 found for delete ", "request_id": "req-5aadfce2-2b45-4c9a-959b-fb1ea23b92a0"}]}
2026-04-28 02:31:54.734 7 INFO neutron.services.segments.plugin [-] Segment a56124e3-9b43-4fe9-899d-b39d0b225981 resource provider not found; error: Placement Client Error (4xx): {"errors": [{"status": 404, "title": "Not Found", "detail": "The resource could not be found.\n\n No resource provider with uuid a56124e3-9b43-4fe9-899d-b39d0b225981 found for delete ", "request_id": "req-bb55145b-fb7c-4fe3-b197-8485e46aa997"}]} [pid: 7|app: 0|req: 678/1395] 10.0.0.41 () {32 vars in 725 bytes} [Tue Apr 28 02:31:54 2026] DELETE /v2.0/networks/a1115fbe-7317-4fb8-a5ba-163b8a52d2d0 => generated 0 bytes in 326 msecs (HTTP/1.1 204) 3 headers in 131 bytes (1 switches on core 0) [pid: 7|app: 0|req: 679/1396] 10.0.0.133 () {34 vars in 990 bytes} [Tue Apr 28 02:31:54 2026] GET /v2.0/ports?device_id=8caf0daf-9e69-43be-b407-d2df6589f7c6 => generated 975 bytes in 39 msecs (HTTP/1.1 200) 4 headers in 157 bytes (1 switches on core 0)
2026-04-28 02:31:54.786 8 INFO neutron.db.ovn_revision_numbers_db [None req-97d0f5dd-7950-4170-b3d0-e33208642541 - - - - - -] Successfully bumped revision number for resource c88ca736-be7d-4051-b620-53f92f068e7f (type: ports) to 5
2026-04-28 02:31:54.886 7 INFO neutron.db.ovn_revision_numbers_db [None req-78042183-afa3-45b5-bdd5-c66bed545c21 4ebefe5ca5ac42f8a4f6bd9391c1571e 749acfec071f4c7787854094e96608a1 - - default default] Successfully bumped revision number for resource 7a369452-c1f9-4226-b996-6f6bf1afd53b (type: security_groups) to 1
2026-04-28 02:31:54.900 7 INFO neutron.db.ovn_revision_numbers_db [None req-78042183-afa3-45b5-bdd5-c66bed545c21 4ebefe5ca5ac42f8a4f6bd9391c1571e 749acfec071f4c7787854094e96608a1 - - default default] Successfully bumped revision number for resource 95d6e62a-1fcd-40a6-9b30-8c73b16a4d8c (type: security_group_rules) to 0
2026-04-28 02:31:54.909 7 INFO neutron.db.ovn_revision_numbers_db [None req-78042183-afa3-45b5-bdd5-c66bed545c21 4ebefe5ca5ac42f8a4f6bd9391c1571e 749acfec071f4c7787854094e96608a1 - - default default] Successfully bumped revision number for resource d3988ebd-fb51-4e0d-b11e-7c2b9b757323 (type: security_group_rules) to 0 [pid: 7|app: 0|req: 680/1397] 10.0.0.41 () {34 vars in 684 bytes} [Tue Apr 28 02:31:54 2026] POST /v2.0/security-groups => generated 1671 bytes in 156 msecs (HTTP/1.1 201) 4 headers in 163 bytes (1 switches on core 0) [pid: 7|app: 0|req: 681/1398] 10.0.0.133 () {34 vars in 1040 bytes} [Tue Apr 28 02:31:54 2026] GET /v2.0/security-groups?id=f38206a0-55f8-4ec2-96c8-33a185738e2f&fields=id&fields=name => generated 113 bytes in 23 msecs (HTTP/1.1 200) 4 headers in 157 bytes (1 switches on core 0) [pid: 7|app: 0|req: 682/1399] 10.0.0.41 () {32 vars in 773 bytes} [Tue Apr 28 02:31:54 2026] GET /v2.0/security-groups?tenant_id=788ea3402d2f4a1c94c2c101d0cae8ad&name=default => generated 2925 bytes in 20 msecs (HTTP/1.1 200) 4 headers in 158 bytes (1 switches on core 0)
2026-04-28 02:31:55.026 8 INFO neutron.db.ovn_revision_numbers_db [None req-234b004f-6920-41b2-a549-7aa1a9f35d04 - - - - - -] Successfully bumped revision number for resource b4c296e5-0aa4-4794-a9ea-bdf4072627ff (type: ports) to 2
2026-04-28 02:31:55.103 7 INFO neutron.db.ovn_revision_numbers_db [None req-6f50ca09-460e-44b4-ae38-a9857fb294e5 4ebefe5ca5ac42f8a4f6bd9391c1571e 749acfec071f4c7787854094e96608a1 - - default default] Successfully bumped revision number for resource 746b5448-946c-431d-b728-0039645be00d (type: security_group_rules) to 0 [pid: 7|app: 0|req: 683/1400] 10.0.0.41 () {34 vars in 694 bytes} [Tue Apr 28 02:31:54 2026] POST /v2.0/security-group-rules => generated 597 bytes in 152 msecs (HTTP/1.1 201) 4 headers in 162 bytes (1 switches on core 0)
2026-04-28 02:31:55.239 8 INFO neutron.db.ovn_revision_numbers_db [None req-90462994-92d6-4abd-a586-617705f77afa - - - - - -] Successfully bumped revision number for resource 8256f706-a989-452d-9619-e50c891a4beb (type: ports) to 2
2026-04-28 02:31:55.278 8 INFO neutron.db.ovn_revision_numbers_db [None req-90462994-92d6-4abd-a586-617705f77afa - - - - - -] Successfully bumped revision number for resource 8e3f7fdf-b718-4ecc-b7da-61b315fc4eb1 (type: subnets) to 0 [pid: 8|app: 0|req: 718/1401] 10.0.0.41 () {34 vars in 668 bytes} [Tue Apr 28 02:31:53 2026] POST /v2.0/subnets => generated 629 bytes in 1785 msecs (HTTP/1.1 201) 4 headers in 162 bytes (1 switches on core 0) [pid: 7|app: 0|req: 684/1402] 10.0.0.41 () {32 vars in 739 bytes} [Tue Apr 28 02:31:55 2026] DELETE /v2.0/security-groups/ef949054-8a06-4ea6-a11e-1be0260ab43c => generated 0 bytes in 208 msecs (HTTP/1.1 204) 2 headers in 112 bytes (1 switches on core 0)
2026-04-28 02:31:55.437 7 INFO neutron.db.segments_db [None req-1af74c40-77cb-47a9-814a-1e18680d1ae4 1a914468909641a084044b55af0dbb2b e72a368ce4cb451a85c1f231eee814ce - - default default] Added segment 781051a4-0f0b-415c-8bd5-4c2627d8b6e9 of type geneve for network 559c0f18-0e78-4584-92b5-bba1bde20779
2026-04-28 02:31:55.441 8 INFO neutron.db.ovn_revision_numbers_db [None req-666cfb29-321d-439a-89de-abf4f96c6682 4ebefe5ca5ac42f8a4f6bd9391c1571e 749acfec071f4c7787854094e96608a1 - - default default] Successfully bumped revision number for resource 9beda9ef-27b0-447a-9464-3900f988e8a8 (type: security_group_rules) to 0 [pid: 8|app: 0|req: 719/1403] 10.0.0.41 () {34 vars in 694 bytes} [Tue Apr 28 02:31:55 2026] POST /v2.0/security-group-rules => generated 596 bytes in 178 msecs (HTTP/1.1 201) 4 headers in 162 bytes (1 switches on core 0)
2026-04-28 02:31:55.544 7 INFO neutron.db.ovn_revision_numbers_db [None req-1af74c40-77cb-47a9-814a-1e18680d1ae4 1a914468909641a084044b55af0dbb2b e72a368ce4cb451a85c1f231eee814ce - - default default] Successfully bumped revision number for resource 559c0f18-0e78-4584-92b5-bba1bde20779 (type: networks) to 1
2026-04-28 02:31:55.640 8 INFO neutron.db.ovn_revision_numbers_db [None req-1265a650-fcb4-4e8d-b3b9-f42177ebfe96 4ebefe5ca5ac42f8a4f6bd9391c1571e 749acfec071f4c7787854094e96608a1 - - default default] Successfully bumped revision number for resource 10be7358-3570-4719-a586-487e295fba3b (type: security_group_rules) to 0
2026-04-28 02:31:55.648 7 INFO neutron.plugins.ml2.drivers.ovn.mech_driver.mech_driver [None req-a0bb795d-edf8-4a4a-a1c6-e79e284e75d6 - - - - - -] OVN reports status down for port: 078f8a7c-23f6-44f3-9c88-bcfaef28bb6c [pid: 8|app: 0|req: 720/1404] 10.0.0.41 () {34 vars in 694 bytes} [Tue Apr 28 02:31:55 2026] POST /v2.0/security-group-rules => generated 602 bytes in 193 msecs (HTTP/1.1 201) 4 headers in 162 bytes (1 switches on core 0)
2026-04-28 02:31:55.779 7 WARNING neutron.scheduler.dhcp_agent_scheduler [None req-1af74c40-77cb-47a9-814a-1e18680d1ae4 1a914468909641a084044b55af0dbb2b e72a368ce4cb451a85c1f231eee814ce - - default default] No more DHCP agents
2026-04-28 02:31:55.780 7 WARNING neutron.api.rpc.agentnotifiers.dhcp_rpc_agent_api [None req-1af74c40-77cb-47a9-814a-1e18680d1ae4 1a914468909641a084044b55af0dbb2b e72a368ce4cb451a85c1f231eee814ce - - default default] Unable to schedule network 559c0f18-0e78-4584-92b5-bba1bde20779: no agents available; will retry on subsequent port and subnet creation events.
2026-04-28 02:31:55.818 8 INFO neutron.db.ovn_revision_numbers_db [None req-e21329fd-570f-4295-92b3-f5d54938b01c 4ebefe5ca5ac42f8a4f6bd9391c1571e 749acfec071f4c7787854094e96608a1 - - default default] Successfully bumped revision number for resource 5346034f-8361-4038-89f4-5f4a6c720601 (type: security_group_rules) to 0 [pid: 8|app: 0|req: 721/1405] 10.0.0.41 () {34 vars in 694 bytes} [Tue Apr 28 02:31:55 2026] POST /v2.0/security-group-rules => generated 601 bytes in 186 msecs (HTTP/1.1 201) 4 headers in 162 bytes (1 switches on core 0)
2026-04-28 02:31:55.890 7 INFO neutron.notifiers.nova [-] Nova event matching ['req-bf2cf34f-46f7-4177-8421-6d913cd3186f'] response: {'server_uuid': '8caf0daf-9e69-43be-b407-d2df6589f7c6', 'name': 'network-vif-unplugged', 'status': 'completed', 'tag': '078f8a7c-23f6-44f3-9c88-bcfaef28bb6c', 'code': 200}
2026-04-28 02:31:55.906 8 INFO neutron.db.securitygroups_db [None req-1704e104-ea10-4da6-a222-4578a6006f6a 4ebefe5ca5ac42f8a4f6bd9391c1571e 749acfec071f4c7787854094e96608a1 - - default default] Project 749acfec071f4c7787854094e96608a1 added a security group rule with legacy IPv6 ICMP protocol name icmp, ipv6-icmp should be used instead. It was automatically converted.
2026-04-28 02:31:55.909 7 INFO neutron.db.ovn_revision_numbers_db [None req-1af74c40-77cb-47a9-814a-1e18680d1ae4 1a914468909641a084044b55af0dbb2b e72a368ce4cb451a85c1f231eee814ce - - default default] Successfully bumped revision number for resource 4f5d7666-68fc-42ee-aa3c-276e088a13fc (type: ports) to 1 [pid: 7|app: 0|req: 685/1406] 10.0.0.41 () {34 vars in 669 bytes} [Tue Apr 28 02:31:55 2026] POST /v2.0/networks => generated 651 bytes in 593 msecs (HTTP/1.1 201) 4 headers in 162 bytes (1 switches on core 0)
2026-04-28 02:31:56.028 8 INFO neutron.db.ovn_revision_numbers_db [None req-1704e104-ea10-4da6-a222-4578a6006f6a 4ebefe5ca5ac42f8a4f6bd9391c1571e 749acfec071f4c7787854094e96608a1 - - default default] Successfully bumped revision number for resource 5c3d529e-3d52-4c61-bac4-fc53dca84452 (type: security_group_rules) to 0 [pid: 8|app: 0|req: 722/1407] 10.0.0.41 () {34 vars in 694 bytes} [Tue Apr 28 02:31:55 2026] POST /v2.0/security-group-rules => generated 607 bytes in 185 msecs (HTTP/1.1 201) 4 headers in 162 bytes (1 switches on core 0) [pid: 8|app: 0|req: 723/1408] 10.0.0.133 () {34 vars in 990 bytes} [Tue Apr 28 02:31:56 2026] GET /v2.0/ports?device_id=8caf0daf-9e69-43be-b407-d2df6589f7c6 => generated 973 bytes in 76 msecs (HTTP/1.1 200) 4 headers in 157 bytes (1 switches on core 0)
2026-04-28 02:31:56.144 7 INFO neutron.db.ovn_revision_numbers_db [None req-a0bb795d-edf8-4a4a-a1c6-e79e284e75d6 - - - - - -] Successfully bumped revision number for resource 078f8a7c-23f6-44f3-9c88-bcfaef28bb6c (type: ports) to 8
2026-04-28 02:31:56.167 8 INFO neutron.db.securitygroups_db [None req-4d6efa99-7e02-41ae-a1d4-5f30942e06a2 4ebefe5ca5ac42f8a4f6bd9391c1571e 749acfec071f4c7787854094e96608a1 - - default default] Project 749acfec071f4c7787854094e96608a1 added a security group rule with legacy IPv6 ICMP protocol name icmp, ipv6-icmp should be used instead. It was automatically converted.
2026-04-28 02:31:56.240 7 WARNING neutron.scheduler.dhcp_agent_scheduler [None req-39239a91-1336-4425-8147-82055b6f7dcf 1a914468909641a084044b55af0dbb2b e72a368ce4cb451a85c1f231eee814ce - - default default] No more DHCP agents
2026-04-28 02:31:56.242 7 WARNING neutron.api.rpc.agentnotifiers.dhcp_rpc_agent_api [None req-39239a91-1336-4425-8147-82055b6f7dcf 1a914468909641a084044b55af0dbb2b e72a368ce4cb451a85c1f231eee814ce - - default default] Unable to schedule network 559c0f18-0e78-4584-92b5-bba1bde20779: no agents available; will retry on subsequent port and subnet creation events.
2026-04-28 02:31:56.255 7 INFO neutron.plugins.ml2.drivers.ovn.mech_driver.mech_driver [None req-251209ec-b067-4053-b77c-c29a2b4b8325 - - - - - -] OVN reports status down for port: 4f5d7666-68fc-42ee-aa3c-276e088a13fc
2026-04-28 02:31:56.276 8 INFO neutron.db.ovn_revision_numbers_db [None req-4d6efa99-7e02-41ae-a1d4-5f30942e06a2 4ebefe5ca5ac42f8a4f6bd9391c1571e 749acfec071f4c7787854094e96608a1 - - default default] Successfully bumped revision number for resource 276296bd-4569-41d9-9642-87a52f09e311 (type: security_group_rules) to 0 [pid: 8|app: 0|req: 724/1409] 10.0.0.41 () {34 vars in 694 bytes} [Tue Apr 28 02:31:56 2026] POST /v2.0/security-group-rules => generated 606 bytes in 172 msecs (HTTP/1.1 201) 4 headers in 162 bytes (1 switches on core 0) [pid: 8|app: 0|req: 725/1410] 10.0.0.133 () {34 vars in 1040 bytes} [Tue Apr 28 02:31:56 2026] GET /v2.0/security-groups?id=f38206a0-55f8-4ec2-96c8-33a185738e2f&fields=id&fields=name => generated 113 bytes in 27 msecs (HTTP/1.1 200) 4 headers in 157 bytes (1 switches on core 0)
2026-04-28 02:31:56.784 7 INFO neutron.db.ovn_revision_numbers_db [None req-7857e83c-e793-4cd3-af1a-b99510ac5648 - - - - - -] Successfully bumped revision number for resource 4f5d7666-68fc-42ee-aa3c-276e088a13fc (type: ports) to 2
2026-04-28 02:31:56.815 7 INFO neutron.db.ovn_revision_numbers_db [None req-7857e83c-e793-4cd3-af1a-b99510ac5648 - - - - - -] Successfully bumped revision number for resource f2ee3cbd-d590-488f-aa3f-747d81f9de03 (type: subnets) to 0 [pid: 7|app: 0|req: 686/1411] 10.0.0.41 () {34 vars in 668 bytes} [Tue Apr 28 02:31:55 2026] POST /v2.0/subnets => generated 629 bytes in 889 msecs (HTTP/1.1 201) 4 headers in 162 bytes (1 switches on core 0) /var/lib/openstack/lib/python3.12/site-packages/pycadf/identifier.py:70: UserWarning: Invalid uuid: neutron. To ensure interoperability, identifiers should be a valid uuid. warnings.warn(('Invalid uuid: %s. To ensure interoperability, ' [pid: 7|app: 0|req: 687/1412] 199.204.45.248 () {34 vars in 994 bytes} [Tue Apr 28 02:31:56 2026] GET /v2.0/ports?device_id=8caf0daf-9e69-43be-b407-d2df6589f7c6 => generated 973 bytes in 28 msecs (HTTP/1.1 200) 4 headers in 157 bytes (1 switches on core 0)
2026-04-28 02:31:56.903 8 INFO neutron.db.ovn_revision_numbers_db [None req-caac02fc-f2b6-45e0-a1df-e3383f011e85 4ebefe5ca5ac42f8a4f6bd9391c1571e 749acfec071f4c7787854094e96608a1 - - default default] Successfully bumped revision number for resource 8b509d9d-c2ff-4e18-9925-9a12d648cf8d (type: security_groups) to 1
2026-04-28 02:31:56.916 8 INFO neutron.db.ovn_revision_numbers_db [None req-caac02fc-f2b6-45e0-a1df-e3383f011e85 4ebefe5ca5ac42f8a4f6bd9391c1571e 749acfec071f4c7787854094e96608a1 - - default default] Successfully bumped revision number for resource 28e4399e-22da-4087-b377-6146c01e5d6a (type: security_group_rules) to 0
2026-04-28 02:31:56.929 8 INFO neutron.db.ovn_revision_numbers_db [None req-caac02fc-f2b6-45e0-a1df-e3383f011e85 4ebefe5ca5ac42f8a4f6bd9391c1571e 749acfec071f4c7787854094e96608a1 - - default default] Successfully bumped revision number for resource a577e6be-bd15-46e4-a6e6-d918a616d419 (type: security_group_rules) to 0
2026-04-28 02:31:56.948 7 INFO neutron.db.segments_db [None req-97ec0755-6610-40e6-9770-3f7579506445 1a914468909641a084044b55af0dbb2b e72a368ce4cb451a85c1f231eee814ce - - default default] Added segment 0da6051a-9dcb-4fb0-94c2-14279d83adb0 of type geneve for network cba8fbc1-9d7b-47ad-a365-2b41baa1b7ab [pid: 8|app: 0|req: 726/1413] 10.0.0.41 () {34 vars in 684 bytes} [Tue Apr 28 02:31:56 2026] POST /v2.0/security-groups => generated 1660 bytes in 191 msecs (HTTP/1.1 201) 4 headers in 163 bytes (1 switches on core 0)
2026-04-28 02:31:57.044 7 INFO neutron.db.ovn_revision_numbers_db [None req-97ec0755-6610-40e6-9770-3f7579506445 1a914468909641a084044b55af0dbb2b e72a368ce4cb451a85c1f231eee814ce - - default default] Successfully bumped revision number for resource cba8fbc1-9d7b-47ad-a365-2b41baa1b7ab (type: networks) to 1
2026-04-28 02:31:57.126 8 INFO neutron_taas.services.taas.taas_plugin [req-527d1342-9503-4cb9-bcdb-b4056662187c req-5f61d341-39ca-4f2c-9ee5-cc9cb33409b6 4937e149e4a148248e6557d95e7e2bbd d491ee92d2e44ee39e40ea62e01d22a3 - - default default] TaaS: Handle Delete Port: 078f8a7c-23f6-44f3-9c88-bcfaef28bb6c
2026-04-28 02:31:57.129 8 INFO neutron_taas.services.taas.tap_mirror_plugin [req-527d1342-9503-4cb9-bcdb-b4056662187c req-5f61d341-39ca-4f2c-9ee5-cc9cb33409b6 4937e149e4a148248e6557d95e7e2bbd d491ee92d2e44ee39e40ea62e01d22a3 - - default default] Tap Mirror: Handle Delete Port: 078f8a7c-23f6-44f3-9c88-bcfaef28bb6c
2026-04-28 02:31:57.224 7 WARNING neutron.scheduler.dhcp_agent_scheduler [None req-97ec0755-6610-40e6-9770-3f7579506445 1a914468909641a084044b55af0dbb2b e72a368ce4cb451a85c1f231eee814ce - - default default] No more DHCP agents
2026-04-28 02:31:57.225 7 WARNING neutron.api.rpc.agentnotifiers.dhcp_rpc_agent_api [None req-97ec0755-6610-40e6-9770-3f7579506445 1a914468909641a084044b55af0dbb2b e72a368ce4cb451a85c1f231eee814ce - - default default] Unable to schedule network cba8fbc1-9d7b-47ad-a365-2b41baa1b7ab: no agents available; will retry on subsequent port and subnet creation events.
2026-04-28 02:31:57.323 7 INFO neutron.db.ovn_revision_numbers_db [None req-97ec0755-6610-40e6-9770-3f7579506445 1a914468909641a084044b55af0dbb2b e72a368ce4cb451a85c1f231eee814ce - - default default] Successfully bumped revision number for resource 5f5d3402-052b-4fa5-8499-136b03159d03 (type: ports) to 1
2026-04-28 02:31:57.339 8 INFO neutron.db.l3_db [req-527d1342-9503-4cb9-bcdb-b4056662187c req-5f61d341-39ca-4f2c-9ee5-cc9cb33409b6 4937e149e4a148248e6557d95e7e2bbd d491ee92d2e44ee39e40ea62e01d22a3 - - default default] Floating IP b64e1814-a425-4ee9-8d0d-a746c723698a disassociated. External IP: 10.96.250.203, port: 078f8a7c-23f6-44f3-9c88-bcfaef28bb6c. [pid: 7|app: 0|req: 688/1414] 10.0.0.41 () {34 vars in 669 bytes} [Tue Apr 28 02:31:56 2026] POST /v2.0/networks => generated 651 bytes in 486 msecs (HTTP/1.1 201) 4 headers in 162 bytes (1 switches on core 0) /var/lib/openstack/lib/python3.12/site-packages/pycadf/identifier.py:70: UserWarning: Invalid uuid: neutron. To ensure interoperability, identifiers should be a valid uuid. warnings.warn(('Invalid uuid: %s. To ensure interoperability, ' [pid: 8|app: 0|req: 727/1415] 199.204.45.248 () {36 vars in 997 bytes} [Tue Apr 28 02:31:56 2026] DELETE /v2.0/ports/078f8a7c-23f6-44f3-9c88-bcfaef28bb6c => generated 0 bytes in 491 msecs (HTTP/1.1 204) 3 headers in 131 bytes (1 switches on core 0)
2026-04-28 02:31:57.492 7 INFO neutron.db.ovn_revision_numbers_db [None req-be273bad-39e3-4fe1-9f6b-4165aa4b444f 4ebefe5ca5ac42f8a4f6bd9391c1571e 749acfec071f4c7787854094e96608a1 - - default default] Successfully bumped revision number for resource e3fd7ff6-02c8-4b52-aa29-e26fdaa8b446 (type: security_group_rules) to 0
2026-04-28 02:31:57.498 8 INFO neutron.notifiers.nova [-] Nova event matching ['req-74122f7d-51aa-4900-ade7-b345fe2ba955'] response: {'server_uuid': '8caf0daf-9e69-43be-b407-d2df6589f7c6', 'name': 'network-vif-deleted', 'tag': '078f8a7c-23f6-44f3-9c88-bcfaef28bb6c', 'status': 'completed', 'code': 200} [pid: 7|app: 0|req: 689/1416] 10.0.0.41 () {34 vars in 694 bytes} [Tue Apr 28 02:31:57 2026] POST /v2.0/security-group-rules => generated 597 bytes in 184 msecs (HTTP/1.1 201) 4 headers in 162 bytes (1 switches on core 0)
2026-04-28 02:31:57.705 7 WARNING neutron.scheduler.dhcp_agent_scheduler [None req-a395c67b-9cb2-4bb4-9ff9-39796d4dde81 1a914468909641a084044b55af0dbb2b e72a368ce4cb451a85c1f231eee814ce - - default default] No more DHCP agents
2026-04-28 02:31:57.707 7 WARNING neutron.api.rpc.agentnotifiers.dhcp_rpc_agent_api [None req-a395c67b-9cb2-4bb4-9ff9-39796d4dde81 1a914468909641a084044b55af0dbb2b e72a368ce4cb451a85c1f231eee814ce - - default default] Unable to schedule network cba8fbc1-9d7b-47ad-a365-2b41baa1b7ab: no agents available; will retry on subsequent port and subnet creation events.
2026-04-28 02:31:57.745 8 INFO neutron.db.ovn_revision_numbers_db [None req-34bce2a2-309b-4e85-ba5e-724fa91b2e3f e4ab964889284fb08e7840c39b19c424 3c086edbaa464e20a0eacb1eff073a4c - - default default] Successfully bumped revision number for resource 5067478f-f4b1-4b75-a381-e51765763aed (type: security_groups) to 1
2026-04-28 02:31:57.760 8 INFO neutron.db.ovn_revision_numbers_db [None req-34bce2a2-309b-4e85-ba5e-724fa91b2e3f e4ab964889284fb08e7840c39b19c424 3c086edbaa464e20a0eacb1eff073a4c - - default default] Successfully bumped revision number for resource 262c0320-4cbe-4f93-9b6e-8c2e61002273 (type: security_group_rules) to 0
2026-04-28 02:31:57.773 8 INFO neutron.db.ovn_revision_numbers_db [None req-34bce2a2-309b-4e85-ba5e-724fa91b2e3f e4ab964889284fb08e7840c39b19c424 3c086edbaa464e20a0eacb1eff073a4c - - default default] Successfully bumped revision number for resource 55c2a54b-657d-44d3-a4e5-10f06025cbbc (type: security_group_rules) to 0
2026-04-28 02:31:57.786 8 INFO neutron.db.ovn_revision_numbers_db [None req-34bce2a2-309b-4e85-ba5e-724fa91b2e3f e4ab964889284fb08e7840c39b19c424 3c086edbaa464e20a0eacb1eff073a4c - - default default] Successfully bumped revision number for resource 88f4977f-462a-4ac1-a492-0b53ea34d6d6 (type: security_group_rules) to 0
2026-04-28 02:31:57.800 8 INFO neutron.db.ovn_revision_numbers_db [None req-34bce2a2-309b-4e85-ba5e-724fa91b2e3f e4ab964889284fb08e7840c39b19c424 3c086edbaa464e20a0eacb1eff073a4c - - default default] Successfully bumped revision number for resource d274c758-76c5-4a07-86e5-c1b7b00e8832 (type: security_group_rules) to 0
2026-04-28 02:31:57.883 8 INFO neutron.db.segments_db [None req-34bce2a2-309b-4e85-ba5e-724fa91b2e3f e4ab964889284fb08e7840c39b19c424 3c086edbaa464e20a0eacb1eff073a4c - - default default] Added segment 070c6a74-e632-4f8d-a11b-ea671f7ebf4e of type geneve for network de1ed7de-5d4d-42c5-8124-72fc8d71f96a
2026-04-28 02:31:57.939 7 INFO neutron.notifiers.nova [-] Nova event matching ['req-3f0f26f9-511a-47a8-a736-970228593ccb'] response: {'server_uuid': '8caf0daf-9e69-43be-b407-d2df6589f7c6', 'name': 'network-vif-unplugged', 'status': 'completed', 'tag': '078f8a7c-23f6-44f3-9c88-bcfaef28bb6c', 'code': 200}
2026-04-28 02:31:57.992 8 INFO neutron.db.ovn_revision_numbers_db [None req-34bce2a2-309b-4e85-ba5e-724fa91b2e3f e4ab964889284fb08e7840c39b19c424 3c086edbaa464e20a0eacb1eff073a4c - - default default] Successfully bumped revision number for resource de1ed7de-5d4d-42c5-8124-72fc8d71f96a (type: networks) to 1
2026-04-28 02:31:58.129 7 INFO neutron.db.ovn_revision_numbers_db [None req-27362c62-80ce-4d47-a2dd-1a40f74c34d3 - - - - - -] Successfully bumped revision number for resource 5f5d3402-052b-4fa5-8499-136b03159d03 (type: ports) to 2
2026-04-28 02:31:58.153 8 WARNING neutron.scheduler.dhcp_agent_scheduler [None req-34bce2a2-309b-4e85-ba5e-724fa91b2e3f e4ab964889284fb08e7840c39b19c424 3c086edbaa464e20a0eacb1eff073a4c - - default default] No more DHCP agents
2026-04-28 02:31:58.154 8 WARNING neutron.api.rpc.agentnotifiers.dhcp_rpc_agent_api [None req-34bce2a2-309b-4e85-ba5e-724fa91b2e3f e4ab964889284fb08e7840c39b19c424 3c086edbaa464e20a0eacb1eff073a4c - - default default] Unable to schedule network de1ed7de-5d4d-42c5-8124-72fc8d71f96a: no agents available; will retry on subsequent port and subnet creation events.
2026-04-28 02:31:58.162 7 INFO neutron.db.ovn_revision_numbers_db [None req-27362c62-80ce-4d47-a2dd-1a40f74c34d3 - - - - - -] Successfully bumped revision number for resource 447cabdc-e704-4935-9c8f-573589f848cd (type: subnets) to 0 [pid: 7|app: 0|req: 690/1417] 10.0.0.41 () {34 vars in 668 bytes} [Tue Apr 28 02:31:57 2026] POST /v2.0/subnets => generated 629 bytes in 653 msecs (HTTP/1.1 201) 4 headers in 162 bytes (1 switches on core 0)
2026-04-28 02:31:58.219 7 INFO neutron.plugins.ml2.drivers.ovn.mech_driver.mech_driver [None req-251209ec-b067-4053-b77c-c29a2b4b8325 - - - - - -] OVN reports status down for port: 4ddd5224-4803-4230-ac99-e3bceeb7a6f1 [pid: 7|app: 0|req: 691/1418] 10.0.0.133 () {34 vars in 990 bytes} [Tue Apr 28 02:31:58 2026] GET /v2.0/ports?device_id=8caf0daf-9e69-43be-b407-d2df6589f7c6 => generated 12 bytes in 37 msecs (HTTP/1.1 200) 4 headers in 156 bytes (1 switches on core 0)
2026-04-28 02:31:58.251 8 INFO neutron.db.ovn_revision_numbers_db [None req-34bce2a2-309b-4e85-ba5e-724fa91b2e3f e4ab964889284fb08e7840c39b19c424 3c086edbaa464e20a0eacb1eff073a4c - - default default] Successfully bumped revision number for resource 4ddd5224-4803-4230-ac99-e3bceeb7a6f1 (type: ports) to 1 [pid: 8|app: 0|req: 728/1419] 10.0.0.41 () {34 vars in 670 bytes} [Tue Apr 28 02:31:57 2026] POST /v2.0/networks => generated 760 bytes in 816 msecs (HTTP/1.1 201) 4 headers in 162 bytes (1 switches on core 0) [pid: 8|app: 0|req: 729/1420] 10.0.0.41 () {34 vars in 750 bytes} [Tue Apr 28 02:31:58 2026] PUT /v2.0/subnets/759319de-584d-43b0-a7bf-1f43925b85c5/tags => generated 17 bytes in 62 msecs (HTTP/1.1 200) 4 headers in 156 bytes (1 switches on core 0)
2026-04-28 02:31:58.399 7 INFO neutron.db.ovn_revision_numbers_db [None req-08ec0a79-a0c4-49e2-9b61-3f204a8ca451 4ebefe5ca5ac42f8a4f6bd9391c1571e 749acfec071f4c7787854094e96608a1 - - default default] Successfully bumped revision number for resource 15697ace-af51-4471-a760-41126ee3b262 (type: security_group_rules) to 0 [pid: 7|app: 0|req: 692/1421] 10.0.0.41 () {34 vars in 694 bytes} [Tue Apr 28 02:31:58 2026] POST /v2.0/security-group-rules => generated 602 bytes in 207 msecs (HTTP/1.1 201) 4 headers in 162 bytes (1 switches on core 0)
2026-04-28 02:31:58.469 8 WARNING neutron.scheduler.dhcp_agent_scheduler [None req-bcf5bcdc-2ab4-4351-98f8-057b80673290 e4ab964889284fb08e7840c39b19c424 3c086edbaa464e20a0eacb1eff073a4c - - default default] No more DHCP agents
2026-04-28 02:31:58.470 8 WARNING neutron.api.rpc.agentnotifiers.dhcp_rpc_agent_api [None req-bcf5bcdc-2ab4-4351-98f8-057b80673290 e4ab964889284fb08e7840c39b19c424 3c086edbaa464e20a0eacb1eff073a4c - - default default] Unable to schedule network de1ed7de-5d4d-42c5-8124-72fc8d71f96a: no agents available; will retry on subsequent port and subnet creation events. [pid: 7|app: 0|req: 693/1422] 10.0.0.41 () {34 vars in 750 bytes} [Tue Apr 28 02:31:58 2026] PUT /v2.0/subnets/632e5ead-9b20-4066-9601-40e6375c1c24/tags => generated 25 bytes in 64 msecs (HTTP/1.1 200) 4 headers in 156 bytes (1 switches on core 0)
2026-04-28 02:31:58.703 7 WARNING neutron.scheduler.dhcp_agent_scheduler [None req-609924de-e0f2-4677-a285-1097598cf062 4ebefe5ca5ac42f8a4f6bd9391c1571e 749acfec071f4c7787854094e96608a1 - - default default] No more DHCP agents
2026-04-28 02:31:58.705 7 WARNING neutron.api.rpc.agentnotifiers.dhcp_rpc_agent_api [None req-609924de-e0f2-4677-a285-1097598cf062 4ebefe5ca5ac42f8a4f6bd9391c1571e 749acfec071f4c7787854094e96608a1 - - default default] Unable to schedule network 757961b3-605b-43e4-820f-f8549475bdd8: no agents available; will retry on subsequent port and subnet creation events. [pid: 7|app: 0|req: 694/1423] 10.0.0.41 () {34 vars in 675 bytes} [Tue Apr 28 02:31:58 2026] POST /v2.0/floatingips => generated 552 bytes in 503 msecs (HTTP/1.1 201) 4 headers in 162 bytes (1 switches on core 0) [pid: 7|app: 0|req: 695/1424] 10.0.0.41 () {34 vars in 750 bytes} [Tue Apr 28 02:31:58 2026] PUT /v2.0/subnets/8e3f7fdf-b718-4ecc-b7da-61b315fc4eb1/tags => generated 34 bytes in 52 msecs (HTTP/1.1 200) 4 headers in 156 bytes (1 switches on core 0) [pid: 7|app: 0|req: 698/1427] 10.0.0.41 () {34 vars in 750 bytes} [Tue Apr 28 02:31:59 2026] PUT /v2.0/subnets/f2ee3cbd-d590-488f-aa3f-747d81f9de03/tags => generated 19 bytes in 53 msecs (HTTP/1.1 200) 4 headers in 156 bytes (1 switches on core 0) [pid: 7|app: 0|req: 699/1428] 10.0.0.133 () {34 vars in 1100 bytes} [Tue Apr 28 02:31:59 2026] GET /v2.0/security-groups?name=tempest-securitygroup--1015833584&fields=id&tenant_id=749acfec071f4c7787854094e96608a1 => generated 69 bytes in 28 msecs (HTTP/1.1 200) 4 headers in 156 bytes (1 switches on core 0) [pid: 7|app: 0|req: 700/1429] 10.0.0.41 () {32 vars in 663 bytes} [Tue Apr 28 02:31:59 2026] GET /v2.0/subnets?tags=red => generated 1904 bytes in 44 msecs (HTTP/1.1 200) 4 headers in 158 bytes (1 switches on core 0) [pid: 7|app: 0|req: 701/1430] 10.0.0.133 () {34 vars in 1096 bytes} [Tue Apr 28 02:31:59 2026] GET /v2.0/security-groups?name=tempest-secgroup-smoke-26161892&fields=id&tenant_id=749acfec071f4c7787854094e96608a1 => generated 69 bytes in 28 msecs (HTTP/1.1 200) 4 headers in 156 bytes (1 switches on core 0) [pid: 7|app: 0|req: 702/1431] 10.0.0.41 () {32 vars in 677 bytes} [Tue Apr 28 02:31:59 2026] GET /v2.0/subnets?tags=red%2Cblue => generated 1283 bytes in 48 msecs (HTTP/1.1 200) 4 headers in 158 bytes (1 switches on core 0)
2026-04-28 02:31:59.310 8 INFO neutron.db.ovn_revision_numbers_db [None req-ba930fd3-01d5-43b3-8223-bf13231837a6 - - - - - -] Successfully bumped revision number for resource 4ddd5224-4803-4230-ac99-e3bceeb7a6f1 (type: ports) to 2 [pid: 7|app: 0|req: 703/1432] 10.0.0.133 () {34 vars in 982 bytes} [Tue Apr 28 02:31:59 2026] GET /v2.0/networks?id=5f6463b3-0b7e-4d23-bc9f-4dcaa36a2e41 => generated 711 bytes in 56 msecs (HTTP/1.1 200) 4 headers in 157 bytes (1 switches on core 0)
