2026-04-28 02:32:31.682 8 WARNING neutron.api.rpc.agentnotifiers.dhcp_rpc_agent_api [None req-7b59b7e0-229f-46bb-b2a4-025e4295e834 7d105b0187334468b599f12b7a21157e be287f32f3f94dbd8e13f864c27dfa24 - - default default] Unable to schedule network f67c641f-987e-4daf-aa74-43664213543f: no agents available; will retry on subsequent port and subnet creation events. [pid: 7|app: 0|req: 845/1686] 10.0.0.41 () {32 vars in 773 bytes} [Tue Apr 28 02:32:31 2026] GET /v2.0/security-groups?tenant_id=804454e80198448c85c55f29ac47c834&name=default => generated 2925 bytes in 28 msecs (HTTP/1.1 200) 4 headers in 158 bytes (1 switches on core 0)
2026-04-28 02:32:31.761 8 INFO neutron.plugins.ml2.drivers.ovn.mech_driver.mech_driver [None req-78dd4a22-d503-4f5e-b631-74804d5606ad - - - - - -] OVN reports status down for port: e85a187f-0ebc-4459-abce-89b1699057f7
2026-04-28 02:32:31.815 8 INFO neutron.db.ovn_revision_numbers_db [None req-7b59b7e0-229f-46bb-b2a4-025e4295e834 7d105b0187334468b599f12b7a21157e be287f32f3f94dbd8e13f864c27dfa24 - - default default] Successfully bumped revision number for resource e85a187f-0ebc-4459-abce-89b1699057f7 (type: ports) to 1 [pid: 8|app: 0|req: 842/1687] 10.0.0.41 () {34 vars in 669 bytes} [Tue Apr 28 02:32:31 2026] POST /v2.0/networks => generated 669 bytes in 599 msecs (HTTP/1.1 201) 4 headers in 162 bytes (1 switches on core 0) [pid: 7|app: 0|req: 846/1688] 10.0.0.41 () {32 vars in 739 bytes} [Tue Apr 28 02:32:31 2026] DELETE /v2.0/security-groups/5067478f-f4b1-4b75-a381-e51765763aed => generated 0 bytes in 266 msecs (HTTP/1.1 204) 2 headers in 112 bytes (1 switches on core 0)
2026-04-28 02:32:31.984 8 INFO neutron.db.segments_db [None req-2e17a6e6-7907-42cd-9123-357665a97b39 7d105b0187334468b599f12b7a21157e be287f32f3f94dbd8e13f864c27dfa24 - - default default] Added segment a14ba72b-927e-40a1-bca2-84ba5093c49f of type geneve for network 25703281-85d8-42b2-8fbe-04e83af599b3
2026-04-28 02:32:32.119 8 INFO neutron.db.ovn_revision_numbers_db [None req-2e17a6e6-7907-42cd-9123-357665a97b39 7d105b0187334468b599f12b7a21157e be287f32f3f94dbd8e13f864c27dfa24 - - default default] Successfully bumped revision number for resource 25703281-85d8-42b2-8fbe-04e83af599b3 (type: networks) to 1
2026-04-28 02:32:32.206 7 INFO neutron.services.segments.plugin [-] Segment 070c6a74-e632-4f8d-a11b-ea671f7ebf4e resource provider aggregate not found
2026-04-28 02:32:32.224 7 INFO neutron.services.segments.plugin [-] Segment 070c6a74-e632-4f8d-a11b-ea671f7ebf4e resource provider not found; error: Placement Client Error (4xx): {"errors": [{"status": 404, "title": "Not Found", "detail": "The resource could not be found.\n\n No resource provider with uuid 070c6a74-e632-4f8d-a11b-ea671f7ebf4e found for delete ", "request_id": "req-534a0383-b872-4be9-b7d2-122d7910d428"}]}
2026-04-28 02:32:32.258 8 WARNING neutron.scheduler.dhcp_agent_scheduler [None req-2e17a6e6-7907-42cd-9123-357665a97b39 7d105b0187334468b599f12b7a21157e be287f32f3f94dbd8e13f864c27dfa24 - - default default] No more DHCP agents
2026-04-28 02:32:32.259 8 WARNING neutron.api.rpc.agentnotifiers.dhcp_rpc_agent_api [None req-2e17a6e6-7907-42cd-9123-357665a97b39 7d105b0187334468b599f12b7a21157e be287f32f3f94dbd8e13f864c27dfa24 - - default default] Unable to schedule network 25703281-85d8-42b2-8fbe-04e83af599b3: no agents available; will retry on subsequent port and subnet creation events.
2026-04-28 02:32:32.269 7 INFO neutron.services.segments.plugin [-] Segment 070c6a74-e632-4f8d-a11b-ea671f7ebf4e resource provider aggregate not found
2026-04-28 02:32:32.286 7 INFO neutron.services.segments.plugin [-] Segment 070c6a74-e632-4f8d-a11b-ea671f7ebf4e resource provider not found; error: Placement Client Error (4xx): {"errors": [{"status": 404, "title": "Not Found", "detail": "The resource could not be found.\n\n No resource provider with uuid 070c6a74-e632-4f8d-a11b-ea671f7ebf4e found for delete ", "request_id": "req-1810ed7f-dfbb-4e33-87f4-c5c583a719a5"}]}
2026-04-28 02:32:32.308 7 INFO neutron.plugins.ml2.drivers.ovn.mech_driver.mech_driver [None req-5999dd40-0bc0-47d3-91ee-0435f1da6cf2 - - - - - -] OVN reports status down for port: 46d1f50a-bca0-4009-ac33-816f815cc756
2026-04-28 02:32:32.337 8 INFO neutron.db.ovn_revision_numbers_db [None req-2e17a6e6-7907-42cd-9123-357665a97b39 7d105b0187334468b599f12b7a21157e be287f32f3f94dbd8e13f864c27dfa24 - - default default] Successfully bumped revision number for resource 46d1f50a-bca0-4009-ac33-816f815cc756 (type: ports) to 1 [pid: 8|app: 0|req: 843/1689] 10.0.0.41 () {34 vars in 669 bytes} [Tue Apr 28 02:32:31 2026] POST /v2.0/networks => generated 668 bytes in 471 msecs (HTTP/1.1 201) 4 headers in 162 bytes (1 switches on core 0)
2026-04-28 02:32:32.721 7 WARNING neutron.scheduler.dhcp_agent_scheduler [None req-2bccc329-d8fa-446d-a6bf-ec113faa2aa4 7d105b0187334468b599f12b7a21157e be287f32f3f94dbd8e13f864c27dfa24 - - default default] No more DHCP agents
2026-04-28 02:32:32.722 7 WARNING neutron.api.rpc.agentnotifiers.dhcp_rpc_agent_api [None req-2bccc329-d8fa-446d-a6bf-ec113faa2aa4 7d105b0187334468b599f12b7a21157e be287f32f3f94dbd8e13f864c27dfa24 - - default default] Unable to schedule network f67c641f-987e-4daf-aa74-43664213543f: no agents available; will retry on subsequent port and subnet creation events. [pid: 8|app: 0|req: 844/1690] 10.0.0.142 () {34 vars in 990 bytes} [Tue Apr 28 02:32:32 2026] GET /v2.0/ports?device_id=8f7f7ac5-0abc-48ce-b699-57b1aac82d34 => generated 1248 bytes in 172 msecs (HTTP/1.1 200) 4 headers in 158 bytes (1 switches on core 0) [pid: 8|app: 0|req: 845/1691] 10.0.0.142 () {34 vars in 1120 bytes} [Tue Apr 28 02:32:32 2026] GET /v2.0/security-groups?id=7a369452-c1f9-4226-b996-6f6bf1afd53b&id=8b509d9d-c2ff-4e18-9925-9a12d648cf8d&fields=id&fields=name => generated 205 bytes in 31 msecs (HTTP/1.1 200) 4 headers in 157 bytes (1 switches on core 0)
2026-04-28 02:32:33.158 7 INFO neutron.db.ovn_revision_numbers_db [None req-b06a9438-a69b-453f-a59a-b68896ce6cc2 - - - - - -] Successfully bumped revision number for resource e85a187f-0ebc-4459-abce-89b1699057f7 (type: ports) to 2
2026-04-28 02:32:33.196 7 INFO neutron.db.ovn_revision_numbers_db [None req-b06a9438-a69b-453f-a59a-b68896ce6cc2 - - - - - -] Successfully bumped revision number for resource 4b56f790-b1e8-4854-8f48-209de4764ecf (type: subnets) to 0
2026-04-28 02:32:33.223 7 WARNING neutron.scheduler.dhcp_agent_scheduler [None req-2bccc329-d8fa-446d-a6bf-ec113faa2aa4 7d105b0187334468b599f12b7a21157e be287f32f3f94dbd8e13f864c27dfa24 - - default default] No more DHCP agents
2026-04-28 02:32:33.224 7 WARNING neutron.api.rpc.agentnotifiers.dhcp_rpc_agent_api [None req-2bccc329-d8fa-446d-a6bf-ec113faa2aa4 7d105b0187334468b599f12b7a21157e be287f32f3f94dbd8e13f864c27dfa24 - - default default] Unable to schedule network 25703281-85d8-42b2-8fbe-04e83af599b3: no agents available; will retry on subsequent port and subnet creation events.
2026-04-28 02:32:33.735 7 INFO neutron.db.ovn_revision_numbers_db [None req-7f57ddbb-b19d-44c3-a880-aff34a14611b - - - - - -] Successfully bumped revision number for resource 46d1f50a-bca0-4009-ac33-816f815cc756 (type: ports) to 2
2026-04-28 02:32:33.772 7 INFO neutron.db.ovn_revision_numbers_db [None req-7f57ddbb-b19d-44c3-a880-aff34a14611b - - - - - -] Successfully bumped revision number for resource c11a8601-ccdd-4d81-8f0c-0c30b5a39773 (type: subnets) to 0 [pid: 7|app: 0|req: 847/1692] 10.0.0.41 () {34 vars in 668 bytes} [Tue Apr 28 02:32:32 2026] POST /v2.0/subnets => generated 1273 bytes in 1407 msecs (HTTP/1.1 201) 4 headers in 163 bytes (1 switches on core 0) [pid: 8|app: 0|req: 846/1693] 10.0.0.41 () {32 vars in 646 bytes} [Tue Apr 28 02:32:33 2026] GET /v2.0/subnets => generated 1909 bytes in 30 msecs (HTTP/1.1 200) 4 headers in 158 bytes (1 switches on core 0) [pid: 7|app: 0|req: 848/1694] 10.0.0.41 () {32 vars in 723 bytes} [Tue Apr 28 02:32:33 2026] DELETE /v2.0/subnets/4b56f790-b1e8-4854-8f48-209de4764ecf => generated 0 bytes in 169 msecs (HTTP/1.1 204) 3 headers in 131 bytes (1 switches on core 0) [pid: 8|app: 0|req: 847/1695] 10.0.0.41 () {32 vars in 723 bytes} [Tue Apr 28 02:32:34 2026] DELETE /v2.0/subnets/c11a8601-ccdd-4d81-8f0c-0c30b5a39773 => generated 0 bytes in 179 msecs (HTTP/1.1 204) 3 headers in 131 bytes (1 switches on core 0) [pid: 7|app: 0|req: 849/1696] 10.0.0.41 () {32 vars in 646 bytes} [Tue Apr 28 02:32:34 2026] GET /v2.0/subnets => generated 649 bytes in 44 msecs (HTTP/1.1 200) 4 headers in 157 bytes (1 switches on core 0)
2026-04-28 02:32:34.358 8 INFO neutron_taas.services.taas.taas_plugin [None req-97fee2cc-e303-4a76-9f43-19c69ada437b 7d105b0187334468b599f12b7a21157e be287f32f3f94dbd8e13f864c27dfa24 - - default default] TaaS: Handle Delete Port: 46d1f50a-bca0-4009-ac33-816f815cc756
2026-04-28 02:32:34.361 8 INFO neutron_taas.services.taas.tap_mirror_plugin [None req-97fee2cc-e303-4a76-9f43-19c69ada437b 7d105b0187334468b599f12b7a21157e be287f32f3f94dbd8e13f864c27dfa24 - - default default] Tap Mirror: Handle Delete Port: 46d1f50a-bca0-4009-ac33-816f815cc756
2026-04-28 02:32:34.541 8 INFO neutron.services.segments.plugin [-] Segment a14ba72b-927e-40a1-bca2-84ba5093c49f resource provider aggregate not found
2026-04-28 02:32:34.547 8 INFO neutron.services.segments.plugin [-] Segment a14ba72b-927e-40a1-bca2-84ba5093c49f resource provider aggregate not found
2026-04-28 02:32:34.557 8 INFO neutron.services.segments.plugin [-] Segment a14ba72b-927e-40a1-bca2-84ba5093c49f resource provider not found; error: Placement Client Error (4xx): {"errors": [{"status": 404, "title": "Not Found", "detail": "The resource could not be found.\n\n No resource provider with uuid a14ba72b-927e-40a1-bca2-84ba5093c49f found for delete ", "request_id": "req-9bc98bb7-4f36-486b-81bf-a21c6b1d41eb"}]}
2026-04-28 02:32:34.569 8 INFO neutron.services.segments.plugin [-] Segment a14ba72b-927e-40a1-bca2-84ba5093c49f resource provider not found; error: Placement Client Error (4xx): {"errors": [{"status": 404, "title": "Not Found", "detail": "The resource could not be found.\n\n No resource provider with uuid a14ba72b-927e-40a1-bca2-84ba5093c49f found for delete ", "request_id": "req-79415bb6-fe34-46f7-b6cb-060dd148763e"}]} [pid: 8|app: 0|req: 848/1697] 10.0.0.41 () {32 vars in 725 bytes} [Tue Apr 28 02:32:34 2026] DELETE /v2.0/networks/25703281-85d8-42b2-8fbe-04e83af599b3 => generated 0 bytes in 357 msecs (HTTP/1.1 204) 3 headers in 131 bytes (1 switches on core 0)
2026-04-28 02:32:34.718 7 INFO neutron_taas.services.taas.taas_plugin [None req-4f5a93a0-12cc-46fd-b731-6751815226d6 7d105b0187334468b599f12b7a21157e be287f32f3f94dbd8e13f864c27dfa24 - - default default] TaaS: Handle Delete Port: e85a187f-0ebc-4459-abce-89b1699057f7
2026-04-28 02:32:34.722 7 INFO neutron_taas.services.taas.tap_mirror_plugin [None req-4f5a93a0-12cc-46fd-b731-6751815226d6 7d105b0187334468b599f12b7a21157e be287f32f3f94dbd8e13f864c27dfa24 - - default default] Tap Mirror: Handle Delete Port: e85a187f-0ebc-4459-abce-89b1699057f7
2026-04-28 02:32:34.890 7 INFO neutron.services.segments.plugin [-] Segment 5c660d0b-71e8-4c2b-8a20-c72aaf9307bf resource provider aggregate not found
2026-04-28 02:32:34.901 7 INFO neutron.services.segments.plugin [-] Segment 5c660d0b-71e8-4c2b-8a20-c72aaf9307bf resource provider aggregate not found
2026-04-28 02:32:34.906 7 INFO neutron.services.segments.plugin [-] Segment 5c660d0b-71e8-4c2b-8a20-c72aaf9307bf resource provider not found; error: Placement Client Error (4xx): {"errors": [{"status": 404, "title": "Not Found", "detail": "The resource could not be found.\n\n No resource provider with uuid 5c660d0b-71e8-4c2b-8a20-c72aaf9307bf found for delete ", "request_id": "req-4e06e29c-9f63-4324-acca-b6d52d8d662b"}]}
2026-04-28 02:32:34.925 7 INFO neutron.services.segments.plugin [-] Segment 5c660d0b-71e8-4c2b-8a20-c72aaf9307bf resource provider not found; error: Placement Client Error (4xx): {"errors": [{"status": 404, "title": "Not Found", "detail": "The resource could not be found.\n\n No resource provider with uuid 5c660d0b-71e8-4c2b-8a20-c72aaf9307bf found for delete ", "request_id": "req-2c703629-272f-42ff-aaa3-2c408b0484f2"}]} [pid: 7|app: 0|req: 850/1698] 10.0.0.41 () {32 vars in 725 bytes} [Tue Apr 28 02:32:34 2026] DELETE /v2.0/networks/f67c641f-987e-4daf-aa74-43664213543f => generated 0 bytes in 336 msecs (HTTP/1.1 204) 3 headers in 131 bytes (1 switches on core 0) [pid: 7|app: 0|req: 851/1699] 10.0.0.133 () {34 vars in 990 bytes} [Tue Apr 28 02:32:34 2026] GET /v2.0/ports?device_id=8f7f7ac5-0abc-48ce-b699-57b1aac82d34 => generated 1010 bytes in 75 msecs (HTTP/1.1 200) 4 headers in 158 bytes (1 switches on core 0)
2026-04-28 02:32:35.121 8 INFO neutron.db.ovn_revision_numbers_db [None req-2ff4b673-691f-429b-bfae-7305f768fff8 e4ab964889284fb08e7840c39b19c424 3c086edbaa464e20a0eacb1eff073a4c - - default default] Successfully bumped revision number for resource 3ffe21fa-ba6b-4765-9ade-2fd627ee09ee (type: security_groups) to 1
2026-04-28 02:32:35.131 7 INFO neutron_taas.services.taas.taas_plugin [None req-aadd6306-32d3-4f10-9746-1f944dee230f 7d105b0187334468b599f12b7a21157e be287f32f3f94dbd8e13f864c27dfa24 - - default default] TaaS: Handle Delete Port: fec263c6-87cd-462d-9bcc-87275e77c855
2026-04-28 02:32:35.134 7 INFO neutron_taas.services.taas.tap_mirror_plugin [None req-aadd6306-32d3-4f10-9746-1f944dee230f 7d105b0187334468b599f12b7a21157e be287f32f3f94dbd8e13f864c27dfa24 - - default default] Tap Mirror: Handle Delete Port: fec263c6-87cd-462d-9bcc-87275e77c855
2026-04-28 02:32:35.134 8 INFO neutron.db.ovn_revision_numbers_db [None req-2ff4b673-691f-429b-bfae-7305f768fff8 e4ab964889284fb08e7840c39b19c424 3c086edbaa464e20a0eacb1eff073a4c - - default default] Successfully bumped revision number for resource 08174b07-fd28-4985-b7e5-a260d7b0eebf (type: security_group_rules) to 0
2026-04-28 02:32:35.149 8 INFO neutron.db.ovn_revision_numbers_db [None req-2ff4b673-691f-429b-bfae-7305f768fff8 e4ab964889284fb08e7840c39b19c424 3c086edbaa464e20a0eacb1eff073a4c - - default default] Successfully bumped revision number for resource 497dc232-b270-4b9b-9f55-8daadc0f8617 (type: security_group_rules) to 0
2026-04-28 02:32:35.164 8 INFO neutron.db.ovn_revision_numbers_db [None req-2ff4b673-691f-429b-bfae-7305f768fff8 e4ab964889284fb08e7840c39b19c424 3c086edbaa464e20a0eacb1eff073a4c - - default default] Successfully bumped revision number for resource 66da631d-6e7e-43ad-a116-5b0ca1df45e0 (type: security_group_rules) to 0
2026-04-28 02:32:35.175 8 INFO neutron.db.ovn_revision_numbers_db [None req-2ff4b673-691f-429b-bfae-7305f768fff8 e4ab964889284fb08e7840c39b19c424 3c086edbaa464e20a0eacb1eff073a4c - - default default] Successfully bumped revision number for resource 72869b04-fd71-4dbd-a288-1bc4349e050a (type: security_group_rules) to 0 [pid: 8|app: 0|req: 849/1700] 10.0.0.41 () {32 vars in 773 bytes} [Tue Apr 28 02:32:34 2026] GET /v2.0/security-groups?tenant_id=f8eb1982b0f64030b8908055f9ae7cf2&name=default => generated 2925 bytes in 466 msecs (HTTP/1.1 200) 4 headers in 158 bytes (1 switches on core 0) [pid: 8|app: 0|req: 850/1701] 10.0.0.133 () {34 vars in 1120 bytes} [Tue Apr 28 02:32:35 2026] GET /v2.0/security-groups?id=8b509d9d-c2ff-4e18-9925-9a12d648cf8d&id=7a369452-c1f9-4226-b996-6f6bf1afd53b&fields=id&fields=name => generated 205 bytes in 45 msecs (HTTP/1.1 200) 4 headers in 157 bytes (1 switches on core 0) [pid: 7|app: 0|req: 852/1702] 10.0.0.41 () {32 vars in 725 bytes} [Tue Apr 28 02:32:35 2026] DELETE /v2.0/networks/09ef8a5b-1821-4ac1-9ddd-70aa6848a703 => generated 0 bytes in 303 msecs (HTTP/1.1 204) 3 headers in 131 bytes (1 switches on core 0)
2026-04-28 02:32:35.460 7 INFO neutron_taas.services.taas.taas_plugin [None req-5951a63a-f071-4efb-b416-d8d6a11e17f9 7d105b0187334468b599f12b7a21157e be287f32f3f94dbd8e13f864c27dfa24 - - default default] TaaS: Handle Delete Port: e4f43ac7-03d1-4ac8-bbd4-97539cc38781
2026-04-28 02:32:35.463 7 INFO neutron_taas.services.taas.tap_mirror_plugin [None req-5951a63a-f071-4efb-b416-d8d6a11e17f9 7d105b0187334468b599f12b7a21157e be287f32f3f94dbd8e13f864c27dfa24 - - default default] Tap Mirror: Handle Delete Port: e4f43ac7-03d1-4ac8-bbd4-97539cc38781 [pid: 8|app: 0|req: 851/1703] 10.0.0.41 () {32 vars in 739 bytes} [Tue Apr 28 02:32:35 2026] DELETE /v2.0/security-groups/3ffe21fa-ba6b-4765-9ade-2fd627ee09ee => generated 0 bytes in 248 msecs (HTTP/1.1 204) 2 headers in 112 bytes (1 switches on core 0) [pid: 7|app: 0|req: 853/1704] 10.0.0.41 () {32 vars in 725 bytes} [Tue Apr 28 02:32:35 2026] DELETE /v2.0/networks/a6c353b6-f010-40dd-8f81-6eb77f11245a => generated 0 bytes in 366 msecs (HTTP/1.1 204) 3 headers in 131 bytes (1 switches on core 0)
2026-04-28 02:32:35.863 7 INFO neutron.plugins.ml2.drivers.ovn.mech_driver.mech_driver [None req-5999dd40-0bc0-47d3-91ee-0435f1da6cf2 - - - - - -] OVN reports status down for port: 3d5ea444-f2a4-466e-9e60-1099319791e8
2026-04-28 02:32:35.984 7 INFO neutron.notifiers.nova [-] Nova event matching ['req-2de5723a-6741-40d2-b4a3-6cf654a64cce'] response: {'server_uuid': '8f7f7ac5-0abc-48ce-b699-57b1aac82d34', 'name': 'network-vif-unplugged', 'status': 'completed', 'tag': '3d5ea444-f2a4-466e-9e60-1099319791e8', 'code': 200}
2026-04-28 02:32:36.101 7 INFO neutron.db.ovn_revision_numbers_db [None req-5999dd40-0bc0-47d3-91ee-0435f1da6cf2 - - - - - -] Successfully bumped revision number for resource 3d5ea444-f2a4-466e-9e60-1099319791e8 (type: ports) to 6 [pid: 8|app: 0|req: 852/1705] 10.0.0.41 () {32 vars in 773 bytes} [Tue Apr 28 02:32:36 2026] GET /v2.0/security-groups?tenant_id=be287f32f3f94dbd8e13f864c27dfa24&name=default => generated 2925 bytes in 116 msecs (HTTP/1.1 200) 4 headers in 158 bytes (1 switches on core 0) /var/lib/openstack/lib/python3.12/site-packages/pycadf/identifier.py:70: UserWarning: Invalid uuid: neutron. To ensure interoperability, identifiers should be a valid uuid. warnings.warn(('Invalid uuid: %s. To ensure interoperability, ' [pid: 8|app: 0|req: 853/1706] 10.0.0.133 () {34 vars in 990 bytes} [Tue Apr 28 02:32:36 2026] GET /v2.0/ports?device_id=8f7f7ac5-0abc-48ce-b699-57b1aac82d34 => generated 1008 bytes in 75 msecs (HTTP/1.1 200) 4 headers in 158 bytes (1 switches on core 0) [pid: 8|app: 0|req: 854/1707] 10.0.0.133 () {34 vars in 1120 bytes} [Tue Apr 28 02:32:36 2026] GET /v2.0/security-groups?id=8b509d9d-c2ff-4e18-9925-9a12d648cf8d&id=7a369452-c1f9-4226-b996-6f6bf1afd53b&fields=id&fields=name => generated 205 bytes in 43 msecs (HTTP/1.1 200) 4 headers in 157 bytes (1 switches on core 0) [pid: 7|app: 0|req: 854/1708] 10.0.0.41 () {32 vars in 739 bytes} [Tue Apr 28 02:32:36 2026] DELETE /v2.0/security-groups/c61ed148-d268-4058-8919-a2aff677bb12 => generated 0 bytes in 225 msecs (HTTP/1.1 204) 2 headers in 112 bytes (1 switches on core 0)
2026-04-28 02:32:36.925 7 INFO neutron.services.segments.plugin [-] Segment 35c3b5ca-e41e-4267-ab13-af6e3c5bd5a9 resource provider aggregate not found
2026-04-28 02:32:36.941 7 INFO neutron.services.segments.plugin [-] Segment 35c3b5ca-e41e-4267-ab13-af6e3c5bd5a9 resource provider not found; error: Placement Client Error (4xx): {"errors": [{"status": 404, "title": "Not Found", "detail": "The resource could not be found.\n\n No resource provider with uuid 35c3b5ca-e41e-4267-ab13-af6e3c5bd5a9 found for delete ", "request_id": "req-20dce964-28ab-4152-9c14-a01956bccdac"}]}
2026-04-28 02:32:36.946 7 INFO neutron.services.segments.plugin [-] Segment 35c3b5ca-e41e-4267-ab13-af6e3c5bd5a9 resource provider aggregate not found
2026-04-28 02:32:36.953 7 INFO neutron.services.segments.plugin [-] Segment a73f2bad-36f0-480d-bb34-e4ce559e3ee3 resource provider aggregate not found
2026-04-28 02:32:36.964 7 INFO neutron.services.segments.plugin [-] Segment 35c3b5ca-e41e-4267-ab13-af6e3c5bd5a9 resource provider not found; error: Placement Client Error (4xx): {"errors": [{"status": 404, "title": "Not Found", "detail": "The resource could not be found.\n\n No resource provider with uuid 35c3b5ca-e41e-4267-ab13-af6e3c5bd5a9 found for delete ", "request_id": "req-d47379d7-6bee-41a4-ba7e-dff8bcaf09c8"}]}
2026-04-28 02:32:36.974 7 INFO neutron.services.segments.plugin [-] Segment a73f2bad-36f0-480d-bb34-e4ce559e3ee3 resource provider not found; error: Placement Client Error (4xx): {"errors": [{"status": 404, "title": "Not Found", "detail": "The resource could not be found.\n\n No resource provider with uuid a73f2bad-36f0-480d-bb34-e4ce559e3ee3 found for delete ", "request_id": "req-517fb2fe-7721-40f1-99e1-5d63ae995e40"}]}
2026-04-28 02:32:36.986 7 INFO neutron.services.segments.plugin [-] Segment a73f2bad-36f0-480d-bb34-e4ce559e3ee3 resource provider aggregate not found
2026-04-28 02:32:37.004 7 INFO neutron.services.segments.plugin [-] Segment a73f2bad-36f0-480d-bb34-e4ce559e3ee3 resource provider not found; error: Placement Client Error (4xx): {"errors": [{"status": 404, "title": "Not Found", "detail": "The resource could not be found.\n\n No resource provider with uuid a73f2bad-36f0-480d-bb34-e4ce559e3ee3 found for delete ", "request_id": "req-b5d62266-f047-43e0-8078-6661a57c914e"}]} [pid: 8|app: 0|req: 855/1709] 199.204.45.248 () {34 vars in 994 bytes} [Tue Apr 28 02:32:37 2026] GET /v2.0/ports?device_id=8f7f7ac5-0abc-48ce-b699-57b1aac82d34 => generated 1008 bytes in 72 msecs (HTTP/1.1 200) 4 headers in 158 bytes (1 switches on core 0)
2026-04-28 02:32:37.263 7 INFO neutron_taas.services.taas.taas_plugin [req-c4728e89-355a-474f-b2b6-ec38556a3522 req-a90d79a2-73c6-4690-b507-3c32a9d38182 4ebefe5ca5ac42f8a4f6bd9391c1571e 749acfec071f4c7787854094e96608a1 - - default default] TaaS: Handle Delete Port: 3d5ea444-f2a4-466e-9e60-1099319791e8
2026-04-28 02:32:37.266 7 INFO neutron_taas.services.taas.tap_mirror_plugin [req-c4728e89-355a-474f-b2b6-ec38556a3522 req-a90d79a2-73c6-4690-b507-3c32a9d38182 4ebefe5ca5ac42f8a4f6bd9391c1571e 749acfec071f4c7787854094e96608a1 - - default default] Tap Mirror: Handle Delete Port: 3d5ea444-f2a4-466e-9e60-1099319791e8
2026-04-28 02:32:37.436 7 INFO neutron.db.l3_db [req-c4728e89-355a-474f-b2b6-ec38556a3522 req-a90d79a2-73c6-4690-b507-3c32a9d38182 4ebefe5ca5ac42f8a4f6bd9391c1571e 749acfec071f4c7787854094e96608a1 - - default default] Floating IP 11021ac5-6d09-4ed9-95bc-cb6810abffb2 disassociated. External IP: 10.96.250.218, port: 3d5ea444-f2a4-466e-9e60-1099319791e8. [pid: 8|app: 0|req: 856/1710] 10.0.0.133 () {34 vars in 990 bytes} [Tue Apr 28 02:32:37 2026] GET /v2.0/ports?device_id=8f7f7ac5-0abc-48ce-b699-57b1aac82d34 => generated 12 bytes in 21 msecs (HTTP/1.1 200) 4 headers in 156 bytes (1 switches on core 0) [pid: 7|app: 0|req: 855/1711] 199.204.45.248 () {36 vars in 997 bytes} [Tue Apr 28 02:32:37 2026] DELETE /v2.0/ports/3d5ea444-f2a4-466e-9e60-1099319791e8 => generated 0 bytes in 482 msecs (HTTP/1.1 204) 3 headers in 131 bytes (1 switches on core 0)
2026-04-28 02:32:37.995 8 INFO neutron.db.ovn_revision_numbers_db [None req-1b85bc4c-8072-41f1-84c0-f261a87e5585 7385db2fe0be4acb8db2a4b576a92ff1 0a0b2c505a934269a5b5a4d313cd32ca - - default default] Successfully bumped revision number for resource 39c02b9f-4ece-44ab-8123-6809ce358061 (type: security_groups) to 1
2026-04-28 02:32:38.010 8 INFO neutron.db.ovn_revision_numbers_db [None req-1b85bc4c-8072-41f1-84c0-f261a87e5585 7385db2fe0be4acb8db2a4b576a92ff1 0a0b2c505a934269a5b5a4d313cd32ca - - default default] Successfully bumped revision number for resource 79592af2-f1c3-4f6c-87d0-6380fe575803 (type: security_group_rules) to 0
2026-04-28 02:32:38.024 8 INFO neutron.db.ovn_revision_numbers_db [None req-1b85bc4c-8072-41f1-84c0-f261a87e5585 7385db2fe0be4acb8db2a4b576a92ff1 0a0b2c505a934269a5b5a4d313cd32ca - - default default] Successfully bumped revision number for resource 9a77cd0a-046e-42e0-aacf-acc1046891c6 (type: security_group_rules) to 0
2026-04-28 02:32:38.029 7 INFO neutron.notifiers.nova [-] Nova event matching ['req-3f999fd9-55f4-479a-8172-3d79a839eba1'] response: {'server_uuid': '8f7f7ac5-0abc-48ce-b699-57b1aac82d34', 'name': 'network-vif-unplugged', 'status': 'completed', 'tag': '3d5ea444-f2a4-466e-9e60-1099319791e8', 'code': 200}
2026-04-28 02:32:38.030 7 INFO neutron.notifiers.nova [-] Nova event matching ['req-3f999fd9-55f4-479a-8172-3d79a839eba1'] response: {'server_uuid': '8f7f7ac5-0abc-48ce-b699-57b1aac82d34', 'name': 'network-vif-deleted', 'tag': '3d5ea444-f2a4-466e-9e60-1099319791e8', 'status': 'completed', 'code': 200}
2026-04-28 02:32:38.037 8 INFO neutron.db.ovn_revision_numbers_db [None req-1b85bc4c-8072-41f1-84c0-f261a87e5585 7385db2fe0be4acb8db2a4b576a92ff1 0a0b2c505a934269a5b5a4d313cd32ca - - default default] Successfully bumped revision number for resource c184b7f7-2a9d-4927-8b71-fc0f63e0a20c (type: security_group_rules) to 0
2026-04-28 02:32:38.052 8 INFO neutron.db.ovn_revision_numbers_db [None req-1b85bc4c-8072-41f1-84c0-f261a87e5585 7385db2fe0be4acb8db2a4b576a92ff1 0a0b2c505a934269a5b5a4d313cd32ca - - default default] Successfully bumped revision number for resource ee326516-a4dd-48c7-9fbc-936716bbafdd (type: security_group_rules) to 0
2026-04-28 02:32:38.141 8 INFO neutron.db.segments_db [None req-1b85bc4c-8072-41f1-84c0-f261a87e5585 7385db2fe0be4acb8db2a4b576a92ff1 0a0b2c505a934269a5b5a4d313cd32ca - - default default] Added segment c30dfb8c-e9ad-4df9-ba81-3d5925cc0371 of type geneve for network 31745f57-772b-43fa-9634-e78c4856f29b
2026-04-28 02:32:38.262 8 INFO neutron.db.ovn_revision_numbers_db [None req-1b85bc4c-8072-41f1-84c0-f261a87e5585 7385db2fe0be4acb8db2a4b576a92ff1 0a0b2c505a934269a5b5a4d313cd32ca - - default default] Successfully bumped revision number for resource 31745f57-772b-43fa-9634-e78c4856f29b (type: networks) to 1
2026-04-28 02:32:38.424 8 WARNING neutron.scheduler.dhcp_agent_scheduler [None req-1b85bc4c-8072-41f1-84c0-f261a87e5585 7385db2fe0be4acb8db2a4b576a92ff1 0a0b2c505a934269a5b5a4d313cd32ca - - default default] No more DHCP agents
2026-04-28 02:32:38.425 8 WARNING neutron.api.rpc.agentnotifiers.dhcp_rpc_agent_api [None req-1b85bc4c-8072-41f1-84c0-f261a87e5585 7385db2fe0be4acb8db2a4b576a92ff1 0a0b2c505a934269a5b5a4d313cd32ca - - default default] Unable to schedule network 31745f57-772b-43fa-9634-e78c4856f29b: no agents available; will retry on subsequent port and subnet creation events. /var/lib/openstack/lib/python3.12/site-packages/pycadf/identifier.py:70: UserWarning: Invalid uuid: neutron. To ensure interoperability, identifiers should be a valid uuid. warnings.warn(('Invalid uuid: %s. To ensure interoperability, '
2026-04-28 02:32:38.500 7 INFO neutron.plugins.ml2.drivers.ovn.mech_driver.mech_driver [None req-411ac4ba-168b-4381-a3fc-da7f9cf40f5c - - - - - -] OVN reports status down for port: 6e8a87c6-3151-401f-ac3a-72ed3824da8a
2026-04-28 02:32:38.509 8 INFO neutron.db.ovn_revision_numbers_db [None req-1b85bc4c-8072-41f1-84c0-f261a87e5585 7385db2fe0be4acb8db2a4b576a92ff1 0a0b2c505a934269a5b5a4d313cd32ca - - default default] Successfully bumped revision number for resource 6e8a87c6-3151-401f-ac3a-72ed3824da8a (type: ports) to 1 [pid: 8|app: 0|req: 857/1712] 10.0.0.41 () {34 vars in 669 bytes} [Tue Apr 28 02:32:37 2026] POST /v2.0/networks => generated 658 bytes in 820 msecs (HTTP/1.1 201) 4 headers in 162 bytes (1 switches on core 0)
2026-04-28 02:32:38.670 7 INFO neutron.db.ovn_revision_numbers_db [None req-fb22ff34-7e18-43d7-ade1-77afd1c4c098 533948e9674947ce9a796123d84a61e7 3c599e5a75e64b4daa1f7185155c4b22 - - default default] Successfully bumped revision number for resource 71fd5c2a-977e-43e5-9eb5-c19d6e6ce8f0 (type: security_groups) to 1
2026-04-28 02:32:38.680 7 INFO neutron.db.ovn_revision_numbers_db [None req-fb22ff34-7e18-43d7-ade1-77afd1c4c098 533948e9674947ce9a796123d84a61e7 3c599e5a75e64b4daa1f7185155c4b22 - - default default] Successfully bumped revision number for resource 43516def-f45d-4597-804b-847e099614c4 (type: security_group_rules) to 0
2026-04-28 02:32:38.691 7 INFO neutron.db.ovn_revision_numbers_db [None req-fb22ff34-7e18-43d7-ade1-77afd1c4c098 533948e9674947ce9a796123d84a61e7 3c599e5a75e64b4daa1f7185155c4b22 - - default default] Successfully bumped revision number for resource 49766825-e8c4-45f2-9707-99b14a9b6c9a (type: security_group_rules) to 0
2026-04-28 02:32:38.705 7 INFO neutron.db.ovn_revision_numbers_db [None req-fb22ff34-7e18-43d7-ade1-77afd1c4c098 533948e9674947ce9a796123d84a61e7 3c599e5a75e64b4daa1f7185155c4b22 - - default default] Successfully bumped revision number for resource cd52f77e-f87b-4d55-9855-671246a6a90a (type: security_group_rules) to 0
2026-04-28 02:32:38.718 7 INFO neutron.db.ovn_revision_numbers_db [None req-fb22ff34-7e18-43d7-ade1-77afd1c4c098 533948e9674947ce9a796123d84a61e7 3c599e5a75e64b4daa1f7185155c4b22 - - default default] Successfully bumped revision number for resource e5e13ad9-5587-4c59-bc99-baa28316dd10 (type: security_group_rules) to 0
2026-04-28 02:32:38.732 8 WARNING neutron.scheduler.dhcp_agent_scheduler [None req-5b91aaff-12ab-4fae-8ce6-693e888df0ae 7385db2fe0be4acb8db2a4b576a92ff1 0a0b2c505a934269a5b5a4d313cd32ca - - default default] No more DHCP agents
2026-04-28 02:32:38.733 8 WARNING neutron.api.rpc.agentnotifiers.dhcp_rpc_agent_api [None req-5b91aaff-12ab-4fae-8ce6-693e888df0ae 7385db2fe0be4acb8db2a4b576a92ff1 0a0b2c505a934269a5b5a4d313cd32ca - - default default] Unable to schedule network 31745f57-772b-43fa-9634-e78c4856f29b: no agents available; will retry on subsequent port and subnet creation events.
2026-04-28 02:32:38.787 7 INFO neutron.db.segments_db [None req-fb22ff34-7e18-43d7-ade1-77afd1c4c098 533948e9674947ce9a796123d84a61e7 3c599e5a75e64b4daa1f7185155c4b22 - - default default] Added segment b74647a3-1a27-414a-bb30-3b75bc25fec6 of type geneve for network 08868a58-c6cc-49be-a165-1530b97d1ff9
2026-04-28 02:32:38.897 7 INFO neutron.db.ovn_revision_numbers_db [None req-fb22ff34-7e18-43d7-ade1-77afd1c4c098 533948e9674947ce9a796123d84a61e7 3c599e5a75e64b4daa1f7185155c4b22 - - default default] Successfully bumped revision number for resource 08868a58-c6cc-49be-a165-1530b97d1ff9 (type: networks) to 1
2026-04-28 02:32:39.025 7 WARNING neutron.scheduler.dhcp_agent_scheduler [None req-fb22ff34-7e18-43d7-ade1-77afd1c4c098 533948e9674947ce9a796123d84a61e7 3c599e5a75e64b4daa1f7185155c4b22 - - default default] No more DHCP agents
2026-04-28 02:32:39.026 7 WARNING neutron.api.rpc.agentnotifiers.dhcp_rpc_agent_api [None req-fb22ff34-7e18-43d7-ade1-77afd1c4c098 533948e9674947ce9a796123d84a61e7 3c599e5a75e64b4daa1f7185155c4b22 - - default default] Unable to schedule network 08868a58-c6cc-49be-a165-1530b97d1ff9: no agents available; will retry on subsequent port and subnet creation events.
2026-04-28 02:32:39.079 7 INFO neutron.db.ovn_revision_numbers_db [None req-fb22ff34-7e18-43d7-ade1-77afd1c4c098 533948e9674947ce9a796123d84a61e7 3c599e5a75e64b4daa1f7185155c4b22 - - default default] Successfully bumped revision number for resource 39fdc2ec-aedc-4e75-9b3a-718065084193 (type: ports) to 1
2026-04-28 02:32:39.081 8 INFO neutron.plugins.ml2.drivers.ovn.mech_driver.mech_driver [None req-78dd4a22-d503-4f5e-b631-74804d5606ad - - - - - -] OVN reports status down for port: 39fdc2ec-aedc-4e75-9b3a-718065084193 [pid: 7|app: 0|req: 856/1713] 10.0.0.41 () {34 vars in 669 bytes} [Tue Apr 28 02:32:38 2026] POST /v2.0/networks => generated 663 bytes in 846 msecs (HTTP/1.1 201) 4 headers in 162 bytes (1 switches on core 0) [pid: 7|app: 0|req: 857/1714] 10.0.0.133 () {34 vars in 990 bytes} [Tue Apr 28 02:32:39 2026] GET /v2.0/ports?device_id=8f7f7ac5-0abc-48ce-b699-57b1aac82d34 => generated 12 bytes in 14 msecs (HTTP/1.1 200) 4 headers in 156 bytes (1 switches on core 0)
2026-04-28 02:32:39.218 8 INFO neutron.db.ovn_revision_numbers_db [None req-0b833699-c926-406a-aea8-6759794b554d - - - - - -] Successfully bumped revision number for resource 6e8a87c6-3151-401f-ac3a-72ed3824da8a (type: ports) to 2
2026-04-28 02:32:39.251 8 INFO neutron.db.ovn_revision_numbers_db [None req-0b833699-c926-406a-aea8-6759794b554d - - - - - -] Successfully bumped revision number for resource 8dd8de16-09ec-4fd9-8ce0-dac0469be0e0 (type: subnets) to 0 [pid: 8|app: 0|req: 858/1715] 10.0.0.41 () {34 vars in 668 bytes} [Tue Apr 28 02:32:38 2026] POST /v2.0/subnets => generated 658 bytes in 726 msecs (HTTP/1.1 201) 4 headers in 162 bytes (1 switches on core 0)
2026-04-28 02:32:39.341 7 WARNING neutron.scheduler.dhcp_agent_scheduler [None req-59b66d56-4967-4af4-84fc-f94d906858bd 533948e9674947ce9a796123d84a61e7 3c599e5a75e64b4daa1f7185155c4b22 - - default default] No more DHCP agents
2026-04-28 02:32:39.342 7 WARNING neutron.api.rpc.agentnotifiers.dhcp_rpc_agent_api [None req-59b66d56-4967-4af4-84fc-f94d906858bd 533948e9674947ce9a796123d84a61e7 3c599e5a75e64b4daa1f7185155c4b22 - - default default] Unable to schedule network 08868a58-c6cc-49be-a165-1530b97d1ff9: no agents available; will retry on subsequent port and subnet creation events. [pid: 8|app: 0|req: 859/1716] 10.0.0.41 () {32 vars in 721 bytes} [Tue Apr 28 02:32:39 2026] GET /v2.0/subnetpools?name=shared-default-subnetpool-v6 => generated 19 bytes in 124 msecs (HTTP/1.1 200) 4 headers in 156 bytes (1 switches on core 0)
2026-04-28 02:32:39.592 8 WARNING neutron.scheduler.dhcp_agent_scheduler [None req-d795ce6d-8f60-41b5-ae3b-a7d18bc5f7e6 7385db2fe0be4acb8db2a4b576a92ff1 0a0b2c505a934269a5b5a4d313cd32ca - - default default] No more DHCP agents
2026-04-28 02:32:39.593 8 WARNING neutron.api.rpc.agentnotifiers.dhcp_rpc_agent_api [None req-d795ce6d-8f60-41b5-ae3b-a7d18bc5f7e6 7385db2fe0be4acb8db2a4b576a92ff1 0a0b2c505a934269a5b5a4d313cd32ca - - default default] Unable to schedule network 31745f57-772b-43fa-9634-e78c4856f29b: no agents available; will retry on subsequent port and subnet creation events.
2026-04-28 02:32:39.630 8 INFO neutron.db.ovn_revision_numbers_db [None req-d795ce6d-8f60-41b5-ae3b-a7d18bc5f7e6 7385db2fe0be4acb8db2a4b576a92ff1 0a0b2c505a934269a5b5a4d313cd32ca - - default default] Successfully bumped revision number for resource 65d54090-05f4-49ca-be03-d69381681c36 (type: subnets) to 0 [pid: 8|app: 0|req: 860/1717] 10.0.0.41 () {34 vars in 668 bytes} [Tue Apr 28 02:32:39 2026] POST /v2.0/subnets => generated 731 bytes in 243 msecs (HTTP/1.1 201) 4 headers in 162 bytes (1 switches on core 0)
2026-04-28 02:32:39.746 8 INFO neutron.db.segments_db [None req-b673ddfc-273d-4b0c-b32c-7668d8c9ce3e 7385db2fe0be4acb8db2a4b576a92ff1 0a0b2c505a934269a5b5a4d313cd32ca - - default default] Added segment 4cdad026-5d8c-4ca8-9172-7b704d769a25 of type geneve for network b2c58f4a-c553-4776-a4fe-c9188489e69f
2026-04-28 02:32:39.776 7 INFO neutron.db.ovn_revision_numbers_db [None req-9f8a72d9-910b-4609-bc75-c5e66a28ecdd - - - - - -] Successfully bumped revision number for resource 39fdc2ec-aedc-4e75-9b3a-718065084193 (type: ports) to 2
2026-04-28 02:32:39.808 7 INFO neutron.db.ovn_revision_numbers_db [None req-9f8a72d9-910b-4609-bc75-c5e66a28ecdd - - - - - -] Successfully bumped revision number for resource 265d1aa1-121c-4f05-8bff-8704714e516a (type: subnets) to 0 [pid: 7|app: 0|req: 858/1718] 10.0.0.41 () {34 vars in 668 bytes} [Tue Apr 28 02:32:39 2026] POST /v2.0/subnets => generated 641 bytes in 691 msecs (HTTP/1.1 201) 4 headers in 162 bytes (1 switches on core 0)
2026-04-28 02:32:39.836 8 INFO neutron.db.ovn_revision_numbers_db [None req-b673ddfc-273d-4b0c-b32c-7668d8c9ce3e 7385db2fe0be4acb8db2a4b576a92ff1 0a0b2c505a934269a5b5a4d313cd32ca - - default default] Successfully bumped revision number for resource b2c58f4a-c553-4776-a4fe-c9188489e69f (type: networks) to 1
2026-04-28 02:32:39.930 7 INFO neutron.db.segments_db [None req-dfd91594-be56-48db-ae50-7b00c735947c 533948e9674947ce9a796123d84a61e7 3c599e5a75e64b4daa1f7185155c4b22 - - default default] Added segment bff2a4d0-b15e-4b52-b3c2-bb942edd6724 of type geneve for network 19e199a1-0ba0-41ec-965f-6b6723ef551d
2026-04-28 02:32:39.990 8 WARNING neutron.scheduler.dhcp_agent_scheduler [None req-b673ddfc-273d-4b0c-b32c-7668d8c9ce3e 7385db2fe0be4acb8db2a4b576a92ff1 0a0b2c505a934269a5b5a4d313cd32ca - - default default] No more DHCP agents
2026-04-28 02:32:39.992 8 WARNING neutron.api.rpc.agentnotifiers.dhcp_rpc_agent_api [None req-b673ddfc-273d-4b0c-b32c-7668d8c9ce3e 7385db2fe0be4acb8db2a4b576a92ff1 0a0b2c505a934269a5b5a4d313cd32ca - - default default] Unable to schedule network b2c58f4a-c553-4776-a4fe-c9188489e69f: no agents available; will retry on subsequent port and subnet creation events.
2026-04-28 02:32:40.050 7 INFO neutron.db.ovn_revision_numbers_db [None req-dfd91594-be56-48db-ae50-7b00c735947c 533948e9674947ce9a796123d84a61e7 3c599e5a75e64b4daa1f7185155c4b22 - - default default] Successfully bumped revision number for resource 19e199a1-0ba0-41ec-965f-6b6723ef551d (type: networks) to 1
2026-04-28 02:32:40.082 7 INFO neutron.plugins.ml2.drivers.ovn.mech_driver.mech_driver [None req-411ac4ba-168b-4381-a3fc-da7f9cf40f5c - - - - - -] OVN reports status down for port: 0652b2a2-d016-45fd-a83e-249f76eb06be
2026-04-28 02:32:40.095 8 INFO neutron.db.ovn_revision_numbers_db [None req-b673ddfc-273d-4b0c-b32c-7668d8c9ce3e 7385db2fe0be4acb8db2a4b576a92ff1 0a0b2c505a934269a5b5a4d313cd32ca - - default default] Successfully bumped revision number for resource 0652b2a2-d016-45fd-a83e-249f76eb06be (type: ports) to 1 [pid: 8|app: 0|req: 861/1719] 10.0.0.41 () {34 vars in 669 bytes} [Tue Apr 28 02:32:39 2026] POST /v2.0/networks => generated 656 bytes in 470 msecs (HTTP/1.1 201) 4 headers in 162 bytes (1 switches on core 0)
2026-04-28 02:32:40.285 8 WARNING neutron.scheduler.dhcp_agent_scheduler [None req-bc5307bd-fed0-4451-84e1-8ffeb5225dc8 7385db2fe0be4acb8db2a4b576a92ff1 0a0b2c505a934269a5b5a4d313cd32ca - - default default] No more DHCP agents
2026-04-28 02:32:40.287 8 WARNING neutron.api.rpc.agentnotifiers.dhcp_rpc_agent_api [None req-bc5307bd-fed0-4451-84e1-8ffeb5225dc8 7385db2fe0be4acb8db2a4b576a92ff1 0a0b2c505a934269a5b5a4d313cd32ca - - default default] Unable to schedule network b2c58f4a-c553-4776-a4fe-c9188489e69f: no agents available; will retry on subsequent port and subnet creation events.
2026-04-28 02:32:40.296 7 WARNING neutron.scheduler.dhcp_agent_scheduler [None req-dfd91594-be56-48db-ae50-7b00c735947c 533948e9674947ce9a796123d84a61e7 3c599e5a75e64b4daa1f7185155c4b22 - - default default] No more DHCP agents
2026-04-28 02:32:40.298 7 WARNING neutron.api.rpc.agentnotifiers.dhcp_rpc_agent_api [None req-dfd91594-be56-48db-ae50-7b00c735947c 533948e9674947ce9a796123d84a61e7 3c599e5a75e64b4daa1f7185155c4b22 - - default default] Unable to schedule network 19e199a1-0ba0-41ec-965f-6b6723ef551d: no agents available; will retry on subsequent port and subnet creation events.
2026-04-28 02:32:40.368 8 INFO neutron.plugins.ml2.drivers.ovn.mech_driver.mech_driver [None req-78dd4a22-d503-4f5e-b631-74804d5606ad - - - - - -] OVN reports status down for port: e73985ba-67a8-4d6f-9123-d36045c141ad
2026-04-28 02:32:40.371 7 INFO neutron.db.ovn_revision_numbers_db [None req-dfd91594-be56-48db-ae50-7b00c735947c 533948e9674947ce9a796123d84a61e7 3c599e5a75e64b4daa1f7185155c4b22 - - default default] Successfully bumped revision number for resource e73985ba-67a8-4d6f-9123-d36045c141ad (type: ports) to 1 [pid: 7|app: 0|req: 859/1720] 10.0.0.41 () {34 vars in 669 bytes} [Tue Apr 28 02:32:39 2026] POST /v2.0/networks => generated 663 bytes in 561 msecs (HTTP/1.1 201) 4 headers in 162 bytes (1 switches on core 0) [pid: 7|app: 0|req: 860/1721] 10.0.0.133 () {34 vars in 990 bytes} [Tue Apr 28 02:32:40 2026] GET /v2.0/ports?device_id=8f7f7ac5-0abc-48ce-b699-57b1aac82d34 => generated 12 bytes in 19 msecs (HTTP/1.1 200) 4 headers in 156 bytes (1 switches on core 0)
2026-04-28 02:32:40.639 7 INFO neutron.db.ovn_revision_numbers_db [None req-adcb690f-9693-4977-a43d-d6537b78f5b7 e4ab964889284fb08e7840c39b19c424 3c086edbaa464e20a0eacb1eff073a4c - - default default] Successfully bumped revision number for resource 41b9d896-2bd0-4760-82dc-4629f643b0aa (type: security_groups) to 1
2026-04-28 02:32:40.653 7 INFO neutron.db.ovn_revision_numbers_db [None req-adcb690f-9693-4977-a43d-d6537b78f5b7 e4ab964889284fb08e7840c39b19c424 3c086edbaa464e20a0eacb1eff073a4c - - default default] Successfully bumped revision number for resource 2964f135-8b81-4669-805b-8085a0da73c5 (type: security_group_rules) to 0
2026-04-28 02:32:40.663 7 INFO neutron.db.ovn_revision_numbers_db [None req-adcb690f-9693-4977-a43d-d6537b78f5b7 e4ab964889284fb08e7840c39b19c424 3c086edbaa464e20a0eacb1eff073a4c - - default default] Successfully bumped revision number for resource 2cb39fcb-d033-44b5-a996-19b9089a88a6 (type: security_group_rules) to 0
2026-04-28 02:32:40.674 7 INFO neutron.db.ovn_revision_numbers_db [None req-adcb690f-9693-4977-a43d-d6537b78f5b7 e4ab964889284fb08e7840c39b19c424 3c086edbaa464e20a0eacb1eff073a4c - - default default] Successfully bumped revision number for resource 51b418fa-73ba-4795-b7d9-451ad94d7a04 (type: security_group_rules) to 0
2026-04-28 02:32:40.686 7 INFO neutron.db.ovn_revision_numbers_db [None req-adcb690f-9693-4977-a43d-d6537b78f5b7 e4ab964889284fb08e7840c39b19c424 3c086edbaa464e20a0eacb1eff073a4c - - default default] Successfully bumped revision number for resource 88caba6f-f35c-4a92-9687-92d445294e5b (type: security_group_rules) to 0 [pid: 7|app: 0|req: 861/1722] 10.0.0.41 () {32 vars in 773 bytes} [Tue Apr 28 02:32:40 2026] GET /v2.0/security-groups?tenant_id=7011221fcdbf4c32a5a49963f90fc294&name=default => generated 2925 bytes in 305 msecs (HTTP/1.1 200) 4 headers in 158 bytes (1 switches on core 0)
2026-04-28 02:32:40.775 8 INFO neutron.db.ovn_revision_numbers_db [None req-8445475a-d97b-4063-a776-edaaefb7d645 - - - - - -] Successfully bumped revision number for resource 0652b2a2-d016-45fd-a83e-249f76eb06be (type: ports) to 2
2026-04-28 02:32:40.818 8 INFO neutron.db.ovn_revision_numbers_db [None req-8445475a-d97b-4063-a776-edaaefb7d645 - - - - - -] Successfully bumped revision number for resource bf3822c0-f189-41b5-91d1-1b8eecfd9ac7 (type: subnets) to 0 [pid: 8|app: 0|req: 862/1723] 10.0.0.41 () {34 vars in 668 bytes} [Tue Apr 28 02:32:40 2026] POST /v2.0/subnets => generated 656 bytes in 708 msecs (HTTP/1.1 201) 4 headers in 162 bytes (1 switches on core 0)
2026-04-28 02:32:40.885 7 INFO neutron.db.ovn_revision_numbers_db [None req-64b9f48d-aeab-4efd-add0-3916bf72e54d 533948e9674947ce9a796123d84a61e7 3c599e5a75e64b4daa1f7185155c4b22 - - default default] Successfully bumped revision number for resource 19e199a1-0ba0-41ec-965f-6b6723ef551d (type: networks) to 2 [pid: 7|app: 0|req: 862/1724] 10.0.0.41 () {34 vars in 742 bytes} [Tue Apr 28 02:32:40 2026] PUT /v2.0/networks/19e199a1-0ba0-41ec-965f-6b6723ef551d => generated 636 bytes in 169 msecs (HTTP/1.1 200) 4 headers in 157 bytes (1 switches on core 0) [pid: 8|app: 0|req: 863/1725] 10.0.0.41 () {32 vars in 739 bytes} [Tue Apr 28 02:32:40 2026] DELETE /v2.0/security-groups/41b9d896-2bd0-4760-82dc-4629f643b0aa => generated 0 bytes in 241 msecs (HTTP/1.1 204) 2 headers in 112 bytes (1 switches on core 0)
2026-04-28 02:32:41.144 7 WARNING neutron.scheduler.dhcp_agent_scheduler [None req-ef8963a2-7399-448f-91a0-520a7df9481a 7385db2fe0be4acb8db2a4b576a92ff1 0a0b2c505a934269a5b5a4d313cd32ca - - default default] No more DHCP agents
2026-04-28 02:32:41.145 7 WARNING neutron.api.rpc.agentnotifiers.dhcp_rpc_agent_api [None req-ef8963a2-7399-448f-91a0-520a7df9481a 7385db2fe0be4acb8db2a4b576a92ff1 0a0b2c505a934269a5b5a4d313cd32ca - - default default] Unable to schedule network b2c58f4a-c553-4776-a4fe-c9188489e69f: no agents available; will retry on subsequent port and subnet creation events.
2026-04-28 02:32:41.179 7 INFO neutron.db.ovn_revision_numbers_db [None req-ef8963a2-7399-448f-91a0-520a7df9481a 7385db2fe0be4acb8db2a4b576a92ff1 0a0b2c505a934269a5b5a4d313cd32ca - - default default] Successfully bumped revision number for resource 099259af-4892-4ed4-978f-90e923f19f3a (type: subnets) to 0 [pid: 7|app: 0|req: 863/1726] 10.0.0.41 () {34 vars in 668 bytes} [Tue Apr 28 02:32:40 2026] POST /v2.0/subnets => generated 723 bytes in 304 msecs (HTTP/1.1 201) 4 headers in 162 bytes (1 switches on core 0)
2026-04-28 02:32:41.254 8 WARNING neutron.scheduler.dhcp_agent_scheduler [None req-b260474a-5b07-4242-85fd-38c12366ff89 533948e9674947ce9a796123d84a61e7 3c599e5a75e64b4daa1f7185155c4b22 - - default default] No more DHCP agents
2026-04-28 02:32:41.256 8 WARNING neutron.api.rpc.agentnotifiers.dhcp_rpc_agent_api [None req-b260474a-5b07-4242-85fd-38c12366ff89 533948e9674947ce9a796123d84a61e7 3c599e5a75e64b4daa1f7185155c4b22 - - default default] Unable to schedule network 19e199a1-0ba0-41ec-965f-6b6723ef551d: no agents available; will retry on subsequent port and subnet creation events.
2026-04-28 02:32:41.309 7 INFO neutron.db.ovn_revision_numbers_db [None req-4c9b1269-ca19-46ce-acf3-24699b092d2c e4ab964889284fb08e7840c39b19c424 3c086edbaa464e20a0eacb1eff073a4c - - default default] Successfully bumped revision number for resource b586a08c-c15f-4644-8733-7294bdc4fcbc (type: security_groups) to 1
2026-04-28 02:32:41.321 7 INFO neutron.db.ovn_revision_numbers_db [None req-4c9b1269-ca19-46ce-acf3-24699b092d2c e4ab964889284fb08e7840c39b19c424 3c086edbaa464e20a0eacb1eff073a4c - - default default] Successfully bumped revision number for resource 18696ccf-8d6c-446b-a15f-50007b3fe6b7 (type: security_group_rules) to 0
2026-04-28 02:32:41.334 7 INFO neutron.db.ovn_revision_numbers_db [None req-4c9b1269-ca19-46ce-acf3-24699b092d2c e4ab964889284fb08e7840c39b19c424 3c086edbaa464e20a0eacb1eff073a4c - - default default] Successfully bumped revision number for resource 271dfc83-5b5e-4db4-8a9c-fa384bd7979c (type: security_group_rules) to 0
2026-04-28 02:32:41.347 7 INFO neutron.db.ovn_revision_numbers_db [None req-4c9b1269-ca19-46ce-acf3-24699b092d2c e4ab964889284fb08e7840c39b19c424 3c086edbaa464e20a0eacb1eff073a4c - - default default] Successfully bumped revision number for resource ed2ff2fd-6a31-47af-b19b-eafc7de6ce92 (type: security_group_rules) to 0
2026-04-28 02:32:41.360 7 INFO neutron.db.ovn_revision_numbers_db [None req-4c9b1269-ca19-46ce-acf3-24699b092d2c e4ab964889284fb08e7840c39b19c424 3c086edbaa464e20a0eacb1eff073a4c - - default default] Successfully bumped revision number for resource fad4f6d8-28fd-4ed1-957c-1fd998594a49 (type: security_group_rules) to 0 [pid: 7|app: 0|req: 864/1727] 10.0.0.41 () {32 vars in 773 bytes} [Tue Apr 28 02:32:41 2026] GET /v2.0/security-groups?tenant_id=68de4bd2ad9f404ca0f4b4ff04882dc4&name=default => generated 2925 bytes in 204 msecs (HTTP/1.1 200) 4 headers in 158 bytes (1 switches on core 0)
2026-04-28 02:32:41.497 7 INFO neutron.db.segments_db [None req-6041456f-899c-430c-8d23-100f5ca1b1e1 7385db2fe0be4acb8db2a4b576a92ff1 0a0b2c505a934269a5b5a4d313cd32ca - - default default] Added segment d0a721af-2034-4198-9a3f-795e818b06f8 of type geneve for network 0f6bbb47-584f-4be7-ae44-461611d04eca
2026-04-28 02:32:41.627 7 INFO neutron.db.ovn_revision_numbers_db [None req-6041456f-899c-430c-8d23-100f5ca1b1e1 7385db2fe0be4acb8db2a4b576a92ff1 0a0b2c505a934269a5b5a4d313cd32ca - - default default] Successfully bumped revision number for resource 0f6bbb47-584f-4be7-ae44-461611d04eca (type: networks) to 1
2026-04-28 02:32:41.751 8 INFO neutron.db.ovn_revision_numbers_db [None req-460d440e-067c-42ce-9291-cc75c3744611 - - - - - -] Successfully bumped revision number for resource e73985ba-67a8-4d6f-9123-d36045c141ad (type: ports) to 2
2026-04-28 02:32:41.784 8 INFO neutron.db.ovn_revision_numbers_db [None req-460d440e-067c-42ce-9291-cc75c3744611 - - - - - -] Successfully bumped revision number for resource f37861d6-fc53-4aa9-b04d-11dff30b27d2 (type: subnets) to 0 [pid: 8|app: 0|req: 864/1728] 10.0.0.41 () {34 vars in 668 bytes} [Tue Apr 28 02:32:41 2026] POST /v2.0/subnets => generated 626 bytes in 725 msecs (HTTP/1.1 201) 4 headers in 162 bytes (1 switches on core 0)
2026-04-28 02:32:41.808 7 WARNING neutron.scheduler.dhcp_agent_scheduler [None req-6041456f-899c-430c-8d23-100f5ca1b1e1 7385db2fe0be4acb8db2a4b576a92ff1 0a0b2c505a934269a5b5a4d313cd32ca - - default default] No more DHCP agents
2026-04-28 02:32:41.809 7 WARNING neutron.api.rpc.agentnotifiers.dhcp_rpc_agent_api [None req-6041456f-899c-430c-8d23-100f5ca1b1e1 7385db2fe0be4acb8db2a4b576a92ff1 0a0b2c505a934269a5b5a4d313cd32ca - - default default] Unable to schedule network 0f6bbb47-584f-4be7-ae44-461611d04eca: no agents available; will retry on subsequent port and subnet creation events.
2026-04-28 02:32:41.856 8 INFO neutron.plugins.ml2.drivers.ovn.mech_driver.mech_driver [None req-78dd4a22-d503-4f5e-b631-74804d5606ad - - - - - -] OVN reports status down for port: 3dec972f-cfec-4688-9eeb-45df4b892026
2026-04-28 02:32:41.899 7 INFO neutron.db.ovn_revision_numbers_db [None req-6041456f-899c-430c-8d23-100f5ca1b1e1 7385db2fe0be4acb8db2a4b576a92ff1 0a0b2c505a934269a5b5a4d313cd32ca - - default default] Successfully bumped revision number for resource 3dec972f-cfec-4688-9eeb-45df4b892026 (type: ports) to 1 [pid: 7|app: 0|req: 865/1729] 10.0.0.41 () {34 vars in 669 bytes} [Tue Apr 28 02:32:41 2026] POST /v2.0/networks => generated 656 bytes in 520 msecs (HTTP/1.1 201) 4 headers in 162 bytes (1 switches on core 0) [pid: 8|app: 0|req: 865/1730] 10.0.0.41 () {32 vars in 739 bytes} [Tue Apr 28 02:32:41 2026] DELETE /v2.0/security-groups/b586a08c-c15f-4644-8733-7294bdc4fcbc => generated 0 bytes in 277 msecs (HTTP/1.1 204) 2 headers in 112 bytes (1 switches on core 0) [pid: 7|app: 0|req: 866/1731] 10.0.0.41 () {32 vars in 739 bytes} [Tue Apr 28 02:32:41 2026] DELETE /v2.0/security-groups/8b509d9d-c2ff-4e18-9925-9a12d648cf8d => generated 0 bytes in 169 msecs (HTTP/1.1 204) 2 headers in 112 bytes (1 switches on core 0)
2026-04-28 02:32:42.256 7 WARNING neutron.scheduler.dhcp_agent_scheduler [None req-b78f4547-26bf-489b-96be-44e2814c4461 7385db2fe0be4acb8db2a4b576a92ff1 0a0b2c505a934269a5b5a4d313cd32ca - - default default] No more DHCP agents
