Jun 17 20:20:49.355285 np0000181547 devstack@n-api-meta.service[112516]: DEBUG nova.api.openstack.wsgi_app [None req-b129fe9c-a0ba-47be-bfaa-6b5f41c90c31 None None] oslo_messaging_rabbit.conn_pool_ttl = 1200 {{(pid=112516) log_opt_values /opt/stack/data/venv/lib/python3.12/site-packages/oslo_config/cfg.py:3253}}
Jun 17 20:20:49.355412 np0000181547 devstack@n-api-meta.service[112516]: DEBUG nova.api.openstack.wsgi_app [None req-b129fe9c-a0ba-47be-bfaa-6b5f41c90c31 None None] oslo_messaging_rabbit.direct_mandatory_flag = True {{(pid=112516) log_opt_values /opt/stack/data/venv/lib/python3.12/site-packages/oslo_config/cfg.py:3253}}
Jun 17 20:20:49.355540 np0000181547 devstack@n-api-meta.service[112516]: DEBUG nova.api.openstack.wsgi_app [None req-b129fe9c-a0ba-47be-bfaa-6b5f41c90c31 None None] oslo_messaging_rabbit.enable_cancel_on_failover = False {{(pid=112516) log_opt_values /opt/stack/data/venv/lib/python3.12/site-packages/oslo_config/cfg.py:3253}}
Jun 17 20:20:49.355672 np0000181547 devstack@n-api-meta.service[112516]: DEBUG nova.api.openstack.wsgi_app [None req-b129fe9c-a0ba-47be-bfaa-6b5f41c90c31 None None] oslo_messaging_rabbit.heartbeat_rate = 3 {{(pid=112516) log_opt_values /opt/stack/data/venv/lib/python3.12/site-packages/oslo_config/cfg.py:3253}}
Jun 17 20:20:49.355798 np0000181547 devstack@n-api-meta.service[112516]: DEBUG nova.api.openstack.wsgi_app [None req-b129fe9c-a0ba-47be-bfaa-6b5f41c90c31 None None] oslo_messaging_rabbit.heartbeat_timeout_threshold = 60 {{(pid=112516) log_opt_values /opt/stack/data/venv/lib/python3.12/site-packages/oslo_config/cfg.py:3253}}
Jun 17 20:20:49.355931 np0000181547 devstack@n-api-meta.service[112516]: DEBUG nova.api.openstack.wsgi_app [None req-b129fe9c-a0ba-47be-bfaa-6b5f41c90c31 None None] oslo_messaging_rabbit.hostname = np0000181547 {{(pid=112516) log_opt_values /opt/stack/data/venv/lib/python3.12/site-packages/oslo_config/cfg.py:3253}}
Jun 17 20:20:49.356062 np0000181547 devstack@n-api-meta.service[112516]: DEBUG nova.api.openstack.wsgi_app [None req-b129fe9c-a0ba-47be-bfaa-6b5f41c90c31 None None] oslo_messaging_rabbit.kombu_compression = None {{(pid=112516) log_opt_values /opt/stack/data/venv/lib/python3.12/site-packages/oslo_config/cfg.py:3253}}
Jun 17 20:20:49.356215 np0000181547 devstack@n-api-meta.service[112516]: DEBUG nova.api.openstack.wsgi_app [None req-b129fe9c-a0ba-47be-bfaa-6b5f41c90c31 None None] oslo_messaging_rabbit.kombu_failover_strategy = round-robin {{(pid=112516) log_opt_values /opt/stack/data/venv/lib/python3.12/site-packages/oslo_config/cfg.py:3253}}
Jun 17 20:20:49.356352 np0000181547 devstack@n-api-meta.service[112516]: DEBUG nova.api.openstack.wsgi_app [None req-b129fe9c-a0ba-47be-bfaa-6b5f41c90c31 None None] oslo_messaging_rabbit.kombu_missing_consumer_retry_timeout = 60 {{(pid=112516) log_opt_values /opt/stack/data/venv/lib/python3.12/site-packages/oslo_config/cfg.py:3253}}
Jun 17 20:20:49.356481 np0000181547 devstack@n-api-meta.service[112516]: DEBUG nova.api.openstack.wsgi_app [None req-b129fe9c-a0ba-47be-bfaa-6b5f41c90c31 None None] oslo_messaging_rabbit.kombu_reconnect_delay = 1.0 {{(pid=112516) log_opt_values /opt/stack/data/venv/lib/python3.12/site-packages/oslo_config/cfg.py:3253}}
Jun 17 20:20:49.356610 np0000181547 devstack@n-api-meta.service[112516]: DEBUG nova.api.openstack.wsgi_app [None req-b129fe9c-a0ba-47be-bfaa-6b5f41c90c31 None None] oslo_messaging_rabbit.kombu_reconnect_splay = 0.0 {{(pid=112516) log_opt_values /opt/stack/data/venv/lib/python3.12/site-packages/oslo_config/cfg.py:3253}}
Jun 17 20:20:49.356755 np0000181547 devstack@n-api-meta.service[112516]: DEBUG nova.api.openstack.wsgi_app [None req-b129fe9c-a0ba-47be-bfaa-6b5f41c90c31 None None] oslo_messaging_rabbit.processname = uwsgi {{(pid=112516) log_opt_values /opt/stack/data/venv/lib/python3.12/site-packages/oslo_config/cfg.py:3253}}
Jun 17 20:20:49.356951 np0000181547 devstack@n-api-meta.service[112516]: DEBUG nova.api.openstack.wsgi_app [None req-b129fe9c-a0ba-47be-bfaa-6b5f41c90c31 None None] oslo_messaging_rabbit.rabbit_ha_queues = False {{(pid=112516) log_opt_values /opt/stack/data/venv/lib/python3.12/site-packages/oslo_config/cfg.py:3253}}
Jun 17 20:20:49.357083 np0000181547 devstack@n-api-meta.service[112516]: DEBUG nova.api.openstack.wsgi_app [None req-b129fe9c-a0ba-47be-bfaa-6b5f41c90c31 None None] oslo_messaging_rabbit.rabbit_interval_max = 30 {{(pid=112516) log_opt_values /opt/stack/data/venv/lib/python3.12/site-packages/oslo_config/cfg.py:3253}}
Jun 17 20:20:49.357240 np0000181547 devstack@n-api-meta.service[112516]: DEBUG nova.api.openstack.wsgi_app [None req-b129fe9c-a0ba-47be-bfaa-6b5f41c90c31 None None] oslo_messaging_rabbit.rabbit_login_method = AMQPLAIN {{(pid=112516) log_opt_values /opt/stack/data/venv/lib/python3.12/site-packages/oslo_config/cfg.py:3253}}
Jun 17 20:20:49.357374 np0000181547 devstack@n-api-meta.service[112516]: DEBUG nova.api.openstack.wsgi_app [None req-b129fe9c-a0ba-47be-bfaa-6b5f41c90c31 None None] oslo_messaging_rabbit.rabbit_qos_prefetch_count = 0 {{(pid=112516) log_opt_values /opt/stack/data/venv/lib/python3.12/site-packages/oslo_config/cfg.py:3253}}
Jun 17 20:20:49.357501 np0000181547 devstack@n-api-meta.service[112516]: DEBUG nova.api.openstack.wsgi_app [None req-b129fe9c-a0ba-47be-bfaa-6b5f41c90c31 None None] oslo_messaging_rabbit.rabbit_quorum_delivery_limit = 0 {{(pid=112516) log_opt_values /opt/stack/data/venv/lib/python3.12/site-packages/oslo_config/cfg.py:3253}}
Jun 17 20:20:49.357631 np0000181547 devstack@n-api-meta.service[112516]: DEBUG nova.api.openstack.wsgi_app [None req-b129fe9c-a0ba-47be-bfaa-6b5f41c90c31 None None] oslo_messaging_rabbit.rabbit_quorum_max_memory_bytes = 0 {{(pid=112516) log_opt_values /opt/stack/data/venv/lib/python3.12/site-packages/oslo_config/cfg.py:3253}}
Jun 17 20:20:49.357755 np0000181547 devstack@n-api-meta.service[112516]: DEBUG nova.api.openstack.wsgi_app [None req-b129fe9c-a0ba-47be-bfaa-6b5f41c90c31 None None] oslo_messaging_rabbit.rabbit_quorum_max_memory_length = 0 {{(pid=112516) log_opt_values /opt/stack/data/venv/lib/python3.12/site-packages/oslo_config/cfg.py:3253}}
Jun 17 20:20:49.357881 np0000181547 devstack@n-api-meta.service[112516]: DEBUG nova.api.openstack.wsgi_app [None req-b129fe9c-a0ba-47be-bfaa-6b5f41c90c31 None None] oslo_messaging_rabbit.rabbit_quorum_queue = False {{(pid=112516) log_opt_values /opt/stack/data/venv/lib/python3.12/site-packages/oslo_config/cfg.py:3253}}
Jun 17 20:20:49.358007 np0000181547 devstack@n-api-meta.service[112516]: DEBUG nova.api.openstack.wsgi_app [None req-b129fe9c-a0ba-47be-bfaa-6b5f41c90c31 None None] oslo_messaging_rabbit.rabbit_retry_backoff = 2 {{(pid=112516) log_opt_values /opt/stack/data/venv/lib/python3.12/site-packages/oslo_config/cfg.py:3253}}
Jun 17 20:20:49.358147 np0000181547 devstack@n-api-meta.service[112516]: DEBUG nova.api.openstack.wsgi_app [None req-b129fe9c-a0ba-47be-bfaa-6b5f41c90c31 None None] oslo_messaging_rabbit.rabbit_retry_interval = 1 {{(pid=112516) log_opt_values /opt/stack/data/venv/lib/python3.12/site-packages/oslo_config/cfg.py:3253}}
Jun 17 20:20:49.358286 np0000181547 devstack@n-api-meta.service[112516]: DEBUG nova.api.openstack.wsgi_app [None req-b129fe9c-a0ba-47be-bfaa-6b5f41c90c31 None None] oslo_messaging_rabbit.rabbit_stream_fanout = False {{(pid=112516) log_opt_values /opt/stack/data/venv/lib/python3.12/site-packages/oslo_config/cfg.py:3253}}
Jun 17 20:20:49.358413 np0000181547 devstack@n-api-meta.service[112516]: DEBUG nova.api.openstack.wsgi_app [None req-b129fe9c-a0ba-47be-bfaa-6b5f41c90c31 None None] oslo_messaging_rabbit.rabbit_transient_queues_ttl = 1800 {{(pid=112516) log_opt_values /opt/stack/data/venv/lib/python3.12/site-packages/oslo_config/cfg.py:3253}}
Jun 17 20:20:49.358538 np0000181547 devstack@n-api-meta.service[112516]: DEBUG nova.api.openstack.wsgi_app [None req-b129fe9c-a0ba-47be-bfaa-6b5f41c90c31 None None] oslo_messaging_rabbit.rabbit_transient_quorum_queue = False {{(pid=112516) log_opt_values /opt/stack/data/venv/lib/python3.12/site-packages/oslo_config/cfg.py:3253}}
Jun 17 20:20:49.358666 np0000181547 devstack@n-api-meta.service[112516]: DEBUG nova.api.openstack.wsgi_app [None req-b129fe9c-a0ba-47be-bfaa-6b5f41c90c31 None None] oslo_messaging_rabbit.rpc_conn_pool_size = 30 {{(pid=112516) log_opt_values /opt/stack/data/venv/lib/python3.12/site-packages/oslo_config/cfg.py:3253}}
Jun 17 20:20:49.358796 np0000181547 devstack@n-api-meta.service[112516]: DEBUG nova.api.openstack.wsgi_app [None req-b129fe9c-a0ba-47be-bfaa-6b5f41c90c31 None None] oslo_messaging_rabbit.ssl = False {{(pid=112516) log_opt_values /opt/stack/data/venv/lib/python3.12/site-packages/oslo_config/cfg.py:3253}}
Jun 17 20:20:49.358931 np0000181547 devstack@n-api-meta.service[112516]: DEBUG nova.api.openstack.wsgi_app [None req-b129fe9c-a0ba-47be-bfaa-6b5f41c90c31 None None] oslo_messaging_rabbit.ssl_ca_file = {{(pid=112516) log_opt_values /opt/stack/data/venv/lib/python3.12/site-packages/oslo_config/cfg.py:3253}}
Jun 17 20:20:49.359065 np0000181547 devstack@n-api-meta.service[112516]: DEBUG nova.api.openstack.wsgi_app [None req-b129fe9c-a0ba-47be-bfaa-6b5f41c90c31 None None] oslo_messaging_rabbit.ssl_cert_file = {{(pid=112516) log_opt_values /opt/stack/data/venv/lib/python3.12/site-packages/oslo_config/cfg.py:3253}}
Jun 17 20:20:49.359213 np0000181547 devstack@n-api-meta.service[112516]: DEBUG nova.api.openstack.wsgi_app [None req-b129fe9c-a0ba-47be-bfaa-6b5f41c90c31 None None] oslo_messaging_rabbit.ssl_enforce_fips_mode = False {{(pid=112516) log_opt_values /opt/stack/data/venv/lib/python3.12/site-packages/oslo_config/cfg.py:3253}}
Jun 17 20:20:49.359347 np0000181547 devstack@n-api-meta.service[112516]: DEBUG nova.api.openstack.wsgi_app [None req-b129fe9c-a0ba-47be-bfaa-6b5f41c90c31 None None] oslo_messaging_rabbit.ssl_enforce_hostname_verification = True {{(pid=112516) log_opt_values /opt/stack/data/venv/lib/python3.12/site-packages/oslo_config/cfg.py:3253}}
Jun 17 20:20:49.359481 np0000181547 devstack@n-api-meta.service[112516]: DEBUG nova.api.openstack.wsgi_app [None req-b129fe9c-a0ba-47be-bfaa-6b5f41c90c31 None None] oslo_messaging_rabbit.ssl_key_file = {{(pid=112516) log_opt_values /opt/stack/data/venv/lib/python3.12/site-packages/oslo_config/cfg.py:3253}}
Jun 17 20:20:49.359615 np0000181547 devstack@n-api-meta.service[112516]: DEBUG nova.api.openstack.wsgi_app [None req-b129fe9c-a0ba-47be-bfaa-6b5f41c90c31 None None] oslo_messaging_rabbit.ssl_version = {{(pid=112516) log_opt_values /opt/stack/data/venv/lib/python3.12/site-packages/oslo_config/cfg.py:3253}}
Jun 17 20:20:49.359743 np0000181547 devstack@n-api-meta.service[112516]: DEBUG nova.api.openstack.wsgi_app [None req-b129fe9c-a0ba-47be-bfaa-6b5f41c90c31 None None] oslo_messaging_rabbit.use_queue_manager = False {{(pid=112516) log_opt_values /opt/stack/data/venv/lib/python3.12/site-packages/oslo_config/cfg.py:3253}}
Jun 17 20:20:49.359890 np0000181547 devstack@n-api-meta.service[112516]: DEBUG nova.api.openstack.wsgi_app [None req-b129fe9c-a0ba-47be-bfaa-6b5f41c90c31 None None] oslo_messaging_notifications.driver = ['messagingv2'] {{(pid=112516) log_opt_values /opt/stack/data/venv/lib/python3.12/site-packages/oslo_config/cfg.py:3253}}
Jun 17 20:20:49.360022 np0000181547 devstack@n-api-meta.service[112516]: DEBUG nova.api.openstack.wsgi_app [None req-b129fe9c-a0ba-47be-bfaa-6b5f41c90c31 None None] oslo_messaging_notifications.retry = -1 {{(pid=112516) log_opt_values /opt/stack/data/venv/lib/python3.12/site-packages/oslo_config/cfg.py:3253}}
Jun 17 20:20:49.360168 np0000181547 devstack@n-api-meta.service[112516]: DEBUG nova.api.openstack.wsgi_app [None req-b129fe9c-a0ba-47be-bfaa-6b5f41c90c31 None None] oslo_messaging_notifications.topics = ['notifications'] {{(pid=112516) log_opt_values /opt/stack/data/venv/lib/python3.12/site-packages/oslo_config/cfg.py:3253}}
Jun 17 20:20:49.360319 np0000181547 devstack@n-api-meta.service[112516]: DEBUG nova.api.openstack.wsgi_app [None req-b129fe9c-a0ba-47be-bfaa-6b5f41c90c31 None None] oslo_messaging_notifications.transport_url = **** {{(pid=112516) log_opt_values /opt/stack/data/venv/lib/python3.12/site-packages/oslo_config/cfg.py:3253}}
Jun 17 20:20:49.360450 np0000181547 devstack@n-api-meta.service[112516]: DEBUG nova.api.openstack.wsgi_app [None req-b129fe9c-a0ba-47be-bfaa-6b5f41c90c31 None None] oslo_reports.file_event_handler = None {{(pid=112516) log_opt_values /opt/stack/data/venv/lib/python3.12/site-packages/oslo_config/cfg.py:3253}}
Jun 17 20:20:49.360579 np0000181547 devstack@n-api-meta.service[112516]: DEBUG nova.api.openstack.wsgi_app [None req-b129fe9c-a0ba-47be-bfaa-6b5f41c90c31 None None] oslo_reports.file_event_handler_interval = 1 {{(pid=112516) log_opt_values /opt/stack/data/venv/lib/python3.12/site-packages/oslo_config/cfg.py:3253}}
Jun 17 20:20:49.360705 np0000181547 devstack@n-api-meta.service[112516]: DEBUG nova.api.openstack.wsgi_app [None req-b129fe9c-a0ba-47be-bfaa-6b5f41c90c31 None None] oslo_reports.log_dir = None {{(pid=112516) log_opt_values /opt/stack/data/venv/lib/python3.12/site-packages/oslo_config/cfg.py:3253}}
Jun 17 20:20:49.360807 np0000181547 devstack@n-api-meta.service[112516]: DEBUG nova.api.openstack.wsgi_app [None req-b129fe9c-a0ba-47be-bfaa-6b5f41c90c31 None None] ******************************************************************************** {{(pid=112516) log_opt_values /opt/stack/data/venv/lib/python3.12/site-packages/oslo_config/cfg.py:3260}}
Jun 17 20:20:49.360987 np0000181547 devstack@n-api-meta.service[112516]: WSGI app 0 (mountpoint='') ready in 3 seconds on interpreter 0x742b8d4a3668 pid: 112516 (default app)
Jun 17 20:20:58.765844 np0000181547 devstack@n-api-meta.service[112515]: DEBUG dbcounter [-] [112515] Writing DB stats nova_api:SELECT=1 {{(pid=112515) stat_writer /opt/stack/data/venv/lib/python3.12/site-packages/dbcounter.py:115}}
Jun 17 20:20:58.776669 np0000181547 devstack@n-api-meta.service[112513]: DEBUG dbcounter [-] [112513] Writing DB stats nova_api:SELECT=1 {{(pid=112513) stat_writer /opt/stack/data/venv/lib/python3.12/site-packages/dbcounter.py:115}}
Jun 17 20:20:58.820606 np0000181547 devstack@n-api-meta.service[112514]: DEBUG dbcounter [-] [112514] Writing DB stats nova_api:SELECT=1 {{(pid=112514) stat_writer /opt/stack/data/venv/lib/python3.12/site-packages/dbcounter.py:115}}
Jun 17 20:20:58.940749 np0000181547 devstack@n-api-meta.service[112516]: DEBUG dbcounter [-] [112516] Writing DB stats nova_api:SELECT=1 {{(pid=112516) stat_writer /opt/stack/data/venv/lib/python3.12/site-packages/dbcounter.py:115}}
Jun 17 20:20:58.956852 np0000181547 devstack@n-api-meta.service[112513]: DEBUG dbcounter [-] [112513] Writing DB stats nova_cell0:SELECT=1 {{(pid=112513) stat_writer /opt/stack/data/venv/lib/python3.12/site-packages/dbcounter.py:115}}
Jun 17 20:20:58.959708 np0000181547 devstack@n-api-meta.service[112513]: DEBUG dbcounter [-] [112513] Writing DB stats nova_cell1:SELECT=1 {{(pid=112513) stat_writer /opt/stack/data/venv/lib/python3.12/site-packages/dbcounter.py:115}}
Jun 17 20:20:58.995840 np0000181547 devstack@n-api-meta.service[112515]: DEBUG dbcounter [-] [112515] Writing DB stats nova_cell0:SELECT=1 {{(pid=112515) stat_writer /opt/stack/data/venv/lib/python3.12/site-packages/dbcounter.py:115}}
Jun 17 20:20:58.996590 np0000181547 devstack@n-api-meta.service[112515]: DEBUG dbcounter [-] [112515] Writing DB stats nova_cell1:SELECT=1 {{(pid=112515) stat_writer /opt/stack/data/venv/lib/python3.12/site-packages/dbcounter.py:115}}
Jun 17 20:20:59.026134 np0000181547 devstack@n-api-meta.service[112514]: DEBUG dbcounter [-] [112514] Writing DB stats nova_cell1:SELECT=1 {{(pid=112514) stat_writer /opt/stack/data/venv/lib/python3.12/site-packages/dbcounter.py:115}}
Jun 17 20:20:59.039346 np0000181547 devstack@n-api-meta.service[112514]: DEBUG dbcounter [-] [112514] Writing DB stats nova_cell0:SELECT=1 {{(pid=112514) stat_writer /opt/stack/data/venv/lib/python3.12/site-packages/dbcounter.py:115}}
Jun 17 20:20:59.052987 np0000181547 devstack@n-api-meta.service[112513]: DEBUG dbcounter [-] [112513] Writing DB stats nova_cell0:SELECT=2,nova_cell0:INSERT=1 {{(pid=112513) stat_writer /opt/stack/data/venv/lib/python3.12/site-packages/dbcounter.py:115}}
Jun 17 20:20:59.066186 np0000181547 devstack@n-api-meta.service[112515]: DEBUG dbcounter [-] [112515] Writing DB stats nova_cell0:SELECT=2,nova_cell0:INSERT=1 {{(pid=112515) stat_writer /opt/stack/data/venv/lib/python3.12/site-packages/dbcounter.py:115}}
Jun 17 20:20:59.105557 np0000181547 devstack@n-api-meta.service[112514]: DEBUG dbcounter [-] [112514] Writing DB stats nova_cell0:SELECT=1 {{(pid=112514) stat_writer /opt/stack/data/venv/lib/python3.12/site-packages/dbcounter.py:115}}
Jun 17 20:20:59.143304 np0000181547 devstack@n-api-meta.service[112516]: DEBUG dbcounter [-] [112516] Writing DB stats nova_cell1:SELECT=1 {{(pid=112516) stat_writer /opt/stack/data/venv/lib/python3.12/site-packages/dbcounter.py:115}}
Jun 17 20:20:59.147888 np0000181547 devstack@n-api-meta.service[112516]: DEBUG dbcounter [-] [112516] Writing DB stats nova_cell0:SELECT=1 {{(pid=112516) stat_writer /opt/stack/data/venv/lib/python3.12/site-packages/dbcounter.py:115}}
Jun 17 20:20:59.205295 np0000181547 devstack@n-api-meta.service[112516]: DEBUG dbcounter [-] [112516] Writing DB stats nova_cell0:SELECT=1 {{(pid=112516) stat_writer /opt/stack/data/venv/lib/python3.12/site-packages/dbcounter.py:115}}
Jun 17 20:26:17.130005 np0000181547 devstack@n-api-meta.service[112515]: DEBUG nova.api.metadata.handler [None req-58eef3ca-e244-4e3d-a1e8-ced4ec0ef86b None None] Metadata request headers: {'Host': '199.19.213.104:8775', 'User-Agent': 'python-requests/2.34.2', 'Accept-Encoding': 'gzip, deflate', 'Accept': '*/*', 'Connection': 'keep-alive', 'X-Forwarded-For': '192.168.24.141', 'X-Instance-Id': '6a2f28bb-4f40-4064-9e19-0c1bfe7a91d6', 'X-Tenant-Id': '4e4dbd4c4ea14569a8e420e5f20c0222', 'X-Instance-Id-Signature': 'a11cef34c18fe8d5a509c41f7a9d10b8b1363f9049a2b811ddae388bf7b0dc41'} {{(pid=112515) __call__ /opt/stack/nova/nova/api/metadata/handler.py:109}}
Jun 17 20:26:17.145039 np0000181547 devstack@n-api-meta.service[112515]: DEBUG oslo_concurrency.lockutils [None req-e0737f3c-7eb5-4486-98e9-35cb57a97bf5 None None] Acquiring lock "0b4852cf-d078-4eed-8682-b9f9b604d810" by "nova.context.set_target_cell..get_or_set_cached_cell_and_set_connections" {{(pid=112515) inner /opt/stack/data/venv/lib/python3.12/site-packages/oslo_concurrency/lockutils.py:511}}
Jun 17 20:26:17.145039 np0000181547 devstack@n-api-meta.service[112515]: DEBUG oslo_concurrency.lockutils [None req-e0737f3c-7eb5-4486-98e9-35cb57a97bf5 None None] Lock "0b4852cf-d078-4eed-8682-b9f9b604d810" acquired by "nova.context.set_target_cell..get_or_set_cached_cell_and_set_connections" :: waited 0.000s {{(pid=112515) inner /opt/stack/data/venv/lib/python3.12/site-packages/oslo_concurrency/lockutils.py:524}}
Jun 17 20:26:17.145039 np0000181547 devstack@n-api-meta.service[112515]: DEBUG oslo_concurrency.lockutils [None req-e0737f3c-7eb5-4486-98e9-35cb57a97bf5 None None] Lock "0b4852cf-d078-4eed-8682-b9f9b604d810" "released" by "nova.context.set_target_cell..get_or_set_cached_cell_and_set_connections" :: held 0.000s {{(pid=112515) inner /opt/stack/data/venv/lib/python3.12/site-packages/oslo_concurrency/lockutils.py:543}}
Jun 17 20:26:17.207996 np0000181547 devstack@n-api-meta.service[112515]: WARNING neutronclient.v2_0.client [None req-e0737f3c-7eb5-4486-98e9-35cb57a97bf5 None None] The python binding code in neutronclient is deprecated in favor of OpenstackSDK, please use that as this will be removed in a future release.
Jun 17 20:26:17.624233 np0000181547 devstack@n-api-meta.service[112515]: [pid: 112515|app: 0|req: 1/1] 199.19.213.104 () {40 vars in 643 bytes} [Wed Jun 17 20:26:17 2026] GET /openstack => generated 116 bytes in 497 msecs (HTTP/1.1 200) 3 headers in 100 bytes (1 switches on core 0)
Jun 17 20:26:17.644936 np0000181547 devstack@n-api-meta.service[112513]: DEBUG nova.api.metadata.handler [None req-cf129553-5df0-479e-ac89-d1184aa31ab1 None None] Metadata request headers: {'Host': '199.19.213.104:8775', 'User-Agent': 'python-requests/2.34.2', 'Accept-Encoding': 'gzip, deflate', 'Accept': '*/*', 'Connection': 'keep-alive', 'X-Forwarded-For': '192.168.24.141', 'X-Instance-Id': '6a2f28bb-4f40-4064-9e19-0c1bfe7a91d6', 'X-Tenant-Id': '4e4dbd4c4ea14569a8e420e5f20c0222', 'X-Instance-Id-Signature': 'a11cef34c18fe8d5a509c41f7a9d10b8b1363f9049a2b811ddae388bf7b0dc41'} {{(pid=112513) __call__ /opt/stack/nova/nova/api/metadata/handler.py:109}}
Jun 17 20:26:17.648409 np0000181547 devstack@n-api-meta.service[112513]: DEBUG nova.api.metadata.handler [None req-cf129553-5df0-479e-ac89-d1184aa31ab1 None None] Using cached metadata for instance 6a2f28bb-4f40-4064-9e19-0c1bfe7a91d6 {{(pid=112513) get_metadata_by_instance_id /opt/stack/nova/nova/api/metadata/handler.py:84}}
Jun 17 20:26:17.648839 np0000181547 devstack@n-api-meta.service[112513]: [pid: 112513|app: 0|req: 1/2] 199.19.213.104 () {40 vars in 643 bytes} [Wed Jun 17 20:26:17 2026] GET /openstack => generated 116 bytes in 12 msecs (HTTP/1.1 200) 3 headers in 100 bytes (1 switches on core 0)
Jun 17 20:26:17.660529 np0000181547 devstack@n-api-meta.service[112514]: DEBUG nova.api.metadata.handler [None req-90758366-4513-4b8f-85f9-68df618ff818 None None] Metadata request headers: {'Host': '199.19.213.104:8775', 'User-Agent': 'python-requests/2.34.2', 'Accept-Encoding': 'gzip, deflate', 'Accept': '*/*', 'Connection': 'keep-alive', 'X-Forwarded-For': '192.168.24.141', 'X-Instance-Id': '6a2f28bb-4f40-4064-9e19-0c1bfe7a91d6', 'X-Tenant-Id': '4e4dbd4c4ea14569a8e420e5f20c0222', 'X-Instance-Id-Signature': 'a11cef34c18fe8d5a509c41f7a9d10b8b1363f9049a2b811ddae388bf7b0dc41'} {{(pid=112514) __call__ /opt/stack/nova/nova/api/metadata/handler.py:109}}
Jun 17 20:26:17.667807 np0000181547 devstack@n-api-meta.service[112514]: DEBUG nova.api.metadata.handler [None req-90758366-4513-4b8f-85f9-68df618ff818 None None] Using cached metadata for instance 6a2f28bb-4f40-4064-9e19-0c1bfe7a91d6 {{(pid=112514) get_metadata_by_instance_id /opt/stack/nova/nova/api/metadata/handler.py:84}}
Jun 17 20:26:17.668944 np0000181547 devstack@n-api-meta.service[112514]: [pid: 112514|app: 0|req: 1/3] 199.19.213.104 () {40 vars in 695 bytes} [Wed Jun 17 20:26:17 2026] GET /openstack/2018-08-27/meta_data.json => generated 946 bytes in 11 msecs (HTTP/1.1 200) 3 headers in 91 bytes (1 switches on core 0)
Jun 17 20:26:17.679859 np0000181547 devstack@n-api-meta.service[112516]: DEBUG nova.api.metadata.handler [None req-b129fe9c-a0ba-47be-bfaa-6b5f41c90c31 None None] Metadata request headers: {'Host': '199.19.213.104:8775', 'User-Agent': 'python-requests/2.34.2', 'Accept-Encoding': 'gzip, deflate', 'Accept': '*/*', 'Connection': 'keep-alive', 'X-Forwarded-For': '192.168.24.141', 'X-Instance-Id': '6a2f28bb-4f40-4064-9e19-0c1bfe7a91d6', 'X-Tenant-Id': '4e4dbd4c4ea14569a8e420e5f20c0222', 'X-Instance-Id-Signature': 'a11cef34c18fe8d5a509c41f7a9d10b8b1363f9049a2b811ddae388bf7b0dc41'} {{(pid=112516) __call__ /opt/stack/nova/nova/api/metadata/handler.py:109}}
Jun 17 20:26:17.683668 np0000181547 devstack@n-api-meta.service[112516]: DEBUG nova.api.metadata.handler [None req-b129fe9c-a0ba-47be-bfaa-6b5f41c90c31 None None] Using cached metadata for instance 6a2f28bb-4f40-4064-9e19-0c1bfe7a91d6 {{(pid=112516) get_metadata_by_instance_id /opt/stack/nova/nova/api/metadata/handler.py:84}}
Jun 17 20:26:17.684165 np0000181547 devstack@n-api-meta.service[112516]: [pid: 112516|app: 0|req: 1/4] 199.19.213.104 () {40 vars in 683 bytes} [Wed Jun 17 20:26:17 2026] GET /openstack/2018-08-27/user_data => generated 26378 bytes in 8 msecs (HTTP/1.1 200) 3 headers in 102 bytes (1 switches on core 0)
Jun 17 20:26:17.691546 np0000181547 devstack@n-api-meta.service[112515]: DEBUG nova.api.metadata.handler [None req-e0737f3c-7eb5-4486-98e9-35cb57a97bf5 None None] Metadata request headers: {'Host': '199.19.213.104:8775', 'User-Agent': 'python-requests/2.34.2', 'Accept-Encoding': 'gzip, deflate', 'Accept': '*/*', 'Connection': 'keep-alive', 'X-Forwarded-For': '192.168.24.141', 'X-Instance-Id': '6a2f28bb-4f40-4064-9e19-0c1bfe7a91d6', 'X-Tenant-Id': '4e4dbd4c4ea14569a8e420e5f20c0222', 'X-Instance-Id-Signature': 'a11cef34c18fe8d5a509c41f7a9d10b8b1363f9049a2b811ddae388bf7b0dc41'} {{(pid=112515) __call__ /opt/stack/nova/nova/api/metadata/handler.py:109}}
Jun 17 20:26:17.693728 np0000181547 devstack@n-api-meta.service[112515]: DEBUG nova.api.metadata.handler [None req-e0737f3c-7eb5-4486-98e9-35cb57a97bf5 None None] Using cached metadata for instance 6a2f28bb-4f40-4064-9e19-0c1bfe7a91d6 {{(pid=112515) get_metadata_by_instance_id /opt/stack/nova/nova/api/metadata/handler.py:84}}
Jun 17 20:26:17.694294 np0000181547 devstack@n-api-meta.service[112515]: [pid: 112515|app: 0|req: 2/5] 199.19.213.104 () {40 vars in 698 bytes} [Wed Jun 17 20:26:17 2026] GET /openstack/2018-08-27/vendor_data.json => generated 2 bytes in 3 msecs (HTTP/1.1 200) 3 headers in 89 bytes (1 switches on core 0)
Jun 17 20:26:17.702033 np0000181547 devstack@n-api-meta.service[112513]: DEBUG nova.api.metadata.handler [None req-cf129553-5df0-479e-ac89-d1184aa31ab1 None None] Metadata request headers: {'Host': '199.19.213.104:8775', 'User-Agent': 'python-requests/2.34.2', 'Accept-Encoding': 'gzip, deflate', 'Accept': '*/*', 'Connection': 'keep-alive', 'X-Forwarded-For': '192.168.24.141', 'X-Instance-Id': '6a2f28bb-4f40-4064-9e19-0c1bfe7a91d6', 'X-Tenant-Id': '4e4dbd4c4ea14569a8e420e5f20c0222', 'X-Instance-Id-Signature': 'a11cef34c18fe8d5a509c41f7a9d10b8b1363f9049a2b811ddae388bf7b0dc41'} {{(pid=112513) __call__ /opt/stack/nova/nova/api/metadata/handler.py:109}}
Jun 17 20:26:17.704013 np0000181547 devstack@n-api-meta.service[112513]: DEBUG nova.api.metadata.handler [None req-cf129553-5df0-479e-ac89-d1184aa31ab1 None None] Using cached metadata for instance 6a2f28bb-4f40-4064-9e19-0c1bfe7a91d6 {{(pid=112513) get_metadata_by_instance_id /opt/stack/nova/nova/api/metadata/handler.py:84}}
Jun 17 20:26:17.704613 np0000181547 devstack@n-api-meta.service[112513]: [pid: 112513|app: 0|req: 2/6] 199.19.213.104 () {40 vars in 700 bytes} [Wed Jun 17 20:26:17 2026] GET /openstack/2018-08-27/vendor_data2.json => generated 14 bytes in 3 msecs (HTTP/1.1 200) 3 headers in 90 bytes (1 switches on core 0)
Jun 17 20:26:17.766773 np0000181547 devstack@n-api-meta.service[112514]: DEBUG nova.api.metadata.handler [None req-90758366-4513-4b8f-85f9-68df618ff818 None None] Metadata request headers: {'Host': '199.19.213.104:8775', 'User-Agent': 'python-requests/2.34.2', 'Accept-Encoding': 'gzip, deflate', 'Accept': '*/*', 'Connection': 'keep-alive', 'X-Forwarded-For': '192.168.24.141', 'X-Instance-Id': '6a2f28bb-4f40-4064-9e19-0c1bfe7a91d6', 'X-Tenant-Id': '4e4dbd4c4ea14569a8e420e5f20c0222', 'X-Instance-Id-Signature': 'a11cef34c18fe8d5a509c41f7a9d10b8b1363f9049a2b811ddae388bf7b0dc41'} {{(pid=112514) __call__ /opt/stack/nova/nova/api/metadata/handler.py:109}}
Jun 17 20:26:17.770202 np0000181547 devstack@n-api-meta.service[112514]: DEBUG nova.api.metadata.handler [None req-90758366-4513-4b8f-85f9-68df618ff818 None None] Using cached metadata for instance 6a2f28bb-4f40-4064-9e19-0c1bfe7a91d6 {{(pid=112514) get_metadata_by_instance_id /opt/stack/nova/nova/api/metadata/handler.py:84}}
Jun 17 20:26:17.770704 np0000181547 devstack@n-api-meta.service[112514]: [pid: 112514|app: 0|req: 2/7] 199.19.213.104 () {40 vars in 700 bytes} [Wed Jun 17 20:26:17 2026] GET /openstack/2018-08-27/network_data.json => generated 348 bytes in 5 msecs (HTTP/1.1 200) 3 headers in 100 bytes (1 switches on core 0)
Jun 17 20:26:17.781758 np0000181547 devstack@n-api-meta.service[112516]: DEBUG nova.api.metadata.handler [None req-b129fe9c-a0ba-47be-bfaa-6b5f41c90c31 None None] Metadata request headers: {'Host': '199.19.213.104:8775', 'User-Agent': 'python-requests/2.34.2', 'Accept-Encoding': 'gzip, deflate', 'Accept': '*/*', 'Connection': 'keep-alive', 'X-Forwarded-For': '192.168.24.141', 'X-Instance-Id': '6a2f28bb-4f40-4064-9e19-0c1bfe7a91d6', 'X-Tenant-Id': '4e4dbd4c4ea14569a8e420e5f20c0222', 'X-Instance-Id-Signature': 'a11cef34c18fe8d5a509c41f7a9d10b8b1363f9049a2b811ddae388bf7b0dc41'} {{(pid=112516) __call__ /opt/stack/nova/nova/api/metadata/handler.py:109}}
Jun 17 20:26:17.784409 np0000181547 devstack@n-api-meta.service[112516]: DEBUG nova.api.metadata.handler [None req-b129fe9c-a0ba-47be-bfaa-6b5f41c90c31 None None] Using cached metadata for instance 6a2f28bb-4f40-4064-9e19-0c1bfe7a91d6 {{(pid=112516) get_metadata_by_instance_id /opt/stack/nova/nova/api/metadata/handler.py:84}}
Jun 17 20:26:17.784958 np0000181547 devstack@n-api-meta.service[112516]: [pid: 112516|app: 0|req: 2/8] 199.19.213.104 () {40 vars in 659 bytes} [Wed Jun 17 20:26:17 2026] GET /latest/meta-data/ => generated 210 bytes in 4 msecs (HTTP/1.1 200) 3 headers in 100 bytes (1 switches on core 0)
Jun 17 20:26:17.793095 np0000181547 devstack@n-api-meta.service[112515]: DEBUG nova.api.metadata.handler [None req-e0737f3c-7eb5-4486-98e9-35cb57a97bf5 None None] Metadata request headers: {'Host': '199.19.213.104:8775', 'User-Agent': 'python-requests/2.34.2', 'Accept-Encoding': 'gzip, deflate', 'Accept': '*/*', 'Connection': 'keep-alive', 'X-Forwarded-For': '192.168.24.141', 'X-Instance-Id': '6a2f28bb-4f40-4064-9e19-0c1bfe7a91d6', 'X-Tenant-Id': '4e4dbd4c4ea14569a8e420e5f20c0222', 'X-Instance-Id-Signature': 'a11cef34c18fe8d5a509c41f7a9d10b8b1363f9049a2b811ddae388bf7b0dc41'} {{(pid=112515) __call__ /opt/stack/nova/nova/api/metadata/handler.py:109}}
Jun 17 20:26:17.796021 np0000181547 devstack@n-api-meta.service[112515]: DEBUG nova.api.metadata.handler [None req-e0737f3c-7eb5-4486-98e9-35cb57a97bf5 None None] Using cached metadata for instance 6a2f28bb-4f40-4064-9e19-0c1bfe7a91d6 {{(pid=112515) get_metadata_by_instance_id /opt/stack/nova/nova/api/metadata/handler.py:84}}
Jun 17 20:26:17.796821 np0000181547 devstack@n-api-meta.service[112515]: [pid: 112515|app: 0|req: 3/9] 199.19.213.104 () {40 vars in 701 bytes} [Wed Jun 17 20:26:17 2026] GET /latest/meta-data/block-device-mapping/ => generated 8 bytes in 4 msecs (HTTP/1.1 200) 3 headers in 98 bytes (1 switches on core 0)
Jun 17 20:26:17.804368 np0000181547 devstack@n-api-meta.service[112513]: DEBUG nova.api.metadata.handler [None req-cf129553-5df0-479e-ac89-d1184aa31ab1 None None] Metadata request headers: {'Host': '199.19.213.104:8775', 'User-Agent': 'python-requests/2.34.2', 'Accept-Encoding': 'gzip, deflate', 'Accept': '*/*', 'Connection': 'keep-alive', 'X-Forwarded-For': '192.168.24.141', 'X-Instance-Id': '6a2f28bb-4f40-4064-9e19-0c1bfe7a91d6', 'X-Tenant-Id': '4e4dbd4c4ea14569a8e420e5f20c0222', 'X-Instance-Id-Signature': 'a11cef34c18fe8d5a509c41f7a9d10b8b1363f9049a2b811ddae388bf7b0dc41'} {{(pid=112513) __call__ /opt/stack/nova/nova/api/metadata/handler.py:109}}
Jun 17 20:26:17.807576 np0000181547 devstack@n-api-meta.service[112513]: DEBUG nova.api.metadata.handler [None req-cf129553-5df0-479e-ac89-d1184aa31ab1 None None] Using cached metadata for instance 6a2f28bb-4f40-4064-9e19-0c1bfe7a91d6 {{(pid=112513) get_metadata_by_instance_id /opt/stack/nova/nova/api/metadata/handler.py:84}}
Jun 17 20:26:17.808720 np0000181547 devstack@n-api-meta.service[112513]: [pid: 112513|app: 0|req: 3/10] 199.19.213.104 () {40 vars in 707 bytes} [Wed Jun 17 20:26:17 2026] GET /latest/meta-data/block-device-mapping/ami => generated 3 bytes in 5 msecs (HTTP/1.1 200) 3 headers in 98 bytes (1 switches on core 0)
Jun 17 20:26:17.817822 np0000181547 devstack@n-api-meta.service[112514]: DEBUG nova.api.metadata.handler [None req-90758366-4513-4b8f-85f9-68df618ff818 None None] Metadata request headers: {'Host': '199.19.213.104:8775', 'User-Agent': 'python-requests/2.34.2', 'Accept-Encoding': 'gzip, deflate', 'Accept': '*/*', 'Connection': 'keep-alive', 'X-Forwarded-For': '192.168.24.141', 'X-Instance-Id': '6a2f28bb-4f40-4064-9e19-0c1bfe7a91d6', 'X-Tenant-Id': '4e4dbd4c4ea14569a8e420e5f20c0222', 'X-Instance-Id-Signature': 'a11cef34c18fe8d5a509c41f7a9d10b8b1363f9049a2b811ddae388bf7b0dc41'} {{(pid=112514) __call__ /opt/stack/nova/nova/api/metadata/handler.py:109}}
Jun 17 20:26:17.820937 np0000181547 devstack@n-api-meta.service[112514]: DEBUG nova.api.metadata.handler [None req-90758366-4513-4b8f-85f9-68df618ff818 None None] Using cached metadata for instance 6a2f28bb-4f40-4064-9e19-0c1bfe7a91d6 {{(pid=112514) get_metadata_by_instance_id /opt/stack/nova/nova/api/metadata/handler.py:84}}
Jun 17 20:26:17.821668 np0000181547 devstack@n-api-meta.service[112514]: [pid: 112514|app: 0|req: 3/11] 199.19.213.104 () {40 vars in 709 bytes} [Wed Jun 17 20:26:17 2026] GET /latest/meta-data/block-device-mapping/root => generated 8 bytes in 5 msecs (HTTP/1.1 200) 3 headers in 98 bytes (1 switches on core 0)
Jun 17 20:26:17.831019 np0000181547 devstack@n-api-meta.service[112516]: DEBUG nova.api.metadata.handler [None req-b129fe9c-a0ba-47be-bfaa-6b5f41c90c31 None None] Metadata request headers: {'Host': '199.19.213.104:8775', 'User-Agent': 'python-requests/2.34.2', 'Accept-Encoding': 'gzip, deflate', 'Accept': '*/*', 'Connection': 'keep-alive', 'X-Forwarded-For': '192.168.24.141', 'X-Instance-Id': '6a2f28bb-4f40-4064-9e19-0c1bfe7a91d6', 'X-Tenant-Id': '4e4dbd4c4ea14569a8e420e5f20c0222', 'X-Instance-Id-Signature': 'a11cef34c18fe8d5a509c41f7a9d10b8b1363f9049a2b811ddae388bf7b0dc41'} {{(pid=112516) __call__ /opt/stack/nova/nova/api/metadata/handler.py:109}}
Jun 17 20:26:17.832925 np0000181547 devstack@n-api-meta.service[112516]: DEBUG nova.api.metadata.handler [None req-b129fe9c-a0ba-47be-bfaa-6b5f41c90c31 None None] Using cached metadata for instance 6a2f28bb-4f40-4064-9e19-0c1bfe7a91d6 {{(pid=112516) get_metadata_by_instance_id /opt/stack/nova/nova/api/metadata/handler.py:84}}
Jun 17 20:26:17.833425 np0000181547 devstack@n-api-meta.service[112516]: [pid: 112516|app: 0|req: 3/12] 199.19.213.104 () {40 vars in 679 bytes} [Wed Jun 17 20:26:17 2026] GET /latest/meta-data/placement/ => generated 17 bytes in 3 msecs (HTTP/1.1 200) 3 headers in 99 bytes (1 switches on core 0)
Jun 17 20:26:17.839812 np0000181547 devstack@n-api-meta.service[112515]: DEBUG nova.api.metadata.handler [None req-e0737f3c-7eb5-4486-98e9-35cb57a97bf5 None None] Metadata request headers: {'Host': '199.19.213.104:8775', 'User-Agent': 'python-requests/2.34.2', 'Accept-Encoding': 'gzip, deflate', 'Accept': '*/*', 'Connection': 'keep-alive', 'X-Forwarded-For': '192.168.24.141', 'X-Instance-Id': '6a2f28bb-4f40-4064-9e19-0c1bfe7a91d6', 'X-Tenant-Id': '4e4dbd4c4ea14569a8e420e5f20c0222', 'X-Instance-Id-Signature': 'a11cef34c18fe8d5a509c41f7a9d10b8b1363f9049a2b811ddae388bf7b0dc41'} {{(pid=112515) __call__ /opt/stack/nova/nova/api/metadata/handler.py:109}}
Jun 17 20:26:17.841525 np0000181547 devstack@n-api-meta.service[112515]: DEBUG nova.api.metadata.handler [None req-e0737f3c-7eb5-4486-98e9-35cb57a97bf5 None None] Using cached metadata for instance 6a2f28bb-4f40-4064-9e19-0c1bfe7a91d6 {{(pid=112515) get_metadata_by_instance_id /opt/stack/nova/nova/api/metadata/handler.py:84}}
Jun 17 20:26:17.842372 np0000181547 devstack@n-api-meta.service[112515]: [pid: 112515|app: 0|req: 4/13] 199.19.213.104 () {40 vars in 713 bytes} [Wed Jun 17 20:26:17 2026] GET /latest/meta-data/placement/availability-zone => generated 4 bytes in 3 msecs (HTTP/1.1 200) 3 headers in 98 bytes (1 switches on core 0)
Jun 17 20:26:17.851654 np0000181547 devstack@n-api-meta.service[112513]: DEBUG nova.api.metadata.handler [None req-cf129553-5df0-479e-ac89-d1184aa31ab1 None None] Metadata request headers: {'Host': '199.19.213.104:8775', 'User-Agent': 'python-requests/2.34.2', 'Accept-Encoding': 'gzip, deflate', 'Accept': '*/*', 'Connection': 'keep-alive', 'X-Forwarded-For': '192.168.24.141', 'X-Instance-Id': '6a2f28bb-4f40-4064-9e19-0c1bfe7a91d6', 'X-Tenant-Id': '4e4dbd4c4ea14569a8e420e5f20c0222', 'X-Instance-Id-Signature': 'a11cef34c18fe8d5a509c41f7a9d10b8b1363f9049a2b811ddae388bf7b0dc41'} {{(pid=112513) __call__ /opt/stack/nova/nova/api/metadata/handler.py:109}}
Jun 17 20:26:17.854899 np0000181547 devstack@n-api-meta.service[112513]: DEBUG nova.api.metadata.handler [None req-cf129553-5df0-479e-ac89-d1184aa31ab1 None None] Using cached metadata for instance 6a2f28bb-4f40-4064-9e19-0c1bfe7a91d6 {{(pid=112513) get_metadata_by_instance_id /opt/stack/nova/nova/api/metadata/handler.py:84}}
Jun 17 20:26:17.855602 np0000181547 devstack@n-api-meta.service[112513]: [pid: 112513|app: 0|req: 4/14] 199.19.213.104 () {40 vars in 671 bytes} [Wed Jun 17 20:26:17 2026] GET /latest/meta-data/ami-id => generated 12 bytes in 5 msecs (HTTP/1.1 200) 3 headers in 99 bytes (1 switches on core 0)
Jun 17 20:26:17.863432 np0000181547 devstack@n-api-meta.service[112514]: DEBUG nova.api.metadata.handler [None req-90758366-4513-4b8f-85f9-68df618ff818 None None] Metadata request headers: {'Host': '199.19.213.104:8775', 'User-Agent': 'python-requests/2.34.2', 'Accept-Encoding': 'gzip, deflate', 'Accept': '*/*', 'Connection': 'keep-alive', 'X-Forwarded-For': '192.168.24.141', 'X-Instance-Id': '6a2f28bb-4f40-4064-9e19-0c1bfe7a91d6', 'X-Tenant-Id': '4e4dbd4c4ea14569a8e420e5f20c0222', 'X-Instance-Id-Signature': 'a11cef34c18fe8d5a509c41f7a9d10b8b1363f9049a2b811ddae388bf7b0dc41'} {{(pid=112514) __call__ /opt/stack/nova/nova/api/metadata/handler.py:109}}
Jun 17 20:26:17.866413 np0000181547 devstack@n-api-meta.service[112514]: DEBUG nova.api.metadata.handler [None req-90758366-4513-4b8f-85f9-68df618ff818 None None] Using cached metadata for instance 6a2f28bb-4f40-4064-9e19-0c1bfe7a91d6 {{(pid=112514) get_metadata_by_instance_id /opt/stack/nova/nova/api/metadata/handler.py:84}}
Jun 17 20:26:17.867126 np0000181547 devstack@n-api-meta.service[112514]: [pid: 112514|app: 0|req: 4/15] 199.19.213.104 () {40 vars in 691 bytes} [Wed Jun 17 20:26:17 2026] GET /latest/meta-data/ami-launch-index => generated 1 bytes in 5 msecs (HTTP/1.1 200) 3 headers in 98 bytes (1 switches on core 0)
Jun 17 20:26:17.875377 np0000181547 devstack@n-api-meta.service[112516]: DEBUG nova.api.metadata.handler [None req-b129fe9c-a0ba-47be-bfaa-6b5f41c90c31 None None] Metadata request headers: {'Host': '199.19.213.104:8775', 'User-Agent': 'python-requests/2.34.2', 'Accept-Encoding': 'gzip, deflate', 'Accept': '*/*', 'Connection': 'keep-alive', 'X-Forwarded-For': '192.168.24.141', 'X-Instance-Id': '6a2f28bb-4f40-4064-9e19-0c1bfe7a91d6', 'X-Tenant-Id': '4e4dbd4c4ea14569a8e420e5f20c0222', 'X-Instance-Id-Signature': 'a11cef34c18fe8d5a509c41f7a9d10b8b1363f9049a2b811ddae388bf7b0dc41'} {{(pid=112516) __call__ /opt/stack/nova/nova/api/metadata/handler.py:109}}
Jun 17 20:26:17.877959 np0000181547 devstack@n-api-meta.service[112516]: DEBUG nova.api.metadata.handler [None req-b129fe9c-a0ba-47be-bfaa-6b5f41c90c31 None None] Using cached metadata for instance 6a2f28bb-4f40-4064-9e19-0c1bfe7a91d6 {{(pid=112516) get_metadata_by_instance_id /opt/stack/nova/nova/api/metadata/handler.py:84}}
Jun 17 20:26:17.879463 np0000181547 devstack@n-api-meta.service[112516]: [pid: 112516|app: 0|req: 4/16] 199.19.213.104 () {40 vars in 693 bytes} [Wed Jun 17 20:26:17 2026] GET /latest/meta-data/ami-manifest-path => generated 5 bytes in 4 msecs (HTTP/1.1 200) 3 headers in 98 bytes (1 switches on core 0)
Jun 17 20:26:17.886350 np0000181547 devstack@n-api-meta.service[112515]: DEBUG nova.api.metadata.handler [None req-e0737f3c-7eb5-4486-98e9-35cb57a97bf5 None None] Metadata request headers: {'Host': '199.19.213.104:8775', 'User-Agent': 'python-requests/2.34.2', 'Accept-Encoding': 'gzip, deflate', 'Accept': '*/*', 'Connection': 'keep-alive', 'X-Forwarded-For': '192.168.24.141', 'X-Instance-Id': '6a2f28bb-4f40-4064-9e19-0c1bfe7a91d6', 'X-Tenant-Id': '4e4dbd4c4ea14569a8e420e5f20c0222', 'X-Instance-Id-Signature': 'a11cef34c18fe8d5a509c41f7a9d10b8b1363f9049a2b811ddae388bf7b0dc41'} {{(pid=112515) __call__ /opt/stack/nova/nova/api/metadata/handler.py:109}}
Jun 17 20:26:17.888771 np0000181547 devstack@n-api-meta.service[112515]: DEBUG nova.api.metadata.handler [None req-e0737f3c-7eb5-4486-98e9-35cb57a97bf5 None None] Using cached metadata for instance 6a2f28bb-4f40-4064-9e19-0c1bfe7a91d6 {{(pid=112515) get_metadata_by_instance_id /opt/stack/nova/nova/api/metadata/handler.py:84}}
Jun 17 20:26:17.889417 np0000181547 devstack@n-api-meta.service[112515]: [pid: 112515|app: 0|req: 5/17] 199.19.213.104 () {40 vars in 675 bytes} [Wed Jun 17 20:26:17 2026] GET /latest/meta-data/hostname => generated 32 bytes in 4 msecs (HTTP/1.1 200) 3 headers in 99 bytes (1 switches on core 0)
Jun 17 20:26:17.898123 np0000181547 devstack@n-api-meta.service[112513]: DEBUG nova.api.metadata.handler [None req-cf129553-5df0-479e-ac89-d1184aa31ab1 None None] Metadata request headers: {'Host': '199.19.213.104:8775', 'User-Agent': 'python-requests/2.34.2', 'Accept-Encoding': 'gzip, deflate', 'Accept': '*/*', 'Connection': 'keep-alive', 'X-Forwarded-For': '192.168.24.141', 'X-Instance-Id': '6a2f28bb-4f40-4064-9e19-0c1bfe7a91d6', 'X-Tenant-Id': '4e4dbd4c4ea14569a8e420e5f20c0222', 'X-Instance-Id-Signature': 'a11cef34c18fe8d5a509c41f7a9d10b8b1363f9049a2b811ddae388bf7b0dc41'} {{(pid=112513) __call__ /opt/stack/nova/nova/api/metadata/handler.py:109}}
Jun 17 20:26:17.901555 np0000181547 devstack@n-api-meta.service[112513]: DEBUG nova.api.metadata.handler [None req-cf129553-5df0-479e-ac89-d1184aa31ab1 None None] Using cached metadata for instance 6a2f28bb-4f40-4064-9e19-0c1bfe7a91d6 {{(pid=112513) get_metadata_by_instance_id /opt/stack/nova/nova/api/metadata/handler.py:84}}
Jun 17 20:26:17.902358 np0000181547 devstack@n-api-meta.service[112513]: [pid: 112513|app: 0|req: 5/18] 199.19.213.104 () {40 vars in 689 bytes} [Wed Jun 17 20:26:17 2026] GET /latest/meta-data/instance-action => generated 4 bytes in 5 msecs (HTTP/1.1 200) 3 headers in 98 bytes (1 switches on core 0)
Jun 17 20:26:17.909917 np0000181547 devstack@n-api-meta.service[112514]: DEBUG nova.api.metadata.handler [None req-90758366-4513-4b8f-85f9-68df618ff818 None None] Metadata request headers: {'Host': '199.19.213.104:8775', 'User-Agent': 'python-requests/2.34.2', 'Accept-Encoding': 'gzip, deflate', 'Accept': '*/*', 'Connection': 'keep-alive', 'X-Forwarded-For': '192.168.24.141', 'X-Instance-Id': '6a2f28bb-4f40-4064-9e19-0c1bfe7a91d6', 'X-Tenant-Id': '4e4dbd4c4ea14569a8e420e5f20c0222', 'X-Instance-Id-Signature': 'a11cef34c18fe8d5a509c41f7a9d10b8b1363f9049a2b811ddae388bf7b0dc41'} {{(pid=112514) __call__ /opt/stack/nova/nova/api/metadata/handler.py:109}}
Jun 17 20:26:17.912428 np0000181547 devstack@n-api-meta.service[112514]: DEBUG nova.api.metadata.handler [None req-90758366-4513-4b8f-85f9-68df618ff818 None None] Using cached metadata for instance 6a2f28bb-4f40-4064-9e19-0c1bfe7a91d6 {{(pid=112514) get_metadata_by_instance_id /opt/stack/nova/nova/api/metadata/handler.py:84}}
Jun 17 20:26:17.913019 np0000181547 devstack@n-api-meta.service[112514]: [pid: 112514|app: 0|req: 5/19] 199.19.213.104 () {40 vars in 681 bytes} [Wed Jun 17 20:26:17 2026] GET /latest/meta-data/instance-id => generated 10 bytes in 4 msecs (HTTP/1.1 200) 3 headers in 99 bytes (1 switches on core 0)
Jun 17 20:26:17.920881 np0000181547 devstack@n-api-meta.service[112516]: DEBUG nova.api.metadata.handler [None req-b129fe9c-a0ba-47be-bfaa-6b5f41c90c31 None None] Metadata request headers: {'Host': '199.19.213.104:8775', 'User-Agent': 'python-requests/2.34.2', 'Accept-Encoding': 'gzip, deflate', 'Accept': '*/*', 'Connection': 'keep-alive', 'X-Forwarded-For': '192.168.24.141', 'X-Instance-Id': '6a2f28bb-4f40-4064-9e19-0c1bfe7a91d6', 'X-Tenant-Id': '4e4dbd4c4ea14569a8e420e5f20c0222', 'X-Instance-Id-Signature': 'a11cef34c18fe8d5a509c41f7a9d10b8b1363f9049a2b811ddae388bf7b0dc41'} {{(pid=112516) __call__ /opt/stack/nova/nova/api/metadata/handler.py:109}}
Jun 17 20:26:17.923806 np0000181547 devstack@n-api-meta.service[112516]: DEBUG nova.api.metadata.handler [None req-b129fe9c-a0ba-47be-bfaa-6b5f41c90c31 None None] Using cached metadata for instance 6a2f28bb-4f40-4064-9e19-0c1bfe7a91d6 {{(pid=112516) get_metadata_by_instance_id /opt/stack/nova/nova/api/metadata/handler.py:84}}
Jun 17 20:26:17.924556 np0000181547 devstack@n-api-meta.service[112516]: [pid: 112516|app: 0|req: 5/20] 199.19.213.104 () {40 vars in 685 bytes} [Wed Jun 17 20:26:17 2026] GET /latest/meta-data/instance-type => generated 8 bytes in 4 msecs (HTTP/1.1 200) 3 headers in 98 bytes (1 switches on core 0)
Jun 17 20:26:17.934451 np0000181547 devstack@n-api-meta.service[112515]: DEBUG nova.api.metadata.handler [None req-e0737f3c-7eb5-4486-98e9-35cb57a97bf5 None None] Metadata request headers: {'Host': '199.19.213.104:8775', 'User-Agent': 'python-requests/2.34.2', 'Accept-Encoding': 'gzip, deflate', 'Accept': '*/*', 'Connection': 'keep-alive', 'X-Forwarded-For': '192.168.24.141', 'X-Instance-Id': '6a2f28bb-4f40-4064-9e19-0c1bfe7a91d6', 'X-Tenant-Id': '4e4dbd4c4ea14569a8e420e5f20c0222', 'X-Instance-Id-Signature': 'a11cef34c18fe8d5a509c41f7a9d10b8b1363f9049a2b811ddae388bf7b0dc41'} {{(pid=112515) __call__ /opt/stack/nova/nova/api/metadata/handler.py:109}}
Jun 17 20:26:17.937279 np0000181547 devstack@n-api-meta.service[112515]: DEBUG nova.api.metadata.handler [None req-e0737f3c-7eb5-4486-98e9-35cb57a97bf5 None None] Using cached metadata for instance 6a2f28bb-4f40-4064-9e19-0c1bfe7a91d6 {{(pid=112515) get_metadata_by_instance_id /opt/stack/nova/nova/api/metadata/handler.py:84}}
Jun 17 20:26:17.937896 np0000181547 devstack@n-api-meta.service[112515]: [pid: 112515|app: 0|req: 6/21] 199.19.213.104 () {40 vars in 687 bytes} [Wed Jun 17 20:26:17 2026] GET /latest/meta-data/local-hostname => generated 32 bytes in 4 msecs (HTTP/1.1 200) 3 headers in 99 bytes (1 switches on core 0)
Jun 17 20:26:17.946883 np0000181547 devstack@n-api-meta.service[112513]: DEBUG nova.api.metadata.handler [None req-cf129553-5df0-479e-ac89-d1184aa31ab1 None None] Metadata request headers: {'Host': '199.19.213.104:8775', 'User-Agent': 'python-requests/2.34.2', 'Accept-Encoding': 'gzip, deflate', 'Accept': '*/*', 'Connection': 'keep-alive', 'X-Forwarded-For': '192.168.24.141', 'X-Instance-Id': '6a2f28bb-4f40-4064-9e19-0c1bfe7a91d6', 'X-Tenant-Id': '4e4dbd4c4ea14569a8e420e5f20c0222', 'X-Instance-Id-Signature': 'a11cef34c18fe8d5a509c41f7a9d10b8b1363f9049a2b811ddae388bf7b0dc41'} {{(pid=112513) __call__ /opt/stack/nova/nova/api/metadata/handler.py:109}}
Jun 17 20:26:17.948907 np0000181547 devstack@n-api-meta.service[112513]: DEBUG nova.api.metadata.handler [None req-cf129553-5df0-479e-ac89-d1184aa31ab1 None None] Using cached metadata for instance 6a2f28bb-4f40-4064-9e19-0c1bfe7a91d6 {{(pid=112513) get_metadata_by_instance_id /opt/stack/nova/nova/api/metadata/handler.py:84}}
Jun 17 20:26:17.949420 np0000181547 devstack@n-api-meta.service[112513]: [pid: 112513|app: 0|req: 6/22] 199.19.213.104 () {40 vars in 679 bytes} [Wed Jun 17 20:26:17 2026] GET /latest/meta-data/local-ipv4 => generated 14 bytes in 3 msecs (HTTP/1.1 200) 3 headers in 99 bytes (1 switches on core 0)
Jun 17 20:26:17.957514 np0000181547 devstack@n-api-meta.service[112514]: DEBUG nova.api.metadata.handler [None req-90758366-4513-4b8f-85f9-68df618ff818 None None] Metadata request headers: {'Host': '199.19.213.104:8775', 'User-Agent': 'python-requests/2.34.2', 'Accept-Encoding': 'gzip, deflate', 'Accept': '*/*', 'Connection': 'keep-alive', 'X-Forwarded-For': '192.168.24.141', 'X-Instance-Id': '6a2f28bb-4f40-4064-9e19-0c1bfe7a91d6', 'X-Tenant-Id': '4e4dbd4c4ea14569a8e420e5f20c0222', 'X-Instance-Id-Signature': 'a11cef34c18fe8d5a509c41f7a9d10b8b1363f9049a2b811ddae388bf7b0dc41'} {{(pid=112514) __call__ /opt/stack/nova/nova/api/metadata/handler.py:109}}
Jun 17 20:26:17.960278 np0000181547 devstack@n-api-meta.service[112514]: DEBUG nova.api.metadata.handler [None req-90758366-4513-4b8f-85f9-68df618ff818 None None] Using cached metadata for instance 6a2f28bb-4f40-4064-9e19-0c1bfe7a91d6 {{(pid=112514) get_metadata_by_instance_id /opt/stack/nova/nova/api/metadata/handler.py:84}}
Jun 17 20:26:17.960921 np0000181547 devstack@n-api-meta.service[112514]: [pid: 112514|app: 0|req: 6/23] 199.19.213.104 () {40 vars in 689 bytes} [Wed Jun 17 20:26:17 2026] GET /latest/meta-data/public-hostname => generated 32 bytes in 4 msecs (HTTP/1.1 200) 3 headers in 99 bytes (1 switches on core 0)
Jun 17 20:26:17.969536 np0000181547 devstack@n-api-meta.service[112516]: DEBUG nova.api.metadata.handler [None req-b129fe9c-a0ba-47be-bfaa-6b5f41c90c31 None None] Metadata request headers: {'Host': '199.19.213.104:8775', 'User-Agent': 'python-requests/2.34.2', 'Accept-Encoding': 'gzip, deflate', 'Accept': '*/*', 'Connection': 'keep-alive', 'X-Forwarded-For': '192.168.24.141', 'X-Instance-Id': '6a2f28bb-4f40-4064-9e19-0c1bfe7a91d6', 'X-Tenant-Id': '4e4dbd4c4ea14569a8e420e5f20c0222', 'X-Instance-Id-Signature': 'a11cef34c18fe8d5a509c41f7a9d10b8b1363f9049a2b811ddae388bf7b0dc41'} {{(pid=112516) __call__ /opt/stack/nova/nova/api/metadata/handler.py:109}}
Jun 17 20:26:17.971426 np0000181547 devstack@n-api-meta.service[112516]: DEBUG nova.api.metadata.handler [None req-b129fe9c-a0ba-47be-bfaa-6b5f41c90c31 None None] Using cached metadata for instance 6a2f28bb-4f40-4064-9e19-0c1bfe7a91d6 {{(pid=112516) get_metadata_by_instance_id /opt/stack/nova/nova/api/metadata/handler.py:84}}
Jun 17 20:26:17.971856 np0000181547 devstack@n-api-meta.service[112516]: [pid: 112516|app: 0|req: 6/24] 199.19.213.104 () {40 vars in 681 bytes} [Wed Jun 17 20:26:17 2026] GET /latest/meta-data/public-ipv4 => generated 0 bytes in 3 msecs (HTTP/1.1 200) 3 headers in 98 bytes (1 switches on core 0)
