2026-09-19 11:38:14.145 7 INFO placement.requestlog [None req-f466c385-397c-44a6-8507-0e4b3efaa331 - - - - - -] 10.0.0.222 "GET /" status: 200 len: 136 microversion: 1.0
2026-09-19 11:38:14.145 8 INFO placement.requestlog [None req-e53426e4-efcb-4013-8008-272e221153f8 - - - - - -] 10.0.0.222 "GET /" status: 200 len: 136 microversion: 1.0
2026-09-19 11:38:19.548 7 INFO placement.requestlog [req-791a1350-506c-4cc6-88c0-cee0d91e482d req-b3c53651-07d4-4e54-8f44-9ff2ac952dc5 76dcacb241574c33aa22bd9199cd1bc4 881c74a9c46145c4be52d0cf5039bd72 - - cea2f76b5db94c29be04a30715d65443 cea2f76b5db94c29be04a30715d65443] 162.253.55.50 "GET /resource_providers/ca199362-0c8d-4eca-b522-412e8a856d71/allocations" status: 200 len: 54 microversion: 1.0 [pid: 7|app: 0|req: 297/592] 162.253.55.50 () {32 vars in 855 bytes} [Sat Sep 19 11:38:19 2026] GET /resource_providers/ca199362-0c8d-4eca-b522-412e8a856d71/allocations => generated 54 bytes in 198 msecs (HTTP/1.1 200) 6 headers in 223 bytes (1 switches on core 0)
2026-09-19 11:38:19.582 8 INFO placement.requestlog [req-791a1350-506c-4cc6-88c0-cee0d91e482d req-4f22d132-0e63-46b5-92ff-954fc2f0ade0 76dcacb241574c33aa22bd9199cd1bc4 881c74a9c46145c4be52d0cf5039bd72 - - cea2f76b5db94c29be04a30715d65443 cea2f76b5db94c29be04a30715d65443] 162.253.55.50 "GET /resource_providers?in_tree=ca199362-0c8d-4eca-b522-412e8a856d71" status: 200 len: 797 microversion: 1.14 [pid: 8|app: 0|req: 296/593] 162.253.55.50 () {34 vars in 890 bytes} [Sat Sep 19 11:38:19 2026] GET /resource_providers?in_tree=ca199362-0c8d-4eca-b522-412e8a856d71 => generated 797 bytes in 29 msecs (HTTP/1.1 200) 6 headers in 225 bytes (1 switches on core 0)
2026-09-19 11:38:19.604 7 INFO placement.requestlog [req-791a1350-506c-4cc6-88c0-cee0d91e482d req-22d24599-00e7-4ded-9865-db2708e0190d 76dcacb241574c33aa22bd9199cd1bc4 881c74a9c46145c4be52d0cf5039bd72 - - cea2f76b5db94c29be04a30715d65443 cea2f76b5db94c29be04a30715d65443] 162.253.55.50 "GET /resource_providers/ca199362-0c8d-4eca-b522-412e8a856d71/inventories" status: 200 len: 400 microversion: 1.0 [pid: 7|app: 0|req: 298/594] 162.253.55.50 () {32 vars in 855 bytes} [Sat Sep 19 11:38:19 2026] GET /resource_providers/ca199362-0c8d-4eca-b522-412e8a856d71/inventories => generated 400 bytes in 18 msecs (HTTP/1.1 200) 6 headers in 224 bytes (1 switches on core 0)
2026-09-19 11:38:19.623 8 INFO placement.requestlog [req-791a1350-506c-4cc6-88c0-cee0d91e482d req-fd6bca8f-ca82-4969-94c3-3b72bf4ee6c6 76dcacb241574c33aa22bd9199cd1bc4 881c74a9c46145c4be52d0cf5039bd72 - - cea2f76b5db94c29be04a30715d65443 cea2f76b5db94c29be04a30715d65443] 162.253.55.50 "GET /resource_providers/ca199362-0c8d-4eca-b522-412e8a856d71/aggregates" status: 200 len: 53 microversion: 1.19 [pid: 8|app: 0|req: 297/595] 162.253.55.50 () {34 vars in 897 bytes} [Sat Sep 19 11:38:19 2026] GET /resource_providers/ca199362-0c8d-4eca-b522-412e8a856d71/aggregates => generated 53 bytes in 13 msecs (HTTP/1.1 200) 8 headers in 295 bytes (1 switches on core 0)
2026-09-19 11:38:19.654 7 INFO placement.requestlog [req-791a1350-506c-4cc6-88c0-cee0d91e482d req-0e7a67e2-0f59-4549-87d9-e1114fc5879a 76dcacb241574c33aa22bd9199cd1bc4 881c74a9c46145c4be52d0cf5039bd72 - - cea2f76b5db94c29be04a30715d65443 cea2f76b5db94c29be04a30715d65443] 162.253.55.50 "GET /resource_providers/ca199362-0c8d-4eca-b522-412e8a856d71/traits" status: 200 len: 2316 microversion: 1.6 [pid: 7|app: 0|req: 299/596] 162.253.55.50 () {34 vars in 888 bytes} [Sat Sep 19 11:38:19 2026] GET /resource_providers/ca199362-0c8d-4eca-b522-412e8a856d71/traits => generated 2316 bytes in 26 msecs (HTTP/1.1 200) 6 headers in 225 bytes (1 switches on core 0)
2026-09-19 11:38:19.678 8 INFO placement.requestlog [req-791a1350-506c-4cc6-88c0-cee0d91e482d req-e59d3909-97a7-49f6-8c75-359832a5c26e 76dcacb241574c33aa22bd9199cd1bc4 881c74a9c46145c4be52d0cf5039bd72 - - cea2f76b5db94c29be04a30715d65443 cea2f76b5db94c29be04a30715d65443] 162.253.55.50 "GET /resource_providers/ca199362-0c8d-4eca-b522-412e8a856d71/allocations" status: 200 len: 54 microversion: 1.0 [pid: 8|app: 0|req: 298/597] 162.253.55.50 () {32 vars in 855 bytes} [Sat Sep 19 11:38:19 2026] GET /resource_providers/ca199362-0c8d-4eca-b522-412e8a856d71/allocations => generated 54 bytes in 19 msecs (HTTP/1.1 200) 6 headers in 223 bytes (1 switches on core 0)
2026-09-19 11:38:24.145 8 INFO placement.requestlog [None req-5370cd75-26a6-43e9-8db7-1a802d7589f4 - - - - - -] 10.0.0.222 "GET /" status: 200 len: 136 microversion: 1.0
2026-09-19 11:38:24.145 7 INFO placement.requestlog [None req-b37003f2-c2d3-4999-a841-fd32391c31ff - - - - - -] 10.0.0.222 "GET /" status: 200 len: 136 microversion: 1.0
2026-09-19 11:38:34.145 8 INFO placement.requestlog [None req-d6d0a655-24b5-492f-93aa-50f1909d1c08 - - - - - -] 10.0.0.222 "GET /" status: 200 len: 136 microversion: 1.0
2026-09-19 11:38:34.145 7 INFO placement.requestlog [None req-8ffd9381-5a4e-4487-9b62-a7d743ecf6dd - - - - - -] 10.0.0.222 "GET /" status: 200 len: 136 microversion: 1.0
2026-09-19 11:38:44.146 7 INFO placement.requestlog [None req-e0360b70-0c1a-4d86-a417-505909dd5c01 - - - - - -] 10.0.0.222 "GET /" status: 200 len: 136 microversion: 1.0
2026-09-19 11:38:44.147 8 INFO placement.requestlog [None req-0e66b45b-6e59-4a37-82ca-c4d1fa797fe0 - - - - - -] 10.0.0.222 "GET /" status: 200 len: 136 microversion: 1.0
2026-09-19 11:38:54.145 8 INFO placement.requestlog [None req-d7dc2304-6a61-4af7-814e-dc4249b61e41 - - - - - -] 10.0.0.222 "GET /" status: 200 len: 136 microversion: 1.0
2026-09-19 11:38:54.145 7 INFO placement.requestlog [None req-b6cf0a2d-f76e-44ab-87ca-ae59ba9b14d0 - - - - - -] 10.0.0.222 "GET /" status: 200 len: 136 microversion: 1.0
2026-09-19 11:39:04.145 7 INFO placement.requestlog [None req-7146b429-c939-4678-9b29-54df2019d193 - - - - - -] 10.0.0.222 "GET /" status: 200 len: 136 microversion: 1.0
2026-09-19 11:39:04.145 8 INFO placement.requestlog [None req-bc735702-5644-446d-a912-e193219c167a - - - - - -] 10.0.0.222 "GET /" status: 200 len: 136 microversion: 1.0
2026-09-19 11:39:14.145 7 INFO placement.requestlog [None req-46df4f92-d6e2-454a-92ee-758a4de8c763 - - - - - -] 10.0.0.222 "GET /" status: 200 len: 136 microversion: 1.0
2026-09-19 11:39:14.146 8 INFO placement.requestlog [None req-d987b456-6a6f-4078-8194-dcefff23f3d1 - - - - - -] 10.0.0.222 "GET /" status: 200 len: 136 microversion: 1.0
2026-09-19 11:39:19.481 7 INFO placement.requestlog [req-348b049b-2ab9-4c73-aade-02dc059bd342 req-1da7f048-9d54-4394-80bb-bb7dea47fef7 76dcacb241574c33aa22bd9199cd1bc4 881c74a9c46145c4be52d0cf5039bd72 - - cea2f76b5db94c29be04a30715d65443 cea2f76b5db94c29be04a30715d65443] 162.253.55.50 "GET /resource_providers/ca199362-0c8d-4eca-b522-412e8a856d71/allocations" status: 200 len: 54 microversion: 1.0 [pid: 7|app: 0|req: 306/610] 162.253.55.50 () {32 vars in 855 bytes} [Sat Sep 19 11:39:19 2026] GET /resource_providers/ca199362-0c8d-4eca-b522-412e8a856d71/allocations => generated 54 bytes in 14 msecs (HTTP/1.1 200) 6 headers in 223 bytes (1 switches on core 0)
2026-09-19 11:39:19.503 8 INFO placement.requestlog [req-348b049b-2ab9-4c73-aade-02dc059bd342 req-3a26d8e1-d161-479e-8a10-de60a6562ae6 76dcacb241574c33aa22bd9199cd1bc4 881c74a9c46145c4be52d0cf5039bd72 - - cea2f76b5db94c29be04a30715d65443 cea2f76b5db94c29be04a30715d65443] 162.253.55.50 "GET /resource_providers/ca199362-0c8d-4eca-b522-412e8a856d71/allocations" status: 200 len: 54 microversion: 1.0 [pid: 8|app: 0|req: 305/611] 162.253.55.50 () {32 vars in 855 bytes} [Sat Sep 19 11:39:19 2026] GET /resource_providers/ca199362-0c8d-4eca-b522-412e8a856d71/allocations => generated 54 bytes in 18 msecs (HTTP/1.1 200) 6 headers in 223 bytes (1 switches on core 0)
2026-09-19 11:39:24.145 8 INFO placement.requestlog [None req-cb4446e3-cce8-48b1-ae0b-7faef14b0cd3 - - - - - -] 10.0.0.222 "GET /" status: 200 len: 136 microversion: 1.0
2026-09-19 11:39:24.145 7 INFO placement.requestlog [None req-6b77d91d-8283-4c59-aa92-e3095ca2aa1e - - - - - -] 10.0.0.222 "GET /" status: 200 len: 136 microversion: 1.0
2026-09-19 11:39:34.145 8 INFO placement.requestlog [None req-8b37db82-550f-4404-8beb-3432c36eb34b - - - - - -] 10.0.0.222 "GET /" status: 200 len: 136 microversion: 1.0
2026-09-19 11:39:34.146 7 INFO placement.requestlog [None req-d4ca9665-184d-4b78-8bc7-91994363fc33 - - - - - -] 10.0.0.222 "GET /" status: 200 len: 136 microversion: 1.0
2026-09-19 11:39:44.144 7 INFO placement.requestlog [None req-e1fa5387-ece9-4b76-9d11-f457c4d68b08 - - - - - -] 10.0.0.222 "GET /" status: 200 len: 136 microversion: 1.0
2026-09-19 11:39:44.145 8 INFO placement.requestlog [None req-3d26fe72-deeb-4434-ab60-8baabe14dc21 - - - - - -] 10.0.0.222 "GET /" status: 200 len: 136 microversion: 1.0
2026-09-19 11:39:54.145 7 INFO placement.requestlog [None req-e1a5b4b9-8368-45f1-a37c-b85d3df6e180 - - - - - -] 10.0.0.222 "GET /" status: 200 len: 136 microversion: 1.0
2026-09-19 11:39:54.146 8 INFO placement.requestlog [None req-8e7771ee-95f2-4cf6-86c0-d8bc0712a0ff - - - - - -] 10.0.0.222 "GET /" status: 200 len: 136 microversion: 1.0
2026-09-19 11:40:04.147 8 INFO placement.requestlog [None req-4397758f-5116-4a38-a022-7b4e30d86de8 - - - - - -] 10.0.0.222 "GET /" status: 200 len: 136 microversion: 1.0
2026-09-19 11:40:04.147 7 INFO placement.requestlog [None req-e1582991-363c-4896-8063-71845122a230 - - - - - -] 10.0.0.222 "GET /" status: 200 len: 136 microversion: 1.0
2026-09-19 11:40:14.146 8 INFO placement.requestlog [None req-dcd1fb64-2c4e-4ba5-813e-1d7023e92128 - - - - - -] 10.0.0.222 "GET /" status: 200 len: 136 microversion: 1.0
2026-09-19 11:40:14.146 7 INFO placement.requestlog [None req-56e19899-5068-4275-97e7-ca84e47b8006 - - - - - -] 10.0.0.222 "GET /" status: 200 len: 136 microversion: 1.0
2026-09-19 11:40:19.725 8 INFO placement.requestlog [req-f6009fb1-ae58-4baa-924e-cbf3e164347b req-ec54d398-987d-4022-b2c1-4d6af465242f 76dcacb241574c33aa22bd9199cd1bc4 881c74a9c46145c4be52d0cf5039bd72 - - cea2f76b5db94c29be04a30715d65443 cea2f76b5db94c29be04a30715d65443] 162.253.55.50 "GET /resource_providers/ca199362-0c8d-4eca-b522-412e8a856d71/allocations" status: 200 len: 54 microversion: 1.0 [pid: 8|app: 0|req: 312/624] 162.253.55.50 () {32 vars in 855 bytes} [Sat Sep 19 11:40:19 2026] GET /resource_providers/ca199362-0c8d-4eca-b522-412e8a856d71/allocations => generated 54 bytes in 28 msecs (HTTP/1.1 200) 6 headers in 223 bytes (1 switches on core 0)
2026-09-19 11:40:19.747 7 INFO placement.requestlog [req-f6009fb1-ae58-4baa-924e-cbf3e164347b req-455aab9f-8502-4023-bc18-5ed5f6d90eec 76dcacb241574c33aa22bd9199cd1bc4 881c74a9c46145c4be52d0cf5039bd72 - - cea2f76b5db94c29be04a30715d65443 cea2f76b5db94c29be04a30715d65443] 162.253.55.50 "GET /resource_providers/ca199362-0c8d-4eca-b522-412e8a856d71/allocations" status: 200 len: 54 microversion: 1.0 [pid: 7|app: 0|req: 313/625] 162.253.55.50 () {32 vars in 855 bytes} [Sat Sep 19 11:40:19 2026] GET /resource_providers/ca199362-0c8d-4eca-b522-412e8a856d71/allocations => generated 54 bytes in 17 msecs (HTTP/1.1 200) 6 headers in 223 bytes (1 switches on core 0)
2026-09-19 11:40:24.145 7 INFO placement.requestlog [None req-0364007f-18aa-453e-9654-7b3d7277caa1 - - - - - -] 10.0.0.222 "GET /" status: 200 len: 136 microversion: 1.0
2026-09-19 11:40:24.145 8 INFO placement.requestlog [None req-9405ef8b-d6e4-4e5e-9c20-c2d62348eeef - - - - - -] 10.0.0.222 "GET /" status: 200 len: 136 microversion: 1.0
2026-09-19 11:40:34.145 7 INFO placement.requestlog [None req-f6457e98-95a6-4e90-b24d-e052fe886bcc - - - - - -] 10.0.0.222 "GET /" status: 200 len: 136 microversion: 1.0
2026-09-19 11:40:34.145 8 INFO placement.requestlog [None req-b258bc25-f06f-42f2-b02f-9af46d9b00e3 - - - - - -] 10.0.0.222 "GET /" status: 200 len: 136 microversion: 1.0
2026-09-19 11:40:44.146 8 INFO placement.requestlog [None req-b040805c-678d-4326-b6e4-859633a39cf2 - - - - - -] 10.0.0.222 "GET /" status: 200 len: 136 microversion: 1.0
2026-09-19 11:40:44.146 7 INFO placement.requestlog [None req-2ba38485-f413-4977-9779-6c06796d1d72 - - - - - -] 10.0.0.222 "GET /" status: 200 len: 136 microversion: 1.0
2026-09-19 11:40:54.147 7 INFO placement.requestlog [None req-2e3f46a5-c265-42b2-bede-0283708c0fa3 - - - - - -] 10.0.0.222 "GET /" status: 200 len: 136 microversion: 1.0
2026-09-19 11:40:54.148 8 INFO placement.requestlog [None req-a0560eeb-cd71-4085-a96b-45addab835e6 - - - - - -] 10.0.0.222 "GET /" status: 200 len: 136 microversion: 1.0
2026-09-19 11:41:04.145 8 INFO placement.requestlog [None req-a8c43163-eb86-4c80-be7b-95b9a47f23d9 - - - - - -] 10.0.0.222 "GET /" status: 200 len: 136 microversion: 1.0
2026-09-19 11:41:04.145 7 INFO placement.requestlog [None req-7452a503-a8e2-43c4-8abb-6171472e0879 - - - - - -] 10.0.0.222 "GET /" status: 200 len: 136 microversion: 1.0
2026-09-19 11:41:14.145 7 INFO placement.requestlog [None req-7a5bab68-d112-43af-8276-dff5da821226 - - - - - -] 10.0.0.222 "GET /" status: 200 len: 136 microversion: 1.0
2026-09-19 11:41:14.145 8 INFO placement.requestlog [None req-4ff5211a-df6a-4b20-b59c-d0f2d3a2df38 - - - - - -] 10.0.0.222 "GET /" status: 200 len: 136 microversion: 1.0
2026-09-19 11:41:21.525 7 INFO placement.requestlog [req-b5e030d0-e068-4b43-b01a-7f02cc48c468 req-7176a8d0-5afd-4167-a360-bda5284e3c88 76dcacb241574c33aa22bd9199cd1bc4 881c74a9c46145c4be52d0cf5039bd72 - - cea2f76b5db94c29be04a30715d65443 cea2f76b5db94c29be04a30715d65443] 162.253.55.50 "GET /resource_providers/ca199362-0c8d-4eca-b522-412e8a856d71/allocations" status: 200 len: 54 microversion: 1.0 [pid: 7|app: 0|req: 320/638] 162.253.55.50 () {32 vars in 855 bytes} [Sat Sep 19 11:41:21 2026] GET /resource_providers/ca199362-0c8d-4eca-b522-412e8a856d71/allocations => generated 54 bytes in 18 msecs (HTTP/1.1 200) 6 headers in 223 bytes (1 switches on core 0)
2026-09-19 11:41:21.541 8 INFO placement.requestlog [req-b5e030d0-e068-4b43-b01a-7f02cc48c468 req-f9d08dcd-f6e8-4c26-92e2-56a68bb94235 76dcacb241574c33aa22bd9199cd1bc4 881c74a9c46145c4be52d0cf5039bd72 - - cea2f76b5db94c29be04a30715d65443 cea2f76b5db94c29be04a30715d65443] 162.253.55.50 "GET /resource_providers/ca199362-0c8d-4eca-b522-412e8a856d71/allocations" status: 200 len: 54 microversion: 1.0 [pid: 8|app: 0|req: 319/639] 162.253.55.50 () {32 vars in 855 bytes} [Sat Sep 19 11:41:21 2026] GET /resource_providers/ca199362-0c8d-4eca-b522-412e8a856d71/allocations => generated 54 bytes in 11 msecs (HTTP/1.1 200) 6 headers in 223 bytes (1 switches on core 0)
2026-09-19 11:41:24.145 8 INFO placement.requestlog [None req-880ffe8c-8395-462b-837d-7514fa89e433 - - - - - -] 10.0.0.222 "GET /" status: 200 len: 136 microversion: 1.0
2026-09-19 11:41:24.146 7 INFO placement.requestlog [None req-eae66f0a-347e-401c-b107-6e7f56dcda6f - - - - - -] 10.0.0.222 "GET /" status: 200 len: 136 microversion: 1.0
2026-09-19 11:41:34.145 8 INFO placement.requestlog [None req-52d1916b-d35e-48f1-9b71-aea2b34553cb - - - - - -] 10.0.0.222 "GET /" status: 200 len: 136 microversion: 1.0
2026-09-19 11:41:34.145 7 INFO placement.requestlog [None req-dac2135e-6e89-4046-bc27-c438e60beb16 - - - - - -] 10.0.0.222 "GET /" status: 200 len: 136 microversion: 1.0
2026-09-19 11:41:44.145 8 INFO placement.requestlog [None req-a429445d-36a8-498f-a90f-e98364c4dfde - - - - - -] 10.0.0.222 "GET /" status: 200 len: 136 microversion: 1.0
2026-09-19 11:41:44.145 7 INFO placement.requestlog [None req-4a54af92-95e7-40ce-8b13-051fdd958e67 - - - - - -] 10.0.0.222 "GET /" status: 200 len: 136 microversion: 1.0
2026-09-19 11:41:52.406 8 INFO placement.requestlog [req-0577004c-1971-4f4e-a53f-f925cb7f3878 req-f285e3ae-4995-4e98-adff-a5324aabf107 76dcacb241574c33aa22bd9199cd1bc4 881c74a9c46145c4be52d0cf5039bd72 - - cea2f76b5db94c29be04a30715d65443 cea2f76b5db94c29be04a30715d65443] 10.0.0.74 "GET /allocation_candidates?limit=1000&resources=DISK_GB%3A1%2CMEMORY_MB%3A512%2CVCPU%3A1&root_required=%21COMPUTE_STATUS_DISABLED" status: 200 len: 2781 microversion: 1.36 [pid: 8|app: 0|req: 323/646] 10.0.0.74 () {34 vars in 1010 bytes} [Sat Sep 19 11:41:52 2026] GET /allocation_candidates?limit=1000&resources=DISK_GB%3A1%2CMEMORY_MB%3A512%2CVCPU%3A1&root_required=%21COMPUTE_STATUS_DISABLED => generated 2781 bytes in 243 msecs (HTTP/1.1 200) 8 headers in 297 bytes (1 switches on core 0)
2026-09-19 11:41:52.458 7 INFO placement.requestlog [req-0577004c-1971-4f4e-a53f-f925cb7f3878 req-07468ecf-0ca4-44e8-92a1-212234a2bd97 76dcacb241574c33aa22bd9199cd1bc4 881c74a9c46145c4be52d0cf5039bd72 - - cea2f76b5db94c29be04a30715d65443 cea2f76b5db94c29be04a30715d65443] 10.0.0.74 "GET /allocations/af3d7d68-d8b6-43b0-91f5-413a317bd88d" status: 200 len: 19 microversion: 1.28 [pid: 7|app: 0|req: 324/647] 10.0.0.74 () {34 vars in 859 bytes} [Sat Sep 19 11:41:52 2026] GET /allocations/af3d7d68-d8b6-43b0-91f5-413a317bd88d => generated 19 bytes in 10 msecs (HTTP/1.1 200) 8 headers in 295 bytes (1 switches on core 0)
2026-09-19 11:41:52.597 8 INFO placement.requestlog [req-0577004c-1971-4f4e-a53f-f925cb7f3878 req-5340e22a-8538-4440-be1a-1d94d43fcde9 76dcacb241574c33aa22bd9199cd1bc4 881c74a9c46145c4be52d0cf5039bd72 - - cea2f76b5db94c29be04a30715d65443 cea2f76b5db94c29be04a30715d65443] 10.0.0.74 "PUT /allocations/af3d7d68-d8b6-43b0-91f5-413a317bd88d" status: 204 len: 0 microversion: 1.36 [pid: 8|app: 0|req: 324/648] 10.0.0.74 () {38 vars in 912 bytes} [Sat Sep 19 11:41:52 2026] PUT /allocations/af3d7d68-d8b6-43b0-91f5-413a317bd88d => generated 0 bytes in 128 msecs (HTTP/1.1 204) 5 headers in 199 bytes (1 switches on core 0)
2026-09-19 11:41:53.055 7 INFO placement.requestlog [req-0577004c-1971-4f4e-a53f-f925cb7f3878 req-5d82f87b-8c80-43ee-8e4f-2f3d3027a8a1 76dcacb241574c33aa22bd9199cd1bc4 881c74a9c46145c4be52d0cf5039bd72 - - cea2f76b5db94c29be04a30715d65443 cea2f76b5db94c29be04a30715d65443] 162.253.55.50 "GET /allocations/af3d7d68-d8b6-43b0-91f5-413a317bd88d" status: 200 len: 257 microversion: 1.28 [pid: 7|app: 0|req: 325/649] 162.253.55.50 () {34 vars in 861 bytes} [Sat Sep 19 11:41:53 2026] GET /allocations/af3d7d68-d8b6-43b0-91f5-413a317bd88d => generated 257 bytes in 15 msecs (HTTP/1.1 200) 8 headers in 296 bytes (1 switches on core 0)
2026-09-19 11:41:53.185 8 INFO placement.requestlog [req-0577004c-1971-4f4e-a53f-f925cb7f3878 req-38bf57cf-7e52-456a-86b0-ab6f609be13f 76dcacb241574c33aa22bd9199cd1bc4 881c74a9c46145c4be52d0cf5039bd72 - - cea2f76b5db94c29be04a30715d65443 cea2f76b5db94c29be04a30715d65443] 162.253.55.50 "GET /resource_providers/ca199362-0c8d-4eca-b522-412e8a856d71/allocations" status: 200 len: 152 microversion: 1.0 [pid: 8|app: 0|req: 325/650] 162.253.55.50 () {32 vars in 855 bytes} [Sat Sep 19 11:41:53 2026] GET /resource_providers/ca199362-0c8d-4eca-b522-412e8a856d71/allocations => generated 152 bytes in 17 msecs (HTTP/1.1 200) 6 headers in 224 bytes (1 switches on core 0)
2026-09-19 11:41:53.209 7 INFO placement.requestlog [req-0577004c-1971-4f4e-a53f-f925cb7f3878 req-1bffac16-1b16-4e4c-8d17-cdf0f6725a76 76dcacb241574c33aa22bd9199cd1bc4 881c74a9c46145c4be52d0cf5039bd72 - - cea2f76b5db94c29be04a30715d65443 cea2f76b5db94c29be04a30715d65443] 162.253.55.50 "GET /allocations/af3d7d68-d8b6-43b0-91f5-413a317bd88d" status: 200 len: 257 microversion: 1.28 [pid: 7|app: 0|req: 326/651] 162.253.55.50 () {34 vars in 861 bytes} [Sat Sep 19 11:41:53 2026] GET /allocations/af3d7d68-d8b6-43b0-91f5-413a317bd88d => generated 257 bytes in 22 msecs (HTTP/1.1 200) 8 headers in 296 bytes (1 switches on core 0)
2026-09-19 11:41:54.150 8 INFO placement.requestlog [None req-dc280359-4480-4aa1-ac7d-206904cc5d0f - - - - - -] 10.0.0.222 "GET /" status: 200 len: 136 microversion: 1.0
2026-09-19 11:41:54.150 7 INFO placement.requestlog [None req-35b4b968-e0ec-4dad-af64-b8ce98aacf6e - - - - - -] 10.0.0.222 "GET /" status: 200 len: 136 microversion: 1.0
2026-09-19 11:41:55.472 7 INFO placement.requestlog [None req-58fbea8b-39cd-4555-ad98-75a5224bd6c1 3b8ed4bc07044ed982cfaf11b37256f6 881c74a9c46145c4be52d0cf5039bd72 - - cea2f76b5db94c29be04a30715d65443 cea2f76b5db94c29be04a30715d65443] 10.0.0.36 "GET /resource_providers/cc5ad12b-6421-4db8-9120-24ea913b196f/aggregates" status: 404 len: 235 microversion: 1.1 [pid: 7|app: 0|req: 328/654] 10.0.0.36 () {32 vars in 814 bytes} [Sat Sep 19 11:41:55 2026] GET /resource_providers/cc5ad12b-6421-4db8-9120-24ea913b196f/aggregates => generated 235 bytes in 78 msecs (HTTP/1.1 404) 5 headers in 202 bytes (1 switches on core 0)
2026-09-19 11:41:55.490 8 INFO placement.requestlog [None req-aa837212-6795-431c-afee-86054034b391 3b8ed4bc07044ed982cfaf11b37256f6 881c74a9c46145c4be52d0cf5039bd72 - - cea2f76b5db94c29be04a30715d65443 cea2f76b5db94c29be04a30715d65443] 10.0.0.36 "GET /resource_providers/cc5ad12b-6421-4db8-9120-24ea913b196f/aggregates" status: 404 len: 235 microversion: 1.1 [pid: 8|app: 0|req: 327/655] 10.0.0.36 () {32 vars in 814 bytes} [Sat Sep 19 11:41:55 2026] GET /resource_providers/cc5ad12b-6421-4db8-9120-24ea913b196f/aggregates => generated 235 bytes in 45 msecs (HTTP/1.1 404) 5 headers in 202 bytes (1 switches on core 0)
2026-09-19 11:41:55.492 7 INFO placement.requestlog [None req-d9205875-ad44-4e9a-a075-2ceedbd5f800 3b8ed4bc07044ed982cfaf11b37256f6 881c74a9c46145c4be52d0cf5039bd72 - - cea2f76b5db94c29be04a30715d65443 cea2f76b5db94c29be04a30715d65443] 10.0.0.36 "DELETE /resource_providers/cc5ad12b-6421-4db8-9120-24ea913b196f" status: 404 len: 246 microversion: 1.1 [pid: 7|app: 0|req: 329/656] 10.0.0.36 () {34 vars in 814 bytes} [Sat Sep 19 11:41:55 2026] DELETE /resource_providers/cc5ad12b-6421-4db8-9120-24ea913b196f => generated 246 bytes in 12 msecs (HTTP/1.1 404) 6 headers in 231 bytes (1 switches on core 0)
2026-09-19 11:41:55.510 8 INFO placement.requestlog [None req-801f1928-e343-43a3-adae-29a205288a04 3b8ed4bc07044ed982cfaf11b37256f6 881c74a9c46145c4be52d0cf5039bd72 - - cea2f76b5db94c29be04a30715d65443 cea2f76b5db94c29be04a30715d65443] 10.0.0.36 "DELETE /resource_providers/cc5ad12b-6421-4db8-9120-24ea913b196f" status: 404 len: 246 microversion: 1.1 [pid: 8|app: 0|req: 328/657] 10.0.0.36 () {34 vars in 814 bytes} [Sat Sep 19 11:41:55 2026] DELETE /resource_providers/cc5ad12b-6421-4db8-9120-24ea913b196f => generated 246 bytes in 7 msecs (HTTP/1.1 404) 6 headers in 231 bytes (1 switches on core 0)
2026-09-19 11:41:56.340 7 INFO placement.requestlog [None req-a218b143-5984-4424-862b-9719207ed377 3b8ed4bc07044ed982cfaf11b37256f6 881c74a9c46145c4be52d0cf5039bd72 - - cea2f76b5db94c29be04a30715d65443 cea2f76b5db94c29be04a30715d65443] 10.0.0.36 "GET /resource_providers/8ef529a5-6490-4a77-983b-0f2b5d956543/aggregates" status: 404 len: 235 microversion: 1.1 [pid: 7|app: 0|req: 330/658] 10.0.0.36 () {32 vars in 814 bytes} [Sat Sep 19 11:41:56 2026] GET /resource_providers/8ef529a5-6490-4a77-983b-0f2b5d956543/aggregates => generated 235 bytes in 141 msecs (HTTP/1.1 404) 5 headers in 202 bytes (1 switches on core 0)
2026-09-19 11:41:56.359 7 INFO placement.requestlog [None req-4326eb51-f49f-480d-8a89-5cbf87aad006 3b8ed4bc07044ed982cfaf11b37256f6 881c74a9c46145c4be52d0cf5039bd72 - - cea2f76b5db94c29be04a30715d65443 cea2f76b5db94c29be04a30715d65443] 10.0.0.36 "DELETE /resource_providers/8ef529a5-6490-4a77-983b-0f2b5d956543" status: 404 len: 246 microversion: 1.1 [pid: 7|app: 0|req: 331/659] 10.0.0.36 () {34 vars in 814 bytes} [Sat Sep 19 11:41:56 2026] DELETE /resource_providers/8ef529a5-6490-4a77-983b-0f2b5d956543 => generated 246 bytes in 13 msecs (HTTP/1.1 404) 6 headers in 231 bytes (1 switches on core 0)
2026-09-19 11:41:56.482 8 INFO placement.requestlog [None req-9ccc421b-4db4-4dc7-af16-a5bca38c5c94 3b8ed4bc07044ed982cfaf11b37256f6 881c74a9c46145c4be52d0cf5039bd72 - - cea2f76b5db94c29be04a30715d65443 cea2f76b5db94c29be04a30715d65443] 10.0.0.36 "GET /resource_providers/8ef529a5-6490-4a77-983b-0f2b5d956543/aggregates" status: 404 len: 235 microversion: 1.1 [pid: 8|app: 0|req: 329/660] 10.0.0.36 () {32 vars in 814 bytes} [Sat Sep 19 11:41:56 2026] GET /resource_providers/8ef529a5-6490-4a77-983b-0f2b5d956543/aggregates => generated 235 bytes in 230 msecs (HTTP/1.1 404) 5 headers in 202 bytes (1 switches on core 0)
2026-09-19 11:41:56.500 7 INFO placement.requestlog [None req-de6538a9-e8a2-4f40-bd11-e4cc40293553 3b8ed4bc07044ed982cfaf11b37256f6 881c74a9c46145c4be52d0cf5039bd72 - - cea2f76b5db94c29be04a30715d65443 cea2f76b5db94c29be04a30715d65443] 10.0.0.36 "DELETE /resource_providers/8ef529a5-6490-4a77-983b-0f2b5d956543" status: 404 len: 246 microversion: 1.1 [pid: 7|app: 0|req: 332/661] 10.0.0.36 () {34 vars in 814 bytes} [Sat Sep 19 11:41:56 2026] DELETE /resource_providers/8ef529a5-6490-4a77-983b-0f2b5d956543 => generated 246 bytes in 11 msecs (HTTP/1.1 404) 6 headers in 231 bytes (1 switches on core 0)
2026-09-19 11:41:56.749 8 INFO placement.requestlog [req-0577004c-1971-4f4e-a53f-f925cb7f3878 req-acc36b27-2d79-46fa-8dec-37922c109321 76dcacb241574c33aa22bd9199cd1bc4 881c74a9c46145c4be52d0cf5039bd72 - - cea2f76b5db94c29be04a30715d65443 cea2f76b5db94c29be04a30715d65443] 162.253.55.50 "GET /resource_providers/ca199362-0c8d-4eca-b522-412e8a856d71/allocations" status: 200 len: 152 microversion: 1.0 [pid: 8|app: 0|req: 330/662] 162.253.55.50 () {32 vars in 855 bytes} [Sat Sep 19 11:41:56 2026] GET /resource_providers/ca199362-0c8d-4eca-b522-412e8a856d71/allocations => generated 152 bytes in 36 msecs (HTTP/1.1 200) 6 headers in 224 bytes (1 switches on core 0)
2026-09-19 11:41:56.777 7 INFO placement.requestlog [req-0577004c-1971-4f4e-a53f-f925cb7f3878 req-b0ea5685-d5ef-4d85-a686-9627295dcde8 76dcacb241574c33aa22bd9199cd1bc4 881c74a9c46145c4be52d0cf5039bd72 - - cea2f76b5db94c29be04a30715d65443 cea2f76b5db94c29be04a30715d65443] 162.253.55.50 "GET /allocations/af3d7d68-d8b6-43b0-91f5-413a317bd88d" status: 200 len: 257 microversion: 1.28 [pid: 7|app: 0|req: 333/663] 162.253.55.50 () {34 vars in 861 bytes} [Sat Sep 19 11:41:56 2026] GET /allocations/af3d7d68-d8b6-43b0-91f5-413a317bd88d => generated 257 bytes in 20 msecs (HTTP/1.1 200) 8 headers in 296 bytes (1 switches on core 0)
2026-09-19 11:41:56.978 8 INFO placement.requestlog [req-bb7e2579-6ca6-4c05-b1c9-b8d0e002edb3 req-57f98e5b-dbf1-40bd-9235-39f19dade856 76dcacb241574c33aa22bd9199cd1bc4 881c74a9c46145c4be52d0cf5039bd72 - - cea2f76b5db94c29be04a30715d65443 cea2f76b5db94c29be04a30715d65443] 10.0.0.74 "GET /allocation_candidates?limit=1000&resources=DISK_GB%3A1%2CMEMORY_MB%3A512%2CVCPU%3A1&root_required=%21COMPUTE_STATUS_DISABLED" status: 200 len: 2783 microversion: 1.36 [pid: 8|app: 0|req: 331/664] 10.0.0.74 () {34 vars in 1010 bytes} [Sat Sep 19 11:41:56 2026] GET /allocation_candidates?limit=1000&resources=DISK_GB%3A1%2CMEMORY_MB%3A512%2CVCPU%3A1&root_required=%21COMPUTE_STATUS_DISABLED => generated 2783 bytes in 64 msecs (HTTP/1.1 200) 8 headers in 297 bytes (1 switches on core 0)
2026-09-19 11:41:57.031 7 INFO placement.requestlog [req-bb7e2579-6ca6-4c05-b1c9-b8d0e002edb3 req-429a0cb8-df9b-4126-adff-7134619366e2 76dcacb241574c33aa22bd9199cd1bc4 881c74a9c46145c4be52d0cf5039bd72 - - cea2f76b5db94c29be04a30715d65443 cea2f76b5db94c29be04a30715d65443] 10.0.0.74 "GET /allocations/1ad0a4a2-cc50-4a11-a77f-35ebc1ad95b1" status: 200 len: 19 microversion: 1.28 [pid: 7|app: 0|req: 334/665] 10.0.0.74 () {34 vars in 859 bytes} [Sat Sep 19 11:41:57 2026] GET /allocations/1ad0a4a2-cc50-4a11-a77f-35ebc1ad95b1 => generated 19 bytes in 11 msecs (HTTP/1.1 200) 8 headers in 295 bytes (1 switches on core 0)
2026-09-19 11:41:57.158 8 INFO placement.requestlog [req-bb7e2579-6ca6-4c05-b1c9-b8d0e002edb3 req-d5c181cd-7fc8-4ebc-8b5b-0ef9c3504cf3 76dcacb241574c33aa22bd9199cd1bc4 881c74a9c46145c4be52d0cf5039bd72 - - cea2f76b5db94c29be04a30715d65443 cea2f76b5db94c29be04a30715d65443] 10.0.0.74 "PUT /allocations/1ad0a4a2-cc50-4a11-a77f-35ebc1ad95b1" status: 204 len: 0 microversion: 1.36 [pid: 8|app: 0|req: 332/666] 10.0.0.74 () {38 vars in 912 bytes} [Sat Sep 19 11:41:57 2026] PUT /allocations/1ad0a4a2-cc50-4a11-a77f-35ebc1ad95b1 => generated 0 bytes in 117 msecs (HTTP/1.1 204) 5 headers in 199 bytes (1 switches on core 0)
2026-09-19 11:41:57.523 7 INFO placement.requestlog [None req-5df0f9ab-6575-433c-86d1-1dfe7ff35bdf 3b8ed4bc07044ed982cfaf11b37256f6 881c74a9c46145c4be52d0cf5039bd72 - - cea2f76b5db94c29be04a30715d65443 cea2f76b5db94c29be04a30715d65443] 10.0.0.36 "GET /resource_providers/c042e150-936a-4ce4-90bb-fb49be32d545/aggregates" status: 404 len: 235 microversion: 1.1 [pid: 7|app: 0|req: 335/667] 10.0.0.36 () {32 vars in 814 bytes} [Sat Sep 19 11:41:57 2026] GET /resource_providers/c042e150-936a-4ce4-90bb-fb49be32d545/aggregates => generated 235 bytes in 15 msecs (HTTP/1.1 404) 5 headers in 202 bytes (1 switches on core 0)
2026-09-19 11:41:57.545 7 INFO placement.requestlog [None req-7a6434fe-52ea-40ec-a995-bd388bb33ceb 3b8ed4bc07044ed982cfaf11b37256f6 881c74a9c46145c4be52d0cf5039bd72 - - cea2f76b5db94c29be04a30715d65443 cea2f76b5db94c29be04a30715d65443] 10.0.0.36 "DELETE /resource_providers/c042e150-936a-4ce4-90bb-fb49be32d545" status: 404 len: 246 microversion: 1.1 [pid: 7|app: 0|req: 336/668] 10.0.0.36 () {34 vars in 814 bytes} [Sat Sep 19 11:41:57 2026] DELETE /resource_providers/c042e150-936a-4ce4-90bb-fb49be32d545 => generated 246 bytes in 11 msecs (HTTP/1.1 404) 6 headers in 231 bytes (1 switches on core 0)
2026-09-19 11:41:57.547 8 INFO placement.requestlog [None req-b4727322-c9c5-4939-8c92-e2b1843120c1 3b8ed4bc07044ed982cfaf11b37256f6 881c74a9c46145c4be52d0cf5039bd72 - - cea2f76b5db94c29be04a30715d65443 cea2f76b5db94c29be04a30715d65443] 10.0.0.36 "GET /resource_providers/c042e150-936a-4ce4-90bb-fb49be32d545/aggregates" status: 404 len: 235 microversion: 1.1 [pid: 8|app: 0|req: 333/669] 10.0.0.36 () {32 vars in 814 bytes} [Sat Sep 19 11:41:57 2026] GET /resource_providers/c042e150-936a-4ce4-90bb-fb49be32d545/aggregates => generated 235 bytes in 17 msecs (HTTP/1.1 404) 5 headers in 202 bytes (1 switches on core 0)
2026-09-19 11:41:57.568 7 INFO placement.requestlog [None req-413da1cf-7572-414a-804d-6cb3801b67cc 3b8ed4bc07044ed982cfaf11b37256f6 881c74a9c46145c4be52d0cf5039bd72 - - cea2f76b5db94c29be04a30715d65443 cea2f76b5db94c29be04a30715d65443] 10.0.0.36 "DELETE /resource_providers/c042e150-936a-4ce4-90bb-fb49be32d545" status: 404 len: 246 microversion: 1.1 [pid: 7|app: 0|req: 337/670] 10.0.0.36 () {34 vars in 814 bytes} [Sat Sep 19 11:41:57 2026] DELETE /resource_providers/c042e150-936a-4ce4-90bb-fb49be32d545 => generated 246 bytes in 10 msecs (HTTP/1.1 404) 6 headers in 231 bytes (1 switches on core 0)
2026-09-19 11:41:57.716 8 INFO placement.requestlog [req-0577004c-1971-4f4e-a53f-f925cb7f3878 req-4cad3f8f-8130-4c57-9887-8f8dc21f9ed0 76dcacb241574c33aa22bd9199cd1bc4 881c74a9c46145c4be52d0cf5039bd72 - - cea2f76b5db94c29be04a30715d65443 cea2f76b5db94c29be04a30715d65443] 162.253.55.50 "DELETE /allocations/af3d7d68-d8b6-43b0-91f5-413a317bd88d" status: 204 len: 0 microversion: 1.0 [pid: 8|app: 0|req: 334/671] 162.253.55.50 () {34 vars in 839 bytes} [Sat Sep 19 11:41:57 2026] DELETE /allocations/af3d7d68-d8b6-43b0-91f5-413a317bd88d => generated 0 bytes in 41 msecs (HTTP/1.1 204) 5 headers in 198 bytes (1 switches on core 0)
2026-09-19 11:41:57.787 7 INFO placement.requestlog [req-bb7e2579-6ca6-4c05-b1c9-b8d0e002edb3 req-6530afed-099d-4764-9223-ede573b0f8ed 76dcacb241574c33aa22bd9199cd1bc4 881c74a9c46145c4be52d0cf5039bd72 - - cea2f76b5db94c29be04a30715d65443 cea2f76b5db94c29be04a30715d65443] 162.253.55.50 "GET /allocations/1ad0a4a2-cc50-4a11-a77f-35ebc1ad95b1" status: 200 len: 257 microversion: 1.28 [pid: 7|app: 0|req: 338/672] 162.253.55.50 () {34 vars in 861 bytes} [Sat Sep 19 11:41:57 2026] GET /allocations/1ad0a4a2-cc50-4a11-a77f-35ebc1ad95b1 => generated 257 bytes in 20 msecs (HTTP/1.1 200) 8 headers in 296 bytes (1 switches on core 0)
2026-09-19 11:41:58.004 8 INFO placement.requestlog [req-bb7e2579-6ca6-4c05-b1c9-b8d0e002edb3 req-27945738-f7be-4088-9be2-3e3dbbba0f30 76dcacb241574c33aa22bd9199cd1bc4 881c74a9c46145c4be52d0cf5039bd72 - - cea2f76b5db94c29be04a30715d65443 cea2f76b5db94c29be04a30715d65443] 162.253.55.50 "GET /resource_providers/ca199362-0c8d-4eca-b522-412e8a856d71/allocations" status: 200 len: 152 microversion: 1.0 [pid: 8|app: 0|req: 335/673] 162.253.55.50 () {32 vars in 855 bytes} [Sat Sep 19 11:41:57 2026] GET /resource_providers/ca199362-0c8d-4eca-b522-412e8a856d71/allocations => generated 152 bytes in 26 msecs (HTTP/1.1 200) 6 headers in 224 bytes (1 switches on core 0)
2026-09-19 11:41:58.051 7 INFO placement.requestlog [req-bb7e2579-6ca6-4c05-b1c9-b8d0e002edb3 req-a9d9234b-600b-4eb4-aa96-24e6c223d361 76dcacb241574c33aa22bd9199cd1bc4 881c74a9c46145c4be52d0cf5039bd72 - - cea2f76b5db94c29be04a30715d65443 cea2f76b5db94c29be04a30715d65443] 162.253.55.50 "GET /allocations/1ad0a4a2-cc50-4a11-a77f-35ebc1ad95b1" status: 200 len: 257 microversion: 1.28 [pid: 7|app: 0|req: 339/674] 162.253.55.50 () {34 vars in 861 bytes} [Sat Sep 19 11:41:58 2026] GET /allocations/1ad0a4a2-cc50-4a11-a77f-35ebc1ad95b1 => generated 257 bytes in 38 msecs (HTTP/1.1 200) 8 headers in 296 bytes (1 switches on core 0)
2026-09-19 11:41:58.389 8 INFO placement.requestlog [None req-7b9ec5ce-0574-4dbb-826d-0771dd95d63e 3b8ed4bc07044ed982cfaf11b37256f6 881c74a9c46145c4be52d0cf5039bd72 - - cea2f76b5db94c29be04a30715d65443 cea2f76b5db94c29be04a30715d65443] 10.0.0.36 "GET /resource_providers/7fbb4c8b-5d20-40ec-99f2-0f5c93c2e907/aggregates" status: 404 len: 235 microversion: 1.1 [pid: 8|app: 0|req: 336/675] 10.0.0.36 () {32 vars in 814 bytes} [Sat Sep 19 11:41:58 2026] GET /resource_providers/7fbb4c8b-5d20-40ec-99f2-0f5c93c2e907/aggregates => generated 235 bytes in 14 msecs (HTTP/1.1 404) 5 headers in 202 bytes (1 switches on core 0)
2026-09-19 11:41:58.407 7 INFO placement.requestlog [None req-64ea102e-2693-4368-94d9-4642db5028df 3b8ed4bc07044ed982cfaf11b37256f6 881c74a9c46145c4be52d0cf5039bd72 - - cea2f76b5db94c29be04a30715d65443 cea2f76b5db94c29be04a30715d65443] 10.0.0.36 "DELETE /resource_providers/7fbb4c8b-5d20-40ec-99f2-0f5c93c2e907" status: 404 len: 246 microversion: 1.1 [pid: 7|app: 0|req: 340/676] 10.0.0.36 () {34 vars in 814 bytes} [Sat Sep 19 11:41:58 2026] DELETE /resource_providers/7fbb4c8b-5d20-40ec-99f2-0f5c93c2e907 => generated 246 bytes in 11 msecs (HTTP/1.1 404) 6 headers in 231 bytes (1 switches on core 0)
2026-09-19 11:41:58.524 8 INFO placement.requestlog [None req-dedccec9-0b9b-4406-8dcf-b5947abaa1b9 3b8ed4bc07044ed982cfaf11b37256f6 881c74a9c46145c4be52d0cf5039bd72 - - cea2f76b5db94c29be04a30715d65443 cea2f76b5db94c29be04a30715d65443] 10.0.0.36 "GET /resource_providers/7fbb4c8b-5d20-40ec-99f2-0f5c93c2e907/aggregates" status: 404 len: 235 microversion: 1.1 [pid: 8|app: 0|req: 337/677] 10.0.0.36 () {32 vars in 814 bytes} [Sat Sep 19 11:41:58 2026] GET /resource_providers/7fbb4c8b-5d20-40ec-99f2-0f5c93c2e907/aggregates => generated 235 bytes in 16 msecs (HTTP/1.1 404) 5 headers in 202 bytes (1 switches on core 0)
2026-09-19 11:41:58.546 7 INFO placement.requestlog [None req-ce318a3a-449f-4b51-8005-ed4ac14d573c 3b8ed4bc07044ed982cfaf11b37256f6 881c74a9c46145c4be52d0cf5039bd72 - - cea2f76b5db94c29be04a30715d65443 cea2f76b5db94c29be04a30715d65443] 10.0.0.36 "DELETE /resource_providers/7fbb4c8b-5d20-40ec-99f2-0f5c93c2e907" status: 404 len: 246 microversion: 1.1 [pid: 7|app: 0|req: 341/678] 10.0.0.36 () {34 vars in 814 bytes} [Sat Sep 19 11:41:58 2026] DELETE /resource_providers/7fbb4c8b-5d20-40ec-99f2-0f5c93c2e907 => generated 246 bytes in 15 msecs (HTTP/1.1 404) 6 headers in 231 bytes (1 switches on core 0)
2026-09-19 11:41:59.479 8 INFO placement.requestlog [None req-71b934b6-6c5f-4189-aa48-63ebcf095189 - - - - - -] 10.0.0.5 "GET /" status: 200 len: 136 microversion: 1.0 [pid: 8|app: 0|req: 338/679] 10.0.0.5 () {28 vars in 434 bytes} [Sat Sep 19 11:41:59 2026] GET / => generated 136 bytes in 1 msecs (HTTP/1.1 200) 6 headers in 224 bytes (1 switches on core 0)
2026-09-19 11:41:59.566 7 INFO placement.requestlog [req-1e4357f2-7510-48e0-ba29-4fdb167bb1ed req-7d307608-e2ac-401e-8398-a01bc849e789 76dcacb241574c33aa22bd9199cd1bc4 881c74a9c46145c4be52d0cf5039bd72 - - cea2f76b5db94c29be04a30715d65443 cea2f76b5db94c29be04a30715d65443] 10.0.0.5 "DELETE /allocations/af3d7d68-d8b6-43b0-91f5-413a317bd88d" status: 404 len: 228 microversion: 1.0 [pid: 7|app: 0|req: 342/680] 10.0.0.5 () {34 vars in 827 bytes} [Sat Sep 19 11:41:59 2026] DELETE /allocations/af3d7d68-d8b6-43b0-91f5-413a317bd88d => generated 228 bytes in 76 msecs (HTTP/1.1 404) 6 headers in 231 bytes (1 switches on core 0)
2026-09-19 11:41:59.870 8 INFO placement.requestlog [req-bb7e2579-6ca6-4c05-b1c9-b8d0e002edb3 req-76b1f82b-8ceb-46cf-b6f5-7dae57ec3cf0 76dcacb241574c33aa22bd9199cd1bc4 881c74a9c46145c4be52d0cf5039bd72 - - cea2f76b5db94c29be04a30715d65443 cea2f76b5db94c29be04a30715d65443] 162.253.55.50 "GET /resource_providers/ca199362-0c8d-4eca-b522-412e8a856d71/allocations" status: 200 len: 152 microversion: 1.0 [pid: 8|app: 0|req: 339/681] 162.253.55.50 () {32 vars in 855 bytes} [Sat Sep 19 11:41:59 2026] GET /resource_providers/ca199362-0c8d-4eca-b522-412e8a856d71/allocations => generated 152 bytes in 11 msecs (HTTP/1.1 200) 6 headers in 224 bytes (1 switches on core 0)
2026-09-19 11:41:59.887 7 INFO placement.requestlog [req-bb7e2579-6ca6-4c05-b1c9-b8d0e002edb3 req-1e254b8a-6685-4c52-92f0-4c945264d512 76dcacb241574c33aa22bd9199cd1bc4 881c74a9c46145c4be52d0cf5039bd72 - - cea2f76b5db94c29be04a30715d65443 cea2f76b5db94c29be04a30715d65443] 162.253.55.50 "GET /allocations/1ad0a4a2-cc50-4a11-a77f-35ebc1ad95b1" status: 200 len: 257 microversion: 1.28 [pid: 7|app: 0|req: 343/682] 162.253.55.50 () {34 vars in 861 bytes} [Sat Sep 19 11:41:59 2026] GET /allocations/1ad0a4a2-cc50-4a11-a77f-35ebc1ad95b1 => generated 257 bytes in 12 msecs (HTTP/1.1 200) 8 headers in 296 bytes (1 switches on core 0)
2026-09-19 11:42:01.257 8 INFO placement.requestlog [req-bb7e2579-6ca6-4c05-b1c9-b8d0e002edb3 req-910189c8-70ca-4f85-b3ed-ba0f1fc5f068 76dcacb241574c33aa22bd9199cd1bc4 881c74a9c46145c4be52d0cf5039bd72 - - cea2f76b5db94c29be04a30715d65443 cea2f76b5db94c29be04a30715d65443] 162.253.55.50 "DELETE /allocations/1ad0a4a2-cc50-4a11-a77f-35ebc1ad95b1" status: 204 len: 0 microversion: 1.0 [pid: 8|app: 0|req: 340/683] 162.253.55.50 () {34 vars in 839 bytes} [Sat Sep 19 11:42:01 2026] DELETE /allocations/1ad0a4a2-cc50-4a11-a77f-35ebc1ad95b1 => generated 0 bytes in 38 msecs (HTTP/1.1 204) 5 headers in 198 bytes (1 switches on core 0)
2026-09-19 11:42:03.798 7 INFO placement.requestlog [req-6f0a232c-8a88-4434-a529-f6e576ffde3e req-c3f997f5-d306-4394-bc59-101aa6e46ac3 76dcacb241574c33aa22bd9199cd1bc4 881c74a9c46145c4be52d0cf5039bd72 - - cea2f76b5db94c29be04a30715d65443 cea2f76b5db94c29be04a30715d65443] 10.0.0.5 "DELETE /allocations/1ad0a4a2-cc50-4a11-a77f-35ebc1ad95b1" status: 404 len: 228 microversion: 1.0 [pid: 7|app: 0|req: 344/684] 10.0.0.5 () {34 vars in 827 bytes} [Sat Sep 19 11:42:03 2026] DELETE /allocations/1ad0a4a2-cc50-4a11-a77f-35ebc1ad95b1 => generated 228 bytes in 15 msecs (HTTP/1.1 404) 6 headers in 231 bytes (1 switches on core 0)
2026-09-19 11:42:04.145 8 INFO placement.requestlog [None req-41f4eff8-5573-499f-b085-7de657843896 - - - - - -] 10.0.0.222 "GET /" status: 200 len: 136 microversion: 1.0
2026-09-19 11:42:04.145 7 INFO placement.requestlog [None req-1f51891d-2c26-4527-9956-6d0b0853166a - - - - - -] 10.0.0.222 "GET /" status: 200 len: 136 microversion: 1.0
2026-09-19 11:42:04.888 7 INFO placement.requestlog [None req-ffa9ae6e-b840-494b-8f34-b4babb1567e9 3b8ed4bc07044ed982cfaf11b37256f6 881c74a9c46145c4be52d0cf5039bd72 - - cea2f76b5db94c29be04a30715d65443 cea2f76b5db94c29be04a30715d65443] 10.0.0.36 "GET /resource_providers/cd1f3bcb-386f-488b-905d-ba74055b59b8/aggregates" status: 404 len: 235 microversion: 1.1 [pid: 7|app: 0|req: 346/687] 10.0.0.36 () {32 vars in 814 bytes} [Sat Sep 19 11:42:04 2026] GET /resource_providers/cd1f3bcb-386f-488b-905d-ba74055b59b8/aggregates => generated 235 bytes in 10 msecs (HTTP/1.1 404) 5 headers in 202 bytes (1 switches on core 0)
2026-09-19 11:42:04.893 8 INFO placement.requestlog [None req-f657ca60-b660-40e6-8ad5-6c7d28eb3dce 3b8ed4bc07044ed982cfaf11b37256f6 881c74a9c46145c4be52d0cf5039bd72 - - cea2f76b5db94c29be04a30715d65443 cea2f76b5db94c29be04a30715d65443] 10.0.0.36 "GET /resource_providers/cd1f3bcb-386f-488b-905d-ba74055b59b8/aggregates" status: 404 len: 235 microversion: 1.1 [pid: 8|app: 0|req: 342/688] 10.0.0.36 () {32 vars in 814 bytes} [Sat Sep 19 11:42:04 2026] GET /resource_providers/cd1f3bcb-386f-488b-905d-ba74055b59b8/aggregates => generated 235 bytes in 16 msecs (HTTP/1.1 404) 5 headers in 202 bytes (1 switches on core 0)
2026-09-19 11:42:04.918 7 INFO placement.requestlog [None req-81ab39c5-079f-4717-88a3-e41e6cb17597 3b8ed4bc07044ed982cfaf11b37256f6 881c74a9c46145c4be52d0cf5039bd72 - - cea2f76b5db94c29be04a30715d65443 cea2f76b5db94c29be04a30715d65443] 10.0.0.36 "DELETE /resource_providers/cd1f3bcb-386f-488b-905d-ba74055b59b8" status: 404 len: 246 microversion: 1.1 [pid: 7|app: 0|req: 347/689] 10.0.0.36 () {34 vars in 814 bytes} [Sat Sep 19 11:42:04 2026] DELETE /resource_providers/cd1f3bcb-386f-488b-905d-ba74055b59b8 => generated 246 bytes in 12 msecs (HTTP/1.1 404) 6 headers in 231 bytes (1 switches on core 0)
2026-09-19 11:42:04.921 8 INFO placement.requestlog [None req-5ab83959-1f10-4f21-8e3d-a47d3441d4ca 3b8ed4bc07044ed982cfaf11b37256f6 881c74a9c46145c4be52d0cf5039bd72 - - cea2f76b5db94c29be04a30715d65443 cea2f76b5db94c29be04a30715d65443] 10.0.0.36 "DELETE /resource_providers/cd1f3bcb-386f-488b-905d-ba74055b59b8" status: 404 len: 246 microversion: 1.1 [pid: 8|app: 0|req: 343/690] 10.0.0.36 () {34 vars in 814 bytes} [Sat Sep 19 11:42:04 2026] DELETE /resource_providers/cd1f3bcb-386f-488b-905d-ba74055b59b8 => generated 246 bytes in 14 msecs (HTTP/1.1 404) 6 headers in 231 bytes (1 switches on core 0)
2026-09-19 11:42:06.431 8 INFO placement.requestlog [None req-deee764d-2615-4919-8be0-4d96447e3ab2 3b8ed4bc07044ed982cfaf11b37256f6 881c74a9c46145c4be52d0cf5039bd72 - - cea2f76b5db94c29be04a30715d65443 cea2f76b5db94c29be04a30715d65443] 10.0.0.36 "GET /resource_providers/d5a804d1-a8a6-43bc-9661-ca4ab9412c55/aggregates" status: 404 len: 235 microversion: 1.1 [pid: 8|app: 0|req: 344/691] 10.0.0.36 () {32 vars in 814 bytes} [Sat Sep 19 11:42:06 2026] GET /resource_providers/d5a804d1-a8a6-43bc-9661-ca4ab9412c55/aggregates => generated 235 bytes in 18 msecs (HTTP/1.1 404) 5 headers in 202 bytes (1 switches on core 0)
2026-09-19 11:42:06.436 7 INFO placement.requestlog [None req-1f04322d-e7a9-438c-9134-9cbbf3b9b4e5 3b8ed4bc07044ed982cfaf11b37256f6 881c74a9c46145c4be52d0cf5039bd72 - - cea2f76b5db94c29be04a30715d65443 cea2f76b5db94c29be04a30715d65443] 10.0.0.36 "GET /resource_providers/d5a804d1-a8a6-43bc-9661-ca4ab9412c55/aggregates" status: 404 len: 235 microversion: 1.1 [pid: 7|app: 0|req: 348/692] 10.0.0.36 () {32 vars in 814 bytes} [Sat Sep 19 11:42:06 2026] GET /resource_providers/d5a804d1-a8a6-43bc-9661-ca4ab9412c55/aggregates => generated 235 bytes in 23 msecs (HTTP/1.1 404) 5 headers in 202 bytes (1 switches on core 0)
2026-09-19 11:42:06.455 7 INFO placement.requestlog [None req-6c98bc02-211f-489d-b658-8b315df3ce67 3b8ed4bc07044ed982cfaf11b37256f6 881c74a9c46145c4be52d0cf5039bd72 - - cea2f76b5db94c29be04a30715d65443 cea2f76b5db94c29be04a30715d65443] 10.0.0.36 "DELETE /resource_providers/d5a804d1-a8a6-43bc-9661-ca4ab9412c55" status: 404 len: 246 microversion: 1.1 [pid: 7|app: 0|req: 349/693] 10.0.0.36 () {34 vars in 814 bytes} [Sat Sep 19 11:42:06 2026] DELETE /resource_providers/d5a804d1-a8a6-43bc-9661-ca4ab9412c55 => generated 246 bytes in 14 msecs (HTTP/1.1 404) 6 headers in 231 bytes (1 switches on core 0)
2026-09-19 11:42:06.456 8 INFO placement.requestlog [None req-34c3054c-e58b-428c-9c23-b1a9b8b5f7a9 3b8ed4bc07044ed982cfaf11b37256f6 881c74a9c46145c4be52d0cf5039bd72 - - cea2f76b5db94c29be04a30715d65443 cea2f76b5db94c29be04a30715d65443] 10.0.0.36 "DELETE /resource_providers/d5a804d1-a8a6-43bc-9661-ca4ab9412c55" status: 404 len: 246 microversion: 1.1 [pid: 8|app: 0|req: 345/694] 10.0.0.36 () {34 vars in 814 bytes} [Sat Sep 19 11:42:06 2026] DELETE /resource_providers/d5a804d1-a8a6-43bc-9661-ca4ab9412c55 => generated 246 bytes in 15 msecs (HTTP/1.1 404) 6 headers in 231 bytes (1 switches on core 0)
2026-09-19 11:42:06.953 7 INFO placement.requestlog [None req-73216134-91aa-47c4-86c0-1ba451bc0acf 3b8ed4bc07044ed982cfaf11b37256f6 881c74a9c46145c4be52d0cf5039bd72 - - cea2f76b5db94c29be04a30715d65443 cea2f76b5db94c29be04a30715d65443] 10.0.0.36 "GET /resource_providers/73d27e55-9e27-4bdb-9e5f-890a1ed4b8ad/aggregates" status: 404 len: 235 microversion: 1.1 [pid: 7|app: 0|req: 350/695] 10.0.0.36 () {32 vars in 814 bytes} [Sat Sep 19 11:42:06 2026] GET /resource_providers/73d27e55-9e27-4bdb-9e5f-890a1ed4b8ad/aggregates => generated 235 bytes in 10 msecs (HTTP/1.1 404) 5 headers in 202 bytes (1 switches on core 0)
2026-09-19 11:42:06.954 8 INFO placement.requestlog [None req-c3b13aae-873b-41c8-ba89-3aa4cdc3c3c1 3b8ed4bc07044ed982cfaf11b37256f6 881c74a9c46145c4be52d0cf5039bd72 - - cea2f76b5db94c29be04a30715d65443 cea2f76b5db94c29be04a30715d65443] 10.0.0.36 "GET /resource_providers/73d27e55-9e27-4bdb-9e5f-890a1ed4b8ad/aggregates" status: 404 len: 235 microversion: 1.1 [pid: 8|app: 0|req: 346/696] 10.0.0.36 () {32 vars in 814 bytes} [Sat Sep 19 11:42:06 2026] GET /resource_providers/73d27e55-9e27-4bdb-9e5f-890a1ed4b8ad/aggregates => generated 235 bytes in 11 msecs (HTTP/1.1 404) 5 headers in 202 bytes (1 switches on core 0)
2026-09-19 11:42:06.972 7 INFO placement.requestlog [None req-d7a3b6a4-ae20-49c5-b499-2c130c69bab6 3b8ed4bc07044ed982cfaf11b37256f6 881c74a9c46145c4be52d0cf5039bd72 - - cea2f76b5db94c29be04a30715d65443 cea2f76b5db94c29be04a30715d65443] 10.0.0.36 "DELETE /resource_providers/73d27e55-9e27-4bdb-9e5f-890a1ed4b8ad" status: 404 len: 246 microversion: 1.1 [pid: 7|app: 0|req: 351/697] 10.0.0.36 () {34 vars in 814 bytes} [Sat Sep 19 11:42:06 2026] DELETE /resource_providers/73d27e55-9e27-4bdb-9e5f-890a1ed4b8ad => generated 246 bytes in 8 msecs (HTTP/1.1 404) 6 headers in 231 bytes (1 switches on core 0)
2026-09-19 11:42:06.989 8 INFO placement.requestlog [None req-25b3e04e-5863-435f-8434-1af527164e9c 3b8ed4bc07044ed982cfaf11b37256f6 881c74a9c46145c4be52d0cf5039bd72 - - cea2f76b5db94c29be04a30715d65443 cea2f76b5db94c29be04a30715d65443] 10.0.0.36 "DELETE /resource_providers/73d27e55-9e27-4bdb-9e5f-890a1ed4b8ad" status: 404 len: 246 microversion: 1.1 [pid: 8|app: 0|req: 347/698] 10.0.0.36 () {34 vars in 814 bytes} [Sat Sep 19 11:42:06 2026] DELETE /resource_providers/73d27e55-9e27-4bdb-9e5f-890a1ed4b8ad => generated 246 bytes in 8 msecs (HTTP/1.1 404) 6 headers in 231 bytes (1 switches on core 0)
2026-09-19 11:42:07.794 7 INFO placement.requestlog [req-7100fa17-cef8-4ab4-af6c-a04b1f6d32f0 req-ef12bbdd-5a4f-481d-969c-45abf1eb1e05 76dcacb241574c33aa22bd9199cd1bc4 881c74a9c46145c4be52d0cf5039bd72 - - cea2f76b5db94c29be04a30715d65443 cea2f76b5db94c29be04a30715d65443] 10.0.0.74 "GET /allocation_candidates?limit=1000&resources=DISK_GB%3A1%2CMEMORY_MB%3A512%2CVCPU%3A1&root_required=%21COMPUTE_STATUS_DISABLED" status: 200 len: 2781 microversion: 1.36 [pid: 7|app: 0|req: 352/699] 10.0.0.74 () {34 vars in 1010 bytes} [Sat Sep 19 11:42:07 2026] GET /allocation_candidates?limit=1000&resources=DISK_GB%3A1%2CMEMORY_MB%3A512%2CVCPU%3A1&root_required=%21COMPUTE_STATUS_DISABLED => generated 2781 bytes in 42 msecs (HTTP/1.1 200) 8 headers in 297 bytes (1 switches on core 0)
2026-09-19 11:42:07.824 8 INFO placement.requestlog [req-7100fa17-cef8-4ab4-af6c-a04b1f6d32f0 req-5acfa8a8-bf4f-4f49-8c85-1b161f437952 76dcacb241574c33aa22bd9199cd1bc4 881c74a9c46145c4be52d0cf5039bd72 - - cea2f76b5db94c29be04a30715d65443 cea2f76b5db94c29be04a30715d65443] 10.0.0.74 "GET /allocations/5f79e806-8b46-401f-a617-5e28c06d7356" status: 200 len: 19 microversion: 1.28 [pid: 8|app: 0|req: 348/700] 10.0.0.74 () {34 vars in 859 bytes} [Sat Sep 19 11:42:07 2026] GET /allocations/5f79e806-8b46-401f-a617-5e28c06d7356 => generated 19 bytes in 9 msecs (HTTP/1.1 200) 8 headers in 295 bytes (1 switches on core 0)
2026-09-19 11:42:07.911 7 INFO placement.requestlog [req-7100fa17-cef8-4ab4-af6c-a04b1f6d32f0 req-b35ddef9-2603-4e36-9d26-63dc3b28f73c 76dcacb241574c33aa22bd9199cd1bc4 881c74a9c46145c4be52d0cf5039bd72 - - cea2f76b5db94c29be04a30715d65443 cea2f76b5db94c29be04a30715d65443] 10.0.0.74 "PUT /allocations/5f79e806-8b46-401f-a617-5e28c06d7356" status: 204 len: 0 microversion: 1.36 [pid: 7|app: 0|req: 353/701] 10.0.0.74 () {38 vars in 912 bytes} [Sat Sep 19 11:42:07 2026] PUT /allocations/5f79e806-8b46-401f-a617-5e28c06d7356 => generated 0 bytes in 82 msecs (HTTP/1.1 204) 5 headers in 199 bytes (1 switches on core 0)
2026-09-19 11:42:08.157 8 INFO placement.requestlog [req-7100fa17-cef8-4ab4-af6c-a04b1f6d32f0 req-88c7f64c-e2d8-4495-b002-76aa817aed4f 76dcacb241574c33aa22bd9199cd1bc4 881c74a9c46145c4be52d0cf5039bd72 - - cea2f76b5db94c29be04a30715d65443 cea2f76b5db94c29be04a30715d65443] 162.253.55.50 "GET /allocations/5f79e806-8b46-401f-a617-5e28c06d7356" status: 200 len: 257 microversion: 1.28 [pid: 8|app: 0|req: 349/702] 162.253.55.50 () {34 vars in 861 bytes} [Sat Sep 19 11:42:08 2026] GET /allocations/5f79e806-8b46-401f-a617-5e28c06d7356 => generated 257 bytes in 20 msecs (HTTP/1.1 200) 8 headers in 296 bytes (1 switches on core 0)
2026-09-19 11:42:08.259 7 INFO placement.requestlog [req-7100fa17-cef8-4ab4-af6c-a04b1f6d32f0 req-f120ace0-487d-45e1-9ecf-31baa42a98b2 76dcacb241574c33aa22bd9199cd1bc4 881c74a9c46145c4be52d0cf5039bd72 - - cea2f76b5db94c29be04a30715d65443 cea2f76b5db94c29be04a30715d65443] 162.253.55.50 "GET /resource_providers/ca199362-0c8d-4eca-b522-412e8a856d71/allocations" status: 200 len: 152 microversion: 1.0 [pid: 7|app: 0|req: 354/703] 162.253.55.50 () {32 vars in 855 bytes} [Sat Sep 19 11:42:08 2026] GET /resource_providers/ca199362-0c8d-4eca-b522-412e8a856d71/allocations => generated 152 bytes in 22 msecs (HTTP/1.1 200) 6 headers in 224 bytes (1 switches on core 0)
