2026-06-25 23:32:00.107 7 INFO cinder.api.openstack.wsgi [None req-299ffee4-dd6a-4bef-a932-2c83670069b2 5841f877729a4021a03c9f81b01fdac4 9723ce08bd194840807ea5f14fc82ce5 - - default default] http://cinder-api.openstack.svc.cluster.local:8776/v3/9723ce08bd194840807ea5f14fc82ce5/os-quota-sets/80d4fa6188584868a9fd725a8f8d7c74?usage=true returned with HTTP 200 [pid: 7|app: 0|req: 346/696] 10.0.0.215 () {28 vars in 735 bytes} [Thu Jun 25 23:32:00 2026] GET /v3/9723ce08bd194840807ea5f14fc82ce5/os-quota-sets/80d4fa6188584868a9fd725a8f8d7c74?usage=true => generated 845 bytes in 35 msecs (HTTP/1.1 200) 7 headers in 285 bytes (1 switches on core 0)
2026-06-25 23:32:00.123 8 INFO cinder.api.openstack.wsgi [None req-807bad79-0b71-4ca1-8d25-4bf94e59cc98 5841f877729a4021a03c9f81b01fdac4 9723ce08bd194840807ea5f14fc82ce5 - - default default] GET http://cinder-api.openstack.svc.cluster.local:8776/v3/9723ce08bd194840807ea5f14fc82ce5/os-quota-sets/9723ce08bd194840807ea5f14fc82ce5?usage=true
2026-06-25 23:32:00.159 8 INFO cinder.api.openstack.wsgi [None req-807bad79-0b71-4ca1-8d25-4bf94e59cc98 5841f877729a4021a03c9f81b01fdac4 9723ce08bd194840807ea5f14fc82ce5 - - default default] http://cinder-api.openstack.svc.cluster.local:8776/v3/9723ce08bd194840807ea5f14fc82ce5/os-quota-sets/9723ce08bd194840807ea5f14fc82ce5?usage=true returned with HTTP 200 [pid: 8|app: 0|req: 351/697] 10.0.0.215 () {28 vars in 735 bytes} [Thu Jun 25 23:32:00 2026] GET /v3/9723ce08bd194840807ea5f14fc82ce5/os-quota-sets/9723ce08bd194840807ea5f14fc82ce5?usage=true => generated 845 bytes in 46 msecs (HTTP/1.1 200) 7 headers in 285 bytes (1 switches on core 0)
2026-06-25 23:32:00.174 7 INFO cinder.api.openstack.wsgi [None req-4e8bfec8-6164-4a20-ad18-de7236b625fc 5841f877729a4021a03c9f81b01fdac4 9723ce08bd194840807ea5f14fc82ce5 - - default default] GET http://cinder-api.openstack.svc.cluster.local:8776/v3/9723ce08bd194840807ea5f14fc82ce5/os-services
2026-06-25 23:32:00.181 7 INFO cinder.api.openstack.wsgi [None req-4e8bfec8-6164-4a20-ad18-de7236b625fc 5841f877729a4021a03c9f81b01fdac4 9723ce08bd194840807ea5f14fc82ce5 - - default default] http://cinder-api.openstack.svc.cluster.local:8776/v3/9723ce08bd194840807ea5f14fc82ce5/os-services returned with HTTP 200 [pid: 7|app: 0|req: 347/698] 10.0.0.215 () {28 vars in 644 bytes} [Thu Jun 25 23:32:00 2026] GET /v3/9723ce08bd194840807ea5f14fc82ce5/os-services => generated 646 bytes in 15 msecs (HTTP/1.1 200) 7 headers in 285 bytes (1 switches on core 0)
2026-06-25 23:32:05.928 8 INFO cinder.api.openstack.wsgi [None req-807bad79-0b71-4ca1-8d25-4bf94e59cc98 5841f877729a4021a03c9f81b01fdac4 9723ce08bd194840807ea5f14fc82ce5 - - default default] GET http://10.0.0.247:8776/
2026-06-25 23:32:05.928 7 INFO cinder.api.openstack.wsgi [None req-4e8bfec8-6164-4a20-ad18-de7236b625fc 5841f877729a4021a03c9f81b01fdac4 9723ce08bd194840807ea5f14fc82ce5 - - default default] GET http://10.0.0.247:8776/
2026-06-25 23:32:05.928 8 INFO cinder.api.openstack.wsgi [None req-807bad79-0b71-4ca1-8d25-4bf94e59cc98 5841f877729a4021a03c9f81b01fdac4 9723ce08bd194840807ea5f14fc82ce5 - - default default] http://10.0.0.247:8776/ returned with HTTP 300
2026-06-25 23:32:05.928 7 INFO cinder.api.openstack.wsgi [None req-4e8bfec8-6164-4a20-ad18-de7236b625fc 5841f877729a4021a03c9f81b01fdac4 9723ce08bd194840807ea5f14fc82ce5 - - default default] http://10.0.0.247:8776/ returned with HTTP 300
2026-06-25 23:32:15.929 7 INFO cinder.api.openstack.wsgi [None req-4e8bfec8-6164-4a20-ad18-de7236b625fc 5841f877729a4021a03c9f81b01fdac4 9723ce08bd194840807ea5f14fc82ce5 - - default default] GET http://10.0.0.247:8776/
2026-06-25 23:32:15.929 8 INFO cinder.api.openstack.wsgi [None req-807bad79-0b71-4ca1-8d25-4bf94e59cc98 5841f877729a4021a03c9f81b01fdac4 9723ce08bd194840807ea5f14fc82ce5 - - default default] GET http://10.0.0.247:8776/
2026-06-25 23:32:15.929 7 INFO cinder.api.openstack.wsgi [None req-4e8bfec8-6164-4a20-ad18-de7236b625fc 5841f877729a4021a03c9f81b01fdac4 9723ce08bd194840807ea5f14fc82ce5 - - default default] http://10.0.0.247:8776/ returned with HTTP 300
2026-06-25 23:32:15.930 8 INFO cinder.api.openstack.wsgi [None req-807bad79-0b71-4ca1-8d25-4bf94e59cc98 5841f877729a4021a03c9f81b01fdac4 9723ce08bd194840807ea5f14fc82ce5 - - default default] http://10.0.0.247:8776/ returned with HTTP 300
2026-06-25 23:32:25.928 7 INFO cinder.api.openstack.wsgi [None req-4e8bfec8-6164-4a20-ad18-de7236b625fc 5841f877729a4021a03c9f81b01fdac4 9723ce08bd194840807ea5f14fc82ce5 - - default default] GET http://10.0.0.247:8776/
2026-06-25 23:32:25.930 7 INFO cinder.api.openstack.wsgi [None req-4e8bfec8-6164-4a20-ad18-de7236b625fc 5841f877729a4021a03c9f81b01fdac4 9723ce08bd194840807ea5f14fc82ce5 - - default default] http://10.0.0.247:8776/ returned with HTTP 300
2026-06-25 23:32:25.930 8 INFO cinder.api.openstack.wsgi [None req-807bad79-0b71-4ca1-8d25-4bf94e59cc98 5841f877729a4021a03c9f81b01fdac4 9723ce08bd194840807ea5f14fc82ce5 - - default default] GET http://10.0.0.247:8776/
2026-06-25 23:32:25.931 8 INFO cinder.api.openstack.wsgi [None req-807bad79-0b71-4ca1-8d25-4bf94e59cc98 5841f877729a4021a03c9f81b01fdac4 9723ce08bd194840807ea5f14fc82ce5 - - default default] http://10.0.0.247:8776/ returned with HTTP 300
2026-06-25 23:32:35.929 7 INFO cinder.api.openstack.wsgi [None req-4e8bfec8-6164-4a20-ad18-de7236b625fc 5841f877729a4021a03c9f81b01fdac4 9723ce08bd194840807ea5f14fc82ce5 - - default default] GET http://10.0.0.247:8776/
2026-06-25 23:32:35.929 8 INFO cinder.api.openstack.wsgi [None req-807bad79-0b71-4ca1-8d25-4bf94e59cc98 5841f877729a4021a03c9f81b01fdac4 9723ce08bd194840807ea5f14fc82ce5 - - default default] GET http://10.0.0.247:8776/
2026-06-25 23:32:35.930 7 INFO cinder.api.openstack.wsgi [None req-4e8bfec8-6164-4a20-ad18-de7236b625fc 5841f877729a4021a03c9f81b01fdac4 9723ce08bd194840807ea5f14fc82ce5 - - default default] http://10.0.0.247:8776/ returned with HTTP 300
2026-06-25 23:32:35.930 8 INFO cinder.api.openstack.wsgi [None req-807bad79-0b71-4ca1-8d25-4bf94e59cc98 5841f877729a4021a03c9f81b01fdac4 9723ce08bd194840807ea5f14fc82ce5 - - default default] http://10.0.0.247:8776/ returned with HTTP 300
2026-06-25 23:32:35.971 8 INFO cinder.api.openstack.wsgi [None req-a3311f7e-63d2-4272-acbc-950bd7be4c5e 168f58266b474c0880925573295ca985 56a5a91f2fd644a690682571a64c8237 - - default default] POST http://cinder-api.openstack.svc.cluster.local:8776/v3/56a5a91f2fd644a690682571a64c8237/volumes
2026-06-25 23:32:36.661 8 INFO cinder.api.v3.volumes [None req-a3311f7e-63d2-4272-acbc-950bd7be4c5e 168f58266b474c0880925573295ca985 56a5a91f2fd644a690682571a64c8237 - - default default] Create volume of 1 GB
2026-06-25 23:32:36.685 8 INFO cinder.volume.api [None req-a3311f7e-63d2-4272-acbc-950bd7be4c5e 168f58266b474c0880925573295ca985 56a5a91f2fd644a690682571a64c8237 - - default default] Availability Zones retrieved successfully. /var/lib/openstack/lib/python3.10/site-packages/taskflow/engines/action_engine/process_executor.py:17: DeprecationWarning: The asyncore module is deprecated and will be removed in Python 3.12. The recommended replacement is asyncio import asyncore
2026-06-25 23:32:37.062 8 INFO cinder.volume.api [None req-a3311f7e-63d2-4272-acbc-950bd7be4c5e 168f58266b474c0880925573295ca985 56a5a91f2fd644a690682571a64c8237 - - default default] Create volume request issued successfully.
2026-06-25 23:32:37.064 8 INFO cinder.api.openstack.wsgi [None req-a3311f7e-63d2-4272-acbc-950bd7be4c5e 168f58266b474c0880925573295ca985 56a5a91f2fd644a690682571a64c8237 - - default default] http://cinder-api.openstack.svc.cluster.local:8776/v3/56a5a91f2fd644a690682571a64c8237/volumes returned with HTTP 202 [pid: 8|app: 0|req: 356/707] 10.0.0.8 () {34 vars in 720 bytes} [Thu Jun 25 23:32:35 2026] POST /v3/56a5a91f2fd644a690682571a64c8237/volumes => generated 865 bytes in 1103 msecs (HTTP/1.1 202) 7 headers in 291 bytes (1 switches on core 0)
2026-06-25 23:32:37.090 7 INFO cinder.api.openstack.wsgi [None req-8ee8a21e-366d-4c04-b286-1accdd83ed5f 168f58266b474c0880925573295ca985 56a5a91f2fd644a690682571a64c8237 - - default default] GET http://cinder-api.openstack.svc.cluster.local:8776/v3/56a5a91f2fd644a690682571a64c8237/volumes/491f90a4-7fca-40f7-821b-583ec3431624 /var/lib/openstack/lib/python3.10/site-packages/oslo_context/context.py:100: DeprecationWarning: Policy enforcement is depending on the value of is_admin. This key is deprecated. Please update your policy file to use the standard policy values. warnings.warn('Policy enforcement is depending on the value of '
2026-06-25 23:32:37.132 7 INFO cinder.volume.api [None req-8ee8a21e-366d-4c04-b286-1accdd83ed5f 168f58266b474c0880925573295ca985 56a5a91f2fd644a690682571a64c8237 - - default default] Volume info retrieved successfully.
2026-06-25 23:32:37.144 7 INFO cinder.api.openstack.wsgi [None req-8ee8a21e-366d-4c04-b286-1accdd83ed5f 168f58266b474c0880925573295ca985 56a5a91f2fd644a690682571a64c8237 - - default default] http://cinder-api.openstack.svc.cluster.local:8776/v3/56a5a91f2fd644a690682571a64c8237/volumes/491f90a4-7fca-40f7-821b-583ec3431624 returned with HTTP 200 [pid: 7|app: 0|req: 352/708] 10.0.0.8 () {32 vars in 772 bytes} [Thu Jun 25 23:32:37 2026] GET /v3/56a5a91f2fd644a690682571a64c8237/volumes/491f90a4-7fca-40f7-821b-583ec3431624 => generated 933 bytes in 66 msecs (HTTP/1.1 200) 7 headers in 285 bytes (1 switches on core 0) /var/lib/openstack/lib/python3.10/site-packages/pycadf/identifier.py:71: UserWarning: Invalid uuid: cinderv3. To ensure interoperability, identifiers should be a valid uuid. warnings.warn(('Invalid uuid: %s. To ensure interoperability, '
2026-06-25 23:32:38.175 8 INFO cinder.api.openstack.wsgi [None req-aa4766e4-b0f7-41cd-8dbe-cc94fb8452ea 168f58266b474c0880925573295ca985 56a5a91f2fd644a690682571a64c8237 - - default default] GET http://cinder-api.openstack.svc.cluster.local:8776/v3/56a5a91f2fd644a690682571a64c8237/volumes/491f90a4-7fca-40f7-821b-583ec3431624 /var/lib/openstack/lib/python3.10/site-packages/oslo_context/context.py:100: DeprecationWarning: Policy enforcement is depending on the value of is_admin. This key is deprecated. Please update your policy file to use the standard policy values. warnings.warn('Policy enforcement is depending on the value of '
2026-06-25 23:32:38.196 8 INFO cinder.volume.api [None req-aa4766e4-b0f7-41cd-8dbe-cc94fb8452ea 168f58266b474c0880925573295ca985 56a5a91f2fd644a690682571a64c8237 - - default default] Volume info retrieved successfully.
2026-06-25 23:32:38.207 8 INFO cinder.api.openstack.wsgi [None req-aa4766e4-b0f7-41cd-8dbe-cc94fb8452ea 168f58266b474c0880925573295ca985 56a5a91f2fd644a690682571a64c8237 - - default default] http://cinder-api.openstack.svc.cluster.local:8776/v3/56a5a91f2fd644a690682571a64c8237/volumes/491f90a4-7fca-40f7-821b-583ec3431624 returned with HTTP 200 [pid: 8|app: 0|req: 357/709] 10.0.0.8 () {32 vars in 772 bytes} [Thu Jun 25 23:32:38 2026] GET /v3/56a5a91f2fd644a690682571a64c8237/volumes/491f90a4-7fca-40f7-821b-583ec3431624 => generated 957 bytes in 41 msecs (HTTP/1.1 200) 7 headers in 285 bytes (1 switches on core 0) /var/lib/openstack/lib/python3.10/site-packages/pycadf/identifier.py:71: UserWarning: Invalid uuid: cinderv3. To ensure interoperability, identifiers should be a valid uuid. warnings.warn(('Invalid uuid: %s. To ensure interoperability, '
2026-06-25 23:32:39.229 7 INFO cinder.api.openstack.wsgi [None req-193610d6-8407-4040-95b9-05b985b3a71e 168f58266b474c0880925573295ca985 56a5a91f2fd644a690682571a64c8237 - - default default] GET http://cinder-api.openstack.svc.cluster.local:8776/v3/56a5a91f2fd644a690682571a64c8237/volumes/491f90a4-7fca-40f7-821b-583ec3431624 /var/lib/openstack/lib/python3.10/site-packages/oslo_context/context.py:100: DeprecationWarning: Policy enforcement is depending on the value of is_admin. This key is deprecated. Please update your policy file to use the standard policy values. warnings.warn('Policy enforcement is depending on the value of '
2026-06-25 23:32:39.254 7 INFO cinder.volume.api [None req-193610d6-8407-4040-95b9-05b985b3a71e 168f58266b474c0880925573295ca985 56a5a91f2fd644a690682571a64c8237 - - default default] Volume info retrieved successfully.
2026-06-25 23:32:39.266 7 INFO cinder.api.openstack.wsgi [None req-193610d6-8407-4040-95b9-05b985b3a71e 168f58266b474c0880925573295ca985 56a5a91f2fd644a690682571a64c8237 - - default default] http://cinder-api.openstack.svc.cluster.local:8776/v3/56a5a91f2fd644a690682571a64c8237/volumes/491f90a4-7fca-40f7-821b-583ec3431624 returned with HTTP 200 [pid: 7|app: 0|req: 353/710] 10.0.0.8 () {32 vars in 772 bytes} [Thu Jun 25 23:32:39 2026] GET /v3/56a5a91f2fd644a690682571a64c8237/volumes/491f90a4-7fca-40f7-821b-583ec3431624 => generated 957 bytes in 44 msecs (HTTP/1.1 200) 7 headers in 285 bytes (1 switches on core 0) /var/lib/openstack/lib/python3.10/site-packages/pycadf/identifier.py:71: UserWarning: Invalid uuid: cinderv3. To ensure interoperability, identifiers should be a valid uuid. warnings.warn(('Invalid uuid: %s. To ensure interoperability, '
2026-06-25 23:32:40.290 8 INFO cinder.api.openstack.wsgi [None req-a8abff6f-3f39-41b1-9d5c-72a21322b1e3 168f58266b474c0880925573295ca985 56a5a91f2fd644a690682571a64c8237 - - default default] GET http://cinder-api.openstack.svc.cluster.local:8776/v3/56a5a91f2fd644a690682571a64c8237/volumes/491f90a4-7fca-40f7-821b-583ec3431624 /var/lib/openstack/lib/python3.10/site-packages/oslo_context/context.py:100: DeprecationWarning: Policy enforcement is depending on the value of is_admin. This key is deprecated. Please update your policy file to use the standard policy values. warnings.warn('Policy enforcement is depending on the value of '
2026-06-25 23:32:40.305 8 INFO cinder.volume.api [None req-a8abff6f-3f39-41b1-9d5c-72a21322b1e3 168f58266b474c0880925573295ca985 56a5a91f2fd644a690682571a64c8237 - - default default] Volume info retrieved successfully.
2026-06-25 23:32:40.311 8 INFO cinder.api.openstack.wsgi [None req-a8abff6f-3f39-41b1-9d5c-72a21322b1e3 168f58266b474c0880925573295ca985 56a5a91f2fd644a690682571a64c8237 - - default default] http://cinder-api.openstack.svc.cluster.local:8776/v3/56a5a91f2fd644a690682571a64c8237/volumes/491f90a4-7fca-40f7-821b-583ec3431624 returned with HTTP 200 [pid: 8|app: 0|req: 358/711] 10.0.0.8 () {32 vars in 772 bytes} [Thu Jun 25 23:32:40 2026] GET /v3/56a5a91f2fd644a690682571a64c8237/volumes/491f90a4-7fca-40f7-821b-583ec3431624 => generated 956 bytes in 27 msecs (HTTP/1.1 200) 7 headers in 285 bytes (1 switches on core 0) /var/lib/openstack/lib/python3.10/site-packages/pycadf/identifier.py:71: UserWarning: Invalid uuid: cinderv3. To ensure interoperability, identifiers should be a valid uuid. warnings.warn(('Invalid uuid: %s. To ensure interoperability, '
2026-06-25 23:32:41.336 7 INFO cinder.api.openstack.wsgi [None req-758da20c-8b5e-411c-851d-f0dc369c3ca0 168f58266b474c0880925573295ca985 56a5a91f2fd644a690682571a64c8237 - - default default] GET http://cinder-api.openstack.svc.cluster.local:8776/v3/56a5a91f2fd644a690682571a64c8237/volumes/491f90a4-7fca-40f7-821b-583ec3431624 /var/lib/openstack/lib/python3.10/site-packages/oslo_context/context.py:100: DeprecationWarning: Policy enforcement is depending on the value of is_admin. This key is deprecated. Please update your policy file to use the standard policy values. warnings.warn('Policy enforcement is depending on the value of '
2026-06-25 23:32:41.351 7 INFO cinder.volume.api [None req-758da20c-8b5e-411c-851d-f0dc369c3ca0 168f58266b474c0880925573295ca985 56a5a91f2fd644a690682571a64c8237 - - default default] Volume info retrieved successfully.
2026-06-25 23:32:41.356 7 INFO cinder.api.openstack.wsgi [None req-758da20c-8b5e-411c-851d-f0dc369c3ca0 168f58266b474c0880925573295ca985 56a5a91f2fd644a690682571a64c8237 - - default default] http://cinder-api.openstack.svc.cluster.local:8776/v3/56a5a91f2fd644a690682571a64c8237/volumes/491f90a4-7fca-40f7-821b-583ec3431624 returned with HTTP 200 [pid: 7|app: 0|req: 354/712] 10.0.0.8 () {32 vars in 772 bytes} [Thu Jun 25 23:32:41 2026] GET /v3/56a5a91f2fd644a690682571a64c8237/volumes/491f90a4-7fca-40f7-821b-583ec3431624 => generated 1342 bytes in 29 msecs (HTTP/1.1 200) 7 headers in 286 bytes (1 switches on core 0) /var/lib/openstack/lib/python3.10/site-packages/pycadf/identifier.py:71: UserWarning: Invalid uuid: cinderv3. To ensure interoperability, identifiers should be a valid uuid. warnings.warn(('Invalid uuid: %s. To ensure interoperability, '
2026-06-25 23:32:41.459 8 INFO cinder.api.openstack.wsgi [req-816f657e-c98c-4b14-aeb4-7aeb86ad17de req-b01a4feb-b854-48bc-915b-3a53e63362c5 168f58266b474c0880925573295ca985 56a5a91f2fd644a690682571a64c8237 - - default default] GET http://cinder-api.openstack.svc.cluster.local:8776/v3/56a5a91f2fd644a690682571a64c8237/volumes/491f90a4-7fca-40f7-821b-583ec3431624 /var/lib/openstack/lib/python3.10/site-packages/oslo_context/context.py:100: DeprecationWarning: Policy enforcement is depending on the value of is_admin. This key is deprecated. Please update your policy file to use the standard policy values. warnings.warn('Policy enforcement is depending on the value of '
2026-06-25 23:32:41.474 8 INFO cinder.volume.api [req-816f657e-c98c-4b14-aeb4-7aeb86ad17de req-b01a4feb-b854-48bc-915b-3a53e63362c5 168f58266b474c0880925573295ca985 56a5a91f2fd644a690682571a64c8237 - - default default] Volume info retrieved successfully.
2026-06-25 23:32:41.480 8 INFO cinder.api.openstack.wsgi [req-816f657e-c98c-4b14-aeb4-7aeb86ad17de req-b01a4feb-b854-48bc-915b-3a53e63362c5 168f58266b474c0880925573295ca985 56a5a91f2fd644a690682571a64c8237 - - default default] http://cinder-api.openstack.svc.cluster.local:8776/v3/56a5a91f2fd644a690682571a64c8237/volumes/491f90a4-7fca-40f7-821b-583ec3431624 returned with HTTP 200 [pid: 8|app: 0|req: 359/713] 10.0.0.29 () {34 vars in 1026 bytes} [Thu Jun 25 23:32:41 2026] GET /v3/56a5a91f2fd644a690682571a64c8237/volumes/491f90a4-7fca-40f7-821b-583ec3431624 => generated 1342 bytes in 33 msecs (HTTP/1.1 200) 7 headers in 286 bytes (1 switches on core 0) /var/lib/openstack/lib/python3.10/site-packages/pycadf/identifier.py:71: UserWarning: Invalid uuid: cinderv3. To ensure interoperability, identifiers should be a valid uuid. warnings.warn(('Invalid uuid: %s. To ensure interoperability, '
2026-06-25 23:32:42.696 7 INFO cinder.api.openstack.wsgi [req-816f657e-c98c-4b14-aeb4-7aeb86ad17de req-fec9594d-5144-4e8b-b646-ab569644ea4a 168f58266b474c0880925573295ca985 56a5a91f2fd644a690682571a64c8237 - - default default] GET http://cinder-api.openstack.svc.cluster.local:8776/v3/56a5a91f2fd644a690682571a64c8237/volumes/491f90a4-7fca-40f7-821b-583ec3431624 /var/lib/openstack/lib/python3.10/site-packages/oslo_context/context.py:100: DeprecationWarning: Policy enforcement is depending on the value of is_admin. This key is deprecated. Please update your policy file to use the standard policy values. warnings.warn('Policy enforcement is depending on the value of '
2026-06-25 23:32:42.713 7 INFO cinder.volume.api [req-816f657e-c98c-4b14-aeb4-7aeb86ad17de req-fec9594d-5144-4e8b-b646-ab569644ea4a 168f58266b474c0880925573295ca985 56a5a91f2fd644a690682571a64c8237 - - default default] Volume info retrieved successfully.
2026-06-25 23:32:42.718 7 INFO cinder.api.openstack.wsgi [req-816f657e-c98c-4b14-aeb4-7aeb86ad17de req-fec9594d-5144-4e8b-b646-ab569644ea4a 168f58266b474c0880925573295ca985 56a5a91f2fd644a690682571a64c8237 - - default default] http://cinder-api.openstack.svc.cluster.local:8776/v3/56a5a91f2fd644a690682571a64c8237/volumes/491f90a4-7fca-40f7-821b-583ec3431624 returned with HTTP 200 [pid: 7|app: 0|req: 355/714] 10.0.0.29 () {34 vars in 1026 bytes} [Thu Jun 25 23:32:42 2026] GET /v3/56a5a91f2fd644a690682571a64c8237/volumes/491f90a4-7fca-40f7-821b-583ec3431624 => generated 1342 bytes in 28 msecs (HTTP/1.1 200) 7 headers in 286 bytes (1 switches on core 0)
2026-06-25 23:32:42.731 8 INFO cinder.api.openstack.wsgi [req-816f657e-c98c-4b14-aeb4-7aeb86ad17de req-b01a4feb-b854-48bc-915b-3a53e63362c5 168f58266b474c0880925573295ca985 56a5a91f2fd644a690682571a64c8237 - - default default] GET http://cinder-api.openstack.svc.cluster.local:8776/
2026-06-25 23:32:42.733 8 INFO cinder.api.openstack.wsgi [req-816f657e-c98c-4b14-aeb4-7aeb86ad17de req-b01a4feb-b854-48bc-915b-3a53e63362c5 168f58266b474c0880925573295ca985 56a5a91f2fd644a690682571a64c8237 - - default default] http://cinder-api.openstack.svc.cluster.local:8776/ returned with HTTP 300 [pid: 8|app: 0|req: 360/715] 10.0.0.29 () {32 vars in 827 bytes} [Thu Jun 25 23:32:42 2026] GET / => generated 411 bytes in 3 msecs (HTTP/1.1 300) 5 headers in 169 bytes (1 switches on core 0) /var/lib/openstack/lib/python3.10/site-packages/pycadf/identifier.py:71: UserWarning: Invalid uuid: cinderv3. To ensure interoperability, identifiers should be a valid uuid. warnings.warn(('Invalid uuid: %s. To ensure interoperability, '
2026-06-25 23:32:42.748 7 INFO cinder.api.openstack.wsgi [req-816f657e-c98c-4b14-aeb4-7aeb86ad17de req-685f73e0-098c-4591-8b83-1688bd478b9b 168f58266b474c0880925573295ca985 56a5a91f2fd644a690682571a64c8237 - - default default] POST http://cinder-api.openstack.svc.cluster.local:8776/v3/56a5a91f2fd644a690682571a64c8237/attachments /var/lib/openstack/lib/python3.10/site-packages/oslo_context/context.py:100: DeprecationWarning: Policy enforcement is depending on the value of is_admin. This key is deprecated. Please update your policy file to use the standard policy values. warnings.warn('Policy enforcement is depending on the value of '
2026-06-25 23:32:42.820 7 INFO cinder.api.openstack.wsgi [req-816f657e-c98c-4b14-aeb4-7aeb86ad17de req-685f73e0-098c-4591-8b83-1688bd478b9b 168f58266b474c0880925573295ca985 56a5a91f2fd644a690682571a64c8237 - - default default] http://cinder-api.openstack.svc.cluster.local:8776/v3/56a5a91f2fd644a690682571a64c8237/attachments returned with HTTP 200 [pid: 7|app: 0|req: 356/716] 10.0.0.29 () {40 vars in 1055 bytes} [Thu Jun 25 23:32:42 2026] POST /v3/56a5a91f2fd644a690682571a64c8237/attachments => generated 273 bytes in 83 msecs (HTTP/1.1 200) 7 headers in 286 bytes (1 switches on core 0)
2026-06-25 23:32:43.985 8 INFO cinder.api.openstack.wsgi [req-816f657e-c98c-4b14-aeb4-7aeb86ad17de req-b01a4feb-b854-48bc-915b-3a53e63362c5 168f58266b474c0880925573295ca985 56a5a91f2fd644a690682571a64c8237 - - default default] GET http://cinder-api.openstack.svc.cluster.local:8776/
2026-06-25 23:32:43.986 8 INFO cinder.api.openstack.wsgi [req-816f657e-c98c-4b14-aeb4-7aeb86ad17de req-b01a4feb-b854-48bc-915b-3a53e63362c5 168f58266b474c0880925573295ca985 56a5a91f2fd644a690682571a64c8237 - - default default] http://cinder-api.openstack.svc.cluster.local:8776/ returned with HTTP 300 [pid: 8|app: 0|req: 361/717] 199.204.45.113 () {32 vars in 839 bytes} [Thu Jun 25 23:32:43 2026] GET / => generated 411 bytes in 2 msecs (HTTP/1.1 300) 5 headers in 169 bytes (1 switches on core 0) /var/lib/openstack/lib/python3.10/site-packages/pycadf/identifier.py:71: UserWarning: Invalid uuid: cinderv3. To ensure interoperability, identifiers should be a valid uuid. warnings.warn(('Invalid uuid: %s. To ensure interoperability, '
2026-06-25 23:32:44.028 7 INFO cinder.api.openstack.wsgi [req-816f657e-c98c-4b14-aeb4-7aeb86ad17de req-bde0beb1-bfac-4dab-9f0e-16f6a3e26259 168f58266b474c0880925573295ca985 56a5a91f2fd644a690682571a64c8237 - - default default] GET http://cinder-api.openstack.svc.cluster.local:8776/v3/56a5a91f2fd644a690682571a64c8237/volumes/491f90a4-7fca-40f7-821b-583ec3431624 /var/lib/openstack/lib/python3.10/site-packages/oslo_context/context.py:100: DeprecationWarning: Policy enforcement is depending on the value of is_admin. This key is deprecated. Please update your policy file to use the standard policy values. warnings.warn('Policy enforcement is depending on the value of '
2026-06-25 23:32:44.048 7 INFO cinder.volume.api [req-816f657e-c98c-4b14-aeb4-7aeb86ad17de req-bde0beb1-bfac-4dab-9f0e-16f6a3e26259 168f58266b474c0880925573295ca985 56a5a91f2fd644a690682571a64c8237 - - default default] Volume info retrieved successfully.
2026-06-25 23:32:44.053 7 INFO cinder.api.openstack.wsgi [req-816f657e-c98c-4b14-aeb4-7aeb86ad17de req-bde0beb1-bfac-4dab-9f0e-16f6a3e26259 168f58266b474c0880925573295ca985 56a5a91f2fd644a690682571a64c8237 - - default default] http://cinder-api.openstack.svc.cluster.local:8776/v3/56a5a91f2fd644a690682571a64c8237/volumes/491f90a4-7fca-40f7-821b-583ec3431624 returned with HTTP 200 [pid: 7|app: 0|req: 357/718] 199.204.45.113 () {36 vars in 1072 bytes} [Thu Jun 25 23:32:44 2026] GET /v3/56a5a91f2fd644a690682571a64c8237/volumes/491f90a4-7fca-40f7-821b-583ec3431624 => generated 1440 bytes in 36 msecs (HTTP/1.1 200) 7 headers in 287 bytes (1 switches on core 0)
2026-06-25 23:32:45.928 7 INFO cinder.api.openstack.wsgi [req-816f657e-c98c-4b14-aeb4-7aeb86ad17de req-bde0beb1-bfac-4dab-9f0e-16f6a3e26259 168f58266b474c0880925573295ca985 56a5a91f2fd644a690682571a64c8237 - - default default] GET http://10.0.0.247:8776/
2026-06-25 23:32:45.928 8 INFO cinder.api.openstack.wsgi [req-816f657e-c98c-4b14-aeb4-7aeb86ad17de req-b01a4feb-b854-48bc-915b-3a53e63362c5 168f58266b474c0880925573295ca985 56a5a91f2fd644a690682571a64c8237 - - default default] GET http://10.0.0.247:8776/
2026-06-25 23:32:45.929 7 INFO cinder.api.openstack.wsgi [req-816f657e-c98c-4b14-aeb4-7aeb86ad17de req-bde0beb1-bfac-4dab-9f0e-16f6a3e26259 168f58266b474c0880925573295ca985 56a5a91f2fd644a690682571a64c8237 - - default default] http://10.0.0.247:8776/ returned with HTTP 300
2026-06-25 23:32:45.929 8 INFO cinder.api.openstack.wsgi [req-816f657e-c98c-4b14-aeb4-7aeb86ad17de req-b01a4feb-b854-48bc-915b-3a53e63362c5 168f58266b474c0880925573295ca985 56a5a91f2fd644a690682571a64c8237 - - default default] http://10.0.0.247:8776/ returned with HTTP 300 /var/lib/openstack/lib/python3.10/site-packages/pycadf/identifier.py:71: UserWarning: Invalid uuid: cinderv3. To ensure interoperability, identifiers should be a valid uuid. warnings.warn(('Invalid uuid: %s. To ensure interoperability, '
2026-06-25 23:32:46.084 7 INFO cinder.api.openstack.wsgi [req-816f657e-c98c-4b14-aeb4-7aeb86ad17de req-637b0874-346b-429b-8e77-0ae269f85a32 168f58266b474c0880925573295ca985 56a5a91f2fd644a690682571a64c8237 - - default default] PUT http://cinder-api.openstack.svc.cluster.local:8776/v3/56a5a91f2fd644a690682571a64c8237/attachments/c146d319-6961-4383-ab77-002d87c843a9 /var/lib/openstack/lib/python3.10/site-packages/oslo_context/context.py:100: DeprecationWarning: Policy enforcement is depending on the value of is_admin. This key is deprecated. Please update your policy file to use the standard policy values. warnings.warn('Policy enforcement is depending on the value of '
2026-06-25 23:32:46.794 7 INFO cinder.api.openstack.wsgi [req-816f657e-c98c-4b14-aeb4-7aeb86ad17de req-637b0874-346b-429b-8e77-0ae269f85a32 168f58266b474c0880925573295ca985 56a5a91f2fd644a690682571a64c8237 - - default default] http://cinder-api.openstack.svc.cluster.local:8776/v3/56a5a91f2fd644a690682571a64c8237/attachments/c146d319-6961-4383-ab77-002d87c843a9 returned with HTTP 200 [pid: 7|app: 0|req: 359/721] 199.204.45.113 () {40 vars in 1133 bytes} [Thu Jun 25 23:32:46 2026] PUT /v3/56a5a91f2fd644a690682571a64c8237/attachments/c146d319-6961-4383-ab77-002d87c843a9 => generated 775 bytes in 720 msecs (HTTP/1.1 200) 7 headers in 286 bytes (1 switches on core 0) /var/lib/openstack/lib/python3.10/site-packages/pycadf/identifier.py:71: UserWarning: Invalid uuid: cinderv3. To ensure interoperability, identifiers should be a valid uuid. warnings.warn(('Invalid uuid: %s. To ensure interoperability, '
2026-06-25 23:32:46.827 8 INFO cinder.api.openstack.wsgi [req-816f657e-c98c-4b14-aeb4-7aeb86ad17de req-2907eee7-8507-40fe-9054-ed67837c3eb7 168f58266b474c0880925573295ca985 56a5a91f2fd644a690682571a64c8237 - - default default] POST http://cinder-api.openstack.svc.cluster.local:8776/v3/56a5a91f2fd644a690682571a64c8237/attachments/c146d319-6961-4383-ab77-002d87c843a9/action /var/lib/openstack/lib/python3.10/site-packages/oslo_context/context.py:100: DeprecationWarning: Policy enforcement is depending on the value of is_admin. This key is deprecated. Please update your policy file to use the standard policy values. warnings.warn('Policy enforcement is depending on the value of '
2026-06-25 23:32:46.897 8 INFO cinder.api.openstack.wsgi [req-816f657e-c98c-4b14-aeb4-7aeb86ad17de req-2907eee7-8507-40fe-9054-ed67837c3eb7 168f58266b474c0880925573295ca985 56a5a91f2fd644a690682571a64c8237 - - default default] http://cinder-api.openstack.svc.cluster.local:8776/v3/56a5a91f2fd644a690682571a64c8237/attachments/c146d319-6961-4383-ab77-002d87c843a9/action returned with HTTP 204 [pid: 8|app: 0|req: 363/722] 199.204.45.113 () {40 vars in 1147 bytes} [Thu Jun 25 23:32:46 2026] POST /v3/56a5a91f2fd644a690682571a64c8237/attachments/c146d319-6961-4383-ab77-002d87c843a9/action => generated 0 bytes in 80 msecs (HTTP/1.1 204) 7 headers in 292 bytes (1 switches on core 0)
2026-06-25 23:32:55.928 7 INFO cinder.api.openstack.wsgi [req-816f657e-c98c-4b14-aeb4-7aeb86ad17de req-637b0874-346b-429b-8e77-0ae269f85a32 168f58266b474c0880925573295ca985 56a5a91f2fd644a690682571a64c8237 - - default default] GET http://10.0.0.247:8776/
2026-06-25 23:32:55.928 8 INFO cinder.api.openstack.wsgi [req-816f657e-c98c-4b14-aeb4-7aeb86ad17de req-2907eee7-8507-40fe-9054-ed67837c3eb7 168f58266b474c0880925573295ca985 56a5a91f2fd644a690682571a64c8237 - - default default] GET http://10.0.0.247:8776/
2026-06-25 23:32:55.929 8 INFO cinder.api.openstack.wsgi [req-816f657e-c98c-4b14-aeb4-7aeb86ad17de req-2907eee7-8507-40fe-9054-ed67837c3eb7 168f58266b474c0880925573295ca985 56a5a91f2fd644a690682571a64c8237 - - default default] http://10.0.0.247:8776/ returned with HTTP 300
2026-06-25 23:32:55.930 7 INFO cinder.api.openstack.wsgi [req-816f657e-c98c-4b14-aeb4-7aeb86ad17de req-637b0874-346b-429b-8e77-0ae269f85a32 168f58266b474c0880925573295ca985 56a5a91f2fd644a690682571a64c8237 - - default default] http://10.0.0.247:8776/ returned with HTTP 300 /var/lib/openstack/lib/python3.10/site-packages/pycadf/identifier.py:71: UserWarning: Invalid uuid: cinderv3. To ensure interoperability, identifiers should be a valid uuid. warnings.warn(('Invalid uuid: %s. To ensure interoperability, '
2026-06-25 23:32:56.885 8 INFO cinder.api.openstack.wsgi [req-dae5381e-46ec-4987-96ef-45ff3ea88347 req-8b50f3d0-fc99-4363-b92e-10da4bccbdd5 168f58266b474c0880925573295ca985 56a5a91f2fd644a690682571a64c8237 - - default default] DELETE http://cinder-api.openstack.svc.cluster.local:8776/v3/56a5a91f2fd644a690682571a64c8237/attachments/c146d319-6961-4383-ab77-002d87c843a9 /var/lib/openstack/lib/python3.10/site-packages/oslo_context/context.py:100: DeprecationWarning: Policy enforcement is depending on the value of is_admin. This key is deprecated. Please update your policy file to use the standard policy values. warnings.warn('Policy enforcement is depending on the value of '
2026-06-25 23:32:56.968 8 INFO cinder.api.openstack.wsgi [req-dae5381e-46ec-4987-96ef-45ff3ea88347 req-8b50f3d0-fc99-4363-b92e-10da4bccbdd5 168f58266b474c0880925573295ca985 56a5a91f2fd644a690682571a64c8237 - - default default] http://cinder-api.openstack.svc.cluster.local:8776/v3/56a5a91f2fd644a690682571a64c8237/attachments/c146d319-6961-4383-ab77-002d87c843a9 returned with HTTP 200 [pid: 8|app: 0|req: 365/725] 199.204.45.113 () {38 vars in 1102 bytes} [Thu Jun 25 23:32:56 2026] DELETE /v3/56a5a91f2fd644a690682571a64c8237/attachments/c146d319-6961-4383-ab77-002d87c843a9 => generated 19 bytes in 91 msecs (HTTP/1.1 200) 7 headers in 285 bytes (1 switches on core 0) /var/lib/openstack/lib/python3.10/site-packages/pycadf/identifier.py:71: UserWarning: Invalid uuid: cinderv3. To ensure interoperability, identifiers should be a valid uuid. warnings.warn(('Invalid uuid: %s. To ensure interoperability, '
2026-06-25 23:32:56.989 7 INFO cinder.api.openstack.wsgi [req-dae5381e-46ec-4987-96ef-45ff3ea88347 req-eadd1354-f568-4440-9971-d24e2db9d9c9 168f58266b474c0880925573295ca985 56a5a91f2fd644a690682571a64c8237 - - default default] DELETE http://cinder-api.openstack.svc.cluster.local:8776/v3/56a5a91f2fd644a690682571a64c8237/volumes/491f90a4-7fca-40f7-821b-583ec3431624
2026-06-25 23:32:56.990 7 INFO cinder.api.v3.volumes [req-dae5381e-46ec-4987-96ef-45ff3ea88347 req-eadd1354-f568-4440-9971-d24e2db9d9c9 168f58266b474c0880925573295ca985 56a5a91f2fd644a690682571a64c8237 - - default default] Delete volume with id: 491f90a4-7fca-40f7-821b-583ec3431624  /var/lib/openstack/lib/python3.10/site-packages/oslo_context/context.py:100: DeprecationWarning: Policy enforcement is depending on the value of is_admin. This key is deprecated. Please update your policy file to use the standard policy values. warnings.warn('Policy enforcement is depending on the value of '
2026-06-25 23:32:57.002 7 INFO cinder.volume.api [req-dae5381e-46ec-4987-96ef-45ff3ea88347 req-eadd1354-f568-4440-9971-d24e2db9d9c9 168f58266b474c0880925573295ca985 56a5a91f2fd644a690682571a64c8237 - - default default] Volume info retrieved successfully.
2026-06-25 23:32:57.030 7 INFO cinder.volume.api [req-dae5381e-46ec-4987-96ef-45ff3ea88347 req-eadd1354-f568-4440-9971-d24e2db9d9c9 168f58266b474c0880925573295ca985 56a5a91f2fd644a690682571a64c8237 - - default default] Delete volume request issued successfully.
2026-06-25 23:32:57.030 7 INFO cinder.api.openstack.wsgi [req-dae5381e-46ec-4987-96ef-45ff3ea88347 req-eadd1354-f568-4440-9971-d24e2db9d9c9 168f58266b474c0880925573295ca985 56a5a91f2fd644a690682571a64c8237 - - default default] http://cinder-api.openstack.svc.cluster.local:8776/v3/56a5a91f2fd644a690682571a64c8237/volumes/491f90a4-7fca-40f7-821b-583ec3431624 returned with HTTP 202 [pid: 7|app: 0|req: 361/726] 199.204.45.113 () {36 vars in 1053 bytes} [Thu Jun 25 23:32:56 2026] DELETE /v3/56a5a91f2fd644a690682571a64c8237/volumes/491f90a4-7fca-40f7-821b-583ec3431624 => generated 0 bytes in 51 msecs (HTTP/1.1 202) 6 headers in 233 bytes (1 switches on core 0) /var/lib/openstack/lib/python3.10/site-packages/pycadf/identifier.py:71: UserWarning: Invalid uuid: cinderv3. To ensure interoperability, identifiers should be a valid uuid. warnings.warn(('Invalid uuid: %s. To ensure interoperability, '
2026-06-25 23:32:59.752 8 INFO cinder.api.openstack.wsgi [None req-1c17590b-f118-41ce-8491-b4ac109ab72a 5841f877729a4021a03c9f81b01fdac4 9723ce08bd194840807ea5f14fc82ce5 - - default default] GET http://cinder-api.openstack.svc.cluster.local:8776/v3/9723ce08bd194840807ea5f14fc82ce5/volumes/detail?all_tenants=true /var/lib/openstack/lib/python3.10/site-packages/oslo_context/context.py:100: DeprecationWarning: Policy enforcement is depending on the value of is_admin. This key is deprecated. Please update your policy file to use the standard policy values. warnings.warn('Policy enforcement is depending on the value of '
2026-06-25 23:32:59.774 8 INFO cinder.volume.api [None req-1c17590b-f118-41ce-8491-b4ac109ab72a 5841f877729a4021a03c9f81b01fdac4 9723ce08bd194840807ea5f14fc82ce5 - - default default] Get all volumes completed successfully.
2026-06-25 23:32:59.777 8 INFO cinder.api.openstack.wsgi [None req-1c17590b-f118-41ce-8491-b4ac109ab72a 5841f877729a4021a03c9f81b01fdac4 9723ce08bd194840807ea5f14fc82ce5 - - default default] http://cinder-api.openstack.svc.cluster.local:8776/v3/9723ce08bd194840807ea5f14fc82ce5/volumes/detail?all_tenants=true returned with HTTP 200 [pid: 8|app: 0|req: 366/727] 10.0.0.215 () {28 vars in 683 bytes} [Thu Jun 25 23:32:59 2026] GET /v3/9723ce08bd194840807ea5f14fc82ce5/volumes/detail?all_tenants=true => generated 15 bytes in 128 msecs (HTTP/1.1 200) 7 headers in 284 bytes (1 switches on core 0) /var/lib/openstack/lib/python3.10/site-packages/pycadf/identifier.py:71: UserWarning: Invalid uuid: cinderv3. To ensure interoperability, identifiers should be a valid uuid. warnings.warn(('Invalid uuid: %s. To ensure interoperability, '
2026-06-25 23:32:59.791 7 INFO cinder.api.openstack.wsgi [None req-f5e9eba5-cb3b-45fc-ae73-8c77eb2b376d 5841f877729a4021a03c9f81b01fdac4 9723ce08bd194840807ea5f14fc82ce5 - - default default] GET http://cinder-api.openstack.svc.cluster.local:8776/v3/9723ce08bd194840807ea5f14fc82ce5/scheduler-stats/get_pools?detail=true
2026-06-25 23:32:59.813 7 INFO cinder.api.openstack.wsgi [None req-f5e9eba5-cb3b-45fc-ae73-8c77eb2b376d 5841f877729a4021a03c9f81b01fdac4 9723ce08bd194840807ea5f14fc82ce5 - - default default] http://cinder-api.openstack.svc.cluster.local:8776/v3/9723ce08bd194840807ea5f14fc82ce5/scheduler-stats/get_pools?detail=true returned with HTTP 200 [pid: 7|app: 0|req: 362/728] 10.0.0.215 () {28 vars in 695 bytes} [Thu Jun 25 23:32:59 2026] GET /v3/9723ce08bd194840807ea5f14fc82ce5/scheduler-stats/get_pools?detail=true => generated 670 bytes in 31 msecs (HTTP/1.1 200) 7 headers in 285 bytes (1 switches on core 0)
2026-06-25 23:32:59.868 8 INFO cinder.api.openstack.wsgi [None req-c799cb73-9e45-4390-ab4d-42288e3d5264 5841f877729a4021a03c9f81b01fdac4 9723ce08bd194840807ea5f14fc82ce5 - - default default] GET http://cinder-api.openstack.svc.cluster.local:8776/v3/9723ce08bd194840807ea5f14fc82ce5/os-quota-sets/263b8290898e4d5fad9d6823b3b32e68?usage=true
2026-06-25 23:32:59.899 8 INFO cinder.api.openstack.wsgi [None req-c799cb73-9e45-4390-ab4d-42288e3d5264 5841f877729a4021a03c9f81b01fdac4 9723ce08bd194840807ea5f14fc82ce5 - - default default] http://cinder-api.openstack.svc.cluster.local:8776/v3/9723ce08bd194840807ea5f14fc82ce5/os-quota-sets/263b8290898e4d5fad9d6823b3b32e68?usage=true returned with HTTP 200 [pid: 8|app: 0|req: 367/729] 10.0.0.215 () {28 vars in 735 bytes} [Thu Jun 25 23:32:59 2026] GET /v3/9723ce08bd194840807ea5f14fc82ce5/os-quota-sets/263b8290898e4d5fad9d6823b3b32e68?usage=true => generated 847 bytes in 41 msecs (HTTP/1.1 200) 7 headers in 285 bytes (1 switches on core 0)
2026-06-25 23:32:59.916 7 INFO cinder.api.openstack.wsgi [None req-d7fb9fc6-16a1-499a-9ad1-97cbf1134d74 5841f877729a4021a03c9f81b01fdac4 9723ce08bd194840807ea5f14fc82ce5 - - default default] GET http://cinder-api.openstack.svc.cluster.local:8776/v3/9723ce08bd194840807ea5f14fc82ce5/os-quota-sets/56a5a91f2fd644a690682571a64c8237?usage=true
2026-06-25 23:32:59.950 7 INFO cinder.api.openstack.wsgi [None req-d7fb9fc6-16a1-499a-9ad1-97cbf1134d74 5841f877729a4021a03c9f81b01fdac4 9723ce08bd194840807ea5f14fc82ce5 - - default default] http://cinder-api.openstack.svc.cluster.local:8776/v3/9723ce08bd194840807ea5f14fc82ce5/os-quota-sets/56a5a91f2fd644a690682571a64c8237?usage=true returned with HTTP 200 [pid: 7|app: 0|req: 363/730] 10.0.0.215 () {28 vars in 735 bytes} [Thu Jun 25 23:32:59 2026] GET /v3/9723ce08bd194840807ea5f14fc82ce5/os-quota-sets/56a5a91f2fd644a690682571a64c8237?usage=true => generated 847 bytes in 45 msecs (HTTP/1.1 200) 7 headers in 285 bytes (1 switches on core 0)
2026-06-25 23:32:59.967 8 INFO cinder.api.openstack.wsgi [None req-088388db-9666-4012-870d-dab289c903f4 5841f877729a4021a03c9f81b01fdac4 9723ce08bd194840807ea5f14fc82ce5 - - default default] GET http://cinder-api.openstack.svc.cluster.local:8776/v3/9723ce08bd194840807ea5f14fc82ce5/os-quota-sets/80d4fa6188584868a9fd725a8f8d7c74?usage=true
2026-06-25 23:32:59.999 8 INFO cinder.api.openstack.wsgi [None req-088388db-9666-4012-870d-dab289c903f4 5841f877729a4021a03c9f81b01fdac4 9723ce08bd194840807ea5f14fc82ce5 - - default default] http://cinder-api.openstack.svc.cluster.local:8776/v3/9723ce08bd194840807ea5f14fc82ce5/os-quota-sets/80d4fa6188584868a9fd725a8f8d7c74?usage=true returned with HTTP 200 [pid: 8|app: 0|req: 368/731] 10.0.0.215 () {28 vars in 735 bytes} [Thu Jun 25 23:32:59 2026] GET /v3/9723ce08bd194840807ea5f14fc82ce5/os-quota-sets/80d4fa6188584868a9fd725a8f8d7c74?usage=true => generated 845 bytes in 46 msecs (HTTP/1.1 200) 7 headers in 285 bytes (1 switches on core 0)
2026-06-25 23:33:00.013 7 INFO cinder.api.openstack.wsgi [None req-846a47c1-39ad-4976-b3ff-980cd0017dfb 5841f877729a4021a03c9f81b01fdac4 9723ce08bd194840807ea5f14fc82ce5 - - default default] GET http://cinder-api.openstack.svc.cluster.local:8776/v3/9723ce08bd194840807ea5f14fc82ce5/os-quota-sets/9723ce08bd194840807ea5f14fc82ce5?usage=true
2026-06-25 23:33:00.041 7 INFO cinder.api.openstack.wsgi [None req-846a47c1-39ad-4976-b3ff-980cd0017dfb 5841f877729a4021a03c9f81b01fdac4 9723ce08bd194840807ea5f14fc82ce5 - - default default] http://cinder-api.openstack.svc.cluster.local:8776/v3/9723ce08bd194840807ea5f14fc82ce5/os-quota-sets/9723ce08bd194840807ea5f14fc82ce5?usage=true returned with HTTP 200 [pid: 7|app: 0|req: 364/732] 10.0.0.215 () {28 vars in 735 bytes} [Thu Jun 25 23:33:00 2026] GET /v3/9723ce08bd194840807ea5f14fc82ce5/os-quota-sets/9723ce08bd194840807ea5f14fc82ce5?usage=true => generated 845 bytes in 38 msecs (HTTP/1.1 200) 7 headers in 285 bytes (1 switches on core 0)
2026-06-25 23:33:00.056 8 INFO cinder.api.openstack.wsgi [None req-e048a241-f9e4-45c7-8b67-dcfeed70d49e 5841f877729a4021a03c9f81b01fdac4 9723ce08bd194840807ea5f14fc82ce5 - - default default] GET http://cinder-api.openstack.svc.cluster.local:8776/v3/9723ce08bd194840807ea5f14fc82ce5/os-quota-sets/9af1503bda5245698fc366a0d644e14f?usage=true
2026-06-25 23:33:00.086 8 INFO cinder.api.openstack.wsgi [None req-e048a241-f9e4-45c7-8b67-dcfeed70d49e 5841f877729a4021a03c9f81b01fdac4 9723ce08bd194840807ea5f14fc82ce5 - - default default] http://cinder-api.openstack.svc.cluster.local:8776/v3/9723ce08bd194840807ea5f14fc82ce5/os-quota-sets/9af1503bda5245698fc366a0d644e14f?usage=true returned with HTTP 200 [pid: 8|app: 0|req: 369/733] 10.0.0.215 () {28 vars in 735 bytes} [Thu Jun 25 23:33:00 2026] GET /v3/9723ce08bd194840807ea5f14fc82ce5/os-quota-sets/9af1503bda5245698fc366a0d644e14f?usage=true => generated 847 bytes in 42 msecs (HTTP/1.1 200) 7 headers in 285 bytes (1 switches on core 0)
2026-06-25 23:33:00.098 7 INFO cinder.api.openstack.wsgi [None req-a0504af3-c145-41e4-898e-afc6fcb29f70 5841f877729a4021a03c9f81b01fdac4 9723ce08bd194840807ea5f14fc82ce5 - - default default] GET http://cinder-api.openstack.svc.cluster.local:8776/v3/9723ce08bd194840807ea5f14fc82ce5/os-quota-sets/c4a577c724ea4b29ab7615d88409cc95?usage=true
2026-06-25 23:33:00.136 7 INFO cinder.api.openstack.wsgi [None req-a0504af3-c145-41e4-898e-afc6fcb29f70 5841f877729a4021a03c9f81b01fdac4 9723ce08bd194840807ea5f14fc82ce5 - - default default] http://cinder-api.openstack.svc.cluster.local:8776/v3/9723ce08bd194840807ea5f14fc82ce5/os-quota-sets/c4a577c724ea4b29ab7615d88409cc95?usage=true returned with HTTP 200 [pid: 7|app: 0|req: 365/734] 10.0.0.215 () {28 vars in 735 bytes} [Thu Jun 25 23:33:00 2026] GET /v3/9723ce08bd194840807ea5f14fc82ce5/os-quota-sets/c4a577c724ea4b29ab7615d88409cc95?usage=true => generated 847 bytes in 46 msecs (HTTP/1.1 200) 7 headers in 285 bytes (1 switches on core 0)
2026-06-25 23:33:00.149 8 INFO cinder.api.openstack.wsgi [None req-403b4e1a-b28b-4165-b5b9-57c13ec7dbef 5841f877729a4021a03c9f81b01fdac4 9723ce08bd194840807ea5f14fc82ce5 - - default default] GET http://cinder-api.openstack.svc.cluster.local:8776/v3/9723ce08bd194840807ea5f14fc82ce5/os-quota-sets/f87b95a0ab8f4e3c96a1cae0b6f16de7?usage=true
2026-06-25 23:33:00.179 8 INFO cinder.api.openstack.wsgi [None req-403b4e1a-b28b-4165-b5b9-57c13ec7dbef 5841f877729a4021a03c9f81b01fdac4 9723ce08bd194840807ea5f14fc82ce5 - - default default] http://cinder-api.openstack.svc.cluster.local:8776/v3/9723ce08bd194840807ea5f14fc82ce5/os-quota-sets/f87b95a0ab8f4e3c96a1cae0b6f16de7?usage=true returned with HTTP 200 [pid: 8|app: 0|req: 370/735] 10.0.0.215 () {28 vars in 735 bytes} [Thu Jun 25 23:33:00 2026] GET /v3/9723ce08bd194840807ea5f14fc82ce5/os-quota-sets/f87b95a0ab8f4e3c96a1cae0b6f16de7?usage=true => generated 847 bytes in 39 msecs (HTTP/1.1 200) 7 headers in 285 bytes (1 switches on core 0)
2026-06-25 23:33:00.199 7 INFO cinder.api.openstack.wsgi [None req-7538b103-75c3-4100-858f-21d87c369a37 5841f877729a4021a03c9f81b01fdac4 9723ce08bd194840807ea5f14fc82ce5 - - default default] GET http://cinder-api.openstack.svc.cluster.local:8776/v3/9723ce08bd194840807ea5f14fc82ce5/os-services
2026-06-25 23:33:00.224 7 INFO cinder.api.openstack.wsgi [None req-7538b103-75c3-4100-858f-21d87c369a37 5841f877729a4021a03c9f81b01fdac4 9723ce08bd194840807ea5f14fc82ce5 - - default default] http://cinder-api.openstack.svc.cluster.local:8776/v3/9723ce08bd194840807ea5f14fc82ce5/os-services returned with HTTP 200 [pid: 7|app: 0|req: 366/736] 10.0.0.215 () {28 vars in 644 bytes} [Thu Jun 25 23:33:00 2026] GET /v3/9723ce08bd194840807ea5f14fc82ce5/os-services => generated 646 bytes in 38 msecs (HTTP/1.1 200) 7 headers in 285 bytes (1 switches on core 0)
2026-06-25 23:33:00.242 8 INFO cinder.api.openstack.wsgi [None req-1f717d66-55e1-40c7-80d8-a9611c6aab39 5841f877729a4021a03c9f81b01fdac4 9723ce08bd194840807ea5f14fc82ce5 - - default default] GET http://cinder-api.openstack.svc.cluster.local:8776/v3/9723ce08bd194840807ea5f14fc82ce5/volumes/detail?all_tenants=true
2026-06-25 23:33:00.254 8 INFO cinder.volume.api [None req-1f717d66-55e1-40c7-80d8-a9611c6aab39 5841f877729a4021a03c9f81b01fdac4 9723ce08bd194840807ea5f14fc82ce5 - - default default] Get all volumes completed successfully.
2026-06-25 23:33:00.258 8 INFO cinder.api.openstack.wsgi [None req-1f717d66-55e1-40c7-80d8-a9611c6aab39 5841f877729a4021a03c9f81b01fdac4 9723ce08bd194840807ea5f14fc82ce5 - - default default] http://cinder-api.openstack.svc.cluster.local:8776/v3/9723ce08bd194840807ea5f14fc82ce5/volumes/detail?all_tenants=true returned with HTTP 200 [pid: 8|app: 0|req: 371/737] 10.0.0.215 () {28 vars in 683 bytes} [Thu Jun 25 23:33:00 2026] GET /v3/9723ce08bd194840807ea5f14fc82ce5/volumes/detail?all_tenants=true => generated 15 bytes in 25 msecs (HTTP/1.1 200) 7 headers in 284 bytes (1 switches on core 0)
2026-06-25 23:33:00.272 7 INFO cinder.api.openstack.wsgi [None req-fc5c487c-a819-4ff5-9943-664d189c3d45 5841f877729a4021a03c9f81b01fdac4 9723ce08bd194840807ea5f14fc82ce5 - - default default] GET http://cinder-api.openstack.svc.cluster.local:8776/v3/9723ce08bd194840807ea5f14fc82ce5/snapshots?all_tenants=true
2026-06-25 23:33:00.280 7 INFO cinder.volume.api [None req-fc5c487c-a819-4ff5-9943-664d189c3d45 5841f877729a4021a03c9f81b01fdac4 9723ce08bd194840807ea5f14fc82ce5 - - default default] Get all snapshots completed successfully.
2026-06-25 23:33:00.280 7 INFO cinder.api.openstack.wsgi [None req-fc5c487c-a819-4ff5-9943-664d189c3d45 5841f877729a4021a03c9f81b01fdac4 9723ce08bd194840807ea5f14fc82ce5 - - default default] http://cinder-api.openstack.svc.cluster.local:8776/v3/9723ce08bd194840807ea5f14fc82ce5/snapshots?all_tenants=true returned with HTTP 200 [pid: 7|app: 0|req: 367/738] 10.0.0.215 () {28 vars in 673 bytes} [Thu Jun 25 23:33:00 2026] GET /v3/9723ce08bd194840807ea5f14fc82ce5/snapshots?all_tenants=true => generated 17 bytes in 16 msecs (HTTP/1.1 200) 7 headers in 284 bytes (1 switches on core 0)
2026-06-25 23:33:05.930 8 INFO cinder.api.openstack.wsgi [None req-1f717d66-55e1-40c7-80d8-a9611c6aab39 5841f877729a4021a03c9f81b01fdac4 9723ce08bd194840807ea5f14fc82ce5 - - default default] GET http://10.0.0.247:8776/
2026-06-25 23:33:05.931 7 INFO cinder.api.openstack.wsgi [None req-fc5c487c-a819-4ff5-9943-664d189c3d45 5841f877729a4021a03c9f81b01fdac4 9723ce08bd194840807ea5f14fc82ce5 - - default default] GET http://10.0.0.247:8776/
2026-06-25 23:33:05.932 8 INFO cinder.api.openstack.wsgi [None req-1f717d66-55e1-40c7-80d8-a9611c6aab39 5841f877729a4021a03c9f81b01fdac4 9723ce08bd194840807ea5f14fc82ce5 - - default default] http://10.0.0.247:8776/ returned with HTTP 300
2026-06-25 23:33:05.933 7 INFO cinder.api.openstack.wsgi [None req-fc5c487c-a819-4ff5-9943-664d189c3d45 5841f877729a4021a03c9f81b01fdac4 9723ce08bd194840807ea5f14fc82ce5 - - default default] http://10.0.0.247:8776/ returned with HTTP 300
2026-06-25 23:33:15.929 8 INFO cinder.api.openstack.wsgi [None req-1f717d66-55e1-40c7-80d8-a9611c6aab39 5841f877729a4021a03c9f81b01fdac4 9723ce08bd194840807ea5f14fc82ce5 - - default default] GET http://10.0.0.247:8776/
2026-06-25 23:33:15.929 7 INFO cinder.api.openstack.wsgi [None req-fc5c487c-a819-4ff5-9943-664d189c3d45 5841f877729a4021a03c9f81b01fdac4 9723ce08bd194840807ea5f14fc82ce5 - - default default] GET http://10.0.0.247:8776/
2026-06-25 23:33:15.929 8 INFO cinder.api.openstack.wsgi [None req-1f717d66-55e1-40c7-80d8-a9611c6aab39 5841f877729a4021a03c9f81b01fdac4 9723ce08bd194840807ea5f14fc82ce5 - - default default] http://10.0.0.247:8776/ returned with HTTP 300
2026-06-25 23:33:15.930 7 INFO cinder.api.openstack.wsgi [None req-fc5c487c-a819-4ff5-9943-664d189c3d45 5841f877729a4021a03c9f81b01fdac4 9723ce08bd194840807ea5f14fc82ce5 - - default default] http://10.0.0.247:8776/ returned with HTTP 300
2026-06-25 23:33:25.927 7 INFO cinder.api.openstack.wsgi [None req-fc5c487c-a819-4ff5-9943-664d189c3d45 5841f877729a4021a03c9f81b01fdac4 9723ce08bd194840807ea5f14fc82ce5 - - default default] GET http://10.0.0.247:8776/
2026-06-25 23:33:25.928 7 INFO cinder.api.openstack.wsgi [None req-fc5c487c-a819-4ff5-9943-664d189c3d45 5841f877729a4021a03c9f81b01fdac4 9723ce08bd194840807ea5f14fc82ce5 - - default default] http://10.0.0.247:8776/ returned with HTTP 300
2026-06-25 23:33:25.929 8 INFO cinder.api.openstack.wsgi [None req-1f717d66-55e1-40c7-80d8-a9611c6aab39 5841f877729a4021a03c9f81b01fdac4 9723ce08bd194840807ea5f14fc82ce5 - - default default] GET http://10.0.0.247:8776/
2026-06-25 23:33:25.931 8 INFO cinder.api.openstack.wsgi [None req-1f717d66-55e1-40c7-80d8-a9611c6aab39 5841f877729a4021a03c9f81b01fdac4 9723ce08bd194840807ea5f14fc82ce5 - - default default] http://10.0.0.247:8776/ returned with HTTP 300
2026-06-25 23:33:35.928 8 INFO cinder.api.openstack.wsgi [None req-1f717d66-55e1-40c7-80d8-a9611c6aab39 5841f877729a4021a03c9f81b01fdac4 9723ce08bd194840807ea5f14fc82ce5 - - default default] GET http://10.0.0.247:8776/
