2026-07-02 01:36:10.863 9 INFO neutron.db.ovn_revision_numbers_db [None req-49ed8d22-ab4e-4282-b8e7-c11606ba3ab7 22aa2eabcdd54abbb39ed0578f7d0b40 4256c4aa25bd4930b765cbf297d71166 - - default default] Successfully bumped revision number for resource 84f92006-1c8e-456c-b64c-f510fd4f49a5 (type: ports) to 1
2026-07-02 01:36:10.895 9 INFO neutron.wsgi [None req-49ed8d22-ab4e-4282-b8e7-c11606ba3ab7 22aa2eabcdd54abbb39ed0578f7d0b40 4256c4aa25bd4930b765cbf297d71166 - - default default] 10.0.0.67 "POST /v2.0/ports HTTP/1.1" status: 201 len: 1161 time: 0.6828289 /var/lib/openstack/lib/python3.10/site-packages/pycadf/identifier.py:71: UserWarning: Invalid uuid: neutron. To ensure interoperability, identifiers should be a valid uuid. warnings.warn(('Invalid uuid: %s. To ensure interoperability, '
2026-07-02 01:36:10.992 9 WARNING neutron.scheduler.dhcp_agent_scheduler [None req-04bc6a45-8850-473b-a4a7-85a1910d6363 7a1473f416e54923b98678bd95cf535b 9a7e43fb4bf249119b4ea857efb70f92 - - default default] No more DHCP agents
2026-07-02 01:36:10.997 9 WARNING neutron.api.rpc.agentnotifiers.dhcp_rpc_agent_api [None req-04bc6a45-8850-473b-a4a7-85a1910d6363 7a1473f416e54923b98678bd95cf535b 9a7e43fb4bf249119b4ea857efb70f92 - - default default] Unable to schedule network 72f0b95f-62a3-4cf5-80b3-8372baa65e46: no agents available; will retry on subsequent port and subnet creation events.
2026-07-02 01:36:11.086 10 INFO neutron.wsgi [None req-e1e33806-c04c-44f7-9eb2-257154b7baaa 69641557955447fe8cd7a2e5db790ca0 31d4de398b8e488290f83f8fc81d12af - - default default] 10.0.0.67 "GET /v2.0/ports/c01811d4-5133-40a7-a235-dabf93db4f65 HTTP/1.1" status: 200 len: 1135 time: 0.0502260
2026-07-02 01:36:11.467 9 INFO neutron.db.ovn_revision_numbers_db [None req-04bc6a45-8850-473b-a4a7-85a1910d6363 7a1473f416e54923b98678bd95cf535b 9a7e43fb4bf249119b4ea857efb70f92 - - default default] Successfully bumped revision number for resource 38b8ea36-d35a-4417-9c24-2bd852d550a6 (type: ports) to 1
2026-07-02 01:36:11.500 9 INFO neutron.wsgi [None req-04bc6a45-8850-473b-a4a7-85a1910d6363 7a1473f416e54923b98678bd95cf535b 9a7e43fb4bf249119b4ea857efb70f92 - - default default] 10.0.0.67 "POST /v2.0/networks HTTP/1.1" status: 201 len: 849 time: 1.0813544
2026-07-02 01:36:11.541 10 WARNING neutron_lib.context [None req-ef1caa6c-2a36-43db-b1a8-33774d8c7e2e 7a1473f416e54923b98678bd95cf535b 9a7e43fb4bf249119b4ea857efb70f92 - - default default] Method 'is_advsvc' is deprecated since 2023.2 release (neutron-lib 3.8.0) and will be removed once support for the old RBAC API policies will be removed from Neutron. Please use method 'is_service_role' instead.
2026-07-02 01:36:11.584 10 WARNING neutron_lib.context [None req-ef1caa6c-2a36-43db-b1a8-33774d8c7e2e 7a1473f416e54923b98678bd95cf535b 9a7e43fb4bf249119b4ea857efb70f92 - - default default] Method 'is_advsvc' is deprecated since 2023.2 release (neutron-lib 3.8.0) and will be removed once support for the old RBAC API policies will be removed from Neutron. Please use method 'is_service_role' instead.
2026-07-02 01:36:11.667 10 INFO neutron.plugins.ml2.drivers.ovn.mech_driver.mech_driver [None req-498414c1-69f1-43ec-aebf-26761072ab82 - - - - - -] OVN reports status up for port: 84f92006-1c8e-456c-b64c-f510fd4f49a5
2026-07-02 01:36:11.686 10 INFO neutron.plugins.ml2.plugin [None req-498414c1-69f1-43ec-aebf-26761072ab82 - - - - - -] Attempt 1 to provision port 84f92006-1c8e-456c-b64c-f510fd4f49a5
2026-07-02 01:36:11.695 9 INFO neutron.db.ovn_revision_numbers_db [None req-c7106d78-2b95-412e-a3f1-7c265f4ead63 22aa2eabcdd54abbb39ed0578f7d0b40 4256c4aa25bd4930b765cbf297d71166 - - default default] Successfully bumped revision number for resource 84f92006-1c8e-456c-b64c-f510fd4f49a5 (type: router_ports) to 2
2026-07-02 01:36:11.883 9 INFO neutron.db.ovn_revision_numbers_db [None req-c7106d78-2b95-412e-a3f1-7c265f4ead63 22aa2eabcdd54abbb39ed0578f7d0b40 4256c4aa25bd4930b765cbf297d71166 - - default default] Successfully bumped revision number for resource 84f92006-1c8e-456c-b64c-f510fd4f49a5 (type: ports) to 2
2026-07-02 01:36:12.074 10 INFO neutron.db.ovn_revision_numbers_db [None req-498414c1-69f1-43ec-aebf-26761072ab82 - - - - - -] Successfully bumped revision number for resource 84f92006-1c8e-456c-b64c-f510fd4f49a5 (type: ports) to 3
2026-07-02 01:36:12.077 10 WARNING neutron.scheduler.dhcp_agent_scheduler [None req-ef1caa6c-2a36-43db-b1a8-33774d8c7e2e 7a1473f416e54923b98678bd95cf535b 9a7e43fb4bf249119b4ea857efb70f92 - - default default] No more DHCP agents
2026-07-02 01:36:12.082 10 WARNING neutron.api.rpc.agentnotifiers.dhcp_rpc_agent_api [None req-ef1caa6c-2a36-43db-b1a8-33774d8c7e2e 7a1473f416e54923b98678bd95cf535b 9a7e43fb4bf249119b4ea857efb70f92 - - default default] Unable to schedule network b1c5fccf-a8e2-4b73-934d-2d3f6383e05c: no agents available; will retry on subsequent port and subnet creation events. /var/lib/openstack/lib/python3.10/site-packages/pycadf/identifier.py:71: UserWarning: Invalid uuid: neutron. To ensure interoperability, identifiers should be a valid uuid. warnings.warn(('Invalid uuid: %s. To ensure interoperability, '
2026-07-02 01:36:12.134 9 INFO neutron.wsgi [None req-7ce06666-3898-46f1-bef0-4d234e421419 69641557955447fe8cd7a2e5db790ca0 31d4de398b8e488290f83f8fc81d12af - - default default] 10.0.0.67 "GET /v2.0/ports/c01811d4-5133-40a7-a235-dabf93db4f65 HTTP/1.1" status: 200 len: 1135 time: 0.0412483
2026-07-02 01:36:12.182 10 INFO neutron.db.ovn_revision_numbers_db [None req-498414c1-69f1-43ec-aebf-26761072ab82 - - - - - -] Successfully bumped revision number for resource 84f92006-1c8e-456c-b64c-f510fd4f49a5 (type: router_ports) to 3
2026-07-02 01:36:12.453 9 INFO neutron.db.ovn_revision_numbers_db [None req-c7106d78-2b95-412e-a3f1-7c265f4ead63 22aa2eabcdd54abbb39ed0578f7d0b40 4256c4aa25bd4930b765cbf297d71166 - - default default] Successfully bumped revision number for resource 84f92006-1c8e-456c-b64c-f510fd4f49a5 (type: ports) to 3
2026-07-02 01:36:12.530 9 WARNING neutron.scheduler.dhcp_agent_scheduler [None req-c7106d78-2b95-412e-a3f1-7c265f4ead63 22aa2eabcdd54abbb39ed0578f7d0b40 4256c4aa25bd4930b765cbf297d71166 - - default default] No more DHCP agents
2026-07-02 01:36:12.532 9 WARNING neutron.api.rpc.agentnotifiers.dhcp_rpc_agent_api [None req-c7106d78-2b95-412e-a3f1-7c265f4ead63 22aa2eabcdd54abbb39ed0578f7d0b40 4256c4aa25bd4930b765cbf297d71166 - - default default] Unable to schedule network 98040662-a45e-4657-a8f3-a1eaf49c8522: no agents available; will retry on subsequent port and subnet creation events.
2026-07-02 01:36:12.766 9 INFO neutron.db.ovn_revision_numbers_db [None req-c7106d78-2b95-412e-a3f1-7c265f4ead63 22aa2eabcdd54abbb39ed0578f7d0b40 4256c4aa25bd4930b765cbf297d71166 - - default default] Successfully bumped revision number for resource 84f92006-1c8e-456c-b64c-f510fd4f49a5 (type: router_ports) to 3
2026-07-02 01:36:12.770 9 INFO neutron.wsgi [None req-c7106d78-2b95-412e-a3f1-7c265f4ead63 22aa2eabcdd54abbb39ed0578f7d0b40 4256c4aa25bd4930b765cbf297d71166 - - default default] 10.0.0.67 "PUT /v2.0/routers/659b5c70-e200-4de7-84cd-68bc7f1e8a06/add_router_interface HTTP/1.1" status: 200 len: 503 time: 1.8700132 /var/lib/openstack/lib/python3.10/site-packages/pycadf/identifier.py:71: UserWarning: Invalid uuid: neutron. To ensure interoperability, identifiers should be a valid uuid. warnings.warn(('Invalid uuid: %s. To ensure interoperability, '
2026-07-02 01:36:12.782 10 INFO neutron.db.ovn_revision_numbers_db [None req-ef1caa6c-2a36-43db-b1a8-33774d8c7e2e 7a1473f416e54923b98678bd95cf535b 9a7e43fb4bf249119b4ea857efb70f92 - - default default] Successfully bumped revision number for resource f0b8b93e-bad7-4546-a380-3da74c71047c (type: ports) to 2
2026-07-02 01:36:12.786 9 WARNING neutron.plugins.ml2.drivers.ovn.mech_driver.ovsdb.ovn_client [None req-dbb4eb17-3e82-44ba-9a95-8a6fa4ee2e64 - - - - - -] No hosting information found for port a797fba6-c0df-472e-a4ec-c5d5494b1e85: RuntimeError: No hosting information found for port a797fba6-c0df-472e-a4ec-c5d5494b1e85
2026-07-02 01:36:12.786 9 INFO neutron.plugins.ml2.drivers.ovn.mech_driver.mech_driver [None req-dbb4eb17-3e82-44ba-9a95-8a6fa4ee2e64 - - - - - -] OVN reports status up for port: c01811d4-5133-40a7-a235-dabf93db4f65
2026-07-02 01:36:12.800 9 INFO neutron.plugins.ml2.plugin [None req-dbb4eb17-3e82-44ba-9a95-8a6fa4ee2e64 - - - - - -] Attempt 1 to provision port c01811d4-5133-40a7-a235-dabf93db4f65
2026-07-02 01:36:12.819 10 INFO neutron.db.ovn_revision_numbers_db [None req-ef1caa6c-2a36-43db-b1a8-33774d8c7e2e 7a1473f416e54923b98678bd95cf535b 9a7e43fb4bf249119b4ea857efb70f92 - - default default] Successfully bumped revision number for resource 9a4bb130-6eff-42b3-8a1b-64e71ce9ef1f (type: subnets) to 0
2026-07-02 01:36:12.819 9 INFO neutron.wsgi [None req-2d6265e7-c36b-4feb-8256-72d62e45876b 22aa2eabcdd54abbb39ed0578f7d0b40 4256c4aa25bd4930b765cbf297d71166 - - default default] 10.0.0.67 "GET /v2.0/ports/84f92006-1c8e-456c-b64c-f510fd4f49a5 HTTP/1.1" status: 200 len: 1219 time: 0.0410841 /var/lib/openstack/lib/python3.10/site-packages/pycadf/identifier.py:71: UserWarning: Invalid uuid: neutron. To ensure interoperability, identifiers should be a valid uuid. warnings.warn(('Invalid uuid: %s. To ensure interoperability, '
2026-07-02 01:36:12.868 10 WARNING neutron.scheduler.dhcp_agent_scheduler [None req-ef1caa6c-2a36-43db-b1a8-33774d8c7e2e 7a1473f416e54923b98678bd95cf535b 9a7e43fb4bf249119b4ea857efb70f92 - - default default] No more DHCP agents
2026-07-02 01:36:12.869 10 WARNING neutron.api.rpc.agentnotifiers.dhcp_rpc_agent_api [None req-ef1caa6c-2a36-43db-b1a8-33774d8c7e2e 7a1473f416e54923b98678bd95cf535b 9a7e43fb4bf249119b4ea857efb70f92 - - default default] Unable to schedule network 72f0b95f-62a3-4cf5-80b3-8372baa65e46: no agents available; will retry on subsequent port and subnet creation events.
2026-07-02 01:36:13.106 9 INFO neutron.db.ovn_revision_numbers_db [None req-dbb4eb17-3e82-44ba-9a95-8a6fa4ee2e64 - - - - - -] Successfully bumped revision number for resource c01811d4-5133-40a7-a235-dabf93db4f65 (type: ports) to 2
2026-07-02 01:36:13.206 9 INFO neutron.wsgi [None req-8e32afee-88eb-4c19-b9a7-cdf83f632d98 69641557955447fe8cd7a2e5db790ca0 31d4de398b8e488290f83f8fc81d12af - - default default] 10.0.0.67 "GET /v2.0/ports/c01811d4-5133-40a7-a235-dabf93db4f65 HTTP/1.1" status: 200 len: 1137 time: 0.0644395
2026-07-02 01:36:13.253 9 INFO neutron.db.ovn_revision_numbers_db [None req-dbb4eb17-3e82-44ba-9a95-8a6fa4ee2e64 - - - - - -] Successfully bumped revision number for resource c01811d4-5133-40a7-a235-dabf93db4f65 (type: router_ports) to 2
2026-07-02 01:36:13.888 10 INFO neutron.wsgi [None req-1232ce5d-bd42-466c-8447-20b1f28e4962 22aa2eabcdd54abbb39ed0578f7d0b40 4256c4aa25bd4930b765cbf297d71166 - - default default] 10.0.0.67 "PUT /v2.0/routers/659b5c70-e200-4de7-84cd-68bc7f1e8a06/remove_router_interface HTTP/1.1" status: 200 len: 503 time: 1.0620098
2026-07-02 01:36:13.925 10 INFO neutron.db.ovn_revision_numbers_db [None req-ef1caa6c-2a36-43db-b1a8-33774d8c7e2e 7a1473f416e54923b98678bd95cf535b 9a7e43fb4bf249119b4ea857efb70f92 - - default default] Successfully bumped revision number for resource 38b8ea36-d35a-4417-9c24-2bd852d550a6 (type: ports) to 2
2026-07-02 01:36:13.962 10 INFO neutron.db.ovn_revision_numbers_db [None req-ef1caa6c-2a36-43db-b1a8-33774d8c7e2e 7a1473f416e54923b98678bd95cf535b 9a7e43fb4bf249119b4ea857efb70f92 - - default default] Successfully bumped revision number for resource dba10864-51b8-4a22-87ee-010242d21c1d (type: subnets) to 0
2026-07-02 01:36:13.979 10 INFO neutron.wsgi [None req-ef1caa6c-2a36-43db-b1a8-33774d8c7e2e 7a1473f416e54923b98678bd95cf535b 9a7e43fb4bf249119b4ea857efb70f92 - - default default] 10.0.0.67 "POST /v2.0/subnets HTTP/1.1" status: 201 len: 1426 time: 2.4440284
2026-07-02 01:36:13.981 9 INFO neutron.api.v2.resource [None req-d82d6bf6-b59b-43d1-b7da-4b6d23332899 22aa2eabcdd54abbb39ed0578f7d0b40 4256c4aa25bd4930b765cbf297d71166 - - default default] remove_router_interface failed (client error): The resource could not be found.
2026-07-02 01:36:13.983 9 INFO neutron.wsgi [None req-d82d6bf6-b59b-43d1-b7da-4b6d23332899 22aa2eabcdd54abbb39ed0578f7d0b40 4256c4aa25bd4930b765cbf297d71166 - - default default] 10.0.0.67 "PUT /v2.0/routers/659b5c70-e200-4de7-84cd-68bc7f1e8a06/remove_router_interface HTTP/1.1" status: 404 len: 398 time: 0.0801911 /var/lib/openstack/lib/python3.10/site-packages/pycadf/identifier.py:71: UserWarning: Invalid uuid: neutron. To ensure interoperability, identifiers should be a valid uuid. warnings.warn(('Invalid uuid: %s. To ensure interoperability, '
2026-07-02 01:36:14.024 10 INFO neutron.wsgi [None req-b3aaf245-1a6c-4bf2-84df-a0748ba02e58 22aa2eabcdd54abbb39ed0578f7d0b40 4256c4aa25bd4930b765cbf297d71166 - - default default] 10.0.0.67 "GET /v2.0/ports?device_id=659b5c70-e200-4de7-84cd-68bc7f1e8a06 HTTP/1.1" status: 200 len: 205 time: 0.0286860
2026-07-02 01:36:14.037 10 INFO neutron.wsgi [None req-0c236abb-e52f-4141-a9b8-66c2d1178d70 7a1473f416e54923b98678bd95cf535b 9a7e43fb4bf249119b4ea857efb70f92 - - default default] 10.0.0.67 "GET /v2.0/subnets HTTP/1.1" status: 200 len: 2034 time: 0.0514987
2026-07-02 01:36:14.090 9 INFO neutron.wsgi [None req-08849e9f-d337-4054-b3c8-34d1fc91955c 69641557955447fe8cd7a2e5db790ca0 31d4de398b8e488290f83f8fc81d12af - - default default] 10.0.0.67 "PUT /v2.0/routers/bfdd88d5-4a78-4043-8cdb-3a85c839ae7e/remove_router_interface HTTP/1.1" status: 200 len: 503 time: 0.8738320
2026-07-02 01:36:14.224 10 INFO neutron.wsgi [None req-b2ac159b-8f18-47a7-8350-a4b1ce21cb3f 69641557955447fe8cd7a2e5db790ca0 31d4de398b8e488290f83f8fc81d12af - - default default] 10.0.0.67 "GET /v2.0/ports/a797fba6-c0df-472e-a4ec-c5d5494b1e85 HTTP/1.1" status: 200 len: 1137 time: 0.1250198
2026-07-02 01:36:14.361 9 INFO neutron.wsgi [None req-d1330a0d-0350-4e68-aa96-38f57d620078 22aa2eabcdd54abbb39ed0578f7d0b40 4256c4aa25bd4930b765cbf297d71166 - - default default] 10.0.0.67 "DELETE /v2.0/routers/659b5c70-e200-4de7-84cd-68bc7f1e8a06 HTTP/1.1" status: 204 len: 168 time: 0.3315244
2026-07-02 01:36:14.367 10 INFO neutron.wsgi [None req-dae0d1c1-32f2-42ad-8b4e-dd02084658ae 7a1473f416e54923b98678bd95cf535b 9a7e43fb4bf249119b4ea857efb70f92 - - default default] 10.0.0.67 "DELETE /v2.0/subnets/9a4bb130-6eff-42b3-8a1b-64e71ce9ef1f HTTP/1.1" status: 204 len: 168 time: 0.3214612 /var/lib/openstack/lib/python3.10/site-packages/pycadf/identifier.py:71: UserWarning: Invalid uuid: neutron. To ensure interoperability, identifiers should be a valid uuid. warnings.warn(('Invalid uuid: %s. To ensure interoperability, '
2026-07-02 01:36:14.567 9 INFO neutron.wsgi [None req-292c660e-852d-4088-812f-322a48caf273 22aa2eabcdd54abbb39ed0578f7d0b40 4256c4aa25bd4930b765cbf297d71166 - - default default] 10.0.0.67 "DELETE /v2.0/subnets/619e02f5-ed04-4b22-a8d9-3f2d4f4d347e HTTP/1.1" status: 204 len: 168 time: 0.2010512
2026-07-02 01:36:14.673 10 INFO neutron.wsgi [None req-8ad5f5a6-b693-4847-8270-fd19d2482e2b 7a1473f416e54923b98678bd95cf535b 9a7e43fb4bf249119b4ea857efb70f92 - - default default] 10.0.0.67 "DELETE /v2.0/subnets/dba10864-51b8-4a22-87ee-010242d21c1d HTTP/1.1" status: 204 len: 168 time: 0.2963917
2026-07-02 01:36:14.734 9 INFO neutron.wsgi [None req-33be6836-17e9-4ae3-a709-c019c8ab8ce2 7a1473f416e54923b98678bd95cf535b 9a7e43fb4bf249119b4ea857efb70f92 - - default default] 10.0.0.67 "GET /v2.0/subnets HTTP/1.1" status: 200 len: 820 time: 0.0540073
2026-07-02 01:36:15.028 9 INFO neutron.services.segments.plugin [-] Segment e47421d6-20dd-45b3-9036-746d33b181a8 resource provider aggregate not found
2026-07-02 01:36:15.044 9 INFO neutron.services.segments.plugin [-] Segment e47421d6-20dd-45b3-9036-746d33b181a8 resource provider aggregate not found
2026-07-02 01:36:15.060 9 INFO neutron.services.segments.plugin [-] Segment e47421d6-20dd-45b3-9036-746d33b181a8 resource provider not found; error: Placement Client Error (4xx): {"errors": [{"status": 404, "title": "Not Found", "detail": "The resource could not be found.\n\n No resource provider with uuid e47421d6-20dd-45b3-9036-746d33b181a8 found for delete ", "request_id": "req-7f019800-3f01-49ff-bbaf-a00783de990b"}]}
2026-07-02 01:36:15.062 10 INFO neutron.wsgi [None req-77fd4f26-1cc7-4e20-8782-8d7138ee4a49 69641557955447fe8cd7a2e5db790ca0 31d4de398b8e488290f83f8fc81d12af - - default default] 10.0.0.67 "PUT /v2.0/routers/bfdd88d5-4a78-4043-8cdb-3a85c839ae7e/remove_router_interface HTTP/1.1" status: 200 len: 503 time: 0.8323638
2026-07-02 01:36:15.066 9 INFO neutron.services.segments.plugin [-] Segment e47421d6-20dd-45b3-9036-746d33b181a8 resource provider not found; error: Placement Client Error (4xx): {"errors": [{"status": 404, "title": "Not Found", "detail": "The resource could not be found.\n\n No resource provider with uuid e47421d6-20dd-45b3-9036-746d33b181a8 found for delete ", "request_id": "req-ee703d89-56e0-4e47-b233-6486f9ede5de"}]} /var/lib/openstack/lib/python3.10/site-packages/pycadf/identifier.py:71: UserWarning: Invalid uuid: neutron. To ensure interoperability, identifiers should be a valid uuid. warnings.warn(('Invalid uuid: %s. To ensure interoperability, '
2026-07-02 01:36:15.089 10 INFO neutron.wsgi [None req-2fa82ba8-c8a8-4fe8-9067-548f98591c0f 69641557955447fe8cd7a2e5db790ca0 31d4de398b8e488290f83f8fc81d12af - - default default] 10.0.0.67 "GET /v2.0/ports?device_id=bfdd88d5-4a78-4043-8cdb-3a85c839ae7e HTTP/1.1" status: 200 len: 205 time: 0.0230157
2026-07-02 01:36:15.098 9 INFO neutron.wsgi [None req-8f987065-5f85-4bc2-9bfc-00c8aa03ca7d 22aa2eabcdd54abbb39ed0578f7d0b40 4256c4aa25bd4930b765cbf297d71166 - - default default] 10.0.0.67 "DELETE /v2.0/networks/98040662-a45e-4657-a8f3-a1eaf49c8522 HTTP/1.1" status: 204 len: 168 time: 0.5198545
2026-07-02 01:36:15.113 9 WARNING neutron_lib.context [None req-92b78165-55ca-4236-8db1-7b91443fd5cc 22aa2eabcdd54abbb39ed0578f7d0b40 4256c4aa25bd4930b765cbf297d71166 - - default default] Method 'is_advsvc' is deprecated since 2023.2 release (neutron-lib 3.8.0) and will be removed once support for the old RBAC API policies will be removed from Neutron. Please use method 'is_service_role' instead.
2026-07-02 01:36:15.242 9 INFO neutron.db.segments_db [None req-92b78165-55ca-4236-8db1-7b91443fd5cc 22aa2eabcdd54abbb39ed0578f7d0b40 4256c4aa25bd4930b765cbf297d71166 - - default default] Added segment 776390c9-6ea9-4a2f-b431-bf6d33955aa8 of type geneve for network d207e7b6-9dc2-4530-8041-f021b5ed0c4a
2026-07-02 01:36:15.264 9 INFO neutron.wsgi [None req-b70b2acb-06b0-471a-9984-931132c769e3 7a1473f416e54923b98678bd95cf535b 9a7e43fb4bf249119b4ea857efb70f92 - - default default] 10.0.0.67 "DELETE /v2.0/networks/72f0b95f-62a3-4cf5-80b3-8372baa65e46 HTTP/1.1" status: 204 len: 168 time: 0.5224061
2026-07-02 01:36:15.428 9 INFO neutron.db.ovn_revision_numbers_db [None req-92b78165-55ca-4236-8db1-7b91443fd5cc 22aa2eabcdd54abbb39ed0578f7d0b40 4256c4aa25bd4930b765cbf297d71166 - - default default] Successfully bumped revision number for resource d207e7b6-9dc2-4530-8041-f021b5ed0c4a (type: networks) to 1
2026-07-02 01:36:15.676 10 INFO neutron.wsgi [None req-00fa3c81-42c2-44b4-9465-ef1de0d04cdd 69641557955447fe8cd7a2e5db790ca0 31d4de398b8e488290f83f8fc81d12af - - default default] 10.0.0.67 "DELETE /v2.0/routers/bfdd88d5-4a78-4043-8cdb-3a85c839ae7e HTTP/1.1" status: 204 len: 168 time: 0.5818546
2026-07-02 01:36:15.997 10 INFO neutron.wsgi [None req-5fec2c32-b2ca-46ae-ae28-a8aa78137157 69641557955447fe8cd7a2e5db790ca0 31d4de398b8e488290f83f8fc81d12af - - default default] 10.0.0.67 "DELETE /v2.0/subnets/30a8efde-bafc-4cd5-8387-3e6586965fae HTTP/1.1" status: 204 len: 168 time: 0.3115554
2026-07-02 01:36:16.000 9 WARNING neutron.scheduler.dhcp_agent_scheduler [None req-92b78165-55ca-4236-8db1-7b91443fd5cc 22aa2eabcdd54abbb39ed0578f7d0b40 4256c4aa25bd4930b765cbf297d71166 - - default default] No more DHCP agents
2026-07-02 01:36:16.003 9 WARNING neutron.api.rpc.agentnotifiers.dhcp_rpc_agent_api [None req-92b78165-55ca-4236-8db1-7b91443fd5cc 22aa2eabcdd54abbb39ed0578f7d0b40 4256c4aa25bd4930b765cbf297d71166 - - default default] Unable to schedule network d207e7b6-9dc2-4530-8041-f021b5ed0c4a: no agents available; will retry on subsequent port and subnet creation events.
2026-07-02 01:36:16.054 10 INFO neutron.services.segments.plugin [-] Segment 6d67036c-adbb-4e88-8624-2aed78cfe1bf resource provider aggregate not found
2026-07-02 01:36:16.068 10 INFO neutron.services.segments.plugin [-] Segment 6d67036c-adbb-4e88-8624-2aed78cfe1bf resource provider aggregate not found
2026-07-02 01:36:16.084 10 INFO neutron.services.segments.plugin [-] Segment 6d67036c-adbb-4e88-8624-2aed78cfe1bf resource provider not found; error: Placement Client Error (4xx): {"errors": [{"status": 404, "title": "Not Found", "detail": "The resource could not be found.\n\n No resource provider with uuid 6d67036c-adbb-4e88-8624-2aed78cfe1bf found for delete ", "request_id": "req-14e7d393-35ca-41f1-89dd-518e2a3cb4f5"}]}
2026-07-02 01:36:16.089 10 INFO neutron.services.segments.plugin [-] Segment 6d67036c-adbb-4e88-8624-2aed78cfe1bf resource provider not found; error: Placement Client Error (4xx): {"errors": [{"status": 404, "title": "Not Found", "detail": "The resource could not be found.\n\n No resource provider with uuid 6d67036c-adbb-4e88-8624-2aed78cfe1bf found for delete ", "request_id": "req-8ce636ca-6a42-4e26-b08a-7a45766e3f44"}]}
2026-07-02 01:36:16.105 9 INFO neutron.db.ovn_revision_numbers_db [None req-92b78165-55ca-4236-8db1-7b91443fd5cc 22aa2eabcdd54abbb39ed0578f7d0b40 4256c4aa25bd4930b765cbf297d71166 - - default default] Successfully bumped revision number for resource 9fb3829e-05b5-4fd7-b94c-143aeb98de7b (type: ports) to 1
2026-07-02 01:36:16.132 9 INFO neutron.wsgi [None req-92b78165-55ca-4236-8db1-7b91443fd5cc 22aa2eabcdd54abbb39ed0578f7d0b40 4256c4aa25bd4930b765cbf297d71166 - - default default] 10.0.0.67 "POST /v2.0/networks HTTP/1.1" status: 201 len: 833 time: 1.0250177
2026-07-02 01:36:16.133 10 INFO neutron.wsgi [None req-c662bf23-12e3-42ea-a36d-80860b003161 7a1473f416e54923b98678bd95cf535b 9a7e43fb4bf249119b4ea857efb70f92 - - default default] 10.0.0.67 "DELETE /v2.0/networks/b1c5fccf-a8e2-4b73-934d-2d3f6383e05c HTTP/1.1" status: 204 len: 168 time: 0.8629100
2026-07-02 01:36:16.149 10 WARNING neutron_lib.context [None req-9a2031b3-1fe6-4074-bc73-b12cf7fc4553 22aa2eabcdd54abbb39ed0578f7d0b40 4256c4aa25bd4930b765cbf297d71166 - - default default] Method 'is_advsvc' is deprecated since 2023.2 release (neutron-lib 3.8.0) and will be removed once support for the old RBAC API policies will be removed from Neutron. Please use method 'is_service_role' instead.
2026-07-02 01:36:16.334 10 INFO neutron.wsgi [None req-8876203d-b252-4b40-b315-604189d898bf 69641557955447fe8cd7a2e5db790ca0 31d4de398b8e488290f83f8fc81d12af - - default default] 10.0.0.67 "DELETE /v2.0/subnets/c6a91075-3cb5-4370-adb6-af321f2427d7 HTTP/1.1" status: 204 len: 168 time: 0.3312008
2026-07-02 01:36:16.511 10 WARNING neutron.scheduler.dhcp_agent_scheduler [None req-9a2031b3-1fe6-4074-bc73-b12cf7fc4553 22aa2eabcdd54abbb39ed0578f7d0b40 4256c4aa25bd4930b765cbf297d71166 - - default default] No more DHCP agents
2026-07-02 01:36:16.515 10 WARNING neutron.api.rpc.agentnotifiers.dhcp_rpc_agent_api [None req-9a2031b3-1fe6-4074-bc73-b12cf7fc4553 22aa2eabcdd54abbb39ed0578f7d0b40 4256c4aa25bd4930b765cbf297d71166 - - default default] Unable to schedule network d207e7b6-9dc2-4530-8041-f021b5ed0c4a: no agents available; will retry on subsequent port and subnet creation events.
2026-07-02 01:36:16.574 10 INFO neutron.db.ovn_revision_numbers_db [None req-9a2031b3-1fe6-4074-bc73-b12cf7fc4553 22aa2eabcdd54abbb39ed0578f7d0b40 4256c4aa25bd4930b765cbf297d71166 - - default default] Successfully bumped revision number for resource 83bdcad1-ef7a-434b-b7a5-dc847eb78445 (type: subnets) to 0
2026-07-02 01:36:16.578 9 INFO neutron.wsgi [None req-27c1e4e1-51f0-4fd1-9fbc-03795bba7ee0 7a1473f416e54923b98678bd95cf535b 9a7e43fb4bf249119b4ea857efb70f92 - - default default] 10.0.0.67 "DELETE /v2.0/networks/b3dd9ccc-6aa8-4a38-9196-44240614b4c8 HTTP/1.1" status: 204 len: 168 time: 0.4376009
2026-07-02 01:36:16.605 10 INFO neutron.wsgi [None req-9a2031b3-1fe6-4074-bc73-b12cf7fc4553 22aa2eabcdd54abbb39ed0578f7d0b40 4256c4aa25bd4930b765cbf297d71166 - - default default] 10.0.0.67 "POST /v2.0/subnets HTTP/1.1" status: 201 len: 821 time: 0.4624960
2026-07-02 01:36:16.619 9 WARNING neutron_lib.context [None req-a6596cdc-6d17-499b-b952-2c3b9f116d1e 22aa2eabcdd54abbb39ed0578f7d0b40 4256c4aa25bd4930b765cbf297d71166 - - default default] Method 'is_advsvc' is deprecated since 2023.2 release (neutron-lib 3.8.0) and will be removed once support for the old RBAC API policies will be removed from Neutron. Please use method 'is_service_role' instead.
2026-07-02 01:36:16.783 9 INFO neutron.db.ovn_revision_numbers_db [None req-a6596cdc-6d17-499b-b952-2c3b9f116d1e 22aa2eabcdd54abbb39ed0578f7d0b40 4256c4aa25bd4930b765cbf297d71166 - - default default] Successfully bumped revision number for resource 20f2fe35-c9e2-4e49-b5eb-f676abb2fe39 (type: routers) to 1
2026-07-02 01:36:16.802 9 INFO neutron.wsgi [None req-a6596cdc-6d17-499b-b952-2c3b9f116d1e 22aa2eabcdd54abbb39ed0578f7d0b40 4256c4aa25bd4930b765cbf297d71166 - - default default] 10.0.0.67 "POST /v2.0/routers HTTP/1.1" status: 201 len: 690 time: 0.1896057
2026-07-02 01:36:16.845 10 INFO neutron.wsgi [None req-450a54aa-a96a-433b-995a-aa670de01f19 69641557955447fe8cd7a2e5db790ca0 31d4de398b8e488290f83f8fc81d12af - - default default] 10.0.0.67 "DELETE /v2.0/networks/ec963d1e-04c8-4359-be6d-0240511c21c2 HTTP/1.1" status: 204 len: 168 time: 0.5057940
2026-07-02 01:36:17.080 9 INFO neutron.services.segments.plugin [-] Segment 410ba366-6ebf-4963-90ad-313bdb7e550e resource provider aggregate not found
2026-07-02 01:36:17.089 10 INFO neutron.wsgi [None req-c25c7271-6999-463a-bb34-bfd0a474af03 7a1473f416e54923b98678bd95cf535b 9a7e43fb4bf249119b4ea857efb70f92 - - default default] 10.0.0.67 "DELETE /v2.0/networks/3799712d-0110-42f9-a6ce-0a15cd584f70 HTTP/1.1" status: 204 len: 168 time: 0.5052834
2026-07-02 01:36:17.092 9 INFO neutron.services.segments.plugin [-] Segment 410ba366-6ebf-4963-90ad-313bdb7e550e resource provider aggregate not found
2026-07-02 01:36:17.102 9 INFO neutron.services.segments.plugin [-] Segment 410ba366-6ebf-4963-90ad-313bdb7e550e resource provider not found; error: Placement Client Error (4xx): {"errors": [{"status": 404, "title": "Not Found", "detail": "The resource could not be found.\n\n No resource provider with uuid 410ba366-6ebf-4963-90ad-313bdb7e550e found for delete ", "request_id": "req-fbca4d4c-a4ba-48a6-b80b-9b7e4f536c34"}]}
2026-07-02 01:36:17.118 9 INFO neutron.services.segments.plugin [-] Segment 410ba366-6ebf-4963-90ad-313bdb7e550e resource provider not found; error: Placement Client Error (4xx): {"errors": [{"status": 404, "title": "Not Found", "detail": "The resource could not be found.\n\n No resource provider with uuid 410ba366-6ebf-4963-90ad-313bdb7e550e found for delete ", "request_id": "req-2557fabb-73ed-46d7-8e53-7058c0ebd735"}]}
2026-07-02 01:36:17.126 9 INFO neutron.services.segments.plugin [-] Segment 66da27e9-e798-472f-aa3f-6bf3ad6d5e6a resource provider aggregate not found
2026-07-02 01:36:17.129 10 WARNING neutron.plugins.ml2.drivers.ovn.mech_driver.ovsdb.ovn_client [None req-498414c1-69f1-43ec-aebf-26761072ab82 - - - - - -] No port found with ID 84f92006-1c8e-456c-b64c-f510fd4f49a5: RuntimeError: No port found with ID 84f92006-1c8e-456c-b64c-f510fd4f49a5
2026-07-02 01:36:17.145 9 INFO neutron.services.segments.plugin [-] Segment 66da27e9-e798-472f-aa3f-6bf3ad6d5e6a resource provider aggregate not found
2026-07-02 01:36:17.151 9 INFO neutron.services.segments.plugin [-] Segment 66da27e9-e798-472f-aa3f-6bf3ad6d5e6a resource provider not found; error: Placement Client Error (4xx): {"errors": [{"status": 404, "title": "Not Found", "detail": "The resource could not be found.\n\n No resource provider with uuid 66da27e9-e798-472f-aa3f-6bf3ad6d5e6a found for delete ", "request_id": "req-0204bf0c-482e-45d8-b3a9-64df78c661b2"}]}
2026-07-02 01:36:17.163 9 INFO neutron.services.segments.plugin [-] Segment 66da27e9-e798-472f-aa3f-6bf3ad6d5e6a resource provider not found; error: Placement Client Error (4xx): {"errors": [{"status": 404, "title": "Not Found", "detail": "The resource could not be found.\n\n No resource provider with uuid 66da27e9-e798-472f-aa3f-6bf3ad6d5e6a found for delete ", "request_id": "req-7762e1a7-3ab3-45a9-ba43-7f1deba6272c"}]}
2026-07-02 01:36:17.268 9 WARNING neutron.scheduler.dhcp_agent_scheduler [None req-302cc419-5977-4256-afe4-2731f798cd79 22aa2eabcdd54abbb39ed0578f7d0b40 4256c4aa25bd4930b765cbf297d71166 - - default default] No more DHCP agents
2026-07-02 01:36:17.271 9 WARNING neutron.api.rpc.agentnotifiers.dhcp_rpc_agent_api [None req-302cc419-5977-4256-afe4-2731f798cd79 22aa2eabcdd54abbb39ed0578f7d0b40 4256c4aa25bd4930b765cbf297d71166 - - default default] Unable to schedule network d207e7b6-9dc2-4530-8041-f021b5ed0c4a: no agents available; will retry on subsequent port and subnet creation events.
2026-07-02 01:36:17.328 10 INFO neutron.wsgi [None req-3b748c5d-1a42-4718-a448-50772c7973b3 69641557955447fe8cd7a2e5db790ca0 31d4de398b8e488290f83f8fc81d12af - - default default] 10.0.0.67 "DELETE /v2.0/networks/01062105-f582-44bf-8707-417fee2cb6fc HTTP/1.1" status: 204 len: 168 time: 0.4720833
2026-07-02 01:36:17.343 10 WARNING neutron_lib.context [None req-bf9bdac9-1a5b-45cb-9d7e-158f7b54a8c8 69641557955447fe8cd7a2e5db790ca0 31d4de398b8e488290f83f8fc81d12af - - default default] Method 'is_advsvc' is deprecated since 2023.2 release (neutron-lib 3.8.0) and will be removed once support for the old RBAC API policies will be removed from Neutron. Please use method 'is_service_role' instead.
2026-07-02 01:36:17.425 9 INFO neutron.db.ovn_revision_numbers_db [None req-302cc419-5977-4256-afe4-2731f798cd79 22aa2eabcdd54abbb39ed0578f7d0b40 4256c4aa25bd4930b765cbf297d71166 - - default default] Successfully bumped revision number for resource d092381e-c5f5-409d-9357-2c8b378389e9 (type: ports) to 1
2026-07-02 01:36:17.428 10 INFO neutron.db.segments_db [None req-bf9bdac9-1a5b-45cb-9d7e-158f7b54a8c8 69641557955447fe8cd7a2e5db790ca0 31d4de398b8e488290f83f8fc81d12af - - default default] Added segment 3743e5c0-1e26-42dc-a954-9e52b5d56bce of type geneve for network 0ae18848-5275-4d45-8aca-b392f0844e62
2026-07-02 01:36:17.564 10 INFO neutron.db.ovn_revision_numbers_db [None req-bf9bdac9-1a5b-45cb-9d7e-158f7b54a8c8 69641557955447fe8cd7a2e5db790ca0 31d4de398b8e488290f83f8fc81d12af - - default default] Successfully bumped revision number for resource 0ae18848-5275-4d45-8aca-b392f0844e62 (type: networks) to 1
2026-07-02 01:36:17.742 10 WARNING neutron.scheduler.dhcp_agent_scheduler [None req-bf9bdac9-1a5b-45cb-9d7e-158f7b54a8c8 69641557955447fe8cd7a2e5db790ca0 31d4de398b8e488290f83f8fc81d12af - - default default] No more DHCP agents
2026-07-02 01:36:17.745 10 WARNING neutron.api.rpc.agentnotifiers.dhcp_rpc_agent_api [None req-bf9bdac9-1a5b-45cb-9d7e-158f7b54a8c8 69641557955447fe8cd7a2e5db790ca0 31d4de398b8e488290f83f8fc81d12af - - default default] Unable to schedule network 0ae18848-5275-4d45-8aca-b392f0844e62: no agents available; will retry on subsequent port and subnet creation events.
2026-07-02 01:36:17.786 9 INFO neutron.db.ovn_revision_numbers_db [None req-302cc419-5977-4256-afe4-2731f798cd79 22aa2eabcdd54abbb39ed0578f7d0b40 4256c4aa25bd4930b765cbf297d71166 - - default default] Successfully bumped revision number for resource d092381e-c5f5-409d-9357-2c8b378389e9 (type: router_ports) to 1
2026-07-02 01:36:17.828 10 INFO neutron.db.ovn_revision_numbers_db [None req-bf9bdac9-1a5b-45cb-9d7e-158f7b54a8c8 69641557955447fe8cd7a2e5db790ca0 31d4de398b8e488290f83f8fc81d12af - - default default] Successfully bumped revision number for resource c2f9c6e6-e057-4759-9781-1b9ed3907c8d (type: ports) to 1
2026-07-02 01:36:17.841 10 INFO neutron.wsgi [None req-a6f1d883-c9b1-4cc4-8923-44ee13f06ac7 c3e159fc388047d2926d2ab6991c6583 bd0d1c018646460b833b4c906b471641 - - default default] 10.0.0.67 "GET /v2.0/security-groups?tenant_id=9a7e43fb4bf249119b4ea857efb70f92&name=default HTTP/1.1" status: 200 len: 2996 time: 0.1969612
2026-07-02 01:36:17.854 10 INFO neutron.wsgi [None req-bf9bdac9-1a5b-45cb-9d7e-158f7b54a8c8 69641557955447fe8cd7a2e5db790ca0 31d4de398b8e488290f83f8fc81d12af - - default default] 10.0.0.67 "POST /v2.0/networks HTTP/1.1" status: 201 len: 828 time: 0.5161309
2026-07-02 01:36:17.865 10 WARNING neutron_lib.context [None req-e014dcca-85b5-4a99-aef9-d5dff42c9624 69641557955447fe8cd7a2e5db790ca0 31d4de398b8e488290f83f8fc81d12af - - default default] Method 'is_advsvc' is deprecated since 2023.2 release (neutron-lib 3.8.0) and will be removed once support for the old RBAC API policies will be removed from Neutron. Please use method 'is_service_role' instead.
2026-07-02 01:36:17.920 9 INFO neutron.db.ovn_revision_numbers_db [None req-302cc419-5977-4256-afe4-2731f798cd79 22aa2eabcdd54abbb39ed0578f7d0b40 4256c4aa25bd4930b765cbf297d71166 - - default default] Successfully bumped revision number for resource d092381e-c5f5-409d-9357-2c8b378389e9 (type: ports) to 1
2026-07-02 01:36:18.011 9 WARNING neutron.scheduler.dhcp_agent_scheduler [None req-302cc419-5977-4256-afe4-2731f798cd79 22aa2eabcdd54abbb39ed0578f7d0b40 4256c4aa25bd4930b765cbf297d71166 - - default default] No more DHCP agents
2026-07-02 01:36:18.012 9 WARNING neutron.api.rpc.agentnotifiers.dhcp_rpc_agent_api [None req-302cc419-5977-4256-afe4-2731f798cd79 22aa2eabcdd54abbb39ed0578f7d0b40 4256c4aa25bd4930b765cbf297d71166 - - default default] Unable to schedule network d207e7b6-9dc2-4530-8041-f021b5ed0c4a: no agents available; will retry on subsequent port and subnet creation events.
2026-07-02 01:36:18.111 10 INFO neutron.services.segments.plugin [-] Segment ccd44135-5231-4290-8e00-2cc26ec7fc43 resource provider aggregate not found
2026-07-02 01:36:18.128 10 INFO neutron.services.segments.plugin [-] Segment ccd44135-5231-4290-8e00-2cc26ec7fc43 resource provider aggregate not found
2026-07-02 01:36:18.137 10 INFO neutron.services.segments.plugin [-] Segment ccd44135-5231-4290-8e00-2cc26ec7fc43 resource provider not found; error: Placement Client Error (4xx): {"errors": [{"status": 404, "title": "Not Found", "detail": "The resource could not be found.\n\n No resource provider with uuid ccd44135-5231-4290-8e00-2cc26ec7fc43 found for delete ", "request_id": "req-fe8bcfa4-ff56-4900-a6a7-3f81813ea9c6"}]}
2026-07-02 01:36:18.152 10 INFO neutron.services.segments.plugin [-] Segment ccd44135-5231-4290-8e00-2cc26ec7fc43 resource provider not found; error: Placement Client Error (4xx): {"errors": [{"status": 404, "title": "Not Found", "detail": "The resource could not be found.\n\n No resource provider with uuid ccd44135-5231-4290-8e00-2cc26ec7fc43 found for delete ", "request_id": "req-6eebedbd-36c9-4d50-8cf5-23184994be87"}]}
2026-07-02 01:36:18.166 10 INFO neutron.services.segments.plugin [-] Segment ec488391-1589-477d-9a62-ae9237f1e895 resource provider aggregate not found
2026-07-02 01:36:18.169 9 INFO neutron.db.ovn_revision_numbers_db [None req-302cc419-5977-4256-afe4-2731f798cd79 22aa2eabcdd54abbb39ed0578f7d0b40 4256c4aa25bd4930b765cbf297d71166 - - default default] Successfully bumped revision number for resource d092381e-c5f5-409d-9357-2c8b378389e9 (type: router_ports) to 1
2026-07-02 01:36:18.172 9 INFO neutron.wsgi [None req-302cc419-5977-4256-afe4-2731f798cd79 22aa2eabcdd54abbb39ed0578f7d0b40 4256c4aa25bd4930b765cbf297d71166 - - default default] 10.0.0.67 "PUT /v2.0/routers/20f2fe35-c9e2-4e49-b5eb-f676abb2fe39/add_router_interface HTTP/1.1" status: 200 len: 503 time: 1.3628263
2026-07-02 01:36:18.175 10 INFO neutron.services.segments.plugin [-] Segment ec488391-1589-477d-9a62-ae9237f1e895 resource provider aggregate not found
2026-07-02 01:36:18.184 10 INFO neutron.services.segments.plugin [-] Segment ec488391-1589-477d-9a62-ae9237f1e895 resource provider not found; error: Placement Client Error (4xx): {"errors": [{"status": 404, "title": "Not Found", "detail": "The resource could not be found.\n\n No resource provider with uuid ec488391-1589-477d-9a62-ae9237f1e895 found for delete ", "request_id": "req-eb1ec921-cf9c-45f3-9904-855c73751768"}]}
2026-07-02 01:36:18.196 10 INFO neutron.services.segments.plugin [-] Segment ec488391-1589-477d-9a62-ae9237f1e895 resource provider not found; error: Placement Client Error (4xx): {"errors": [{"status": 404, "title": "Not Found", "detail": "The resource could not be found.\n\n No resource provider with uuid ec488391-1589-477d-9a62-ae9237f1e895 found for delete ", "request_id": "req-aabc839e-73ff-4084-9ae2-f310d63fcb01"}]}
2026-07-02 01:36:18.206 10 INFO neutron.services.segments.plugin [-] Segment 1472171b-c732-4c3c-be3a-2c36e0f6d837 resource provider aggregate not found
2026-07-02 01:36:18.221 10 INFO neutron.services.segments.plugin [-] Segment 1472171b-c732-4c3c-be3a-2c36e0f6d837 resource provider aggregate not found
2026-07-02 01:36:18.234 10 INFO neutron.services.segments.plugin [-] Segment 1472171b-c732-4c3c-be3a-2c36e0f6d837 resource provider not found; error: Placement Client Error (4xx): {"errors": [{"status": 404, "title": "Not Found", "detail": "The resource could not be found.\n\n No resource provider with uuid 1472171b-c732-4c3c-be3a-2c36e0f6d837 found for delete ", "request_id": "req-f3a03547-ad36-440c-9c00-8ded2edae355"}]}
2026-07-02 01:36:18.242 10 WARNING neutron.scheduler.dhcp_agent_scheduler [None req-e014dcca-85b5-4a99-aef9-d5dff42c9624 69641557955447fe8cd7a2e5db790ca0 31d4de398b8e488290f83f8fc81d12af - - default default] No more DHCP agents
2026-07-02 01:36:18.247 10 INFO neutron.services.segments.plugin [-] Segment 1472171b-c732-4c3c-be3a-2c36e0f6d837 resource provider not found; error: Placement Client Error (4xx): {"errors": [{"status": 404, "title": "Not Found", "detail": "The resource could not be found.\n\n No resource provider with uuid 1472171b-c732-4c3c-be3a-2c36e0f6d837 found for delete ", "request_id": "req-41304d24-0159-4c51-bfd5-015c02843090"}]}
2026-07-02 01:36:18.247 10 WARNING neutron.api.rpc.agentnotifiers.dhcp_rpc_agent_api [None req-e014dcca-85b5-4a99-aef9-d5dff42c9624 69641557955447fe8cd7a2e5db790ca0 31d4de398b8e488290f83f8fc81d12af - - default default] Unable to schedule network 0ae18848-5275-4d45-8aca-b392f0844e62: no agents available; will retry on subsequent port and subnet creation events.
2026-07-02 01:36:18.270 10 INFO neutron.wsgi [None req-cb609e19-1d57-4edb-8a7f-20c70fb02e12 c3e159fc388047d2926d2ab6991c6583 bd0d1c018646460b833b4c906b471641 - - default default] 10.0.0.67 "DELETE /v2.0/security-groups/b1555e67-5387-4a9c-b97b-ee98583810ad HTTP/1.1" status: 204 len: 168 time: 0.4216335
2026-07-02 01:36:18.296 9 INFO neutron.wsgi [None req-84c4665b-f915-46bf-8ead-7607a2926f64 22aa2eabcdd54abbb39ed0578f7d0b40 4256c4aa25bd4930b765cbf297d71166 - - default default] 10.0.0.67 "GET /v2.0/ports/d092381e-c5f5-409d-9357-2c8b378389e9 HTTP/1.1" status: 200 len: 1139 time: 0.1180148
2026-07-02 01:36:18.348 9 INFO neutron.wsgi [None req-d2eafa3c-0b0c-4b55-aba4-01114281d97e 22aa2eabcdd54abbb39ed0578f7d0b40 4256c4aa25bd4930b765cbf297d71166 - - default default] 10.0.0.67 "GET /v2.0/ports/d092381e-c5f5-409d-9357-2c8b378389e9 HTTP/1.1" status: 200 len: 1139 time: 0.0434446
2026-07-02 01:36:18.440 9 WARNING neutron.plugins.ml2.drivers.ovn.mech_driver.ovsdb.ovn_client [None req-dbb4eb17-3e82-44ba-9a95-8a6fa4ee2e64 - - - - - -] No port found with ID c01811d4-5133-40a7-a235-dabf93db4f65: RuntimeError: No port found with ID c01811d4-5133-40a7-a235-dabf93db4f65
2026-07-02 01:36:18.441 9 INFO neutron.plugins.ml2.drivers.ovn.mech_driver.mech_driver [None req-dbb4eb17-3e82-44ba-9a95-8a6fa4ee2e64 - - - - - -] OVN reports status up for port: d092381e-c5f5-409d-9357-2c8b378389e9
2026-07-02 01:36:18.453 9 INFO neutron.plugins.ml2.plugin [None req-dbb4eb17-3e82-44ba-9a95-8a6fa4ee2e64 - - - - - -] Attempt 1 to provision port d092381e-c5f5-409d-9357-2c8b378389e9
2026-07-02 01:36:18.772 9 INFO neutron.db.ovn_revision_numbers_db [None req-dbb4eb17-3e82-44ba-9a95-8a6fa4ee2e64 - - - - - -] Successfully bumped revision number for resource d092381e-c5f5-409d-9357-2c8b378389e9 (type: ports) to 2
2026-07-02 01:36:18.784 10 INFO neutron.db.ovn_revision_numbers_db [None req-e014dcca-85b5-4a99-aef9-d5dff42c9624 69641557955447fe8cd7a2e5db790ca0 31d4de398b8e488290f83f8fc81d12af - - default default] Successfully bumped revision number for resource c2f9c6e6-e057-4759-9781-1b9ed3907c8d (type: ports) to 2
2026-07-02 01:36:18.820 10 INFO neutron.db.ovn_revision_numbers_db [None req-e014dcca-85b5-4a99-aef9-d5dff42c9624 69641557955447fe8cd7a2e5db790ca0 31d4de398b8e488290f83f8fc81d12af - - default default] Successfully bumped revision number for resource a5d39830-2bc9-4e27-bad6-ef3170619711 (type: subnets) to 0
2026-07-02 01:36:18.836 10 INFO neutron.wsgi [None req-e014dcca-85b5-4a99-aef9-d5dff42c9624 69641557955447fe8cd7a2e5db790ca0 31d4de398b8e488290f83f8fc81d12af - - default default] 10.0.0.67 "POST /v2.0/subnets HTTP/1.1" status: 201 len: 801 time: 0.9771278
2026-07-02 01:36:18.851 10 WARNING neutron_lib.context [None req-1501dbe3-a555-4e1f-9bd4-5d9f8d1d73ad 69641557955447fe8cd7a2e5db790ca0 31d4de398b8e488290f83f8fc81d12af - - default default] Method 'is_advsvc' is deprecated since 2023.2 release (neutron-lib 3.8.0) and will be removed once support for the old RBAC API policies will be removed from Neutron. Please use method 'is_service_role' instead.
2026-07-02 01:36:18.865 9 INFO neutron.db.ovn_revision_numbers_db [None req-dbb4eb17-3e82-44ba-9a95-8a6fa4ee2e64 - - - - - -] Successfully bumped revision number for resource d092381e-c5f5-409d-9357-2c8b378389e9 (type: router_ports) to 2
2026-07-02 01:36:19.001 10 INFO neutron.db.ovn_revision_numbers_db [None req-1501dbe3-a555-4e1f-9bd4-5d9f8d1d73ad 69641557955447fe8cd7a2e5db790ca0 31d4de398b8e488290f83f8fc81d12af - - default default] Successfully bumped revision number for resource b9bd29bc-d450-4005-9602-2927cd0ea726 (type: routers) to 1
2026-07-02 01:36:19.016 10 INFO neutron.wsgi [None req-1501dbe3-a555-4e1f-9bd4-5d9f8d1d73ad 69641557955447fe8cd7a2e5db790ca0 31d4de398b8e488290f83f8fc81d12af - - default default] 10.0.0.67 "POST /v2.0/routers HTTP/1.1" status: 201 len: 686 time: 0.1724224
2026-07-02 01:36:19.026 10 WARNING neutron_lib.context [None req-42afc497-f651-48fc-be6c-c9f2244276e7 69641557955447fe8cd7a2e5db790ca0 31d4de398b8e488290f83f8fc81d12af - - default default] Method 'is_advsvc' is deprecated since 2023.2 release (neutron-lib 3.8.0) and will be removed once support for the old RBAC API policies will be removed from Neutron. Please use method 'is_service_role' instead. /var/lib/openstack/lib/python3.10/site-packages/pycadf/identifier.py:71: UserWarning: Invalid uuid: neutron. To ensure interoperability, identifiers should be a valid uuid. warnings.warn(('Invalid uuid: %s. To ensure interoperability, '
2026-07-02 01:36:19.367 10 WARNING neutron.scheduler.dhcp_agent_scheduler [None req-42afc497-f651-48fc-be6c-c9f2244276e7 69641557955447fe8cd7a2e5db790ca0 31d4de398b8e488290f83f8fc81d12af - - default default] No more DHCP agents
2026-07-02 01:36:19.371 10 WARNING neutron.api.rpc.agentnotifiers.dhcp_rpc_agent_api [None req-42afc497-f651-48fc-be6c-c9f2244276e7 69641557955447fe8cd7a2e5db790ca0 31d4de398b8e488290f83f8fc81d12af - - default default] Unable to schedule network 0ae18848-5275-4d45-8aca-b392f0844e62: no agents available; will retry on subsequent port and subnet creation events.
2026-07-02 01:36:19.405 10 INFO neutron.wsgi [None req-b1560290-cc9a-48e4-8162-d4ab18a8af0c 22aa2eabcdd54abbb39ed0578f7d0b40 4256c4aa25bd4930b765cbf297d71166 - - default default] 10.0.0.67 "GET /v2.0/ports/d092381e-c5f5-409d-9357-2c8b378389e9 HTTP/1.1" status: 200 len: 1141 time: 0.0464342
2026-07-02 01:36:19.570 10 INFO neutron.db.ovn_revision_numbers_db [None req-42afc497-f651-48fc-be6c-c9f2244276e7 69641557955447fe8cd7a2e5db790ca0 31d4de398b8e488290f83f8fc81d12af - - default default] Successfully bumped revision number for resource 088417b2-ccf9-4c92-b0ce-044f0c8d6c9b (type: ports) to 1
2026-07-02 01:36:19.594 10 INFO neutron.wsgi [None req-42afc497-f651-48fc-be6c-c9f2244276e7 69641557955447fe8cd7a2e5db790ca0 31d4de398b8e488290f83f8fc81d12af - - default default] 10.0.0.67 "POST /v2.0/ports HTTP/1.1" status: 201 len: 1146 time: 0.5731330 /var/lib/openstack/lib/python3.10/site-packages/pycadf/identifier.py:71: UserWarning: Invalid uuid: neutron. To ensure interoperability, identifiers should be a valid uuid. warnings.warn(('Invalid uuid: %s. To ensure interoperability, '
2026-07-02 01:36:20.093 9 INFO neutron.wsgi [None req-ac8007f9-d045-4aba-bd99-2a39cb9252f7 22aa2eabcdd54abbb39ed0578f7d0b40 4256c4aa25bd4930b765cbf297d71166 - - default default] 10.0.0.67 "PUT /v2.0/routers/20f2fe35-c9e2-4e49-b5eb-f676abb2fe39/remove_router_interface HTTP/1.1" status: 200 len: 503 time: 0.6759188 /var/lib/openstack/lib/python3.10/site-packages/pycadf/identifier.py:71: UserWarning: Invalid uuid: neutron. To ensure interoperability, identifiers should be a valid uuid. warnings.warn(('Invalid uuid: %s. To ensure interoperability, '
2026-07-02 01:36:20.127 9 INFO neutron.wsgi [None req-95bb1b07-6a9f-4b51-9724-526f3af18fd6 22aa2eabcdd54abbb39ed0578f7d0b40 4256c4aa25bd4930b765cbf297d71166 - - default default] 10.0.0.67 "GET /v2.0/ports?device_id=20f2fe35-c9e2-4e49-b5eb-f676abb2fe39 HTTP/1.1" status: 200 len: 205 time: 0.0262957
2026-07-02 01:36:20.145 10 WARNING neutron_lib.context [None req-21f0beeb-7516-493a-a9b1-366595841037 df8f4b4e3edc4b6b81acf7382a1b6526 e4f41e2e287f4909ba05470ebb0ff91f - - default default] Method 'is_advsvc' is deprecated since 2023.2 release (neutron-lib 3.8.0) and will be removed once support for the old RBAC API policies will be removed from Neutron. Please use method 'is_service_role' instead.
2026-07-02 01:36:20.276 10 INFO neutron.db.ovn_revision_numbers_db [None req-82add319-1b88-4959-8f57-ae5dfaf257aa 69641557955447fe8cd7a2e5db790ca0 31d4de398b8e488290f83f8fc81d12af - - default default] Successfully bumped revision number for resource 088417b2-ccf9-4c92-b0ce-044f0c8d6c9b (type: router_ports) to 2
2026-07-02 01:36:20.339 10 INFO neutron.db.ovn_revision_numbers_db [None req-21f0beeb-7516-493a-a9b1-366595841037 df8f4b4e3edc4b6b81acf7382a1b6526 e4f41e2e287f4909ba05470ebb0ff91f - - default default] Successfully bumped revision number for resource c28a65c3-e800-46a7-aad8-36267bf2ab7d (type: security_groups) to 1
2026-07-02 01:36:20.361 10 INFO neutron.db.ovn_revision_numbers_db [None req-21f0beeb-7516-493a-a9b1-366595841037 df8f4b4e3edc4b6b81acf7382a1b6526 e4f41e2e287f4909ba05470ebb0ff91f - - default default] Successfully bumped revision number for resource 12b213e5-8941-4346-8ef4-be568ce07055 (type: security_group_rules) to 0
2026-07-02 01:36:20.378 10 INFO neutron.db.ovn_revision_numbers_db [None req-21f0beeb-7516-493a-a9b1-366595841037 df8f4b4e3edc4b6b81acf7382a1b6526 e4f41e2e287f4909ba05470ebb0ff91f - - default default] Successfully bumped revision number for resource 70860d18-a7c1-4315-8e95-b1d179bbdbbd (type: security_group_rules) to 0
2026-07-02 01:36:20.408 10 INFO neutron.db.ovn_revision_numbers_db [None req-21f0beeb-7516-493a-a9b1-366595841037 df8f4b4e3edc4b6b81acf7382a1b6526 e4f41e2e287f4909ba05470ebb0ff91f - - default default] Successfully bumped revision number for resource 7373775b-66cd-4cdf-b991-6ed4bf78b5e2 (type: security_group_rules) to 0
2026-07-02 01:36:20.428 10 INFO neutron.db.ovn_revision_numbers_db [None req-21f0beeb-7516-493a-a9b1-366595841037 df8f4b4e3edc4b6b81acf7382a1b6526 e4f41e2e287f4909ba05470ebb0ff91f - - default default] Successfully bumped revision number for resource b21de52a-3b50-4f7f-94bf-a00bcbfa9798 (type: security_group_rules) to 0
2026-07-02 01:36:20.460 9 INFO neutron.wsgi [None req-700440bb-dc16-41f5-90e5-a6a018e444a1 22aa2eabcdd54abbb39ed0578f7d0b40 4256c4aa25bd4930b765cbf297d71166 - - default default] 10.0.0.67 "DELETE /v2.0/routers/20f2fe35-c9e2-4e49-b5eb-f676abb2fe39 HTTP/1.1" status: 204 len: 168 time: 0.3276772
2026-07-02 01:36:20.490 10 INFO neutron.db.segments_db [None req-21f0beeb-7516-493a-a9b1-366595841037 df8f4b4e3edc4b6b81acf7382a1b6526 e4f41e2e287f4909ba05470ebb0ff91f - - default default] Added segment 7a169a08-17da-45c2-a1e0-46e40fb2fe47 of type geneve for network 3a02b46a-b5ea-4e87-bb64-a3c70a215abf
2026-07-02 01:36:20.544 10 INFO neutron.db.ovn_revision_numbers_db [None req-82add319-1b88-4959-8f57-ae5dfaf257aa 69641557955447fe8cd7a2e5db790ca0 31d4de398b8e488290f83f8fc81d12af - - default default] Successfully bumped revision number for resource 088417b2-ccf9-4c92-b0ce-044f0c8d6c9b (type: ports) to 2
2026-07-02 01:36:20.652 9 INFO neutron.wsgi [None req-3679110a-3c0a-44ec-846b-6c877b876937 22aa2eabcdd54abbb39ed0578f7d0b40 4256c4aa25bd4930b765cbf297d71166 - - default default] 10.0.0.67 "DELETE /v2.0/subnets/83bdcad1-ef7a-434b-b7a5-dc847eb78445 HTTP/1.1" status: 204 len: 168 time: 0.1868937 /var/lib/openstack/lib/python3.10/site-packages/pycadf/identifier.py:71: UserWarning: Invalid uuid: neutron. To ensure interoperability, identifiers should be a valid uuid. warnings.warn(('Invalid uuid: %s. To ensure interoperability, '
2026-07-02 01:36:20.695 10 INFO neutron.db.ovn_revision_numbers_db [None req-21f0beeb-7516-493a-a9b1-366595841037 df8f4b4e3edc4b6b81acf7382a1b6526 e4f41e2e287f4909ba05470ebb0ff91f - - default default] Successfully bumped revision number for resource 3a02b46a-b5ea-4e87-bb64-a3c70a215abf (type: networks) to 1
2026-07-02 01:36:21.069 10 WARNING neutron.scheduler.dhcp_agent_scheduler [None req-21f0beeb-7516-493a-a9b1-366595841037 df8f4b4e3edc4b6b81acf7382a1b6526 e4f41e2e287f4909ba05470ebb0ff91f - - default default] No more DHCP agents
