2026-07-02 01:34:54.171 9 INFO neutron.db.ovn_revision_numbers_db [None req-78331725-9c29-408c-b5b0-f10e400510aa c3e159fc388047d2926d2ab6991c6583 bd0d1c018646460b833b4c906b471641 - - default default] Successfully bumped revision number for resource 9d776dca-b326-4cb5-9968-7c1b4d0cf9f9 (type: router_ports) to 1
2026-07-02 01:34:54.174 9 INFO neutron.wsgi [None req-78331725-9c29-408c-b5b0-f10e400510aa c3e159fc388047d2926d2ab6991c6583 bd0d1c018646460b833b4c906b471641 - - default default] 10.0.0.67 "PUT /v2.0/routers/e3f477e6-1d3f-4c1e-b240-7082caa88e58/add_router_interface HTTP/1.1" status: 200 len: 503 time: 2.9517362
2026-07-02 01:34:54.198 10 INFO neutron.db.ovn_revision_numbers_db [None req-498414c1-69f1-43ec-aebf-26761072ab82 - - - - - -] Successfully bumped revision number for resource 9d776dca-b326-4cb5-9968-7c1b4d0cf9f9 (type: router_ports) to 2
2026-07-02 01:34:54.892 10 WARNING neutron_lib.context [None req-b897004c-7902-4eb5-afb6-49757f86512f 7f19952593274019a06961aeea4b24e8 d225b35ff12248888ac0ac8e412e2b8f - - default default] Method 'is_advsvc' is deprecated since 2023.2 release (neutron-lib 3.8.0) and will be removed once support for the old RBAC API policies will be removed from Neutron. Please use method 'is_service_role' instead.
2026-07-02 01:34:55.002 10 INFO neutron.db.ovn_revision_numbers_db [None req-b897004c-7902-4eb5-afb6-49757f86512f 7f19952593274019a06961aeea4b24e8 d225b35ff12248888ac0ac8e412e2b8f - - default default] Successfully bumped revision number for resource 1b1ab2e0-1d99-4c1a-8254-cefc8afaa4ac (type: security_groups) to 1
2026-07-02 01:34:55.017 10 INFO neutron.db.ovn_revision_numbers_db [None req-b897004c-7902-4eb5-afb6-49757f86512f 7f19952593274019a06961aeea4b24e8 d225b35ff12248888ac0ac8e412e2b8f - - default default] Successfully bumped revision number for resource 94fcc1dc-6250-4bda-a2c4-3c324fce5ad6 (type: security_group_rules) to 0
2026-07-02 01:34:55.033 10 INFO neutron.db.ovn_revision_numbers_db [None req-b897004c-7902-4eb5-afb6-49757f86512f 7f19952593274019a06961aeea4b24e8 d225b35ff12248888ac0ac8e412e2b8f - - default default] Successfully bumped revision number for resource a4b27c6b-555e-421a-8ba7-65fe0ae30193 (type: security_group_rules) to 0
2026-07-02 01:34:55.058 10 INFO neutron.wsgi [None req-b897004c-7902-4eb5-afb6-49757f86512f 7f19952593274019a06961aeea4b24e8 d225b35ff12248888ac0ac8e412e2b8f - - default default] 10.0.0.67 "POST /v2.0/security-groups HTTP/1.1" status: 201 len: 1796 time: 0.1731274
2026-07-02 01:34:55.069 10 WARNING neutron_lib.context [None req-0c9e50f1-1969-4526-bd62-f9f7c20d589d 7f19952593274019a06961aeea4b24e8 d225b35ff12248888ac0ac8e412e2b8f - - default default] Method 'is_advsvc' is deprecated since 2023.2 release (neutron-lib 3.8.0) and will be removed once support for the old RBAC API policies will be removed from Neutron. Please use method 'is_service_role' instead.
2026-07-02 01:34:55.216 10 INFO neutron.db.ovn_revision_numbers_db [None req-0c9e50f1-1969-4526-bd62-f9f7c20d589d 7f19952593274019a06961aeea4b24e8 d225b35ff12248888ac0ac8e412e2b8f - - default default] Successfully bumped revision number for resource 703ef229-4cc3-408d-a5dc-e51276879790 (type: security_group_rules) to 0
2026-07-02 01:34:55.241 10 INFO neutron.wsgi [None req-0c9e50f1-1969-4526-bd62-f9f7c20d589d 7f19952593274019a06961aeea4b24e8 d225b35ff12248888ac0ac8e412e2b8f - - default default] 10.0.0.67 "POST /v2.0/security-group-rules HTTP/1.1" status: 201 len: 764 time: 0.1762152
2026-07-02 01:34:55.254 9 WARNING neutron_lib.context [None req-b4aedc70-3885-49a5-aff5-cc37decae7cb 7f19952593274019a06961aeea4b24e8 d225b35ff12248888ac0ac8e412e2b8f - - default default] Method 'is_advsvc' is deprecated since 2023.2 release (neutron-lib 3.8.0) and will be removed once support for the old RBAC API policies will be removed from Neutron. Please use method 'is_service_role' instead.
2026-07-02 01:34:55.411 9 INFO neutron.db.ovn_revision_numbers_db [None req-b4aedc70-3885-49a5-aff5-cc37decae7cb 7f19952593274019a06961aeea4b24e8 d225b35ff12248888ac0ac8e412e2b8f - - default default] Successfully bumped revision number for resource a256a119-bd57-419f-aeff-c714940ee214 (type: security_group_rules) to 0
2026-07-02 01:34:55.420 9 INFO neutron.db.ovn_revision_numbers_db [None req-94c42341-25e8-4ffd-b8fa-9c9fb4eda7ad c3e159fc388047d2926d2ab6991c6583 bd0d1c018646460b833b4c906b471641 - - default default] Successfully bumped revision number for resource 6fdb656b-ed33-43a7-a676-03e525c8e2b5 (type: security_groups) to 1
2026-07-02 01:34:55.437 9 INFO neutron.wsgi [None req-b4aedc70-3885-49a5-aff5-cc37decae7cb 7f19952593274019a06961aeea4b24e8 d225b35ff12248888ac0ac8e412e2b8f - - default default] 10.0.0.67 "POST /v2.0/security-group-rules HTTP/1.1" status: 201 len: 769 time: 0.1885116
2026-07-02 01:34:55.438 9 INFO neutron.db.ovn_revision_numbers_db [None req-94c42341-25e8-4ffd-b8fa-9c9fb4eda7ad c3e159fc388047d2926d2ab6991c6583 bd0d1c018646460b833b4c906b471641 - - default default] Successfully bumped revision number for resource 4bfc36a6-a4c0-4bec-819a-71fa89a1f612 (type: security_group_rules) to 0
2026-07-02 01:34:55.450 10 WARNING neutron_lib.context [None req-6d733383-e47b-4f0f-94aa-242c59360880 7f19952593274019a06961aeea4b24e8 d225b35ff12248888ac0ac8e412e2b8f - - default default] Method 'is_advsvc' is deprecated since 2023.2 release (neutron-lib 3.8.0) and will be removed once support for the old RBAC API policies will be removed from Neutron. Please use method 'is_service_role' instead.
2026-07-02 01:34:55.458 9 INFO neutron.db.ovn_revision_numbers_db [None req-94c42341-25e8-4ffd-b8fa-9c9fb4eda7ad c3e159fc388047d2926d2ab6991c6583 bd0d1c018646460b833b4c906b471641 - - default default] Successfully bumped revision number for resource 97d6ed76-7e23-405f-a283-a91ebb35c910 (type: security_group_rules) to 0
2026-07-02 01:34:55.472 9 INFO neutron.db.ovn_revision_numbers_db [None req-94c42341-25e8-4ffd-b8fa-9c9fb4eda7ad c3e159fc388047d2926d2ab6991c6583 bd0d1c018646460b833b4c906b471641 - - default default] Successfully bumped revision number for resource b24564fb-e9aa-473e-a08f-f0a3dcb6bfcb (type: security_group_rules) to 0
2026-07-02 01:34:55.487 9 INFO neutron.db.ovn_revision_numbers_db [None req-94c42341-25e8-4ffd-b8fa-9c9fb4eda7ad c3e159fc388047d2926d2ab6991c6583 bd0d1c018646460b833b4c906b471641 - - default default] Successfully bumped revision number for resource c0966e4c-8002-41bb-918c-7abcf0972187 (type: security_group_rules) to 0
2026-07-02 01:34:55.509 9 INFO neutron.wsgi [None req-94c42341-25e8-4ffd-b8fa-9c9fb4eda7ad c3e159fc388047d2926d2ab6991c6583 bd0d1c018646460b833b4c906b471641 - - default default] 10.0.0.67 "GET /v2.0/security-groups?tenant_id=eaf88be752dd4072ace5fd78bf066ac2&name=default HTTP/1.1" status: 200 len: 2996 time: 0.3960264
2026-07-02 01:34:55.711 9 INFO neutron.wsgi [None req-a94932fc-15b0-4ef9-a102-ab23ede35e00 c3e159fc388047d2926d2ab6991c6583 bd0d1c018646460b833b4c906b471641 - - default default] 10.0.0.67 "DELETE /v2.0/security-groups/6fdb656b-ed33-43a7-a676-03e525c8e2b5 HTTP/1.1" status: 204 len: 168 time: 0.1969187
2026-07-02 01:34:55.721 10 WARNING neutron.scheduler.dhcp_agent_scheduler [None req-6d733383-e47b-4f0f-94aa-242c59360880 7f19952593274019a06961aeea4b24e8 d225b35ff12248888ac0ac8e412e2b8f - - default default] No more DHCP agents
2026-07-02 01:34:55.725 10 WARNING neutron.api.rpc.agentnotifiers.dhcp_rpc_agent_api [None req-6d733383-e47b-4f0f-94aa-242c59360880 7f19952593274019a06961aeea4b24e8 d225b35ff12248888ac0ac8e412e2b8f - - default default] Unable to schedule network 61423aa6-6804-4dc4-ba43-82322737de5c: no agents available; will retry on subsequent port and subnet creation events.
2026-07-02 01:34:55.953 9 INFO neutron.db.ovn_revision_numbers_db [None req-a157a339-d9fc-443a-af8e-3431dd42604d c3e159fc388047d2926d2ab6991c6583 bd0d1c018646460b833b4c906b471641 - - default default] Successfully bumped revision number for resource 737bc388-c494-4f66-8ba8-c15d977b6d66 (type: security_groups) to 1
2026-07-02 01:34:55.970 9 INFO neutron.db.ovn_revision_numbers_db [None req-a157a339-d9fc-443a-af8e-3431dd42604d c3e159fc388047d2926d2ab6991c6583 bd0d1c018646460b833b4c906b471641 - - default default] Successfully bumped revision number for resource 162ab995-92ba-45bc-9790-795866ef56d0 (type: security_group_rules) to 0
2026-07-02 01:34:55.983 9 INFO neutron.db.ovn_revision_numbers_db [None req-a157a339-d9fc-443a-af8e-3431dd42604d c3e159fc388047d2926d2ab6991c6583 bd0d1c018646460b833b4c906b471641 - - default default] Successfully bumped revision number for resource 25fa2bbc-fd59-470f-aa72-8dc062f343c5 (type: security_group_rules) to 0
2026-07-02 01:34:55.998 9 INFO neutron.db.ovn_revision_numbers_db [None req-a157a339-d9fc-443a-af8e-3431dd42604d c3e159fc388047d2926d2ab6991c6583 bd0d1c018646460b833b4c906b471641 - - default default] Successfully bumped revision number for resource 3f79a1fa-af06-43e5-bc85-d385861eb509 (type: security_group_rules) to 0
2026-07-02 01:34:56.013 9 INFO neutron.db.ovn_revision_numbers_db [None req-a157a339-d9fc-443a-af8e-3431dd42604d c3e159fc388047d2926d2ab6991c6583 bd0d1c018646460b833b4c906b471641 - - default default] Successfully bumped revision number for resource a6261366-14d6-4a7c-b040-e8accb56d3fd (type: security_group_rules) to 0
2026-07-02 01:34:56.037 9 INFO neutron.wsgi [None req-a157a339-d9fc-443a-af8e-3431dd42604d c3e159fc388047d2926d2ab6991c6583 bd0d1c018646460b833b4c906b471641 - - default default] 10.0.0.67 "GET /v2.0/security-groups?tenant_id=6668a0a7e05a41f0a5369b05163d5282&name=default HTTP/1.1" status: 200 len: 2996 time: 0.1901045
2026-07-02 01:34:56.081 10 INFO neutron.db.ovn_revision_numbers_db [None req-6d733383-e47b-4f0f-94aa-242c59360880 7f19952593274019a06961aeea4b24e8 d225b35ff12248888ac0ac8e412e2b8f - - default default] Successfully bumped revision number for resource 1d4863bc-4341-44b2-bf80-eadfa2f83ef3 (type: floatingips) to 0
2026-07-02 01:34:56.097 10 INFO neutron.wsgi [None req-6d733383-e47b-4f0f-94aa-242c59360880 7f19952593274019a06961aeea4b24e8 d225b35ff12248888ac0ac8e412e2b8f - - default default] 10.0.0.67 "POST /v2.0/floatingips HTTP/1.1" status: 201 len: 751 time: 0.6537499
2026-07-02 01:34:56.475 9 INFO neutron.wsgi [None req-093ec95e-d23a-470c-ba08-363e31d52f16 c3e159fc388047d2926d2ab6991c6583 bd0d1c018646460b833b4c906b471641 - - default default] 10.0.0.67 "DELETE /v2.0/security-groups/737bc388-c494-4f66-8ba8-c15d977b6d66 HTTP/1.1" status: 204 len: 168 time: 0.4319403
2026-07-02 01:34:56.571 10 INFO neutron.wsgi [req-dc69e433-ed4f-465e-9f43-65886eafae1f req-16557217-f7e0-48bf-a71a-fbbec85936d0 7f19952593274019a06961aeea4b24e8 d225b35ff12248888ac0ac8e412e2b8f - - default default] 10.0.0.230 "GET /v2.0/security-groups?name=tempest-securitygroup--161436495&fields=id&tenant_id=d225b35ff12248888ac0ac8e412e2b8f HTTP/1.1" status: 200 len: 267 time: 0.0414939
2026-07-02 01:34:56.651 10 INFO neutron.wsgi [req-dc69e433-ed4f-465e-9f43-65886eafae1f req-8c26c440-4b37-4c46-b1b2-62f065b8d463 7f19952593274019a06961aeea4b24e8 d225b35ff12248888ac0ac8e412e2b8f - - default default] 10.0.0.230 "GET /v2.0/networks?id=65dd81c2-fe0f-4f5e-a925-2709bbae7a52 HTTP/1.1" status: 200 len: 874 time: 0.0697398
2026-07-02 01:34:56.669 10 INFO neutron.wsgi [req-dc69e433-ed4f-465e-9f43-65886eafae1f req-91c59534-c8a6-430e-9497-8ef6bb36641a 7f19952593274019a06961aeea4b24e8 d225b35ff12248888ac0ac8e412e2b8f - - default default] 10.0.0.230 "GET /v2.0/quotas/d225b35ff12248888ac0ac8e412e2b8f HTTP/1.1" status: 200 len: 386 time: 0.0105538
2026-07-02 01:34:56.767 10 INFO neutron.wsgi [req-dc69e433-ed4f-465e-9f43-65886eafae1f req-c4b4858a-a0d1-423b-bb21-407f23155d28 7f19952593274019a06961aeea4b24e8 d225b35ff12248888ac0ac8e412e2b8f - - default default] 10.0.0.230 "GET /v2.0/ports?tenant_id=d225b35ff12248888ac0ac8e412e2b8f&fields=id HTTP/1.1" status: 200 len: 302 time: 0.0869606
2026-07-02 01:34:56.865 10 INFO neutron.wsgi [req-dc69e433-ed4f-465e-9f43-65886eafae1f req-282f7e77-e3bf-4b47-8d90-64f11b12ec3f cb9d12fbb82a47a4b1e3f1adda73c3a3 47d27497663a41d8a5a33abe0544b282 - - 62b7351bb5c4406387418e2d0899cb77 62b7351bb5c4406387418e2d0899cb77] 10.0.0.230 "GET /v2.0/networks/65dd81c2-fe0f-4f5e-a925-2709bbae7a52?fields=segments HTTP/1.1" status: 200 len: 212 time: 0.0819628
2026-07-02 01:34:56.940 10 INFO neutron.wsgi [req-dc69e433-ed4f-465e-9f43-65886eafae1f req-98cad312-0ced-442f-be3b-eeb9dd4890ec cb9d12fbb82a47a4b1e3f1adda73c3a3 47d27497663a41d8a5a33abe0544b282 - - 62b7351bb5c4406387418e2d0899cb77 62b7351bb5c4406387418e2d0899cb77] 10.0.0.230 "GET /v2.0/networks/65dd81c2-fe0f-4f5e-a925-2709bbae7a52?fields=provider%3Aphysical_network&fields=provider%3Anetwork_type HTTP/1.1" status: 200 len: 277 time: 0.0662923
2026-07-02 01:34:57.101 9 INFO neutron.wsgi [req-6ad59e77-66b9-4bdc-89d3-3b0cec5bd0b8 req-fa27c829-f245-4206-80e0-31e89876d4e4 7f19952593274019a06961aeea4b24e8 d225b35ff12248888ac0ac8e412e2b8f - - default default] 10.0.0.230 "GET /v2.0/ports?device_id=b5e299f1-be06-42b2-8c0f-3f99d8a7592c HTTP/1.1" status: 200 len: 210 time: 0.0223351
2026-07-02 01:34:57.959 10 INFO neutron.wsgi [req-dc69e433-ed4f-465e-9f43-65886eafae1f req-188bf88d-c0af-4499-8fa7-109a60d5d031 7f19952593274019a06961aeea4b24e8 d225b35ff12248888ac0ac8e412e2b8f - - default default] 199.204.45.113 "GET /v2.0/networks?id=65dd81c2-fe0f-4f5e-a925-2709bbae7a52 HTTP/1.1" status: 200 len: 874 time: 0.0820959
2026-07-02 01:34:58.019 10 INFO neutron.wsgi [req-dc69e433-ed4f-465e-9f43-65886eafae1f req-c5253164-38f4-4acb-b28e-4ae0e5948a93 7f19952593274019a06961aeea4b24e8 d225b35ff12248888ac0ac8e412e2b8f - - default default] 199.204.45.113 "GET /v2.0/security-groups?fields=id&fields=name&tenant_id=d225b35ff12248888ac0ac8e412e2b8f HTTP/1.1" status: 200 len: 379 time: 0.0478156
2026-07-02 01:34:58.030 10 WARNING neutron_lib.context [req-dc69e433-ed4f-465e-9f43-65886eafae1f req-b8d1cdaf-dcfb-4fdb-b98f-d75a5162f6d3 7f19952593274019a06961aeea4b24e8 d225b35ff12248888ac0ac8e412e2b8f - - default default] Method 'is_advsvc' is deprecated since 2023.2 release (neutron-lib 3.8.0) and will be removed once support for the old RBAC API policies will be removed from Neutron. Please use method 'is_service_role' instead.
2026-07-02 01:34:58.217 10 INFO neutron.wsgi [req-d55dbe30-9c10-4d70-874e-108cf5d6f0b0 req-6973f3f6-3134-4b54-9bb4-9d00b6a3857c 7f19952593274019a06961aeea4b24e8 d225b35ff12248888ac0ac8e412e2b8f - - default default] 10.0.0.230 "GET /v2.0/ports?device_id=b5e299f1-be06-42b2-8c0f-3f99d8a7592c HTTP/1.1" status: 200 len: 210 time: 0.0342064
2026-07-02 01:34:58.454 10 WARNING neutron.scheduler.dhcp_agent_scheduler [req-dc69e433-ed4f-465e-9f43-65886eafae1f req-b8d1cdaf-dcfb-4fdb-b98f-d75a5162f6d3 7f19952593274019a06961aeea4b24e8 d225b35ff12248888ac0ac8e412e2b8f - - default default] No more DHCP agents
2026-07-02 01:34:58.457 10 WARNING neutron.api.rpc.agentnotifiers.dhcp_rpc_agent_api [req-dc69e433-ed4f-465e-9f43-65886eafae1f req-b8d1cdaf-dcfb-4fdb-b98f-d75a5162f6d3 7f19952593274019a06961aeea4b24e8 d225b35ff12248888ac0ac8e412e2b8f - - default default] Unable to schedule network 65dd81c2-fe0f-4f5e-a925-2709bbae7a52: no agents available; will retry on subsequent port and subnet creation events.
2026-07-02 01:34:58.667 10 INFO neutron.db.ovn_revision_numbers_db [req-dc69e433-ed4f-465e-9f43-65886eafae1f req-b8d1cdaf-dcfb-4fdb-b98f-d75a5162f6d3 7f19952593274019a06961aeea4b24e8 d225b35ff12248888ac0ac8e412e2b8f - - default default] Successfully bumped revision number for resource a312cff1-ed53-456f-8c9c-cfa770e91718 (type: ports) to 1
2026-07-02 01:34:58.694 10 INFO neutron.wsgi [req-dc69e433-ed4f-465e-9f43-65886eafae1f req-b8d1cdaf-dcfb-4fdb-b98f-d75a5162f6d3 7f19952593274019a06961aeea4b24e8 d225b35ff12248888ac0ac8e412e2b8f - - default default] 199.204.45.113 "POST /v2.0/ports HTTP/1.1" status: 201 len: 1158 time: 0.6687510 /var/lib/openstack/lib/python3.10/site-packages/pycadf/identifier.py:71: UserWarning: Invalid uuid: neutron. To ensure interoperability, identifiers should be a valid uuid. warnings.warn(('Invalid uuid: %s. To ensure interoperability, '
2026-07-02 01:34:59.173 10 INFO neutron.db.ovn_revision_numbers_db [req-dc69e433-ed4f-465e-9f43-65886eafae1f req-37cb86ca-3c04-4576-9096-350e558352ae cb9d12fbb82a47a4b1e3f1adda73c3a3 47d27497663a41d8a5a33abe0544b282 - - 62b7351bb5c4406387418e2d0899cb77 62b7351bb5c4406387418e2d0899cb77] Successfully bumped revision number for resource a312cff1-ed53-456f-8c9c-cfa770e91718 (type: ports) to 2
2026-07-02 01:34:59.413 9 INFO neutron.wsgi [req-22deb8f6-0aca-44e2-800f-1fc4faa51baf req-8a31b6c7-abae-4b71-abd0-cdf4e54e0c6c 7f19952593274019a06961aeea4b24e8 d225b35ff12248888ac0ac8e412e2b8f - - default default] 10.0.0.230 "GET /v2.0/ports?device_id=b5e299f1-be06-42b2-8c0f-3f99d8a7592c HTTP/1.1" status: 200 len: 1168 time: 0.1183493
2026-07-02 01:34:59.472 10 INFO neutron.db.ovn_revision_numbers_db [req-dc69e433-ed4f-465e-9f43-65886eafae1f req-37cb86ca-3c04-4576-9096-350e558352ae cb9d12fbb82a47a4b1e3f1adda73c3a3 47d27497663a41d8a5a33abe0544b282 - - 62b7351bb5c4406387418e2d0899cb77 62b7351bb5c4406387418e2d0899cb77] Successfully bumped revision number for resource a312cff1-ed53-456f-8c9c-cfa770e91718 (type: ports) to 2
2026-07-02 01:34:59.492 10 INFO neutron.wsgi [req-dc69e433-ed4f-465e-9f43-65886eafae1f req-37cb86ca-3c04-4576-9096-350e558352ae cb9d12fbb82a47a4b1e3f1adda73c3a3 47d27497663a41d8a5a33abe0544b282 - - 62b7351bb5c4406387418e2d0899cb77 62b7351bb5c4406387418e2d0899cb77] 199.204.45.113 "PUT /v2.0/ports/a312cff1-ed53-456f-8c9c-cfa770e91718 HTTP/1.1" status: 200 len: 1376 time: 0.7885821
2026-07-02 01:34:59.494 9 INFO neutron.wsgi [req-22deb8f6-0aca-44e2-800f-1fc4faa51baf req-80f4d3a9-effd-47ad-9aee-dbf72fbb990e 7f19952593274019a06961aeea4b24e8 d225b35ff12248888ac0ac8e412e2b8f - - default default] 10.0.0.230 "GET /v2.0/security-groups?id=1b1ab2e0-1d99-4c1a-8254-cefc8afaa4ac&fields=id&fields=name HTTP/1.1" status: 200 len: 312 time: 0.0720148
2026-07-02 01:34:59.542 10 INFO neutron.notifiers.nova [-] Nova event matching ['req-ba1eea1c-fc4b-479d-9cd9-20cf398fdca9'] response: {'name': 'network-changed', 'server_uuid': 'b5e299f1-be06-42b2-8c0f-3f99d8a7592c', 'tag': 'a312cff1-ed53-456f-8c9c-cfa770e91718', 'status': 'completed', 'code': 200} /var/lib/openstack/lib/python3.10/site-packages/pycadf/identifier.py:71: UserWarning: Invalid uuid: neutron. To ensure interoperability, identifiers should be a valid uuid. warnings.warn(('Invalid uuid: %s. To ensure interoperability, '
2026-07-02 01:34:59.579 10 INFO neutron.wsgi [req-dc69e433-ed4f-465e-9f43-65886eafae1f req-367d24f0-2ed9-4d15-9ada-2a82c4739bed cb9d12fbb82a47a4b1e3f1adda73c3a3 47d27497663a41d8a5a33abe0544b282 - - 62b7351bb5c4406387418e2d0899cb77 62b7351bb5c4406387418e2d0899cb77] 199.204.45.113 "GET /v2.0/ports?tenant_id=d225b35ff12248888ac0ac8e412e2b8f&device_id=b5e299f1-be06-42b2-8c0f-3f99d8a7592c HTTP/1.1" status: 200 len: 1407 time: 0.0358057
2026-07-02 01:34:59.618 10 INFO neutron.wsgi [req-dc69e433-ed4f-465e-9f43-65886eafae1f req-ba403210-e6bb-4789-82d8-20a4178226b9 cb9d12fbb82a47a4b1e3f1adda73c3a3 47d27497663a41d8a5a33abe0544b282 - - 62b7351bb5c4406387418e2d0899cb77 62b7351bb5c4406387418e2d0899cb77] 199.204.45.113 "GET /v2.0/floatingips?fixed_ip_address=10.100.0.8&port_id=a312cff1-ed53-456f-8c9c-cfa770e91718 HTTP/1.1" status: 200 len: 217 time: 0.0293927
2026-07-02 01:34:59.668 10 INFO neutron.wsgi [req-dc69e433-ed4f-465e-9f43-65886eafae1f req-8d5fac3e-7d53-4cd5-81cd-8dc1565547e7 cb9d12fbb82a47a4b1e3f1adda73c3a3 47d27497663a41d8a5a33abe0544b282 - - 62b7351bb5c4406387418e2d0899cb77 62b7351bb5c4406387418e2d0899cb77] 199.204.45.113 "GET /v2.0/subnets?id=6ba2d2ab-80f2-40b5-9ab1-fd09bd6eacc2 HTTP/1.1" status: 200 len: 868 time: 0.0441074
2026-07-02 01:34:59.710 10 INFO neutron.wsgi [req-dc69e433-ed4f-465e-9f43-65886eafae1f req-42de38e4-6e7e-4357-9f7d-31eec17dc335 cb9d12fbb82a47a4b1e3f1adda73c3a3 47d27497663a41d8a5a33abe0544b282 - - 62b7351bb5c4406387418e2d0899cb77 62b7351bb5c4406387418e2d0899cb77] 199.204.45.113 "GET /v2.0/ports?network_id=65dd81c2-fe0f-4f5e-a925-2709bbae7a52&device_owner=network%3Adhcp HTTP/1.1" status: 200 len: 210 time: 0.0340233
2026-07-02 01:34:59.787 10 INFO neutron.wsgi [req-dc69e433-ed4f-465e-9f43-65886eafae1f req-a0750d35-8c03-48ac-84b1-f23fd4b052e6 cb9d12fbb82a47a4b1e3f1adda73c3a3 47d27497663a41d8a5a33abe0544b282 - - 62b7351bb5c4406387418e2d0899cb77 62b7351bb5c4406387418e2d0899cb77] 199.204.45.113 "GET /v2.0/networks/65dd81c2-fe0f-4f5e-a925-2709bbae7a52?fields=segments HTTP/1.1" status: 200 len: 212 time: 0.0691242
2026-07-02 01:34:59.865 10 INFO neutron.wsgi [req-dc69e433-ed4f-465e-9f43-65886eafae1f req-53792b11-ab3a-4ed3-b833-29e09040a587 cb9d12fbb82a47a4b1e3f1adda73c3a3 47d27497663a41d8a5a33abe0544b282 - - 62b7351bb5c4406387418e2d0899cb77 62b7351bb5c4406387418e2d0899cb77] 199.204.45.113 "GET /v2.0/networks/65dd81c2-fe0f-4f5e-a925-2709bbae7a52?fields=provider%3Aphysical_network&fields=provider%3Anetwork_type HTTP/1.1" status: 200 len: 277 time: 0.0711496
2026-07-02 01:34:59.979 10 INFO neutron.wsgi [req-e82eeb8c-b0f3-4346-9298-c8e0876e22fa req-5f0d4b6e-5e80-4825-a07f-673bebd20236 cb9d12fbb82a47a4b1e3f1adda73c3a3 47d27497663a41d8a5a33abe0544b282 - - 62b7351bb5c4406387418e2d0899cb77 62b7351bb5c4406387418e2d0899cb77] 199.204.45.113 "GET /v2.0/ports?tenant_id=d225b35ff12248888ac0ac8e412e2b8f&device_id=b5e299f1-be06-42b2-8c0f-3f99d8a7592c HTTP/1.1" status: 200 len: 1407 time: 0.0651042
2026-07-02 01:35:00.206 10 INFO neutron.wsgi [req-e82eeb8c-b0f3-4346-9298-c8e0876e22fa req-1082ec74-abf5-441e-bdf6-aa43d3d30b16 cb9d12fbb82a47a4b1e3f1adda73c3a3 47d27497663a41d8a5a33abe0544b282 - - 62b7351bb5c4406387418e2d0899cb77 62b7351bb5c4406387418e2d0899cb77] 199.204.45.113 "GET /v2.0/networks?id=65dd81c2-fe0f-4f5e-a925-2709bbae7a52 HTTP/1.1" status: 200 len: 973 time: 0.2203624
2026-07-02 01:35:00.588 10 WARNING neutron.plugins.ml2.drivers.ovn.mech_driver.ovsdb.ovn_client [None req-498414c1-69f1-43ec-aebf-26761072ab82 - - - - - -] No hosting information found for port 9d776dca-b326-4cb5-9968-7c1b4d0cf9f9: RuntimeError: No hosting information found for port 9d776dca-b326-4cb5-9968-7c1b4d0cf9f9
2026-07-02 01:35:00.588 10 INFO neutron.plugins.ml2.drivers.ovn.mech_driver.mech_driver [None req-498414c1-69f1-43ec-aebf-26761072ab82 - - - - - -] OVN reports status up for port: a312cff1-ed53-456f-8c9c-cfa770e91718
2026-07-02 01:35:00.595 10 INFO neutron.wsgi [req-e82eeb8c-b0f3-4346-9298-c8e0876e22fa req-3dfc18ce-3f15-47bb-8056-5953cd88425d cb9d12fbb82a47a4b1e3f1adda73c3a3 47d27497663a41d8a5a33abe0544b282 - - 62b7351bb5c4406387418e2d0899cb77 62b7351bb5c4406387418e2d0899cb77] 199.204.45.113 "GET /v2.0/floatingips?fixed_ip_address=10.100.0.8&port_id=a312cff1-ed53-456f-8c9c-cfa770e91718 HTTP/1.1" status: 200 len: 217 time: 0.3804991
2026-07-02 01:35:00.623 10 INFO neutron.plugins.ml2.plugin [None req-498414c1-69f1-43ec-aebf-26761072ab82 - - - - - -] Attempt 1 to provision port a312cff1-ed53-456f-8c9c-cfa770e91718
2026-07-02 01:35:00.647 9 INFO neutron.wsgi [req-40d42676-31f6-47d3-a53f-8b577053d3ce req-2ba5fbf6-6770-4834-95ea-ad89dba5edf3 7f19952593274019a06961aeea4b24e8 d225b35ff12248888ac0ac8e412e2b8f - - default default] 10.0.0.230 "GET /v2.0/ports?device_id=b5e299f1-be06-42b2-8c0f-3f99d8a7592c HTTP/1.1" status: 200 len: 1168 time: 0.0685434
2026-07-02 01:35:00.669 10 INFO neutron.wsgi [req-e82eeb8c-b0f3-4346-9298-c8e0876e22fa req-ca9333f0-969c-4ced-be36-aa06bc772c3d cb9d12fbb82a47a4b1e3f1adda73c3a3 47d27497663a41d8a5a33abe0544b282 - - 62b7351bb5c4406387418e2d0899cb77 62b7351bb5c4406387418e2d0899cb77] 199.204.45.113 "GET /v2.0/subnets?id=6ba2d2ab-80f2-40b5-9ab1-fd09bd6eacc2 HTTP/1.1" status: 200 len: 868 time: 0.0632486
2026-07-02 01:35:00.701 10 INFO neutron.wsgi [req-e82eeb8c-b0f3-4346-9298-c8e0876e22fa req-932f6374-b5a8-42f1-9aa4-478017c4126d cb9d12fbb82a47a4b1e3f1adda73c3a3 47d27497663a41d8a5a33abe0544b282 - - 62b7351bb5c4406387418e2d0899cb77 62b7351bb5c4406387418e2d0899cb77] 199.204.45.113 "GET /v2.0/ports?network_id=65dd81c2-fe0f-4f5e-a925-2709bbae7a52&device_owner=network%3Adhcp HTTP/1.1" status: 200 len: 210 time: 0.0243881
2026-07-02 01:35:00.714 9 INFO neutron.wsgi [req-40d42676-31f6-47d3-a53f-8b577053d3ce req-f0286d60-db02-4516-84e5-aaa6c003e272 7f19952593274019a06961aeea4b24e8 d225b35ff12248888ac0ac8e412e2b8f - - default default] 10.0.0.230 "GET /v2.0/security-groups?id=1b1ab2e0-1d99-4c1a-8254-cefc8afaa4ac&fields=id&fields=name HTTP/1.1" status: 200 len: 312 time: 0.0593531
2026-07-02 01:35:00.798 10 INFO neutron.wsgi [req-e82eeb8c-b0f3-4346-9298-c8e0876e22fa req-6a1638e4-f063-4128-b01e-763845da2e78 cb9d12fbb82a47a4b1e3f1adda73c3a3 47d27497663a41d8a5a33abe0544b282 - - 62b7351bb5c4406387418e2d0899cb77 62b7351bb5c4406387418e2d0899cb77] 199.204.45.113 "GET /v2.0/networks/65dd81c2-fe0f-4f5e-a925-2709bbae7a52?fields=segments HTTP/1.1" status: 200 len: 212 time: 0.0893693
2026-07-02 01:35:00.915 10 INFO neutron.wsgi [req-e82eeb8c-b0f3-4346-9298-c8e0876e22fa req-28a63996-ab3d-46de-a23f-c68ed5366043 cb9d12fbb82a47a4b1e3f1adda73c3a3 47d27497663a41d8a5a33abe0544b282 - - 62b7351bb5c4406387418e2d0899cb77 62b7351bb5c4406387418e2d0899cb77] 199.204.45.113 "GET /v2.0/networks/65dd81c2-fe0f-4f5e-a925-2709bbae7a52?fields=provider%3Aphysical_network&fields=provider%3Anetwork_type HTTP/1.1" status: 200 len: 277 time: 0.1066089
2026-07-02 01:35:01.097 10 INFO neutron.db.ovn_revision_numbers_db [None req-498414c1-69f1-43ec-aebf-26761072ab82 - - - - - -] Successfully bumped revision number for resource a312cff1-ed53-456f-8c9c-cfa770e91718 (type: ports) to 4
2026-07-02 01:35:01.099 9 INFO neutron.wsgi [req-2c9f6f5e-030a-40b6-951b-14ee6162888c req-ce43cd5e-f663-403b-8344-4d6b5261ebed cb9d12fbb82a47a4b1e3f1adda73c3a3 47d27497663a41d8a5a33abe0544b282 - - 62b7351bb5c4406387418e2d0899cb77 62b7351bb5c4406387418e2d0899cb77] 10.0.0.232 "GET /v2.0/ports?device_id=06af9f1d-912c-43ba-9235-558e2d68c8b0 HTTP/1.1" status: 200 len: 1409 time: 0.2868476
2026-07-02 01:35:01.153 9 INFO neutron.wsgi [req-2c9f6f5e-030a-40b6-951b-14ee6162888c req-568e91d9-eaf9-4457-969f-a9a7a9b082cf cb9d12fbb82a47a4b1e3f1adda73c3a3 47d27497663a41d8a5a33abe0544b282 - - 62b7351bb5c4406387418e2d0899cb77 62b7351bb5c4406387418e2d0899cb77] 10.0.0.232 "GET /v2.0/security-groups?id=0929ede9-877a-4bbe-9fd6-f0ceb691029e&fields=id&fields=name HTTP/1.1" status: 200 len: 312 time: 0.0455537 /var/lib/openstack/lib/python3.10/site-packages/pycadf/identifier.py:71: UserWarning: Invalid uuid: neutron. To ensure interoperability, identifiers should be a valid uuid. warnings.warn(('Invalid uuid: %s. To ensure interoperability, '
2026-07-02 01:35:01.479 10 INFO neutron.wsgi [req-03f89821-9538-4f33-9839-2389173989b3 req-706d3c5d-a60c-4e4b-b7d5-f8bc2df8a6f6 cb9d12fbb82a47a4b1e3f1adda73c3a3 47d27497663a41d8a5a33abe0544b282 - - 62b7351bb5c4406387418e2d0899cb77 62b7351bb5c4406387418e2d0899cb77] 10.0.0.232 "GET /v2.0/ports?device_id=083e827e-26d6-4b37-8bb9-352e00f34770 HTTP/1.1" status: 200 len: 1409 time: 0.3046980
2026-07-02 01:35:01.531 10 INFO neutron.wsgi [req-03f89821-9538-4f33-9839-2389173989b3 req-552dfa2e-0d01-46ba-b431-87697d558151 cb9d12fbb82a47a4b1e3f1adda73c3a3 47d27497663a41d8a5a33abe0544b282 - - 62b7351bb5c4406387418e2d0899cb77 62b7351bb5c4406387418e2d0899cb77] 10.0.0.232 "GET /v2.0/security-groups?id=abe02bbe-adc6-4e69-b122-36bfe7257aa9&fields=id&fields=name HTTP/1.1" status: 200 len: 313 time: 0.0432322
2026-07-02 01:35:01.586 9 INFO neutron.db.ovn_revision_numbers_db [None req-39d5f951-edd1-413b-98e1-de7152e6ca1e c3e159fc388047d2926d2ab6991c6583 bd0d1c018646460b833b4c906b471641 - - default default] Successfully bumped revision number for resource 1297fda2-9926-4f86-8a8a-149d4e2c62f1 (type: security_groups) to 1
2026-07-02 01:35:01.604 10 INFO neutron.notifiers.nova [-] Nova event matching ['req-ab85597b-dda4-4e42-bbe6-deded5553a02'] response: {'server_uuid': 'b5e299f1-be06-42b2-8c0f-3f99d8a7592c', 'name': 'network-vif-plugged', 'status': 'completed', 'tag': 'a312cff1-ed53-456f-8c9c-cfa770e91718', 'code': 200}
2026-07-02 01:35:01.605 10 INFO neutron.notifiers.nova [-] Nova event matching ['req-ab85597b-dda4-4e42-bbe6-deded5553a02'] response: {'server_uuid': 'b5e299f1-be06-42b2-8c0f-3f99d8a7592c', 'name': 'network-vif-plugged', 'status': 'completed', 'tag': 'a312cff1-ed53-456f-8c9c-cfa770e91718', 'code': 200}
2026-07-02 01:35:01.614 9 INFO neutron.db.ovn_revision_numbers_db [None req-39d5f951-edd1-413b-98e1-de7152e6ca1e c3e159fc388047d2926d2ab6991c6583 bd0d1c018646460b833b4c906b471641 - - default default] Successfully bumped revision number for resource 5dca60d0-0919-4235-8ceb-2f5b41cf7e36 (type: security_group_rules) to 0
2026-07-02 01:35:01.645 9 INFO neutron.db.ovn_revision_numbers_db [None req-39d5f951-edd1-413b-98e1-de7152e6ca1e c3e159fc388047d2926d2ab6991c6583 bd0d1c018646460b833b4c906b471641 - - default default] Successfully bumped revision number for resource 6116c422-f0ed-4177-a42a-d372507b3a9f (type: security_group_rules) to 0
2026-07-02 01:35:01.670 9 INFO neutron.db.ovn_revision_numbers_db [None req-39d5f951-edd1-413b-98e1-de7152e6ca1e c3e159fc388047d2926d2ab6991c6583 bd0d1c018646460b833b4c906b471641 - - default default] Successfully bumped revision number for resource e32ddee4-d2e3-442d-a28e-79119f5e2a92 (type: security_group_rules) to 0
2026-07-02 01:35:01.690 9 INFO neutron.db.ovn_revision_numbers_db [None req-39d5f951-edd1-413b-98e1-de7152e6ca1e c3e159fc388047d2926d2ab6991c6583 bd0d1c018646460b833b4c906b471641 - - default default] Successfully bumped revision number for resource f5be58e2-58bb-4485-913b-a758bc6aebc9 (type: security_group_rules) to 0
2026-07-02 01:35:01.721 9 INFO neutron.wsgi [None req-39d5f951-edd1-413b-98e1-de7152e6ca1e c3e159fc388047d2926d2ab6991c6583 bd0d1c018646460b833b4c906b471641 - - default default] 10.0.0.67 "GET /v2.0/security-groups?tenant_id=4a2e3482bc9f4c3999c1fe8ae837d702&name=default HTTP/1.1" status: 200 len: 2996 time: 0.3722575
2026-07-02 01:35:01.849 9 INFO neutron.wsgi [req-1e0d83c2-1b1c-4e6b-b2f8-41984ac2e8e5 req-a1449b04-2daa-458f-8e79-dc8553a74c72 7f19952593274019a06961aeea4b24e8 d225b35ff12248888ac0ac8e412e2b8f - - default default] 10.0.0.230 "GET /v2.0/ports?device_id=b5e299f1-be06-42b2-8c0f-3f99d8a7592c HTTP/1.1" status: 200 len: 1170 time: 0.0549111
2026-07-02 01:35:01.926 9 INFO neutron.wsgi [req-1e0d83c2-1b1c-4e6b-b2f8-41984ac2e8e5 req-83ff66f3-44fa-4226-b2b8-050f42d19ed0 7f19952593274019a06961aeea4b24e8 d225b35ff12248888ac0ac8e412e2b8f - - default default] 10.0.0.230 "GET /v2.0/security-groups?id=1b1ab2e0-1d99-4c1a-8254-cefc8afaa4ac&fields=id&fields=name HTTP/1.1" status: 200 len: 312 time: 0.0682566
2026-07-02 01:35:02.043 9 INFO neutron.wsgi [None req-1ebb6d12-436c-4bb3-8dde-00c054506a8e c3e159fc388047d2926d2ab6991c6583 bd0d1c018646460b833b4c906b471641 - - default default] 10.0.0.67 "DELETE /v2.0/security-groups/1297fda2-9926-4f86-8a8a-149d4e2c62f1 HTTP/1.1" status: 204 len: 168 time: 0.3119831
2026-07-02 01:35:03.115 10 INFO neutron.wsgi [req-379f6722-7859-4752-94d6-cc79bcdab3d4 req-ce4da9ef-c702-4a3a-b6fc-5da011fbde6d 7f19952593274019a06961aeea4b24e8 d225b35ff12248888ac0ac8e412e2b8f - - default default] 10.0.0.230 "GET /v2.0/ports?device_id=b5e299f1-be06-42b2-8c0f-3f99d8a7592c HTTP/1.1" status: 200 len: 1170 time: 0.1126688
2026-07-02 01:35:03.185 10 INFO neutron.wsgi [req-379f6722-7859-4752-94d6-cc79bcdab3d4 req-f149edc2-d6cd-40d3-b9dc-98f7ecec22c9 7f19952593274019a06961aeea4b24e8 d225b35ff12248888ac0ac8e412e2b8f - - default default] 10.0.0.230 "GET /v2.0/security-groups?id=1b1ab2e0-1d99-4c1a-8254-cefc8afaa4ac&fields=id&fields=name HTTP/1.1" status: 200 len: 312 time: 0.0617285
2026-07-02 01:35:03.320 9 INFO neutron.wsgi [req-63257ea2-5b00-428e-ae79-378bab7e90f4 req-4b47bf31-e86a-4be1-a9a5-94b23c1f40e6 7f19952593274019a06961aeea4b24e8 d225b35ff12248888ac0ac8e412e2b8f - - default default] 10.0.0.230 "GET /v2.0/ports?device_id=b5e299f1-be06-42b2-8c0f-3f99d8a7592c HTTP/1.1" status: 200 len: 1170 time: 0.0493410
2026-07-02 01:35:03.660 10 INFO neutron.db.l3_db [None req-453889c0-d6c9-4a23-ac60-ebfc0f526ef4 7f19952593274019a06961aeea4b24e8 d225b35ff12248888ac0ac8e412e2b8f - - default default] Floating IP 1d4863bc-4341-44b2-bf80-eadfa2f83ef3 associated. External IP: 10.96.250.218, port: a312cff1-ed53-456f-8c9c-cfa770e91718.
2026-07-02 01:35:03.941 10 INFO neutron.db.ovn_revision_numbers_db [None req-453889c0-d6c9-4a23-ac60-ebfc0f526ef4 7f19952593274019a06961aeea4b24e8 d225b35ff12248888ac0ac8e412e2b8f - - default default] Successfully bumped revision number for resource 1d4863bc-4341-44b2-bf80-eadfa2f83ef3 (type: floatingips) to 1
2026-07-02 01:35:04.141 10 INFO neutron.db.ovn_revision_numbers_db [None req-453889c0-d6c9-4a23-ac60-ebfc0f526ef4 7f19952593274019a06961aeea4b24e8 d225b35ff12248888ac0ac8e412e2b8f - - default default] Successfully bumped revision number for resource 1d4863bc-4341-44b2-bf80-eadfa2f83ef3 (type: floatingips) to 2 /var/lib/openstack/lib/python3.10/site-packages/pycadf/identifier.py:71: UserWarning: Invalid uuid: neutron. To ensure interoperability, identifiers should be a valid uuid. warnings.warn(('Invalid uuid: %s. To ensure interoperability, '
2026-07-02 01:35:04.163 10 WARNING neutron_lib.context [None req-aaac947a-737a-4043-b332-d3c8a5287d5c c6eeb776fcc94aabb0343f6d4a70d903 dcf352a2613446a7aaf5f51c5fd83e62 - - default default] Method 'is_advsvc' is deprecated since 2023.2 release (neutron-lib 3.8.0) and will be removed once support for the old RBAC API policies will be removed from Neutron. Please use method 'is_service_role' instead.
2026-07-02 01:35:04.180 10 INFO neutron.wsgi [None req-453889c0-d6c9-4a23-ac60-ebfc0f526ef4 7f19952593274019a06961aeea4b24e8 d225b35ff12248888ac0ac8e412e2b8f - - default default] 10.0.0.67 "PUT /v2.0/floatingips/1d4863bc-4341-44b2-bf80-eadfa2f83ef3 HTTP/1.1" status: 200 len: 1049 time: 0.8414216
2026-07-02 01:35:04.253 10 INFO neutron.notifiers.nova [-] Nova event matching ['req-879dd503-a156-463b-b384-142496689144'] response: {'name': 'network-changed', 'server_uuid': 'b5e299f1-be06-42b2-8c0f-3f99d8a7592c', 'tag': 'a312cff1-ed53-456f-8c9c-cfa770e91718', 'status': 'completed', 'code': 200}
2026-07-02 01:35:04.290 10 INFO neutron.wsgi [req-320597a9-5f44-4131-986f-a022e8add31f req-0e915dc4-e520-4b56-b7ec-ac1ddf324a43 7f19952593274019a06961aeea4b24e8 d225b35ff12248888ac0ac8e412e2b8f - - default default] 10.0.0.230 "GET /v2.0/ports?device_id=b5e299f1-be06-42b2-8c0f-3f99d8a7592c HTTP/1.1" status: 200 len: 1170 time: 0.0662665
2026-07-02 01:35:04.329 10 INFO neutron.wsgi [req-054b80c3-9b53-45ae-ba39-9bad8591f017 req-592e70ab-71bb-4634-9ad8-daf35aba7c13 cb9d12fbb82a47a4b1e3f1adda73c3a3 47d27497663a41d8a5a33abe0544b282 - - 62b7351bb5c4406387418e2d0899cb77 62b7351bb5c4406387418e2d0899cb77] 199.204.45.113 "GET /v2.0/ports?tenant_id=d225b35ff12248888ac0ac8e412e2b8f&device_id=b5e299f1-be06-42b2-8c0f-3f99d8a7592c HTTP/1.1" status: 200 len: 1409 time: 0.0545955
2026-07-02 01:35:04.369 10 INFO neutron.wsgi [req-320597a9-5f44-4131-986f-a022e8add31f req-5643ba21-83f3-4d06-899a-b72c5e565edc 7f19952593274019a06961aeea4b24e8 d225b35ff12248888ac0ac8e412e2b8f - - default default] 10.0.0.230 "GET /v2.0/security-groups?id=1b1ab2e0-1d99-4c1a-8254-cefc8afaa4ac&fields=id&fields=name HTTP/1.1" status: 200 len: 312 time: 0.0699782
2026-07-02 01:35:04.422 10 INFO neutron.db.ovn_revision_numbers_db [None req-aaac947a-737a-4043-b332-d3c8a5287d5c c6eeb776fcc94aabb0343f6d4a70d903 dcf352a2613446a7aaf5f51c5fd83e62 - - default default] Successfully bumped revision number for resource 4bf7e922-aad6-47a3-a5bd-9b83e4149706 (type: security_groups) to 1
2026-07-02 01:35:04.442 10 INFO neutron.db.ovn_revision_numbers_db [None req-aaac947a-737a-4043-b332-d3c8a5287d5c c6eeb776fcc94aabb0343f6d4a70d903 dcf352a2613446a7aaf5f51c5fd83e62 - - default default] Successfully bumped revision number for resource 18fb75a8-c8c0-4229-82b4-c3c07fc9480e (type: security_group_rules) to 0
2026-07-02 01:35:04.447 10 INFO neutron.wsgi [req-054b80c3-9b53-45ae-ba39-9bad8591f017 req-8879ce27-94bb-4a36-820b-0bda39cd2be3 cb9d12fbb82a47a4b1e3f1adda73c3a3 47d27497663a41d8a5a33abe0544b282 - - 62b7351bb5c4406387418e2d0899cb77 62b7351bb5c4406387418e2d0899cb77] 199.204.45.113 "GET /v2.0/networks?id=65dd81c2-fe0f-4f5e-a925-2709bbae7a52 HTTP/1.1" status: 200 len: 973 time: 0.1055026
2026-07-02 01:35:04.477 10 INFO neutron.db.ovn_revision_numbers_db [None req-aaac947a-737a-4043-b332-d3c8a5287d5c c6eeb776fcc94aabb0343f6d4a70d903 dcf352a2613446a7aaf5f51c5fd83e62 - - default default] Successfully bumped revision number for resource 1959d69c-e726-4383-ae37-8673665f5e32 (type: security_group_rules) to 0
2026-07-02 01:35:04.493 10 INFO neutron.db.ovn_revision_numbers_db [None req-aaac947a-737a-4043-b332-d3c8a5287d5c c6eeb776fcc94aabb0343f6d4a70d903 dcf352a2613446a7aaf5f51c5fd83e62 - - default default] Successfully bumped revision number for resource 1e533fa4-c73d-47ff-b797-dba544803958 (type: security_group_rules) to 0
2026-07-02 01:35:04.497 10 INFO neutron.wsgi [req-054b80c3-9b53-45ae-ba39-9bad8591f017 req-8faf3a1b-eb8e-4c38-b50f-4ee26dafaa62 cb9d12fbb82a47a4b1e3f1adda73c3a3 47d27497663a41d8a5a33abe0544b282 - - 62b7351bb5c4406387418e2d0899cb77 62b7351bb5c4406387418e2d0899cb77] 199.204.45.113 "GET /v2.0/floatingips?fixed_ip_address=10.100.0.8&port_id=a312cff1-ed53-456f-8c9c-cfa770e91718 HTTP/1.1" status: 200 len: 1059 time: 0.0454309
2026-07-02 01:35:04.512 10 INFO neutron.db.ovn_revision_numbers_db [None req-aaac947a-737a-4043-b332-d3c8a5287d5c c6eeb776fcc94aabb0343f6d4a70d903 dcf352a2613446a7aaf5f51c5fd83e62 - - default default] Successfully bumped revision number for resource f3d47174-7864-4889-9022-39fc71104bd1 (type: security_group_rules) to 0
2026-07-02 01:35:04.552 10 INFO neutron.wsgi [req-054b80c3-9b53-45ae-ba39-9bad8591f017 req-57b157e8-7a40-4abc-ae65-58e0d17b5167 cb9d12fbb82a47a4b1e3f1adda73c3a3 47d27497663a41d8a5a33abe0544b282 - - 62b7351bb5c4406387418e2d0899cb77 62b7351bb5c4406387418e2d0899cb77] 199.204.45.113 "GET /v2.0/subnets?id=6ba2d2ab-80f2-40b5-9ab1-fd09bd6eacc2 HTTP/1.1" status: 200 len: 868 time: 0.0475471
2026-07-02 01:35:04.582 10 INFO neutron.db.segments_db [None req-aaac947a-737a-4043-b332-d3c8a5287d5c c6eeb776fcc94aabb0343f6d4a70d903 dcf352a2613446a7aaf5f51c5fd83e62 - - default default] Added segment 1fed2fcd-f20c-44ea-8783-29d0c726830d of type geneve for network 85ee19c2-62ed-4301-89ca-125e2c88ca6c
2026-07-02 01:35:04.589 10 INFO neutron.wsgi [req-054b80c3-9b53-45ae-ba39-9bad8591f017 req-20a5af0f-317f-4e60-9364-ddf9a98aff8b cb9d12fbb82a47a4b1e3f1adda73c3a3 47d27497663a41d8a5a33abe0544b282 - - 62b7351bb5c4406387418e2d0899cb77 62b7351bb5c4406387418e2d0899cb77] 199.204.45.113 "GET /v2.0/ports?network_id=65dd81c2-fe0f-4f5e-a925-2709bbae7a52&device_owner=network%3Adhcp HTTP/1.1" status: 200 len: 210 time: 0.0279727
2026-07-02 01:35:04.698 10 INFO neutron.wsgi [req-054b80c3-9b53-45ae-ba39-9bad8591f017 req-e433971f-1daf-4edf-8e01-3aeeee3cdbd7 cb9d12fbb82a47a4b1e3f1adda73c3a3 47d27497663a41d8a5a33abe0544b282 - - 62b7351bb5c4406387418e2d0899cb77 62b7351bb5c4406387418e2d0899cb77] 199.204.45.113 "GET /v2.0/networks/65dd81c2-fe0f-4f5e-a925-2709bbae7a52?fields=segments HTTP/1.1" status: 200 len: 212 time: 0.1023505
2026-07-02 01:35:04.789 10 INFO neutron.db.ovn_revision_numbers_db [None req-aaac947a-737a-4043-b332-d3c8a5287d5c c6eeb776fcc94aabb0343f6d4a70d903 dcf352a2613446a7aaf5f51c5fd83e62 - - default default] Successfully bumped revision number for resource 85ee19c2-62ed-4301-89ca-125e2c88ca6c (type: networks) to 1
2026-07-02 01:35:04.834 10 INFO neutron.plugins.ml2.drivers.ovn.mech_driver.mech_driver [None req-498414c1-69f1-43ec-aebf-26761072ab82 - - - - - -] OVN reports status down for port: a312cff1-ed53-456f-8c9c-cfa770e91718
2026-07-02 01:35:04.841 10 INFO neutron.wsgi [req-054b80c3-9b53-45ae-ba39-9bad8591f017 req-9ed6dd3b-6a41-45c3-b60d-2686591857fc cb9d12fbb82a47a4b1e3f1adda73c3a3 47d27497663a41d8a5a33abe0544b282 - - 62b7351bb5c4406387418e2d0899cb77 62b7351bb5c4406387418e2d0899cb77] 199.204.45.113 "GET /v2.0/networks/65dd81c2-fe0f-4f5e-a925-2709bbae7a52?fields=provider%3Aphysical_network&fields=provider%3Anetwork_type HTTP/1.1" status: 200 len: 277 time: 0.1356196
2026-07-02 01:35:04.913 9 INFO neutron.wsgi [req-13802d92-b4fd-4cb8-aea3-cae7782025aa req-49be1685-004f-41ec-ae74-5588173ad750 7f19952593274019a06961aeea4b24e8 d225b35ff12248888ac0ac8e412e2b8f - - default default] 10.0.0.230 "GET /v2.0/ports?device_id=b5e299f1-be06-42b2-8c0f-3f99d8a7592c HTTP/1.1" status: 200 len: 1170 time: 0.1390965
2026-07-02 01:35:04.988 9 INFO neutron.wsgi [req-13802d92-b4fd-4cb8-aea3-cae7782025aa req-b6cd6608-a50f-4548-af02-3230c3c9d1b6 7f19952593274019a06961aeea4b24e8 d225b35ff12248888ac0ac8e412e2b8f - - default default] 10.0.0.230 "GET /v2.0/security-groups?id=1b1ab2e0-1d99-4c1a-8254-cefc8afaa4ac&fields=id&fields=name HTTP/1.1" status: 200 len: 312 time: 0.0676060
2026-07-02 01:35:05.055 10 WARNING neutron.scheduler.dhcp_agent_scheduler [None req-aaac947a-737a-4043-b332-d3c8a5287d5c c6eeb776fcc94aabb0343f6d4a70d903 dcf352a2613446a7aaf5f51c5fd83e62 - - default default] No more DHCP agents
2026-07-02 01:35:05.057 10 WARNING neutron.api.rpc.agentnotifiers.dhcp_rpc_agent_api [None req-aaac947a-737a-4043-b332-d3c8a5287d5c c6eeb776fcc94aabb0343f6d4a70d903 dcf352a2613446a7aaf5f51c5fd83e62 - - default default] Unable to schedule network 85ee19c2-62ed-4301-89ca-125e2c88ca6c: no agents available; will retry on subsequent port and subnet creation events.
2026-07-02 01:35:05.177 10 INFO neutron.wsgi [req-03fbcc12-8a60-4ea6-af01-994f0d521633 req-cb322097-c8ef-4ccb-8fac-57f8d03d6d0f 7f19952593274019a06961aeea4b24e8 d225b35ff12248888ac0ac8e412e2b8f - - default default] 199.204.45.113 "GET /v2.0/ports?device_id=b5e299f1-be06-42b2-8c0f-3f99d8a7592c HTTP/1.1" status: 200 len: 1168 time: 0.0625536
2026-07-02 01:35:05.196 10 INFO neutron.db.ovn_revision_numbers_db [None req-aaac947a-737a-4043-b332-d3c8a5287d5c c6eeb776fcc94aabb0343f6d4a70d903 dcf352a2613446a7aaf5f51c5fd83e62 - - default default] Successfully bumped revision number for resource d6dfc276-6420-42b3-bcb2-8818794b2c1e (type: ports) to 1
2026-07-02 01:35:05.249 10 INFO neutron.wsgi [None req-aaac947a-737a-4043-b332-d3c8a5287d5c c6eeb776fcc94aabb0343f6d4a70d903 dcf352a2613446a7aaf5f51c5fd83e62 - - default default] 10.0.0.67 "POST /v2.0/networks HTTP/1.1" status: 201 len: 849 time: 1.3510339
2026-07-02 01:35:05.264 9 WARNING neutron_lib.context [None req-ab116533-008e-4104-ae01-d9217714ba4b c6eeb776fcc94aabb0343f6d4a70d903 dcf352a2613446a7aaf5f51c5fd83e62 - - default default] Method 'is_advsvc' is deprecated since 2023.2 release (neutron-lib 3.8.0) and will be removed once support for the old RBAC API policies will be removed from Neutron. Please use method 'is_service_role' instead.
2026-07-02 01:35:05.324 10 INFO neutron.db.ovn_revision_numbers_db [None req-498414c1-69f1-43ec-aebf-26761072ab82 - - - - - -] Successfully bumped revision number for resource a312cff1-ed53-456f-8c9c-cfa770e91718 (type: ports) to 5
2026-07-02 01:35:05.522 10 INFO neutron.db.l3_db [req-03fbcc12-8a60-4ea6-af01-994f0d521633 req-7e36f552-dbd7-41c3-b394-1b6a96570767 7f19952593274019a06961aeea4b24e8 d225b35ff12248888ac0ac8e412e2b8f - - default default] Floating IP 1d4863bc-4341-44b2-bf80-eadfa2f83ef3 disassociated. External IP: 10.96.250.218, port: a312cff1-ed53-456f-8c9c-cfa770e91718.
2026-07-02 01:35:05.647 9 WARNING neutron.scheduler.dhcp_agent_scheduler [None req-ab116533-008e-4104-ae01-d9217714ba4b c6eeb776fcc94aabb0343f6d4a70d903 dcf352a2613446a7aaf5f51c5fd83e62 - - default default] No more DHCP agents
2026-07-02 01:35:05.649 9 WARNING neutron.api.rpc.agentnotifiers.dhcp_rpc_agent_api [None req-ab116533-008e-4104-ae01-d9217714ba4b c6eeb776fcc94aabb0343f6d4a70d903 dcf352a2613446a7aaf5f51c5fd83e62 - - default default] Unable to schedule network 85ee19c2-62ed-4301-89ca-125e2c88ca6c: no agents available; will retry on subsequent port and subnet creation events.
2026-07-02 01:35:05.687 9 INFO neutron.db.ovn_revision_numbers_db [None req-ab116533-008e-4104-ae01-d9217714ba4b c6eeb776fcc94aabb0343f6d4a70d903 dcf352a2613446a7aaf5f51c5fd83e62 - - default default] Successfully bumped revision number for resource 9df279ea-6ccb-4127-bab7-21a63d000614 (type: subnets) to 0
2026-07-02 01:35:05.708 9 INFO neutron.wsgi [None req-ab116533-008e-4104-ae01-d9217714ba4b c6eeb776fcc94aabb0343f6d4a70d903 dcf352a2613446a7aaf5f51c5fd83e62 - - default default] 10.0.0.67 "POST /v2.0/subnets HTTP/1.1" status: 201 len: 802 time: 0.4516809
2026-07-02 01:35:05.720 9 WARNING neutron_lib.context [None req-32c4efe2-19e3-4cc2-955f-6a8735544390 c6eeb776fcc94aabb0343f6d4a70d903 dcf352a2613446a7aaf5f51c5fd83e62 - - default default] Method 'is_advsvc' is deprecated since 2023.2 release (neutron-lib 3.8.0) and will be removed once support for the old RBAC API policies will be removed from Neutron. Please use method 'is_service_role' instead.
2026-07-02 01:35:05.744 10 INFO neutron.wsgi [req-03fbcc12-8a60-4ea6-af01-994f0d521633 req-7e36f552-dbd7-41c3-b394-1b6a96570767 7f19952593274019a06961aeea4b24e8 d225b35ff12248888ac0ac8e412e2b8f - - default default] 199.204.45.113 "DELETE /v2.0/ports/a312cff1-ed53-456f-8c9c-cfa770e91718 HTTP/1.1" status: 204 len: 173 time: 0.5605576 /var/lib/openstack/lib/python3.10/site-packages/pycadf/identifier.py:71: UserWarning: Invalid uuid: neutron. To ensure interoperability, identifiers should be a valid uuid. warnings.warn(('Invalid uuid: %s. To ensure interoperability, '
2026-07-02 01:35:06.115 10 INFO neutron.wsgi [req-4b807e15-4d63-4b4e-8c05-1980c570ae3e req-f69342bf-30c4-4f48-b05f-633107db72f9 80cc28e74ac84304b1ab6a586057df2a 0902fe39c23b4b47881d84e2705aeb10 - - default default] 10.0.0.230 "GET /v2.0/ports?device_id=06af9f1d-912c-43ba-9235-558e2d68c8b0 HTTP/1.1" status: 200 len: 1170 time: 0.1299262
2026-07-02 01:35:06.124 9 INFO neutron.wsgi [req-b8c2fb7c-6553-4e0d-9b6b-7ca5b2043419 req-fdd704a0-4eed-47a5-a7ea-745c25a748fa 7f19952593274019a06961aeea4b24e8 d225b35ff12248888ac0ac8e412e2b8f - - default default] 10.0.0.230 "GET /v2.0/ports?device_id=b5e299f1-be06-42b2-8c0f-3f99d8a7592c HTTP/1.1" status: 200 len: 210 time: 0.0314767
2026-07-02 01:35:06.219 10 INFO neutron.wsgi [req-0a97a02c-1993-43de-9a58-c577371bfb60 req-6ccc1030-52c3-4e2c-8589-5e422d5b66e6 80cc28e74ac84304b1ab6a586057df2a 0902fe39c23b4b47881d84e2705aeb10 - - default default] 10.0.0.230 "GET /v2.0/ports/6d9d5f7e-f833-4c6d-ac75-d54293071253 HTTP/1.1" status: 200 len: 1167 time: 0.0443370
2026-07-02 01:35:06.234 9 INFO neutron.wsgi [-] 10.0.0.52 "GET / HTTP/1.1" status: 200 len: 247 time: 0.0017095
2026-07-02 01:35:06.234 10 INFO neutron.wsgi [-] 10.0.0.52 "GET / HTTP/1.1" status: 200 len: 247 time: 0.0026972
2026-07-02 01:35:06.292 9 WARNING neutron.scheduler.dhcp_agent_scheduler [None req-32c4efe2-19e3-4cc2-955f-6a8735544390 c6eeb776fcc94aabb0343f6d4a70d903 dcf352a2613446a7aaf5f51c5fd83e62 - - default default] No more DHCP agents
2026-07-02 01:35:06.297 9 WARNING neutron.api.rpc.agentnotifiers.dhcp_rpc_agent_api [None req-32c4efe2-19e3-4cc2-955f-6a8735544390 c6eeb776fcc94aabb0343f6d4a70d903 dcf352a2613446a7aaf5f51c5fd83e62 - - default default] Unable to schedule network 61423aa6-6804-4dc4-ba43-82322737de5c: no agents available; will retry on subsequent port and subnet creation events.
2026-07-02 01:35:06.311 10 INFO neutron.notifiers.nova [-] Nova event matching ['req-343ae5c5-a5e8-4aa3-9788-f4beaf70c0b0'] response: {'server_uuid': 'b5e299f1-be06-42b2-8c0f-3f99d8a7592c', 'name': 'network-vif-unplugged', 'status': 'completed', 'tag': 'a312cff1-ed53-456f-8c9c-cfa770e91718', 'code': 200}
2026-07-02 01:35:06.311 10 INFO neutron.notifiers.nova [-] Nova event matching ['req-343ae5c5-a5e8-4aa3-9788-f4beaf70c0b0'] response: {'server_uuid': 'b5e299f1-be06-42b2-8c0f-3f99d8a7592c', 'name': 'network-vif-plugged', 'status': 'completed', 'tag': 'a312cff1-ed53-456f-8c9c-cfa770e91718', 'code': 200}
2026-07-02 01:35:06.312 10 INFO neutron.notifiers.nova [-] Nova event matching ['req-343ae5c5-a5e8-4aa3-9788-f4beaf70c0b0'] response: {'server_uuid': 'b5e299f1-be06-42b2-8c0f-3f99d8a7592c', 'name': 'network-vif-deleted', 'tag': 'a312cff1-ed53-456f-8c9c-cfa770e91718', 'status': 'completed', 'code': 200}
2026-07-02 01:35:06.477 10 INFO neutron.wsgi [req-06241aea-fa0c-4ed6-9fee-666a52ba3d99 req-463b1502-0a15-45bf-80b7-4aa630991e86 80cc28e74ac84304b1ab6a586057df2a 0902fe39c23b4b47881d84e2705aeb10 - - default default] 199.204.45.113 "GET /v2.0/subnets?network_id=1a908927-ad03-4db7-a4e5-71e82634ed6c HTTP/1.1" status: 200 len: 858 time: 0.0820818
2026-07-02 01:35:06.502 9 INFO neutron.db.ovn_revision_numbers_db [None req-32c4efe2-19e3-4cc2-955f-6a8735544390 c6eeb776fcc94aabb0343f6d4a70d903 dcf352a2613446a7aaf5f51c5fd83e62 - - default default] Successfully bumped revision number for resource 672e9018-9ae5-46ec-9bcf-4e6b4c2c1aab (type: ports) to 1
2026-07-02 01:35:06.920 10 INFO neutron.wsgi [None req-a5e0e8a6-e565-4784-8809-4fab2a4b25d7 c3e159fc388047d2926d2ab6991c6583 bd0d1c018646460b833b4c906b471641 - - default default] 10.0.0.161 "GET /v2.0/ports HTTP/1.1" status: 200 len: 22280 time: 0.5539880
2026-07-02 01:35:06.930 10 INFO neutron.wsgi [req-06241aea-fa0c-4ed6-9fee-666a52ba3d99 req-215aa96f-3222-4927-b8c4-fa117668c067 80cc28e74ac84304b1ab6a586057df2a 0902fe39c23b4b47881d84e2705aeb10 - - default default] 199.204.45.113 "GET /v2.0/ports?device_id=06af9f1d-912c-43ba-9235-558e2d68c8b0&device_owner=compute%3Anova&network_id=1a908927-ad03-4db7-a4e5-71e82634ed6c HTTP/1.1" status: 200 len: 1170 time: 0.4442790
2026-07-02 01:35:07.071 10 INFO neutron.wsgi [None req-a7bfcb2f-5c1f-44ee-8bf3-8981a1a68c84 c3e159fc388047d2926d2ab6991c6583 bd0d1c018646460b833b4c906b471641 - - default default] 10.0.0.161 "GET /v2.0/networks HTTP/1.1" status: 200 len: 5400 time: 0.1349535
2026-07-02 01:35:07.133 10 INFO neutron.wsgi [None req-fc09c63f-757d-4e4b-9ffa-1c6e29b41a0c c3e159fc388047d2926d2ab6991c6583 bd0d1c018646460b833b4c906b471641 - - default default] 10.0.0.161 "GET /v2.0/agents HTTP/1.1" status: 200 len: 997 time: 0.0575881
