2026-07-02 01:39:30.314 10 INFO neutron.wsgi [None req-01ffb8cd-c477-40a0-95f4-4b33c487634e 6da8cf03cc1d439cb4dd669b57aac3a9 c5a05cdc38cf40e9a1a59c50ea650eaa - - default default] 10.0.0.67 "GET /v2.0/networks/031f7a41-cb3d-485f-acd9-4b778906d62a/tags HTTP/1.1" status: 200 len: 218 time: 0.0517228
2026-07-02 01:39:30.388 10 INFO neutron.wsgi [None req-e8d8d4a1-b6b8-474c-98d5-20e73cdfa0cf 6da8cf03cc1d439cb4dd669b57aac3a9 c5a05cdc38cf40e9a1a59c50ea650eaa - - default default] 10.0.0.67 "PUT /v2.0/networks/63ca18dd-ada4-43e7-9395-35028a9723ec/tags HTTP/1.1" status: 200 len: 210 time: 0.0662820
2026-07-02 01:39:30.443 10 INFO neutron.wsgi [None req-c2d8eb4f-e9e0-40cf-87c5-efdf59dad19e 6da8cf03cc1d439cb4dd669b57aac3a9 c5a05cdc38cf40e9a1a59c50ea650eaa - - default default] 10.0.0.67 "GET /v2.0/networks/63ca18dd-ada4-43e7-9395-35028a9723ec/tags HTTP/1.1" status: 200 len: 210 time: 0.0483449
2026-07-02 01:39:30.508 10 INFO neutron.wsgi [None req-0465158f-c22b-45a9-a33c-260f61d617e0 6da8cf03cc1d439cb4dd669b57aac3a9 c5a05cdc38cf40e9a1a59c50ea650eaa - - default default] 10.0.0.67 "PUT /v2.0/networks/63ca18dd-ada4-43e7-9395-35028a9723ec/tags HTTP/1.1" status: 200 len: 205 time: 0.0577826
2026-07-02 01:39:30.555 10 INFO neutron.wsgi [None req-f505be73-6380-448f-b33d-c3d6e87655c8 6da8cf03cc1d439cb4dd669b57aac3a9 c5a05cdc38cf40e9a1a59c50ea650eaa - - default default] 10.0.0.67 "GET /v2.0/networks/63ca18dd-ada4-43e7-9395-35028a9723ec/tags HTTP/1.1" status: 200 len: 205 time: 0.0423741
2026-07-02 01:39:30.605 10 INFO neutron.wsgi [None req-3780c6b7-f3bf-4fcb-b859-b4737041b6aa 6da8cf03cc1d439cb4dd669b57aac3a9 c5a05cdc38cf40e9a1a59c50ea650eaa - - default default] 10.0.0.67 "GET /v2.0/networks/031f7a41-cb3d-485f-acd9-4b778906d62a/tags HTTP/1.1" status: 200 len: 218 time: 0.0435879
2026-07-02 01:39:31.083 9 INFO neutron.wsgi [None req-1f008f53-a039-441c-8c33-944e0c63e7d0 6da8cf03cc1d439cb4dd669b57aac3a9 c5a05cdc38cf40e9a1a59c50ea650eaa - - default default] 10.0.0.67 "DELETE /v2.0/networks/031f7a41-cb3d-485f-acd9-4b778906d62a HTTP/1.1" status: 204 len: 168 time: 0.4666567
2026-07-02 01:39:31.173 9 INFO neutron.services.segments.plugin [-] Segment 2cfd1676-343c-44f5-8a05-b59b8eb39ddf resource provider aggregate not found
2026-07-02 01:39:31.181 9 INFO neutron.services.segments.plugin [-] Segment 2cfd1676-343c-44f5-8a05-b59b8eb39ddf resource provider aggregate not found
2026-07-02 01:39:31.190 9 INFO neutron.services.segments.plugin [-] Segment 2cfd1676-343c-44f5-8a05-b59b8eb39ddf resource provider not found; error: Placement Client Error (4xx): {"errors": [{"status": 404, "title": "Not Found", "detail": "The resource could not be found.\n\n No resource provider with uuid 2cfd1676-343c-44f5-8a05-b59b8eb39ddf found for delete ", "request_id": "req-61c27c5a-864f-470d-b1c9-e469422c013c"}]}
2026-07-02 01:39:31.195 9 INFO neutron.services.segments.plugin [-] Segment 2cfd1676-343c-44f5-8a05-b59b8eb39ddf resource provider not found; error: Placement Client Error (4xx): {"errors": [{"status": 404, "title": "Not Found", "detail": "The resource could not be found.\n\n No resource provider with uuid 2cfd1676-343c-44f5-8a05-b59b8eb39ddf found for delete ", "request_id": "req-ce65ce7c-6d1a-40d1-8ce2-4c40967f2827"}]}
2026-07-02 01:39:31.525 9 INFO neutron.wsgi [None req-337e83d3-c08b-4eaf-9150-e875370d5451 6da8cf03cc1d439cb4dd669b57aac3a9 c5a05cdc38cf40e9a1a59c50ea650eaa - - default default] 10.0.0.67 "DELETE /v2.0/networks/63ca18dd-ada4-43e7-9395-35028a9723ec HTTP/1.1" status: 204 len: 168 time: 0.4326239
2026-07-02 01:39:32.483 10 INFO neutron.db.ovn_revision_numbers_db [None req-da60e521-c62a-4e24-8ccf-a72f4402270c c3e159fc388047d2926d2ab6991c6583 bd0d1c018646460b833b4c906b471641 - - default default] Successfully bumped revision number for resource 214ef10d-893f-4409-af5d-7d0d8a90a745 (type: security_groups) to 1
2026-07-02 01:39:32.499 10 INFO neutron.db.ovn_revision_numbers_db [None req-da60e521-c62a-4e24-8ccf-a72f4402270c c3e159fc388047d2926d2ab6991c6583 bd0d1c018646460b833b4c906b471641 - - default default] Successfully bumped revision number for resource b1d832fc-86d3-44dc-b13c-843e3e33010b (type: security_group_rules) to 0
2026-07-02 01:39:32.519 10 INFO neutron.db.ovn_revision_numbers_db [None req-da60e521-c62a-4e24-8ccf-a72f4402270c c3e159fc388047d2926d2ab6991c6583 bd0d1c018646460b833b4c906b471641 - - default default] Successfully bumped revision number for resource b9ba2822-9975-4fa2-ad1c-11cc6f1ba74b (type: security_group_rules) to 0
2026-07-02 01:39:32.536 10 INFO neutron.db.ovn_revision_numbers_db [None req-da60e521-c62a-4e24-8ccf-a72f4402270c c3e159fc388047d2926d2ab6991c6583 bd0d1c018646460b833b4c906b471641 - - default default] Successfully bumped revision number for resource bd18c2d4-9eff-48df-831c-d39f2e93624a (type: security_group_rules) to 0
2026-07-02 01:39:32.550 10 INFO neutron.db.ovn_revision_numbers_db [None req-da60e521-c62a-4e24-8ccf-a72f4402270c c3e159fc388047d2926d2ab6991c6583 bd0d1c018646460b833b4c906b471641 - - default default] Successfully bumped revision number for resource fb347271-1e08-4778-a97b-0587bdb15ff8 (type: security_group_rules) to 0
2026-07-02 01:39:32.582 10 INFO neutron.wsgi [None req-da60e521-c62a-4e24-8ccf-a72f4402270c c3e159fc388047d2926d2ab6991c6583 bd0d1c018646460b833b4c906b471641 - - default default] 10.0.0.67 "GET /v2.0/security-groups?tenant_id=dbc931289f1f4a358b34cd551f3cbb59&name=default HTTP/1.1" status: 200 len: 3000 time: 0.3572683
2026-07-02 01:39:32.797 10 INFO neutron.wsgi [None req-8af21f59-88b3-4ace-956e-97d68181c49d c3e159fc388047d2926d2ab6991c6583 bd0d1c018646460b833b4c906b471641 - - default default] 10.0.0.67 "DELETE /v2.0/security-groups/214ef10d-893f-4409-af5d-7d0d8a90a745 HTTP/1.1" status: 204 len: 168 time: 0.2104366
2026-07-02 01:39:32.973 9 INFO neutron.wsgi [None req-7d451b9d-62be-4b54-8d5f-bd0abacf0c8f c3e159fc388047d2926d2ab6991c6583 bd0d1c018646460b833b4c906b471641 - - default default] 10.0.0.67 "GET /v2.0/security-groups?tenant_id=c5a05cdc38cf40e9a1a59c50ea650eaa&name=default HTTP/1.1" status: 200 len: 3000 time: 0.0407138
2026-07-02 01:39:33.215 9 INFO neutron.services.segments.plugin [-] Segment 171657ea-6496-4af1-8375-f547a6cc5687 resource provider aggregate not found
2026-07-02 01:39:33.217 10 INFO neutron.wsgi [None req-a1741f5e-8f1a-4ee9-9222-dc8ba61c50f8 c3e159fc388047d2926d2ab6991c6583 bd0d1c018646460b833b4c906b471641 - - default default] 10.0.0.67 "DELETE /v2.0/security-groups/6b9a2f49-02c0-48fe-9952-85b654a27c29 HTTP/1.1" status: 204 len: 168 time: 0.2379100
2026-07-02 01:39:33.221 9 INFO neutron.services.segments.plugin [-] Segment 171657ea-6496-4af1-8375-f547a6cc5687 resource provider aggregate not found
2026-07-02 01:39:33.234 9 INFO neutron.services.segments.plugin [-] Segment 171657ea-6496-4af1-8375-f547a6cc5687 resource provider not found; error: Placement Client Error (4xx): {"errors": [{"status": 404, "title": "Not Found", "detail": "The resource could not be found.\n\n No resource provider with uuid 171657ea-6496-4af1-8375-f547a6cc5687 found for delete ", "request_id": "req-a5d447d6-a338-4b80-9fbf-d38efe4533ce"}]}
2026-07-02 01:39:33.238 9 INFO neutron.services.segments.plugin [-] Segment 171657ea-6496-4af1-8375-f547a6cc5687 resource provider not found; error: Placement Client Error (4xx): {"errors": [{"status": 404, "title": "Not Found", "detail": "The resource could not be found.\n\n No resource provider with uuid 171657ea-6496-4af1-8375-f547a6cc5687 found for delete ", "request_id": "req-03b27756-ba06-425f-a9cc-46d17fd36d7b"}]}
2026-07-02 01:39:36.235 10 INFO neutron.wsgi [-] 10.0.0.52 "GET / HTTP/1.1" status: 200 len: 247 time: 0.0033479
2026-07-02 01:39:36.236 9 INFO neutron.wsgi [-] 10.0.0.52 "GET / HTTP/1.1" status: 200 len: 247 time: 0.0039225
2026-07-02 01:39:36.669 15 INFO neutron.db.ovn_revision_numbers_db [None req-cc4f9027-faf9-4bff-986b-63b6fbe4e896 - - - - - -] Successfully bumped revision number for resource 93ce5cd3-a0fa-44b8-a3be-ebfbbf05ac70 (type: networks) to 3
2026-07-02 01:39:36.785 15 INFO neutron.db.ovn_revision_numbers_db [None req-cc4f9027-faf9-4bff-986b-63b6fbe4e896 - - - - - -] Successfully bumped revision number for resource 5071218d-7f04-4df6-905c-50cf190c058f (type: networks) to 3
2026-07-02 01:39:36.907 15 INFO neutron.db.ovn_revision_numbers_db [None req-cc4f9027-faf9-4bff-986b-63b6fbe4e896 - - - - - -] Successfully bumped revision number for resource b5a0e63a-b053-487c-b25d-83b485d79fd8 (type: networks) to 3
2026-07-02 01:39:36.960 15 INFO neutron.db.ovn_revision_numbers_db [None req-cc4f9027-faf9-4bff-986b-63b6fbe4e896 - - - - - -] Successfully bumped revision number for resource 05eb170d-2d1b-4668-ba06-a06a85ef0f0d (type: security_groups) to 12
2026-07-02 01:39:37.439 15 INFO neutron.db.ovn_revision_numbers_db [None req-cc4f9027-faf9-4bff-986b-63b6fbe4e896 - - - - - -] Successfully bumped revision number for resource 33aac1c7-dd9d-458c-a3c7-1c1f13fef8c4 (type: routers) to 5
2026-07-02 01:39:39.494 15 INFO neutron.plugins.ml2.drivers.ovn.mech_driver.ovsdb.maintenance [None req-cc4f9027-faf9-4bff-986b-63b6fbe4e896 - - - - - -] Maintenance task: Synchronization finished (took 2.97 seconds)
2026-07-02 01:39:40.542 9 INFO neutron.wsgi [req-fa9f6cca-f809-4fe4-bf90-0e01a6c3a9eb req-759c8834-48a8-43c1-acc3-44e354496431 cb9d12fbb82a47a4b1e3f1adda73c3a3 47d27497663a41d8a5a33abe0544b282 - - 62b7351bb5c4406387418e2d0899cb77 62b7351bb5c4406387418e2d0899cb77] 199.204.45.113 "GET /v2.0/ports?device_id=f90324ae-5f54-4852-98f2-6b44060117ee&fields=binding%3Ahost_id&fields=binding%3Avif_type HTTP/1.1" status: 200 len: 265 time: 0.3305607
2026-07-02 01:39:40.610 9 INFO neutron.wsgi [req-fa9f6cca-f809-4fe4-bf90-0e01a6c3a9eb req-065320d8-7c79-478c-acc3-cfe2692781d1 cb9d12fbb82a47a4b1e3f1adda73c3a3 47d27497663a41d8a5a33abe0544b282 - - 62b7351bb5c4406387418e2d0899cb77 62b7351bb5c4406387418e2d0899cb77] 199.204.45.113 "GET /v2.0/ports?tenant_id=561e2972440e4efb9d8bbc3e79f5bfe2&device_id=f90324ae-5f54-4852-98f2-6b44060117ee HTTP/1.1" status: 200 len: 1642 time: 0.0409412
2026-07-02 01:39:40.700 9 INFO neutron.wsgi [req-fa9f6cca-f809-4fe4-bf90-0e01a6c3a9eb req-db2c9933-48be-43d1-9ff7-9df1218c122d cb9d12fbb82a47a4b1e3f1adda73c3a3 47d27497663a41d8a5a33abe0544b282 - - 62b7351bb5c4406387418e2d0899cb77 62b7351bb5c4406387418e2d0899cb77] 199.204.45.113 "GET /v2.0/networks?id=b5a0e63a-b053-487c-b25d-83b485d79fd8 HTTP/1.1" status: 200 len: 1002 time: 0.0700588
2026-07-02 01:39:40.753 9 INFO neutron.wsgi [req-fa9f6cca-f809-4fe4-bf90-0e01a6c3a9eb req-5ffc826d-c7c7-4a33-9129-86b8c83e8605 cb9d12fbb82a47a4b1e3f1adda73c3a3 47d27497663a41d8a5a33abe0544b282 - - 62b7351bb5c4406387418e2d0899cb77 62b7351bb5c4406387418e2d0899cb77] 199.204.45.113 "GET /v2.0/floatingips?fixed_ip_address=10.2.2.119&port_id=2258b88b-c9a5-45bb-ac9d-1b0481ab0cae HTTP/1.1" status: 200 len: 1059 time: 0.0468547
2026-07-02 01:39:40.790 9 INFO neutron.wsgi [req-fa9f6cca-f809-4fe4-bf90-0e01a6c3a9eb req-90cde7f1-7e2a-4444-bad7-4aa686a2d939 cb9d12fbb82a47a4b1e3f1adda73c3a3 47d27497663a41d8a5a33abe0544b282 - - 62b7351bb5c4406387418e2d0899cb77 62b7351bb5c4406387418e2d0899cb77] 199.204.45.113 "GET /v2.0/floatingips?fixed_ip_address=fd77%3A1457%3A4cf0%3A26a8%3A%3A166&port_id=2258b88b-c9a5-45bb-ac9d-1b0481ab0cae HTTP/1.1" status: 200 len: 217 time: 0.0282364
2026-07-02 01:39:40.840 9 INFO neutron.wsgi [req-fa9f6cca-f809-4fe4-bf90-0e01a6c3a9eb req-ebea31d3-f609-46d8-9dfe-ec29627a9ad1 cb9d12fbb82a47a4b1e3f1adda73c3a3 47d27497663a41d8a5a33abe0544b282 - - 62b7351bb5c4406387418e2d0899cb77 62b7351bb5c4406387418e2d0899cb77] 199.204.45.113 "GET /v2.0/subnets?id=5e7d5744-1104-4623-8f7b-7ea7f690a96f&id=4caf9e99-36a1-44ec-b358-4bd4cf65a8fc HTTP/1.1" status: 200 len: 1564 time: 0.0437548
2026-07-02 01:39:40.846 10 INFO neutron.wsgi [None req-d13f99a8-2bf6-4d43-84ef-7b5c04db8280 c3e159fc388047d2926d2ab6991c6583 bd0d1c018646460b833b4c906b471641 - - default default] 199.204.45.113 "GET /v2.0/extensions/security-group HTTP/1.1" status: 200 len: 369 time: 0.0059605
2026-07-02 01:39:40.859 10 INFO neutron.wsgi [None req-a86a5f7e-eef1-4b60-8fd4-8bbaacf6b1b4 c3e159fc388047d2926d2ab6991c6583 bd0d1c018646460b833b4c906b471641 - - default default] 199.204.45.113 "GET /v2.0/extensions/dns-integration HTTP/1.1" status: 200 len: 371 time: 0.0095167
2026-07-02 01:39:40.871 9 INFO neutron.wsgi [req-fa9f6cca-f809-4fe4-bf90-0e01a6c3a9eb req-e77dab32-c059-442d-9c52-8f3c8d365233 cb9d12fbb82a47a4b1e3f1adda73c3a3 47d27497663a41d8a5a33abe0544b282 - - 62b7351bb5c4406387418e2d0899cb77 62b7351bb5c4406387418e2d0899cb77] 199.204.45.113 "GET /v2.0/ports?network_id=b5a0e63a-b053-487c-b25d-83b485d79fd8&device_owner=network%3Adhcp HTTP/1.1" status: 200 len: 210 time: 0.0226078
2026-07-02 01:39:40.875 10 INFO neutron.wsgi [None req-8475587e-45b2-4db2-b8a5-98ce1feafb0d c3e159fc388047d2926d2ab6991c6583 bd0d1c018646460b833b4c906b471641 - - default default] 199.204.45.113 "GET /v2.0/extensions/qos HTTP/1.1" status: 200 len: 365 time: 0.0089550
2026-07-02 01:39:40.882 10 INFO neutron.wsgi [None req-0939d3f8-4e7d-4091-9fff-68dd89cc78b7 c3e159fc388047d2926d2ab6991c6583 bd0d1c018646460b833b4c906b471641 - - default default] 199.204.45.113 "GET /v2.0/extensions/allowed-address-pairs HTTP/1.1" status: 200 len: 383 time: 0.0033252
2026-07-02 01:39:40.897 9 INFO neutron.wsgi [req-fa9f6cca-f809-4fe4-bf90-0e01a6c3a9eb req-0ffc0f71-52c6-401f-b276-f6200120b335 cb9d12fbb82a47a4b1e3f1adda73c3a3 47d27497663a41d8a5a33abe0544b282 - - 62b7351bb5c4406387418e2d0899cb77 62b7351bb5c4406387418e2d0899cb77] 199.204.45.113 "GET /v2.0/ports?network_id=b5a0e63a-b053-487c-b25d-83b485d79fd8&device_owner=network%3Adhcp HTTP/1.1" status: 200 len: 210 time: 0.0192266
2026-07-02 01:39:40.922 10 INFO neutron.wsgi [None req-f9253ef8-7b6f-4fac-9284-23cbf5bb9cca c3e159fc388047d2926d2ab6991c6583 bd0d1c018646460b833b4c906b471641 - - default default] 199.204.45.113 "GET /v2.0/subnets/ead20a25-f4d9-4939-ad65-0e16137c8575 HTTP/1.1" status: 200 len: 849 time: 0.0356669
2026-07-02 01:39:40.970 10 INFO neutron.wsgi [None req-91928c21-a02a-43ba-b096-017b5e25d857 c3e159fc388047d2926d2ab6991c6583 bd0d1c018646460b833b4c906b471641 - - default default] 199.204.45.113 "GET /v2.0/ports?device_id=701b0682-8fbf-4e0c-9e83-bd9e9fc98ae7 HTTP/1.1" status: 200 len: 1413 time: 0.0368407
2026-07-02 01:39:40.981 9 INFO neutron.wsgi [req-fa9f6cca-f809-4fe4-bf90-0e01a6c3a9eb req-3cdd9a61-ab9c-45d1-be71-baabe8aabad9 cb9d12fbb82a47a4b1e3f1adda73c3a3 47d27497663a41d8a5a33abe0544b282 - - 62b7351bb5c4406387418e2d0899cb77 62b7351bb5c4406387418e2d0899cb77] 199.204.45.113 "GET /v2.0/networks/b5a0e63a-b053-487c-b25d-83b485d79fd8?fields=segments HTTP/1.1" status: 200 len: 212 time: 0.0774682
2026-07-02 01:39:41.052 9 INFO neutron.wsgi [req-fa9f6cca-f809-4fe4-bf90-0e01a6c3a9eb req-f695f028-a481-411d-bba8-fc15407a3d6e cb9d12fbb82a47a4b1e3f1adda73c3a3 47d27497663a41d8a5a33abe0544b282 - - 62b7351bb5c4406387418e2d0899cb77 62b7351bb5c4406387418e2d0899cb77] 199.204.45.113 "GET /v2.0/networks/b5a0e63a-b053-487c-b25d-83b485d79fd8?fields=provider%3Aphysical_network&fields=provider%3Anetwork_type HTTP/1.1" status: 200 len: 277 time: 0.0642650
2026-07-02 01:39:41.284 10 WARNING neutron.scheduler.dhcp_agent_scheduler [None req-457b7723-d53c-4fe5-aa97-7b1130610e32 c3e159fc388047d2926d2ab6991c6583 bd0d1c018646460b833b4c906b471641 - - default default] No more DHCP agents
2026-07-02 01:39:41.286 10 WARNING neutron.api.rpc.agentnotifiers.dhcp_rpc_agent_api [None req-457b7723-d53c-4fe5-aa97-7b1130610e32 c3e159fc388047d2926d2ab6991c6583 bd0d1c018646460b833b4c906b471641 - - default default] Unable to schedule network 93ce5cd3-a0fa-44b8-a3be-ebfbbf05ac70: no agents available; will retry on subsequent port and subnet creation events.
2026-07-02 01:39:41.530 10 INFO neutron.db.ovn_revision_numbers_db [None req-457b7723-d53c-4fe5-aa97-7b1130610e32 c3e159fc388047d2926d2ab6991c6583 bd0d1c018646460b833b4c906b471641 - - default default] Successfully bumped revision number for resource 945bd287-eb8c-4cb8-a103-cf6f4c18a3c2 (type: ports) to 1
2026-07-02 01:39:41.553 10 INFO neutron.wsgi [None req-457b7723-d53c-4fe5-aa97-7b1130610e32 c3e159fc388047d2926d2ab6991c6583 bd0d1c018646460b833b4c906b471641 - - default default] 199.204.45.113 "POST /v2.0/ports HTTP/1.1" status: 201 len: 1302 time: 0.5746610
2026-07-02 01:39:41.760 9 INFO neutron.wsgi [req-b1eb8b22-44e5-405f-b9a6-a765dde2d13f req-b623b05c-a443-42e7-be4f-9f084899a365 c3e159fc388047d2926d2ab6991c6583 bd0d1c018646460b833b4c906b471641 - - default default] 10.0.0.230 "GET /v2.0/ports/945bd287-eb8c-4cb8-a103-cf6f4c18a3c2 HTTP/1.1" status: 200 len: 1297 time: 0.1493294
2026-07-02 01:39:41.776 9 INFO neutron.wsgi [req-b1eb8b22-44e5-405f-b9a6-a765dde2d13f req-3b27fb49-b945-4f19-bc72-18e0322beb88 c3e159fc388047d2926d2ab6991c6583 bd0d1c018646460b833b4c906b471641 - - default default] 10.0.0.230 "GET /v2.0/extensions HTTP/1.1" status: 200 len: 16980 time: 0.0072153
2026-07-02 01:39:41.922 9 INFO neutron.wsgi [req-b1eb8b22-44e5-405f-b9a6-a765dde2d13f req-875b21d2-d581-4d91-8b4f-43fec1fca5f3 cb9d12fbb82a47a4b1e3f1adda73c3a3 47d27497663a41d8a5a33abe0544b282 - - 62b7351bb5c4406387418e2d0899cb77 62b7351bb5c4406387418e2d0899cb77] 199.204.45.113 "GET /v2.0/ports/945bd287-eb8c-4cb8-a103-cf6f4c18a3c2?fields=binding%3Avnic_type&fields=binding%3Aprofile&fields=network_id&fields=resource_request&fields=numa_affinity_policy&fields=device_profile HTTP/1.1" status: 200 len: 335 time: 0.0454481
2026-07-02 01:39:41.994 9 INFO neutron.wsgi [req-b1eb8b22-44e5-405f-b9a6-a765dde2d13f req-7708f25a-92e0-4ff8-9cd8-e23f47110fad cb9d12fbb82a47a4b1e3f1adda73c3a3 47d27497663a41d8a5a33abe0544b282 - - 62b7351bb5c4406387418e2d0899cb77 62b7351bb5c4406387418e2d0899cb77] 199.204.45.113 "GET /v2.0/networks/93ce5cd3-a0fa-44b8-a3be-ebfbbf05ac70?fields=segments HTTP/1.1" status: 200 len: 212 time: 0.0653028
2026-07-02 01:39:42.080 9 INFO neutron.wsgi [req-b1eb8b22-44e5-405f-b9a6-a765dde2d13f req-555b8cec-7510-4808-8ed7-cec9e3889a84 cb9d12fbb82a47a4b1e3f1adda73c3a3 47d27497663a41d8a5a33abe0544b282 - - 62b7351bb5c4406387418e2d0899cb77 62b7351bb5c4406387418e2d0899cb77] 199.204.45.113 "GET /v2.0/networks/93ce5cd3-a0fa-44b8-a3be-ebfbbf05ac70?fields=provider%3Aphysical_network&fields=provider%3Anetwork_type HTTP/1.1" status: 200 len: 277 time: 0.0779929
2026-07-02 01:39:42.145 9 INFO neutron.wsgi [req-b1eb8b22-44e5-405f-b9a6-a765dde2d13f req-96807e3d-9272-433a-bfb3-f8376c2c09ba cb9d12fbb82a47a4b1e3f1adda73c3a3 47d27497663a41d8a5a33abe0544b282 - - 62b7351bb5c4406387418e2d0899cb77 62b7351bb5c4406387418e2d0899cb77] 199.204.45.113 "GET /v2.0/ports/945bd287-eb8c-4cb8-a103-cf6f4c18a3c2 HTTP/1.1" status: 200 len: 1297 time: 0.0433621
2026-07-02 01:39:42.208 9 INFO neutron.wsgi [req-b1eb8b22-44e5-405f-b9a6-a765dde2d13f req-1ecc5a47-026c-4fb1-b68d-1a1cd6835590 c3e159fc388047d2926d2ab6991c6583 bd0d1c018646460b833b4c906b471641 - - default default] 199.204.45.113 "GET /v2.0/networks?id=93ce5cd3-a0fa-44b8-a3be-ebfbbf05ac70 HTTP/1.1" status: 200 len: 1005 time: 0.0584342
2026-07-02 01:39:42.740 9 INFO neutron.db.ovn_revision_numbers_db [req-b1eb8b22-44e5-405f-b9a6-a765dde2d13f req-df4c0948-762d-4f68-9dd7-5618b411f497 cb9d12fbb82a47a4b1e3f1adda73c3a3 47d27497663a41d8a5a33abe0544b282 - - 62b7351bb5c4406387418e2d0899cb77 62b7351bb5c4406387418e2d0899cb77] Successfully bumped revision number for resource 945bd287-eb8c-4cb8-a103-cf6f4c18a3c2 (type: ports) to 2
2026-07-02 01:39:42.945 9 INFO neutron.db.ovn_revision_numbers_db [req-b1eb8b22-44e5-405f-b9a6-a765dde2d13f req-df4c0948-762d-4f68-9dd7-5618b411f497 cb9d12fbb82a47a4b1e3f1adda73c3a3 47d27497663a41d8a5a33abe0544b282 - - 62b7351bb5c4406387418e2d0899cb77 62b7351bb5c4406387418e2d0899cb77] Successfully bumped revision number for resource 945bd287-eb8c-4cb8-a103-cf6f4c18a3c2 (type: ports) to 2
2026-07-02 01:39:42.966 9 INFO neutron.wsgi [req-b1eb8b22-44e5-405f-b9a6-a765dde2d13f req-df4c0948-762d-4f68-9dd7-5618b411f497 cb9d12fbb82a47a4b1e3f1adda73c3a3 47d27497663a41d8a5a33abe0544b282 - - 62b7351bb5c4406387418e2d0899cb77 62b7351bb5c4406387418e2d0899cb77] 199.204.45.113 "PUT /v2.0/ports/945bd287-eb8c-4cb8-a103-cf6f4c18a3c2 HTTP/1.1" status: 200 len: 1428 time: 0.7484031 /var/lib/openstack/lib/python3.10/site-packages/pycadf/identifier.py:71: UserWarning: Invalid uuid: neutron. To ensure interoperability, identifiers should be a valid uuid. warnings.warn(('Invalid uuid: %s. To ensure interoperability, '
2026-07-02 01:39:43.064 9 INFO neutron.wsgi [req-b1eb8b22-44e5-405f-b9a6-a765dde2d13f req-96c037ae-6750-4460-8518-39430e5f0050 cb9d12fbb82a47a4b1e3f1adda73c3a3 47d27497663a41d8a5a33abe0544b282 - - 62b7351bb5c4406387418e2d0899cb77 62b7351bb5c4406387418e2d0899cb77] 199.204.45.113 "GET /v2.0/ports?tenant_id=bd0d1c018646460b833b4c906b471641&device_id=701b0682-8fbf-4e0c-9e83-bd9e9fc98ae7 HTTP/1.1" status: 200 len: 2661 time: 0.0576534
2026-07-02 01:39:43.080 9 INFO neutron.notifiers.nova [-] Nova event matching ['req-4f675dcc-d1fa-4b82-9762-cc7bfd8b0628'] response: {'name': 'network-changed', 'server_uuid': '701b0682-8fbf-4e0c-9e83-bd9e9fc98ae7', 'tag': '945bd287-eb8c-4cb8-a103-cf6f4c18a3c2', 'status': 'completed', 'code': 200}
2026-07-02 01:39:43.098 9 INFO neutron.wsgi [req-b1eb8b22-44e5-405f-b9a6-a765dde2d13f req-09803b98-2117-4590-98d2-32e164275a64 cb9d12fbb82a47a4b1e3f1adda73c3a3 47d27497663a41d8a5a33abe0544b282 - - 62b7351bb5c4406387418e2d0899cb77 62b7351bb5c4406387418e2d0899cb77] 199.204.45.113 "GET /v2.0/floatingips?fixed_ip_address=172.24.2.64&port_id=f3dee0f0-ece6-458c-948b-be83a7408d69 HTTP/1.1" status: 200 len: 217 time: 0.0270946
2026-07-02 01:39:43.157 9 INFO neutron.wsgi [req-b1eb8b22-44e5-405f-b9a6-a765dde2d13f req-9c7d5131-3abf-46e7-8aeb-bf26c1ebbd9c cb9d12fbb82a47a4b1e3f1adda73c3a3 47d27497663a41d8a5a33abe0544b282 - - 62b7351bb5c4406387418e2d0899cb77 62b7351bb5c4406387418e2d0899cb77] 199.204.45.113 "GET /v2.0/subnets?id=69189dd6-61a7-4cda-bff1-fb0c5136bcdf HTTP/1.1" status: 200 len: 829 time: 0.0526628
2026-07-02 01:39:43.191 9 INFO neutron.wsgi [req-b1eb8b22-44e5-405f-b9a6-a765dde2d13f req-c30171b2-32eb-4915-a166-29531d1861c1 cb9d12fbb82a47a4b1e3f1adda73c3a3 47d27497663a41d8a5a33abe0544b282 - - 62b7351bb5c4406387418e2d0899cb77 62b7351bb5c4406387418e2d0899cb77] 199.204.45.113 "GET /v2.0/ports?network_id=8268d785-5bf1-4cdc-bdbb-4a5738cf3fe0&device_owner=network%3Adhcp HTTP/1.1" status: 200 len: 210 time: 0.0239058
2026-07-02 01:39:43.269 9 INFO neutron.wsgi [req-b1eb8b22-44e5-405f-b9a6-a765dde2d13f req-03bb1364-04b8-47ff-a48d-05b056bf908c cb9d12fbb82a47a4b1e3f1adda73c3a3 47d27497663a41d8a5a33abe0544b282 - - 62b7351bb5c4406387418e2d0899cb77 62b7351bb5c4406387418e2d0899cb77] 199.204.45.113 "GET /v2.0/networks/8268d785-5bf1-4cdc-bdbb-4a5738cf3fe0?fields=segments HTTP/1.1" status: 200 len: 212 time: 0.0710411
2026-07-02 01:39:43.392 9 INFO neutron.wsgi [req-b1eb8b22-44e5-405f-b9a6-a765dde2d13f req-185b7062-3497-46f7-9c4a-a3b885bca62f cb9d12fbb82a47a4b1e3f1adda73c3a3 47d27497663a41d8a5a33abe0544b282 - - 62b7351bb5c4406387418e2d0899cb77 62b7351bb5c4406387418e2d0899cb77] 199.204.45.113 "GET /v2.0/networks/8268d785-5bf1-4cdc-bdbb-4a5738cf3fe0?fields=provider%3Aphysical_network&fields=provider%3Anetwork_type HTTP/1.1" status: 200 len: 277 time: 0.1111274
2026-07-02 01:39:43.432 9 INFO neutron.wsgi [req-b1eb8b22-44e5-405f-b9a6-a765dde2d13f req-bdf0979f-4195-4985-9a51-8b18d8e5c9b3 cb9d12fbb82a47a4b1e3f1adda73c3a3 47d27497663a41d8a5a33abe0544b282 - - 62b7351bb5c4406387418e2d0899cb77 62b7351bb5c4406387418e2d0899cb77] 199.204.45.113 "GET /v2.0/floatingips?fixed_ip_address=10.1.1.242&port_id=945bd287-eb8c-4cb8-a103-cf6f4c18a3c2 HTTP/1.1" status: 200 len: 217 time: 0.0309687
2026-07-02 01:39:43.487 9 INFO neutron.wsgi [req-b1eb8b22-44e5-405f-b9a6-a765dde2d13f req-8e4eafe3-f704-4cdd-9a00-0b0636217d4e cb9d12fbb82a47a4b1e3f1adda73c3a3 47d27497663a41d8a5a33abe0544b282 - - 62b7351bb5c4406387418e2d0899cb77 62b7351bb5c4406387418e2d0899cb77] 199.204.45.113 "GET /v2.0/subnets?id=ead20a25-f4d9-4939-ad65-0e16137c8575 HTTP/1.1" status: 200 len: 852 time: 0.0450444
2026-07-02 01:39:43.513 9 INFO neutron.wsgi [req-b1eb8b22-44e5-405f-b9a6-a765dde2d13f req-063c4794-9470-44ea-974f-4845bc09052d cb9d12fbb82a47a4b1e3f1adda73c3a3 47d27497663a41d8a5a33abe0544b282 - - 62b7351bb5c4406387418e2d0899cb77 62b7351bb5c4406387418e2d0899cb77] 199.204.45.113 "GET /v2.0/ports?network_id=93ce5cd3-a0fa-44b8-a3be-ebfbbf05ac70&device_owner=network%3Adhcp HTTP/1.1" status: 200 len: 210 time: 0.0207212
2026-07-02 01:39:43.586 9 INFO neutron.wsgi [req-b1eb8b22-44e5-405f-b9a6-a765dde2d13f req-5ded92ca-54ec-41a4-a446-fa0d1d8470b6 cb9d12fbb82a47a4b1e3f1adda73c3a3 47d27497663a41d8a5a33abe0544b282 - - 62b7351bb5c4406387418e2d0899cb77 62b7351bb5c4406387418e2d0899cb77] 199.204.45.113 "GET /v2.0/networks/93ce5cd3-a0fa-44b8-a3be-ebfbbf05ac70?fields=segments HTTP/1.1" status: 200 len: 212 time: 0.0661345
2026-07-02 01:39:43.658 9 INFO neutron.wsgi [req-b1eb8b22-44e5-405f-b9a6-a765dde2d13f req-ec6bfd23-c465-4c24-9e5e-0f5adb0a4819 cb9d12fbb82a47a4b1e3f1adda73c3a3 47d27497663a41d8a5a33abe0544b282 - - 62b7351bb5c4406387418e2d0899cb77 62b7351bb5c4406387418e2d0899cb77] 199.204.45.113 "GET /v2.0/networks/93ce5cd3-a0fa-44b8-a3be-ebfbbf05ac70?fields=provider%3Aphysical_network&fields=provider%3Anetwork_type HTTP/1.1" status: 200 len: 277 time: 0.0662911
2026-07-02 01:39:43.773 10 INFO neutron.plugins.ml2.drivers.ovn.mech_driver.mech_driver [None req-498414c1-69f1-43ec-aebf-26761072ab82 - - - - - -] OVN reports status up for port: 945bd287-eb8c-4cb8-a103-cf6f4c18a3c2
2026-07-02 01:39:43.787 9 INFO neutron.wsgi [req-31259938-a78f-4409-ab69-e2412257f538 req-407c3876-dfe6-44f7-a733-2c0baa0c852c cb9d12fbb82a47a4b1e3f1adda73c3a3 47d27497663a41d8a5a33abe0544b282 - - 62b7351bb5c4406387418e2d0899cb77 62b7351bb5c4406387418e2d0899cb77] 199.204.45.113 "GET /v2.0/ports?tenant_id=bd0d1c018646460b833b4c906b471641&device_id=701b0682-8fbf-4e0c-9e83-bd9e9fc98ae7 HTTP/1.1" status: 200 len: 2661 time: 0.0730641
2026-07-02 01:39:43.795 10 INFO neutron.plugins.ml2.plugin [None req-498414c1-69f1-43ec-aebf-26761072ab82 - - - - - -] Attempt 1 to provision port 945bd287-eb8c-4cb8-a103-cf6f4c18a3c2
2026-07-02 01:39:43.881 9 INFO neutron.wsgi [req-31259938-a78f-4409-ab69-e2412257f538 req-799111a5-c9e8-4ef1-aaf2-4dd9dac7f17b cb9d12fbb82a47a4b1e3f1adda73c3a3 47d27497663a41d8a5a33abe0544b282 - - 62b7351bb5c4406387418e2d0899cb77 62b7351bb5c4406387418e2d0899cb77] 199.204.45.113 "GET /v2.0/networks?id=93ce5cd3-a0fa-44b8-a3be-ebfbbf05ac70 HTTP/1.1" status: 200 len: 1005 time: 0.0826590
2026-07-02 01:39:43.912 9 INFO neutron.wsgi [req-31259938-a78f-4409-ab69-e2412257f538 req-781d2c97-4b66-4ded-988d-5787a52e2b04 cb9d12fbb82a47a4b1e3f1adda73c3a3 47d27497663a41d8a5a33abe0544b282 - - 62b7351bb5c4406387418e2d0899cb77 62b7351bb5c4406387418e2d0899cb77] 199.204.45.113 "GET /v2.0/floatingips?fixed_ip_address=10.1.1.242&port_id=945bd287-eb8c-4cb8-a103-cf6f4c18a3c2 HTTP/1.1" status: 200 len: 217 time: 0.0234034
2026-07-02 01:39:43.965 9 INFO neutron.wsgi [req-31259938-a78f-4409-ab69-e2412257f538 req-dd32c9e8-ad28-424e-8237-bda6a58c6039 cb9d12fbb82a47a4b1e3f1adda73c3a3 47d27497663a41d8a5a33abe0544b282 - - 62b7351bb5c4406387418e2d0899cb77 62b7351bb5c4406387418e2d0899cb77] 199.204.45.113 "GET /v2.0/subnets?id=ead20a25-f4d9-4939-ad65-0e16137c8575 HTTP/1.1" status: 200 len: 852 time: 0.0494907
2026-07-02 01:39:43.995 10 INFO neutron.notifiers.nova [-] Nova event matching ['req-3f33aa0c-55d2-4fd2-9268-b39c906b42df'] response: {'server_uuid': '701b0682-8fbf-4e0c-9e83-bd9e9fc98ae7', 'name': 'network-vif-plugged', 'status': 'completed', 'tag': '945bd287-eb8c-4cb8-a103-cf6f4c18a3c2', 'code': 200}
2026-07-02 01:39:43.996 9 INFO neutron.wsgi [req-31259938-a78f-4409-ab69-e2412257f538 req-b218de50-3f49-4f97-b941-cd05735df9ea cb9d12fbb82a47a4b1e3f1adda73c3a3 47d27497663a41d8a5a33abe0544b282 - - 62b7351bb5c4406387418e2d0899cb77 62b7351bb5c4406387418e2d0899cb77] 199.204.45.113 "GET /v2.0/ports?network_id=93ce5cd3-a0fa-44b8-a3be-ebfbbf05ac70&device_owner=network%3Adhcp HTTP/1.1" status: 200 len: 210 time: 0.0221422
2026-07-02 01:39:44.002 9 INFO neutron.wsgi [req-b1eb8b22-44e5-405f-b9a6-a765dde2d13f req-67eb9c7c-6f8a-454d-9b6f-aac5b3fecf92 c3e159fc388047d2926d2ab6991c6583 bd0d1c018646460b833b4c906b471641 - - default default] 10.0.0.230 "GET /v2.0/ports/945bd287-eb8c-4cb8-a103-cf6f4c18a3c2 HTTP/1.1" status: 200 len: 1458 time: 0.0536833 /var/lib/openstack/lib/python3.10/site-packages/pycadf/identifier.py:71: UserWarning: Invalid uuid: neutron. To ensure interoperability, identifiers should be a valid uuid. warnings.warn(('Invalid uuid: %s. To ensure interoperability, '
2026-07-02 01:39:44.079 9 INFO neutron.wsgi [req-31259938-a78f-4409-ab69-e2412257f538 req-ea048a84-fbd4-483e-ab6e-08f7fd21211e cb9d12fbb82a47a4b1e3f1adda73c3a3 47d27497663a41d8a5a33abe0544b282 - - 62b7351bb5c4406387418e2d0899cb77 62b7351bb5c4406387418e2d0899cb77] 199.204.45.113 "GET /v2.0/networks/93ce5cd3-a0fa-44b8-a3be-ebfbbf05ac70?fields=segments HTTP/1.1" status: 200 len: 212 time: 0.0723460
2026-07-02 01:39:44.152 9 INFO neutron.wsgi [req-31259938-a78f-4409-ab69-e2412257f538 req-6c84c276-130a-4e7d-b775-7d6ac54b8441 cb9d12fbb82a47a4b1e3f1adda73c3a3 47d27497663a41d8a5a33abe0544b282 - - 62b7351bb5c4406387418e2d0899cb77 62b7351bb5c4406387418e2d0899cb77] 199.204.45.113 "GET /v2.0/networks/93ce5cd3-a0fa-44b8-a3be-ebfbbf05ac70?fields=provider%3Aphysical_network&fields=provider%3Anetwork_type HTTP/1.1" status: 200 len: 277 time: 0.0623660
2026-07-02 01:39:44.542 10 INFO neutron.db.ovn_revision_numbers_db [None req-498414c1-69f1-43ec-aebf-26761072ab82 - - - - - -] Successfully bumped revision number for resource 945bd287-eb8c-4cb8-a103-cf6f4c18a3c2 (type: ports) to 4
2026-07-02 01:39:44.869 10 INFO neutron.db.ovn_revision_numbers_db [None req-cd5b1cbc-bf84-4ae5-88c0-1ca651cdc119 c3e159fc388047d2926d2ab6991c6583 bd0d1c018646460b833b4c906b471641 - - default default] Successfully bumped revision number for resource 945bd287-eb8c-4cb8-a103-cf6f4c18a3c2 (type: ports) to 5
2026-07-02 01:39:44.882 10 INFO neutron.wsgi [None req-cd5b1cbc-bf84-4ae5-88c0-1ca651cdc119 c3e159fc388047d2926d2ab6991c6583 bd0d1c018646460b833b4c906b471641 - - default default] 199.204.45.113 "PUT /v2.0/ports/945bd287-eb8c-4cb8-a103-cf6f4c18a3c2 HTTP/1.1" status: 200 len: 1491 time: 0.8652439 /var/lib/openstack/lib/python3.10/site-packages/pycadf/identifier.py:71: UserWarning: Invalid uuid: neutron. To ensure interoperability, identifiers should be a valid uuid. warnings.warn(('Invalid uuid: %s. To ensure interoperability, '
2026-07-02 01:39:44.899 10 INFO neutron.api.v2.resource [None req-00472866-9ddd-4831-906e-6776b70ec367 c3e159fc388047d2926d2ab6991c6583 bd0d1c018646460b833b4c906b471641 - - default default] show failed (client error): The resource could not be found.
2026-07-02 01:39:44.900 10 INFO neutron.wsgi [None req-00472866-9ddd-4831-906e-6776b70ec367 c3e159fc388047d2926d2ab6991c6583 bd0d1c018646460b833b4c906b471641 - - default default] 199.204.45.113 "GET /v2.0/security-groups/lb-80d01fb9-c2a7-4173-8b8b-20eee82a5c4a HTTP/1.1" status: 404 len: 355 time: 0.0119753
2026-07-02 01:39:44.942 10 INFO neutron.wsgi [None req-97616796-0e1d-40fc-9cb3-dc0906ff3a49 c3e159fc388047d2926d2ab6991c6583 bd0d1c018646460b833b4c906b471641 - - default default] 199.204.45.113 "GET /v2.0/security-groups?name=lb-80d01fb9-c2a7-4173-8b8b-20eee82a5c4a HTTP/1.1" status: 200 len: 1777 time: 0.0374086
2026-07-02 01:39:45.315 10 INFO neutron.db.ovn_revision_numbers_db [None req-c65f790e-5d4d-4484-ab4d-6d7df9742626 c3e159fc388047d2926d2ab6991c6583 bd0d1c018646460b833b4c906b471641 - - default default] Successfully bumped revision number for resource 945bd287-eb8c-4cb8-a103-cf6f4c18a3c2 (type: ports) to 6
2026-07-02 01:39:45.335 10 INFO neutron.wsgi [None req-c65f790e-5d4d-4484-ab4d-6d7df9742626 c3e159fc388047d2926d2ab6991c6583 bd0d1c018646460b833b4c906b471641 - - default default] 199.204.45.113 "PUT /v2.0/ports/945bd287-eb8c-4cb8-a103-cf6f4c18a3c2 HTTP/1.1" status: 200 len: 1491 time: 0.3853166 /var/lib/openstack/lib/python3.10/site-packages/pycadf/identifier.py:71: UserWarning: Invalid uuid: neutron. To ensure interoperability, identifiers should be a valid uuid. warnings.warn(('Invalid uuid: %s. To ensure interoperability, '
2026-07-02 01:39:45.553 10 INFO neutron.wsgi [None req-5b83b74e-e8c5-403b-b54a-cbbb0c172d57 c3e159fc388047d2926d2ab6991c6583 bd0d1c018646460b833b4c906b471641 - - default default] 199.204.45.113 "GET /v2.0/extensions/security-group HTTP/1.1" status: 200 len: 369 time: 0.0063426
2026-07-02 01:39:45.562 10 INFO neutron.wsgi [None req-b140adeb-7d63-4131-8954-556f737b4fcd c3e159fc388047d2926d2ab6991c6583 bd0d1c018646460b833b4c906b471641 - - default default] 199.204.45.113 "GET /v2.0/extensions/dns-integration HTTP/1.1" status: 200 len: 371 time: 0.0034177
2026-07-02 01:39:45.570 10 INFO neutron.wsgi [None req-6d277b58-440e-44ec-aeb1-04c4984735f6 c3e159fc388047d2926d2ab6991c6583 bd0d1c018646460b833b4c906b471641 - - default default] 199.204.45.113 "GET /v2.0/extensions/qos HTTP/1.1" status: 200 len: 365 time: 0.0042846
2026-07-02 01:39:45.579 10 INFO neutron.wsgi [None req-e0faee97-d05e-46b8-9f80-8c10d912bef4 c3e159fc388047d2926d2ab6991c6583 bd0d1c018646460b833b4c906b471641 - - default default] 199.204.45.113 "GET /v2.0/extensions/allowed-address-pairs HTTP/1.1" status: 200 len: 383 time: 0.0044692
2026-07-02 01:39:45.648 10 INFO neutron.wsgi [None req-635130cc-12fa-478f-9e26-562ff04326db c3e159fc388047d2926d2ab6991c6583 bd0d1c018646460b833b4c906b471641 - - default default] 199.204.45.113 "GET /v2.0/subnets/ead20a25-f4d9-4939-ad65-0e16137c8575 HTTP/1.1" status: 200 len: 849 time: 0.0634465
2026-07-02 01:39:45.716 10 INFO neutron.wsgi [None req-930e395c-984c-4e3a-859b-2e2d550d8580 c3e159fc388047d2926d2ab6991c6583 bd0d1c018646460b833b4c906b471641 - - default default] 199.204.45.113 "GET /v2.0/ports/46002365-0ffa-49a3-83f3-9a22c1318533 HTTP/1.1" status: 200 len: 1332 time: 0.0582674
2026-07-02 01:39:45.768 10 INFO neutron.wsgi [None req-6ed5b9b1-dc1f-42ce-9156-8ed2a1b689ec c3e159fc388047d2926d2ab6991c6583 bd0d1c018646460b833b4c906b471641 - - default default] 199.204.45.113 "GET /v2.0/ports/945bd287-eb8c-4cb8-a103-cf6f4c18a3c2 HTTP/1.1" status: 200 len: 1519 time: 0.0417805
2026-07-02 01:39:45.813 10 INFO neutron.wsgi [None req-87dcac5f-ff9e-48a5-935a-6d1531debf5c c3e159fc388047d2926d2ab6991c6583 bd0d1c018646460b833b4c906b471641 - - default default] 199.204.45.113 "GET /v2.0/subnets/ead20a25-f4d9-4939-ad65-0e16137c8575 HTTP/1.1" status: 200 len: 849 time: 0.0356674
2026-07-02 01:39:45.891 10 INFO neutron.wsgi [None req-69c6ccb2-5b8c-496e-a2c5-93f84525793b c3e159fc388047d2926d2ab6991c6583 bd0d1c018646460b833b4c906b471641 - - default default] 199.204.45.113 "GET /v2.0/networks/93ce5cd3-a0fa-44b8-a3be-ebfbbf05ac70 HTTP/1.1" status: 200 len: 1002 time: 0.0720279
2026-07-02 01:39:45.950 10 INFO neutron.wsgi [None req-387f0508-c174-4e49-8721-8d39c541ac3e c3e159fc388047d2926d2ab6991c6583 bd0d1c018646460b833b4c906b471641 - - default default] 199.204.45.113 "GET /v2.0/ports/46002365-0ffa-49a3-83f3-9a22c1318533 HTTP/1.1" status: 200 len: 1332 time: 0.0486677
2026-07-02 01:39:45.993 10 INFO neutron.wsgi [None req-5bf42b10-4000-4220-870b-44f2f1251be3 c3e159fc388047d2926d2ab6991c6583 bd0d1c018646460b833b4c906b471641 - - default default] 199.204.45.113 "GET /v2.0/subnets/ead20a25-f4d9-4939-ad65-0e16137c8575 HTTP/1.1" status: 200 len: 849 time: 0.0352190
2026-07-02 01:39:46.039 10 INFO neutron.notifiers.nova [-] Nova event matching ['req-f415126a-7734-4351-b647-bff7efdf1543'] response: {'server_uuid': '701b0682-8fbf-4e0c-9e83-bd9e9fc98ae7', 'name': 'network-vif-plugged', 'status': 'completed', 'tag': '945bd287-eb8c-4cb8-a103-cf6f4c18a3c2', 'code': 200}
2026-07-02 01:39:46.039 10 INFO neutron.notifiers.nova [-] Nova event matching ['req-f415126a-7734-4351-b647-bff7efdf1543'] response: {'name': 'network-changed', 'server_uuid': '701b0682-8fbf-4e0c-9e83-bd9e9fc98ae7', 'tag': '945bd287-eb8c-4cb8-a103-cf6f4c18a3c2', 'status': 'completed', 'code': 200}
2026-07-02 01:39:46.040 10 INFO neutron.notifiers.nova [-] Nova event matching ['req-f415126a-7734-4351-b647-bff7efdf1543'] response: {'name': 'network-changed', 'server_uuid': '701b0682-8fbf-4e0c-9e83-bd9e9fc98ae7', 'tag': '945bd287-eb8c-4cb8-a103-cf6f4c18a3c2', 'status': 'completed', 'code': 200}
2026-07-02 01:39:46.101 9 INFO neutron.wsgi [req-45ce518f-d1d9-452f-a1ae-76d99619285f req-843354d0-3908-4221-8dc3-577f574182b6 cb9d12fbb82a47a4b1e3f1adda73c3a3 47d27497663a41d8a5a33abe0544b282 - - 62b7351bb5c4406387418e2d0899cb77 62b7351bb5c4406387418e2d0899cb77] 199.204.45.113 "GET /v2.0/ports?tenant_id=bd0d1c018646460b833b4c906b471641&device_id=701b0682-8fbf-4e0c-9e83-bd9e9fc98ae7 HTTP/1.1" status: 200 len: 2724 time: 0.0427949
2026-07-02 01:39:46.183 9 INFO neutron.wsgi [req-45ce518f-d1d9-452f-a1ae-76d99619285f req-de62c522-2ae4-41a9-9310-4bbd15749623 cb9d12fbb82a47a4b1e3f1adda73c3a3 47d27497663a41d8a5a33abe0544b282 - - 62b7351bb5c4406387418e2d0899cb77 62b7351bb5c4406387418e2d0899cb77] 199.204.45.113 "GET /v2.0/networks?id=93ce5cd3-a0fa-44b8-a3be-ebfbbf05ac70 HTTP/1.1" status: 200 len: 1005 time: 0.0715075
2026-07-02 01:39:46.212 9 INFO neutron.wsgi [req-45ce518f-d1d9-452f-a1ae-76d99619285f req-ff98ed53-e978-4093-a6fe-9d0874e6cd7b cb9d12fbb82a47a4b1e3f1adda73c3a3 47d27497663a41d8a5a33abe0544b282 - - 62b7351bb5c4406387418e2d0899cb77 62b7351bb5c4406387418e2d0899cb77] 199.204.45.113 "GET /v2.0/floatingips?fixed_ip_address=10.1.1.242&port_id=945bd287-eb8c-4cb8-a103-cf6f4c18a3c2 HTTP/1.1" status: 200 len: 217 time: 0.0234723
2026-07-02 01:39:46.259 9 INFO neutron.wsgi [req-45ce518f-d1d9-452f-a1ae-76d99619285f req-f038bfb2-d324-47ae-85ed-dd8919c37b74 cb9d12fbb82a47a4b1e3f1adda73c3a3 47d27497663a41d8a5a33abe0544b282 - - 62b7351bb5c4406387418e2d0899cb77 62b7351bb5c4406387418e2d0899cb77] 199.204.45.113 "GET /v2.0/subnets?id=ead20a25-f4d9-4939-ad65-0e16137c8575 HTTP/1.1" status: 200 len: 852 time: 0.0406468
2026-07-02 01:39:46.296 9 INFO neutron.wsgi [req-45ce518f-d1d9-452f-a1ae-76d99619285f req-29297cf1-85d5-4f25-af50-e54ddee2932e cb9d12fbb82a47a4b1e3f1adda73c3a3 47d27497663a41d8a5a33abe0544b282 - - 62b7351bb5c4406387418e2d0899cb77 62b7351bb5c4406387418e2d0899cb77] 199.204.45.113 "GET /v2.0/ports?network_id=93ce5cd3-a0fa-44b8-a3be-ebfbbf05ac70&device_owner=network%3Adhcp HTTP/1.1" status: 200 len: 210 time: 0.0301437
2026-07-02 01:39:46.414 9 INFO neutron.wsgi [req-45ce518f-d1d9-452f-a1ae-76d99619285f req-a2161e28-9f25-410f-8136-9ceffc77c02d cb9d12fbb82a47a4b1e3f1adda73c3a3 47d27497663a41d8a5a33abe0544b282 - - 62b7351bb5c4406387418e2d0899cb77 62b7351bb5c4406387418e2d0899cb77] 199.204.45.113 "GET /v2.0/networks/93ce5cd3-a0fa-44b8-a3be-ebfbbf05ac70?fields=segments HTTP/1.1" status: 200 len: 212 time: 0.1082954
2026-07-02 01:39:46.511 9 INFO neutron.wsgi [req-45ce518f-d1d9-452f-a1ae-76d99619285f req-f1e94e1d-cacc-4a12-9167-3fb7ad0221ed cb9d12fbb82a47a4b1e3f1adda73c3a3 47d27497663a41d8a5a33abe0544b282 - - 62b7351bb5c4406387418e2d0899cb77 62b7351bb5c4406387418e2d0899cb77] 199.204.45.113 "GET /v2.0/networks/93ce5cd3-a0fa-44b8-a3be-ebfbbf05ac70?fields=provider%3Aphysical_network&fields=provider%3Anetwork_type HTTP/1.1" status: 200 len: 277 time: 0.0864913
2026-07-02 01:39:46.619 9 INFO neutron.wsgi [req-45ce518f-d1d9-452f-a1ae-76d99619285f req-3478a55c-c658-45d7-91b5-3c37bd957d15 cb9d12fbb82a47a4b1e3f1adda73c3a3 47d27497663a41d8a5a33abe0544b282 - - 62b7351bb5c4406387418e2d0899cb77 62b7351bb5c4406387418e2d0899cb77] 199.204.45.113 "GET /v2.0/ports?tenant_id=bd0d1c018646460b833b4c906b471641&device_id=701b0682-8fbf-4e0c-9e83-bd9e9fc98ae7 HTTP/1.1" status: 200 len: 2724 time: 0.0493288
2026-07-02 01:39:46.700 9 INFO neutron.wsgi [req-45ce518f-d1d9-452f-a1ae-76d99619285f req-76560620-67da-431d-9146-09af5f17d2b7 cb9d12fbb82a47a4b1e3f1adda73c3a3 47d27497663a41d8a5a33abe0544b282 - - 62b7351bb5c4406387418e2d0899cb77 62b7351bb5c4406387418e2d0899cb77] 199.204.45.113 "GET /v2.0/networks?id=93ce5cd3-a0fa-44b8-a3be-ebfbbf05ac70 HTTP/1.1" status: 200 len: 1005 time: 0.0737448
2026-07-02 01:39:46.737 9 INFO neutron.wsgi [req-45ce518f-d1d9-452f-a1ae-76d99619285f req-058ecf44-75b4-4a74-9df0-43296d20cb76 cb9d12fbb82a47a4b1e3f1adda73c3a3 47d27497663a41d8a5a33abe0544b282 - - 62b7351bb5c4406387418e2d0899cb77 62b7351bb5c4406387418e2d0899cb77] 199.204.45.113 "GET /v2.0/floatingips?fixed_ip_address=10.1.1.242&port_id=945bd287-eb8c-4cb8-a103-cf6f4c18a3c2 HTTP/1.1" status: 200 len: 217 time: 0.0260267
2026-07-02 01:39:46.817 9 INFO neutron.wsgi [req-45ce518f-d1d9-452f-a1ae-76d99619285f req-12b7f531-e2a5-48bc-a814-55c327ed066b cb9d12fbb82a47a4b1e3f1adda73c3a3 47d27497663a41d8a5a33abe0544b282 - - 62b7351bb5c4406387418e2d0899cb77 62b7351bb5c4406387418e2d0899cb77] 199.204.45.113 "GET /v2.0/subnets?id=ead20a25-f4d9-4939-ad65-0e16137c8575 HTTP/1.1" status: 200 len: 852 time: 0.0701997
2026-07-02 01:39:46.850 9 INFO neutron.wsgi [req-45ce518f-d1d9-452f-a1ae-76d99619285f req-ad248b00-f0fe-4440-997b-e8b5e5aaa188 cb9d12fbb82a47a4b1e3f1adda73c3a3 47d27497663a41d8a5a33abe0544b282 - - 62b7351bb5c4406387418e2d0899cb77 62b7351bb5c4406387418e2d0899cb77] 199.204.45.113 "GET /v2.0/ports?network_id=93ce5cd3-a0fa-44b8-a3be-ebfbbf05ac70&device_owner=network%3Adhcp HTTP/1.1" status: 200 len: 210 time: 0.0245433
2026-07-02 01:39:46.927 9 INFO neutron.wsgi [req-45ce518f-d1d9-452f-a1ae-76d99619285f req-045db579-b098-4b82-97ec-e50bea3cbb28 cb9d12fbb82a47a4b1e3f1adda73c3a3 47d27497663a41d8a5a33abe0544b282 - - 62b7351bb5c4406387418e2d0899cb77 62b7351bb5c4406387418e2d0899cb77] 199.204.45.113 "GET /v2.0/networks/93ce5cd3-a0fa-44b8-a3be-ebfbbf05ac70?fields=segments HTTP/1.1" status: 200 len: 212 time: 0.0678873
2026-07-02 01:39:47.000 9 INFO neutron.wsgi [req-45ce518f-d1d9-452f-a1ae-76d99619285f req-0bff1b16-8b2b-471b-b43b-6f2adc0b7a66 cb9d12fbb82a47a4b1e3f1adda73c3a3 47d27497663a41d8a5a33abe0544b282 - - 62b7351bb5c4406387418e2d0899cb77 62b7351bb5c4406387418e2d0899cb77] 199.204.45.113 "GET /v2.0/networks/93ce5cd3-a0fa-44b8-a3be-ebfbbf05ac70?fields=provider%3Aphysical_network&fields=provider%3Anetwork_type HTTP/1.1" status: 200 len: 277 time: 0.0682795
2026-07-02 01:39:51.234 9 INFO neutron.wsgi [-] 10.0.0.52 "GET / HTTP/1.1" status: 200 len: 247 time: 0.0030422
2026-07-02 01:39:51.238 9 INFO neutron.wsgi [-] 10.0.0.52 "GET / HTTP/1.1" status: 200 len: 247 time: 0.0023723
2026-07-02 01:39:55.358 9 WARNING neutron_lib.context [None req-dcb1b659-4359-4808-86f7-ed3103bfecfe 90ba38a79e3b4862ac299810a35a3f48 561e2972440e4efb9d8bbc3e79f5bfe2 - - default default] Method 'is_advsvc' is deprecated since 2023.2 release (neutron-lib 3.8.0) and will be removed once support for the old RBAC API policies will be removed from Neutron. Please use method 'is_service_role' instead.
2026-07-02 01:39:55.659 9 WARNING neutron.scheduler.dhcp_agent_scheduler [None req-dcb1b659-4359-4808-86f7-ed3103bfecfe 90ba38a79e3b4862ac299810a35a3f48 561e2972440e4efb9d8bbc3e79f5bfe2 - - default default] No more DHCP agents
2026-07-02 01:39:55.661 9 WARNING neutron.api.rpc.agentnotifiers.dhcp_rpc_agent_api [None req-dcb1b659-4359-4808-86f7-ed3103bfecfe 90ba38a79e3b4862ac299810a35a3f48 561e2972440e4efb9d8bbc3e79f5bfe2 - - default default] Unable to schedule network 61423aa6-6804-4dc4-ba43-82322737de5c: no agents available; will retry on subsequent port and subnet creation events.
2026-07-02 01:39:56.580 9 INFO neutron.db.l3_db [None req-dcb1b659-4359-4808-86f7-ed3103bfecfe 90ba38a79e3b4862ac299810a35a3f48 561e2972440e4efb9d8bbc3e79f5bfe2 - - default default] Floating IP 02f97574-cb07-4564-9f65-210991a7e398 associated. External IP: 10.96.250.220, port: 46002365-0ffa-49a3-83f3-9a22c1318533.
2026-07-02 01:39:56.823 9 INFO neutron.db.ovn_revision_numbers_db [None req-dcb1b659-4359-4808-86f7-ed3103bfecfe 90ba38a79e3b4862ac299810a35a3f48 561e2972440e4efb9d8bbc3e79f5bfe2 - - default default] Successfully bumped revision number for resource 02f97574-cb07-4564-9f65-210991a7e398 (type: floatingips) to 0
2026-07-02 01:39:56.951 9 INFO neutron.db.ovn_revision_numbers_db [None req-dcb1b659-4359-4808-86f7-ed3103bfecfe 90ba38a79e3b4862ac299810a35a3f48 561e2972440e4efb9d8bbc3e79f5bfe2 - - default default] Successfully bumped revision number for resource 02f97574-cb07-4564-9f65-210991a7e398 (type: floatingips) to 1
2026-07-02 01:39:56.997 9 INFO neutron.wsgi [None req-dcb1b659-4359-4808-86f7-ed3103bfecfe 90ba38a79e3b4862ac299810a35a3f48 561e2972440e4efb9d8bbc3e79f5bfe2 - - default default] 10.0.0.67 "POST /v2.0/floatingips HTTP/1.1" status: 201 len: 1098 time: 1.6467886
2026-07-02 01:40:00.876 9 INFO neutron.db.ovn_revision_numbers_db [None req-062774c2-9f05-4a7a-ae71-283b69e62eef - - - - - -] Successfully bumped revision number for resource 46002365-0ffa-49a3-83f3-9a22c1318533 (type: ports) to 4
2026-07-02 01:40:01.675 10 INFO neutron.wsgi [None req-70af165b-8732-47d2-8865-3c185a0e48dc c3e159fc388047d2926d2ab6991c6583 bd0d1c018646460b833b4c906b471641 - - default default] 199.204.45.113 "GET /v2.0/extensions/security-group HTTP/1.1" status: 200 len: 369 time: 0.0654674
2026-07-02 01:40:01.688 10 INFO neutron.wsgi [None req-737977e8-152e-4c79-b188-8e59b8ec975f c3e159fc388047d2926d2ab6991c6583 bd0d1c018646460b833b4c906b471641 - - default default] 199.204.45.113 "GET /v2.0/extensions/dns-integration HTTP/1.1" status: 200 len: 371 time: 0.0053308
2026-07-02 01:40:01.699 10 INFO neutron.wsgi [None req-0ba5ce8d-8c33-48b4-9ccb-6a405e857eca c3e159fc388047d2926d2ab6991c6583 bd0d1c018646460b833b4c906b471641 - - default default] 199.204.45.113 "GET /v2.0/extensions/qos HTTP/1.1" status: 200 len: 365 time: 0.0086615
2026-07-02 01:40:01.708 10 INFO neutron.wsgi [None req-ca63a0ec-b136-43f1-aef3-802e793b54d9 c3e159fc388047d2926d2ab6991c6583 bd0d1c018646460b833b4c906b471641 - - default default] 199.204.45.113 "GET /v2.0/extensions/allowed-address-pairs HTTP/1.1" status: 200 len: 383 time: 0.0052590
2026-07-02 01:40:01.824 10 INFO neutron.api.v2.resource [None req-92a93463-effc-46ed-9366-3742fb226126 c3e159fc388047d2926d2ab6991c6583 bd0d1c018646460b833b4c906b471641 - - default default] show failed (client error): The resource could not be found.
2026-07-02 01:40:01.825 10 INFO neutron.wsgi [None req-92a93463-effc-46ed-9366-3742fb226126 c3e159fc388047d2926d2ab6991c6583 bd0d1c018646460b833b4c906b471641 - - default default] 199.204.45.113 "GET /v2.0/security-groups/lb-80d01fb9-c2a7-4173-8b8b-20eee82a5c4a HTTP/1.1" status: 404 len: 355 time: 0.0152552
2026-07-02 01:40:01.867 10 INFO neutron.wsgi [None req-1d9f404d-712b-4414-999c-bc2458feba1a c3e159fc388047d2926d2ab6991c6583 bd0d1c018646460b833b4c906b471641 - - default default] 199.204.45.113 "GET /v2.0/security-groups?name=lb-80d01fb9-c2a7-4173-8b8b-20eee82a5c4a HTTP/1.1" status: 200 len: 1777 time: 0.0378101
2026-07-02 01:40:01.906 10 INFO neutron.wsgi [None req-f798b47a-505a-44ba-86a9-380e5f582e6d c3e159fc388047d2926d2ab6991c6583 bd0d1c018646460b833b4c906b471641 - - default default] 199.204.45.113 "GET /v2.0/security-group-rules?security_group_id=08fbcabc-4cf7-49f1-91cd-2e692892219f HTTP/1.1" status: 200 len: 1318 time: 0.0331717
2026-07-02 01:40:02.053 10 INFO neutron.db.ovn_revision_numbers_db [None req-bef8f014-40ff-47b8-a914-3bcc4b855183 c3e159fc388047d2926d2ab6991c6583 bd0d1c018646460b833b4c906b471641 - - default default] Successfully bumped revision number for resource 57299fe6-41a7-4fb5-9137-a1dcb1fd1c4a (type: security_group_rules) to 0
2026-07-02 01:40:02.081 10 INFO neutron.wsgi [None req-bef8f014-40ff-47b8-a914-3bcc4b855183 c3e159fc388047d2926d2ab6991c6583 bd0d1c018646460b833b4c906b471641 - - default default] 199.204.45.113 "POST /v2.0/security-group-rules HTTP/1.1" status: 201 len: 769 time: 0.1629205
2026-07-02 01:40:02.228 10 INFO neutron.db.ovn_revision_numbers_db [None req-c4e0dd1f-7118-44cb-96ed-e4803dd28552 c3e159fc388047d2926d2ab6991c6583 bd0d1c018646460b833b4c906b471641 - - default default] Successfully bumped revision number for resource 88a49437-66bc-43a0-9225-a1b6eaa29f72 (type: security_group_rules) to 0
2026-07-02 01:40:02.258 10 INFO neutron.wsgi [None req-c4e0dd1f-7118-44cb-96ed-e4803dd28552 c3e159fc388047d2926d2ab6991c6583 bd0d1c018646460b833b4c906b471641 - - default default] 199.204.45.113 "POST /v2.0/security-group-rules HTTP/1.1" status: 201 len: 773 time: 0.1685801
2026-07-02 01:40:06.234 10 INFO neutron.wsgi [-] 10.0.0.52 "GET / HTTP/1.1" status: 200 len: 247 time: 0.0035169
2026-07-02 01:40:06.235 9 INFO neutron.wsgi [-] 10.0.0.52 "GET / HTTP/1.1" status: 200 len: 247 time: 0.0039053
2026-07-02 01:40:06.461 10 INFO neutron.wsgi [None req-cbb8fee7-b0e7-4380-b638-b7a47ff90cdb c3e159fc388047d2926d2ab6991c6583 bd0d1c018646460b833b4c906b471641 - - default default] 10.0.0.161 "GET /v2.0/ports HTTP/1.1" status: 200 len: 22226 time: 0.1920121
2026-07-02 01:40:06.555 10 INFO neutron.wsgi [None req-860b97f0-4bb0-4fc5-b17b-d39fe5b4034d c3e159fc388047d2926d2ab6991c6583 bd0d1c018646460b833b4c906b471641 - - default default] 10.0.0.161 "GET /v2.0/routers HTTP/1.1" status: 200 len: 850 time: 0.0849574
2026-07-02 01:40:06.580 10 INFO neutron.wsgi [None req-64020bf2-5072-43c3-8c38-53b92dacdf5c c3e159fc388047d2926d2ab6991c6583 bd0d1c018646460b833b4c906b471641 - - default default] 10.0.0.161 "GET /v2.0/agents?binary=ovn-controller HTTP/1.1" status: 200 len: 591 time: 0.0227532
2026-07-02 01:40:06.597 10 INFO neutron.wsgi [None req-fb4a5610-b606-49e1-a545-ee2d96048c2a c3e159fc388047d2926d2ab6991c6583 bd0d1c018646460b833b4c906b471641 - - default default] 10.0.0.161 "GET /v2.0/agents HTTP/1.1" status: 200 len: 997 time: 0.0116282
2026-07-02 01:40:06.641 10 INFO neutron.wsgi [None req-e046f847-a675-40ea-bef8-23080bb2b3b5 c3e159fc388047d2926d2ab6991c6583 bd0d1c018646460b833b4c906b471641 - - default default] 10.0.0.161 "GET /v2.0/floatingips HTTP/1.1" status: 200 len: 2766 time: 0.0421691
