2026-07-02 01:36:39.780 10 INFO neutron.db.ovn_revision_numbers_db [None req-ee342e7f-5069-4ab4-833d-f7e1c6269586 7c1498fcbe914a56bda58e8bb2c8f737 fd93130da2b9486dac030f45a31761c3 - - default default] Successfully bumped revision number for resource a6d6aa6c-996f-498b-a996-41caaac68d64 (type: ports) to 2
2026-07-02 01:36:39.839 10 INFO neutron.db.ovn_revision_numbers_db [None req-ee342e7f-5069-4ab4-833d-f7e1c6269586 7c1498fcbe914a56bda58e8bb2c8f737 fd93130da2b9486dac030f45a31761c3 - - default default] Successfully bumped revision number for resource 51a0f8f7-7c4d-48e9-9116-aec90223a19d (type: subnets) to 0
2026-07-02 01:36:39.865 10 INFO neutron.wsgi [None req-ee342e7f-5069-4ab4-833d-f7e1c6269586 7c1498fcbe914a56bda58e8bb2c8f737 fd93130da2b9486dac030f45a31761c3 - - default default] 10.0.0.67 "POST /v2.0/subnets HTTP/1.1" status: 201 len: 832 time: 1.2815800
2026-07-02 01:36:39.875 9 WARNING neutron.plugins.ml2.drivers.ovn.mech_driver.ovsdb.ovn_client [None req-dbb4eb17-3e82-44ba-9a95-8a6fa4ee2e64 - - - - - -] No port found with ID 9a39b3be-7cbf-4035-85a4-b6ace4dd0011: RuntimeError: No port found with ID 9a39b3be-7cbf-4035-85a4-b6ace4dd0011
2026-07-02 01:36:39.875 9 INFO neutron.plugins.ml2.drivers.ovn.mech_driver.mech_driver [None req-dbb4eb17-3e82-44ba-9a95-8a6fa4ee2e64 - - - - - -] OVN reports status up for port: fc5b36eb-1018-4194-831f-9c7e7bf75267
2026-07-02 01:36:39.901 9 INFO neutron.plugins.ml2.plugin [None req-dbb4eb17-3e82-44ba-9a95-8a6fa4ee2e64 - - - - - -] Attempt 1 to provision port fc5b36eb-1018-4194-831f-9c7e7bf75267
2026-07-02 01:36:40.059 10 INFO neutron.db.ovn_revision_numbers_db [None req-4e284e7a-4e6d-49e2-be80-d1dea5f4890a c3e159fc388047d2926d2ab6991c6583 bd0d1c018646460b833b4c906b471641 - - default default] Successfully bumped revision number for resource 1418abc8-408c-4424-8564-8344566115bc (type: ports) to 2
2026-07-02 01:36:40.115 10 INFO neutron.db.ovn_revision_numbers_db [None req-4e284e7a-4e6d-49e2-be80-d1dea5f4890a c3e159fc388047d2926d2ab6991c6583 bd0d1c018646460b833b4c906b471641 - - default default] Successfully bumped revision number for resource 6968d5db-d45a-4e29-af09-482a28db13aa (type: subnets) to 0
2026-07-02 01:36:40.133 10 INFO neutron.wsgi [None req-4e284e7a-4e6d-49e2-be80-d1dea5f4890a c3e159fc388047d2926d2ab6991c6583 bd0d1c018646460b833b4c906b471641 - - default default] 10.0.0.67 "POST /v2.0/subnets HTTP/1.1" status: 201 len: 862 time: 1.2313721
2026-07-02 01:36:40.388 10 WARNING neutron_lib.context [None req-1854fdfe-44c9-4a17-ba43-9a58434ad7b6 aa8ce49b939140809a56871884ddb297 8fc6e70bf651441393ac66401de6970d - - default default] Method 'is_advsvc' is deprecated since 2023.2 release (neutron-lib 3.8.0) and will be removed once support for the old RBAC API policies will be removed from Neutron. Please use method 'is_service_role' instead.
2026-07-02 01:36:40.402 10 WARNING neutron_lib.context [None req-c917c3dd-1b38-49ee-9d62-ab63cf5d163d cb8393db969a4a278e0fc48d2a19427a 6d8cccb9685941629fa7b530e8376b47 - - default default] Method 'is_advsvc' is deprecated since 2023.2 release (neutron-lib 3.8.0) and will be removed once support for the old RBAC API policies will be removed from Neutron. Please use method 'is_service_role' instead.
2026-07-02 01:36:40.522 10 INFO neutron.wsgi [None req-1854fdfe-44c9-4a17-ba43-9a58434ad7b6 aa8ce49b939140809a56871884ddb297 8fc6e70bf651441393ac66401de6970d - - default default] 10.0.0.67 "POST /v2.0/subnetpools HTTP/1.1" status: 201 len: 748 time: 0.3548462
2026-07-02 01:36:40.562 9 INFO neutron.wsgi [None req-5c378744-9f04-4697-87e4-1451ce31ccc4 aa8ce49b939140809a56871884ddb297 8fc6e70bf651441393ac66401de6970d - - default default] 10.0.0.67 "GET /v2.0/subnetpools/dafb8a65-27ba-49a8-b662-679dfc89ecbc HTTP/1.1" status: 200 len: 743 time: 0.0331450
2026-07-02 01:36:40.664 10 INFO neutron.db.ovn_revision_numbers_db [None req-c917c3dd-1b38-49ee-9d62-ab63cf5d163d cb8393db969a4a278e0fc48d2a19427a 6d8cccb9685941629fa7b530e8376b47 - - default default] Successfully bumped revision number for resource 41ad59db-f45e-4e64-b35c-edd1e1806569 (type: security_groups) to 1
2026-07-02 01:36:40.693 10 INFO neutron.db.ovn_revision_numbers_db [None req-c917c3dd-1b38-49ee-9d62-ab63cf5d163d cb8393db969a4a278e0fc48d2a19427a 6d8cccb9685941629fa7b530e8376b47 - - default default] Successfully bumped revision number for resource 0f0e5991-4a88-4158-9a38-a817beadbea3 (type: security_group_rules) to 0
2026-07-02 01:36:40.702 10 INFO neutron.wsgi [None req-8b6753ba-e470-4c3d-8cc7-e4c1b5a46387 aa8ce49b939140809a56871884ddb297 8fc6e70bf651441393ac66401de6970d - - default default] 10.0.0.67 "PUT /v2.0/subnetpools/dafb8a65-27ba-49a8-b662-679dfc89ecbc HTTP/1.1" status: 200 len: 694 time: 0.1336315
2026-07-02 01:36:40.707 9 WARNING neutron.scheduler.dhcp_agent_scheduler [None req-9e16e225-fb04-46d4-9b83-1f4e373c8748 7c1498fcbe914a56bda58e8bb2c8f737 fd93130da2b9486dac030f45a31761c3 - - default default] No more DHCP agents
2026-07-02 01:36:40.711 9 WARNING neutron.api.rpc.agentnotifiers.dhcp_rpc_agent_api [None req-9e16e225-fb04-46d4-9b83-1f4e373c8748 7c1498fcbe914a56bda58e8bb2c8f737 fd93130da2b9486dac030f45a31761c3 - - default default] Unable to schedule network 90052f04-4935-4895-86ef-a976eacd8a92: no agents available; will retry on subsequent port and subnet creation events.
2026-07-02 01:36:40.724 10 INFO neutron.db.ovn_revision_numbers_db [None req-c917c3dd-1b38-49ee-9d62-ab63cf5d163d cb8393db969a4a278e0fc48d2a19427a 6d8cccb9685941629fa7b530e8376b47 - - default default] Successfully bumped revision number for resource 639fe6c8-0085-42f7-a347-83a042fda6e5 (type: security_group_rules) to 0
2026-07-02 01:36:40.747 10 INFO neutron.db.ovn_revision_numbers_db [None req-c917c3dd-1b38-49ee-9d62-ab63cf5d163d cb8393db969a4a278e0fc48d2a19427a 6d8cccb9685941629fa7b530e8376b47 - - default default] Successfully bumped revision number for resource 6906d167-332a-433a-953c-7aa590c55497 (type: security_group_rules) to 0
2026-07-02 01:36:40.771 10 WARNING neutron.scheduler.dhcp_agent_scheduler [None req-c1ba9ec4-a763-4481-8ed7-df498c8ca1a8 c3e159fc388047d2926d2ab6991c6583 bd0d1c018646460b833b4c906b471641 - - default default] No more DHCP agents
2026-07-02 01:36:40.773 10 WARNING neutron.api.rpc.agentnotifiers.dhcp_rpc_agent_api [None req-c1ba9ec4-a763-4481-8ed7-df498c8ca1a8 c3e159fc388047d2926d2ab6991c6583 bd0d1c018646460b833b4c906b471641 - - default default] Unable to schedule network 61423aa6-6804-4dc4-ba43-82322737de5c: no agents available; will retry on subsequent port and subnet creation events.
2026-07-02 01:36:40.776 10 INFO neutron.db.ovn_revision_numbers_db [None req-c917c3dd-1b38-49ee-9d62-ab63cf5d163d cb8393db969a4a278e0fc48d2a19427a 6d8cccb9685941629fa7b530e8376b47 - - default default] Successfully bumped revision number for resource 980b67ef-f475-4e3e-ad17-e226d9abb487 (type: security_group_rules) to 0
2026-07-02 01:36:40.786 9 INFO neutron.wsgi [None req-312fae8a-a869-4a76-a03f-ed7945233ac6 aa8ce49b939140809a56871884ddb297 8fc6e70bf651441393ac66401de6970d - - default default] 10.0.0.67 "DELETE /v2.0/subnetpools/dafb8a65-27ba-49a8-b662-679dfc89ecbc HTTP/1.1" status: 204 len: 168 time: 0.0767305
2026-07-02 01:36:40.804 9 INFO neutron.api.v2.resource [None req-50f1ebbf-b193-45da-b1f0-8a700823970d aa8ce49b939140809a56871884ddb297 8fc6e70bf651441393ac66401de6970d - - default default] show failed (client error): The resource could not be found.
2026-07-02 01:36:40.805 9 INFO neutron.wsgi [None req-50f1ebbf-b193-45da-b1f0-8a700823970d aa8ce49b939140809a56871884ddb297 8fc6e70bf651441393ac66401de6970d - - default default] 10.0.0.67 "GET /v2.0/subnetpools/dafb8a65-27ba-49a8-b662-679dfc89ecbc HTTP/1.1" status: 404 len: 346 time: 0.0125456
2026-07-02 01:36:40.829 10 INFO neutron.api.v2.resource [None req-6f16ab40-93fc-4a83-a4a1-68032319fad6 aa8ce49b939140809a56871884ddb297 8fc6e70bf651441393ac66401de6970d - - default default] delete failed (client error): The resource could not be found.
2026-07-02 01:36:40.831 10 INFO neutron.wsgi [None req-6f16ab40-93fc-4a83-a4a1-68032319fad6 aa8ce49b939140809a56871884ddb297 8fc6e70bf651441393ac66401de6970d - - default default] 10.0.0.67 "DELETE /v2.0/subnetpools/dafb8a65-27ba-49a8-b662-679dfc89ecbc HTTP/1.1" status: 404 len: 346 time: 0.0206637
2026-07-02 01:36:40.836 10 INFO neutron.db.segments_db [None req-c917c3dd-1b38-49ee-9d62-ab63cf5d163d cb8393db969a4a278e0fc48d2a19427a 6d8cccb9685941629fa7b530e8376b47 - - default default] Added segment a1bdeb12-1197-4f2c-9cc1-ebeafb525f90 of type geneve for network 1fc113ce-cc1e-4a22-b9df-ae66e5f02ab7
2026-07-02 01:36:40.903 9 INFO neutron.db.ovn_revision_numbers_db [None req-9e16e225-fb04-46d4-9b83-1f4e373c8748 7c1498fcbe914a56bda58e8bb2c8f737 fd93130da2b9486dac030f45a31761c3 - - default default] Successfully bumped revision number for resource ebaed138-d9a3-4a43-a91c-e693fb5875aa (type: ports) to 1
2026-07-02 01:36:41.020 10 INFO neutron.db.ovn_revision_numbers_db [None req-c1ba9ec4-a763-4481-8ed7-df498c8ca1a8 c3e159fc388047d2926d2ab6991c6583 bd0d1c018646460b833b4c906b471641 - - default default] Successfully bumped revision number for resource e5bb50f8-19dc-4379-b79e-f808c5d885cb (type: ports) to 1
2026-07-02 01:36:41.022 10 INFO neutron.db.ovn_revision_numbers_db [None req-c917c3dd-1b38-49ee-9d62-ab63cf5d163d cb8393db969a4a278e0fc48d2a19427a 6d8cccb9685941629fa7b530e8376b47 - - default default] Successfully bumped revision number for resource 1fc113ce-cc1e-4a22-b9df-ae66e5f02ab7 (type: networks) to 1
2026-07-02 01:36:41.290 10 WARNING neutron.scheduler.dhcp_agent_scheduler [None req-c917c3dd-1b38-49ee-9d62-ab63cf5d163d cb8393db969a4a278e0fc48d2a19427a 6d8cccb9685941629fa7b530e8376b47 - - default default] No more DHCP agents
2026-07-02 01:36:41.294 10 WARNING neutron.api.rpc.agentnotifiers.dhcp_rpc_agent_api [None req-c917c3dd-1b38-49ee-9d62-ab63cf5d163d cb8393db969a4a278e0fc48d2a19427a 6d8cccb9685941629fa7b530e8376b47 - - default default] Unable to schedule network 1fc113ce-cc1e-4a22-b9df-ae66e5f02ab7: no agents available; will retry on subsequent port and subnet creation events.
2026-07-02 01:36:41.371 10 INFO neutron.plugins.ml2.drivers.ovn.mech_driver.mech_driver [None req-498414c1-69f1-43ec-aebf-26761072ab82 - - - - - -] OVN reports status up for port: ebaed138-d9a3-4a43-a91c-e693fb5875aa
2026-07-02 01:36:41.400 10 INFO neutron.plugins.ml2.plugin [None req-498414c1-69f1-43ec-aebf-26761072ab82 - - - - - -] Attempt 1 to provision port ebaed138-d9a3-4a43-a91c-e693fb5875aa
2026-07-02 01:36:41.410 9 INFO neutron.db.ovn_revision_numbers_db [None req-9e16e225-fb04-46d4-9b83-1f4e373c8748 7c1498fcbe914a56bda58e8bb2c8f737 fd93130da2b9486dac030f45a31761c3 - - default default] Successfully bumped revision number for resource ebaed138-d9a3-4a43-a91c-e693fb5875aa (type: router_ports) to 1
2026-07-02 01:36:41.457 10 INFO neutron.db.ovn_revision_numbers_db [None req-c917c3dd-1b38-49ee-9d62-ab63cf5d163d cb8393db969a4a278e0fc48d2a19427a 6d8cccb9685941629fa7b530e8376b47 - - default default] Successfully bumped revision number for resource a0e0dfaa-bd3d-41c0-b415-dadc550e870e (type: ports) to 1
2026-07-02 01:36:41.507 10 INFO neutron.wsgi [None req-c917c3dd-1b38-49ee-9d62-ab63cf5d163d cb8393db969a4a278e0fc48d2a19427a 6d8cccb9685941629fa7b530e8376b47 - - default default] 10.0.0.67 "POST /v2.0/networks HTTP/1.1" status: 201 len: 848 time: 1.1663651
2026-07-02 01:36:41.516 10 WARNING neutron_lib.context [None req-fad4d46f-925a-4e36-bb58-7e0dfba16038 cb8393db969a4a278e0fc48d2a19427a 6d8cccb9685941629fa7b530e8376b47 - - default default] Method 'is_advsvc' is deprecated since 2023.2 release (neutron-lib 3.8.0) and will be removed once support for the old RBAC API policies will be removed from Neutron. Please use method 'is_service_role' instead.
2026-07-02 01:36:41.595 9 INFO neutron.db.ovn_revision_numbers_db [None req-9e16e225-fb04-46d4-9b83-1f4e373c8748 7c1498fcbe914a56bda58e8bb2c8f737 fd93130da2b9486dac030f45a31761c3 - - default default] Successfully bumped revision number for resource ebaed138-d9a3-4a43-a91c-e693fb5875aa (type: ports) to 1
2026-07-02 01:36:41.660 9 INFO neutron.db.ovn_revision_numbers_db [None req-f6fd2d0a-15fc-494d-861e-8879f4fa05af c3e159fc388047d2926d2ab6991c6583 bd0d1c018646460b833b4c906b471641 - - default default] Successfully bumped revision number for resource 89593f34-c9c0-40e6-b982-e0a44c0f0dfd (type: security_groups) to 1
2026-07-02 01:36:41.666 9 WARNING neutron.scheduler.dhcp_agent_scheduler [None req-9e16e225-fb04-46d4-9b83-1f4e373c8748 7c1498fcbe914a56bda58e8bb2c8f737 fd93130da2b9486dac030f45a31761c3 - - default default] No more DHCP agents
2026-07-02 01:36:41.668 9 WARNING neutron.api.rpc.agentnotifiers.dhcp_rpc_agent_api [None req-9e16e225-fb04-46d4-9b83-1f4e373c8748 7c1498fcbe914a56bda58e8bb2c8f737 fd93130da2b9486dac030f45a31761c3 - - default default] Unable to schedule network 90052f04-4935-4895-86ef-a976eacd8a92: no agents available; will retry on subsequent port and subnet creation events.
2026-07-02 01:36:41.680 9 INFO neutron.db.ovn_revision_numbers_db [None req-f6fd2d0a-15fc-494d-861e-8879f4fa05af c3e159fc388047d2926d2ab6991c6583 bd0d1c018646460b833b4c906b471641 - - default default] Successfully bumped revision number for resource 2e42f50f-219e-4709-9802-e09638379e00 (type: security_group_rules) to 0
2026-07-02 01:36:41.712 9 INFO neutron.db.ovn_revision_numbers_db [None req-f6fd2d0a-15fc-494d-861e-8879f4fa05af c3e159fc388047d2926d2ab6991c6583 bd0d1c018646460b833b4c906b471641 - - default default] Successfully bumped revision number for resource b5d4fda0-4213-488b-b64d-7a02e05140ba (type: security_group_rules) to 0
2026-07-02 01:36:41.735 9 INFO neutron.db.ovn_revision_numbers_db [None req-f6fd2d0a-15fc-494d-861e-8879f4fa05af c3e159fc388047d2926d2ab6991c6583 bd0d1c018646460b833b4c906b471641 - - default default] Successfully bumped revision number for resource b784a2ad-68cf-4a4a-a5a8-afaaea72fb70 (type: security_group_rules) to 0
2026-07-02 01:36:41.750 9 INFO neutron.db.ovn_revision_numbers_db [None req-f6fd2d0a-15fc-494d-861e-8879f4fa05af c3e159fc388047d2926d2ab6991c6583 bd0d1c018646460b833b4c906b471641 - - default default] Successfully bumped revision number for resource c1bcb069-3af2-4f43-a307-b00af75e0a25 (type: security_group_rules) to 0
2026-07-02 01:36:41.782 9 INFO neutron.wsgi [None req-f6fd2d0a-15fc-494d-861e-8879f4fa05af c3e159fc388047d2926d2ab6991c6583 bd0d1c018646460b833b4c906b471641 - - default default] 10.0.0.67 "GET /v2.0/security-groups?tenant_id=8fc6e70bf651441393ac66401de6970d&name=default HTTP/1.1" status: 200 len: 2996 time: 0.4208155
2026-07-02 01:36:41.982 9 INFO neutron.db.ovn_revision_numbers_db [None req-9e16e225-fb04-46d4-9b83-1f4e373c8748 7c1498fcbe914a56bda58e8bb2c8f737 fd93130da2b9486dac030f45a31761c3 - - default default] Successfully bumped revision number for resource ebaed138-d9a3-4a43-a91c-e693fb5875aa (type: router_ports) to 2
2026-07-02 01:36:41.985 9 INFO neutron.wsgi [None req-9e16e225-fb04-46d4-9b83-1f4e373c8748 7c1498fcbe914a56bda58e8bb2c8f737 fd93130da2b9486dac030f45a31761c3 - - default default] 10.0.0.67 "PUT /v2.0/routers/70e3a56a-c8c3-4a55-b81e-c7519bafe844/add_router_interface HTTP/1.1" status: 200 len: 503 time: 2.1046944
2026-07-02 01:36:42.087 9 INFO neutron.wsgi [None req-97144302-95e9-4575-b3b7-0b6e960f86d3 7036f212c5444d9598070059ff97fb3b e5c1d3be8bda414d935560bd0636c8bc - - default default] 10.0.0.67 "GET /v2.0/networks HTTP/1.1" status: 200 len: 4595 time: 0.0947571
2026-07-02 01:36:42.093 9 INFO neutron.wsgi [None req-6ed9c2b1-614b-4780-b346-753a27280887 c3e159fc388047d2926d2ab6991c6583 bd0d1c018646460b833b4c906b471641 - - default default] 10.0.0.67 "DELETE /v2.0/security-groups/89593f34-c9c0-40e6-b982-e0a44c0f0dfd HTTP/1.1" status: 204 len: 168 time: 0.3050487
2026-07-02 01:36:42.140 9 INFO neutron.wsgi [None req-50cd241b-73dd-41fb-a41c-40968e06fedf 7036f212c5444d9598070059ff97fb3b e5c1d3be8bda414d935560bd0636c8bc - - default default] 10.0.0.67 "GET /v2.0/subnets HTTP/1.1" status: 200 len: 2750 time: 0.0448484
2026-07-02 01:36:42.223 10 WARNING neutron.scheduler.dhcp_agent_scheduler [None req-fad4d46f-925a-4e36-bb58-7e0dfba16038 cb8393db969a4a278e0fc48d2a19427a 6d8cccb9685941629fa7b530e8376b47 - - default default] No more DHCP agents
2026-07-02 01:36:42.228 10 WARNING neutron.api.rpc.agentnotifiers.dhcp_rpc_agent_api [None req-fad4d46f-925a-4e36-bb58-7e0dfba16038 cb8393db969a4a278e0fc48d2a19427a 6d8cccb9685941629fa7b530e8376b47 - - default default] Unable to schedule network 1fc113ce-cc1e-4a22-b9df-ae66e5f02ab7: no agents available; will retry on subsequent port and subnet creation events.
2026-07-02 01:36:42.236 9 INFO neutron.plugins.ml2.drivers.ovn.mech_driver.mech_driver [None req-dbb4eb17-3e82-44ba-9a95-8a6fa4ee2e64 - - - - - -] OVN reports status up for port: e5bb50f8-19dc-4379-b79e-f808c5d885cb
2026-07-02 01:36:42.253 9 INFO neutron.plugins.ml2.plugin [None req-dbb4eb17-3e82-44ba-9a95-8a6fa4ee2e64 - - - - - -] Attempt 1 to provision port e5bb50f8-19dc-4379-b79e-f808c5d885cb
2026-07-02 01:36:42.258 10 INFO neutron.plugins.ml2.drivers.ovn.mech_driver.ovsdb.ovsdb_monitor [None req-cff3de1f-ae93-4433-b3fb-b2d31c7e2b31 - - - - - -] Router cc07c4df-8fbd-4a45-b55a-4aafdf0cd775 is bound to host instance
2026-07-02 01:36:42.261 10 INFO neutron.db.ovn_revision_numbers_db [None req-498414c1-69f1-43ec-aebf-26761072ab82 - - - - - -] Successfully bumped revision number for resource ebaed138-d9a3-4a43-a91c-e693fb5875aa (type: ports) to 2
2026-07-02 01:36:42.272 9 INFO neutron.wsgi [None req-c1a8fc1c-97ac-4caa-a4d8-06773716c487 7036f212c5444d9598070059ff97fb3b e5c1d3be8bda414d935560bd0636c8bc - - default default] 10.0.0.67 "GET /v2.0/routers HTTP/1.1" status: 200 len: 1548 time: 0.1268625
2026-07-02 01:36:42.356 10 INFO neutron.db.ovn_revision_numbers_db [None req-c1ba9ec4-a763-4481-8ed7-df498c8ca1a8 c3e159fc388047d2926d2ab6991c6583 bd0d1c018646460b833b4c906b471641 - - default default] Successfully bumped revision number for resource e5bb50f8-19dc-4379-b79e-f808c5d885cb (type: router_ports) to 1
2026-07-02 01:36:42.370 9 WARNING neutron_lib.context [None req-883040b0-aab7-4234-9ba0-751c0df7ca12 7c1498fcbe914a56bda58e8bb2c8f737 fd93130da2b9486dac030f45a31761c3 - - default default] Method 'is_advsvc' is deprecated since 2023.2 release (neutron-lib 3.8.0) and will be removed once support for the old RBAC API policies will be removed from Neutron. Please use method 'is_service_role' instead.
2026-07-02 01:36:42.537 10 INFO neutron.db.ovn_revision_numbers_db [None req-fad4d46f-925a-4e36-bb58-7e0dfba16038 cb8393db969a4a278e0fc48d2a19427a 6d8cccb9685941629fa7b530e8376b47 - - default default] Successfully bumped revision number for resource 2c685064-d610-4b2a-aa00-25972c5f9e56 (type: ports) to 1
2026-07-02 01:36:42.546 10 INFO neutron.db.ovn_revision_numbers_db [None req-c1ba9ec4-a763-4481-8ed7-df498c8ca1a8 c3e159fc388047d2926d2ab6991c6583 bd0d1c018646460b833b4c906b471641 - - default default] Successfully bumped revision number for resource cc07c4df-8fbd-4a45-b55a-4aafdf0cd775 (type: routers) to 2
2026-07-02 01:36:42.560 10 INFO neutron.db.ovn_revision_numbers_db [None req-498414c1-69f1-43ec-aebf-26761072ab82 - - - - - -] Successfully bumped revision number for resource ebaed138-d9a3-4a43-a91c-e693fb5875aa (type: router_ports) to 2
2026-07-02 01:36:42.590 10 INFO neutron.wsgi [None req-c1ba9ec4-a763-4481-8ed7-df498c8ca1a8 c3e159fc388047d2926d2ab6991c6583 bd0d1c018646460b833b4c906b471641 - - default default] 10.0.0.67 "POST /v2.0/routers HTTP/1.1" status: 201 len: 873 time: 2.4508369 /var/lib/openstack/lib/python3.10/site-packages/pycadf/identifier.py:71: UserWarning: Invalid uuid: neutron. To ensure interoperability, identifiers should be a valid uuid. warnings.warn(('Invalid uuid: %s. To ensure interoperability, '
2026-07-02 01:36:42.613 10 INFO neutron.wsgi [None req-fad4d46f-925a-4e36-bb58-7e0dfba16038 cb8393db969a4a278e0fc48d2a19427a 6d8cccb9685941629fa7b530e8376b47 - - default default] 10.0.0.67 "POST /v2.0/ports HTTP/1.1" status: 201 len: 977 time: 1.1013067
2026-07-02 01:36:42.643 10 WARNING neutron_lib.context [None req-b267707c-6859-4898-bc0f-a8abda099f29 cb8393db969a4a278e0fc48d2a19427a 6d8cccb9685941629fa7b530e8376b47 - - default default] Method 'is_advsvc' is deprecated since 2023.2 release (neutron-lib 3.8.0) and will be removed once support for the old RBAC API policies will be removed from Neutron. Please use method 'is_service_role' instead.
2026-07-02 01:36:42.725 9 INFO neutron.db.ovn_revision_numbers_db [None req-883040b0-aab7-4234-9ba0-751c0df7ca12 7c1498fcbe914a56bda58e8bb2c8f737 fd93130da2b9486dac030f45a31761c3 - - default default] Successfully bumped revision number for resource 36a43238-7c25-4fe4-a913-f0673363fb89 (type: security_groups) to 1
2026-07-02 01:36:42.749 9 INFO neutron.db.ovn_revision_numbers_db [None req-883040b0-aab7-4234-9ba0-751c0df7ca12 7c1498fcbe914a56bda58e8bb2c8f737 fd93130da2b9486dac030f45a31761c3 - - default default] Successfully bumped revision number for resource 3533d4b7-9c19-47e1-894c-6a94cbe8e688 (type: security_group_rules) to 0
2026-07-02 01:36:42.769 9 INFO neutron.db.ovn_revision_numbers_db [None req-883040b0-aab7-4234-9ba0-751c0df7ca12 7c1498fcbe914a56bda58e8bb2c8f737 fd93130da2b9486dac030f45a31761c3 - - default default] Successfully bumped revision number for resource 3fde61e8-56ab-4934-945e-ddf1870bdd7c (type: security_group_rules) to 0
2026-07-02 01:36:42.793 9 INFO neutron.wsgi [None req-883040b0-aab7-4234-9ba0-751c0df7ca12 7c1498fcbe914a56bda58e8bb2c8f737 fd93130da2b9486dac030f45a31761c3 - - default default] 10.0.0.67 "POST /v2.0/security-groups HTTP/1.1" status: 201 len: 1809 time: 0.4299121
2026-07-02 01:36:42.807 9 WARNING neutron_lib.context [None req-d96d11eb-c0e1-49a9-a25b-b809e1b4273a 7c1498fcbe914a56bda58e8bb2c8f737 fd93130da2b9486dac030f45a31761c3 - - default default] Method 'is_advsvc' is deprecated since 2023.2 release (neutron-lib 3.8.0) and will be removed once support for the old RBAC API policies will be removed from Neutron. Please use method 'is_service_role' instead.
2026-07-02 01:36:42.815 10 INFO neutron.db.segments_db [None req-b267707c-6859-4898-bc0f-a8abda099f29 cb8393db969a4a278e0fc48d2a19427a 6d8cccb9685941629fa7b530e8376b47 - - default default] Added segment 7b95d54d-7b7d-4daf-97ac-9b1d7f8320d6 of type geneve for network 8d720204-f89f-4518-99a2-bfb31292dacf
2026-07-02 01:36:42.950 9 INFO neutron.db.ovn_revision_numbers_db [None req-d96d11eb-c0e1-49a9-a25b-b809e1b4273a 7c1498fcbe914a56bda58e8bb2c8f737 fd93130da2b9486dac030f45a31761c3 - - default default] Successfully bumped revision number for resource b4223baa-0413-44c2-943c-a41ff154f07b (type: security_group_rules) to 0
2026-07-02 01:36:42.978 9 INFO neutron.wsgi [None req-d96d11eb-c0e1-49a9-a25b-b809e1b4273a 7c1498fcbe914a56bda58e8bb2c8f737 fd93130da2b9486dac030f45a31761c3 - - default default] 10.0.0.67 "POST /v2.0/security-group-rules HTTP/1.1" status: 201 len: 764 time: 0.1770787
2026-07-02 01:36:42.994 9 WARNING neutron_lib.context [None req-04049506-cd7d-4b38-9fab-61a6f04cd6b1 7c1498fcbe914a56bda58e8bb2c8f737 fd93130da2b9486dac030f45a31761c3 - - default default] Method 'is_advsvc' is deprecated since 2023.2 release (neutron-lib 3.8.0) and will be removed once support for the old RBAC API policies will be removed from Neutron. Please use method 'is_service_role' instead.
2026-07-02 01:36:43.089 10 INFO neutron.db.ovn_revision_numbers_db [None req-b267707c-6859-4898-bc0f-a8abda099f29 cb8393db969a4a278e0fc48d2a19427a 6d8cccb9685941629fa7b530e8376b47 - - default default] Successfully bumped revision number for resource 8d720204-f89f-4518-99a2-bfb31292dacf (type: networks) to 1
2026-07-02 01:36:43.132 9 INFO neutron.db.ovn_revision_numbers_db [None req-04049506-cd7d-4b38-9fab-61a6f04cd6b1 7c1498fcbe914a56bda58e8bb2c8f737 fd93130da2b9486dac030f45a31761c3 - - default default] Successfully bumped revision number for resource dc91bc57-c77f-4f13-b661-821d573b952a (type: security_group_rules) to 0
2026-07-02 01:36:43.164 9 INFO neutron.wsgi [None req-04049506-cd7d-4b38-9fab-61a6f04cd6b1 7c1498fcbe914a56bda58e8bb2c8f737 fd93130da2b9486dac030f45a31761c3 - - default default] 10.0.0.67 "POST /v2.0/security-group-rules HTTP/1.1" status: 201 len: 763 time: 0.1759470
2026-07-02 01:36:43.187 10 WARNING neutron_lib.context [None req-da045642-fa65-4336-8c87-07cbec564ffc 7c1498fcbe914a56bda58e8bb2c8f737 fd93130da2b9486dac030f45a31761c3 - - default default] Method 'is_advsvc' is deprecated since 2023.2 release (neutron-lib 3.8.0) and will be removed once support for the old RBAC API policies will be removed from Neutron. Please use method 'is_service_role' instead.
2026-07-02 01:36:43.828 10 WARNING neutron.scheduler.dhcp_agent_scheduler [None req-b267707c-6859-4898-bc0f-a8abda099f29 cb8393db969a4a278e0fc48d2a19427a 6d8cccb9685941629fa7b530e8376b47 - - default default] No more DHCP agents
2026-07-02 01:36:43.836 10 INFO neutron.db.ovn_revision_numbers_db [None req-cff3de1f-ae93-4433-b3fb-b2d31c7e2b31 - - - - - -] Successfully bumped revision number for resource e5bb50f8-19dc-4379-b79e-f808c5d885cb (type: ports) to 1
2026-07-02 01:36:43.841 10 WARNING neutron.api.rpc.agentnotifiers.dhcp_rpc_agent_api [None req-b267707c-6859-4898-bc0f-a8abda099f29 cb8393db969a4a278e0fc48d2a19427a 6d8cccb9685941629fa7b530e8376b47 - - default default] Unable to schedule network 8d720204-f89f-4518-99a2-bfb31292dacf: no agents available; will retry on subsequent port and subnet creation events.
2026-07-02 01:36:43.942 10 WARNING neutron.scheduler.dhcp_agent_scheduler [None req-4bdf466e-ccea-4f0c-af28-30ac248e2169 c3e159fc388047d2926d2ab6991c6583 bd0d1c018646460b833b4c906b471641 - - default default] No more DHCP agents
2026-07-02 01:36:43.954 10 WARNING neutron.api.rpc.agentnotifiers.dhcp_rpc_agent_api [None req-4bdf466e-ccea-4f0c-af28-30ac248e2169 c3e159fc388047d2926d2ab6991c6583 bd0d1c018646460b833b4c906b471641 - - default default] Unable to schedule network e34eb6c4-8121-4961-ac81-c6d96dd7ccf1: no agents available; will retry on subsequent port and subnet creation events.
2026-07-02 01:36:43.970 10 INFO neutron.db.ovn_revision_numbers_db [None req-da045642-fa65-4336-8c87-07cbec564ffc 7c1498fcbe914a56bda58e8bb2c8f737 fd93130da2b9486dac030f45a31761c3 - - default default] Successfully bumped revision number for resource 9645d004-7215-436c-bebd-5114ebfa0553 (type: security_group_rules) to 0
2026-07-02 01:36:44.026 10 INFO neutron.wsgi [None req-da045642-fa65-4336-8c87-07cbec564ffc 7c1498fcbe914a56bda58e8bb2c8f737 fd93130da2b9486dac030f45a31761c3 - - default default] 10.0.0.67 "POST /v2.0/security-group-rules HTTP/1.1" status: 201 len: 769 time: 0.8449526
2026-07-02 01:36:44.045 9 WARNING neutron_lib.context [None req-13dedce3-d055-4af6-8583-d0852d26061f 7c1498fcbe914a56bda58e8bb2c8f737 fd93130da2b9486dac030f45a31761c3 - - default default] Method 'is_advsvc' is deprecated since 2023.2 release (neutron-lib 3.8.0) and will be removed once support for the old RBAC API policies will be removed from Neutron. Please use method 'is_service_role' instead.
2026-07-02 01:36:44.046 10 INFO neutron.db.ovn_revision_numbers_db [None req-b267707c-6859-4898-bc0f-a8abda099f29 cb8393db969a4a278e0fc48d2a19427a 6d8cccb9685941629fa7b530e8376b47 - - default default] Successfully bumped revision number for resource 4a080297-3d12-472b-a962-2dcffb1c60ca (type: ports) to 1
2026-07-02 01:36:44.102 10 INFO neutron.wsgi [None req-b267707c-6859-4898-bc0f-a8abda099f29 cb8393db969a4a278e0fc48d2a19427a 6d8cccb9685941629fa7b530e8376b47 - - default default] 10.0.0.67 "POST /v2.0/networks HTTP/1.1" status: 201 len: 834 time: 1.4664884
2026-07-02 01:36:44.115 10 WARNING neutron_lib.context [None req-79159eb0-0334-4e7c-884c-504d1cccee50 cb8393db969a4a278e0fc48d2a19427a 6d8cccb9685941629fa7b530e8376b47 - - default default] Method 'is_advsvc' is deprecated since 2023.2 release (neutron-lib 3.8.0) and will be removed once support for the old RBAC API policies will be removed from Neutron. Please use method 'is_service_role' instead.
2026-07-02 01:36:44.167 9 INFO neutron.db.ovn_revision_numbers_db [None req-13dedce3-d055-4af6-8583-d0852d26061f 7c1498fcbe914a56bda58e8bb2c8f737 fd93130da2b9486dac030f45a31761c3 - - default default] Successfully bumped revision number for resource 07712b2b-17ee-454a-9c1e-396179cb4acb (type: security_group_rules) to 0
2026-07-02 01:36:44.192 9 INFO neutron.wsgi [None req-13dedce3-d055-4af6-8583-d0852d26061f 7c1498fcbe914a56bda58e8bb2c8f737 fd93130da2b9486dac030f45a31761c3 - - default default] 10.0.0.67 "POST /v2.0/security-group-rules HTTP/1.1" status: 201 len: 768 time: 0.1554620
2026-07-02 01:36:44.206 9 WARNING neutron_lib.context [None req-e0b8cdc7-f108-4422-aeee-390ee999c507 7c1498fcbe914a56bda58e8bb2c8f737 fd93130da2b9486dac030f45a31761c3 - - default default] Method 'is_advsvc' is deprecated since 2023.2 release (neutron-lib 3.8.0) and will be removed once support for the old RBAC API policies will be removed from Neutron. Please use method 'is_service_role' instead.
2026-07-02 01:36:44.225 9 INFO neutron.db.securitygroups_db [None req-e0b8cdc7-f108-4422-aeee-390ee999c507 7c1498fcbe914a56bda58e8bb2c8f737 fd93130da2b9486dac030f45a31761c3 - - default default] Project fd93130da2b9486dac030f45a31761c3 added a security group rule with legacy IPv6 ICMP protocol name icmp, ipv6-icmp should be used instead. It was automatically converted.
2026-07-02 01:36:44.289 10 INFO neutron.db.ovn_revision_numbers_db [None req-4bdf466e-ccea-4f0c-af28-30ac248e2169 c3e159fc388047d2926d2ab6991c6583 bd0d1c018646460b833b4c906b471641 - - default default] Successfully bumped revision number for resource 3347b3fe-a3dd-40d7-b94b-ada56cecfcbd (type: ports) to 1
2026-07-02 01:36:44.331 10 INFO neutron.db.ovn_revision_numbers_db [None req-cff3de1f-ae93-4433-b3fb-b2d31c7e2b31 - - - - - -] Successfully bumped revision number for resource e5bb50f8-19dc-4379-b79e-f808c5d885cb (type: router_ports) to 3
2026-07-02 01:36:44.393 9 INFO neutron.db.ovn_revision_numbers_db [None req-e0b8cdc7-f108-4422-aeee-390ee999c507 7c1498fcbe914a56bda58e8bb2c8f737 fd93130da2b9486dac030f45a31761c3 - - default default] Successfully bumped revision number for resource 8f83cf5c-6f58-45a4-aad0-071c1d52352b (type: security_group_rules) to 0
2026-07-02 01:36:44.416 9 INFO neutron.wsgi [None req-e0b8cdc7-f108-4422-aeee-390ee999c507 7c1498fcbe914a56bda58e8bb2c8f737 fd93130da2b9486dac030f45a31761c3 - - default default] 10.0.0.67 "POST /v2.0/security-group-rules HTTP/1.1" status: 201 len: 774 time: 0.2144845
2026-07-02 01:36:44.438 10 WARNING neutron_lib.context [None req-549e8e6e-c151-439f-9752-4a1188e99945 7c1498fcbe914a56bda58e8bb2c8f737 fd93130da2b9486dac030f45a31761c3 - - default default] Method 'is_advsvc' is deprecated since 2023.2 release (neutron-lib 3.8.0) and will be removed once support for the old RBAC API policies will be removed from Neutron. Please use method 'is_service_role' instead.
2026-07-02 01:36:44.497 10 INFO neutron.db.securitygroups_db [None req-549e8e6e-c151-439f-9752-4a1188e99945 7c1498fcbe914a56bda58e8bb2c8f737 fd93130da2b9486dac030f45a31761c3 - - default default] Project fd93130da2b9486dac030f45a31761c3 added a security group rule with legacy IPv6 ICMP protocol name icmp, ipv6-icmp should be used instead. It was automatically converted.
2026-07-02 01:36:44.722 10 WARNING neutron.scheduler.dhcp_agent_scheduler [None req-79159eb0-0334-4e7c-884c-504d1cccee50 cb8393db969a4a278e0fc48d2a19427a 6d8cccb9685941629fa7b530e8376b47 - - default default] No more DHCP agents
2026-07-02 01:36:44.745 10 WARNING neutron.api.rpc.agentnotifiers.dhcp_rpc_agent_api [None req-79159eb0-0334-4e7c-884c-504d1cccee50 cb8393db969a4a278e0fc48d2a19427a 6d8cccb9685941629fa7b530e8376b47 - - default default] Unable to schedule network 8d720204-f89f-4518-99a2-bfb31292dacf: no agents available; will retry on subsequent port and subnet creation events.
2026-07-02 01:36:44.824 10 INFO neutron.db.ovn_revision_numbers_db [None req-cff3de1f-ae93-4433-b3fb-b2d31c7e2b31 - - - - - -] Successfully bumped revision number for resource e5bb50f8-19dc-4379-b79e-f808c5d885cb (type: ports) to 2
2026-07-02 01:36:44.835 10 INFO neutron.db.ovn_revision_numbers_db [None req-79159eb0-0334-4e7c-884c-504d1cccee50 cb8393db969a4a278e0fc48d2a19427a 6d8cccb9685941629fa7b530e8376b47 - - default default] Successfully bumped revision number for resource 09e480e7-9187-4d47-9e35-2093396188e5 (type: subnets) to 0
2026-07-02 01:36:44.862 10 INFO neutron.wsgi [None req-79159eb0-0334-4e7c-884c-504d1cccee50 cb8393db969a4a278e0fc48d2a19427a 6d8cccb9685941629fa7b530e8376b47 - - default default] 10.0.0.67 "POST /v2.0/subnets HTTP/1.1" status: 201 len: 821 time: 0.7527308
2026-07-02 01:36:44.864 10 INFO neutron.db.ovn_revision_numbers_db [None req-549e8e6e-c151-439f-9752-4a1188e99945 7c1498fcbe914a56bda58e8bb2c8f737 fd93130da2b9486dac030f45a31761c3 - - default default] Successfully bumped revision number for resource 8f6b6523-f1c8-454e-b9dd-79ef2aee2a70 (type: security_group_rules) to 0
2026-07-02 01:36:44.876 9 WARNING neutron_lib.context [None req-56441d13-f772-4b4a-9d58-0ff18204bee3 cb8393db969a4a278e0fc48d2a19427a 6d8cccb9685941629fa7b530e8376b47 - - default default] Method 'is_advsvc' is deprecated since 2023.2 release (neutron-lib 3.8.0) and will be removed once support for the old RBAC API policies will be removed from Neutron. Please use method 'is_service_role' instead.
2026-07-02 01:36:44.905 10 INFO neutron.wsgi [None req-549e8e6e-c151-439f-9752-4a1188e99945 7c1498fcbe914a56bda58e8bb2c8f737 fd93130da2b9486dac030f45a31761c3 - - default default] 10.0.0.67 "POST /v2.0/security-group-rules HTTP/1.1" status: 201 len: 773 time: 0.4732409
2026-07-02 01:36:45.087 9 INFO neutron.plugins.ml2.drivers.ovn.mech_driver.mech_driver [None req-dbb4eb17-3e82-44ba-9a95-8a6fa4ee2e64 - - - - - -] OVN reports status up for port: 3347b3fe-a3dd-40d7-b94b-ada56cecfcbd
2026-07-02 01:36:45.106 9 INFO neutron.plugins.ml2.plugin [None req-dbb4eb17-3e82-44ba-9a95-8a6fa4ee2e64 - - - - - -] Attempt 1 to provision port 3347b3fe-a3dd-40d7-b94b-ada56cecfcbd
2026-07-02 01:36:45.121 10 INFO neutron.db.ovn_revision_numbers_db [None req-4bdf466e-ccea-4f0c-af28-30ac248e2169 c3e159fc388047d2926d2ab6991c6583 bd0d1c018646460b833b4c906b471641 - - default default] Successfully bumped revision number for resource 3347b3fe-a3dd-40d7-b94b-ada56cecfcbd (type: router_ports) to 1
2026-07-02 01:36:45.174 10 INFO neutron.db.ovn_revision_numbers_db [None req-cff3de1f-ae93-4433-b3fb-b2d31c7e2b31 - - - - - -] Successfully bumped revision number for resource e5bb50f8-19dc-4379-b79e-f808c5d885cb (type: ports) to 4
2026-07-02 01:36:45.290 9 WARNING neutron.scheduler.dhcp_agent_scheduler [None req-56441d13-f772-4b4a-9d58-0ff18204bee3 cb8393db969a4a278e0fc48d2a19427a 6d8cccb9685941629fa7b530e8376b47 - - default default] No more DHCP agents
2026-07-02 01:36:45.302 9 WARNING neutron.api.rpc.agentnotifiers.dhcp_rpc_agent_api [None req-56441d13-f772-4b4a-9d58-0ff18204bee3 cb8393db969a4a278e0fc48d2a19427a 6d8cccb9685941629fa7b530e8376b47 - - default default] Unable to schedule network 8d720204-f89f-4518-99a2-bfb31292dacf: no agents available; will retry on subsequent port and subnet creation events.
2026-07-02 01:36:45.350 10 INFO neutron.db.ovn_revision_numbers_db [None req-4bdf466e-ccea-4f0c-af28-30ac248e2169 c3e159fc388047d2926d2ab6991c6583 bd0d1c018646460b833b4c906b471641 - - default default] Successfully bumped revision number for resource 3347b3fe-a3dd-40d7-b94b-ada56cecfcbd (type: ports) to 1
2026-07-02 01:36:45.492 9 INFO neutron.db.ovn_revision_numbers_db [None req-56441d13-f772-4b4a-9d58-0ff18204bee3 cb8393db969a4a278e0fc48d2a19427a 6d8cccb9685941629fa7b530e8376b47 - - default default] Successfully bumped revision number for resource 7477b2f3-3e93-4d5d-9afb-c7a090788e37 (type: ports) to 1
2026-07-02 01:36:45.507 10 INFO neutron.db.ovn_revision_numbers_db [None req-cff3de1f-ae93-4433-b3fb-b2d31c7e2b31 - - - - - -] Successfully bumped revision number for resource e5bb50f8-19dc-4379-b79e-f808c5d885cb (type: router_ports) to 4
2026-07-02 01:36:45.518 10 WARNING neutron.scheduler.dhcp_agent_scheduler [None req-4bdf466e-ccea-4f0c-af28-30ac248e2169 c3e159fc388047d2926d2ab6991c6583 bd0d1c018646460b833b4c906b471641 - - default default] No more DHCP agents
2026-07-02 01:36:45.520 9 INFO neutron.wsgi [None req-56441d13-f772-4b4a-9d58-0ff18204bee3 cb8393db969a4a278e0fc48d2a19427a 6d8cccb9685941629fa7b530e8376b47 - - default default] 10.0.0.67 "POST /v2.0/ports HTTP/1.1" status: 201 len: 1164 time: 0.6508489
2026-07-02 01:36:45.525 10 WARNING neutron.api.rpc.agentnotifiers.dhcp_rpc_agent_api [None req-4bdf466e-ccea-4f0c-af28-30ac248e2169 c3e159fc388047d2926d2ab6991c6583 bd0d1c018646460b833b4c906b471641 - - default default] Unable to schedule network e34eb6c4-8121-4961-ac81-c6d96dd7ccf1: no agents available; will retry on subsequent port and subnet creation events.
2026-07-02 01:36:45.561 9 INFO neutron.db.ovn_revision_numbers_db [None req-dbb4eb17-3e82-44ba-9a95-8a6fa4ee2e64 - - - - - -] Successfully bumped revision number for resource 3347b3fe-a3dd-40d7-b94b-ada56cecfcbd (type: ports) to 2
2026-07-02 01:36:45.563 10 INFO neutron.wsgi [None req-4ef4dad1-f9b3-4b61-986a-4da37be7526d 7c1498fcbe914a56bda58e8bb2c8f737 fd93130da2b9486dac030f45a31761c3 - - default default] 10.0.0.67 "GET /v2.0/networks HTTP/1.1" status: 200 len: 1493 time: 0.2924900
2026-07-02 01:36:45.640 9 INFO neutron.db.ovn_revision_numbers_db [None req-dbb4eb17-3e82-44ba-9a95-8a6fa4ee2e64 - - - - - -] Successfully bumped revision number for resource 3347b3fe-a3dd-40d7-b94b-ada56cecfcbd (type: router_ports) to 2 /var/lib/openstack/lib/python3.10/site-packages/pycadf/identifier.py:71: UserWarning: Invalid uuid: neutron. To ensure interoperability, identifiers should be a valid uuid. warnings.warn(('Invalid uuid: %s. To ensure interoperability, '
2026-07-02 01:36:45.709 9 INFO neutron.wsgi [req-557a5a3c-eed7-49d7-8d1d-7ace67ba244e req-238903e6-086c-4988-81a3-16f0f1dd9474 7c1498fcbe914a56bda58e8bb2c8f737 fd93130da2b9486dac030f45a31761c3 - - default default] 10.0.0.230 "GET /v2.0/security-groups?name=tempest-secgroup-smoke-647928558&fields=id&tenant_id=fd93130da2b9486dac030f45a31761c3 HTTP/1.1" status: 200 len: 267 time: 0.0670612
2026-07-02 01:36:45.831 9 INFO neutron.wsgi [req-557a5a3c-eed7-49d7-8d1d-7ace67ba244e req-a228d6e0-40e6-44f4-9dd9-41d40ad36a90 7c1498fcbe914a56bda58e8bb2c8f737 fd93130da2b9486dac030f45a31761c3 - - default default] 10.0.0.230 "GET /v2.0/networks?id=90052f04-4935-4895-86ef-a976eacd8a92 HTTP/1.1" status: 200 len: 860 time: 0.1141570
2026-07-02 01:36:45.851 9 INFO neutron.wsgi [req-557a5a3c-eed7-49d7-8d1d-7ace67ba244e req-fa48fb1f-0835-4435-9696-0974d4d128d4 7c1498fcbe914a56bda58e8bb2c8f737 fd93130da2b9486dac030f45a31761c3 - - default default] 10.0.0.230 "GET /v2.0/quotas/fd93130da2b9486dac030f45a31761c3 HTTP/1.1" status: 200 len: 386 time: 0.0135081
2026-07-02 01:36:45.968 9 INFO neutron.wsgi [req-557a5a3c-eed7-49d7-8d1d-7ace67ba244e req-a5c039c6-caac-4339-90f2-aeea40dc90cb 7c1498fcbe914a56bda58e8bb2c8f737 fd93130da2b9486dac030f45a31761c3 - - default default] 10.0.0.230 "GET /v2.0/ports?tenant_id=fd93130da2b9486dac030f45a31761c3&fields=id HTTP/1.1" status: 200 len: 302 time: 0.1096303
2026-07-02 01:36:46.063 9 INFO neutron.wsgi [req-557a5a3c-eed7-49d7-8d1d-7ace67ba244e req-e5953615-103a-481e-8d87-412a47d223ef cb9d12fbb82a47a4b1e3f1adda73c3a3 47d27497663a41d8a5a33abe0544b282 - - 62b7351bb5c4406387418e2d0899cb77 62b7351bb5c4406387418e2d0899cb77] 10.0.0.230 "GET /v2.0/networks/90052f04-4935-4895-86ef-a976eacd8a92?fields=segments HTTP/1.1" status: 200 len: 212 time: 0.0808187
2026-07-02 01:36:46.147 9 INFO neutron.wsgi [req-557a5a3c-eed7-49d7-8d1d-7ace67ba244e req-1c454868-fcab-4c36-a43a-4f7bc38bacee cb9d12fbb82a47a4b1e3f1adda73c3a3 47d27497663a41d8a5a33abe0544b282 - - 62b7351bb5c4406387418e2d0899cb77 62b7351bb5c4406387418e2d0899cb77] 10.0.0.230 "GET /v2.0/networks/90052f04-4935-4895-86ef-a976eacd8a92?fields=provider%3Aphysical_network&fields=provider%3Anetwork_type HTTP/1.1" status: 200 len: 277 time: 0.0752614
2026-07-02 01:36:46.269 10 INFO neutron.wsgi [None req-5b2d34c2-d8f9-41b0-b3be-16feeea54002 cb8393db969a4a278e0fc48d2a19427a 6d8cccb9685941629fa7b530e8376b47 - - default default] 10.0.0.67 "DELETE /v2.0/ports/7477b2f3-3e93-4d5d-9afb-c7a090788e37 HTTP/1.1" status: 204 len: 168 time: 0.7389853
2026-07-02 01:36:46.297 9 INFO neutron.pecan_wsgi.hooks.translation [None req-998d98ce-0157-494b-a4c5-eed043893d05 cb8393db969a4a278e0fc48d2a19427a 6d8cccb9685941629fa7b530e8376b47 - - default default] DELETE failed (client error): The resource could not be found.
2026-07-02 01:36:46.299 9 INFO neutron.wsgi [None req-998d98ce-0157-494b-a4c5-eed043893d05 cb8393db969a4a278e0fc48d2a19427a 6d8cccb9685941629fa7b530e8376b47 - - default default] 10.0.0.67 "DELETE /v2.0/ports/7477b2f3-3e93-4d5d-9afb-c7a090788e37 HTTP/1.1" status: 404 len: 333 time: 0.0226133
2026-07-02 01:36:46.309 10 INFO neutron.wsgi [req-7f6b0e93-f5f5-4b81-b6fc-81c162c2977f req-099a2a65-c6ce-4a97-8661-56d2a20c72ad 7c1498fcbe914a56bda58e8bb2c8f737 fd93130da2b9486dac030f45a31761c3 - - default default] 10.0.0.230 "GET /v2.0/ports?device_id=cc26dd83-9efd-4ccc-8418-053fcd03ded5 HTTP/1.1" status: 200 len: 210 time: 0.0270271
2026-07-02 01:36:46.329 9 INFO neutron.pecan_wsgi.hooks.translation [None req-d8b04a8f-8889-4eed-a274-a9b9a6e31332 cb8393db969a4a278e0fc48d2a19427a 6d8cccb9685941629fa7b530e8376b47 - - default default] GET failed (client error): The resource could not be found.
2026-07-02 01:36:46.332 9 INFO neutron.wsgi [None req-d8b04a8f-8889-4eed-a274-a9b9a6e31332 cb8393db969a4a278e0fc48d2a19427a 6d8cccb9685941629fa7b530e8376b47 - - default default] 10.0.0.67 "GET /v2.0/ports/7477b2f3-3e93-4d5d-9afb-c7a090788e37 HTTP/1.1" status: 404 len: 333 time: 0.0221627
2026-07-02 01:36:46.529 10 INFO neutron.db.ovn_revision_numbers_db [None req-4bdf466e-ccea-4f0c-af28-30ac248e2169 c3e159fc388047d2926d2ab6991c6583 bd0d1c018646460b833b4c906b471641 - - default default] Successfully bumped revision number for resource 3347b3fe-a3dd-40d7-b94b-ada56cecfcbd (type: router_ports) to 2
2026-07-02 01:36:46.532 10 INFO neutron.wsgi [None req-4bdf466e-ccea-4f0c-af28-30ac248e2169 c3e159fc388047d2926d2ab6991c6583 bd0d1c018646460b833b4c906b471641 - - default default] 10.0.0.67 "PUT /v2.0/routers/cc07c4df-8fbd-4a45-b55a-4aafdf0cd775/add_router_interface HTTP/1.1" status: 200 len: 503 time: 3.9314556
2026-07-02 01:36:46.583 9 INFO neutron.wsgi [None req-bcbf6cae-f5ae-4e49-9153-5fb8bab92f6a cb8393db969a4a278e0fc48d2a19427a 6d8cccb9685941629fa7b530e8376b47 - - default default] 10.0.0.67 "DELETE /v2.0/subnets/09e480e7-9187-4d47-9e35-2093396188e5 HTTP/1.1" status: 204 len: 168 time: 0.2451282
2026-07-02 01:36:46.968 9 INFO neutron.services.segments.plugin [-] Segment 7b95d54d-7b7d-4daf-97ac-9b1d7f8320d6 resource provider aggregate not found
2026-07-02 01:36:46.973 9 INFO neutron.services.segments.plugin [-] Segment 7b95d54d-7b7d-4daf-97ac-9b1d7f8320d6 resource provider aggregate not found
2026-07-02 01:36:46.991 9 INFO neutron.services.segments.plugin [-] Segment 7b95d54d-7b7d-4daf-97ac-9b1d7f8320d6 resource provider not found; error: Placement Client Error (4xx): {"errors": [{"status": 404, "title": "Not Found", "detail": "The resource could not be found.\n\n No resource provider with uuid 7b95d54d-7b7d-4daf-97ac-9b1d7f8320d6 found for delete ", "request_id": "req-f34bce59-8d84-47fc-b4ca-37284d583530"}]}
2026-07-02 01:36:46.992 9 INFO neutron.services.segments.plugin [-] Segment 7b95d54d-7b7d-4daf-97ac-9b1d7f8320d6 resource provider not found; error: Placement Client Error (4xx): {"errors": [{"status": 404, "title": "Not Found", "detail": "The resource could not be found.\n\n No resource provider with uuid 7b95d54d-7b7d-4daf-97ac-9b1d7f8320d6 found for delete ", "request_id": "req-e10e47b4-68aa-4498-9779-db467aca4d5b"}]}
2026-07-02 01:36:47.030 9 INFO neutron.wsgi [None req-09768cb2-ddee-4a58-b787-a59e473d6913 cb8393db969a4a278e0fc48d2a19427a 6d8cccb9685941629fa7b530e8376b47 - - default default] 10.0.0.67 "DELETE /v2.0/networks/8d720204-f89f-4518-99a2-bfb31292dacf HTTP/1.1" status: 204 len: 168 time: 0.4417381
2026-07-02 01:36:47.045 10 WARNING neutron_lib.context [None req-65d1388c-51fe-4cd3-91e8-08c5d2e4f618 cb8393db969a4a278e0fc48d2a19427a 6d8cccb9685941629fa7b530e8376b47 - - default default] Method 'is_advsvc' is deprecated since 2023.2 release (neutron-lib 3.8.0) and will be removed once support for the old RBAC API policies will be removed from Neutron. Please use method 'is_service_role' instead.
2026-07-02 01:36:47.110 9 INFO neutron.wsgi [req-557a5a3c-eed7-49d7-8d1d-7ace67ba244e req-6f5498e9-77ff-4ea7-a3fa-6bd42f7a02fe 7c1498fcbe914a56bda58e8bb2c8f737 fd93130da2b9486dac030f45a31761c3 - - default default] 199.204.45.113 "GET /v2.0/networks?id=90052f04-4935-4895-86ef-a976eacd8a92 HTTP/1.1" status: 200 len: 860 time: 0.0745711
2026-07-02 01:36:47.146 10 INFO neutron.db.segments_db [None req-65d1388c-51fe-4cd3-91e8-08c5d2e4f618 cb8393db969a4a278e0fc48d2a19427a 6d8cccb9685941629fa7b530e8376b47 - - default default] Added segment c16182f4-b4df-41dd-8ea2-6ed4e065f5c8 of type geneve for network f6b527a8-f530-4ded-adac-d3e079978546
2026-07-02 01:36:47.168 9 INFO neutron.wsgi [req-557a5a3c-eed7-49d7-8d1d-7ace67ba244e req-ce529788-0f44-46fa-a91f-251052a66442 7c1498fcbe914a56bda58e8bb2c8f737 fd93130da2b9486dac030f45a31761c3 - - default default] 199.204.45.113 "GET /v2.0/security-groups?fields=id&fields=name&tenant_id=fd93130da2b9486dac030f45a31761c3 HTTP/1.1" status: 200 len: 379 time: 0.0531523
2026-07-02 01:36:47.178 9 WARNING neutron_lib.context [req-557a5a3c-eed7-49d7-8d1d-7ace67ba244e req-316f2902-cc74-4b4f-a030-023bc92b1b89 7c1498fcbe914a56bda58e8bb2c8f737 fd93130da2b9486dac030f45a31761c3 - - default default] Method 'is_advsvc' is deprecated since 2023.2 release (neutron-lib 3.8.0) and will be removed once support for the old RBAC API policies will be removed from Neutron. Please use method 'is_service_role' instead.
2026-07-02 01:36:47.308 10 INFO neutron.db.ovn_revision_numbers_db [None req-65d1388c-51fe-4cd3-91e8-08c5d2e4f618 cb8393db969a4a278e0fc48d2a19427a 6d8cccb9685941629fa7b530e8376b47 - - default default] Successfully bumped revision number for resource f6b527a8-f530-4ded-adac-d3e079978546 (type: networks) to 1
2026-07-02 01:36:47.436 9 INFO neutron.wsgi [req-e4392158-01b9-4926-9f45-fbf41dd865e4 req-4700c746-a786-418f-be52-2c19637607ca 7c1498fcbe914a56bda58e8bb2c8f737 fd93130da2b9486dac030f45a31761c3 - - default default] 10.0.0.230 "GET /v2.0/ports?device_id=cc26dd83-9efd-4ccc-8418-053fcd03ded5 HTTP/1.1" status: 200 len: 210 time: 0.0430648
2026-07-02 01:36:47.563 10 WARNING neutron.scheduler.dhcp_agent_scheduler [None req-65d1388c-51fe-4cd3-91e8-08c5d2e4f618 cb8393db969a4a278e0fc48d2a19427a 6d8cccb9685941629fa7b530e8376b47 - - default default] No more DHCP agents
2026-07-02 01:36:47.566 10 WARNING neutron.api.rpc.agentnotifiers.dhcp_rpc_agent_api [None req-65d1388c-51fe-4cd3-91e8-08c5d2e4f618 cb8393db969a4a278e0fc48d2a19427a 6d8cccb9685941629fa7b530e8376b47 - - default default] Unable to schedule network f6b527a8-f530-4ded-adac-d3e079978546: no agents available; will retry on subsequent port and subnet creation events.
2026-07-02 01:36:47.604 9 WARNING neutron.scheduler.dhcp_agent_scheduler [req-557a5a3c-eed7-49d7-8d1d-7ace67ba244e req-316f2902-cc74-4b4f-a030-023bc92b1b89 7c1498fcbe914a56bda58e8bb2c8f737 fd93130da2b9486dac030f45a31761c3 - - default default] No more DHCP agents
2026-07-02 01:36:47.606 9 WARNING neutron.api.rpc.agentnotifiers.dhcp_rpc_agent_api [req-557a5a3c-eed7-49d7-8d1d-7ace67ba244e req-316f2902-cc74-4b4f-a030-023bc92b1b89 7c1498fcbe914a56bda58e8bb2c8f737 fd93130da2b9486dac030f45a31761c3 - - default default] Unable to schedule network 90052f04-4935-4895-86ef-a976eacd8a92: no agents available; will retry on subsequent port and subnet creation events.
2026-07-02 01:36:47.645 10 INFO neutron.db.ovn_revision_numbers_db [None req-65d1388c-51fe-4cd3-91e8-08c5d2e4f618 cb8393db969a4a278e0fc48d2a19427a 6d8cccb9685941629fa7b530e8376b47 - - default default] Successfully bumped revision number for resource db89cb1f-f063-4f53-9739-4c9205331af7 (type: ports) to 1
2026-07-02 01:36:47.667 10 INFO neutron.wsgi [None req-65d1388c-51fe-4cd3-91e8-08c5d2e4f618 cb8393db969a4a278e0fc48d2a19427a 6d8cccb9685941629fa7b530e8376b47 - - default default] 10.0.0.67 "POST /v2.0/networks HTTP/1.1" status: 201 len: 835 time: 0.6285427
2026-07-02 01:36:47.678 10 WARNING neutron_lib.context [None req-db19c383-4d2f-43bf-b332-c443579561fa cb8393db969a4a278e0fc48d2a19427a 6d8cccb9685941629fa7b530e8376b47 - - default default] Method 'is_advsvc' is deprecated since 2023.2 release (neutron-lib 3.8.0) and will be removed once support for the old RBAC API policies will be removed from Neutron. Please use method 'is_service_role' instead.
2026-07-02 01:36:47.786 9 INFO neutron.db.ovn_revision_numbers_db [req-557a5a3c-eed7-49d7-8d1d-7ace67ba244e req-316f2902-cc74-4b4f-a030-023bc92b1b89 7c1498fcbe914a56bda58e8bb2c8f737 fd93130da2b9486dac030f45a31761c3 - - default default] Successfully bumped revision number for resource 521e81e4-9922-43e8-a04a-69491838ca2e (type: ports) to 1
2026-07-02 01:36:47.811 9 INFO neutron.wsgi [req-557a5a3c-eed7-49d7-8d1d-7ace67ba244e req-316f2902-cc74-4b4f-a030-023bc92b1b89 7c1498fcbe914a56bda58e8bb2c8f737 fd93130da2b9486dac030f45a31761c3 - - default default] 199.204.45.113 "POST /v2.0/ports HTTP/1.1" status: 201 len: 1158 time: 0.6381330 /var/lib/openstack/lib/python3.10/site-packages/pycadf/identifier.py:71: UserWarning: Invalid uuid: neutron. To ensure interoperability, identifiers should be a valid uuid. warnings.warn(('Invalid uuid: %s. To ensure interoperability, '
2026-07-02 01:36:47.908 10 WARNING neutron.scheduler.dhcp_agent_scheduler [None req-db19c383-4d2f-43bf-b332-c443579561fa cb8393db969a4a278e0fc48d2a19427a 6d8cccb9685941629fa7b530e8376b47 - - default default] No more DHCP agents
