2026-07-02 01:35:38.524 9 INFO neutron.wsgi [req-c5de2008-f9a8-4da0-8992-0a9e123a6afe req-535eef1a-7644-45a7-ba09-4eff81c5f853 fdfbbc2f1b08474e9e896ebe6819266c 42aabc662a624bf8839181acb8111de2 - - default default] 10.0.0.230 "GET /v2.0/ports?device_id=a98ff210-edde-4e33-aff0-fea51c92e3d9 HTTP/1.1" status: 200 len: 1170 time: 0.0597398
2026-07-02 01:35:38.530 9 INFO neutron.wsgi [req-83b622ab-f2fe-4d98-8959-44927aec0eb0 req-36786369-9da4-44b2-88e4-6bdde4241799 cb9d12fbb82a47a4b1e3f1adda73c3a3 47d27497663a41d8a5a33abe0544b282 - - 62b7351bb5c4406387418e2d0899cb77 62b7351bb5c4406387418e2d0899cb77] 199.204.45.113 "GET /v2.0/ports?tenant_id=42aabc662a624bf8839181acb8111de2&device_id=a98ff210-edde-4e33-aff0-fea51c92e3d9 HTTP/1.1" status: 200 len: 1409 time: 0.0518765
2026-07-02 01:35:38.600 9 INFO neutron.wsgi [req-c5de2008-f9a8-4da0-8992-0a9e123a6afe req-7077ec90-c760-4246-8f03-740d9e51d06f fdfbbc2f1b08474e9e896ebe6819266c 42aabc662a624bf8839181acb8111de2 - - default default] 10.0.0.230 "GET /v2.0/security-groups?id=e00cee45-aaf4-4a97-87e6-16340f1d9d3d&fields=id&fields=name HTTP/1.1" status: 200 len: 312 time: 0.0677681
2026-07-02 01:35:38.619 9 INFO neutron.wsgi [req-83b622ab-f2fe-4d98-8959-44927aec0eb0 req-76a69a50-c97d-4231-a6de-27905acd5518 cb9d12fbb82a47a4b1e3f1adda73c3a3 47d27497663a41d8a5a33abe0544b282 - - 62b7351bb5c4406387418e2d0899cb77 62b7351bb5c4406387418e2d0899cb77] 199.204.45.113 "GET /v2.0/networks?id=74539d7c-df8e-4d43-a86c-fc0be1abc932 HTTP/1.1" status: 200 len: 967 time: 0.0809505
2026-07-02 01:35:38.665 10 INFO neutron.services.segments.plugin [-] Segment aaf17405-ead7-4520-b6b0-1c79e683a310 resource provider aggregate not found
2026-07-02 01:35:38.670 10 INFO neutron.services.segments.plugin [-] Segment aaf17405-ead7-4520-b6b0-1c79e683a310 resource provider aggregate not found
2026-07-02 01:35:38.674 9 INFO neutron.wsgi [req-83b622ab-f2fe-4d98-8959-44927aec0eb0 req-210c0b7a-6516-4f9e-a6d9-56ecb63d1caa cb9d12fbb82a47a4b1e3f1adda73c3a3 47d27497663a41d8a5a33abe0544b282 - - 62b7351bb5c4406387418e2d0899cb77 62b7351bb5c4406387418e2d0899cb77] 199.204.45.113 "GET /v2.0/floatingips?fixed_ip_address=10.100.0.6&port_id=29ef759d-8627-441b-a117-0a3fc10c586b HTTP/1.1" status: 200 len: 1059 time: 0.0473409
2026-07-02 01:35:38.685 10 INFO neutron.services.segments.plugin [-] Segment aaf17405-ead7-4520-b6b0-1c79e683a310 resource provider not found; error: Placement Client Error (4xx): {"errors": [{"status": 404, "title": "Not Found", "detail": "The resource could not be found.\n\n No resource provider with uuid aaf17405-ead7-4520-b6b0-1c79e683a310 found for delete ", "request_id": "req-e7aaead6-8a2f-43c4-92cc-abea56356c8e"}]}
2026-07-02 01:35:38.689 10 INFO neutron.services.segments.plugin [-] Segment aaf17405-ead7-4520-b6b0-1c79e683a310 resource provider not found; error: Placement Client Error (4xx): {"errors": [{"status": 404, "title": "Not Found", "detail": "The resource could not be found.\n\n No resource provider with uuid aaf17405-ead7-4520-b6b0-1c79e683a310 found for delete ", "request_id": "req-a389f43f-e915-48ba-8546-c06b2d8523a2"}]}
2026-07-02 01:35:38.716 10 INFO neutron.wsgi [None req-bb30cbfd-b40f-4721-bb1e-cc89ce53ceda 0e320de7b15148be8f60c4867926f727 2beb464093234522b1465a96cfa156d9 - - default default] 10.0.0.67 "DELETE /v2.0/networks/1eeff77f-9874-4d20-becf-9cf8618b8e0b HTTP/1.1" status: 204 len: 168 time: 0.4804447
2026-07-02 01:35:38.727 9 INFO neutron.wsgi [req-83b622ab-f2fe-4d98-8959-44927aec0eb0 req-dd6e25bc-210d-4915-9140-21723271a541 cb9d12fbb82a47a4b1e3f1adda73c3a3 47d27497663a41d8a5a33abe0544b282 - - 62b7351bb5c4406387418e2d0899cb77 62b7351bb5c4406387418e2d0899cb77] 199.204.45.113 "GET /v2.0/subnets?id=e5452971-f186-4c9e-bc70-fc750bc44607 HTTP/1.1" status: 200 len: 862 time: 0.0459960
2026-07-02 01:35:38.759 9 INFO neutron.wsgi [req-83b622ab-f2fe-4d98-8959-44927aec0eb0 req-7c770c9e-9ec5-43d0-9de8-62d2d35be712 cb9d12fbb82a47a4b1e3f1adda73c3a3 47d27497663a41d8a5a33abe0544b282 - - 62b7351bb5c4406387418e2d0899cb77 62b7351bb5c4406387418e2d0899cb77] 199.204.45.113 "GET /v2.0/ports?network_id=74539d7c-df8e-4d43-a86c-fc0be1abc932&device_owner=network%3Adhcp HTTP/1.1" status: 200 len: 210 time: 0.0269463
2026-07-02 01:35:38.844 9 INFO neutron.wsgi [req-83b622ab-f2fe-4d98-8959-44927aec0eb0 req-421d574d-2a3b-45a0-89fd-9be32ca51edd cb9d12fbb82a47a4b1e3f1adda73c3a3 47d27497663a41d8a5a33abe0544b282 - - 62b7351bb5c4406387418e2d0899cb77 62b7351bb5c4406387418e2d0899cb77] 199.204.45.113 "GET /v2.0/networks/74539d7c-df8e-4d43-a86c-fc0be1abc932?fields=segments HTTP/1.1" status: 200 len: 212 time: 0.0798194
2026-07-02 01:35:38.909 9 INFO neutron.wsgi [req-83b622ab-f2fe-4d98-8959-44927aec0eb0 req-d01a120e-e220-4179-8294-7f301f0bcf8d cb9d12fbb82a47a4b1e3f1adda73c3a3 47d27497663a41d8a5a33abe0544b282 - - 62b7351bb5c4406387418e2d0899cb77 62b7351bb5c4406387418e2d0899cb77] 199.204.45.113 "GET /v2.0/networks/74539d7c-df8e-4d43-a86c-fc0be1abc932?fields=provider%3Aphysical_network&fields=provider%3Anetwork_type HTTP/1.1" status: 200 len: 277 time: 0.0612121
2026-07-02 01:35:39.268 9 INFO neutron.wsgi [req-b5aa93c3-9972-4528-8c2f-f2cc53758d79 req-7d05f2d0-0b78-40ce-bccb-debf00f34c7e fdfbbc2f1b08474e9e896ebe6819266c 42aabc662a624bf8839181acb8111de2 - - default default] 199.204.45.113 "GET /v2.0/ports?device_id=a98ff210-edde-4e33-aff0-fea51c92e3d9 HTTP/1.1" status: 200 len: 1170 time: 0.0478892
2026-07-02 01:35:39.272 10 INFO neutron.plugins.ml2.drivers.ovn.mech_driver.mech_driver [None req-498414c1-69f1-43ec-aebf-26761072ab82 - - - - - -] OVN reports status down for port: 29ef759d-8627-441b-a117-0a3fc10c586b
2026-07-02 01:35:39.344 10 INFO neutron.wsgi [req-3c179a26-8cc1-4115-86fc-ecb57267bfe8 req-7b8ede60-f4d8-49a1-8cc3-7631183dbef2 fdfbbc2f1b08474e9e896ebe6819266c 42aabc662a624bf8839181acb8111de2 - - default default] 10.0.0.230 "GET /v2.0/ports?device_id=a98ff210-edde-4e33-aff0-fea51c92e3d9 HTTP/1.1" status: 200 len: 1170 time: 0.0765402
2026-07-02 01:35:39.437 10 INFO neutron.wsgi [req-3c179a26-8cc1-4115-86fc-ecb57267bfe8 req-1508c21c-226e-4b98-adee-986640b335fd fdfbbc2f1b08474e9e896ebe6819266c 42aabc662a624bf8839181acb8111de2 - - default default] 10.0.0.230 "GET /v2.0/security-groups?id=e00cee45-aaf4-4a97-87e6-16340f1d9d3d&fields=id&fields=name HTTP/1.1" status: 200 len: 312 time: 0.0846426
2026-07-02 01:35:39.562 9 INFO neutron.db.ovn_revision_numbers_db [None req-76f4ec4d-7a35-48c1-8374-86f72c6df0ba c3e159fc388047d2926d2ab6991c6583 bd0d1c018646460b833b4c906b471641 - - default default] Successfully bumped revision number for resource 32951dda-92e4-496d-84a3-48feba811e85 (type: security_groups) to 1
2026-07-02 01:35:39.583 9 INFO neutron.db.ovn_revision_numbers_db [None req-76f4ec4d-7a35-48c1-8374-86f72c6df0ba c3e159fc388047d2926d2ab6991c6583 bd0d1c018646460b833b4c906b471641 - - default default] Successfully bumped revision number for resource 510fbbbe-2cbf-42f8-a550-7e934d40185a (type: security_group_rules) to 0
2026-07-02 01:35:39.602 9 INFO neutron.db.ovn_revision_numbers_db [None req-76f4ec4d-7a35-48c1-8374-86f72c6df0ba c3e159fc388047d2926d2ab6991c6583 bd0d1c018646460b833b4c906b471641 - - default default] Successfully bumped revision number for resource 5f2c7edb-58f4-404a-98fa-cd97743b90e7 (type: security_group_rules) to 0
2026-07-02 01:35:39.630 9 INFO neutron.db.ovn_revision_numbers_db [None req-76f4ec4d-7a35-48c1-8374-86f72c6df0ba c3e159fc388047d2926d2ab6991c6583 bd0d1c018646460b833b4c906b471641 - - default default] Successfully bumped revision number for resource 88107903-d91d-4dcd-b7fc-9176b17a2cb2 (type: security_group_rules) to 0
2026-07-02 01:35:39.646 9 INFO neutron.db.l3_db [req-b5aa93c3-9972-4528-8c2f-f2cc53758d79 req-ed5d6709-171a-4e07-9597-e8a1547bfa3b fdfbbc2f1b08474e9e896ebe6819266c 42aabc662a624bf8839181acb8111de2 - - default default] Floating IP 15281139-6083-442e-a1a4-7007e672c5e7 disassociated. External IP: 10.96.250.203, port: 29ef759d-8627-441b-a117-0a3fc10c586b.
2026-07-02 01:35:39.680 9 INFO neutron.db.ovn_revision_numbers_db [None req-76f4ec4d-7a35-48c1-8374-86f72c6df0ba c3e159fc388047d2926d2ab6991c6583 bd0d1c018646460b833b4c906b471641 - - default default] Successfully bumped revision number for resource bb7c4e9e-ad2c-441e-b50e-7d722719ad00 (type: security_group_rules) to 0
2026-07-02 01:35:39.691 10 INFO neutron.wsgi [None req-3c1d5553-9b88-4799-a03d-15ce8ae39a42 0e320de7b15148be8f60c4867926f727 2beb464093234522b1465a96cfa156d9 - - default default] 10.0.0.67 "DELETE /v2.0/networks/9291498f-17b0-41cb-acd4-6cf01620ec07 HTTP/1.1" status: 204 len: 168 time: 0.9669528 /var/lib/openstack/lib/python3.10/site-packages/pycadf/identifier.py:71: UserWarning: Invalid uuid: neutron. To ensure interoperability, identifiers should be a valid uuid. warnings.warn(('Invalid uuid: %s. To ensure interoperability, '
2026-07-02 01:35:39.716 10 INFO neutron.db.ovn_revision_numbers_db [None req-498414c1-69f1-43ec-aebf-26761072ab82 - - - - - -] Successfully bumped revision number for resource 29ef759d-8627-441b-a117-0a3fc10c586b (type: ports) to 5
2026-07-02 01:35:39.776 9 INFO neutron.wsgi [None req-76f4ec4d-7a35-48c1-8374-86f72c6df0ba c3e159fc388047d2926d2ab6991c6583 bd0d1c018646460b833b4c906b471641 - - default default] 10.0.0.67 "GET /v2.0/security-groups?tenant_id=e9aa6725bb2946238266a2d208736b1a&name=default HTTP/1.1" status: 200 len: 2996 time: 0.5747204
2026-07-02 01:35:39.946 10 INFO neutron.notifiers.nova [-] Nova event matching ['req-f196eb1c-aa55-41ef-bd42-eaa67b267b52'] response: {'server_uuid': 'a98ff210-edde-4e33-aff0-fea51c92e3d9', 'name': 'network-vif-unplugged', 'status': 'completed', 'tag': '29ef759d-8627-441b-a117-0a3fc10c586b', 'code': 200}
2026-07-02 01:35:39.947 10 INFO neutron.notifiers.nova [-] Nova event matching ['req-f196eb1c-aa55-41ef-bd42-eaa67b267b52'] response: {'server_uuid': 'a98ff210-edde-4e33-aff0-fea51c92e3d9', 'name': 'network-vif-plugged', 'status': 'completed', 'tag': '29ef759d-8627-441b-a117-0a3fc10c586b', 'code': 200}
2026-07-02 01:35:40.066 10 INFO neutron.wsgi [None req-1a5372cd-cf13-45d3-a4c4-1accf0e04055 c3e159fc388047d2926d2ab6991c6583 bd0d1c018646460b833b4c906b471641 - - default default] 10.0.0.67 "DELETE /v2.0/security-groups/32951dda-92e4-496d-84a3-48feba811e85 HTTP/1.1" status: 204 len: 168 time: 0.2860482
2026-07-02 01:35:40.348 9 INFO neutron.wsgi [req-b5aa93c3-9972-4528-8c2f-f2cc53758d79 req-ed5d6709-171a-4e07-9597-e8a1547bfa3b fdfbbc2f1b08474e9e896ebe6819266c 42aabc662a624bf8839181acb8111de2 - - default default] 199.204.45.113 "DELETE /v2.0/ports/29ef759d-8627-441b-a117-0a3fc10c586b HTTP/1.1" status: 204 len: 173 time: 1.0752697
2026-07-02 01:35:40.517 9 INFO neutron.notifiers.nova [-] Nova event matching ['req-1a674477-f84b-40a4-9e79-29df7a38bad2'] response: {'server_uuid': 'a98ff210-edde-4e33-aff0-fea51c92e3d9', 'name': 'network-vif-deleted', 'tag': '29ef759d-8627-441b-a117-0a3fc10c586b', 'status': 'completed', 'code': 200}
2026-07-02 01:35:40.543 9 INFO neutron.services.segments.plugin [-] Segment f7917010-ad40-4a5a-bb18-f441ddcc771d resource provider aggregate not found
2026-07-02 01:35:40.549 9 INFO neutron.services.segments.plugin [-] Segment f7917010-ad40-4a5a-bb18-f441ddcc771d resource provider aggregate not found
2026-07-02 01:35:40.564 9 INFO neutron.wsgi [req-f7f508e9-39c8-4506-a25a-25129c870e05 req-6e4f6f41-0413-4b0c-a46c-1e160a788a10 fdfbbc2f1b08474e9e896ebe6819266c 42aabc662a624bf8839181acb8111de2 - - default default] 10.0.0.230 "GET /v2.0/ports?device_id=a98ff210-edde-4e33-aff0-fea51c92e3d9 HTTP/1.1" status: 200 len: 210 time: 0.0418346
2026-07-02 01:35:40.566 9 INFO neutron.services.segments.plugin [-] Segment f7917010-ad40-4a5a-bb18-f441ddcc771d resource provider not found; error: Placement Client Error (4xx): {"errors": [{"status": 404, "title": "Not Found", "detail": "The resource could not be found.\n\n No resource provider with uuid f7917010-ad40-4a5a-bb18-f441ddcc771d found for delete ", "request_id": "req-e4209588-5169-4cb1-8010-341df527fed7"}]}
2026-07-02 01:35:40.568 9 INFO neutron.services.segments.plugin [-] Segment f7917010-ad40-4a5a-bb18-f441ddcc771d resource provider not found; error: Placement Client Error (4xx): {"errors": [{"status": 404, "title": "Not Found", "detail": "The resource could not be found.\n\n No resource provider with uuid f7917010-ad40-4a5a-bb18-f441ddcc771d found for delete ", "request_id": "req-2d5db271-d3f2-4a92-b263-9d0de2249dba"}]}
2026-07-02 01:35:40.599 9 INFO neutron.wsgi [None req-167c6f4c-0443-43de-9b53-b4446ae2af95 0e320de7b15148be8f60c4867926f727 2beb464093234522b1465a96cfa156d9 - - default default] 10.0.0.67 "DELETE /v2.0/networks/592ef1c8-2293-4814-bdd1-b32a564f666a HTTP/1.1" status: 204 len: 168 time: 0.8943005
2026-07-02 01:35:40.717 10 INFO neutron.services.segments.plugin [-] Segment e7ad22fb-bc78-4c03-9a51-90fd5d60addb resource provider aggregate not found
2026-07-02 01:35:40.726 10 INFO neutron.services.segments.plugin [-] Segment e7ad22fb-bc78-4c03-9a51-90fd5d60addb resource provider aggregate not found
2026-07-02 01:35:40.737 10 INFO neutron.services.segments.plugin [-] Segment e7ad22fb-bc78-4c03-9a51-90fd5d60addb resource provider not found; error: Placement Client Error (4xx): {"errors": [{"status": 404, "title": "Not Found", "detail": "The resource could not be found.\n\n No resource provider with uuid e7ad22fb-bc78-4c03-9a51-90fd5d60addb found for delete ", "request_id": "req-8bd28e91-b18c-4860-8cf2-fb9a7c2f8643"}]}
2026-07-02 01:35:40.746 10 INFO neutron.services.segments.plugin [-] Segment e7ad22fb-bc78-4c03-9a51-90fd5d60addb resource provider not found; error: Placement Client Error (4xx): {"errors": [{"status": 404, "title": "Not Found", "detail": "The resource could not be found.\n\n No resource provider with uuid e7ad22fb-bc78-4c03-9a51-90fd5d60addb found for delete ", "request_id": "req-872bb7dd-3f1a-4330-b1fe-d6a92689d78b"}]}
2026-07-02 01:35:41.389 9 INFO neutron.wsgi [None req-ec176585-42aa-4425-ba94-c9b11b74a983 c3e159fc388047d2926d2ab6991c6583 bd0d1c018646460b833b4c906b471641 - - default default] 10.0.0.67 "GET /v2.0/security-groups?tenant_id=2beb464093234522b1465a96cfa156d9&name=default HTTP/1.1" status: 200 len: 2996 time: 0.2040236
2026-07-02 01:35:41.625 9 INFO neutron.wsgi [None req-e48c637f-e27e-46a5-8407-4b2d59b25607 c3e159fc388047d2926d2ab6991c6583 bd0d1c018646460b833b4c906b471641 - - default default] 10.0.0.67 "DELETE /v2.0/security-groups/228cbe65-9ec3-4bf0-b39c-91ebfcfcadf3 HTTP/1.1" status: 204 len: 168 time: 0.2296431
2026-07-02 01:35:41.654 9 INFO neutron.db.ovn_revision_numbers_db [None req-49a6da3e-dd53-4ed7-ad79-4203fe140634 c3e159fc388047d2926d2ab6991c6583 bd0d1c018646460b833b4c906b471641 - - default default] Successfully bumped revision number for resource d9ba32ce-39ad-4d5e-ae8a-b9b7faf3f814 (type: security_groups) to 1
2026-07-02 01:35:41.683 9 INFO neutron.db.ovn_revision_numbers_db [None req-49a6da3e-dd53-4ed7-ad79-4203fe140634 c3e159fc388047d2926d2ab6991c6583 bd0d1c018646460b833b4c906b471641 - - default default] Successfully bumped revision number for resource 1a2ecfcb-6bcd-4eeb-800e-dfd8b5859864 (type: security_group_rules) to 0
2026-07-02 01:35:41.706 9 INFO neutron.db.ovn_revision_numbers_db [None req-49a6da3e-dd53-4ed7-ad79-4203fe140634 c3e159fc388047d2926d2ab6991c6583 bd0d1c018646460b833b4c906b471641 - - default default] Successfully bumped revision number for resource b9981f5a-91fc-4c7d-baa0-e93eccfd2069 (type: security_group_rules) to 0
2026-07-02 01:35:41.727 9 INFO neutron.db.ovn_revision_numbers_db [None req-49a6da3e-dd53-4ed7-ad79-4203fe140634 c3e159fc388047d2926d2ab6991c6583 bd0d1c018646460b833b4c906b471641 - - default default] Successfully bumped revision number for resource c4639d79-950d-4797-b143-0abc1d12d9ce (type: security_group_rules) to 0
2026-07-02 01:35:41.747 9 INFO neutron.db.ovn_revision_numbers_db [None req-49a6da3e-dd53-4ed7-ad79-4203fe140634 c3e159fc388047d2926d2ab6991c6583 bd0d1c018646460b833b4c906b471641 - - default default] Successfully bumped revision number for resource f58a2828-45d6-4f95-a0d2-6a8d7a4be7bb (type: security_group_rules) to 0
2026-07-02 01:35:41.768 9 INFO neutron.wsgi [None req-49a6da3e-dd53-4ed7-ad79-4203fe140634 c3e159fc388047d2926d2ab6991c6583 bd0d1c018646460b833b4c906b471641 - - default default] 10.0.0.67 "GET /v2.0/security-groups?tenant_id=0adabade241242fb815c35fcc1c367cb&name=default HTTP/1.1" status: 200 len: 2996 time: 0.3651936 /var/lib/openstack/lib/python3.10/site-packages/pycadf/identifier.py:71: UserWarning: Invalid uuid: neutron. To ensure interoperability, identifiers should be a valid uuid. warnings.warn(('Invalid uuid: %s. To ensure interoperability, '
2026-07-02 01:35:41.827 9 INFO neutron.wsgi [None req-64a849b3-c100-4467-bc13-8ca0e95bd3c8 fdfbbc2f1b08474e9e896ebe6819266c 42aabc662a624bf8839181acb8111de2 - - default default] 10.0.0.67 "DELETE /v2.0/security-groups/e00cee45-aaf4-4a97-87e6-16340f1d9d3d HTTP/1.1" status: 204 len: 168 time: 0.1706040
2026-07-02 01:35:41.848 9 INFO neutron.api.v2.resource [None req-d3c30b87-c8f3-4840-b045-98f329fb5336 fdfbbc2f1b08474e9e896ebe6819266c 42aabc662a624bf8839181acb8111de2 - - default default] show failed (client error): The resource could not be found.
2026-07-02 01:35:41.849 9 INFO neutron.wsgi [None req-d3c30b87-c8f3-4840-b045-98f329fb5336 fdfbbc2f1b08474e9e896ebe6819266c 42aabc662a624bf8839181acb8111de2 - - default default] 10.0.0.67 "GET /v2.0/security-groups/e00cee45-aaf4-4a97-87e6-16340f1d9d3d HTTP/1.1" status: 404 len: 347 time: 0.0141325
2026-07-02 01:35:42.002 10 INFO neutron.wsgi [None req-8f729024-dfe2-4072-9265-3467c411bd28 c3e159fc388047d2926d2ab6991c6583 bd0d1c018646460b833b4c906b471641 - - default default] 10.0.0.67 "DELETE /v2.0/security-groups/d9ba32ce-39ad-4d5e-ae8a-b9b7faf3f814 HTTP/1.1" status: 204 len: 168 time: 0.2262173
2026-07-02 01:35:42.210 9 INFO neutron.wsgi [None req-a1e1e894-b7ae-4d95-a04d-8b0b43f0a6ce a783556fb6f3440e8edf2e2cf4920d20 4deee6bebc7e4418a9ad1658b69da6fa - - default default] 10.0.0.67 "GET /v2.0/extensions HTTP/1.1" status: 200 len: 16975 time: 0.1196046
2026-07-02 01:35:42.225 10 INFO neutron.wsgi [None req-b9e0f6b8-8606-4053-b11d-164c5c4d7bfc a783556fb6f3440e8edf2e2cf4920d20 4deee6bebc7e4418a9ad1658b69da6fa - - default default] 10.0.0.67 "GET /v2.0/extensions/address-group HTTP/1.1" status: 200 len: 353 time: 0.0066478
2026-07-02 01:35:42.237 10 INFO neutron.wsgi [None req-f45cb498-d002-4030-b2dd-8c711b9a8c3a a783556fb6f3440e8edf2e2cf4920d20 4deee6bebc7e4418a9ad1658b69da6fa - - default default] 10.0.0.67 "GET /v2.0/extensions/address-scope HTTP/1.1" status: 200 len: 357 time: 0.0052142
2026-07-02 01:35:42.250 9 INFO neutron.wsgi [None req-ebedae1e-eb9c-4db3-8c26-eb1c33619fb4 a783556fb6f3440e8edf2e2cf4920d20 4deee6bebc7e4418a9ad1658b69da6fa - - default default] 10.0.0.67 "GET /v2.0/extensions/agent HTTP/1.1" status: 200 len: 347 time: 0.0070755
2026-07-02 01:35:42.260 9 INFO neutron.wsgi [None req-6536671d-f5f8-4cd8-bfef-93b2f0ac0604 a783556fb6f3440e8edf2e2cf4920d20 4deee6bebc7e4418a9ad1658b69da6fa - - default default] 10.0.0.67 "GET /v2.0/extensions/allowed-address-pairs HTTP/1.1" status: 200 len: 378 time: 0.0041375
2026-07-02 01:35:42.267 9 INFO neutron.wsgi [None req-c9ce6ad6-70e7-4f38-b2ad-62f1ecff0956 a783556fb6f3440e8edf2e2cf4920d20 4deee6bebc7e4418a9ad1658b69da6fa - - default default] 10.0.0.67 "GET /v2.0/extensions/auto-allocated-topology HTTP/1.1" status: 200 len: 394 time: 0.0034733
2026-07-02 01:35:42.274 9 INFO neutron.wsgi [None req-f274d8cf-78d5-4031-8ae7-e742eda3beca a783556fb6f3440e8edf2e2cf4920d20 4deee6bebc7e4418a9ad1658b69da6fa - - default default] 10.0.0.67 "GET /v2.0/extensions/availability_zone HTTP/1.1" status: 200 len: 372 time: 0.0035186
2026-07-02 01:35:42.283 9 INFO neutron.wsgi [None req-3ce25f67-f12a-469d-a285-ae62d479da53 a783556fb6f3440e8edf2e2cf4920d20 4deee6bebc7e4418a9ad1658b69da6fa - - default default] 10.0.0.67 "GET /v2.0/extensions/default-subnetpools HTTP/1.1" status: 200 len: 405 time: 0.0051053
2026-07-02 01:35:42.290 9 INFO neutron.wsgi [None req-d7b1172d-1d4d-4c30-a5bc-e43f4ac1d70a fdfbbc2f1b08474e9e896ebe6819266c 42aabc662a624bf8839181acb8111de2 - - default default] 10.0.0.67 "DELETE /v2.0/floatingips/15281139-6083-442e-a1a4-7007e672c5e7 HTTP/1.1" status: 204 len: 168 time: 0.4361954
2026-07-02 01:35:42.296 9 INFO neutron.wsgi [None req-5f3263a6-021a-4499-ae94-64189ab322e0 a783556fb6f3440e8edf2e2cf4920d20 4deee6bebc7e4418a9ad1658b69da6fa - - default default] 10.0.0.67 "GET /v2.0/extensions/dhcp_agent_scheduler HTTP/1.1" status: 200 len: 381 time: 0.0053954
2026-07-02 01:35:42.306 9 INFO neutron.wsgi [None req-cd88f7ad-e2b1-4ea4-84cd-bfb7c801b5a6 a783556fb6f3440e8edf2e2cf4920d20 4deee6bebc7e4418a9ad1658b69da6fa - - default default] 10.0.0.67 "GET /v2.0/extensions/dns-integration HTTP/1.1" status: 200 len: 366 time: 0.0044456
2026-07-02 01:35:42.312 9 INFO neutron.wsgi [None req-dc6b6c55-bf59-45a7-b34b-7100432ea3fe a783556fb6f3440e8edf2e2cf4920d20 4deee6bebc7e4418a9ad1658b69da6fa - - default default] 10.0.0.67 "GET /v2.0/extensions/dns-domain-ports HTTP/1.1" status: 200 len: 399 time: 0.0033209
2026-07-02 01:35:42.323 10 INFO neutron.wsgi [None req-df90d882-109e-42bb-88fa-10796c0c7c2e a783556fb6f3440e8edf2e2cf4920d20 4deee6bebc7e4418a9ad1658b69da6fa - - default default] 10.0.0.67 "GET /v2.0/extensions/dns-integration-domain-keywords HTTP/1.1" status: 200 len: 477 time: 0.0056276
2026-07-02 01:35:42.334 9 INFO neutron.wsgi [None req-39b731ec-d441-44ae-ab09-02b2aa86633b a783556fb6f3440e8edf2e2cf4920d20 4deee6bebc7e4418a9ad1658b69da6fa - - default default] 10.0.0.67 "GET /v2.0/extensions/empty-string-filtering HTTP/1.1" status: 200 len: 413 time: 0.0083888
2026-07-02 01:35:42.344 9 INFO neutron.wsgi [None req-0aeae3cb-0e76-432e-8a11-ce2967e773fc a783556fb6f3440e8edf2e2cf4920d20 4deee6bebc7e4418a9ad1658b69da6fa - - default default] 10.0.0.67 "GET /v2.0/extensions/external-net HTTP/1.1" status: 200 len: 394 time: 0.0062399
2026-07-02 01:35:42.353 9 INFO neutron.wsgi [None req-aba86e96-10fd-442c-be62-eb70dd106937 a783556fb6f3440e8edf2e2cf4920d20 4deee6bebc7e4418a9ad1658b69da6fa - - default default] 10.0.0.67 "GET /v2.0/extensions/extra_dhcp_opt HTTP/1.1" status: 200 len: 498 time: 0.0045650
2026-07-02 01:35:42.363 10 INFO neutron.wsgi [None req-0d3dba5d-e766-493f-ad8f-48a5c051b6fe a783556fb6f3440e8edf2e2cf4920d20 4deee6bebc7e4418a9ad1658b69da6fa - - default default] 10.0.0.67 "GET /v2.0/extensions/extraroute HTTP/1.1" status: 200 len: 375 time: 0.0070157
2026-07-02 01:35:42.374 10 INFO neutron.wsgi [None req-d7963e27-2423-4e56-b91d-698722d5bd1e a783556fb6f3440e8edf2e2cf4920d20 4deee6bebc7e4418a9ad1658b69da6fa - - default default] 10.0.0.67 "GET /v2.0/extensions/filter-validation HTTP/1.1" status: 200 len: 392 time: 0.0056195
2026-07-02 01:35:42.389 9 INFO neutron.wsgi [None req-98df577c-dcde-4633-aeec-3ddf5b7d7d1d a783556fb6f3440e8edf2e2cf4920d20 4deee6bebc7e4418a9ad1658b69da6fa - - default default] 10.0.0.67 "GET /v2.0/extensions/floating-ip-port-forwarding-detail HTTP/1.1" status: 200 len: 465 time: 0.0102091
2026-07-02 01:35:42.404 10 INFO neutron.wsgi [None req-db4843fd-9a87-4301-bc1c-efb8a9504613 a783556fb6f3440e8edf2e2cf4920d20 4deee6bebc7e4418a9ad1658b69da6fa - - default default] 10.0.0.67 "GET /v2.0/extensions/fip-port-details HTTP/1.1" status: 200 len: 406 time: 0.0109360
2026-07-02 01:35:42.421 10 INFO neutron.wsgi [None req-f547dbdc-5123-4b70-8fc7-602a9606245e a783556fb6f3440e8edf2e2cf4920d20 4deee6bebc7e4418a9ad1658b69da6fa - - default default] 10.0.0.67 "GET /v2.0/extensions/flavors HTTP/1.1" status: 200 len: 387 time: 0.0116351
2026-07-02 01:35:42.430 10 INFO neutron.wsgi [None req-cd3079c0-8f99-416a-aa9f-e8151b58e57c a783556fb6f3440e8edf2e2cf4920d20 4deee6bebc7e4418a9ad1658b69da6fa - - default default] 10.0.0.67 "GET /v2.0/extensions/floatingip-pools HTTP/1.1" status: 200 len: 382 time: 0.0039971
2026-07-02 01:35:42.440 10 INFO neutron.wsgi [None req-ce8106a2-896b-475a-8bd5-4d5cc38aada5 a783556fb6f3440e8edf2e2cf4920d20 4deee6bebc7e4418a9ad1658b69da6fa - - default default] 10.0.0.67 "GET /v2.0/extensions/ip_allocation HTTP/1.1" status: 200 len: 356 time: 0.0039067
2026-07-02 01:35:42.442 10 INFO neutron.db.ovn_revision_numbers_db [None req-4eaf5c08-2813-4dc2-966a-aef93551bd8f c3e159fc388047d2926d2ab6991c6583 bd0d1c018646460b833b4c906b471641 - - default default] Successfully bumped revision number for resource 53bba274-e526-49ae-9fb6-0008eba04f65 (type: security_groups) to 1
2026-07-02 01:35:42.449 9 INFO neutron.wsgi [None req-3ca9b968-a395-4b1e-9032-421215b8d261 a783556fb6f3440e8edf2e2cf4920d20 4deee6bebc7e4418a9ad1658b69da6fa - - default default] 10.0.0.67 "GET /v2.0/extensions/l2_adjacency HTTP/1.1" status: 200 len: 372 time: 0.0057206
2026-07-02 01:35:42.460 10 INFO neutron.wsgi [None req-885f7dc7-b72e-4e3f-b58b-bb57c8fee571 a783556fb6f3440e8edf2e2cf4920d20 4deee6bebc7e4418a9ad1658b69da6fa - - default default] 10.0.0.67 "GET /v2.0/extensions/router HTTP/1.1" status: 200 len: 450 time: 0.0053878
2026-07-02 01:35:42.461 10 INFO neutron.db.ovn_revision_numbers_db [None req-4eaf5c08-2813-4dc2-966a-aef93551bd8f c3e159fc388047d2926d2ab6991c6583 bd0d1c018646460b833b4c906b471641 - - default default] Successfully bumped revision number for resource 16d945d0-0232-4063-982e-d07430b161fe (type: security_group_rules) to 0
2026-07-02 01:35:42.468 10 INFO neutron.wsgi [None req-921da558-fd86-475e-b4c9-f32ec75c58ed a783556fb6f3440e8edf2e2cf4920d20 4deee6bebc7e4418a9ad1658b69da6fa - - default default] 10.0.0.67 "GET /v2.0/extensions/ext-gw-mode HTTP/1.1" status: 200 len: 462 time: 0.0042529
2026-07-02 01:35:42.476 10 INFO neutron.wsgi [None req-650b75e9-7c61-4077-9ce6-336a4850e93c a783556fb6f3440e8edf2e2cf4920d20 4deee6bebc7e4418a9ad1658b69da6fa - - default default] 10.0.0.67 "GET /v2.0/extensions/logging HTTP/1.1" status: 200 len: 407 time: 0.0036449
2026-07-02 01:35:42.483 10 INFO neutron.wsgi [None req-4649588a-6f3e-41f8-96b4-5412a49feff0 a783556fb6f3440e8edf2e2cf4920d20 4deee6bebc7e4418a9ad1658b69da6fa - - default default] 10.0.0.67 "GET /v2.0/extensions/multi-provider HTTP/1.1" status: 200 len: 406 time: 0.0028629
2026-07-02 01:35:42.484 10 INFO neutron.db.ovn_revision_numbers_db [None req-4eaf5c08-2813-4dc2-966a-aef93551bd8f c3e159fc388047d2926d2ab6991c6583 bd0d1c018646460b833b4c906b471641 - - default default] Successfully bumped revision number for resource 23f44ab8-0fc5-4339-8eed-02490bee645d (type: security_group_rules) to 0
2026-07-02 01:35:42.492 10 INFO neutron.wsgi [None req-eaa11353-efc0-4629-bbfc-5984bf422a01 a783556fb6f3440e8edf2e2cf4920d20 4deee6bebc7e4418a9ad1658b69da6fa - - default default] 10.0.0.67 "GET /v2.0/extensions/net-mtu HTTP/1.1" status: 200 len: 370 time: 0.0051675
2026-07-02 01:35:42.503 9 INFO neutron.wsgi [None req-c5f7d24c-5cb6-4bb0-a436-2549ee123983 a783556fb6f3440e8edf2e2cf4920d20 4deee6bebc7e4418a9ad1658b69da6fa - - default default] 10.0.0.67 "GET /v2.0/extensions/net-mtu-writable HTTP/1.1" status: 200 len: 401 time: 0.0055239
2026-07-02 01:35:42.510 9 INFO neutron.wsgi [None req-f959096b-d6c1-4c6f-bf2a-58cfff166c1e a783556fb6f3440e8edf2e2cf4920d20 4deee6bebc7e4418a9ad1658b69da6fa - - default default] 10.0.0.67 "GET /v2.0/extensions/network_availability_zone HTTP/1.1" status: 200 len: 394 time: 0.0039306
2026-07-02 01:35:42.513 10 INFO neutron.db.ovn_revision_numbers_db [None req-4eaf5c08-2813-4dc2-966a-aef93551bd8f c3e159fc388047d2926d2ab6991c6583 bd0d1c018646460b833b4c906b471641 - - default default] Successfully bumped revision number for resource 31953b70-71ce-425d-acd0-4fabf104caa6 (type: security_group_rules) to 0
2026-07-02 01:35:42.523 9 INFO neutron.wsgi [None req-fca1392f-7956-4fd3-8523-2f3dd75f1352 a783556fb6f3440e8edf2e2cf4920d20 4deee6bebc7e4418a9ad1658b69da6fa - - default default] 10.0.0.67 "GET /v2.0/extensions/network-ip-availability HTTP/1.1" status: 200 len: 410 time: 0.0071540
2026-07-02 01:35:42.533 10 INFO neutron.wsgi [None req-8fa933e2-985a-4bb7-9f6b-9355b41ef7b5 a783556fb6f3440e8edf2e2cf4920d20 4deee6bebc7e4418a9ad1658b69da6fa - - default default] 10.0.0.67 "GET /v2.0/extensions/pagination HTTP/1.1" status: 200 len: 386 time: 0.0054839
2026-07-02 01:35:42.534 10 INFO neutron.db.ovn_revision_numbers_db [None req-4eaf5c08-2813-4dc2-966a-aef93551bd8f c3e159fc388047d2926d2ab6991c6583 bd0d1c018646460b833b4c906b471641 - - default default] Successfully bumped revision number for resource 35af4c6a-9e2b-4a53-8b5b-f0497ff40644 (type: security_group_rules) to 0
2026-07-02 01:35:42.545 10 INFO neutron.wsgi [None req-a54f9dca-1f34-4330-803f-58934c1b4165 a783556fb6f3440e8edf2e2cf4920d20 4deee6bebc7e4418a9ad1658b69da6fa - - default default] 10.0.0.67 "GET /v2.0/extensions/port-device-profile HTTP/1.1" status: 200 len: 383 time: 0.0065279
2026-07-02 01:35:42.556 10 INFO neutron.wsgi [None req-86ebdda8-6995-4701-b39a-5be60bc8e19c a783556fb6f3440e8edf2e2cf4920d20 4deee6bebc7e4418a9ad1658b69da6fa - - default default] 10.0.0.67 "GET /v2.0/extensions/port-mac-address-regenerate HTTP/1.1" status: 200 len: 403 time: 0.0060687
2026-07-02 01:35:42.567 9 INFO neutron.wsgi [None req-8a1a791d-d61c-4d8a-8e8b-f7ed9ebf471e a783556fb6f3440e8edf2e2cf4920d20 4deee6bebc7e4418a9ad1658b69da6fa - - default default] 10.0.0.67 "GET /v2.0/extensions/port-numa-affinity-policy HTTP/1.1" status: 200 len: 392 time: 0.0071585
2026-07-02 01:35:42.567 10 INFO neutron.wsgi [None req-4eaf5c08-2813-4dc2-966a-aef93551bd8f c3e159fc388047d2926d2ab6991c6583 bd0d1c018646460b833b4c906b471641 - - default default] 10.0.0.67 "GET /v2.0/security-groups?tenant_id=421411e2f7514ad8b22df145264c0bdd&name=default HTTP/1.1" status: 200 len: 2996 time: 0.3052197
2026-07-02 01:35:42.577 10 INFO neutron.wsgi [None req-3cbe92dd-d4c4-461e-9d67-09ac51e44798 a783556fb6f3440e8edf2e2cf4920d20 4deee6bebc7e4418a9ad1658b69da6fa - - default default] 10.0.0.67 "GET /v2.0/extensions/port-resource-request HTTP/1.1" status: 200 len: 379 time: 0.0054462
2026-07-02 01:35:42.585 10 INFO neutron.wsgi [None req-99a66077-6d7f-4105-9f31-3b1d16965fb8 a783556fb6f3440e8edf2e2cf4920d20 4deee6bebc7e4418a9ad1658b69da6fa - - default default] 10.0.0.67 "GET /v2.0/extensions/port-resource-request-groups HTTP/1.1" status: 200 len: 465 time: 0.0033550
2026-07-02 01:35:42.591 10 INFO neutron.wsgi [None req-ca5d1152-3ba1-468f-afab-00e90793e9b3 a783556fb6f3440e8edf2e2cf4920d20 4deee6bebc7e4418a9ad1658b69da6fa - - default default] 10.0.0.67 "GET /v2.0/extensions/binding HTTP/1.1" status: 200 len: 387 time: 0.0028756
2026-07-02 01:35:42.598 10 INFO neutron.wsgi [None req-e2c93749-fc7c-40f9-bc21-b44233060827 a783556fb6f3440e8edf2e2cf4920d20 4deee6bebc7e4418a9ad1658b69da6fa - - default default] 10.0.0.67 "GET /v2.0/extensions/binding-extended HTTP/1.1" status: 200 len: 406 time: 0.0045679
2026-07-02 01:35:42.605 10 INFO neutron.wsgi [None req-61da8615-9a9c-4012-aa29-7081de5dad76 a783556fb6f3440e8edf2e2cf4920d20 4deee6bebc7e4418a9ad1658b69da6fa - - default default] 10.0.0.67 "GET /v2.0/extensions/port-security HTTP/1.1" status: 200 len: 354 time: 0.0040164
2026-07-02 01:35:42.619 10 INFO neutron.wsgi [None req-28c4f5b5-b0c9-42f2-a9cc-b1b62e76c43d a783556fb6f3440e8edf2e2cf4920d20 4deee6bebc7e4418a9ad1658b69da6fa - - default default] 10.0.0.67 "GET /v2.0/extensions/project-id HTTP/1.1" status: 200 len: 398 time: 0.0051987
2026-07-02 01:35:42.627 10 INFO neutron.wsgi [None req-152531a5-493e-4aea-b0b8-e8544232c836 a783556fb6f3440e8edf2e2cf4920d20 4deee6bebc7e4418a9ad1658b69da6fa - - default default] 10.0.0.67 "GET /v2.0/extensions/provider HTTP/1.1" status: 200 len: 385 time: 0.0045910
2026-07-02 01:35:42.643 10 INFO neutron.wsgi [None req-17732c4b-6039-4e08-9b6d-4090fe4219ef a783556fb6f3440e8edf2e2cf4920d20 4deee6bebc7e4418a9ad1658b69da6fa - - default default] 10.0.0.67 "GET /v2.0/extensions/qos HTTP/1.1" status: 200 len: 360 time: 0.0050266
2026-07-02 01:35:42.653 10 INFO neutron.wsgi [None req-8c689fb0-e42f-4789-a621-e3614cd8a1d2 a783556fb6f3440e8edf2e2cf4920d20 4deee6bebc7e4418a9ad1658b69da6fa - - default default] 10.0.0.67 "GET /v2.0/extensions/qos-bw-limit-direction HTTP/1.1" status: 200 len: 452 time: 0.0043828
2026-07-02 01:35:42.661 10 INFO neutron.wsgi [None req-760b92d4-f428-415e-aced-db9d4a8c6758 a783556fb6f3440e8edf2e2cf4920d20 4deee6bebc7e4418a9ad1658b69da6fa - - default default] 10.0.0.67 "GET /v2.0/extensions/qos-bw-minimum-ingress HTTP/1.1" status: 200 len: 445 time: 0.0043275
2026-07-02 01:35:42.669 10 INFO neutron.wsgi [None req-e9e27307-24c5-4502-a94d-c48d1fc6fe6c a783556fb6f3440e8edf2e2cf4920d20 4deee6bebc7e4418a9ad1658b69da6fa - - default default] 10.0.0.67 "GET /v2.0/extensions/qos-default HTTP/1.1" status: 200 len: 377 time: 0.0041931
2026-07-02 01:35:42.680 10 INFO neutron.wsgi [None req-d33a45a6-3100-4fe9-861d-414add844ddb a783556fb6f3440e8edf2e2cf4920d20 4deee6bebc7e4418a9ad1658b69da6fa - - default default] 10.0.0.67 "GET /v2.0/extensions/qos-fip HTTP/1.1" status: 200 len: 372 time: 0.0067058
2026-07-02 01:35:42.688 10 INFO neutron.wsgi [None req-e576ee22-049f-42da-99c0-761a65cfa884 a783556fb6f3440e8edf2e2cf4920d20 4deee6bebc7e4418a9ad1658b69da6fa - - default default] 10.0.0.67 "GET /v2.0/extensions/qos-gateway-ip HTTP/1.1" status: 200 len: 391 time: 0.0041757
2026-07-02 01:35:42.697 10 INFO neutron.wsgi [None req-048c468d-3fab-4c96-bf60-19a6b084dd28 a783556fb6f3440e8edf2e2cf4920d20 4deee6bebc7e4418a9ad1658b69da6fa - - default default] 10.0.0.67 "GET /v2.0/extensions/qos-port-network-policy HTTP/1.1" status: 200 len: 403 time: 0.0043347
2026-07-02 01:35:42.705 10 INFO neutron.wsgi [None req-6e93d336-3c83-41e2-9d5c-ced5c378a0e4 a783556fb6f3440e8edf2e2cf4920d20 4deee6bebc7e4418a9ad1658b69da6fa - - default default] 10.0.0.67 "GET /v2.0/extensions/qos-pps-minimum HTTP/1.1" status: 200 len: 397 time: 0.0042353
2026-07-02 01:35:42.720 9 INFO neutron.wsgi [None req-8f6f6077-9898-4eb0-9f8c-155ccc202263 a783556fb6f3440e8edf2e2cf4920d20 4deee6bebc7e4418a9ad1658b69da6fa - - default default] 10.0.0.67 "GET /v2.0/extensions/qos-pps-minimum-rule-alias HTTP/1.1" status: 200 len: 471 time: 0.0058939
2026-07-02 01:35:42.738 10 INFO neutron.wsgi [None req-1c8a4e5c-36c9-4a7a-917d-0496a9cd2245 a783556fb6f3440e8edf2e2cf4920d20 4deee6bebc7e4418a9ad1658b69da6fa - - default default] 10.0.0.67 "GET /v2.0/extensions/qos-pps HTTP/1.1" status: 200 len: 389 time: 0.0056601
2026-07-02 01:35:42.749 10 INFO neutron.wsgi [None req-98007eb4-2c5c-44b4-a774-65f5d01eac90 a783556fb6f3440e8edf2e2cf4920d20 4deee6bebc7e4418a9ad1658b69da6fa - - default default] 10.0.0.67 "GET /v2.0/extensions/qos-rule-type-details HTTP/1.1" status: 200 len: 423 time: 0.0051370
2026-07-02 01:35:42.759 10 INFO neutron.wsgi [None req-ffcc93d2-6833-4bf9-9abd-5904d18c0df4 a783556fb6f3440e8edf2e2cf4920d20 4deee6bebc7e4418a9ad1658b69da6fa - - default default] 10.0.0.67 "GET /v2.0/extensions/qos-rule-type-filter HTTP/1.1" status: 200 len: 567 time: 0.0059361
2026-07-02 01:35:42.770 10 INFO neutron.wsgi [None req-06142620-df96-4cae-ac59-785547b77d3e a783556fb6f3440e8edf2e2cf4920d20 4deee6bebc7e4418a9ad1658b69da6fa - - default default] 10.0.0.67 "GET /v2.0/extensions/qos-rules-alias HTTP/1.1" status: 200 len: 448 time: 0.0067554
2026-07-02 01:35:42.779 10 INFO neutron.wsgi [None req-d3330e6c-5493-46a5-964f-123dd390a3d8 a783556fb6f3440e8edf2e2cf4920d20 4deee6bebc7e4418a9ad1658b69da6fa - - default default] 10.0.0.67 "GET /v2.0/extensions/quota-check-limit HTTP/1.1" status: 200 len: 420 time: 0.0038233
2026-07-02 01:35:42.791 10 INFO neutron.wsgi [None req-e31cbbeb-d040-48bb-8152-d026488b96b9 a783556fb6f3440e8edf2e2cf4920d20 4deee6bebc7e4418a9ad1658b69da6fa - - default default] 10.0.0.67 "GET /v2.0/extensions/quotas HTTP/1.1" status: 200 len: 386 time: 0.0066319
2026-07-02 01:35:42.801 10 INFO neutron.wsgi [None req-d86dd690-cd37-4085-9946-f0b95be550e8 a783556fb6f3440e8edf2e2cf4920d20 4deee6bebc7e4418a9ad1658b69da6fa - - default default] 10.0.0.67 "GET /v2.0/extensions/quota_details HTTP/1.1" status: 200 len: 407 time: 0.0049505
2026-07-02 01:35:42.809 10 INFO neutron.wsgi [None req-711e1265-a849-461a-809c-9fc0337bc9b3 a783556fb6f3440e8edf2e2cf4920d20 4deee6bebc7e4418a9ad1658b69da6fa - - default default] 10.0.0.67 "GET /v2.0/extensions/rbac-policies HTTP/1.1" status: 200 len: 417 time: 0.0049865
2026-07-02 01:35:42.820 10 INFO neutron.wsgi [None req-39a1bf97-81e3-4d4b-b570-986b38129cde a783556fb6f3440e8edf2e2cf4920d20 4deee6bebc7e4418a9ad1658b69da6fa - - default default] 10.0.0.67 "GET /v2.0/extensions/rbac-address-scope HTTP/1.1" status: 200 len: 384 time: 0.0073137
2026-07-02 01:35:42.828 10 INFO neutron.wsgi [None req-03060aa0-726d-4a49-b8ec-e8ade41ddc96 a783556fb6f3440e8edf2e2cf4920d20 4deee6bebc7e4418a9ad1658b69da6fa - - default default] 10.0.0.67 "GET /v2.0/extensions/rbac-security-groups HTTP/1.1" status: 200 len: 404 time: 0.0054100
2026-07-02 01:35:42.836 10 INFO neutron.wsgi [None req-be525e3d-e654-4a47-a368-ff04ced0bf64 a783556fb6f3440e8edf2e2cf4920d20 4deee6bebc7e4418a9ad1658b69da6fa - - default default] 10.0.0.67 "GET /v2.0/extensions/revision-if-match HTTP/1.1" status: 200 len: 441 time: 0.0044193
2026-07-02 01:35:42.843 10 INFO neutron.wsgi [None req-a3a97cea-700b-4046-88be-b7f28058bc3f a783556fb6f3440e8edf2e2cf4920d20 4deee6bebc7e4418a9ad1658b69da6fa - - default default] 10.0.0.67 "GET /v2.0/extensions/standard-attr-revisions HTTP/1.1" status: 200 len: 423 time: 0.0044107
2026-07-02 01:35:42.853 10 INFO neutron.wsgi [None req-3accd305-9c9b-4026-aa61-a9ec77388ab1 a783556fb6f3440e8edf2e2cf4920d20 4deee6bebc7e4418a9ad1658b69da6fa - - default default] 10.0.0.67 "GET /v2.0/extensions/router_availability_zone HTTP/1.1" status: 200 len: 391 time: 0.0046408
2026-07-02 01:35:42.864 10 INFO neutron.wsgi [None req-2b298a4f-fef3-4eec-9cfc-deb417de3995 a783556fb6f3440e8edf2e2cf4920d20 4deee6bebc7e4418a9ad1658b69da6fa - - default default] 10.0.0.67 "GET /v2.0/extensions/security-groups-default-rules HTTP/1.1" status: 200 len: 456 time: 0.0046651
2026-07-02 01:35:42.875 10 INFO neutron.wsgi [None req-65c7bef0-3a24-48ad-b81a-27312d86ac33 a783556fb6f3440e8edf2e2cf4920d20 4deee6bebc7e4418a9ad1658b69da6fa - - default default] 10.0.0.67 "GET /v2.0/extensions/security-groups-normalized-cidr HTTP/1.1" status: 200 len: 445 time: 0.0064490
2026-07-02 01:35:42.875 9 INFO neutron.wsgi [None req-4bcd0d46-ac60-49bf-9d06-f952c09e5a03 c3e159fc388047d2926d2ab6991c6583 bd0d1c018646460b833b4c906b471641 - - default default] 10.0.0.67 "DELETE /v2.0/security-groups/53bba274-e526-49ae-9fb6-0008eba04f65 HTTP/1.1" status: 204 len: 168 time: 0.3019128
2026-07-02 01:35:42.886 10 INFO neutron.wsgi [None req-82e14fe3-4a73-4012-af5c-1693295848ef a783556fb6f3440e8edf2e2cf4920d20 4deee6bebc7e4418a9ad1658b69da6fa - - default default] 10.0.0.67 "GET /v2.0/extensions/security-groups-remote-address-group HTTP/1.1" status: 200 len: 448 time: 0.0051758
2026-07-02 01:35:42.893 10 INFO neutron.wsgi [None req-39e14365-b001-4e59-807d-cf2fb244aaf0 a783556fb6f3440e8edf2e2cf4920d20 4deee6bebc7e4418a9ad1658b69da6fa - - default default] 10.0.0.67 "GET /v2.0/extensions/security-groups-shared-filtering HTTP/1.1" status: 200 len: 435 time: 0.0031040
2026-07-02 01:35:42.901 10 INFO neutron.wsgi [None req-b5edb75d-9f7e-48b5-999f-bd8fe43f5f52 a783556fb6f3440e8edf2e2cf4920d20 4deee6bebc7e4418a9ad1658b69da6fa - - default default] 10.0.0.67 "GET /v2.0/extensions/security-group HTTP/1.1" status: 200 len: 364 time: 0.0041342
2026-07-02 01:35:42.911 10 INFO neutron.wsgi [None req-f05db27e-2e4f-436b-ad69-1011c91a50a2 a783556fb6f3440e8edf2e2cf4920d20 4deee6bebc7e4418a9ad1658b69da6fa - - default default] 10.0.0.67 "GET /v2.0/extensions/segment HTTP/1.1" status: 200 len: 339 time: 0.0064750
2026-07-02 01:35:42.921 9 INFO neutron.wsgi [None req-6fbb9b3e-1d06-4587-b1d4-5eece500300c a783556fb6f3440e8edf2e2cf4920d20 4deee6bebc7e4418a9ad1658b69da6fa - - default default] 10.0.0.67 "GET /v2.0/extensions/segments-peer-subnet-host-routes HTTP/1.1" status: 200 len: 427 time: 0.0058689
2026-07-02 01:35:42.933 9 INFO neutron.wsgi [None req-f9dc172e-365b-4575-ae36-ee1435b0442d a783556fb6f3440e8edf2e2cf4920d20 4deee6bebc7e4418a9ad1658b69da6fa - - default default] 10.0.0.67 "GET /v2.0/extensions/service-type HTTP/1.1" status: 200 len: 415 time: 0.0052781
2026-07-02 01:35:42.940 9 INFO neutron.wsgi [None req-431f9e4a-746d-460f-bb19-4ecceed41cd3 a783556fb6f3440e8edf2e2cf4920d20 4deee6bebc7e4418a9ad1658b69da6fa - - default default] 10.0.0.67 "GET /v2.0/extensions/sorting HTTP/1.1" status: 200 len: 377 time: 0.0029714
2026-07-02 01:35:42.950 10 INFO neutron.wsgi [None req-9feb53d9-be44-41e9-8363-036b8ab66566 a783556fb6f3440e8edf2e2cf4920d20 4deee6bebc7e4418a9ad1658b69da6fa - - default default] 10.0.0.67 "GET /v2.0/extensions/standard-attr-segment HTTP/1.1" status: 200 len: 406 time: 0.0067654
2026-07-02 01:35:42.962 10 INFO neutron.wsgi [None req-c54e5522-3321-423b-bb81-a8e1697b5578 a783556fb6f3440e8edf2e2cf4920d20 4deee6bebc7e4418a9ad1658b69da6fa - - default default] 10.0.0.67 "GET /v2.0/extensions/standard-attr-description HTTP/1.1" status: 200 len: 408 time: 0.0048935
2026-07-02 01:35:42.973 10 INFO neutron.wsgi [None req-d30a03d3-6514-4a56-b42d-5d069377d628 a783556fb6f3440e8edf2e2cf4920d20 4deee6bebc7e4418a9ad1658b69da6fa - - default default] 10.0.0.67 "GET /v2.0/extensions/stateful-security-group HTTP/1.1" status: 200 len: 402 time: 0.0038931
2026-07-02 01:35:42.980 10 INFO neutron.wsgi [None req-beccdd46-b756-4e8f-af62-625de4e8715c a783556fb6f3440e8edf2e2cf4920d20 4deee6bebc7e4418a9ad1658b69da6fa - - default default] 10.0.0.67 "GET /v2.0/extensions/subnet-dns-publish-fixed-ip HTTP/1.1" status: 200 len: 421 time: 0.0038140
2026-07-02 01:35:42.989 10 INFO neutron.wsgi [None req-94cde411-58f6-45ba-9e42-3d6afeb323b5 a783556fb6f3440e8edf2e2cf4920d20 4deee6bebc7e4418a9ad1658b69da6fa - - default default] 10.0.0.67 "GET /v2.0/extensions/subnet-segmentid-writable HTTP/1.1" status: 200 len: 421 time: 0.0051050
2026-07-02 01:35:43.002 10 INFO neutron.wsgi [None req-28bc9301-3835-4d12-96ab-f412e6bfe259 a783556fb6f3440e8edf2e2cf4920d20 4deee6bebc7e4418a9ad1658b69da6fa - - default default] 10.0.0.67 "GET /v2.0/extensions/subnet-service-types HTTP/1.1" status: 200 len: 400 time: 0.0062687
2026-07-02 01:35:43.009 10 INFO neutron.wsgi [None req-394cd73d-c532-4d3d-b7fc-b1a7e3a69515 a783556fb6f3440e8edf2e2cf4920d20 4deee6bebc7e4418a9ad1658b69da6fa - - default default] 10.0.0.67 "GET /v2.0/extensions/subnet_allocation HTTP/1.1" status: 200 len: 388 time: 0.0031857
2026-07-02 01:35:43.018 9 INFO neutron.wsgi [None req-4bff6b7d-9b13-489c-bfa9-3a25082de22a a783556fb6f3440e8edf2e2cf4920d20 4deee6bebc7e4418a9ad1658b69da6fa - - default default] 10.0.0.67 "GET /v2.0/extensions/subnetpool-prefix-ops HTTP/1.1" status: 200 len: 418 time: 0.0052114
2026-07-02 01:35:43.031 9 INFO neutron.wsgi [None req-5f391a5d-e790-4a9f-9822-e9004bf727d6 a783556fb6f3440e8edf2e2cf4920d20 4deee6bebc7e4418a9ad1658b69da6fa - - default default] 10.0.0.67 "GET /v2.0/extensions/standard-attr-tag HTTP/1.1" status: 200 len: 537 time: 0.0072277
2026-07-02 01:35:43.042 10 INFO neutron.wsgi [None req-288a3652-044a-4a8e-9cfb-605cc4c75d76 a783556fb6f3440e8edf2e2cf4920d20 4deee6bebc7e4418a9ad1658b69da6fa - - default default] 10.0.0.67 "GET /v2.0/extensions/standard-attr-timestamp HTTP/1.1" status: 200 len: 449 time: 0.0064969
2026-07-02 01:35:43.053 10 INFO neutron.wsgi [None req-67e80815-8817-40eb-a951-548ddb3aa50d a783556fb6f3440e8edf2e2cf4920d20 4deee6bebc7e4418a9ad1658b69da6fa - - default default] 10.0.0.67 "GET /v2.0/extensions/trunk HTTP/1.1" status: 200 len: 358 time: 0.0069227
2026-07-02 01:35:43.063 10 INFO neutron.wsgi [None req-c8381283-0bae-45f5-8aea-0b93602a8ccd a783556fb6f3440e8edf2e2cf4920d20 4deee6bebc7e4418a9ad1658b69da6fa - - default default] 10.0.0.67 "GET /v2.0/extensions/trunk-details HTTP/1.1" status: 200 len: 362 time: 0.0065513
2026-07-02 01:35:43.401 9 INFO neutron.wsgi [None req-1a71df07-b3a5-442a-ba95-5964a4916145 c3e159fc388047d2926d2ab6991c6583 bd0d1c018646460b833b4c906b471641 - - default default] 10.0.0.67 "PUT /v2.0/routers/2c8b011f-7db9-423c-9397-1362ff124f03/remove_router_interface HTTP/1.1" status: 200 len: 503 time: 1.1043253 /var/lib/openstack/lib/python3.10/site-packages/pycadf/identifier.py:71: UserWarning: Invalid uuid: neutron. To ensure interoperability, identifiers should be a valid uuid. warnings.warn(('Invalid uuid: %s. To ensure interoperability, '
2026-07-02 01:35:43.657 9 WARNING neutron_lib.context [None req-ed959a22-5441-4018-974e-efae626767f9 d1ff4244bb754598aba2ecf03cee8e83 5093bec2bbf54b8ba4dbe7ae00cb64ef - - default default] Method 'is_advsvc' is deprecated since 2023.2 release (neutron-lib 3.8.0) and will be removed once support for the old RBAC API policies will be removed from Neutron. Please use method 'is_service_role' instead.
2026-07-02 01:35:43.795 9 INFO neutron.db.ovn_revision_numbers_db [None req-336dc48a-27f7-4935-9f79-550c556cd7a4 c3e159fc388047d2926d2ab6991c6583 bd0d1c018646460b833b4c906b471641 - - default default] Successfully bumped revision number for resource cb574655-6ce0-4b52-9e92-6c1421f4de29 (type: security_groups) to 1
2026-07-02 01:35:43.819 9 INFO neutron.db.ovn_revision_numbers_db [None req-336dc48a-27f7-4935-9f79-550c556cd7a4 c3e159fc388047d2926d2ab6991c6583 bd0d1c018646460b833b4c906b471641 - - default default] Successfully bumped revision number for resource 169fe834-e75a-4544-8532-32fb0d688c6f (type: security_group_rules) to 0
2026-07-02 01:35:43.829 9 INFO neutron.db.ovn_revision_numbers_db [None req-ed959a22-5441-4018-974e-efae626767f9 d1ff4244bb754598aba2ecf03cee8e83 5093bec2bbf54b8ba4dbe7ae00cb64ef - - default default] Successfully bumped revision number for resource a590c7fc-69e6-4430-93cb-604d5072dfc8 (type: security_groups) to 1
2026-07-02 01:35:43.833 9 INFO neutron.db.ovn_revision_numbers_db [None req-336dc48a-27f7-4935-9f79-550c556cd7a4 c3e159fc388047d2926d2ab6991c6583 bd0d1c018646460b833b4c906b471641 - - default default] Successfully bumped revision number for resource 7be8a339-d4d5-4151-b28c-f255a416b111 (type: security_group_rules) to 0
2026-07-02 01:35:43.842 9 INFO neutron.db.ovn_revision_numbers_db [None req-ed959a22-5441-4018-974e-efae626767f9 d1ff4244bb754598aba2ecf03cee8e83 5093bec2bbf54b8ba4dbe7ae00cb64ef - - default default] Successfully bumped revision number for resource 65fa97b0-c517-45d9-a526-45b182e6c66d (type: security_group_rules) to 0
2026-07-02 01:35:43.846 9 INFO neutron.db.ovn_revision_numbers_db [None req-336dc48a-27f7-4935-9f79-550c556cd7a4 c3e159fc388047d2926d2ab6991c6583 bd0d1c018646460b833b4c906b471641 - - default default] Successfully bumped revision number for resource c1ff7e45-49f0-49ea-8e02-d3b3956c7399 (type: security_group_rules) to 0
2026-07-02 01:35:43.856 9 INFO neutron.db.ovn_revision_numbers_db [None req-ed959a22-5441-4018-974e-efae626767f9 d1ff4244bb754598aba2ecf03cee8e83 5093bec2bbf54b8ba4dbe7ae00cb64ef - - default default] Successfully bumped revision number for resource 76894d1a-8587-4cbd-afe5-0e4790bfafb1 (type: security_group_rules) to 0
2026-07-02 01:35:43.860 9 INFO neutron.db.ovn_revision_numbers_db [None req-336dc48a-27f7-4935-9f79-550c556cd7a4 c3e159fc388047d2926d2ab6991c6583 bd0d1c018646460b833b4c906b471641 - - default default] Successfully bumped revision number for resource d09aab64-f64d-4c99-ae87-7d37e16e3925 (type: security_group_rules) to 0
2026-07-02 01:35:43.878 9 INFO neutron.db.ovn_revision_numbers_db [None req-ed959a22-5441-4018-974e-efae626767f9 d1ff4244bb754598aba2ecf03cee8e83 5093bec2bbf54b8ba4dbe7ae00cb64ef - - default default] Successfully bumped revision number for resource c752e2a1-c207-401c-bebe-e10e60e65d7a (type: security_group_rules) to 0
2026-07-02 01:35:43.884 9 INFO neutron.wsgi [None req-336dc48a-27f7-4935-9f79-550c556cd7a4 c3e159fc388047d2926d2ab6991c6583 bd0d1c018646460b833b4c906b471641 - - default default] 10.0.0.67 "GET /v2.0/security-groups?tenant_id=4deee6bebc7e4418a9ad1658b69da6fa&name=default HTTP/1.1" status: 200 len: 2996 time: 0.3528457
2026-07-02 01:35:43.898 9 INFO neutron.db.ovn_revision_numbers_db [None req-ed959a22-5441-4018-974e-efae626767f9 d1ff4244bb754598aba2ecf03cee8e83 5093bec2bbf54b8ba4dbe7ae00cb64ef - - default default] Successfully bumped revision number for resource e888a48b-69d1-48e0-9c26-019023a42a6e (type: security_group_rules) to 0
2026-07-02 01:35:44.009 9 INFO neutron.db.ovn_revision_numbers_db [None req-ed959a22-5441-4018-974e-efae626767f9 d1ff4244bb754598aba2ecf03cee8e83 5093bec2bbf54b8ba4dbe7ae00cb64ef - - default default] Successfully bumped revision number for resource bec1ffec-eb77-42fe-a05b-53237ac0dc03 (type: security_groups) to 1
2026-07-02 01:35:44.025 9 INFO neutron.db.ovn_revision_numbers_db [None req-ed959a22-5441-4018-974e-efae626767f9 d1ff4244bb754598aba2ecf03cee8e83 5093bec2bbf54b8ba4dbe7ae00cb64ef - - default default] Successfully bumped revision number for resource 45550b8f-f211-4d52-a4e3-b7d1407d7612 (type: security_group_rules) to 0
2026-07-02 01:35:44.044 9 INFO neutron.db.ovn_revision_numbers_db [None req-ed959a22-5441-4018-974e-efae626767f9 d1ff4244bb754598aba2ecf03cee8e83 5093bec2bbf54b8ba4dbe7ae00cb64ef - - default default] Successfully bumped revision number for resource 52faf568-8a3c-478d-b9dd-22f88ab001d6 (type: security_group_rules) to 0
2026-07-02 01:35:44.069 9 INFO neutron.wsgi [None req-ed959a22-5441-4018-974e-efae626767f9 d1ff4244bb754598aba2ecf03cee8e83 5093bec2bbf54b8ba4dbe7ae00cb64ef - - default default] 10.0.0.67 "POST /v2.0/security-groups HTTP/1.1" status: 201 len: 1761 time: 0.5128090
2026-07-02 01:35:44.120 9 INFO neutron.wsgi [None req-a55df3ea-04fb-4763-80d9-dac0cea22db7 c3e159fc388047d2926d2ab6991c6583 bd0d1c018646460b833b4c906b471641 - - default default] 10.0.0.67 "DELETE /v2.0/security-groups/cb574655-6ce0-4b52-9e92-6c1421f4de29 HTTP/1.1" status: 204 len: 168 time: 0.2269943
2026-07-02 01:35:44.197 10 INFO neutron.wsgi [None req-7e406b39-c077-4d48-b9cd-10527e1f93d1 d1ff4244bb754598aba2ecf03cee8e83 5093bec2bbf54b8ba4dbe7ae00cb64ef - - default default] 10.0.0.67 "GET /v2.0/security-groups HTTP/1.1" status: 200 len: 4539 time: 0.1181464
