2026-07-02 01:15:03.382 9 INFO neutron.db.ovn_revision_numbers_db [None req-92d3f176-4fbb-4c51-b1d9-ebb1a5711308 c3e159fc388047d2926d2ab6991c6583 bd0d1c018646460b833b4c906b471641 - - default default] Successfully bumped revision number for resource 7f75f144-c0ef-4709-89b9-f7c4df0925b6 (type: security_group_rules) to 0
2026-07-02 01:15:03.400 9 INFO neutron.wsgi [None req-92d3f176-4fbb-4c51-b1d9-ebb1a5711308 c3e159fc388047d2926d2ab6991c6583 bd0d1c018646460b833b4c906b471641 - - default default] 199.204.45.113,10.0.0.52 "POST /v2.0/security-groups HTTP/1.1" status: 201 len: 1741 time: 0.1720374
2026-07-02 01:15:04.456 9 INFO neutron.wsgi [None req-74eef4a3-fb96-4c5b-8131-90c33864e94e c3e159fc388047d2926d2ab6991c6583 bd0d1c018646460b833b4c906b471641 - - default default] 199.204.45.113,10.0.0.52 "GET /v2.0/security-groups/48f45f02-822a-4720-8414-5807b8e2951e?project_id=47d27497663a41d8a5a33abe0544b282 HTTP/1.1" status: 200 len: 1736 time: 0.0858629
2026-07-02 01:15:04.499 9 INFO neutron.wsgi [None req-5b109811-a163-4ee3-ae8e-fa5bdad6b2cc c3e159fc388047d2926d2ab6991c6583 bd0d1c018646460b833b4c906b471641 - - default default] 199.204.45.113,10.0.0.52 "GET /v2.0/security-groups/48f45f02-822a-4720-8414-5807b8e2951e HTTP/1.1" status: 200 len: 1736 time: 0.0354609
2026-07-02 01:15:04.639 9 INFO neutron.wsgi [None req-8399dbd1-4d88-4e67-9645-aca3b0912944 c3e159fc388047d2926d2ab6991c6583 bd0d1c018646460b833b4c906b471641 - - default default] 199.204.45.113,10.0.0.52 "GET /v2.0/security-groups/48f45f02-822a-4720-8414-5807b8e2951e?project_id=47d27497663a41d8a5a33abe0544b282 HTTP/1.1" status: 200 len: 1736 time: 0.0697172
2026-07-02 01:15:04.778 9 INFO neutron.db.ovn_revision_numbers_db [None req-986bf859-5841-491f-8935-27410e4370aa c3e159fc388047d2926d2ab6991c6583 bd0d1c018646460b833b4c906b471641 - - default default] Successfully bumped revision number for resource ec9c8c98-7617-449b-9322-f32058d753f1 (type: security_group_rules) to 0
2026-07-02 01:15:04.804 9 INFO neutron.wsgi [None req-986bf859-5841-491f-8935-27410e4370aa c3e159fc388047d2926d2ab6991c6583 bd0d1c018646460b833b4c906b471641 - - default default] 199.204.45.113,10.0.0.52 "POST /v2.0/security-group-rules HTTP/1.1" status: 201 len: 745 time: 0.1573370
2026-07-02 01:15:05.844 10 INFO neutron.wsgi [None req-be3ab40a-857b-4fab-89fe-c07d624d7216 c3e159fc388047d2926d2ab6991c6583 bd0d1c018646460b833b4c906b471641 - - default default] 199.204.45.113,10.0.0.52 "GET /v2.0/security-groups/48f45f02-822a-4720-8414-5807b8e2951e?project_id=47d27497663a41d8a5a33abe0544b282 HTTP/1.1" status: 200 len: 2314 time: 0.0894542
2026-07-02 01:15:05.900 10 INFO neutron.wsgi [None req-0f119a40-d0f3-4627-82a8-3bda4990a156 c3e159fc388047d2926d2ab6991c6583 bd0d1c018646460b833b4c906b471641 - - default default] 199.204.45.113,10.0.0.52 "GET /v2.0/security-groups/48f45f02-822a-4720-8414-5807b8e2951e HTTP/1.1" status: 200 len: 2314 time: 0.0466197
2026-07-02 01:15:06.038 10 INFO neutron.wsgi [None req-d572b74a-9cb6-431b-ae7c-4fdc30102851 c3e159fc388047d2926d2ab6991c6583 bd0d1c018646460b833b4c906b471641 - - default default] 199.204.45.113,10.0.0.52 "GET /v2.0/security-groups/48f45f02-822a-4720-8414-5807b8e2951e?project_id=47d27497663a41d8a5a33abe0544b282 HTTP/1.1" status: 200 len: 2314 time: 0.0415947
2026-07-02 01:15:06.178 10 INFO neutron.db.ovn_revision_numbers_db [None req-a86285fa-9662-439f-a065-4d455f4afc2d c3e159fc388047d2926d2ab6991c6583 bd0d1c018646460b833b4c906b471641 - - default default] Successfully bumped revision number for resource a8ed13db-2e31-48d7-a251-0345fd1f9f04 (type: security_group_rules) to 0
2026-07-02 01:15:06.222 10 INFO neutron.wsgi [None req-a86285fa-9662-439f-a065-4d455f4afc2d c3e159fc388047d2926d2ab6991c6583 bd0d1c018646460b833b4c906b471641 - - default default] 199.204.45.113,10.0.0.52 "POST /v2.0/security-group-rules HTTP/1.1" status: 201 len: 747 time: 0.1789322
2026-07-02 01:15:06.232 10 INFO neutron.wsgi [-] 10.0.0.52 "GET / HTTP/1.1" status: 200 len: 247 time: 0.0016799
2026-07-02 01:15:06.234 9 INFO neutron.wsgi [-] 10.0.0.52 "GET / HTTP/1.1" status: 200 len: 247 time: 0.0034533
2026-07-02 01:15:07.254 10 INFO neutron.wsgi [None req-5068e8f7-15a9-4694-b7f9-11242d3f53e6 c3e159fc388047d2926d2ab6991c6583 bd0d1c018646460b833b4c906b471641 - - default default] 199.204.45.113,10.0.0.52 "GET /v2.0/security-groups/48f45f02-822a-4720-8414-5807b8e2951e?project_id=47d27497663a41d8a5a33abe0544b282 HTTP/1.1" status: 200 len: 2894 time: 0.0865295
2026-07-02 01:15:07.300 10 INFO neutron.wsgi [None req-ad260fd7-7fe2-4d3b-94d5-66f0f8a61155 c3e159fc388047d2926d2ab6991c6583 bd0d1c018646460b833b4c906b471641 - - default default] 199.204.45.113,10.0.0.52 "GET /v2.0/security-groups/48f45f02-822a-4720-8414-5807b8e2951e HTTP/1.1" status: 200 len: 2894 time: 0.0366497
2026-07-02 01:15:07.421 10 INFO neutron.wsgi [None req-a5d87a31-4345-446f-bf42-5313121577c1 c3e159fc388047d2926d2ab6991c6583 bd0d1c018646460b833b4c906b471641 - - default default] 199.204.45.113,10.0.0.52 "GET /v2.0/security-groups/48f45f02-822a-4720-8414-5807b8e2951e?project_id=47d27497663a41d8a5a33abe0544b282 HTTP/1.1" status: 200 len: 2894 time: 0.0362635
2026-07-02 01:15:07.561 10 INFO neutron.db.ovn_revision_numbers_db [None req-7477969f-18f3-4bcf-9f06-0ebad7c19f73 c3e159fc388047d2926d2ab6991c6583 bd0d1c018646460b833b4c906b471641 - - default default] Successfully bumped revision number for resource b02a5d79-bf58-43ba-9a9f-faf9547c660a (type: security_group_rules) to 0
2026-07-02 01:15:07.585 10 INFO neutron.wsgi [None req-7477969f-18f3-4bcf-9f06-0ebad7c19f73 c3e159fc388047d2926d2ab6991c6583 bd0d1c018646460b833b4c906b471641 - - default default] 199.204.45.113,10.0.0.52 "POST /v2.0/security-group-rules HTTP/1.1" status: 201 len: 749 time: 0.1557832
2026-07-02 01:15:08.669 10 INFO neutron.wsgi [None req-5080cc95-722e-43d4-aea6-aeae49b3ce91 c3e159fc388047d2926d2ab6991c6583 bd0d1c018646460b833b4c906b471641 - - default default] 199.204.45.113,10.0.0.52 "GET /v2.0/security-groups/48f45f02-822a-4720-8414-5807b8e2951e?project_id=47d27497663a41d8a5a33abe0544b282 HTTP/1.1" status: 200 len: 3476 time: 0.0779202
2026-07-02 01:15:08.711 10 INFO neutron.wsgi [None req-098241ad-6807-4d68-8814-6f8f8074a7f7 c3e159fc388047d2926d2ab6991c6583 bd0d1c018646460b833b4c906b471641 - - default default] 199.204.45.113,10.0.0.52 "GET /v2.0/security-groups/48f45f02-822a-4720-8414-5807b8e2951e HTTP/1.1" status: 200 len: 3476 time: 0.0364094
2026-07-02 01:15:08.835 10 INFO neutron.wsgi [None req-1ee9c49c-452f-4953-aa97-4569761a3613 c3e159fc388047d2926d2ab6991c6583 bd0d1c018646460b833b4c906b471641 - - default default] 199.204.45.113,10.0.0.52 "GET /v2.0/security-groups/48f45f02-822a-4720-8414-5807b8e2951e?project_id=47d27497663a41d8a5a33abe0544b282 HTTP/1.1" status: 200 len: 3476 time: 0.0357494
2026-07-02 01:15:08.975 10 INFO neutron.db.ovn_revision_numbers_db [None req-3cb56685-5f99-407e-a8bc-40a07b47a0f9 c3e159fc388047d2926d2ab6991c6583 bd0d1c018646460b833b4c906b471641 - - default default] Successfully bumped revision number for resource 2473bda2-5e22-43bc-84ef-12d1ea8702cb (type: security_group_rules) to 0
2026-07-02 01:15:09.002 10 INFO neutron.wsgi [None req-3cb56685-5f99-407e-a8bc-40a07b47a0f9 c3e159fc388047d2926d2ab6991c6583 bd0d1c018646460b833b4c906b471641 - - default default] 199.204.45.113,10.0.0.52 "POST /v2.0/security-group-rules HTTP/1.1" status: 201 len: 750 time: 0.1588039
2026-07-02 01:15:21.232 9 INFO neutron.wsgi [-] 10.0.0.52 "GET / HTTP/1.1" status: 200 len: 247 time: 0.0020380
2026-07-02 01:15:21.234 10 INFO neutron.wsgi [-] 10.0.0.52 "GET / HTTP/1.1" status: 200 len: 247 time: 0.0031254
2026-07-02 01:15:36.234 10 INFO neutron.wsgi [-] 10.0.0.52 "GET / HTTP/1.1" status: 200 len: 247 time: 0.0027404
2026-07-02 01:15:36.236 9 INFO neutron.wsgi [-] 10.0.0.52 "GET / HTTP/1.1" status: 200 len: 247 time: 0.0045617
2026-07-02 01:15:51.233 10 INFO neutron.wsgi [-] 10.0.0.52 "GET / HTTP/1.1" status: 200 len: 247 time: 0.0023556
2026-07-02 01:15:51.233 9 INFO neutron.wsgi [-] 10.0.0.52 "GET / HTTP/1.1" status: 200 len: 247 time: 0.0030453
2026-07-02 01:16:06.233 9 INFO neutron.wsgi [-] 10.0.0.52 "GET / HTTP/1.1" status: 200 len: 247 time: 0.0025306
2026-07-02 01:16:06.233 10 INFO neutron.wsgi [-] 10.0.0.52 "GET / HTTP/1.1" status: 200 len: 247 time: 0.0026357
2026-07-02 01:16:21.234 10 INFO neutron.wsgi [-] 10.0.0.52 "GET / HTTP/1.1" status: 200 len: 247 time: 0.0028925
2026-07-02 01:16:21.234 9 INFO neutron.wsgi [-] 10.0.0.52 "GET / HTTP/1.1" status: 200 len: 247 time: 0.0028770
2026-07-02 01:16:36.234 10 INFO neutron.wsgi [-] 10.0.0.52 "GET / HTTP/1.1" status: 200 len: 247 time: 0.0027871
2026-07-02 01:16:36.238 10 INFO neutron.wsgi [-] 10.0.0.52 "GET / HTTP/1.1" status: 200 len: 247 time: 0.0029342
2026-07-02 01:16:51.233 9 INFO neutron.wsgi [-] 10.0.0.52 "GET / HTTP/1.1" status: 200 len: 247 time: 0.0026145
2026-07-02 01:16:51.234 10 INFO neutron.wsgi [-] 10.0.0.52 "GET / HTTP/1.1" status: 200 len: 247 time: 0.0028977
2026-07-02 01:17:06.233 9 INFO neutron.wsgi [-] 10.0.0.52 "GET / HTTP/1.1" status: 200 len: 247 time: 0.0023265
2026-07-02 01:17:06.237 9 INFO neutron.wsgi [-] 10.0.0.52 "GET / HTTP/1.1" status: 200 len: 247 time: 0.0029390 /var/lib/openstack/lib/python3.10/site-packages/pycadf/identifier.py:71: UserWarning: Invalid uuid: neutron. To ensure interoperability, identifiers should be a valid uuid. warnings.warn(('Invalid uuid: %s. To ensure interoperability, '
2026-07-02 01:17:18.712 9 INFO neutron.wsgi [None req-04b2c1ad-c4c0-4875-9f92-123d35de3817 4dcc8d8e428c40af99d6f2d666e90534 47d27497663a41d8a5a33abe0544b282 - - 62b7351bb5c4406387418e2d0899cb77 62b7351bb5c4406387418e2d0899cb77] 199.204.45.113 "GET /v2.0/networks?tenant_id=47d27497663a41d8a5a33abe0544b282&shared=False HTTP/1.1" status: 200 len: 213 time: 0.1545606
2026-07-02 01:17:18.807 9 INFO neutron.db.segments_db [None req-caabfb86-5c7b-4fb1-b48c-d8721bd7e504 4dcc8d8e428c40af99d6f2d666e90534 47d27497663a41d8a5a33abe0544b282 - - 62b7351bb5c4406387418e2d0899cb77 62b7351bb5c4406387418e2d0899cb77] Added segment 2eb55787-2c0a-4cd5-a08f-83a8f3a08a58 of type geneve for network e561635c-1f62-40a4-b425-9aff0e60ce86
2026-07-02 01:17:18.988 9 INFO neutron.db.ovn_revision_numbers_db [None req-caabfb86-5c7b-4fb1-b48c-d8721bd7e504 4dcc8d8e428c40af99d6f2d666e90534 47d27497663a41d8a5a33abe0544b282 - - 62b7351bb5c4406387418e2d0899cb77 62b7351bb5c4406387418e2d0899cb77] Successfully bumped revision number for resource e561635c-1f62-40a4-b425-9aff0e60ce86 (type: networks) to 1
2026-07-02 01:17:19.175 9 WARNING neutron.scheduler.dhcp_agent_scheduler [None req-caabfb86-5c7b-4fb1-b48c-d8721bd7e504 4dcc8d8e428c40af99d6f2d666e90534 47d27497663a41d8a5a33abe0544b282 - - 62b7351bb5c4406387418e2d0899cb77 62b7351bb5c4406387418e2d0899cb77] No more DHCP agents
2026-07-02 01:17:19.177 9 WARNING neutron.api.rpc.agentnotifiers.dhcp_rpc_agent_api [None req-caabfb86-5c7b-4fb1-b48c-d8721bd7e504 4dcc8d8e428c40af99d6f2d666e90534 47d27497663a41d8a5a33abe0544b282 - - 62b7351bb5c4406387418e2d0899cb77 62b7351bb5c4406387418e2d0899cb77] Unable to schedule network e561635c-1f62-40a4-b425-9aff0e60ce86: no agents available; will retry on subsequent port and subnet creation events.
2026-07-02 01:17:19.266 9 INFO neutron.db.ovn_revision_numbers_db [None req-caabfb86-5c7b-4fb1-b48c-d8721bd7e504 4dcc8d8e428c40af99d6f2d666e90534 47d27497663a41d8a5a33abe0544b282 - - 62b7351bb5c4406387418e2d0899cb77 62b7351bb5c4406387418e2d0899cb77] Successfully bumped revision number for resource 29b8018f-4c74-4b17-9970-08399c07da94 (type: ports) to 1
2026-07-02 01:17:19.290 9 INFO neutron.wsgi [None req-caabfb86-5c7b-4fb1-b48c-d8721bd7e504 4dcc8d8e428c40af99d6f2d666e90534 47d27497663a41d8a5a33abe0544b282 - - 62b7351bb5c4406387418e2d0899cb77 62b7351bb5c4406387418e2d0899cb77] 199.204.45.113 "POST /v2.0/networks HTTP/1.1" status: 201 len: 924 time: 0.5711222
2026-07-02 01:17:19.329 9 INFO neutron.wsgi [None req-24067b9a-527c-4148-93d3-bb047b4cbe5c 4dcc8d8e428c40af99d6f2d666e90534 47d27497663a41d8a5a33abe0544b282 - - 62b7351bb5c4406387418e2d0899cb77 62b7351bb5c4406387418e2d0899cb77] 199.204.45.113 "GET /v2.0/ports?device_id=manila-share&binding%3Ahost_id=instance HTTP/1.1" status: 200 len: 210 time: 0.0310881
2026-07-02 01:17:19.346 9 INFO neutron.wsgi [None req-c23ea9ff-0e04-4854-864c-a9e7128a7ab0 4dcc8d8e428c40af99d6f2d666e90534 47d27497663a41d8a5a33abe0544b282 - - 62b7351bb5c4406387418e2d0899cb77 62b7351bb5c4406387418e2d0899cb77] 199.204.45.113 "GET /v2.0/extensions HTTP/1.1" status: 200 len: 16980 time: 0.0071156
2026-07-02 01:17:19.579 9 WARNING neutron.scheduler.dhcp_agent_scheduler [None req-50289c5b-dbbf-472a-b9e9-c22707971f5a 4dcc8d8e428c40af99d6f2d666e90534 47d27497663a41d8a5a33abe0544b282 - - 62b7351bb5c4406387418e2d0899cb77 62b7351bb5c4406387418e2d0899cb77] No more DHCP agents
2026-07-02 01:17:19.581 9 WARNING neutron.api.rpc.agentnotifiers.dhcp_rpc_agent_api [None req-50289c5b-dbbf-472a-b9e9-c22707971f5a 4dcc8d8e428c40af99d6f2d666e90534 47d27497663a41d8a5a33abe0544b282 - - 62b7351bb5c4406387418e2d0899cb77 62b7351bb5c4406387418e2d0899cb77] Unable to schedule network e561635c-1f62-40a4-b425-9aff0e60ce86: no agents available; will retry on subsequent port and subnet creation events.
2026-07-02 01:17:19.671 9 INFO neutron.db.ovn_revision_numbers_db [None req-50289c5b-dbbf-472a-b9e9-c22707971f5a 4dcc8d8e428c40af99d6f2d666e90534 47d27497663a41d8a5a33abe0544b282 - - 62b7351bb5c4406387418e2d0899cb77 62b7351bb5c4406387418e2d0899cb77] Successfully bumped revision number for resource e49df6cc-d3f7-432f-85ff-1306c29c1744 (type: ports) to 1
2026-07-02 01:17:19.852 9 INFO neutron.db.ovn_revision_numbers_db [None req-50289c5b-dbbf-472a-b9e9-c22707971f5a 4dcc8d8e428c40af99d6f2d666e90534 47d27497663a41d8a5a33abe0544b282 - - 62b7351bb5c4406387418e2d0899cb77 62b7351bb5c4406387418e2d0899cb77] Successfully bumped revision number for resource e49df6cc-d3f7-432f-85ff-1306c29c1744 (type: ports) to 1
2026-07-02 01:17:19.882 9 INFO neutron.wsgi [None req-50289c5b-dbbf-472a-b9e9-c22707971f5a 4dcc8d8e428c40af99d6f2d666e90534 47d27497663a41d8a5a33abe0544b282 - - 62b7351bb5c4406387418e2d0899cb77 62b7351bb5c4406387418e2d0899cb77] 199.204.45.113 "POST /v2.0/ports HTTP/1.1" status: 201 len: 1144 time: 0.5327678
2026-07-02 01:17:19.938 9 INFO neutron.wsgi [None req-420bc11e-16ee-49f9-873a-425d8dd19889 4dcc8d8e428c40af99d6f2d666e90534 47d27497663a41d8a5a33abe0544b282 - - 62b7351bb5c4406387418e2d0899cb77 62b7351bb5c4406387418e2d0899cb77] 199.204.45.113 "GET /v2.0/networks/e561635c-1f62-40a4-b425-9aff0e60ce86 HTTP/1.1" status: 200 len: 906 time: 0.0484288
2026-07-02 01:17:20.792 10 INFO neutron.plugins.ml2.drivers.ovn.mech_driver.mech_driver [-] OVN reports status up for port: e49df6cc-d3f7-432f-85ff-1306c29c1744
2026-07-02 01:17:20.806 10 INFO neutron.plugins.ml2.plugin [None req-498414c1-69f1-43ec-aebf-26761072ab82 - - - - - -] Attempt 1 to provision port e49df6cc-d3f7-432f-85ff-1306c29c1744
2026-07-02 01:17:21.154 10 INFO neutron.db.ovn_revision_numbers_db [None req-498414c1-69f1-43ec-aebf-26761072ab82 - - - - - -] Successfully bumped revision number for resource e49df6cc-d3f7-432f-85ff-1306c29c1744 (type: ports) to 3
2026-07-02 01:17:21.233 10 INFO neutron.wsgi [-] 10.0.0.52 "GET / HTTP/1.1" status: 200 len: 247 time: 0.0027096
2026-07-02 01:17:21.234 9 INFO neutron.wsgi [-] 10.0.0.52 "GET / HTTP/1.1" status: 200 len: 247 time: 0.0034473
2026-07-02 01:17:22.524 9 INFO neutron.wsgi [None req-0c24c7af-558d-445b-af17-a5b7ae125ed8 4dcc8d8e428c40af99d6f2d666e90534 47d27497663a41d8a5a33abe0544b282 - - 62b7351bb5c4406387418e2d0899cb77 62b7351bb5c4406387418e2d0899cb77] 199.204.45.113 "GET /v2.0/ports?device_id=manila-share&binding%3Ahost_id=instance HTTP/1.1" status: 200 len: 1172 time: 0.0432780
2026-07-02 01:17:22.589 9 INFO neutron.wsgi [None req-fd27b2ee-7502-424b-abc0-ee702e93fd04 4dcc8d8e428c40af99d6f2d666e90534 47d27497663a41d8a5a33abe0544b282 - - 62b7351bb5c4406387418e2d0899cb77 62b7351bb5c4406387418e2d0899cb77] 199.204.45.113 "GET /v2.0/networks/e561635c-1f62-40a4-b425-9aff0e60ce86 HTTP/1.1" status: 200 len: 906 time: 0.0573230
2026-07-02 01:17:33.735 10 INFO neutron.wsgi [None req-3e7427b3-646e-4f63-81a6-6ab7146535ce c3e159fc388047d2926d2ab6991c6583 bd0d1c018646460b833b4c906b471641 - - default default] 199.204.45.113,10.0.0.52 "GET /v2.0/quotas/47d27497663a41d8a5a33abe0544b282 HTTP/1.1" status: 200 len: 362 time: 0.0181932
2026-07-02 01:17:34.277 10 INFO neutron.wsgi [None req-8037bd59-5f97-40e9-b441-17811441eb0a c3e159fc388047d2926d2ab6991c6583 bd0d1c018646460b833b4c906b471641 - - default default] 199.204.45.113,10.0.0.52 "PUT /v2.0/quotas/47d27497663a41d8a5a33abe0544b282 HTTP/1.1" status: 200 len: 361 time: 0.0304337
2026-07-02 01:17:36.234 10 INFO neutron.wsgi [-] 10.0.0.52 "GET / HTTP/1.1" status: 200 len: 247 time: 0.0027368
2026-07-02 01:17:36.234 9 INFO neutron.wsgi [-] 10.0.0.52 "GET / HTTP/1.1" status: 200 len: 247 time: 0.0028672
2026-07-02 01:17:51.232 9 INFO neutron.wsgi [-] 10.0.0.52 "GET / HTTP/1.1" status: 200 len: 247 time: 0.0021646
2026-07-02 01:17:51.232 10 INFO neutron.wsgi [-] 10.0.0.52 "GET / HTTP/1.1" status: 200 len: 247 time: 0.0021977
2026-07-02 01:18:06.234 10 INFO neutron.wsgi [-] 10.0.0.52 "GET / HTTP/1.1" status: 200 len: 247 time: 0.0023353
2026-07-02 01:18:06.295 9 INFO neutron.wsgi [-] 10.0.0.52 "GET / HTTP/1.1" status: 200 len: 247 time: 0.0638392
2026-07-02 01:18:21.233 10 INFO neutron.wsgi [-] 10.0.0.52 "GET / HTTP/1.1" status: 200 len: 247 time: 0.0018933
2026-07-02 01:18:21.236 10 INFO neutron.wsgi [-] 10.0.0.52 "GET / HTTP/1.1" status: 200 len: 247 time: 0.0020244
2026-07-02 01:18:36.232 9 INFO neutron.wsgi [-] 10.0.0.52 "GET / HTTP/1.1" status: 200 len: 247 time: 0.0015085
2026-07-02 01:18:36.235 10 INFO neutron.wsgi [-] 10.0.0.52 "GET / HTTP/1.1" status: 200 len: 247 time: 0.0031810
2026-07-02 01:18:51.235 9 INFO neutron.wsgi [-] 10.0.0.52 "GET / HTTP/1.1" status: 200 len: 247 time: 0.0031776
2026-07-02 01:18:51.238 9 INFO neutron.wsgi [-] 10.0.0.52 "GET / HTTP/1.1" status: 200 len: 247 time: 0.0015006
2026-07-02 01:19:06.233 10 INFO neutron.wsgi [-] 10.0.0.52 "GET / HTTP/1.1" status: 200 len: 247 time: 0.0022526
2026-07-02 01:19:06.234 9 INFO neutron.wsgi [-] 10.0.0.52 "GET / HTTP/1.1" status: 200 len: 247 time: 0.0034168
2026-07-02 01:19:06.440 10 INFO neutron.wsgi [None req-b589c31a-9754-4297-bbe8-0ae18801bb3d c3e159fc388047d2926d2ab6991c6583 bd0d1c018646460b833b4c906b471641 - - default default] 10.0.0.161 "GET /v2.0/floatingips HTTP/1.1" status: 200 len: 193 time: 0.1103363
2026-07-02 01:19:06.482 10 INFO neutron.wsgi [None req-0bf27beb-4207-4e30-bef3-8f7f6300fdbf c3e159fc388047d2926d2ab6991c6583 bd0d1c018646460b833b4c906b471641 - - default default] 10.0.0.161 "GET /v2.0/subnets HTTP/1.1" status: 200 len: 1437 time: 0.0403445
2026-07-02 01:19:06.510 10 INFO neutron.wsgi [None req-294b6cfd-972f-459f-b106-661f322f5b00 c3e159fc388047d2926d2ab6991c6583 bd0d1c018646460b833b4c906b471641 - - default default] 10.0.0.161 "GET /v2.0/agents HTTP/1.1" status: 200 len: 997 time: 0.0267646
2026-07-02 01:19:06.532 10 INFO neutron.wsgi [None req-8f19eb6a-4b87-4de6-ba95-2696572c47fd c3e159fc388047d2926d2ab6991c6583 bd0d1c018646460b833b4c906b471641 - - default default] 10.0.0.161 "GET /v2.0/network-ip-availabilities HTTP/1.1" status: 200 len: 1280 time: 0.0201881
2026-07-02 01:19:06.574 10 INFO neutron.wsgi [None req-2217b59f-b054-4257-9bde-06f49d1954c6 c3e159fc388047d2926d2ab6991c6583 bd0d1c018646460b833b4c906b471641 - - default default] 10.0.0.161 "GET /v2.0/routers HTTP/1.1" status: 200 len: 189 time: 0.0409229
2026-07-02 01:19:06.593 10 INFO neutron.wsgi [None req-724a78a0-e609-4442-bd55-18f5ef290114 c3e159fc388047d2926d2ab6991c6583 bd0d1c018646460b833b4c906b471641 - - default default] 10.0.0.161 "GET /v2.0/agents?binary=ovn-controller HTTP/1.1" status: 200 len: 591 time: 0.0148966
2026-07-02 01:19:06.642 10 INFO neutron.wsgi [None req-8808de2f-e54c-4f6c-826f-0df69bc640fc c3e159fc388047d2926d2ab6991c6583 bd0d1c018646460b833b4c906b471641 - - default default] 10.0.0.161 "GET /v2.0/security-groups HTTP/1.1" status: 200 len: 16803 time: 0.0479357
2026-07-02 01:19:06.678 10 INFO neutron.wsgi [None req-2c32db6c-ee0f-4bbd-829a-fb1ee8ed3e98 c3e159fc388047d2926d2ab6991c6583 bd0d1c018646460b833b4c906b471641 - - default default] 10.0.0.161 "GET /v2.0/subnets HTTP/1.1" status: 200 len: 1437 time: 0.0310557
2026-07-02 01:19:06.690 10 INFO neutron.wsgi [None req-3d3806c3-b8ba-419c-b606-12e77337011f c3e159fc388047d2926d2ab6991c6583 bd0d1c018646460b833b4c906b471641 - - default default] 10.0.0.161 "GET /v2.0/subnetpools HTTP/1.1" status: 200 len: 193 time: 0.0102930
2026-07-02 01:19:06.755 10 INFO neutron.wsgi [None req-548432cc-cc54-4b29-917a-3d3b8be13d91 c3e159fc388047d2926d2ab6991c6583 bd0d1c018646460b833b4c906b471641 - - default default] 10.0.0.161 "GET /v2.0/ports HTTP/1.1" status: 200 len: 5351 time: 0.0639257
2026-07-02 01:19:06.849 10 INFO neutron.wsgi [None req-8418c1e6-f017-4258-a69e-d52736184975 c3e159fc388047d2926d2ab6991c6583 bd0d1c018646460b833b4c906b471641 - - default default] 10.0.0.161 "GET /v2.0/networks HTTP/1.1" status: 200 len: 2349 time: 0.0918415
2026-07-02 01:19:21.234 10 INFO neutron.wsgi [-] 10.0.0.52 "GET / HTTP/1.1" status: 200 len: 247 time: 0.0028172
2026-07-02 01:19:21.240 10 INFO neutron.wsgi [-] 10.0.0.52 "GET / HTTP/1.1" status: 200 len: 247 time: 0.0024719
2026-07-02 01:19:36.233 9 INFO neutron.wsgi [-] 10.0.0.52 "GET / HTTP/1.1" status: 200 len: 247 time: 0.0025001
2026-07-02 01:19:36.238 10 INFO neutron.wsgi [-] 10.0.0.52 "GET / HTTP/1.1" status: 200 len: 247 time: 0.0063047
2026-07-02 01:19:36.548 15 INFO neutron.db.ovn_revision_numbers_db [None req-cc4f9027-faf9-4bff-986b-63b6fbe4e896 - - - - - -] Successfully bumped revision number for resource 48f45f02-822a-4720-8414-5807b8e2951e (type: security_groups) to 5
2026-07-02 01:19:36.549 15 INFO neutron.plugins.ml2.drivers.ovn.mech_driver.ovsdb.maintenance [None req-cc4f9027-faf9-4bff-986b-63b6fbe4e896 - - - - - -] Maintenance task: Synchronization finished (took 0.07 seconds)
2026-07-02 01:19:51.235 9 INFO neutron.wsgi [-] 10.0.0.52 "GET / HTTP/1.1" status: 200 len: 247 time: 0.0028584
2026-07-02 01:19:51.235 10 INFO neutron.wsgi [-] 10.0.0.52 "GET / HTTP/1.1" status: 200 len: 247 time: 0.0032258
2026-07-02 01:20:06.234 10 INFO neutron.wsgi [-] 10.0.0.52 "GET / HTTP/1.1" status: 200 len: 247 time: 0.0027437
2026-07-02 01:20:06.236 9 INFO neutron.wsgi [-] 10.0.0.52 "GET / HTTP/1.1" status: 200 len: 247 time: 0.0053182
2026-07-02 01:20:06.433 10 INFO neutron.wsgi [None req-99d0c65a-5fcb-4ad8-8019-bbd4ab72a2d9 c3e159fc388047d2926d2ab6991c6583 bd0d1c018646460b833b4c906b471641 - - default default] 10.0.0.161 "GET /v2.0/ports HTTP/1.1" status: 200 len: 5351 time: 0.1317337
2026-07-02 01:20:06.487 10 INFO neutron.wsgi [None req-cd640570-d3ff-4503-a63b-6a7c4990995e c3e159fc388047d2926d2ab6991c6583 bd0d1c018646460b833b4c906b471641 - - default default] 10.0.0.161 "GET /v2.0/agents HTTP/1.1" status: 200 len: 997 time: 0.0483735
2026-07-02 01:20:06.512 10 INFO neutron.wsgi [None req-4cf54888-dd49-4cf7-af0c-a1ebad60c895 c3e159fc388047d2926d2ab6991c6583 bd0d1c018646460b833b4c906b471641 - - default default] 10.0.0.161 "GET /v2.0/routers HTTP/1.1" status: 200 len: 189 time: 0.0235164
2026-07-02 01:20:06.533 10 INFO neutron.wsgi [None req-f11339e4-f545-4139-b462-8cb02963c061 c3e159fc388047d2926d2ab6991c6583 bd0d1c018646460b833b4c906b471641 - - default default] 10.0.0.161 "GET /v2.0/agents?binary=ovn-controller HTTP/1.1" status: 200 len: 591 time: 0.0201728
2026-07-02 01:20:06.553 10 INFO neutron.wsgi [None req-187cd156-598f-4fd3-97d2-e9944b9e334f c3e159fc388047d2926d2ab6991c6583 bd0d1c018646460b833b4c906b471641 - - default default] 10.0.0.161 "GET /v2.0/floatingips HTTP/1.1" status: 200 len: 193 time: 0.0181382
2026-07-02 01:20:06.632 10 INFO neutron.wsgi [None req-0e659d2e-f98e-4db4-b126-5d9ee5e64682 c3e159fc388047d2926d2ab6991c6583 bd0d1c018646460b833b4c906b471641 - - default default] 10.0.0.161 "GET /v2.0/networks HTTP/1.1" status: 200 len: 2349 time: 0.0783739
2026-07-02 01:20:06.654 10 INFO neutron.wsgi [None req-5228ee7c-881c-43e0-a8e8-ad70ddbca661 c3e159fc388047d2926d2ab6991c6583 bd0d1c018646460b833b4c906b471641 - - default default] 10.0.0.161 "GET /v2.0/network-ip-availabilities HTTP/1.1" status: 200 len: 1280 time: 0.0199902
2026-07-02 01:20:06.698 10 INFO neutron.wsgi [None req-7c0515c3-db4e-4883-85bb-78f381cb0411 c3e159fc388047d2926d2ab6991c6583 bd0d1c018646460b833b4c906b471641 - - default default] 10.0.0.161 "GET /v2.0/subnets HTTP/1.1" status: 200 len: 1437 time: 0.0427580
2026-07-02 01:20:06.711 10 INFO neutron.wsgi [None req-a2cbfb6a-71c8-465a-9a4b-bee729fd69fe c3e159fc388047d2926d2ab6991c6583 bd0d1c018646460b833b4c906b471641 - - default default] 10.0.0.161 "GET /v2.0/subnetpools HTTP/1.1" status: 200 len: 193 time: 0.0109360
2026-07-02 01:20:06.763 10 INFO neutron.wsgi [None req-814895e2-e8cd-4d9d-8932-703480a44f3f c3e159fc388047d2926d2ab6991c6583 bd0d1c018646460b833b4c906b471641 - - default default] 10.0.0.161 "GET /v2.0/security-groups HTTP/1.1" status: 200 len: 16803 time: 0.0514936
2026-07-02 01:20:06.803 10 INFO neutron.wsgi [None req-66268b07-b970-4d74-b4f9-6c50c72831ea c3e159fc388047d2926d2ab6991c6583 bd0d1c018646460b833b4c906b471641 - - default default] 10.0.0.161 "GET /v2.0/subnets HTTP/1.1" status: 200 len: 1437 time: 0.0334334
2026-07-02 01:20:21.233 9 INFO neutron.wsgi [-] 10.0.0.52 "GET / HTTP/1.1" status: 200 len: 247 time: 0.0025601
2026-07-02 01:20:21.235 9 INFO neutron.wsgi [-] 10.0.0.52 "GET / HTTP/1.1" status: 200 len: 247 time: 0.0012527
2026-07-02 01:20:36.233 10 INFO neutron.wsgi [-] 10.0.0.52 "GET / HTTP/1.1" status: 200 len: 247 time: 0.0026379
2026-07-02 01:20:36.236 10 INFO neutron.wsgi [-] 10.0.0.52 "GET / HTTP/1.1" status: 200 len: 247 time: 0.0020206
2026-07-02 01:20:51.250 10 INFO neutron.wsgi [-] 10.0.0.52 "GET / HTTP/1.1" status: 200 len: 247 time: 0.0022895
2026-07-02 01:20:51.253 9 INFO neutron.wsgi [-] 10.0.0.52 "GET / HTTP/1.1" status: 200 len: 247 time: 0.0053220
2026-07-02 01:21:06.233 10 INFO neutron.wsgi [-] 10.0.0.52 "GET / HTTP/1.1" status: 200 len: 247 time: 0.0019543
2026-07-02 01:21:06.234 9 INFO neutron.wsgi [-] 10.0.0.52 "GET / HTTP/1.1" status: 200 len: 247 time: 0.0024686
2026-07-02 01:21:06.385 10 INFO neutron.wsgi [None req-2a966337-fa03-44b2-878a-7fc4589cc08d c3e159fc388047d2926d2ab6991c6583 bd0d1c018646460b833b4c906b471641 - - default default] 10.0.0.161 "GET /v2.0/floatingips HTTP/1.1" status: 200 len: 193 time: 0.0987670
2026-07-02 01:21:06.444 10 INFO neutron.wsgi [None req-3e558756-b113-461c-a80a-8d826d864e04 c3e159fc388047d2926d2ab6991c6583 bd0d1c018646460b833b4c906b471641 - - default default] 10.0.0.161 "GET /v2.0/ports HTTP/1.1" status: 200 len: 5351 time: 0.0574024
2026-07-02 01:21:06.480 10 INFO neutron.wsgi [None req-cf98106a-1cce-458e-878c-2f44b3ea8415 c3e159fc388047d2926d2ab6991c6583 bd0d1c018646460b833b4c906b471641 - - default default] 10.0.0.161 "GET /v2.0/routers HTTP/1.1" status: 200 len: 189 time: 0.0251462
2026-07-02 01:21:06.531 10 INFO neutron.wsgi [None req-64beffbb-31bc-4a49-ade8-164d2b00768e c3e159fc388047d2926d2ab6991c6583 bd0d1c018646460b833b4c906b471641 - - default default] 10.0.0.161 "GET /v2.0/agents?binary=ovn-controller HTTP/1.1" status: 200 len: 591 time: 0.0501380
2026-07-02 01:21:06.567 10 INFO neutron.wsgi [None req-07b01d3c-7069-4516-8e20-b65574abfa07 c3e159fc388047d2926d2ab6991c6583 bd0d1c018646460b833b4c906b471641 - - default default] 10.0.0.161 "GET /v2.0/subnets HTTP/1.1" status: 200 len: 1437 time: 0.0339906
2026-07-02 01:21:06.581 10 INFO neutron.wsgi [None req-f050fe0d-23ad-4b90-9c59-e73b422a2002 c3e159fc388047d2926d2ab6991c6583 bd0d1c018646460b833b4c906b471641 - - default default] 10.0.0.161 "GET /v2.0/agents HTTP/1.1" status: 200 len: 997 time: 0.0124125
2026-07-02 01:21:06.593 10 INFO neutron.wsgi [None req-e6fafd03-1f95-4805-9ef9-b3e30c951964 c3e159fc388047d2926d2ab6991c6583 bd0d1c018646460b833b4c906b471641 - - default default] 10.0.0.161 "GET /v2.0/network-ip-availabilities HTTP/1.1" status: 200 len: 1280 time: 0.0105331
2026-07-02 01:21:06.671 10 INFO neutron.wsgi [None req-42fe864e-aa5a-440d-91c2-4d130619ddaf c3e159fc388047d2926d2ab6991c6583 bd0d1c018646460b833b4c906b471641 - - default default] 10.0.0.161 "GET /v2.0/networks HTTP/1.1" status: 200 len: 2349 time: 0.0775151
2026-07-02 01:21:06.721 10 INFO neutron.wsgi [None req-cf175f33-b30e-463e-97bd-c9eba7aaee3d c3e159fc388047d2926d2ab6991c6583 bd0d1c018646460b833b4c906b471641 - - default default] 10.0.0.161 "GET /v2.0/security-groups HTTP/1.1" status: 200 len: 16803 time: 0.0479193
2026-07-02 01:21:06.776 10 INFO neutron.wsgi [None req-a598eecf-6cf7-4b4b-8293-6a349df40231 c3e159fc388047d2926d2ab6991c6583 bd0d1c018646460b833b4c906b471641 - - default default] 10.0.0.161 "GET /v2.0/subnets HTTP/1.1" status: 200 len: 1437 time: 0.0443788
2026-07-02 01:21:06.788 10 INFO neutron.wsgi [None req-59436bed-d033-494f-8527-6500731926b9 c3e159fc388047d2926d2ab6991c6583 bd0d1c018646460b833b4c906b471641 - - default default] 10.0.0.161 "GET /v2.0/subnetpools HTTP/1.1" status: 200 len: 193 time: 0.0104556
2026-07-02 01:21:21.234 9 INFO neutron.wsgi [-] 10.0.0.52 "GET / HTTP/1.1" status: 200 len: 247 time: 0.0027483
2026-07-02 01:21:21.234 10 INFO neutron.wsgi [-] 10.0.0.52 "GET / HTTP/1.1" status: 200 len: 247 time: 0.0028422
2026-07-02 01:21:36.313 10 INFO neutron.wsgi [-] 10.0.0.52 "GET / HTTP/1.1" status: 200 len: 247 time: 0.0811489
2026-07-02 01:21:36.315 10 INFO neutron.wsgi [-] 10.0.0.52 "GET / HTTP/1.1" status: 200 len: 247 time: 0.0018213
2026-07-02 01:21:51.232 10 INFO neutron.wsgi [-] 10.0.0.52 "GET / HTTP/1.1" status: 200 len: 247 time: 0.0018880
2026-07-02 01:21:51.234 10 INFO neutron.wsgi [-] 10.0.0.52 "GET / HTTP/1.1" status: 200 len: 247 time: 0.0015047
2026-07-02 01:22:06.233 9 INFO neutron.wsgi [-] 10.0.0.52 "GET / HTTP/1.1" status: 200 len: 247 time: 0.0028400
2026-07-02 01:22:06.233 10 INFO neutron.wsgi [-] 10.0.0.52 "GET / HTTP/1.1" status: 200 len: 247 time: 0.0028164
2026-07-02 01:22:06.419 10 INFO neutron.wsgi [None req-67b6795c-ced7-4dcc-b951-71efdf67be3e c3e159fc388047d2926d2ab6991c6583 bd0d1c018646460b833b4c906b471641 - - default default] 10.0.0.161 "GET /v2.0/subnets HTTP/1.1" status: 200 len: 1437 time: 0.1185138
2026-07-02 01:22:06.433 10 INFO neutron.wsgi [None req-da848958-9cf0-4923-b70c-071d69df5293 c3e159fc388047d2926d2ab6991c6583 bd0d1c018646460b833b4c906b471641 - - default default] 10.0.0.161 "GET /v2.0/subnetpools HTTP/1.1" status: 200 len: 193 time: 0.0126941
2026-07-02 01:22:06.466 10 INFO neutron.wsgi [None req-c3ee7b09-69bb-4bbf-b944-c0af7bae7a30 c3e159fc388047d2926d2ab6991c6583 bd0d1c018646460b833b4c906b471641 - - default default] 10.0.0.161 "GET /v2.0/subnets HTTP/1.1" status: 200 len: 1437 time: 0.0320427
2026-07-02 01:22:06.521 10 INFO neutron.wsgi [None req-4ded11ac-12ab-4bd6-ae4e-4f35c78c2dc4 c3e159fc388047d2926d2ab6991c6583 bd0d1c018646460b833b4c906b471641 - - default default] 10.0.0.161 "GET /v2.0/ports HTTP/1.1" status: 200 len: 5351 time: 0.0542059
2026-07-02 01:22:06.546 10 INFO neutron.wsgi [None req-7f7f48f7-cfa8-4c05-af71-a7c211f195a6 c3e159fc388047d2926d2ab6991c6583 bd0d1c018646460b833b4c906b471641 - - default default] 10.0.0.161 "GET /v2.0/routers HTTP/1.1" status: 200 len: 189 time: 0.0223744
2026-07-02 01:22:06.576 10 INFO neutron.wsgi [None req-850fe7ed-daa8-4423-b3b5-bb4c22277b90 c3e159fc388047d2926d2ab6991c6583 bd0d1c018646460b833b4c906b471641 - - default default] 10.0.0.161 "GET /v2.0/agents?binary=ovn-controller HTTP/1.1" status: 200 len: 591 time: 0.0293431
2026-07-02 01:22:06.590 10 INFO neutron.wsgi [None req-df85f86e-2cc7-4625-a9ac-ea9d82e9e9a9 c3e159fc388047d2926d2ab6991c6583 bd0d1c018646460b833b4c906b471641 - - default default] 10.0.0.161 "GET /v2.0/agents HTTP/1.1" status: 200 len: 997 time: 0.0131643
2026-07-02 01:22:06.602 10 INFO neutron.wsgi [None req-a52c53b9-06f4-4f15-bec7-0693caa74255 c3e159fc388047d2926d2ab6991c6583 bd0d1c018646460b833b4c906b471641 - - default default] 10.0.0.161 "GET /v2.0/network-ip-availabilities HTTP/1.1" status: 200 len: 1280 time: 0.0101659
2026-07-02 01:22:06.619 10 INFO neutron.wsgi [None req-21f488f9-0c93-4909-a326-0f61f3f81561 c3e159fc388047d2926d2ab6991c6583 bd0d1c018646460b833b4c906b471641 - - default default] 10.0.0.161 "GET /v2.0/floatingips HTTP/1.1" status: 200 len: 193 time: 0.0163469
2026-07-02 01:22:06.686 10 INFO neutron.wsgi [None req-734e7226-8e1a-404d-b667-96926a169278 c3e159fc388047d2926d2ab6991c6583 bd0d1c018646460b833b4c906b471641 - - default default] 10.0.0.161 "GET /v2.0/networks HTTP/1.1" status: 200 len: 2349 time: 0.0662546
2026-07-02 01:22:06.734 10 INFO neutron.wsgi [None req-44111a6b-b9c8-4982-9dce-10f6b682ec9c c3e159fc388047d2926d2ab6991c6583 bd0d1c018646460b833b4c906b471641 - - default default] 10.0.0.161 "GET /v2.0/security-groups HTTP/1.1" status: 200 len: 16803 time: 0.0452189
2026-07-02 01:22:21.233 9 INFO neutron.wsgi [-] 10.0.0.52 "GET / HTTP/1.1" status: 200 len: 247 time: 0.0020621
2026-07-02 01:22:21.234 10 INFO neutron.wsgi [-] 10.0.0.52 "GET / HTTP/1.1" status: 200 len: 247 time: 0.0037549
2026-07-02 01:22:36.233 10 INFO neutron.wsgi [-] 10.0.0.52 "GET / HTTP/1.1" status: 200 len: 247 time: 0.0026178
2026-07-02 01:22:36.234 9 INFO neutron.wsgi [-] 10.0.0.52 "GET / HTTP/1.1" status: 200 len: 247 time: 0.0036461
2026-07-02 01:22:51.234 9 INFO neutron.wsgi [-] 10.0.0.52 "GET / HTTP/1.1" status: 200 len: 247 time: 0.0033123
2026-07-02 01:22:51.235 10 INFO neutron.wsgi [-] 10.0.0.52 "GET / HTTP/1.1" status: 200 len: 247 time: 0.0034554
2026-07-02 01:23:06.234 10 INFO neutron.wsgi [-] 10.0.0.52 "GET / HTTP/1.1" status: 200 len: 247 time: 0.0029163
2026-07-02 01:23:06.237 10 INFO neutron.wsgi [-] 10.0.0.52 "GET / HTTP/1.1" status: 200 len: 247 time: 0.0021975
2026-07-02 01:23:06.361 10 INFO neutron.wsgi [None req-387f0b7f-deb9-42e2-a78a-47b7165faa61 c3e159fc388047d2926d2ab6991c6583 bd0d1c018646460b833b4c906b471641 - - default default] 10.0.0.161 "GET /v2.0/security-groups HTTP/1.1" status: 200 len: 16803 time: 0.1058574
2026-07-02 01:23:06.436 10 INFO neutron.wsgi [None req-c4bd31d8-ef62-440c-97b3-c004c8237141 c3e159fc388047d2926d2ab6991c6583 bd0d1c018646460b833b4c906b471641 - - default default] 10.0.0.161 "GET /v2.0/ports HTTP/1.1" status: 200 len: 5351 time: 0.0710635
2026-07-02 01:23:06.451 10 INFO neutron.wsgi [None req-0e7c5eed-3d5e-4a9f-a051-4f8e5307198d c3e159fc388047d2926d2ab6991c6583 bd0d1c018646460b833b4c906b471641 - - default default] 10.0.0.161 "GET /v2.0/network-ip-availabilities HTTP/1.1" status: 200 len: 1280 time: 0.0121627
2026-07-02 01:23:06.485 10 INFO neutron.wsgi [None req-feb9ffb9-6623-4e27-8748-1d644d90bd40 c3e159fc388047d2926d2ab6991c6583 bd0d1c018646460b833b4c906b471641 - - default default] 10.0.0.161 "GET /v2.0/subnets HTTP/1.1" status: 200 len: 1437 time: 0.0330086
2026-07-02 01:23:06.497 10 INFO neutron.wsgi [None req-95584d11-7ca9-4565-b3be-d476c14e57c0 c3e159fc388047d2926d2ab6991c6583 bd0d1c018646460b833b4c906b471641 - - default default] 10.0.0.161 "GET /v2.0/subnetpools HTTP/1.1" status: 200 len: 193 time: 0.0102689
2026-07-02 01:23:06.532 10 INFO neutron.wsgi [None req-97a9eefe-ee33-4de3-917d-23f6ba326086 c3e159fc388047d2926d2ab6991c6583 bd0d1c018646460b833b4c906b471641 - - default default] 10.0.0.161 "GET /v2.0/floatingips HTTP/1.1" status: 200 len: 193 time: 0.0345659
2026-07-02 01:23:06.609 10 INFO neutron.wsgi [None req-b1e2a14f-52a5-4380-a5fa-23dbbc834a91 c3e159fc388047d2926d2ab6991c6583 bd0d1c018646460b833b4c906b471641 - - default default] 10.0.0.161 "GET /v2.0/networks HTTP/1.1" status: 200 len: 2349 time: 0.0743551
2026-07-02 01:23:06.647 10 INFO neutron.wsgi [None req-ca5fad9b-c54a-448a-b150-fb772f650073 c3e159fc388047d2926d2ab6991c6583 bd0d1c018646460b833b4c906b471641 - - default default] 10.0.0.161 "GET /v2.0/agents HTTP/1.1" status: 200 len: 997 time: 0.0359838
2026-07-02 01:23:06.685 10 INFO neutron.wsgi [None req-04320939-1a23-45a4-abc0-47dff70b2cd3 c3e159fc388047d2926d2ab6991c6583 bd0d1c018646460b833b4c906b471641 - - default default] 10.0.0.161 "GET /v2.0/subnets HTTP/1.1" status: 200 len: 1437 time: 0.0359595
2026-07-02 01:23:06.710 10 INFO neutron.wsgi [None req-ead4e998-1c85-4ff0-8451-f3b99124b5a0 c3e159fc388047d2926d2ab6991c6583 bd0d1c018646460b833b4c906b471641 - - default default] 10.0.0.161 "GET /v2.0/routers HTTP/1.1" status: 200 len: 189 time: 0.0232418
2026-07-02 01:23:06.730 10 INFO neutron.wsgi [None req-1d6f5186-7f94-4d21-b289-c2c10c568c09 c3e159fc388047d2926d2ab6991c6583 bd0d1c018646460b833b4c906b471641 - - default default] 10.0.0.161 "GET /v2.0/agents?binary=ovn-controller HTTP/1.1" status: 200 len: 591 time: 0.0157483
2026-07-02 01:23:21.233 9 INFO neutron.wsgi [-] 10.0.0.52 "GET / HTTP/1.1" status: 200 len: 247 time: 0.0028021
2026-07-02 01:23:21.234 10 INFO neutron.wsgi [-] 10.0.0.52 "GET / HTTP/1.1" status: 200 len: 247 time: 0.0032279
2026-07-02 01:23:36.233 10 INFO neutron.wsgi [-] 10.0.0.52 "GET / HTTP/1.1" status: 200 len: 247 time: 0.0019195
2026-07-02 01:23:36.234 9 INFO neutron.wsgi [-] 10.0.0.52 "GET / HTTP/1.1" status: 200 len: 247 time: 0.0030048
2026-07-02 01:23:51.234 10 INFO neutron.wsgi [-] 10.0.0.52 "GET / HTTP/1.1" status: 200 len: 247 time: 0.0025153
2026-07-02 01:23:51.235 9 INFO neutron.wsgi [-] 10.0.0.52 "GET / HTTP/1.1" status: 200 len: 247 time: 0.0029778
2026-07-02 01:24:06.233 9 INFO neutron.wsgi [-] 10.0.0.52 "GET / HTTP/1.1" status: 200 len: 247 time: 0.0026436
2026-07-02 01:24:06.234 10 INFO neutron.wsgi [-] 10.0.0.52 "GET / HTTP/1.1" status: 200 len: 247 time: 0.0030837
2026-07-02 01:24:06.336 10 INFO neutron.wsgi [None req-b16bafc5-4ee9-4db4-8aa6-bfa019613fd9 c3e159fc388047d2926d2ab6991c6583 bd0d1c018646460b833b4c906b471641 - - default default] 10.0.0.161 "GET /v2.0/network-ip-availabilities HTTP/1.1" status: 200 len: 1280 time: 0.0742652
2026-07-02 01:24:06.379 10 INFO neutron.wsgi [None req-9bb29adc-127e-4f40-bc02-172f27a2f024 c3e159fc388047d2926d2ab6991c6583 bd0d1c018646460b833b4c906b471641 - - default default] 10.0.0.161 "GET /v2.0/subnets HTTP/1.1" status: 200 len: 1437 time: 0.0386295
2026-07-02 01:24:06.394 10 INFO neutron.wsgi [None req-af5a2052-5f66-420f-8509-68fe29da5c1d c3e159fc388047d2926d2ab6991c6583 bd0d1c018646460b833b4c906b471641 - - default default] 10.0.0.161 "GET /v2.0/subnetpools HTTP/1.1" status: 200 len: 193 time: 0.0139151
2026-07-02 01:24:06.441 10 INFO neutron.wsgi [None req-37714652-9783-470a-9d9a-4ac9487c5caa c3e159fc388047d2926d2ab6991c6583 bd0d1c018646460b833b4c906b471641 - - default default] 10.0.0.161 "GET /v2.0/agents HTTP/1.1" status: 200 len: 997 time: 0.0456982
2026-07-02 01:24:06.467 10 INFO neutron.wsgi [None req-5ecd5af9-f215-4e25-a6e3-9ae3d16a689d c3e159fc388047d2926d2ab6991c6583 bd0d1c018646460b833b4c906b471641 - - default default] 10.0.0.161 "GET /v2.0/floatingips HTTP/1.1" status: 200 len: 193 time: 0.0245686
2026-07-02 01:24:06.542 10 INFO neutron.wsgi [None req-9cf70aab-34e8-42a9-b8e2-36921ad8eb4c c3e159fc388047d2926d2ab6991c6583 bd0d1c018646460b833b4c906b471641 - - default default] 10.0.0.161 "GET /v2.0/networks HTTP/1.1" status: 200 len: 2349 time: 0.0742545
2026-07-02 01:24:06.584 10 INFO neutron.wsgi [None req-6abcfd30-3c89-4a09-ba99-2e27a74c17d4 c3e159fc388047d2926d2ab6991c6583 bd0d1c018646460b833b4c906b471641 - - default default] 10.0.0.161 "GET /v2.0/security-groups HTTP/1.1" status: 200 len: 16803 time: 0.0403128
2026-07-02 01:24:06.618 10 INFO neutron.wsgi [None req-955b3bbd-2add-40fc-bf08-b5fc472d8d71 c3e159fc388047d2926d2ab6991c6583 bd0d1c018646460b833b4c906b471641 - - default default] 10.0.0.161 "GET /v2.0/subnets HTTP/1.1" status: 200 len: 1437 time: 0.0270541
2026-07-02 01:24:06.669 10 INFO neutron.wsgi [None req-d7da782f-d33f-46e2-b1da-0c96624890e1 c3e159fc388047d2926d2ab6991c6583 bd0d1c018646460b833b4c906b471641 - - default default] 10.0.0.161 "GET /v2.0/ports HTTP/1.1" status: 200 len: 5351 time: 0.0497024
2026-07-02 01:24:06.697 10 INFO neutron.wsgi [None req-9bdc24bb-eba2-4139-8b83-c416303f418a c3e159fc388047d2926d2ab6991c6583 bd0d1c018646460b833b4c906b471641 - - default default] 10.0.0.161 "GET /v2.0/routers HTTP/1.1" status: 200 len: 189 time: 0.0252423
2026-07-02 01:24:06.710 10 INFO neutron.wsgi [None req-5df3995f-0f87-4250-abbb-cb292e5e3ec1 c3e159fc388047d2926d2ab6991c6583 bd0d1c018646460b833b4c906b471641 - - default default] 10.0.0.161 "GET /v2.0/agents?binary=ovn-controller HTTP/1.1" status: 200 len: 591 time: 0.0120578
2026-07-02 01:24:21.233 10 INFO neutron.wsgi [-] 10.0.0.52 "GET / HTTP/1.1" status: 200 len: 247 time: 0.0027661
2026-07-02 01:24:21.233 9 INFO neutron.wsgi [-] 10.0.0.52 "GET / HTTP/1.1" status: 200 len: 247 time: 0.0028384
2026-07-02 01:24:36.238 9 INFO neutron.wsgi [-] 10.0.0.52 "GET / HTTP/1.1" status: 200 len: 247 time: 0.0029030
2026-07-02 01:24:36.241 9 INFO neutron.wsgi [-] 10.0.0.52 "GET / HTTP/1.1" status: 200 len: 247 time: 0.0025129
2026-07-02 01:24:51.234 10 INFO neutron.wsgi [-] 10.0.0.52 "GET / HTTP/1.1" status: 200 len: 247 time: 0.0025895
2026-07-02 01:24:51.234 9 INFO neutron.wsgi [-] 10.0.0.52 "GET / HTTP/1.1" status: 200 len: 247 time: 0.0027537
2026-07-02 01:25:06.234 9 INFO neutron.wsgi [-] 10.0.0.52 "GET / HTTP/1.1" status: 200 len: 247 time: 0.0026150
2026-07-02 01:25:06.234 10 INFO neutron.wsgi [-] 10.0.0.52 "GET / HTTP/1.1" status: 200 len: 247 time: 0.0028713
2026-07-02 01:25:06.476 10 INFO neutron.wsgi [None req-6187c19d-3a0e-46ad-af3d-debd6ee1506a c3e159fc388047d2926d2ab6991c6583 bd0d1c018646460b833b4c906b471641 - - default default] 10.0.0.161 "GET /v2.0/subnets HTTP/1.1" status: 200 len: 1437 time: 0.1468964
2026-07-02 01:25:06.491 10 INFO neutron.wsgi [None req-f17b6d18-93d9-48a2-8dd0-f13751ab7ee5 c3e159fc388047d2926d2ab6991c6583 bd0d1c018646460b833b4c906b471641 - - default default] 10.0.0.161 "GET /v2.0/subnetpools HTTP/1.1" status: 200 len: 193 time: 0.0111542
2026-07-02 01:25:06.534 10 INFO neutron.wsgi [None req-df4869da-7125-434a-84f6-c80058e2a916 c3e159fc388047d2926d2ab6991c6583 bd0d1c018646460b833b4c906b471641 - - default default] 10.0.0.161 "GET /v2.0/floatingips HTTP/1.1" status: 200 len: 193 time: 0.0413830
2026-07-02 01:25:06.590 10 INFO neutron.wsgi [None req-a713a2db-12ad-4cc8-af39-1b8c83946475 c3e159fc388047d2926d2ab6991c6583 bd0d1c018646460b833b4c906b471641 - - default default] 10.0.0.161 "GET /v2.0/ports HTTP/1.1" status: 200 len: 5351 time: 0.0551956
2026-07-02 01:25:06.634 10 INFO neutron.wsgi [None req-1f1e903e-f2d6-40c5-9c00-90abb2be3db3 c3e159fc388047d2926d2ab6991c6583 bd0d1c018646460b833b4c906b471641 - - default default] 10.0.0.161 "GET /v2.0/subnets HTTP/1.1" status: 200 len: 1437 time: 0.0401840
2026-07-02 01:25:06.656 10 INFO neutron.wsgi [None req-4d2b28f5-3301-4dd3-af19-fd14e52a29e0 c3e159fc388047d2926d2ab6991c6583 bd0d1c018646460b833b4c906b471641 - - default default] 10.0.0.161 "GET /v2.0/routers HTTP/1.1" status: 200 len: 189 time: 0.0204828
2026-07-02 01:25:06.696 10 INFO neutron.wsgi [None req-c5e0974f-1db2-4129-9eb6-c440fb128a58 c3e159fc388047d2926d2ab6991c6583 bd0d1c018646460b833b4c906b471641 - - default default] 10.0.0.161 "GET /v2.0/agents?binary=ovn-controller HTTP/1.1" status: 200 len: 591 time: 0.0392835
2026-07-02 01:25:06.712 10 INFO neutron.wsgi [None req-d552b25f-04f2-4cbd-af1d-40ccce4d3960 c3e159fc388047d2926d2ab6991c6583 bd0d1c018646460b833b4c906b471641 - - default default] 10.0.0.161 "GET /v2.0/agents HTTP/1.1" status: 200 len: 997 time: 0.0143719
2026-07-02 01:25:06.793 10 INFO neutron.wsgi [None req-57b49346-b2f6-4f35-b354-3f7f79164101 c3e159fc388047d2926d2ab6991c6583 bd0d1c018646460b833b4c906b471641 - - default default] 10.0.0.161 "GET /v2.0/networks HTTP/1.1" status: 200 len: 2349 time: 0.0800653
2026-07-02 01:25:06.843 10 INFO neutron.wsgi [None req-6677d495-3d20-4be7-bd58-d3e7c7fd5860 c3e159fc388047d2926d2ab6991c6583 bd0d1c018646460b833b4c906b471641 - - default default] 10.0.0.161 "GET /v2.0/security-groups HTTP/1.1" status: 200 len: 16803 time: 0.0470097
2026-07-02 01:25:06.861 10 INFO neutron.wsgi [None req-0fad9f5c-5ce5-4e06-8b7c-29a78793ffc0 c3e159fc388047d2926d2ab6991c6583 bd0d1c018646460b833b4c906b471641 - - default default] 10.0.0.161 "GET /v2.0/network-ip-availabilities HTTP/1.1" status: 200 len: 1280 time: 0.0135126
2026-07-02 01:25:21.234 9 INFO neutron.wsgi [-] 10.0.0.52 "GET / HTTP/1.1" status: 200 len: 247 time: 0.0026593
2026-07-02 01:25:21.237 9 INFO neutron.wsgi [-] 10.0.0.52 "GET / HTTP/1.1" status: 200 len: 247 time: 0.0021465
2026-07-02 01:25:36.234 9 INFO neutron.wsgi [-] 10.0.0.52 "GET / HTTP/1.1" status: 200 len: 247 time: 0.0032096
2026-07-02 01:25:36.236 10 INFO neutron.wsgi [-] 10.0.0.52 "GET / HTTP/1.1" status: 200 len: 247 time: 0.0051222
2026-07-02 01:25:51.233 10 INFO neutron.wsgi [-] 10.0.0.52 "GET / HTTP/1.1" status: 200 len: 247 time: 0.0020025
2026-07-02 01:25:51.234 9 INFO neutron.wsgi [-] 10.0.0.52 "GET / HTTP/1.1" status: 200 len: 247 time: 0.0029967
2026-07-02 01:26:06.234 9 INFO neutron.wsgi [-] 10.0.0.52 "GET / HTTP/1.1" status: 200 len: 247 time: 0.0026627
2026-07-02 01:26:06.234 10 INFO neutron.wsgi [-] 10.0.0.52 "GET / HTTP/1.1" status: 200 len: 247 time: 0.0026717
2026-07-02 01:26:06.304 10 INFO neutron.wsgi [None req-37722bcb-a7c6-410c-a58a-5e564240d1ab c3e159fc388047d2926d2ab6991c6583 bd0d1c018646460b833b4c906b471641 - - default default] 10.0.0.161 "GET /v2.0/network-ip-availabilities HTTP/1.1" status: 200 len: 1280 time: 0.0580440
2026-07-02 01:26:06.336 10 INFO neutron.wsgi [None req-ba6003e4-722c-4309-9917-569384d3eb2c c3e159fc388047d2926d2ab6991c6583 bd0d1c018646460b833b4c906b471641 - - default default] 10.0.0.161 "GET /v2.0/floatingips HTTP/1.1" status: 200 len: 193 time: 0.0311060
2026-07-02 01:26:06.365 10 INFO neutron.wsgi [None req-157b6d81-430e-41a6-8d16-5a16c95afe1a c3e159fc388047d2926d2ab6991c6583 bd0d1c018646460b833b4c906b471641 - - default default] 10.0.0.161 "GET /v2.0/routers HTTP/1.1" status: 200 len: 189 time: 0.0275288
2026-07-02 01:26:06.407 10 INFO neutron.wsgi [None req-1664997e-a717-49c7-b138-3f5984dd366b c3e159fc388047d2926d2ab6991c6583 bd0d1c018646460b833b4c906b471641 - - default default] 10.0.0.161 "GET /v2.0/agents?binary=ovn-controller HTTP/1.1" status: 200 len: 591 time: 0.0411806
2026-07-02 01:26:06.424 10 INFO neutron.wsgi [None req-5c204a43-25d8-4061-92af-5eb9d7fc3e41 c3e159fc388047d2926d2ab6991c6583 bd0d1c018646460b833b4c906b471641 - - default default] 10.0.0.161 "GET /v2.0/agents HTTP/1.1" status: 200 len: 997 time: 0.0153232
2026-07-02 01:26:06.492 10 INFO neutron.wsgi [None req-d60335a2-00be-4896-b360-cf7fd64089c5 c3e159fc388047d2926d2ab6991c6583 bd0d1c018646460b833b4c906b471641 - - default default] 10.0.0.161 "GET /v2.0/networks HTTP/1.1" status: 200 len: 2349 time: 0.0665865
2026-07-02 01:26:06.540 10 INFO neutron.wsgi [None req-b48d8ff8-166c-4e12-ac2b-c43b56d7a83a c3e159fc388047d2926d2ab6991c6583 bd0d1c018646460b833b4c906b471641 - - default default] 10.0.0.161 "GET /v2.0/security-groups HTTP/1.1" status: 200 len: 16803 time: 0.0465121
2026-07-02 01:26:06.605 10 INFO neutron.wsgi [None req-dfc185c9-969c-441f-a69b-b4b231122013 c3e159fc388047d2926d2ab6991c6583 bd0d1c018646460b833b4c906b471641 - - default default] 10.0.0.161 "GET /v2.0/ports HTTP/1.1" status: 200 len: 5351 time: 0.0501766
2026-07-02 01:26:06.648 10 INFO neutron.wsgi [None req-027341d1-82cf-4fed-a73f-f6aea2764ea0 c3e159fc388047d2926d2ab6991c6583 bd0d1c018646460b833b4c906b471641 - - default default] 10.0.0.161 "GET /v2.0/subnets HTTP/1.1" status: 200 len: 1437 time: 0.0379946
2026-07-02 01:26:06.657 10 INFO neutron.wsgi [None req-cbd29040-6800-4c27-a219-babee549a017 c3e159fc388047d2926d2ab6991c6583 bd0d1c018646460b833b4c906b471641 - - default default] 10.0.0.161 "GET /v2.0/subnetpools HTTP/1.1" status: 200 len: 193 time: 0.0086362
2026-07-02 01:26:06.695 10 INFO neutron.wsgi [None req-88908819-2559-45b4-bc20-9a7ef9294674 c3e159fc388047d2926d2ab6991c6583 bd0d1c018646460b833b4c906b471641 - - default default] 10.0.0.161 "GET /v2.0/subnets HTTP/1.1" status: 200 len: 1437 time: 0.0366879
2026-07-02 01:26:21.233 9 INFO neutron.wsgi [-] 10.0.0.52 "GET / HTTP/1.1" status: 200 len: 247 time: 0.0026846
2026-07-02 01:26:21.236 9 INFO neutron.wsgi [-] 10.0.0.52 "GET / HTTP/1.1" status: 200 len: 247 time: 0.0023601
2026-07-02 01:26:36.234 9 INFO neutron.wsgi [-] 10.0.0.52 "GET / HTTP/1.1" status: 200 len: 247 time: 0.0027392
2026-07-02 01:26:36.235 10 INFO neutron.wsgi [-] 10.0.0.52 "GET / HTTP/1.1" status: 200 len: 247 time: 0.0029540
2026-07-02 01:26:51.233 10 INFO neutron.wsgi [-] 10.0.0.52 "GET / HTTP/1.1" status: 200 len: 247 time: 0.0021844
2026-07-02 01:26:51.233 9 INFO neutron.wsgi [-] 10.0.0.52 "GET / HTTP/1.1" status: 200 len: 247 time: 0.0027778
2026-07-02 01:27:06.233 9 INFO neutron.wsgi [-] 10.0.0.52 "GET / HTTP/1.1" status: 200 len: 247 time: 0.0026088
2026-07-02 01:27:06.234 10 INFO neutron.wsgi [-] 10.0.0.52 "GET / HTTP/1.1" status: 200 len: 247 time: 0.0025179
2026-07-02 01:27:06.409 10 INFO neutron.wsgi [None req-ad102da7-3e25-4ccb-a4dd-76b52b4b4b80 c3e159fc388047d2926d2ab6991c6583 bd0d1c018646460b833b4c906b471641 - - default default] 10.0.0.161 "GET /v2.0/security-groups HTTP/1.1" status: 200 len: 16803 time: 0.1295106
2026-07-02 01:27:06.451 10 INFO neutron.wsgi [None req-ee678dfe-aacc-4163-a424-1b447f16e018 c3e159fc388047d2926d2ab6991c6583 bd0d1c018646460b833b4c906b471641 - - default default] 10.0.0.161 "GET /v2.0/routers HTTP/1.1" status: 200 len: 189 time: 0.0380127
2026-07-02 01:27:06.489 10 INFO neutron.wsgi [None req-35f01e64-1e7e-4b62-804c-e575a75a6cd1 c3e159fc388047d2926d2ab6991c6583 bd0d1c018646460b833b4c906b471641 - - default default] 10.0.0.161 "GET /v2.0/agents?binary=ovn-controller HTTP/1.1" status: 200 len: 591 time: 0.0350757
2026-07-02 01:27:06.507 10 INFO neutron.wsgi [None req-5848d26a-258a-4c38-ab0f-0dd62812649c c3e159fc388047d2926d2ab6991c6583 bd0d1c018646460b833b4c906b471641 - - default default] 10.0.0.161 "GET /v2.0/agents HTTP/1.1" status: 200 len: 997 time: 0.0169766
