2026-07-02 01:35:54.090 10 INFO neutron.wsgi [None req-e4bd0975-1f0b-4993-8b33-3544b51af229 c3e159fc388047d2926d2ab6991c6583 bd0d1c018646460b833b4c906b471641 - - default default] 10.0.0.67 "GET /v2.0/security-groups?tenant_id=dcd16b9cfdf84378ba6c92f1b0f875b9&name=default HTTP/1.1" status: 200 len: 2996 time: 0.5122492
2026-07-02 01:35:54.217 9 INFO neutron.wsgi [None req-8ed7c304-85a7-45a2-b7a0-54a2791c6222 7260d83cf7b2442da864d08623e6841a cb519a3f03754be994f93abe6405d190 - - default default] 10.0.0.67 "DELETE /v2.0/ports/595ca7b6-3e29-41b5-9faa-fef912ea274a HTTP/1.1" status: 204 len: 168 time: 0.4578557
2026-07-02 01:35:54.246 9 INFO neutron.pecan_wsgi.hooks.translation [None req-b5bf191d-ca97-405d-94ea-8a77b5227fb1 7260d83cf7b2442da864d08623e6841a cb519a3f03754be994f93abe6405d190 - - default default] GET failed (client error): The resource could not be found.
2026-07-02 01:35:54.249 9 INFO neutron.wsgi [None req-b5bf191d-ca97-405d-94ea-8a77b5227fb1 7260d83cf7b2442da864d08623e6841a cb519a3f03754be994f93abe6405d190 - - default default] 10.0.0.67 "GET /v2.0/ports/595ca7b6-3e29-41b5-9faa-fef912ea274a HTTP/1.1" status: 404 len: 333 time: 0.0217245
2026-07-02 01:35:54.424 10 INFO neutron.wsgi [None req-5f25add1-ffba-465e-b799-be2b72bba36e c3e159fc388047d2926d2ab6991c6583 bd0d1c018646460b833b4c906b471641 - - default default] 10.0.0.67 "DELETE /v2.0/security-groups/8ce9f8d8-46ad-48a8-aae1-a63210c85fef HTTP/1.1" status: 204 len: 168 time: 0.3258584
2026-07-02 01:35:54.494 9 INFO neutron.db.ovn_revision_numbers_db [None req-c65e45d0-6b87-4e81-8e78-b5e8ea64ce9c c3e159fc388047d2926d2ab6991c6583 bd0d1c018646460b833b4c906b471641 - - default default] Successfully bumped revision number for resource 4d00ece6-e8b4-46b1-bd31-10986b2ad2f5 (type: security_groups) to 1
2026-07-02 01:35:54.512 9 INFO neutron.db.ovn_revision_numbers_db [None req-c65e45d0-6b87-4e81-8e78-b5e8ea64ce9c c3e159fc388047d2926d2ab6991c6583 bd0d1c018646460b833b4c906b471641 - - default default] Successfully bumped revision number for resource 00b1b0db-fa7e-49d9-bc94-5cbcc75ffc32 (type: security_group_rules) to 0
2026-07-02 01:35:54.531 9 INFO neutron.db.ovn_revision_numbers_db [None req-c65e45d0-6b87-4e81-8e78-b5e8ea64ce9c c3e159fc388047d2926d2ab6991c6583 bd0d1c018646460b833b4c906b471641 - - default default] Successfully bumped revision number for resource cab79af8-2ff2-44b3-8ce0-c3fc0a1e72b8 (type: security_group_rules) to 0
2026-07-02 01:35:54.552 9 INFO neutron.db.ovn_revision_numbers_db [None req-c65e45d0-6b87-4e81-8e78-b5e8ea64ce9c c3e159fc388047d2926d2ab6991c6583 bd0d1c018646460b833b4c906b471641 - - default default] Successfully bumped revision number for resource e06c118c-7d91-4371-9802-4a5b9a9ff0b6 (type: security_group_rules) to 0
2026-07-02 01:35:54.559 10 INFO neutron.wsgi [None req-0d4cc992-217f-4fe9-b564-f6a5220e06db 7260d83cf7b2442da864d08623e6841a cb519a3f03754be994f93abe6405d190 - - default default] 10.0.0.67 "DELETE /v2.0/subnets/2075989b-4588-46a5-9eca-47f4e85cb597 HTTP/1.1" status: 204 len: 168 time: 0.3059223
2026-07-02 01:35:54.568 9 INFO neutron.db.ovn_revision_numbers_db [None req-c65e45d0-6b87-4e81-8e78-b5e8ea64ce9c c3e159fc388047d2926d2ab6991c6583 bd0d1c018646460b833b4c906b471641 - - default default] Successfully bumped revision number for resource f037f6b6-2a1d-43c7-9f2e-d9a278477b72 (type: security_group_rules) to 0
2026-07-02 01:35:54.597 9 INFO neutron.wsgi [None req-c65e45d0-6b87-4e81-8e78-b5e8ea64ce9c c3e159fc388047d2926d2ab6991c6583 bd0d1c018646460b833b4c906b471641 - - default default] 10.0.0.67 "GET /v2.0/security-groups?tenant_id=5d0b2f35154c4f0c92eab3389778d8b7&name=default HTTP/1.1" status: 200 len: 2996 time: 0.5333681
2026-07-02 01:35:54.720 9 INFO neutron.db.ovn_revision_numbers_db [None req-c96176ba-49d7-4318-a270-38a25b06bca1 c3e159fc388047d2926d2ab6991c6583 bd0d1c018646460b833b4c906b471641 - - default default] Successfully bumped revision number for resource 2efa4595-989d-4bdb-ae2d-58b57ca03b3f (type: security_groups) to 1
2026-07-02 01:35:54.743 9 INFO neutron.db.ovn_revision_numbers_db [None req-c96176ba-49d7-4318-a270-38a25b06bca1 c3e159fc388047d2926d2ab6991c6583 bd0d1c018646460b833b4c906b471641 - - default default] Successfully bumped revision number for resource 192560d3-e66d-423d-b57d-0a71fee67f9a (type: security_group_rules) to 0
2026-07-02 01:35:54.759 9 INFO neutron.db.ovn_revision_numbers_db [None req-c96176ba-49d7-4318-a270-38a25b06bca1 c3e159fc388047d2926d2ab6991c6583 bd0d1c018646460b833b4c906b471641 - - default default] Successfully bumped revision number for resource 1d2763bf-3e25-4e08-9802-0e1fd5c8123b (type: security_group_rules) to 0
2026-07-02 01:35:54.786 9 INFO neutron.db.ovn_revision_numbers_db [None req-c96176ba-49d7-4318-a270-38a25b06bca1 c3e159fc388047d2926d2ab6991c6583 bd0d1c018646460b833b4c906b471641 - - default default] Successfully bumped revision number for resource 1dcc74de-80aa-4ee7-9115-d5daa358414b (type: security_group_rules) to 0
2026-07-02 01:35:54.804 9 INFO neutron.db.ovn_revision_numbers_db [None req-c96176ba-49d7-4318-a270-38a25b06bca1 c3e159fc388047d2926d2ab6991c6583 bd0d1c018646460b833b4c906b471641 - - default default] Successfully bumped revision number for resource bdd172af-1dd4-4b3d-81d0-7db3728e345d (type: security_group_rules) to 0
2026-07-02 01:35:54.833 9 INFO neutron.wsgi [None req-c96176ba-49d7-4318-a270-38a25b06bca1 c3e159fc388047d2926d2ab6991c6583 bd0d1c018646460b833b4c906b471641 - - default default] 10.0.0.67 "GET /v2.0/security-groups?tenant_id=ef6776e710094113a3a1d8e7fe36d959&name=default HTTP/1.1" status: 200 len: 2996 time: 0.2864988
2026-07-02 01:35:54.911 9 INFO neutron.wsgi [None req-353beb3f-dfbe-468f-ad9c-88eb2bbc7463 c3e159fc388047d2926d2ab6991c6583 bd0d1c018646460b833b4c906b471641 - - default default] 10.0.0.67 "DELETE /v2.0/security-groups/4d00ece6-e8b4-46b1-bd31-10986b2ad2f5 HTTP/1.1" status: 204 len: 168 time: 0.3076196
2026-07-02 01:35:54.928 10 INFO neutron.services.segments.plugin [-] Segment 67cc18dc-9e0c-4fb4-86b5-5643199b962f resource provider aggregate not found
2026-07-02 01:35:54.933 10 INFO neutron.services.segments.plugin [-] Segment 67cc18dc-9e0c-4fb4-86b5-5643199b962f resource provider aggregate not found
2026-07-02 01:35:54.951 10 INFO neutron.services.segments.plugin [-] Segment 67cc18dc-9e0c-4fb4-86b5-5643199b962f resource provider not found; error: Placement Client Error (4xx): {"errors": [{"status": 404, "title": "Not Found", "detail": "The resource could not be found.\n\n No resource provider with uuid 67cc18dc-9e0c-4fb4-86b5-5643199b962f found for delete ", "request_id": "req-305602d3-d858-4353-96b4-257bda9484b0"}]}
2026-07-02 01:35:54.953 10 INFO neutron.services.segments.plugin [-] Segment 67cc18dc-9e0c-4fb4-86b5-5643199b962f resource provider not found; error: Placement Client Error (4xx): {"errors": [{"status": 404, "title": "Not Found", "detail": "The resource could not be found.\n\n No resource provider with uuid 67cc18dc-9e0c-4fb4-86b5-5643199b962f found for delete ", "request_id": "req-4e650d49-cc04-4c4b-b7ed-9e7ba39b710c"}]}
2026-07-02 01:35:54.974 10 INFO neutron.wsgi [None req-9b745ce5-2a2d-4826-911d-087664aa4c1c 7260d83cf7b2442da864d08623e6841a cb519a3f03754be994f93abe6405d190 - - default default] 10.0.0.67 "DELETE /v2.0/networks/c0d265ea-3d3d-4463-996d-1cfa50422433 HTTP/1.1" status: 204 len: 168 time: 0.4077685
2026-07-02 01:35:54.987 10 WARNING neutron_lib.context [None req-a927690b-ca04-4a51-9e9b-60044c349212 7260d83cf7b2442da864d08623e6841a cb519a3f03754be994f93abe6405d190 - - default default] Method 'is_advsvc' is deprecated since 2023.2 release (neutron-lib 3.8.0) and will be removed once support for the old RBAC API policies will be removed from Neutron. Please use method 'is_service_role' instead.
2026-07-02 01:35:55.069 9 INFO neutron.wsgi [None req-b1a19023-f98a-49c0-babe-5f3ba8949642 c3e159fc388047d2926d2ab6991c6583 bd0d1c018646460b833b4c906b471641 - - default default] 10.0.0.67 "DELETE /v2.0/security-groups/2efa4595-989d-4bdb-ae2d-58b57ca03b3f HTTP/1.1" status: 204 len: 168 time: 0.2285066
2026-07-02 01:35:55.239 10 WARNING neutron.scheduler.dhcp_agent_scheduler [None req-a927690b-ca04-4a51-9e9b-60044c349212 7260d83cf7b2442da864d08623e6841a cb519a3f03754be994f93abe6405d190 - - default default] No more DHCP agents
2026-07-02 01:35:55.240 10 WARNING neutron.api.rpc.agentnotifiers.dhcp_rpc_agent_api [None req-a927690b-ca04-4a51-9e9b-60044c349212 7260d83cf7b2442da864d08623e6841a cb519a3f03754be994f93abe6405d190 - - default default] Unable to schedule network 93376c6a-ca0d-41c6-8fc0-08a64ed14c7a: no agents available; will retry on subsequent port and subnet creation events.
2026-07-02 01:35:55.342 10 INFO neutron.db.ovn_revision_numbers_db [None req-a927690b-ca04-4a51-9e9b-60044c349212 7260d83cf7b2442da864d08623e6841a cb519a3f03754be994f93abe6405d190 - - default default] Successfully bumped revision number for resource 2eaf3743-a87e-44ef-b7c2-fbabf13943c5 (type: ports) to 1
2026-07-02 01:35:55.370 10 INFO neutron.wsgi [None req-a927690b-ca04-4a51-9e9b-60044c349212 7260d83cf7b2442da864d08623e6841a cb519a3f03754be994f93abe6405d190 - - default default] 10.0.0.67 "POST /v2.0/ports HTTP/1.1" status: 201 len: 974 time: 0.3876379 /var/lib/openstack/lib/python3.10/site-packages/pycadf/identifier.py:71: UserWarning: Invalid uuid: neutron. To ensure interoperability, identifiers should be a valid uuid. warnings.warn(('Invalid uuid: %s. To ensure interoperability, '
2026-07-02 01:35:55.650 10 INFO neutron.plugins.ml2.drivers.ovn.mech_driver.mech_driver [None req-498414c1-69f1-43ec-aebf-26761072ab82 - - - - - -] OVN reports status down for port: 2eaf3743-a87e-44ef-b7c2-fbabf13943c5
2026-07-02 01:35:55.692 10 INFO neutron.db.ovn_revision_numbers_db [None req-d5d3fb95-46f0-4f2b-af98-9b6f34f4f108 7260d83cf7b2442da864d08623e6841a cb519a3f03754be994f93abe6405d190 - - default default] Successfully bumped revision number for resource 2eaf3743-a87e-44ef-b7c2-fbabf13943c5 (type: ports) to 2
2026-07-02 01:35:55.708 10 INFO neutron.wsgi [None req-d5d3fb95-46f0-4f2b-af98-9b6f34f4f108 7260d83cf7b2442da864d08623e6841a cb519a3f03754be994f93abe6405d190 - - default default] 10.0.0.67 "PUT /v2.0/ports/2eaf3743-a87e-44ef-b7c2-fbabf13943c5 HTTP/1.1" status: 200 len: 946 time: 0.3277540
2026-07-02 01:35:55.980 9 INFO neutron.wsgi [None req-2dbc9245-09ee-41ac-a888-90034bf14870 7260d83cf7b2442da864d08623e6841a cb519a3f03754be994f93abe6405d190 - - default default] 10.0.0.67 "DELETE /v2.0/ports/2eaf3743-a87e-44ef-b7c2-fbabf13943c5 HTTP/1.1" status: 204 len: 168 time: 0.2661209
2026-07-02 01:35:56.085 9 INFO neutron.wsgi [None req-d506759e-3732-4c24-a872-08a8963eb880 7260d83cf7b2442da864d08623e6841a cb519a3f03754be994f93abe6405d190 - - default default] 10.0.0.67 "GET /v2.0/ports HTTP/1.1" status: 200 len: 1728 time: 0.1002085
2026-07-02 01:35:56.108 9 INFO neutron.pecan_wsgi.hooks.translation [None req-58bfc8ec-33fb-47fe-9bcc-b3de08ae46e7 7260d83cf7b2442da864d08623e6841a cb519a3f03754be994f93abe6405d190 - - default default] GET failed (client error): The resource could not be found.
2026-07-02 01:35:56.110 9 INFO neutron.wsgi [None req-58bfc8ec-33fb-47fe-9bcc-b3de08ae46e7 7260d83cf7b2442da864d08623e6841a cb519a3f03754be994f93abe6405d190 - - default default] 10.0.0.67 "GET /v2.0/ports/2eaf3743-a87e-44ef-b7c2-fbabf13943c5 HTTP/1.1" status: 404 len: 333 time: 0.0181623
2026-07-02 01:35:56.163 9 INFO neutron.wsgi [None req-00430c2b-493a-4f60-967e-b2a1d8b4325b 7260d83cf7b2442da864d08623e6841a cb519a3f03754be994f93abe6405d190 - - default default] 10.0.0.67 "GET /v2.0/ports HTTP/1.1" status: 200 len: 1728 time: 0.0458052 /var/lib/openstack/lib/python3.10/site-packages/pycadf/identifier.py:71: UserWarning: Invalid uuid: neutron. To ensure interoperability, identifiers should be a valid uuid. warnings.warn(('Invalid uuid: %s. To ensure interoperability, '
2026-07-02 01:35:56.253 10 INFO neutron.wsgi [None req-3e988853-b626-4e93-a381-980cf1933263 7260d83cf7b2442da864d08623e6841a cb519a3f03754be994f93abe6405d190 - - default default] 10.0.0.67 "GET /v2.0/ports/8a2798f7-c0b9-4eab-bcf4-ab11034d783b HTTP/1.1" status: 200 len: 968 time: 0.0808909
2026-07-02 01:35:56.279 10 INFO neutron.pecan_wsgi.hooks.translation [None req-eef8c65f-1801-4c40-8555-2d3fad0c789f 7260d83cf7b2442da864d08623e6841a cb519a3f03754be994f93abe6405d190 - - default default] DELETE failed (client error): The resource could not be found.
2026-07-02 01:35:56.281 10 INFO neutron.wsgi [None req-eef8c65f-1801-4c40-8555-2d3fad0c789f 7260d83cf7b2442da864d08623e6841a cb519a3f03754be994f93abe6405d190 - - default default] 10.0.0.67 "DELETE /v2.0/ports/595ca7b6-3e29-41b5-9faa-fef912ea274a HTTP/1.1" status: 404 len: 333 time: 0.0212986
2026-07-02 01:35:56.313 10 INFO neutron.pecan_wsgi.hooks.translation [None req-93cd9d36-4c08-4345-9bc2-c0b606396756 7260d83cf7b2442da864d08623e6841a cb519a3f03754be994f93abe6405d190 - - default default] DELETE failed (client error): The resource could not be found.
2026-07-02 01:35:56.315 10 INFO neutron.wsgi [None req-93cd9d36-4c08-4345-9bc2-c0b606396756 7260d83cf7b2442da864d08623e6841a cb519a3f03754be994f93abe6405d190 - - default default] 10.0.0.67 "DELETE /v2.0/subnets/2075989b-4588-46a5-9eca-47f4e85cb597 HTTP/1.1" status: 404 len: 337 time: 0.0224230
2026-07-02 01:35:56.346 10 INFO neutron.pecan_wsgi.hooks.translation [None req-87050b6c-4108-45df-b83b-28317fd1ef78 7260d83cf7b2442da864d08623e6841a cb519a3f03754be994f93abe6405d190 - - default default] DELETE failed (client error): The resource could not be found.
2026-07-02 01:35:56.349 10 INFO neutron.wsgi [None req-87050b6c-4108-45df-b83b-28317fd1ef78 7260d83cf7b2442da864d08623e6841a cb519a3f03754be994f93abe6405d190 - - default default] 10.0.0.67 "DELETE /v2.0/subnets/e2e9caa4-e70e-4723-a830-3ede39845ece HTTP/1.1" status: 404 len: 337 time: 0.0270531
2026-07-02 01:35:56.625 9 INFO neutron.wsgi [None req-6f979697-0807-42fc-901d-f52affcb8d7e 7260d83cf7b2442da864d08623e6841a cb519a3f03754be994f93abe6405d190 - - default default] 10.0.0.67 "DELETE /v2.0/ports/8a2798f7-c0b9-4eab-bcf4-ab11034d783b HTTP/1.1" status: 204 len: 168 time: 0.2676120
2026-07-02 01:35:56.993 9 INFO neutron.services.segments.plugin [-] Segment 3750c20f-39db-4695-8d8f-e40c4682bda6 resource provider aggregate not found
2026-07-02 01:35:56.998 9 INFO neutron.services.segments.plugin [-] Segment 3750c20f-39db-4695-8d8f-e40c4682bda6 resource provider aggregate not found
2026-07-02 01:35:57.004 10 WARNING neutron_lib.context [None req-64d63dd6-02bb-476e-8967-2d69b359302a 22aa2eabcdd54abbb39ed0578f7d0b40 4256c4aa25bd4930b765cbf297d71166 - - default default] Method 'is_advsvc' is deprecated since 2023.2 release (neutron-lib 3.8.0) and will be removed once support for the old RBAC API policies will be removed from Neutron. Please use method 'is_service_role' instead.
2026-07-02 01:35:57.017 9 INFO neutron.services.segments.plugin [-] Segment 3750c20f-39db-4695-8d8f-e40c4682bda6 resource provider not found; error: Placement Client Error (4xx): {"errors": [{"status": 404, "title": "Not Found", "detail": "The resource could not be found.\n\n No resource provider with uuid 3750c20f-39db-4695-8d8f-e40c4682bda6 found for delete ", "request_id": "req-634b1dd2-bd61-4b4a-a5f5-297f865e7a08"}]}
2026-07-02 01:35:57.018 9 INFO neutron.services.segments.plugin [-] Segment 3750c20f-39db-4695-8d8f-e40c4682bda6 resource provider not found; error: Placement Client Error (4xx): {"errors": [{"status": 404, "title": "Not Found", "detail": "The resource could not be found.\n\n No resource provider with uuid 3750c20f-39db-4695-8d8f-e40c4682bda6 found for delete ", "request_id": "req-0371a2e5-3a69-4ab8-902b-79f0ba015eb9"}]}
2026-07-02 01:35:57.041 9 INFO neutron.wsgi [None req-fac5b6b2-5d0b-4817-9e03-882e1397c3a5 7260d83cf7b2442da864d08623e6841a cb519a3f03754be994f93abe6405d190 - - default default] 10.0.0.67 "DELETE /v2.0/networks/93376c6a-ca0d-41c6-8fc0-08a64ed14c7a HTTP/1.1" status: 204 len: 168 time: 0.4094141
2026-07-02 01:35:57.178 10 INFO neutron.db.ovn_revision_numbers_db [None req-64d63dd6-02bb-476e-8967-2d69b359302a 22aa2eabcdd54abbb39ed0578f7d0b40 4256c4aa25bd4930b765cbf297d71166 - - default default] Successfully bumped revision number for resource be41f1d1-1b8f-4ad6-94d3-e4b4936f5b8b (type: security_groups) to 1
2026-07-02 01:35:57.194 10 INFO neutron.db.ovn_revision_numbers_db [None req-64d63dd6-02bb-476e-8967-2d69b359302a 22aa2eabcdd54abbb39ed0578f7d0b40 4256c4aa25bd4930b765cbf297d71166 - - default default] Successfully bumped revision number for resource 00434784-7df0-4117-8053-8d39e9c3b47b (type: security_group_rules) to 0
2026-07-02 01:35:57.214 10 INFO neutron.db.ovn_revision_numbers_db [None req-64d63dd6-02bb-476e-8967-2d69b359302a 22aa2eabcdd54abbb39ed0578f7d0b40 4256c4aa25bd4930b765cbf297d71166 - - default default] Successfully bumped revision number for resource 778c27ea-d8a0-49c1-bce6-9cd41edbbb01 (type: security_group_rules) to 0
2026-07-02 01:35:57.234 10 INFO neutron.db.ovn_revision_numbers_db [None req-64d63dd6-02bb-476e-8967-2d69b359302a 22aa2eabcdd54abbb39ed0578f7d0b40 4256c4aa25bd4930b765cbf297d71166 - - default default] Successfully bumped revision number for resource dcd93be2-aa8c-459f-8fbb-7aefbc8f5bf9 (type: security_group_rules) to 0
2026-07-02 01:35:57.249 10 INFO neutron.db.ovn_revision_numbers_db [None req-64d63dd6-02bb-476e-8967-2d69b359302a 22aa2eabcdd54abbb39ed0578f7d0b40 4256c4aa25bd4930b765cbf297d71166 - - default default] Successfully bumped revision number for resource e9f2a3eb-7719-43d2-a085-76962a0ccd1e (type: security_group_rules) to 0
2026-07-02 01:35:57.299 10 INFO neutron.db.segments_db [None req-64d63dd6-02bb-476e-8967-2d69b359302a 22aa2eabcdd54abbb39ed0578f7d0b40 4256c4aa25bd4930b765cbf297d71166 - - default default] Added segment 00b62db8-c712-430f-a59f-514b659afce5 of type geneve for network 6bf2fcbb-9668-4385-b93c-4a4070ce41f2
2026-07-02 01:35:57.477 10 INFO neutron.db.ovn_revision_numbers_db [None req-64d63dd6-02bb-476e-8967-2d69b359302a 22aa2eabcdd54abbb39ed0578f7d0b40 4256c4aa25bd4930b765cbf297d71166 - - default default] Successfully bumped revision number for resource 6bf2fcbb-9668-4385-b93c-4a4070ce41f2 (type: networks) to 1
2026-07-02 01:35:57.676 10 WARNING neutron.scheduler.dhcp_agent_scheduler [None req-64d63dd6-02bb-476e-8967-2d69b359302a 22aa2eabcdd54abbb39ed0578f7d0b40 4256c4aa25bd4930b765cbf297d71166 - - default default] No more DHCP agents
2026-07-02 01:35:57.679 10 WARNING neutron.api.rpc.agentnotifiers.dhcp_rpc_agent_api [None req-64d63dd6-02bb-476e-8967-2d69b359302a 22aa2eabcdd54abbb39ed0578f7d0b40 4256c4aa25bd4930b765cbf297d71166 - - default default] Unable to schedule network 6bf2fcbb-9668-4385-b93c-4a4070ce41f2: no agents available; will retry on subsequent port and subnet creation events.
2026-07-02 01:35:57.751 9 INFO neutron.wsgi [None req-cff18315-2ef0-4b84-9242-afd765fc2021 c3e159fc388047d2926d2ab6991c6583 bd0d1c018646460b833b4c906b471641 - - default default] 10.0.0.67 "GET /v2.0/security-groups?tenant_id=cb519a3f03754be994f93abe6405d190&name=default HTTP/1.1" status: 200 len: 2996 time: 0.1657753
2026-07-02 01:35:57.792 10 INFO neutron.db.ovn_revision_numbers_db [None req-64d63dd6-02bb-476e-8967-2d69b359302a 22aa2eabcdd54abbb39ed0578f7d0b40 4256c4aa25bd4930b765cbf297d71166 - - default default] Successfully bumped revision number for resource a9dd68ef-99e4-43d3-8090-6b949e72f803 (type: ports) to 1
2026-07-02 01:35:57.822 10 INFO neutron.wsgi [None req-64d63dd6-02bb-476e-8967-2d69b359302a 22aa2eabcdd54abbb39ed0578f7d0b40 4256c4aa25bd4930b765cbf297d71166 - - default default] 10.0.0.67 "POST /v2.0/networks HTTP/1.1" status: 201 len: 832 time: 0.9337709
2026-07-02 01:35:57.836 9 WARNING neutron_lib.context [None req-0ba4daf6-153d-4729-927a-86a40255ca27 22aa2eabcdd54abbb39ed0578f7d0b40 4256c4aa25bd4930b765cbf297d71166 - - default default] Method 'is_advsvc' is deprecated since 2023.2 release (neutron-lib 3.8.0) and will be removed once support for the old RBAC API policies will be removed from Neutron. Please use method 'is_service_role' instead.
2026-07-02 01:35:57.934 9 INFO neutron.db.segments_db [None req-0ba4daf6-153d-4729-927a-86a40255ca27 22aa2eabcdd54abbb39ed0578f7d0b40 4256c4aa25bd4930b765cbf297d71166 - - default default] Added segment d65d6b55-b4b8-4d9d-8f35-0d40db66c3b7 of type geneve for network 3e44b544-09ac-4e72-b825-b1cb2845b7fd
2026-07-02 01:35:58.029 9 INFO neutron.wsgi [None req-ff9aafc5-9273-4946-8a98-56e81425ac4c c3e159fc388047d2926d2ab6991c6583 bd0d1c018646460b833b4c906b471641 - - default default] 10.0.0.67 "DELETE /v2.0/security-groups/c85bff5b-6a51-4547-bf80-65f4da65e60f HTTP/1.1" status: 204 len: 168 time: 0.2717030
2026-07-02 01:35:58.092 9 INFO neutron.db.ovn_revision_numbers_db [None req-0ba4daf6-153d-4729-927a-86a40255ca27 22aa2eabcdd54abbb39ed0578f7d0b40 4256c4aa25bd4930b765cbf297d71166 - - default default] Successfully bumped revision number for resource 3e44b544-09ac-4e72-b825-b1cb2845b7fd (type: networks) to 1
2026-07-02 01:35:58.303 9 WARNING neutron.scheduler.dhcp_agent_scheduler [None req-0ba4daf6-153d-4729-927a-86a40255ca27 22aa2eabcdd54abbb39ed0578f7d0b40 4256c4aa25bd4930b765cbf297d71166 - - default default] No more DHCP agents
2026-07-02 01:35:58.308 9 WARNING neutron.api.rpc.agentnotifiers.dhcp_rpc_agent_api [None req-0ba4daf6-153d-4729-927a-86a40255ca27 22aa2eabcdd54abbb39ed0578f7d0b40 4256c4aa25bd4930b765cbf297d71166 - - default default] Unable to schedule network 3e44b544-09ac-4e72-b825-b1cb2845b7fd: no agents available; will retry on subsequent port and subnet creation events.
2026-07-02 01:35:58.406 9 INFO neutron.db.ovn_revision_numbers_db [None req-0ba4daf6-153d-4729-927a-86a40255ca27 22aa2eabcdd54abbb39ed0578f7d0b40 4256c4aa25bd4930b765cbf297d71166 - - default default] Successfully bumped revision number for resource bd4bff59-7577-4533-91b2-8a29443ce3c8 (type: ports) to 1
2026-07-02 01:35:58.438 9 INFO neutron.wsgi [None req-0ba4daf6-153d-4729-927a-86a40255ca27 22aa2eabcdd54abbb39ed0578f7d0b40 4256c4aa25bd4930b765cbf297d71166 - - default default] 10.0.0.67 "POST /v2.0/networks HTTP/1.1" status: 201 len: 833 time: 0.6064508
2026-07-02 01:35:58.459 10 WARNING neutron_lib.context [None req-ca4cab4a-5246-4fc8-bf4e-6facb2f5a771 22aa2eabcdd54abbb39ed0578f7d0b40 4256c4aa25bd4930b765cbf297d71166 - - default default] Method 'is_advsvc' is deprecated since 2023.2 release (neutron-lib 3.8.0) and will be removed once support for the old RBAC API policies will be removed from Neutron. Please use method 'is_service_role' instead.
2026-07-02 01:35:58.743 10 WARNING neutron.scheduler.dhcp_agent_scheduler [None req-ca4cab4a-5246-4fc8-bf4e-6facb2f5a771 22aa2eabcdd54abbb39ed0578f7d0b40 4256c4aa25bd4930b765cbf297d71166 - - default default] No more DHCP agents
2026-07-02 01:35:58.748 10 WARNING neutron.api.rpc.agentnotifiers.dhcp_rpc_agent_api [None req-ca4cab4a-5246-4fc8-bf4e-6facb2f5a771 22aa2eabcdd54abbb39ed0578f7d0b40 4256c4aa25bd4930b765cbf297d71166 - - default default] Unable to schedule network 6bf2fcbb-9668-4385-b93c-4a4070ce41f2: no agents available; will retry on subsequent port and subnet creation events.
2026-07-02 01:35:58.799 10 INFO neutron.db.ovn_revision_numbers_db [None req-ca4cab4a-5246-4fc8-bf4e-6facb2f5a771 22aa2eabcdd54abbb39ed0578f7d0b40 4256c4aa25bd4930b765cbf297d71166 - - default default] Successfully bumped revision number for resource 8f36154d-f6c3-4b72-a1e2-4cb99511c3de (type: subnets) to 0
2026-07-02 01:35:58.816 10 INFO neutron.wsgi [None req-ca4cab4a-5246-4fc8-bf4e-6facb2f5a771 22aa2eabcdd54abbb39ed0578f7d0b40 4256c4aa25bd4930b765cbf297d71166 - - default default] 10.0.0.67 "POST /v2.0/subnets HTTP/1.1" status: 201 len: 821 time: 0.3677878
2026-07-02 01:35:58.828 10 WARNING neutron_lib.context [None req-09e82d3f-8781-4f88-acd2-050dd9a74638 22aa2eabcdd54abbb39ed0578f7d0b40 4256c4aa25bd4930b765cbf297d71166 - - default default] Method 'is_advsvc' is deprecated since 2023.2 release (neutron-lib 3.8.0) and will be removed once support for the old RBAC API policies will be removed from Neutron. Please use method 'is_service_role' instead.
2026-07-02 01:35:59.348 10 WARNING neutron.scheduler.dhcp_agent_scheduler [None req-09e82d3f-8781-4f88-acd2-050dd9a74638 22aa2eabcdd54abbb39ed0578f7d0b40 4256c4aa25bd4930b765cbf297d71166 - - default default] No more DHCP agents
2026-07-02 01:35:59.353 10 WARNING neutron.api.rpc.agentnotifiers.dhcp_rpc_agent_api [None req-09e82d3f-8781-4f88-acd2-050dd9a74638 22aa2eabcdd54abbb39ed0578f7d0b40 4256c4aa25bd4930b765cbf297d71166 - - default default] Unable to schedule network 3e44b544-09ac-4e72-b825-b1cb2845b7fd: no agents available; will retry on subsequent port and subnet creation events.
2026-07-02 01:35:59.397 10 INFO neutron.db.ovn_revision_numbers_db [None req-09e82d3f-8781-4f88-acd2-050dd9a74638 22aa2eabcdd54abbb39ed0578f7d0b40 4256c4aa25bd4930b765cbf297d71166 - - default default] Successfully bumped revision number for resource e22b19d6-3fdd-4a1a-9363-f299e56d7695 (type: subnets) to 0
2026-07-02 01:35:59.418 10 INFO neutron.wsgi [None req-09e82d3f-8781-4f88-acd2-050dd9a74638 22aa2eabcdd54abbb39ed0578f7d0b40 4256c4aa25bd4930b765cbf297d71166 - - default default] 10.0.0.67 "POST /v2.0/subnets HTTP/1.1" status: 201 len: 830 time: 0.5956104
2026-07-02 01:35:59.433 10 WARNING neutron_lib.context [None req-d26f57f0-8e95-48c5-8608-b0de0b9d74b5 22aa2eabcdd54abbb39ed0578f7d0b40 4256c4aa25bd4930b765cbf297d71166 - - default default] Method 'is_advsvc' is deprecated since 2023.2 release (neutron-lib 3.8.0) and will be removed once support for the old RBAC API policies will be removed from Neutron. Please use method 'is_service_role' instead.
2026-07-02 01:35:59.606 10 INFO neutron.db.ovn_revision_numbers_db [None req-d26f57f0-8e95-48c5-8608-b0de0b9d74b5 22aa2eabcdd54abbb39ed0578f7d0b40 4256c4aa25bd4930b765cbf297d71166 - - default default] Successfully bumped revision number for resource c8022d69-412d-4caa-815e-8b6d1e7f24eb (type: routers) to 1
2026-07-02 01:35:59.624 10 INFO neutron.wsgi [None req-d26f57f0-8e95-48c5-8608-b0de0b9d74b5 22aa2eabcdd54abbb39ed0578f7d0b40 4256c4aa25bd4930b765cbf297d71166 - - default default] 10.0.0.67 "POST /v2.0/routers HTTP/1.1" status: 201 len: 691 time: 0.1991551
2026-07-02 01:35:59.667 9 INFO neutron.db.ovn_revision_numbers_db [None req-5f064377-9ecc-4e71-bf65-13badd5869fe c3e159fc388047d2926d2ab6991c6583 bd0d1c018646460b833b4c906b471641 - - default default] Successfully bumped revision number for resource ac3471d0-5640-40a0-8fc7-76514146eb84 (type: security_groups) to 1
2026-07-02 01:35:59.686 9 INFO neutron.db.ovn_revision_numbers_db [None req-5f064377-9ecc-4e71-bf65-13badd5869fe c3e159fc388047d2926d2ab6991c6583 bd0d1c018646460b833b4c906b471641 - - default default] Successfully bumped revision number for resource 14ac7bb4-66db-4b54-86d9-53969b433e6c (type: security_group_rules) to 0
2026-07-02 01:35:59.701 9 INFO neutron.db.ovn_revision_numbers_db [None req-5f064377-9ecc-4e71-bf65-13badd5869fe c3e159fc388047d2926d2ab6991c6583 bd0d1c018646460b833b4c906b471641 - - default default] Successfully bumped revision number for resource 2153af0e-c3a5-4f5f-b951-846af989f60a (type: security_group_rules) to 0
2026-07-02 01:35:59.715 9 INFO neutron.db.ovn_revision_numbers_db [None req-5f064377-9ecc-4e71-bf65-13badd5869fe c3e159fc388047d2926d2ab6991c6583 bd0d1c018646460b833b4c906b471641 - - default default] Successfully bumped revision number for resource 422091e7-1f7c-4107-acdf-d8cc0ab0aaed (type: security_group_rules) to 0
2026-07-02 01:35:59.736 9 INFO neutron.db.ovn_revision_numbers_db [None req-5f064377-9ecc-4e71-bf65-13badd5869fe c3e159fc388047d2926d2ab6991c6583 bd0d1c018646460b833b4c906b471641 - - default default] Successfully bumped revision number for resource f3d083b6-71c0-4147-b533-1ae20e7adfcd (type: security_group_rules) to 0
2026-07-02 01:35:59.761 9 INFO neutron.wsgi [None req-5f064377-9ecc-4e71-bf65-13badd5869fe c3e159fc388047d2926d2ab6991c6583 bd0d1c018646460b833b4c906b471641 - - default default] 10.0.0.67 "GET /v2.0/security-groups?tenant_id=b176f27a37a04270a4b9902dd767941c&name=default HTTP/1.1" status: 200 len: 2996 time: 0.4784408
2026-07-02 01:35:59.969 9 INFO neutron.db.ovn_revision_numbers_db [None req-3fb638e9-59ae-4467-a784-7c97ff930559 c3e159fc388047d2926d2ab6991c6583 bd0d1c018646460b833b4c906b471641 - - default default] Successfully bumped revision number for resource d8938cb5-d58e-493e-ad13-af39af34e877 (type: security_groups) to 1
2026-07-02 01:35:59.985 9 INFO neutron.wsgi [None req-db0b45f4-dfa0-4391-b105-31f9461eb1d2 c3e159fc388047d2926d2ab6991c6583 bd0d1c018646460b833b4c906b471641 - - default default] 10.0.0.67 "DELETE /v2.0/security-groups/ac3471d0-5640-40a0-8fc7-76514146eb84 HTTP/1.1" status: 204 len: 168 time: 0.2185984
2026-07-02 01:35:59.987 9 INFO neutron.db.ovn_revision_numbers_db [None req-3fb638e9-59ae-4467-a784-7c97ff930559 c3e159fc388047d2926d2ab6991c6583 bd0d1c018646460b833b4c906b471641 - - default default] Successfully bumped revision number for resource 096add9a-4018-4421-bc20-5a8da925e206 (type: security_group_rules) to 0
2026-07-02 01:36:00.000 9 INFO neutron.db.ovn_revision_numbers_db [None req-3fb638e9-59ae-4467-a784-7c97ff930559 c3e159fc388047d2926d2ab6991c6583 bd0d1c018646460b833b4c906b471641 - - default default] Successfully bumped revision number for resource 0d576bbd-c71a-47d8-b631-c4a0ade34297 (type: security_group_rules) to 0
2026-07-02 01:36:00.019 9 INFO neutron.db.ovn_revision_numbers_db [None req-3fb638e9-59ae-4467-a784-7c97ff930559 c3e159fc388047d2926d2ab6991c6583 bd0d1c018646460b833b4c906b471641 - - default default] Successfully bumped revision number for resource ba5bde8b-7e40-410c-babb-03ef49efb283 (type: security_group_rules) to 0
2026-07-02 01:36:00.056 9 INFO neutron.db.ovn_revision_numbers_db [None req-3fb638e9-59ae-4467-a784-7c97ff930559 c3e159fc388047d2926d2ab6991c6583 bd0d1c018646460b833b4c906b471641 - - default default] Successfully bumped revision number for resource fea2d79d-80a2-45d1-acb2-e547647cb8cf (type: security_group_rules) to 0
2026-07-02 01:36:00.069 10 WARNING neutron_lib.context [None req-d9068cd5-bbc9-4a2b-bab9-af31e80ba1ee 69641557955447fe8cd7a2e5db790ca0 31d4de398b8e488290f83f8fc81d12af - - default default] Method 'is_advsvc' is deprecated since 2023.2 release (neutron-lib 3.8.0) and will be removed once support for the old RBAC API policies will be removed from Neutron. Please use method 'is_service_role' instead.
2026-07-02 01:36:00.081 9 INFO neutron.wsgi [None req-3fb638e9-59ae-4467-a784-7c97ff930559 c3e159fc388047d2926d2ab6991c6583 bd0d1c018646460b833b4c906b471641 - - default default] 10.0.0.67 "GET /v2.0/security-groups?tenant_id=64f43688f8684f778963d039d292e457&name=default HTTP/1.1" status: 200 len: 2996 time: 0.3492007
2026-07-02 01:36:00.137 10 WARNING neutron.scheduler.dhcp_agent_scheduler [None req-db6efa23-251a-4b25-b5f3-86c1b51521e8 22aa2eabcdd54abbb39ed0578f7d0b40 4256c4aa25bd4930b765cbf297d71166 - - default default] No more DHCP agents
2026-07-02 01:36:00.141 10 WARNING neutron.api.rpc.agentnotifiers.dhcp_rpc_agent_api [None req-db6efa23-251a-4b25-b5f3-86c1b51521e8 22aa2eabcdd54abbb39ed0578f7d0b40 4256c4aa25bd4930b765cbf297d71166 - - default default] Unable to schedule network 6bf2fcbb-9668-4385-b93c-4a4070ce41f2: no agents available; will retry on subsequent port and subnet creation events.
2026-07-02 01:36:00.242 9 INFO neutron.db.ovn_revision_numbers_db [None req-79760481-a5c4-41a9-9695-704d1483382f c3e159fc388047d2926d2ab6991c6583 bd0d1c018646460b833b4c906b471641 - - default default] Successfully bumped revision number for resource 4d5961c3-395a-41a8-9691-1bcc0921366a (type: security_groups) to 1
2026-07-02 01:36:00.256 9 INFO neutron.db.ovn_revision_numbers_db [None req-79760481-a5c4-41a9-9695-704d1483382f c3e159fc388047d2926d2ab6991c6583 bd0d1c018646460b833b4c906b471641 - - default default] Successfully bumped revision number for resource 25c48125-0616-4e87-bc62-c847b79ffda6 (type: security_group_rules) to 0
2026-07-02 01:36:00.291 9 INFO neutron.db.ovn_revision_numbers_db [None req-79760481-a5c4-41a9-9695-704d1483382f c3e159fc388047d2926d2ab6991c6583 bd0d1c018646460b833b4c906b471641 - - default default] Successfully bumped revision number for resource 621b7d7e-ef2a-46da-8193-1197f1101ec9 (type: security_group_rules) to 0
2026-07-02 01:36:00.305 10 INFO neutron.db.ovn_revision_numbers_db [None req-db6efa23-251a-4b25-b5f3-86c1b51521e8 22aa2eabcdd54abbb39ed0578f7d0b40 4256c4aa25bd4930b765cbf297d71166 - - default default] Successfully bumped revision number for resource fcc30081-9e0e-4f3c-bdd5-617b47d98363 (type: ports) to 1
2026-07-02 01:36:00.311 9 INFO neutron.db.ovn_revision_numbers_db [None req-79760481-a5c4-41a9-9695-704d1483382f c3e159fc388047d2926d2ab6991c6583 bd0d1c018646460b833b4c906b471641 - - default default] Successfully bumped revision number for resource 694dc1c4-a59e-4cf1-8836-361a14feca46 (type: security_group_rules) to 0
2026-07-02 01:36:00.329 9 INFO neutron.db.ovn_revision_numbers_db [None req-79760481-a5c4-41a9-9695-704d1483382f c3e159fc388047d2926d2ab6991c6583 bd0d1c018646460b833b4c906b471641 - - default default] Successfully bumped revision number for resource 8061246e-2fe2-42fd-926d-22d823afa29f (type: security_group_rules) to 0
2026-07-02 01:36:00.359 10 INFO neutron.db.ovn_revision_numbers_db [None req-d9068cd5-bbc9-4a2b-bab9-af31e80ba1ee 69641557955447fe8cd7a2e5db790ca0 31d4de398b8e488290f83f8fc81d12af - - default default] Successfully bumped revision number for resource 70aa7c62-d870-4aa2-ac89-4acf12f4dd40 (type: security_groups) to 1
2026-07-02 01:36:00.362 9 INFO neutron.wsgi [None req-79760481-a5c4-41a9-9695-704d1483382f c3e159fc388047d2926d2ab6991c6583 bd0d1c018646460b833b4c906b471641 - - default default] 10.0.0.67 "GET /v2.0/security-groups?tenant_id=f66d99d03a9e48fa83a2c9c5fc286f72&name=default HTTP/1.1" status: 200 len: 2996 time: 0.2466433
2026-07-02 01:36:00.402 10 INFO neutron.db.ovn_revision_numbers_db [None req-d9068cd5-bbc9-4a2b-bab9-af31e80ba1ee 69641557955447fe8cd7a2e5db790ca0 31d4de398b8e488290f83f8fc81d12af - - default default] Successfully bumped revision number for resource 55d03755-0d4f-4a5d-91e3-de025f2f459c (type: security_group_rules) to 0
2026-07-02 01:36:00.424 10 INFO neutron.db.ovn_revision_numbers_db [None req-d9068cd5-bbc9-4a2b-bab9-af31e80ba1ee 69641557955447fe8cd7a2e5db790ca0 31d4de398b8e488290f83f8fc81d12af - - default default] Successfully bumped revision number for resource 5e594eb5-0c32-4ac6-9b22-86ec3649a33e (type: security_group_rules) to 0
2026-07-02 01:36:00.464 10 INFO neutron.db.ovn_revision_numbers_db [None req-d9068cd5-bbc9-4a2b-bab9-af31e80ba1ee 69641557955447fe8cd7a2e5db790ca0 31d4de398b8e488290f83f8fc81d12af - - default default] Successfully bumped revision number for resource 80f85a04-ee7b-4d1f-a524-3355ad26bb31 (type: security_group_rules) to 0
2026-07-02 01:36:00.488 10 INFO neutron.db.ovn_revision_numbers_db [None req-d9068cd5-bbc9-4a2b-bab9-af31e80ba1ee 69641557955447fe8cd7a2e5db790ca0 31d4de398b8e488290f83f8fc81d12af - - default default] Successfully bumped revision number for resource 92bfdb03-cccb-4152-9f58-2fdc203e4b3b (type: security_group_rules) to 0
2026-07-02 01:36:00.494 10 INFO neutron.wsgi [None req-ed62b943-0bf9-48dd-9ea0-3f1ddb8cfce7 c3e159fc388047d2926d2ab6991c6583 bd0d1c018646460b833b4c906b471641 - - default default] 10.0.0.67 "DELETE /v2.0/security-groups/d8938cb5-d58e-493e-ad13-af39af34e877 HTTP/1.1" status: 204 len: 168 time: 0.4065754
2026-07-02 01:36:00.565 10 INFO neutron.db.segments_db [None req-d9068cd5-bbc9-4a2b-bab9-af31e80ba1ee 69641557955447fe8cd7a2e5db790ca0 31d4de398b8e488290f83f8fc81d12af - - default default] Added segment 1472171b-c732-4c3c-be3a-2c36e0f6d837 of type geneve for network 01062105-f582-44bf-8707-417fee2cb6fc
2026-07-02 01:36:00.571 9 INFO neutron.wsgi [None req-a95432e9-a221-44f4-a30e-2541a6592233 c3e159fc388047d2926d2ab6991c6583 bd0d1c018646460b833b4c906b471641 - - default default] 10.0.0.67 "DELETE /v2.0/security-groups/4d5961c3-395a-41a8-9691-1bcc0921366a HTTP/1.1" status: 204 len: 168 time: 0.2025802
2026-07-02 01:36:00.764 10 INFO neutron.db.ovn_revision_numbers_db [None req-d9068cd5-bbc9-4a2b-bab9-af31e80ba1ee 69641557955447fe8cd7a2e5db790ca0 31d4de398b8e488290f83f8fc81d12af - - default default] Successfully bumped revision number for resource 01062105-f582-44bf-8707-417fee2cb6fc (type: networks) to 1
2026-07-02 01:36:00.776 9 INFO neutron.db.ovn_revision_numbers_db [None req-5802e830-9565-4469-9e80-f67d48a46163 c3e159fc388047d2926d2ab6991c6583 bd0d1c018646460b833b4c906b471641 - - default default] Successfully bumped revision number for resource b5d41a35-97bd-48f5-a1f0-55e997dd3ab1 (type: security_groups) to 1
2026-07-02 01:36:00.788 9 INFO neutron.plugins.ml2.drivers.ovn.mech_driver.mech_driver [None req-dbb4eb17-3e82-44ba-9a95-8a6fa4ee2e64 - - - - - -] OVN reports status up for port: fcc30081-9e0e-4f3c-bdd5-617b47d98363
2026-07-02 01:36:00.796 9 INFO neutron.plugins.ml2.plugin [None req-dbb4eb17-3e82-44ba-9a95-8a6fa4ee2e64 - - - - - -] Attempt 1 to provision port fcc30081-9e0e-4f3c-bdd5-617b47d98363
2026-07-02 01:36:00.797 9 INFO neutron.db.ovn_revision_numbers_db [None req-5802e830-9565-4469-9e80-f67d48a46163 c3e159fc388047d2926d2ab6991c6583 bd0d1c018646460b833b4c906b471641 - - default default] Successfully bumped revision number for resource 0002c388-ab1e-49b5-8619-2755418fab06 (type: security_group_rules) to 0
2026-07-02 01:36:00.816 9 INFO neutron.db.ovn_revision_numbers_db [None req-5802e830-9565-4469-9e80-f67d48a46163 c3e159fc388047d2926d2ab6991c6583 bd0d1c018646460b833b4c906b471641 - - default default] Successfully bumped revision number for resource 692260e4-1f25-42e2-9f6d-ea56ae236558 (type: security_group_rules) to 0
2026-07-02 01:36:00.824 10 INFO neutron.db.ovn_revision_numbers_db [None req-db6efa23-251a-4b25-b5f3-86c1b51521e8 22aa2eabcdd54abbb39ed0578f7d0b40 4256c4aa25bd4930b765cbf297d71166 - - default default] Successfully bumped revision number for resource fcc30081-9e0e-4f3c-bdd5-617b47d98363 (type: router_ports) to 1
2026-07-02 01:36:00.832 9 INFO neutron.db.ovn_revision_numbers_db [None req-5802e830-9565-4469-9e80-f67d48a46163 c3e159fc388047d2926d2ab6991c6583 bd0d1c018646460b833b4c906b471641 - - default default] Successfully bumped revision number for resource 99fc1519-eedd-4ec5-b784-20539889e438 (type: security_group_rules) to 0
2026-07-02 01:36:00.844 9 INFO neutron.db.ovn_revision_numbers_db [None req-5802e830-9565-4469-9e80-f67d48a46163 c3e159fc388047d2926d2ab6991c6583 bd0d1c018646460b833b4c906b471641 - - default default] Successfully bumped revision number for resource 9de689fb-c9f6-4d0d-8ad0-d6e3f5ed298f (type: security_group_rules) to 0
2026-07-02 01:36:00.880 9 INFO neutron.wsgi [None req-5802e830-9565-4469-9e80-f67d48a46163 c3e159fc388047d2926d2ab6991c6583 bd0d1c018646460b833b4c906b471641 - - default default] 10.0.0.67 "GET /v2.0/security-groups?tenant_id=84827f9957af4c4e920d8a6529d321ea&name=default HTTP/1.1" status: 200 len: 2996 time: 0.2274370
2026-07-02 01:36:01.137 9 INFO neutron.db.ovn_revision_numbers_db [None req-dbb4eb17-3e82-44ba-9a95-8a6fa4ee2e64 - - - - - -] Successfully bumped revision number for resource fcc30081-9e0e-4f3c-bdd5-617b47d98363 (type: ports) to 2
2026-07-02 01:36:01.223 10 ERROR ovsdbapp.backend.ovs_idl.transaction [None req-db6efa23-251a-4b25-b5f3-86c1b51521e8 22aa2eabcdd54abbb39ed0578f7d0b40 4256c4aa25bd4930b765cbf297d71166 - - default default]
Traceback (most recent call last): File "/var/lib/openstack/lib/python3.10/site-packages/ovsdbapp/backend/ovs_idl/connection.py", line 118, in run txn.results.put(txn.do_commit())
File "/var/lib/openstack/lib/python3.10/site-packages/ovsdbapp/backend/ovs_idl/transaction.py", line 92, in do_commit command.run_idl(txn)
File "/var/lib/openstack/lib/python3.10/site-packages/neutron/plugins/ml2/drivers/ovn/mech_driver/ovsdb/commands.py", line 823, in run_idl raise ovn_exc.RevisionConflict( neutron.common.ovn.exceptions.RevisionConflict: OVN revision number for fcc30081-9e0e-4f3c-bdd5-617b47d98363 (type: ports) is higher than the given resource. Skipping update 
2026-07-02 01:36:01.223 10 INFO neutron.plugins.ml2.drivers.ovn.mech_driver.ovsdb.impl_idl_ovn [None req-db6efa23-251a-4b25-b5f3-86c1b51521e8 22aa2eabcdd54abbb39ed0578f7d0b40 4256c4aa25bd4930b765cbf297d71166 - - default default] Transaction aborted. Reason: OVN revision number for fcc30081-9e0e-4f3c-bdd5-617b47d98363 (type: ports) is higher than the given resource. Skipping update
2026-07-02 01:36:01.225 9 INFO neutron.db.ovn_revision_numbers_db [None req-dbb4eb17-3e82-44ba-9a95-8a6fa4ee2e64 - - - - - -] Successfully bumped revision number for resource fcc30081-9e0e-4f3c-bdd5-617b47d98363 (type: router_ports) to 2
2026-07-02 01:36:01.304 10 WARNING neutron.scheduler.dhcp_agent_scheduler [None req-d9068cd5-bbc9-4a2b-bab9-af31e80ba1ee 69641557955447fe8cd7a2e5db790ca0 31d4de398b8e488290f83f8fc81d12af - - default default] No more DHCP agents
2026-07-02 01:36:01.310 10 WARNING neutron.api.rpc.agentnotifiers.dhcp_rpc_agent_api [None req-d9068cd5-bbc9-4a2b-bab9-af31e80ba1ee 69641557955447fe8cd7a2e5db790ca0 31d4de398b8e488290f83f8fc81d12af - - default default] Unable to schedule network 01062105-f582-44bf-8707-417fee2cb6fc: no agents available; will retry on subsequent port and subnet creation events.
2026-07-02 01:36:01.367 10 WARNING neutron.scheduler.dhcp_agent_scheduler [None req-db6efa23-251a-4b25-b5f3-86c1b51521e8 22aa2eabcdd54abbb39ed0578f7d0b40 4256c4aa25bd4930b765cbf297d71166 - - default default] No more DHCP agents
2026-07-02 01:36:01.369 10 WARNING neutron.api.rpc.agentnotifiers.dhcp_rpc_agent_api [None req-db6efa23-251a-4b25-b5f3-86c1b51521e8 22aa2eabcdd54abbb39ed0578f7d0b40 4256c4aa25bd4930b765cbf297d71166 - - default default] Unable to schedule network 6bf2fcbb-9668-4385-b93c-4a4070ce41f2: no agents available; will retry on subsequent port and subnet creation events.
2026-07-02 01:36:01.488 10 INFO neutron.db.ovn_revision_numbers_db [None req-d9068cd5-bbc9-4a2b-bab9-af31e80ba1ee 69641557955447fe8cd7a2e5db790ca0 31d4de398b8e488290f83f8fc81d12af - - default default] Successfully bumped revision number for resource fa9a26e3-4e67-47f4-a013-25a4d8b5109f (type: ports) to 1
2026-07-02 01:36:01.533 10 INFO neutron.wsgi [None req-d9068cd5-bbc9-4a2b-bab9-af31e80ba1ee 69641557955447fe8cd7a2e5db790ca0 31d4de398b8e488290f83f8fc81d12af - - default default] 10.0.0.67 "POST /v2.0/networks HTTP/1.1" status: 201 len: 828 time: 1.5312343
2026-07-02 01:36:01.544 10 WARNING neutron_lib.context [None req-b53c5382-8e86-491f-ab5b-517d15df3374 69641557955447fe8cd7a2e5db790ca0 31d4de398b8e488290f83f8fc81d12af - - default default] Method 'is_advsvc' is deprecated since 2023.2 release (neutron-lib 3.8.0) and will be removed once support for the old RBAC API policies will be removed from Neutron. Please use method 'is_service_role' instead.
2026-07-02 01:36:01.593 10 INFO neutron.db.ovn_revision_numbers_db [None req-db6efa23-251a-4b25-b5f3-86c1b51521e8 22aa2eabcdd54abbb39ed0578f7d0b40 4256c4aa25bd4930b765cbf297d71166 - - default default] Successfully bumped revision number for resource fcc30081-9e0e-4f3c-bdd5-617b47d98363 (type: router_ports) to 2
2026-07-02 01:36:01.595 10 INFO neutron.wsgi [None req-db6efa23-251a-4b25-b5f3-86c1b51521e8 22aa2eabcdd54abbb39ed0578f7d0b40 4256c4aa25bd4930b765cbf297d71166 - - default default] 10.0.0.67 "PUT /v2.0/routers/c8022d69-412d-4caa-815e-8b6d1e7f24eb/add_router_interface HTTP/1.1" status: 200 len: 503 time: 1.9630184
2026-07-02 01:36:01.624 10 INFO neutron.wsgi [None req-c8f5f9d6-14ce-4809-a5f8-470c3e9e6a82 c3e159fc388047d2926d2ab6991c6583 bd0d1c018646460b833b4c906b471641 - - default default] 10.0.0.67 "DELETE /v2.0/security-groups/b5d41a35-97bd-48f5-a1f0-55e997dd3ab1 HTTP/1.1" status: 204 len: 168 time: 0.7369351
2026-07-02 01:36:01.643 10 INFO neutron.wsgi [None req-3a47f71e-f46b-480c-99ee-1572def1ac0e 22aa2eabcdd54abbb39ed0578f7d0b40 4256c4aa25bd4930b765cbf297d71166 - - default default] 10.0.0.67 "GET /v2.0/ports/fcc30081-9e0e-4f3c-bdd5-617b47d98363 HTTP/1.1" status: 200 len: 1141 time: 0.0420618
2026-07-02 01:36:01.656 10 INFO neutron.db.segments_db [None req-b53c5382-8e86-491f-ab5b-517d15df3374 69641557955447fe8cd7a2e5db790ca0 31d4de398b8e488290f83f8fc81d12af - - default default] Added segment ccd44135-5231-4290-8e00-2cc26ec7fc43 of type geneve for network ec963d1e-04c8-4359-be6d-0240511c21c2
2026-07-02 01:36:01.903 10 INFO neutron.db.ovn_revision_numbers_db [None req-b53c5382-8e86-491f-ab5b-517d15df3374 69641557955447fe8cd7a2e5db790ca0 31d4de398b8e488290f83f8fc81d12af - - default default] Successfully bumped revision number for resource ec963d1e-04c8-4359-be6d-0240511c21c2 (type: networks) to 1
2026-07-02 01:36:02.145 10 WARNING neutron.scheduler.dhcp_agent_scheduler [None req-b53c5382-8e86-491f-ab5b-517d15df3374 69641557955447fe8cd7a2e5db790ca0 31d4de398b8e488290f83f8fc81d12af - - default default] No more DHCP agents
2026-07-02 01:36:02.150 10 WARNING neutron.api.rpc.agentnotifiers.dhcp_rpc_agent_api [None req-b53c5382-8e86-491f-ab5b-517d15df3374 69641557955447fe8cd7a2e5db790ca0 31d4de398b8e488290f83f8fc81d12af - - default default] Unable to schedule network ec963d1e-04c8-4359-be6d-0240511c21c2: no agents available; will retry on subsequent port and subnet creation events.
2026-07-02 01:36:02.253 10 INFO neutron.db.ovn_revision_numbers_db [None req-b53c5382-8e86-491f-ab5b-517d15df3374 69641557955447fe8cd7a2e5db790ca0 31d4de398b8e488290f83f8fc81d12af - - default default] Successfully bumped revision number for resource c9659504-484b-49fd-a3a0-5eacf01597cc (type: ports) to 1
2026-07-02 01:36:02.294 10 WARNING neutron.scheduler.dhcp_agent_scheduler [None req-2797300b-7361-4e19-947c-bc90bb5662fe 22aa2eabcdd54abbb39ed0578f7d0b40 4256c4aa25bd4930b765cbf297d71166 - - default default] No more DHCP agents
2026-07-02 01:36:02.297 10 WARNING neutron.api.rpc.agentnotifiers.dhcp_rpc_agent_api [None req-2797300b-7361-4e19-947c-bc90bb5662fe 22aa2eabcdd54abbb39ed0578f7d0b40 4256c4aa25bd4930b765cbf297d71166 - - default default] Unable to schedule network 3e44b544-09ac-4e72-b825-b1cb2845b7fd: no agents available; will retry on subsequent port and subnet creation events.
2026-07-02 01:36:02.307 10 INFO neutron.wsgi [None req-b53c5382-8e86-491f-ab5b-517d15df3374 69641557955447fe8cd7a2e5db790ca0 31d4de398b8e488290f83f8fc81d12af - - default default] 10.0.0.67 "POST /v2.0/networks HTTP/1.1" status: 201 len: 829 time: 0.7687562
2026-07-02 01:36:02.331 9 WARNING neutron_lib.context [None req-f61810a1-55dc-4149-9906-d08e4f47e3fa 69641557955447fe8cd7a2e5db790ca0 31d4de398b8e488290f83f8fc81d12af - - default default] Method 'is_advsvc' is deprecated since 2023.2 release (neutron-lib 3.8.0) and will be removed once support for the old RBAC API policies will be removed from Neutron. Please use method 'is_service_role' instead.
2026-07-02 01:36:02.439 10 INFO neutron.db.ovn_revision_numbers_db [None req-2797300b-7361-4e19-947c-bc90bb5662fe 22aa2eabcdd54abbb39ed0578f7d0b40 4256c4aa25bd4930b765cbf297d71166 - - default default] Successfully bumped revision number for resource 5d75c6b0-3441-48fc-9292-15af3e802339 (type: ports) to 1
2026-07-02 01:36:02.625 10 WARNING neutron_lib.context [None req-b8f725b2-75cc-438c-87a0-3345e34bd7c7 7a1473f416e54923b98678bd95cf535b 9a7e43fb4bf249119b4ea857efb70f92 - - default default] Method 'is_advsvc' is deprecated since 2023.2 release (neutron-lib 3.8.0) and will be removed once support for the old RBAC API policies will be removed from Neutron. Please use method 'is_service_role' instead.
2026-07-02 01:36:02.625 10 WARNING neutron_lib.context [None req-b8f725b2-75cc-438c-87a0-3345e34bd7c7 7a1473f416e54923b98678bd95cf535b 9a7e43fb4bf249119b4ea857efb70f92 - - default default] Method 'is_advsvc' is deprecated since 2023.2 release (neutron-lib 3.8.0) and will be removed once support for the old RBAC API policies will be removed from Neutron. Please use method 'is_service_role' instead.
2026-07-02 01:36:02.633 9 WARNING neutron.scheduler.dhcp_agent_scheduler [None req-f61810a1-55dc-4149-9906-d08e4f47e3fa 69641557955447fe8cd7a2e5db790ca0 31d4de398b8e488290f83f8fc81d12af - - default default] No more DHCP agents
2026-07-02 01:36:02.636 9 WARNING neutron.api.rpc.agentnotifiers.dhcp_rpc_agent_api [None req-f61810a1-55dc-4149-9906-d08e4f47e3fa 69641557955447fe8cd7a2e5db790ca0 31d4de398b8e488290f83f8fc81d12af - - default default] Unable to schedule network 01062105-f582-44bf-8707-417fee2cb6fc: no agents available; will retry on subsequent port and subnet creation events.
2026-07-02 01:36:02.857 10 INFO neutron.db.ovn_revision_numbers_db [None req-b8f725b2-75cc-438c-87a0-3345e34bd7c7 7a1473f416e54923b98678bd95cf535b 9a7e43fb4bf249119b4ea857efb70f92 - - default default] Successfully bumped revision number for resource b1555e67-5387-4a9c-b97b-ee98583810ad (type: security_groups) to 1
2026-07-02 01:36:02.877 10 INFO neutron.db.ovn_revision_numbers_db [None req-b8f725b2-75cc-438c-87a0-3345e34bd7c7 7a1473f416e54923b98678bd95cf535b 9a7e43fb4bf249119b4ea857efb70f92 - - default default] Successfully bumped revision number for resource 7fea9ec7-bd7b-4097-8843-5775da073a73 (type: security_group_rules) to 0
2026-07-02 01:36:02.897 10 INFO neutron.db.ovn_revision_numbers_db [None req-b8f725b2-75cc-438c-87a0-3345e34bd7c7 7a1473f416e54923b98678bd95cf535b 9a7e43fb4bf249119b4ea857efb70f92 - - default default] Successfully bumped revision number for resource b63b3f36-23be-44de-b4af-ec8dea39a2d0 (type: security_group_rules) to 0
2026-07-02 01:36:02.927 10 INFO neutron.db.ovn_revision_numbers_db [None req-b8f725b2-75cc-438c-87a0-3345e34bd7c7 7a1473f416e54923b98678bd95cf535b 9a7e43fb4bf249119b4ea857efb70f92 - - default default] Successfully bumped revision number for resource d7ea0f40-2e0d-4d9e-838e-fa3ffe41faba (type: security_group_rules) to 0
