2026-07-02 01:34:06.547 10 INFO neutron.wsgi [None req-b0c38a26-db29-430f-94f1-9bf6c068d067 c3e159fc388047d2926d2ab6991c6583 bd0d1c018646460b833b4c906b471641 - - default default] 10.0.0.161 "GET /v2.0/networks HTTP/1.1" status: 200 len: 2349 time: 0.0781903
2026-07-02 01:34:06.602 10 INFO neutron.wsgi [None req-c4faa688-6789-46b6-8f29-10442e3c4c6d c3e159fc388047d2926d2ab6991c6583 bd0d1c018646460b833b4c906b471641 - - default default] 10.0.0.161 "GET /v2.0/security-groups HTTP/1.1" status: 200 len: 16803 time: 0.0518091
2026-07-02 01:34:06.660 10 INFO neutron.wsgi [None req-462a0ccc-8583-4c89-a4bb-3dd183a99d93 c3e159fc388047d2926d2ab6991c6583 bd0d1c018646460b833b4c906b471641 - - default default] 10.0.0.161 "GET /v2.0/subnets HTTP/1.1" status: 200 len: 1437 time: 0.0509746
2026-07-02 01:34:06.676 9 INFO neutron.db.ovn_revision_numbers_db [None req-a26abccf-32d4-404b-bff9-2b9c77d06e6a c3e159fc388047d2926d2ab6991c6583 bd0d1c018646460b833b4c906b471641 - - default default] Successfully bumped revision number for resource 9625124a-2db7-4b45-a670-1452e5319d8b (type: security_groups) to 1
2026-07-02 01:34:06.694 10 INFO neutron.db.ovn_revision_numbers_db [None req-1d6e332a-fcf5-44cb-8244-ddefbe63b206 c3e159fc388047d2926d2ab6991c6583 bd0d1c018646460b833b4c906b471641 - - default default] Successfully bumped revision number for resource 606723b6-3de7-4f23-a8a8-4afcd57c3efe (type: security_groups) to 1
2026-07-02 01:34:06.699 9 INFO neutron.db.ovn_revision_numbers_db [None req-a26abccf-32d4-404b-bff9-2b9c77d06e6a c3e159fc388047d2926d2ab6991c6583 bd0d1c018646460b833b4c906b471641 - - default default] Successfully bumped revision number for resource 614d823a-d434-40cd-ad29-0590e695ac5e (type: security_group_rules) to 0
2026-07-02 01:34:06.716 9 INFO neutron.db.ovn_revision_numbers_db [None req-a26abccf-32d4-404b-bff9-2b9c77d06e6a c3e159fc388047d2926d2ab6991c6583 bd0d1c018646460b833b4c906b471641 - - default default] Successfully bumped revision number for resource 9c8068df-faa8-4d4d-bd44-ed369cbe3901 (type: security_group_rules) to 0
2026-07-02 01:34:06.724 10 INFO neutron.wsgi [None req-4b169677-2af6-4cc4-a479-6ddf7247d9e9 c3e159fc388047d2926d2ab6991c6583 bd0d1c018646460b833b4c906b471641 - - default default] 10.0.0.161 "GET /v2.0/ports HTTP/1.1" status: 200 len: 5351 time: 0.0614567
2026-07-02 01:34:06.733 9 INFO neutron.db.ovn_revision_numbers_db [None req-a26abccf-32d4-404b-bff9-2b9c77d06e6a c3e159fc388047d2926d2ab6991c6583 bd0d1c018646460b833b4c906b471641 - - default default] Successfully bumped revision number for resource 9e3ea8f3-20b4-4596-8f67-e5c568964dbb (type: security_group_rules) to 0
2026-07-02 01:34:06.734 10 INFO neutron.db.ovn_revision_numbers_db [None req-1d6e332a-fcf5-44cb-8244-ddefbe63b206 c3e159fc388047d2926d2ab6991c6583 bd0d1c018646460b833b4c906b471641 - - default default] Successfully bumped revision number for resource 67e5b8f5-e7a2-4c53-90b6-0261c06352da (type: security_group_rules) to 0
2026-07-02 01:34:06.751 9 INFO neutron.db.ovn_revision_numbers_db [None req-a26abccf-32d4-404b-bff9-2b9c77d06e6a c3e159fc388047d2926d2ab6991c6583 bd0d1c018646460b833b4c906b471641 - - default default] Successfully bumped revision number for resource a7432267-5b40-45b5-a672-4ff881293470 (type: security_group_rules) to 0
2026-07-02 01:34:06.756 10 INFO neutron.wsgi [None req-67dde947-beca-41e0-bd35-8e9b73ed04d6 c3e159fc388047d2926d2ab6991c6583 bd0d1c018646460b833b4c906b471641 - - default default] 10.0.0.161 "GET /v2.0/routers HTTP/1.1" status: 200 len: 189 time: 0.0272217
2026-07-02 01:34:06.776 10 INFO neutron.wsgi [None req-5adbef3a-d800-4981-9b6c-f845da414ade c3e159fc388047d2926d2ab6991c6583 bd0d1c018646460b833b4c906b471641 - - default default] 10.0.0.161 "GET /v2.0/agents?binary=ovn-controller HTTP/1.1" status: 200 len: 591 time: 0.0183761
2026-07-02 01:34:06.790 10 INFO neutron.db.ovn_revision_numbers_db [None req-1d6e332a-fcf5-44cb-8244-ddefbe63b206 c3e159fc388047d2926d2ab6991c6583 bd0d1c018646460b833b4c906b471641 - - default default] Successfully bumped revision number for resource 7001c308-896c-4d93-9d5b-7b306f92d7eb (type: security_group_rules) to 0
2026-07-02 01:34:06.800 10 INFO neutron.wsgi [None req-f91cfb67-8adf-4ef6-b642-c058d1c1a70e c3e159fc388047d2926d2ab6991c6583 bd0d1c018646460b833b4c906b471641 - - default default] 10.0.0.161 "GET /v2.0/agents HTTP/1.1" status: 200 len: 997 time: 0.0191278
2026-07-02 01:34:06.818 10 INFO neutron.wsgi [None req-88182fd1-9680-472c-bdc3-3464b6055462 c3e159fc388047d2926d2ab6991c6583 bd0d1c018646460b833b4c906b471641 - - default default] 10.0.0.161 "GET /v2.0/network-ip-availabilities HTTP/1.1" status: 200 len: 1280 time: 0.0151815
2026-07-02 01:34:06.819 10 INFO neutron.db.ovn_revision_numbers_db [None req-1d6e332a-fcf5-44cb-8244-ddefbe63b206 c3e159fc388047d2926d2ab6991c6583 bd0d1c018646460b833b4c906b471641 - - default default] Successfully bumped revision number for resource 8f66e776-8134-46cf-96ad-2255f77751d8 (type: security_group_rules) to 0
2026-07-02 01:34:06.820 9 INFO neutron.db.segments_db [None req-a26abccf-32d4-404b-bff9-2b9c77d06e6a c3e159fc388047d2926d2ab6991c6583 bd0d1c018646460b833b4c906b471641 - - default default] Added segment a74f8c74-0b7f-451c-9392-07e24eea94fa of type geneve for network 766f44d6-5538-4479-ae8c-f80502df0b0a
2026-07-02 01:34:06.846 10 INFO neutron.db.ovn_revision_numbers_db [None req-1d6e332a-fcf5-44cb-8244-ddefbe63b206 c3e159fc388047d2926d2ab6991c6583 bd0d1c018646460b833b4c906b471641 - - default default] Successfully bumped revision number for resource b0e1b2f5-0505-4a53-9dc5-ed3b6aaf1062 (type: security_group_rules) to 0
2026-07-02 01:34:06.861 10 INFO neutron.wsgi [None req-35685ec1-f47b-4ea3-a1b2-5053efdf114d c3e159fc388047d2926d2ab6991c6583 bd0d1c018646460b833b4c906b471641 - - default default] 10.0.0.161 "GET /v2.0/subnets HTTP/1.1" status: 200 len: 1437 time: 0.0423555
2026-07-02 01:34:06.879 10 INFO neutron.wsgi [None req-d0ca4dca-c83e-4623-b74d-a3581da9fd3d c3e159fc388047d2926d2ab6991c6583 bd0d1c018646460b833b4c906b471641 - - default default] 10.0.0.161 "GET /v2.0/subnetpools HTTP/1.1" status: 200 len: 193 time: 0.0147433
2026-07-02 01:34:06.915 10 INFO neutron.db.segments_db [None req-1d6e332a-fcf5-44cb-8244-ddefbe63b206 c3e159fc388047d2926d2ab6991c6583 bd0d1c018646460b833b4c906b471641 - - default default] Added segment d31afa2d-c11a-4ccf-9610-bf9c83b6e21f of type geneve for network 23059d77-368f-43d1-b7af-666efda71c91
2026-07-02 01:34:07.001 9 INFO neutron.db.ovn_revision_numbers_db [None req-a26abccf-32d4-404b-bff9-2b9c77d06e6a c3e159fc388047d2926d2ab6991c6583 bd0d1c018646460b833b4c906b471641 - - default default] Successfully bumped revision number for resource 766f44d6-5538-4479-ae8c-f80502df0b0a (type: networks) to 1
2026-07-02 01:34:07.004 9 INFO neutron.db.ovn_revision_numbers_db [None req-7d8b5e19-163d-42c9-86d3-f8795a5560e6 c3e159fc388047d2926d2ab6991c6583 bd0d1c018646460b833b4c906b471641 - - default default] Successfully bumped revision number for resource 1c5a0a0b-5e19-499a-a995-2a9c7a7c79ef (type: security_groups) to 1
2026-07-02 01:34:07.032 9 INFO neutron.db.ovn_revision_numbers_db [None req-7d8b5e19-163d-42c9-86d3-f8795a5560e6 c3e159fc388047d2926d2ab6991c6583 bd0d1c018646460b833b4c906b471641 - - default default] Successfully bumped revision number for resource 14729bed-8941-450a-8ad1-e9ca59eca673 (type: security_group_rules) to 0
2026-07-02 01:34:07.058 9 INFO neutron.db.ovn_revision_numbers_db [None req-7d8b5e19-163d-42c9-86d3-f8795a5560e6 c3e159fc388047d2926d2ab6991c6583 bd0d1c018646460b833b4c906b471641 - - default default] Successfully bumped revision number for resource 94335ec7-0945-4822-b9ea-688f34b76aac (type: security_group_rules) to 0
2026-07-02 01:34:07.082 9 INFO neutron.db.ovn_revision_numbers_db [None req-7d8b5e19-163d-42c9-86d3-f8795a5560e6 c3e159fc388047d2926d2ab6991c6583 bd0d1c018646460b833b4c906b471641 - - default default] Successfully bumped revision number for resource c164b29d-189c-4c90-8988-c6b520aeb38e (type: security_group_rules) to 0
2026-07-02 01:34:07.106 9 INFO neutron.db.ovn_revision_numbers_db [None req-7d8b5e19-163d-42c9-86d3-f8795a5560e6 c3e159fc388047d2926d2ab6991c6583 bd0d1c018646460b833b4c906b471641 - - default default] Successfully bumped revision number for resource f16552f7-7e10-4a0c-96ba-8d6b20c4dc1a (type: security_group_rules) to 0
2026-07-02 01:34:07.110 10 INFO neutron.db.ovn_revision_numbers_db [None req-1d6e332a-fcf5-44cb-8244-ddefbe63b206 c3e159fc388047d2926d2ab6991c6583 bd0d1c018646460b833b4c906b471641 - - default default] Successfully bumped revision number for resource 23059d77-368f-43d1-b7af-666efda71c91 (type: networks) to 1
2026-07-02 01:34:07.115 10 INFO neutron.db.ovn_revision_numbers_db [None req-2e32c7e0-26d0-47a9-a7a2-fb670bf56eae c3e159fc388047d2926d2ab6991c6583 bd0d1c018646460b833b4c906b471641 - - default default] Successfully bumped revision number for resource ba0705b6-16b0-4c66-81de-47a2dbc29420 (type: security_groups) to 1
2026-07-02 01:34:07.148 10 INFO neutron.db.ovn_revision_numbers_db [None req-2e32c7e0-26d0-47a9-a7a2-fb670bf56eae c3e159fc388047d2926d2ab6991c6583 bd0d1c018646460b833b4c906b471641 - - default default] Successfully bumped revision number for resource 1583e2fd-b809-4a1a-83c4-2460a0b5f8c4 (type: security_group_rules) to 0
2026-07-02 01:34:07.166 9 INFO neutron.db.segments_db [None req-7d8b5e19-163d-42c9-86d3-f8795a5560e6 c3e159fc388047d2926d2ab6991c6583 bd0d1c018646460b833b4c906b471641 - - default default] Added segment d94ece0b-1536-4285-9194-c69e8506ec17 of type geneve for network 642d813f-c1e9-463d-951d-a85927641c67
2026-07-02 01:34:07.172 10 INFO neutron.db.ovn_revision_numbers_db [None req-2e32c7e0-26d0-47a9-a7a2-fb670bf56eae c3e159fc388047d2926d2ab6991c6583 bd0d1c018646460b833b4c906b471641 - - default default] Successfully bumped revision number for resource 366e1a8d-3b47-4e7a-9cc7-9f213cadfb09 (type: security_group_rules) to 0
2026-07-02 01:34:07.191 10 INFO neutron.db.ovn_revision_numbers_db [None req-2e32c7e0-26d0-47a9-a7a2-fb670bf56eae c3e159fc388047d2926d2ab6991c6583 bd0d1c018646460b833b4c906b471641 - - default default] Successfully bumped revision number for resource 96f27ee6-20a1-4611-b92d-6699048d1e21 (type: security_group_rules) to 0
2026-07-02 01:34:07.195 9 WARNING neutron.scheduler.dhcp_agent_scheduler [None req-a26abccf-32d4-404b-bff9-2b9c77d06e6a c3e159fc388047d2926d2ab6991c6583 bd0d1c018646460b833b4c906b471641 - - default default] No more DHCP agents
2026-07-02 01:34:07.200 9 WARNING neutron.api.rpc.agentnotifiers.dhcp_rpc_agent_api [None req-a26abccf-32d4-404b-bff9-2b9c77d06e6a c3e159fc388047d2926d2ab6991c6583 bd0d1c018646460b833b4c906b471641 - - default default] Unable to schedule network 766f44d6-5538-4479-ae8c-f80502df0b0a: no agents available; will retry on subsequent port and subnet creation events.
2026-07-02 01:34:07.219 10 INFO neutron.db.ovn_revision_numbers_db [None req-2e32c7e0-26d0-47a9-a7a2-fb670bf56eae c3e159fc388047d2926d2ab6991c6583 bd0d1c018646460b833b4c906b471641 - - default default] Successfully bumped revision number for resource dac65588-b74d-4c58-8812-3ac8bc9158ba (type: security_group_rules) to 0
2026-07-02 01:34:07.290 10 INFO neutron.wsgi [None req-2e32c7e0-26d0-47a9-a7a2-fb670bf56eae c3e159fc388047d2926d2ab6991c6583 bd0d1c018646460b833b4c906b471641 - - default default] 10.0.0.67 "GET /v2.0/security-groups?tenant_id=dc10b3475cd4429cbe416ddccda886f4&name=default HTTP/1.1" status: 200 len: 2992 time: 0.4501898
2026-07-02 01:34:07.362 10 WARNING neutron.scheduler.dhcp_agent_scheduler [None req-1d6e332a-fcf5-44cb-8244-ddefbe63b206 c3e159fc388047d2926d2ab6991c6583 bd0d1c018646460b833b4c906b471641 - - default default] No more DHCP agents
2026-07-02 01:34:07.366 10 WARNING neutron.api.rpc.agentnotifiers.dhcp_rpc_agent_api [None req-1d6e332a-fcf5-44cb-8244-ddefbe63b206 c3e159fc388047d2926d2ab6991c6583 bd0d1c018646460b833b4c906b471641 - - default default] Unable to schedule network 23059d77-368f-43d1-b7af-666efda71c91: no agents available; will retry on subsequent port and subnet creation events.
2026-07-02 01:34:07.463 9 INFO neutron.db.ovn_revision_numbers_db [None req-a26abccf-32d4-404b-bff9-2b9c77d06e6a c3e159fc388047d2926d2ab6991c6583 bd0d1c018646460b833b4c906b471641 - - default default] Successfully bumped revision number for resource 8aef15b3-4a80-4bdc-bc6d-e681e5369440 (type: ports) to 1
2026-07-02 01:34:07.504 9 INFO neutron.db.ovn_revision_numbers_db [None req-7d8b5e19-163d-42c9-86d3-f8795a5560e6 c3e159fc388047d2926d2ab6991c6583 bd0d1c018646460b833b4c906b471641 - - default default] Successfully bumped revision number for resource 642d813f-c1e9-463d-951d-a85927641c67 (type: networks) to 1
2026-07-02 01:34:07.508 9 INFO neutron.wsgi [None req-a26abccf-32d4-404b-bff9-2b9c77d06e6a c3e159fc388047d2926d2ab6991c6583 bd0d1c018646460b833b4c906b471641 - - default default] 10.0.0.67 "POST /v2.0/networks HTTP/1.1" status: 201 len: 948 time: 1.2607102
2026-07-02 01:34:07.513 10 INFO neutron.db.ovn_revision_numbers_db [None req-1d6e332a-fcf5-44cb-8244-ddefbe63b206 c3e159fc388047d2926d2ab6991c6583 bd0d1c018646460b833b4c906b471641 - - default default] Successfully bumped revision number for resource 814ccde4-9b92-4e06-aab1-99adb7de17a3 (type: ports) to 1
2026-07-02 01:34:07.562 10 INFO neutron.wsgi [None req-1d6e332a-fcf5-44cb-8244-ddefbe63b206 c3e159fc388047d2926d2ab6991c6583 bd0d1c018646460b833b4c906b471641 - - default default] 10.0.0.67 "POST /v2.0/networks HTTP/1.1" status: 201 len: 946 time: 1.3218849
2026-07-02 01:34:07.700 9 WARNING neutron.scheduler.dhcp_agent_scheduler [None req-7d8b5e19-163d-42c9-86d3-f8795a5560e6 c3e159fc388047d2926d2ab6991c6583 bd0d1c018646460b833b4c906b471641 - - default default] No more DHCP agents
2026-07-02 01:34:07.702 9 WARNING neutron.api.rpc.agentnotifiers.dhcp_rpc_agent_api [None req-7d8b5e19-163d-42c9-86d3-f8795a5560e6 c3e159fc388047d2926d2ab6991c6583 bd0d1c018646460b833b4c906b471641 - - default default] Unable to schedule network 642d813f-c1e9-463d-951d-a85927641c67: no agents available; will retry on subsequent port and subnet creation events.
2026-07-02 01:34:07.808 9 INFO neutron.db.ovn_revision_numbers_db [None req-7d8b5e19-163d-42c9-86d3-f8795a5560e6 c3e159fc388047d2926d2ab6991c6583 bd0d1c018646460b833b4c906b471641 - - default default] Successfully bumped revision number for resource e5ded33b-a551-47a6-9713-b213008f0342 (type: ports) to 1
2026-07-02 01:34:07.813 10 INFO neutron.wsgi [None req-d493c3e2-1d17-4958-928d-4e8c54e45666 c3e159fc388047d2926d2ab6991c6583 bd0d1c018646460b833b4c906b471641 - - default default] 10.0.0.67 "DELETE /v2.0/security-groups/ba0705b6-16b0-4c66-81de-47a2dbc29420 HTTP/1.1" status: 204 len: 168 time: 0.5165637
2026-07-02 01:34:07.833 10 WARNING neutron.scheduler.dhcp_agent_scheduler [None req-61543d8e-f6c8-4bb2-a09c-55d6a10a303c c3e159fc388047d2926d2ab6991c6583 bd0d1c018646460b833b4c906b471641 - - default default] No more DHCP agents
2026-07-02 01:34:07.833 9 INFO neutron.wsgi [None req-7d8b5e19-163d-42c9-86d3-f8795a5560e6 c3e159fc388047d2926d2ab6991c6583 bd0d1c018646460b833b4c906b471641 - - default default] 10.0.0.67 "POST /v2.0/networks HTTP/1.1" status: 201 len: 950 time: 1.2218547
2026-07-02 01:34:07.835 10 WARNING neutron.api.rpc.agentnotifiers.dhcp_rpc_agent_api [None req-61543d8e-f6c8-4bb2-a09c-55d6a10a303c c3e159fc388047d2926d2ab6991c6583 bd0d1c018646460b833b4c906b471641 - - default default] Unable to schedule network 766f44d6-5538-4479-ae8c-f80502df0b0a: no agents available; will retry on subsequent port and subnet creation events.
2026-07-02 01:34:07.898 10 WARNING neutron.scheduler.dhcp_agent_scheduler [None req-d0f4dd0c-eaed-4701-a443-d3a024e18eb6 c3e159fc388047d2926d2ab6991c6583 bd0d1c018646460b833b4c906b471641 - - default default] No more DHCP agents
2026-07-02 01:34:07.914 10 WARNING neutron.api.rpc.agentnotifiers.dhcp_rpc_agent_api [None req-d0f4dd0c-eaed-4701-a443-d3a024e18eb6 c3e159fc388047d2926d2ab6991c6583 bd0d1c018646460b833b4c906b471641 - - default default] Unable to schedule network 23059d77-368f-43d1-b7af-666efda71c91: no agents available; will retry on subsequent port and subnet creation events.
2026-07-02 01:34:08.292 10 WARNING neutron.scheduler.dhcp_agent_scheduler [None req-17c465e0-54d6-48d0-9803-4cd4a68b0238 c3e159fc388047d2926d2ab6991c6583 bd0d1c018646460b833b4c906b471641 - - default default] No more DHCP agents
2026-07-02 01:34:08.295 10 WARNING neutron.api.rpc.agentnotifiers.dhcp_rpc_agent_api [None req-17c465e0-54d6-48d0-9803-4cd4a68b0238 c3e159fc388047d2926d2ab6991c6583 bd0d1c018646460b833b4c906b471641 - - default default] Unable to schedule network 642d813f-c1e9-463d-951d-a85927641c67: no agents available; will retry on subsequent port and subnet creation events.
2026-07-02 01:34:08.952 10 INFO neutron.db.ovn_revision_numbers_db [None req-61543d8e-f6c8-4bb2-a09c-55d6a10a303c c3e159fc388047d2926d2ab6991c6583 bd0d1c018646460b833b4c906b471641 - - default default] Successfully bumped revision number for resource 8aef15b3-4a80-4bdc-bc6d-e681e5369440 (type: ports) to 2
2026-07-02 01:34:08.971 10 INFO neutron.db.ovn_revision_numbers_db [None req-d0f4dd0c-eaed-4701-a443-d3a024e18eb6 c3e159fc388047d2926d2ab6991c6583 bd0d1c018646460b833b4c906b471641 - - default default] Successfully bumped revision number for resource 814ccde4-9b92-4e06-aab1-99adb7de17a3 (type: ports) to 2
2026-07-02 01:34:09.008 10 INFO neutron.db.ovn_revision_numbers_db [None req-61543d8e-f6c8-4bb2-a09c-55d6a10a303c c3e159fc388047d2926d2ab6991c6583 bd0d1c018646460b833b4c906b471641 - - default default] Successfully bumped revision number for resource 56fa2b83-8119-495f-9b1b-632847cde23f (type: subnets) to 0
2026-07-02 01:34:09.030 10 INFO neutron.db.ovn_revision_numbers_db [None req-d0f4dd0c-eaed-4701-a443-d3a024e18eb6 c3e159fc388047d2926d2ab6991c6583 bd0d1c018646460b833b4c906b471641 - - default default] Successfully bumped revision number for resource b9f0e56c-e55e-4615-a888-2feb97f3260e (type: subnets) to 0
2026-07-02 01:34:09.035 10 INFO neutron.wsgi [None req-61543d8e-f6c8-4bb2-a09c-55d6a10a303c c3e159fc388047d2926d2ab6991c6583 bd0d1c018646460b833b4c906b471641 - - default default] 10.0.0.67 "POST /v2.0/subnets HTTP/1.1" status: 201 len: 868 time: 1.5188134
2026-07-02 01:34:09.049 10 INFO neutron.wsgi [None req-d0f4dd0c-eaed-4701-a443-d3a024e18eb6 c3e159fc388047d2926d2ab6991c6583 bd0d1c018646460b833b4c906b471641 - - default default] 10.0.0.67 "POST /v2.0/subnets HTTP/1.1" status: 201 len: 866 time: 1.4762537
2026-07-02 01:34:09.295 10 INFO neutron.db.ovn_revision_numbers_db [None req-17c465e0-54d6-48d0-9803-4cd4a68b0238 c3e159fc388047d2926d2ab6991c6583 bd0d1c018646460b833b4c906b471641 - - default default] Successfully bumped revision number for resource e5ded33b-a551-47a6-9713-b213008f0342 (type: ports) to 2
2026-07-02 01:34:09.337 10 INFO neutron.db.ovn_revision_numbers_db [None req-17c465e0-54d6-48d0-9803-4cd4a68b0238 c3e159fc388047d2926d2ab6991c6583 bd0d1c018646460b833b4c906b471641 - - default default] Successfully bumped revision number for resource 1bf7e65f-b09b-4a84-a1e5-dd23749ce124 (type: subnets) to 0
2026-07-02 01:34:09.360 10 INFO neutron.wsgi [None req-17c465e0-54d6-48d0-9803-4cd4a68b0238 c3e159fc388047d2926d2ab6991c6583 bd0d1c018646460b833b4c906b471641 - - default default] 10.0.0.67 "POST /v2.0/subnets HTTP/1.1" status: 201 len: 870 time: 1.5214550
2026-07-02 01:34:10.013 9 WARNING neutron.scheduler.dhcp_agent_scheduler [None req-01f97801-d639-4878-8e6c-01e31c64afb1 c3e159fc388047d2926d2ab6991c6583 bd0d1c018646460b833b4c906b471641 - - default default] No more DHCP agents
2026-07-02 01:34:10.016 9 WARNING neutron.api.rpc.agentnotifiers.dhcp_rpc_agent_api [None req-01f97801-d639-4878-8e6c-01e31c64afb1 c3e159fc388047d2926d2ab6991c6583 bd0d1c018646460b833b4c906b471641 - - default default] Unable to schedule network 61423aa6-6804-4dc4-ba43-82322737de5c: no agents available; will retry on subsequent port and subnet creation events.
2026-07-02 01:34:10.025 10 WARNING neutron.scheduler.dhcp_agent_scheduler [None req-3fb80aae-205b-4472-9ecb-80c93fa73135 c3e159fc388047d2926d2ab6991c6583 bd0d1c018646460b833b4c906b471641 - - default default] No more DHCP agents
2026-07-02 01:34:10.030 10 WARNING neutron.api.rpc.agentnotifiers.dhcp_rpc_agent_api [None req-3fb80aae-205b-4472-9ecb-80c93fa73135 c3e159fc388047d2926d2ab6991c6583 bd0d1c018646460b833b4c906b471641 - - default default] Unable to schedule network 61423aa6-6804-4dc4-ba43-82322737de5c: no agents available; will retry on subsequent port and subnet creation events.
2026-07-02 01:34:10.070 10 INFO neutron.db.ovn_revision_numbers_db [None req-1557dbeb-26d6-4f7a-9556-799fbe62dd64 c3e159fc388047d2926d2ab6991c6583 bd0d1c018646460b833b4c906b471641 - - default default] Successfully bumped revision number for resource a4857b45-38be-4a7f-bd9e-2e44a4f77997 (type: security_groups) to 1
2026-07-02 01:34:10.087 10 INFO neutron.db.ovn_revision_numbers_db [None req-1557dbeb-26d6-4f7a-9556-799fbe62dd64 c3e159fc388047d2926d2ab6991c6583 bd0d1c018646460b833b4c906b471641 - - default default] Successfully bumped revision number for resource 2bfa7baa-23dc-4d61-a28c-9d4b945c2d74 (type: security_group_rules) to 0
2026-07-02 01:34:10.125 10 INFO neutron.db.ovn_revision_numbers_db [None req-1557dbeb-26d6-4f7a-9556-799fbe62dd64 c3e159fc388047d2926d2ab6991c6583 bd0d1c018646460b833b4c906b471641 - - default default] Successfully bumped revision number for resource d0e5efc8-236d-4631-9022-30e0b8ef7cc8 (type: security_group_rules) to 0
2026-07-02 01:34:10.148 10 INFO neutron.db.ovn_revision_numbers_db [None req-1557dbeb-26d6-4f7a-9556-799fbe62dd64 c3e159fc388047d2926d2ab6991c6583 bd0d1c018646460b833b4c906b471641 - - default default] Successfully bumped revision number for resource f1977f6d-04de-461a-879d-8f86ce009975 (type: security_group_rules) to 0
2026-07-02 01:34:10.180 10 INFO neutron.db.ovn_revision_numbers_db [None req-1557dbeb-26d6-4f7a-9556-799fbe62dd64 c3e159fc388047d2926d2ab6991c6583 bd0d1c018646460b833b4c906b471641 - - default default] Successfully bumped revision number for resource ffbaf8a1-a3ce-4706-b89a-b16c46ffd8a3 (type: security_group_rules) to 0
2026-07-02 01:34:10.203 9 INFO neutron.db.ovn_revision_numbers_db [None req-01f97801-d639-4878-8e6c-01e31c64afb1 c3e159fc388047d2926d2ab6991c6583 bd0d1c018646460b833b4c906b471641 - - default default] Successfully bumped revision number for resource 7b7006b0-d970-4873-87a1-5f027ec9a453 (type: ports) to 1
2026-07-02 01:34:10.208 10 INFO neutron.db.ovn_revision_numbers_db [None req-3fb80aae-205b-4472-9ecb-80c93fa73135 c3e159fc388047d2926d2ab6991c6583 bd0d1c018646460b833b4c906b471641 - - default default] Successfully bumped revision number for resource 5ce63ae4-aa19-45d0-8306-3e776ab83670 (type: ports) to 1
2026-07-02 01:34:10.250 10 INFO neutron.db.segments_db [None req-1557dbeb-26d6-4f7a-9556-799fbe62dd64 c3e159fc388047d2926d2ab6991c6583 bd0d1c018646460b833b4c906b471641 - - default default] Added segment 6855aea2-7479-4de7-a50b-8bf6022fc4d0 of type geneve for network 52a8ffe4-566c-452a-9c39-76362127377c
2026-07-02 01:34:10.585 9 INFO neutron.plugins.ml2.drivers.ovn.mech_driver.ovsdb.extensions.qos [None req-01f97801-d639-4878-8e6c-01e31c64afb1 c3e159fc388047d2926d2ab6991c6583 bd0d1c018646460b833b4c906b471641 - - default default] Starting OVNClientQosExtension
2026-07-02 01:34:10.616 10 INFO neutron.db.ovn_revision_numbers_db [None req-1557dbeb-26d6-4f7a-9556-799fbe62dd64 c3e159fc388047d2926d2ab6991c6583 bd0d1c018646460b833b4c906b471641 - - default default] Successfully bumped revision number for resource 52a8ffe4-566c-452a-9c39-76362127377c (type: networks) to 1
2026-07-02 01:34:10.725 9 WARNING neutron.scheduler.dhcp_agent_scheduler [None req-fd11f6bf-bd98-4ca5-b821-362c57e68e0b c3e159fc388047d2926d2ab6991c6583 bd0d1c018646460b833b4c906b471641 - - default default] No more DHCP agents
2026-07-02 01:34:10.729 9 WARNING neutron.api.rpc.agentnotifiers.dhcp_rpc_agent_api [None req-fd11f6bf-bd98-4ca5-b821-362c57e68e0b c3e159fc388047d2926d2ab6991c6583 bd0d1c018646460b833b4c906b471641 - - default default] Unable to schedule network 61423aa6-6804-4dc4-ba43-82322737de5c: no agents available; will retry on subsequent port and subnet creation events.
2026-07-02 01:34:10.801 10 INFO neutron.plugins.ml2.drivers.ovn.mech_driver.ovsdb.extensions.qos [None req-3fb80aae-205b-4472-9ecb-80c93fa73135 c3e159fc388047d2926d2ab6991c6583 bd0d1c018646460b833b4c906b471641 - - default default] Starting OVNClientQosExtension
2026-07-02 01:34:10.879 10 WARNING neutron.scheduler.dhcp_agent_scheduler [None req-1557dbeb-26d6-4f7a-9556-799fbe62dd64 c3e159fc388047d2926d2ab6991c6583 bd0d1c018646460b833b4c906b471641 - - default default] No more DHCP agents
2026-07-02 01:34:10.884 10 WARNING neutron.api.rpc.agentnotifiers.dhcp_rpc_agent_api [None req-1557dbeb-26d6-4f7a-9556-799fbe62dd64 c3e159fc388047d2926d2ab6991c6583 bd0d1c018646460b833b4c906b471641 - - default default] Unable to schedule network 52a8ffe4-566c-452a-9c39-76362127377c: no agents available; will retry on subsequent port and subnet creation events.
2026-07-02 01:34:10.917 9 INFO neutron.plugins.ml2.drivers.ovn.mech_driver.mech_driver [None req-dbb4eb17-3e82-44ba-9a95-8a6fa4ee2e64 - - - - - -] OVN reports status up for port: 7b7006b0-d970-4873-87a1-5f027ec9a453
2026-07-02 01:34:11.027 10 INFO neutron.db.ovn_revision_numbers_db [None req-1557dbeb-26d6-4f7a-9556-799fbe62dd64 c3e159fc388047d2926d2ab6991c6583 bd0d1c018646460b833b4c906b471641 - - default default] Successfully bumped revision number for resource 150d5084-748f-491d-bcd9-0591232fb1fd (type: ports) to 1
2026-07-02 01:34:11.040 9 INFO neutron.plugins.ml2.drivers.ovn.mech_driver.ovsdb.ovsdb_monitor [-] Router 112696a1-897e-46ee-920e-1341fd055be6 is bound to host instance
2026-07-02 01:34:11.042 9 INFO neutron.plugins.ml2.plugin [None req-dbb4eb17-3e82-44ba-9a95-8a6fa4ee2e64 - - - - - -] Attempt 1 to provision port 7b7006b0-d970-4873-87a1-5f027ec9a453
2026-07-02 01:34:11.052 9 INFO neutron.db.ovn_revision_numbers_db [None req-fd11f6bf-bd98-4ca5-b821-362c57e68e0b c3e159fc388047d2926d2ab6991c6583 bd0d1c018646460b833b4c906b471641 - - default default] Successfully bumped revision number for resource 7ac61f23-a9e5-40dd-a71d-faa6fca69c31 (type: ports) to 1
2026-07-02 01:34:11.105 10 INFO neutron.wsgi [None req-1557dbeb-26d6-4f7a-9556-799fbe62dd64 c3e159fc388047d2926d2ab6991c6583 bd0d1c018646460b833b4c906b471641 - - default default] 10.0.0.67 "POST /v2.0/networks HTTP/1.1" status: 201 len: 951 time: 1.4663370
2026-07-02 01:34:11.127 9 INFO neutron.db.ovn_revision_numbers_db [None req-01f97801-d639-4878-8e6c-01e31c64afb1 c3e159fc388047d2926d2ab6991c6583 bd0d1c018646460b833b4c906b471641 - - default default] Successfully bumped revision number for resource 7b7006b0-d970-4873-87a1-5f027ec9a453 (type: router_ports) to 1
2026-07-02 01:34:11.270 10 INFO neutron.plugins.ml2.drivers.ovn.mech_driver.ovsdb.ovsdb_monitor [-] Router a584a90d-d327-47f1-a4ec-7a66a34ed75a is bound to host instance
2026-07-02 01:34:11.308 9 INFO neutron.db.ovn_revision_numbers_db [None req-01f97801-d639-4878-8e6c-01e31c64afb1 c3e159fc388047d2926d2ab6991c6583 bd0d1c018646460b833b4c906b471641 - - default default] Successfully bumped revision number for resource 112696a1-897e-46ee-920e-1341fd055be6 (type: routers) to 2
2026-07-02 01:34:11.334 9 INFO neutron.wsgi [None req-01f97801-d639-4878-8e6c-01e31c64afb1 c3e159fc388047d2926d2ab6991c6583 bd0d1c018646460b833b4c906b471641 - - default default] 10.0.0.67 "POST /v2.0/routers HTTP/1.1" status: 201 len: 877 time: 2.2788482
2026-07-02 01:34:11.346 10 INFO neutron.db.ovn_revision_numbers_db [None req-3fb80aae-205b-4472-9ecb-80c93fa73135 c3e159fc388047d2926d2ab6991c6583 bd0d1c018646460b833b4c906b471641 - - default default] Successfully bumped revision number for resource 5ce63ae4-aa19-45d0-8306-3e776ab83670 (type: router_ports) to 1
2026-07-02 01:34:11.462 10 WARNING neutron.scheduler.dhcp_agent_scheduler [None req-b1e03c85-3ff8-4a1b-a0fd-5e8c9fa53536 c3e159fc388047d2926d2ab6991c6583 bd0d1c018646460b833b4c906b471641 - - default default] No more DHCP agents
2026-07-02 01:34:11.468 10 WARNING neutron.api.rpc.agentnotifiers.dhcp_rpc_agent_api [None req-b1e03c85-3ff8-4a1b-a0fd-5e8c9fa53536 c3e159fc388047d2926d2ab6991c6583 bd0d1c018646460b833b4c906b471641 - - default default] Unable to schedule network 52a8ffe4-566c-452a-9c39-76362127377c: no agents available; will retry on subsequent port and subnet creation events.
2026-07-02 01:34:11.667 10 INFO neutron.db.ovn_revision_numbers_db [None req-3fb80aae-205b-4472-9ecb-80c93fa73135 c3e159fc388047d2926d2ab6991c6583 bd0d1c018646460b833b4c906b471641 - - default default] Successfully bumped revision number for resource a584a90d-d327-47f1-a4ec-7a66a34ed75a (type: routers) to 2
2026-07-02 01:34:11.727 10 INFO neutron.wsgi [None req-3fb80aae-205b-4472-9ecb-80c93fa73135 c3e159fc388047d2926d2ab6991c6583 bd0d1c018646460b833b4c906b471641 - - default default] 10.0.0.67 "POST /v2.0/routers HTTP/1.1" status: 201 len: 881 time: 2.3609469
2026-07-02 01:34:11.896 9 INFO neutron.db.ovn_revision_numbers_db [None req-062774c2-9f05-4a7a-ae71-283b69e62eef - - - - - -] Successfully bumped revision number for resource 7b7006b0-d970-4873-87a1-5f027ec9a453 (type: ports) to 1
2026-07-02 01:34:12.033 9 INFO neutron.db.ovn_revision_numbers_db [None req-fd11f6bf-bd98-4ca5-b821-362c57e68e0b c3e159fc388047d2926d2ab6991c6583 bd0d1c018646460b833b4c906b471641 - - default default] Successfully bumped revision number for resource 7ac61f23-a9e5-40dd-a71d-faa6fca69c31 (type: router_ports) to 1
2026-07-02 01:34:12.123 9 INFO neutron.db.ovn_revision_numbers_db [None req-fd11f6bf-bd98-4ca5-b821-362c57e68e0b c3e159fc388047d2926d2ab6991c6583 bd0d1c018646460b833b4c906b471641 - - default default] Successfully bumped revision number for resource d3c3618a-eef1-4dba-874b-4b66d203b1b5 (type: routers) to 2
2026-07-02 01:34:12.147 9 INFO neutron.wsgi [None req-fd11f6bf-bd98-4ca5-b821-362c57e68e0b c3e159fc388047d2926d2ab6991c6583 bd0d1c018646460b833b4c906b471641 - - default default] 10.0.0.67 "POST /v2.0/routers HTTP/1.1" status: 201 len: 879 time: 3.1054547
2026-07-02 01:34:12.177 9 INFO neutron.db.ovn_revision_numbers_db [None req-062774c2-9f05-4a7a-ae71-283b69e62eef - - - - - -] Successfully bumped revision number for resource 7b7006b0-d970-4873-87a1-5f027ec9a453 (type: router_ports) to 3
2026-07-02 01:34:12.360 9 INFO neutron.db.ovn_revision_numbers_db [None req-062774c2-9f05-4a7a-ae71-283b69e62eef - - - - - -] Successfully bumped revision number for resource 7b7006b0-d970-4873-87a1-5f027ec9a453 (type: ports) to 2
2026-07-02 01:34:12.724 9 INFO neutron.db.ovn_revision_numbers_db [None req-062774c2-9f05-4a7a-ae71-283b69e62eef - - - - - -] Successfully bumped revision number for resource 7b7006b0-d970-4873-87a1-5f027ec9a453 (type: ports) to 4
2026-07-02 01:34:12.747 9 WARNING neutron.scheduler.dhcp_agent_scheduler [None req-326503fc-2474-48ea-b612-3abc354ca1a8 c3e159fc388047d2926d2ab6991c6583 bd0d1c018646460b833b4c906b471641 - - default default] No more DHCP agents
2026-07-02 01:34:12.751 9 WARNING neutron.api.rpc.agentnotifiers.dhcp_rpc_agent_api [None req-326503fc-2474-48ea-b612-3abc354ca1a8 c3e159fc388047d2926d2ab6991c6583 bd0d1c018646460b833b4c906b471641 - - default default] Unable to schedule network 766f44d6-5538-4479-ae8c-f80502df0b0a: no agents available; will retry on subsequent port and subnet creation events.
2026-07-02 01:34:12.785 10 WARNING neutron.scheduler.dhcp_agent_scheduler [None req-3e1ecf97-5ae7-4ccb-9e11-8a0a0cba62f7 c3e159fc388047d2926d2ab6991c6583 bd0d1c018646460b833b4c906b471641 - - default default] No more DHCP agents
2026-07-02 01:34:12.792 10 WARNING neutron.api.rpc.agentnotifiers.dhcp_rpc_agent_api [None req-3e1ecf97-5ae7-4ccb-9e11-8a0a0cba62f7 c3e159fc388047d2926d2ab6991c6583 bd0d1c018646460b833b4c906b471641 - - default default] Unable to schedule network 23059d77-368f-43d1-b7af-666efda71c91: no agents available; will retry on subsequent port and subnet creation events.
2026-07-02 01:34:12.793 10 INFO neutron.db.ovn_revision_numbers_db [None req-cff3de1f-ae93-4433-b3fb-b2d31c7e2b31 - - - - - -] Successfully bumped revision number for resource 5ce63ae4-aa19-45d0-8306-3e776ab83670 (type: ports) to 1
2026-07-02 01:34:12.969 10 WARNING neutron.scheduler.dhcp_agent_scheduler [None req-8420d6ca-d0c6-4a71-85bf-5cb1436fff38 c3e159fc388047d2926d2ab6991c6583 bd0d1c018646460b833b4c906b471641 - - default default] No more DHCP agents
2026-07-02 01:34:12.987 10 WARNING neutron.api.rpc.agentnotifiers.dhcp_rpc_agent_api [None req-8420d6ca-d0c6-4a71-85bf-5cb1436fff38 c3e159fc388047d2926d2ab6991c6583 bd0d1c018646460b833b4c906b471641 - - default default] Unable to schedule network 642d813f-c1e9-463d-951d-a85927641c67: no agents available; will retry on subsequent port and subnet creation events.
2026-07-02 01:34:13.002 10 INFO neutron.db.ovn_revision_numbers_db [None req-b1e03c85-3ff8-4a1b-a0fd-5e8c9fa53536 c3e159fc388047d2926d2ab6991c6583 bd0d1c018646460b833b4c906b471641 - - default default] Successfully bumped revision number for resource 150d5084-748f-491d-bcd9-0591232fb1fd (type: ports) to 2
2026-07-02 01:34:13.106 9 INFO neutron.db.ovn_revision_numbers_db [None req-326503fc-2474-48ea-b612-3abc354ca1a8 c3e159fc388047d2926d2ab6991c6583 bd0d1c018646460b833b4c906b471641 - - default default] Successfully bumped revision number for resource df8bf909-a68f-4fdc-977d-6b517ea43033 (type: ports) to 1
2026-07-02 01:34:13.143 10 INFO neutron.db.ovn_revision_numbers_db [None req-3e1ecf97-5ae7-4ccb-9e11-8a0a0cba62f7 c3e159fc388047d2926d2ab6991c6583 bd0d1c018646460b833b4c906b471641 - - default default] Successfully bumped revision number for resource a6ae930a-5c6c-4a9a-9eed-44b180700235 (type: ports) to 1
2026-07-02 01:34:13.147 9 INFO neutron.db.ovn_revision_numbers_db [None req-062774c2-9f05-4a7a-ae71-283b69e62eef - - - - - -] Successfully bumped revision number for resource 7b7006b0-d970-4873-87a1-5f027ec9a453 (type: router_ports) to 4
2026-07-02 01:34:13.156 10 INFO neutron.db.ovn_revision_numbers_db [None req-b1e03c85-3ff8-4a1b-a0fd-5e8c9fa53536 c3e159fc388047d2926d2ab6991c6583 bd0d1c018646460b833b4c906b471641 - - default default] Successfully bumped revision number for resource ac927a25-43f2-418e-a01e-2812e3b79626 (type: subnets) to 0
2026-07-02 01:34:13.205 9 INFO neutron.plugins.ml2.drivers.ovn.mech_driver.ovsdb.ovsdb_monitor [None req-062774c2-9f05-4a7a-ae71-283b69e62eef - - - - - -] Router d3c3618a-eef1-4dba-874b-4b66d203b1b5 is bound to host instance
2026-07-02 01:34:13.208 10 INFO neutron.wsgi [None req-b1e03c85-3ff8-4a1b-a0fd-5e8c9fa53536 c3e159fc388047d2926d2ab6991c6583 bd0d1c018646460b833b4c906b471641 - - default default] 10.0.0.67 "POST /v2.0/subnets HTTP/1.1" status: 201 len: 871 time: 2.0832541
2026-07-02 01:34:13.375 10 INFO neutron.db.ovn_revision_numbers_db [None req-cff3de1f-ae93-4433-b3fb-b2d31c7e2b31 - - - - - -] Successfully bumped revision number for resource 5ce63ae4-aa19-45d0-8306-3e776ab83670 (type: router_ports) to 3
2026-07-02 01:34:13.391 10 INFO neutron.db.ovn_revision_numbers_db [None req-8420d6ca-d0c6-4a71-85bf-5cb1436fff38 c3e159fc388047d2926d2ab6991c6583 bd0d1c018646460b833b4c906b471641 - - default default] Successfully bumped revision number for resource 83151777-9e8f-4af6-89c8-a10df64c376a (type: ports) to 1
2026-07-02 01:34:13.760 10 INFO neutron.db.ovn_revision_numbers_db [None req-cff3de1f-ae93-4433-b3fb-b2d31c7e2b31 - - - - - -] Successfully bumped revision number for resource 5ce63ae4-aa19-45d0-8306-3e776ab83670 (type: ports) to 2
2026-07-02 01:34:14.105 10 INFO neutron.plugins.ml2.drivers.ovn.mech_driver.mech_driver [None req-498414c1-69f1-43ec-aebf-26761072ab82 - - - - - -] OVN reports status up for port: df8bf909-a68f-4fdc-977d-6b517ea43033
2026-07-02 01:34:14.138 10 INFO neutron.plugins.ml2.plugin [None req-498414c1-69f1-43ec-aebf-26761072ab82 - - - - - -] Attempt 1 to provision port df8bf909-a68f-4fdc-977d-6b517ea43033
2026-07-02 01:34:14.177 9 INFO neutron.db.ovn_revision_numbers_db [None req-326503fc-2474-48ea-b612-3abc354ca1a8 c3e159fc388047d2926d2ab6991c6583 bd0d1c018646460b833b4c906b471641 - - default default] Successfully bumped revision number for resource df8bf909-a68f-4fdc-977d-6b517ea43033 (type: router_ports) to 1
2026-07-02 01:34:14.183 10 INFO neutron.db.ovn_revision_numbers_db [None req-3e1ecf97-5ae7-4ccb-9e11-8a0a0cba62f7 c3e159fc388047d2926d2ab6991c6583 bd0d1c018646460b833b4c906b471641 - - default default] Successfully bumped revision number for resource a6ae930a-5c6c-4a9a-9eed-44b180700235 (type: router_ports) to 1
2026-07-02 01:34:14.220 9 INFO neutron.plugins.ml2.drivers.ovn.mech_driver.mech_driver [None req-dbb4eb17-3e82-44ba-9a95-8a6fa4ee2e64 - - - - - -] OVN reports status up for port: 5ce63ae4-aa19-45d0-8306-3e776ab83670
2026-07-02 01:34:14.258 9 INFO neutron.plugins.ml2.plugin [None req-dbb4eb17-3e82-44ba-9a95-8a6fa4ee2e64 - - - - - -] Attempt 1 to provision port 5ce63ae4-aa19-45d0-8306-3e776ab83670
2026-07-02 01:34:14.272 9 WARNING neutron.scheduler.dhcp_agent_scheduler [None req-86476e3c-5912-40c5-a4bd-56510aebee08 c3e159fc388047d2926d2ab6991c6583 bd0d1c018646460b833b4c906b471641 - - default default] No more DHCP agents
2026-07-02 01:34:14.285 9 WARNING neutron.api.rpc.agentnotifiers.dhcp_rpc_agent_api [None req-86476e3c-5912-40c5-a4bd-56510aebee08 c3e159fc388047d2926d2ab6991c6583 bd0d1c018646460b833b4c906b471641 - - default default] Unable to schedule network 61423aa6-6804-4dc4-ba43-82322737de5c: no agents available; will retry on subsequent port and subnet creation events.
2026-07-02 01:34:14.334 10 INFO neutron.db.ovn_revision_numbers_db [None req-cff3de1f-ae93-4433-b3fb-b2d31c7e2b31 - - - - - -] Successfully bumped revision number for resource 5ce63ae4-aa19-45d0-8306-3e776ab83670 (type: ports) to 4
2026-07-02 01:34:14.379 10 INFO neutron.db.ovn_revision_numbers_db [None req-8420d6ca-d0c6-4a71-85bf-5cb1436fff38 c3e159fc388047d2926d2ab6991c6583 bd0d1c018646460b833b4c906b471641 - - default default] Successfully bumped revision number for resource 83151777-9e8f-4af6-89c8-a10df64c376a (type: router_ports) to 1
2026-07-02 01:34:14.461 9 INFO neutron.db.ovn_revision_numbers_db [None req-062774c2-9f05-4a7a-ae71-283b69e62eef - - - - - -] Successfully bumped revision number for resource 7ac61f23-a9e5-40dd-a71d-faa6fca69c31 (type: ports) to 1
2026-07-02 01:34:14.477 9 INFO neutron.plugins.ml2.drivers.ovn.mech_driver.mech_driver [None req-dbb4eb17-3e82-44ba-9a95-8a6fa4ee2e64 - - - - - -] OVN reports status up for port: 7ac61f23-a9e5-40dd-a71d-faa6fca69c31
2026-07-02 01:34:14.486 9 INFO neutron.db.ovn_revision_numbers_db [None req-326503fc-2474-48ea-b612-3abc354ca1a8 c3e159fc388047d2926d2ab6991c6583 bd0d1c018646460b833b4c906b471641 - - default default] Successfully bumped revision number for resource df8bf909-a68f-4fdc-977d-6b517ea43033 (type: ports) to 1
2026-07-02 01:34:14.495 9 INFO neutron.plugins.ml2.plugin [None req-dbb4eb17-3e82-44ba-9a95-8a6fa4ee2e64 - - - - - -] Attempt 1 to provision port 7ac61f23-a9e5-40dd-a71d-faa6fca69c31
2026-07-02 01:34:14.570 9 INFO neutron.db.ovn_revision_numbers_db [None req-86476e3c-5912-40c5-a4bd-56510aebee08 c3e159fc388047d2926d2ab6991c6583 bd0d1c018646460b833b4c906b471641 - - default default] Successfully bumped revision number for resource fa73db9a-35a7-4a0d-87ed-ec45e4b137c1 (type: ports) to 1
2026-07-02 01:34:14.623 9 INFO neutron.plugins.ml2.drivers.ovn.mech_driver.mech_driver [None req-dbb4eb17-3e82-44ba-9a95-8a6fa4ee2e64 - - - - - -] OVN reports status up for port: a6ae930a-5c6c-4a9a-9eed-44b180700235
2026-07-02 01:34:14.651 9 WARNING neutron.scheduler.dhcp_agent_scheduler [None req-326503fc-2474-48ea-b612-3abc354ca1a8 c3e159fc388047d2926d2ab6991c6583 bd0d1c018646460b833b4c906b471641 - - default default] No more DHCP agents
2026-07-02 01:34:14.653 9 INFO neutron.plugins.ml2.plugin [None req-dbb4eb17-3e82-44ba-9a95-8a6fa4ee2e64 - - - - - -] Attempt 1 to provision port a6ae930a-5c6c-4a9a-9eed-44b180700235
2026-07-02 01:34:14.656 9 WARNING neutron.api.rpc.agentnotifiers.dhcp_rpc_agent_api [None req-326503fc-2474-48ea-b612-3abc354ca1a8 c3e159fc388047d2926d2ab6991c6583 bd0d1c018646460b833b4c906b471641 - - default default] Unable to schedule network 766f44d6-5538-4479-ae8c-f80502df0b0a: no agents available; will retry on subsequent port and subnet creation events.
2026-07-02 01:34:14.752 10 INFO neutron.db.ovn_revision_numbers_db [None req-3e1ecf97-5ae7-4ccb-9e11-8a0a0cba62f7 c3e159fc388047d2926d2ab6991c6583 bd0d1c018646460b833b4c906b471641 - - default default] Successfully bumped revision number for resource a6ae930a-5c6c-4a9a-9eed-44b180700235 (type: ports) to 1
2026-07-02 01:34:14.917 10 INFO neutron.db.ovn_revision_numbers_db [None req-8420d6ca-d0c6-4a71-85bf-5cb1436fff38 c3e159fc388047d2926d2ab6991c6583 bd0d1c018646460b833b4c906b471641 - - default default] Successfully bumped revision number for resource 83151777-9e8f-4af6-89c8-a10df64c376a (type: ports) to 1
2026-07-02 01:34:14.950 10 WARNING neutron.scheduler.dhcp_agent_scheduler [None req-3e1ecf97-5ae7-4ccb-9e11-8a0a0cba62f7 c3e159fc388047d2926d2ab6991c6583 bd0d1c018646460b833b4c906b471641 - - default default] No more DHCP agents
2026-07-02 01:34:14.951 10 INFO neutron.db.ovn_revision_numbers_db [None req-cff3de1f-ae93-4433-b3fb-b2d31c7e2b31 - - - - - -] Successfully bumped revision number for resource 5ce63ae4-aa19-45d0-8306-3e776ab83670 (type: router_ports) to 4
2026-07-02 01:34:14.959 10 WARNING neutron.api.rpc.agentnotifiers.dhcp_rpc_agent_api [None req-3e1ecf97-5ae7-4ccb-9e11-8a0a0cba62f7 c3e159fc388047d2926d2ab6991c6583 bd0d1c018646460b833b4c906b471641 - - default default] Unable to schedule network 23059d77-368f-43d1-b7af-666efda71c91: no agents available; will retry on subsequent port and subnet creation events.
2026-07-02 01:34:15.078 10 INFO neutron.db.ovn_revision_numbers_db [None req-498414c1-69f1-43ec-aebf-26761072ab82 - - - - - -] Successfully bumped revision number for resource df8bf909-a68f-4fdc-977d-6b517ea43033 (type: ports) to 2
2026-07-02 01:34:15.089 10 WARNING neutron.scheduler.dhcp_agent_scheduler [None req-8420d6ca-d0c6-4a71-85bf-5cb1436fff38 c3e159fc388047d2926d2ab6991c6583 bd0d1c018646460b833b4c906b471641 - - default default] No more DHCP agents
2026-07-02 01:34:15.096 10 WARNING neutron.api.rpc.agentnotifiers.dhcp_rpc_agent_api [None req-8420d6ca-d0c6-4a71-85bf-5cb1436fff38 c3e159fc388047d2926d2ab6991c6583 bd0d1c018646460b833b4c906b471641 - - default default] Unable to schedule network 642d813f-c1e9-463d-951d-a85927641c67: no agents available; will retry on subsequent port and subnet creation events.
2026-07-02 01:34:15.206 9 INFO neutron.db.ovn_revision_numbers_db [None req-062774c2-9f05-4a7a-ae71-283b69e62eef - - - - - -] Successfully bumped revision number for resource 7ac61f23-a9e5-40dd-a71d-faa6fca69c31 (type: router_ports) to 3
2026-07-02 01:34:15.227 10 INFO neutron.db.ovn_revision_numbers_db [None req-498414c1-69f1-43ec-aebf-26761072ab82 - - - - - -] Successfully bumped revision number for resource df8bf909-a68f-4fdc-977d-6b517ea43033 (type: router_ports) to 2
2026-07-02 01:34:15.674 9 INFO neutron.db.ovn_revision_numbers_db [None req-dbb4eb17-3e82-44ba-9a95-8a6fa4ee2e64 - - - - - -] Successfully bumped revision number for resource a6ae930a-5c6c-4a9a-9eed-44b180700235 (type: ports) to 2
2026-07-02 01:34:15.751 9 INFO neutron.db.ovn_revision_numbers_db [None req-062774c2-9f05-4a7a-ae71-283b69e62eef - - - - - -] Successfully bumped revision number for resource 7ac61f23-a9e5-40dd-a71d-faa6fca69c31 (type: ports) to 2
2026-07-02 01:34:15.890 9 INFO neutron.db.ovn_revision_numbers_db [None req-dbb4eb17-3e82-44ba-9a95-8a6fa4ee2e64 - - - - - -] Successfully bumped revision number for resource a6ae930a-5c6c-4a9a-9eed-44b180700235 (type: router_ports) to 2
2026-07-02 01:34:16.155 10 INFO neutron.wsgi [None req-3e1ecf97-5ae7-4ccb-9e11-8a0a0cba62f7 c3e159fc388047d2926d2ab6991c6583 bd0d1c018646460b833b4c906b471641 - - default default] 10.0.0.67 "PUT /v2.0/routers/112696a1-897e-46ee-920e-1341fd055be6/add_router_interface HTTP/1.1" status: 200 len: 503 time: 4.8105011
2026-07-02 01:34:16.200 9 INFO neutron.db.ovn_revision_numbers_db [None req-86476e3c-5912-40c5-a4bd-56510aebee08 c3e159fc388047d2926d2ab6991c6583 bd0d1c018646460b833b4c906b471641 - - default default] Successfully bumped revision number for resource fa73db9a-35a7-4a0d-87ed-ec45e4b137c1 (type: router_ports) to 1
2026-07-02 01:34:16.216 10 INFO neutron.db.ovn_revision_numbers_db [None req-8420d6ca-d0c6-4a71-85bf-5cb1436fff38 c3e159fc388047d2926d2ab6991c6583 bd0d1c018646460b833b4c906b471641 - - default default] Successfully bumped revision number for resource 83151777-9e8f-4af6-89c8-a10df64c376a (type: router_ports) to 1
2026-07-02 01:34:16.219 10 INFO neutron.wsgi [None req-8420d6ca-d0c6-4a71-85bf-5cb1436fff38 c3e159fc388047d2926d2ab6991c6583 bd0d1c018646460b833b4c906b471641 - - default default] 10.0.0.67 "PUT /v2.0/routers/a584a90d-d327-47f1-a4ec-7a66a34ed75a/add_router_interface HTTP/1.1" status: 200 len: 503 time: 4.4785855
2026-07-02 01:34:16.310 9 INFO neutron.db.ovn_revision_numbers_db [None req-86476e3c-5912-40c5-a4bd-56510aebee08 c3e159fc388047d2926d2ab6991c6583 bd0d1c018646460b833b4c906b471641 - - default default] Successfully bumped revision number for resource 0b312fdb-7ab3-4833-8aa2-2fccdce112a9 (type: routers) to 2
2026-07-02 01:34:16.330 9 INFO neutron.wsgi [None req-86476e3c-5912-40c5-a4bd-56510aebee08 c3e159fc388047d2926d2ab6991c6583 bd0d1c018646460b833b4c906b471641 - - default default] 10.0.0.67 "POST /v2.0/routers HTTP/1.1" status: 201 len: 882 time: 3.1164613
2026-07-02 01:34:16.350 9 INFO neutron.db.ovn_revision_numbers_db [None req-062774c2-9f05-4a7a-ae71-283b69e62eef - - - - - -] Successfully bumped revision number for resource 7ac61f23-a9e5-40dd-a71d-faa6fca69c31 (type: ports) to 4
2026-07-02 01:34:16.458 9 INFO neutron.db.ovn_revision_numbers_db [None req-326503fc-2474-48ea-b612-3abc354ca1a8 c3e159fc388047d2926d2ab6991c6583 bd0d1c018646460b833b4c906b471641 - - default default] Successfully bumped revision number for resource df8bf909-a68f-4fdc-977d-6b517ea43033 (type: router_ports) to 2
2026-07-02 01:34:16.460 9 INFO neutron.wsgi [None req-326503fc-2474-48ea-b612-3abc354ca1a8 c3e159fc388047d2926d2ab6991c6583 bd0d1c018646460b833b4c906b471641 - - default default] 10.0.0.67 "PUT /v2.0/routers/d3c3618a-eef1-4dba-874b-4b66d203b1b5/add_router_interface HTTP/1.1" status: 200 len: 503 time: 4.3081229
2026-07-02 01:34:16.723 9 INFO neutron.db.ovn_revision_numbers_db [None req-062774c2-9f05-4a7a-ae71-283b69e62eef - - - - - -] Successfully bumped revision number for resource 7ac61f23-a9e5-40dd-a71d-faa6fca69c31 (type: router_ports) to 4
2026-07-02 01:34:16.752 9 INFO neutron.plugins.ml2.drivers.ovn.mech_driver.ovsdb.ovsdb_monitor [None req-062774c2-9f05-4a7a-ae71-283b69e62eef - - - - - -] Router 0b312fdb-7ab3-4833-8aa2-2fccdce112a9 is bound to host instance
2026-07-02 01:34:16.825 10 WARNING neutron_lib.context [None req-114d67f6-eadb-4dfa-8ac1-734bb536174c 0bbc5c61d3614fe5a046cd36986b6ccc b543d47beb534c828158f80f703e4e69 - - default default] Method 'is_advsvc' is deprecated since 2023.2 release (neutron-lib 3.8.0) and will be removed once support for the old RBAC API policies will be removed from Neutron. Please use method 'is_service_role' instead.
2026-07-02 01:34:16.856 10 WARNING neutron.scheduler.dhcp_agent_scheduler [None req-c58ff6d2-799e-43e4-8a03-bcf269d277b0 c3e159fc388047d2926d2ab6991c6583 bd0d1c018646460b833b4c906b471641 - - default default] No more DHCP agents
2026-07-02 01:34:16.859 10 WARNING neutron.api.rpc.agentnotifiers.dhcp_rpc_agent_api [None req-c58ff6d2-799e-43e4-8a03-bcf269d277b0 c3e159fc388047d2926d2ab6991c6583 bd0d1c018646460b833b4c906b471641 - - default default] Unable to schedule network 52a8ffe4-566c-452a-9c39-76362127377c: no agents available; will retry on subsequent port and subnet creation events.
2026-07-02 01:34:17.167 9 WARNING neutron_lib.context [req-47684cb3-41a3-40d1-97f4-d78b640c9ae5 req-a1eaa620-081b-4aab-b111-8de5d3cd824a d0a3e7c7c6d5422499ff9c3d63017fd7 b73d18665cd14d34954de5e8486676b5 - - default default] Method 'is_advsvc' is deprecated since 2023.2 release (neutron-lib 3.8.0) and will be removed once support for the old RBAC API policies will be removed from Neutron. Please use method 'is_service_role' instead.
2026-07-02 01:34:17.195 10 INFO neutron.db.ovn_revision_numbers_db [None req-114d67f6-eadb-4dfa-8ac1-734bb536174c 0bbc5c61d3614fe5a046cd36986b6ccc b543d47beb534c828158f80f703e4e69 - - default default] Successfully bumped revision number for resource 6d39bb09-9db0-475f-a2d0-158428bb6ff8 (type: security_groups) to 1
2026-07-02 01:34:17.211 10 INFO neutron.db.ovn_revision_numbers_db [None req-114d67f6-eadb-4dfa-8ac1-734bb536174c 0bbc5c61d3614fe5a046cd36986b6ccc b543d47beb534c828158f80f703e4e69 - - default default] Successfully bumped revision number for resource b3ececc8-9cb2-4096-985a-d67d34ae9c4a (type: security_group_rules) to 0
2026-07-02 01:34:17.213 10 INFO neutron.db.ovn_revision_numbers_db [None req-c58ff6d2-799e-43e4-8a03-bcf269d277b0 c3e159fc388047d2926d2ab6991c6583 bd0d1c018646460b833b4c906b471641 - - default default] Successfully bumped revision number for resource 09decbdb-f3b2-4891-9814-d2a199c2ba0d (type: ports) to 1
2026-07-02 01:34:17.234 9 INFO neutron.db.ovn_revision_numbers_db [None req-062774c2-9f05-4a7a-ae71-283b69e62eef - - - - - -] Successfully bumped revision number for resource fa73db9a-35a7-4a0d-87ed-ec45e4b137c1 (type: ports) to 1
2026-07-02 01:34:17.242 10 INFO neutron.db.ovn_revision_numbers_db [None req-114d67f6-eadb-4dfa-8ac1-734bb536174c 0bbc5c61d3614fe5a046cd36986b6ccc b543d47beb534c828158f80f703e4e69 - - default default] Successfully bumped revision number for resource dd2eebe2-f40d-4def-9690-77b06fc0be2b (type: security_group_rules) to 0
