2026-07-02 01:35:30.565 9 INFO neutron.wsgi [None req-7694ce0b-fcee-42f8-b446-48ece7c312f0 fdfbbc2f1b08474e9e896ebe6819266c 42aabc662a624bf8839181acb8111de2 - - default default] 10.0.0.67 "POST /v2.0/security-group-rules HTTP/1.1" status: 201 len: 769 time: 0.2967570
2026-07-02 01:35:30.574 9 WARNING neutron_lib.context [None req-8b0c9f7d-1156-4442-9cf0-248cafee239b fdfbbc2f1b08474e9e896ebe6819266c 42aabc662a624bf8839181acb8111de2 - - default default] Method 'is_advsvc' is deprecated since 2023.2 release (neutron-lib 3.8.0) and will be removed once support for the old RBAC API policies will be removed from Neutron. Please use method 'is_service_role' instead.
2026-07-02 01:35:30.590 10 INFO neutron.wsgi [None req-db69482d-6237-4613-a0c8-8fe9cbc512d0 51a0e7302a024bdc9ce38ac550db1efd f918c63294354a4db030dfdc8f4bbd13 - - default default] 10.0.0.67 "DELETE /v2.0/security-groups/abe02bbe-adc6-4e69-b122-36bfe7257aa9 HTTP/1.1" status: 204 len: 168 time: 0.1672137
2026-07-02 01:35:30.614 9 INFO neutron.api.v2.resource [None req-aa2ca200-af75-4e9c-9492-0800ac9ad9f2 51a0e7302a024bdc9ce38ac550db1efd f918c63294354a4db030dfdc8f4bbd13 - - default default] show failed (client error): The resource could not be found.
2026-07-02 01:35:30.615 9 INFO neutron.wsgi [None req-aa2ca200-af75-4e9c-9492-0800ac9ad9f2 51a0e7302a024bdc9ce38ac550db1efd f918c63294354a4db030dfdc8f4bbd13 - - default default] 10.0.0.67 "GET /v2.0/security-groups/abe02bbe-adc6-4e69-b122-36bfe7257aa9 HTTP/1.1" status: 404 len: 347 time: 0.0191891
2026-07-02 01:35:30.890 9 INFO neutron.wsgi [None req-fc443453-0987-4dff-8eff-1f3bfd3d7a65 0e320de7b15148be8f60c4867926f727 2beb464093234522b1465a96cfa156d9 - - default default] 10.0.0.67 "DELETE /v2.0/networks/c69d0736-1ee8-44f7-b3ac-de7a72cf771b HTTP/1.1" status: 204 len: 168 time: 0.6483028
2026-07-02 01:35:31.014 9 WARNING neutron.scheduler.dhcp_agent_scheduler [None req-8b0c9f7d-1156-4442-9cf0-248cafee239b fdfbbc2f1b08474e9e896ebe6819266c 42aabc662a624bf8839181acb8111de2 - - default default] No more DHCP agents
2026-07-02 01:35:31.019 9 WARNING neutron.api.rpc.agentnotifiers.dhcp_rpc_agent_api [None req-8b0c9f7d-1156-4442-9cf0-248cafee239b fdfbbc2f1b08474e9e896ebe6819266c 42aabc662a624bf8839181acb8111de2 - - default default] Unable to schedule network 61423aa6-6804-4dc4-ba43-82322737de5c: no agents available; will retry on subsequent port and subnet creation events.
2026-07-02 01:35:31.027 10 INFO neutron.wsgi [None req-917918eb-ccd5-4548-a85a-279d4c289fb5 0e320de7b15148be8f60c4867926f727 2beb464093234522b1465a96cfa156d9 - - default default] 10.0.0.67 "GET /v2.0/networks HTTP/1.1" status: 200 len: 845 time: 0.1291490
2026-07-02 01:35:31.046 10 WARNING neutron_lib.context [None req-875f46c6-402d-44b4-88da-7b338fb096b7 0e320de7b15148be8f60c4867926f727 2beb464093234522b1465a96cfa156d9 - - default default] Method 'is_advsvc' is deprecated since 2023.2 release (neutron-lib 3.8.0) and will be removed once support for the old RBAC API policies will be removed from Neutron. Please use method 'is_service_role' instead.
2026-07-02 01:35:31.127 9 INFO neutron.wsgi [None req-5eeb0f6e-ffef-41bb-822a-491adb933cae 51a0e7302a024bdc9ce38ac550db1efd f918c63294354a4db030dfdc8f4bbd13 - - default default] 10.0.0.67 "DELETE /v2.0/floatingips/fa445546-506c-4e73-9773-70a94f55f3ea HTTP/1.1" status: 204 len: 168 time: 0.5069768
2026-07-02 01:35:31.164 10 INFO neutron.db.segments_db [None req-875f46c6-402d-44b4-88da-7b338fb096b7 0e320de7b15148be8f60c4867926f727 2beb464093234522b1465a96cfa156d9 - - default default] Added segment f7917010-ad40-4a5a-bb18-f441ddcc771d of type geneve for network 592ef1c8-2293-4814-bdd1-b32a564f666a
2026-07-02 01:35:31.348 10 INFO neutron.db.ovn_revision_numbers_db [None req-875f46c6-402d-44b4-88da-7b338fb096b7 0e320de7b15148be8f60c4867926f727 2beb464093234522b1465a96cfa156d9 - - default default] Successfully bumped revision number for resource 592ef1c8-2293-4814-bdd1-b32a564f666a (type: networks) to 1
2026-07-02 01:35:31.362 9 INFO neutron.db.ovn_revision_numbers_db [None req-8b0c9f7d-1156-4442-9cf0-248cafee239b fdfbbc2f1b08474e9e896ebe6819266c 42aabc662a624bf8839181acb8111de2 - - default default] Successfully bumped revision number for resource 15281139-6083-442e-a1a4-7007e672c5e7 (type: floatingips) to 0
2026-07-02 01:35:31.382 9 INFO neutron.wsgi [None req-8b0c9f7d-1156-4442-9cf0-248cafee239b fdfbbc2f1b08474e9e896ebe6819266c 42aabc662a624bf8839181acb8111de2 - - default default] 10.0.0.67 "POST /v2.0/floatingips HTTP/1.1" status: 201 len: 751 time: 0.8128977
2026-07-02 01:35:31.696 10 WARNING neutron.scheduler.dhcp_agent_scheduler [None req-875f46c6-402d-44b4-88da-7b338fb096b7 0e320de7b15148be8f60c4867926f727 2beb464093234522b1465a96cfa156d9 - - default default] No more DHCP agents
2026-07-02 01:35:31.700 10 WARNING neutron.api.rpc.agentnotifiers.dhcp_rpc_agent_api [None req-875f46c6-402d-44b4-88da-7b338fb096b7 0e320de7b15148be8f60c4867926f727 2beb464093234522b1465a96cfa156d9 - - default default] Unable to schedule network 592ef1c8-2293-4814-bdd1-b32a564f666a: no agents available; will retry on subsequent port and subnet creation events.
2026-07-02 01:35:31.822 10 INFO neutron.db.ovn_revision_numbers_db [None req-875f46c6-402d-44b4-88da-7b338fb096b7 0e320de7b15148be8f60c4867926f727 2beb464093234522b1465a96cfa156d9 - - default default] Successfully bumped revision number for resource 7b87b2dc-cbed-47fe-b7e7-f0f0f4b9b2de (type: ports) to 1
2026-07-02 01:35:31.866 10 INFO neutron.wsgi [None req-875f46c6-402d-44b4-88da-7b338fb096b7 0e320de7b15148be8f60c4867926f727 2beb464093234522b1465a96cfa156d9 - - default default] 10.0.0.67 "POST /v2.0/networks HTTP/1.1" status: 201 len: 853 time: 0.8285174
2026-07-02 01:35:31.882 9 WARNING neutron_lib.context [None req-265f3f75-da91-438d-a5b1-c1a5a70f9a62 0e320de7b15148be8f60c4867926f727 2beb464093234522b1465a96cfa156d9 - - default default] Method 'is_advsvc' is deprecated since 2023.2 release (neutron-lib 3.8.0) and will be removed once support for the old RBAC API policies will be removed from Neutron. Please use method 'is_service_role' instead.
2026-07-02 01:35:31.917 10 INFO neutron.wsgi [req-b7cc1578-88e1-42f1-9143-3ecdcb63f62f req-8dff239d-8718-4e31-b8b6-bbeab719ee5a fdfbbc2f1b08474e9e896ebe6819266c 42aabc662a624bf8839181acb8111de2 - - default default] 10.0.0.230 "GET /v2.0/security-groups?name=tempest-securitygroup--525223670&fields=id&tenant_id=42aabc662a624bf8839181acb8111de2 HTTP/1.1" status: 200 len: 267 time: 0.0503786
2026-07-02 01:35:31.982 9 INFO neutron.db.segments_db [None req-265f3f75-da91-438d-a5b1-c1a5a70f9a62 0e320de7b15148be8f60c4867926f727 2beb464093234522b1465a96cfa156d9 - - default default] Added segment e7ad22fb-bc78-4c03-9a51-90fd5d60addb of type geneve for network 9291498f-17b0-41cb-acd4-6cf01620ec07
2026-07-02 01:35:32.009 10 INFO neutron.wsgi [req-b7cc1578-88e1-42f1-9143-3ecdcb63f62f req-95014d39-9611-4a2a-ae84-68d1c240088b fdfbbc2f1b08474e9e896ebe6819266c 42aabc662a624bf8839181acb8111de2 - - default default] 10.0.0.230 "GET /v2.0/networks?id=74539d7c-df8e-4d43-a86c-fc0be1abc932 HTTP/1.1" status: 200 len: 868 time: 0.0860071
2026-07-02 01:35:32.031 10 INFO neutron.wsgi [req-b7cc1578-88e1-42f1-9143-3ecdcb63f62f req-4775e098-2601-48f5-810c-a6eae54ba9fa fdfbbc2f1b08474e9e896ebe6819266c 42aabc662a624bf8839181acb8111de2 - - default default] 10.0.0.230 "GET /v2.0/quotas/42aabc662a624bf8839181acb8111de2 HTTP/1.1" status: 200 len: 386 time: 0.0123177
2026-07-02 01:35:32.137 9 INFO neutron.db.ovn_revision_numbers_db [None req-265f3f75-da91-438d-a5b1-c1a5a70f9a62 0e320de7b15148be8f60c4867926f727 2beb464093234522b1465a96cfa156d9 - - default default] Successfully bumped revision number for resource 9291498f-17b0-41cb-acd4-6cf01620ec07 (type: networks) to 1
2026-07-02 01:35:32.158 10 INFO neutron.wsgi [req-b7cc1578-88e1-42f1-9143-3ecdcb63f62f req-2361fd56-be7e-49f5-9c32-59539a8775d9 fdfbbc2f1b08474e9e896ebe6819266c 42aabc662a624bf8839181acb8111de2 - - default default] 10.0.0.230 "GET /v2.0/ports?tenant_id=42aabc662a624bf8839181acb8111de2&fields=id HTTP/1.1" status: 200 len: 302 time: 0.1147881
2026-07-02 01:35:32.230 9 INFO neutron.services.segments.plugin [-] Segment 2a1e06cc-a69e-4cce-99aa-f252861db3fe resource provider aggregate not found
2026-07-02 01:35:32.235 9 INFO neutron.services.segments.plugin [-] Segment 2a1e06cc-a69e-4cce-99aa-f252861db3fe resource provider aggregate not found
2026-07-02 01:35:32.250 10 INFO neutron.wsgi [req-b7cc1578-88e1-42f1-9143-3ecdcb63f62f req-e2e7dabd-1317-4b77-891a-c4b034688636 cb9d12fbb82a47a4b1e3f1adda73c3a3 47d27497663a41d8a5a33abe0544b282 - - 62b7351bb5c4406387418e2d0899cb77 62b7351bb5c4406387418e2d0899cb77] 10.0.0.230 "GET /v2.0/networks/74539d7c-df8e-4d43-a86c-fc0be1abc932?fields=segments HTTP/1.1" status: 200 len: 212 time: 0.0782268
2026-07-02 01:35:32.252 9 INFO neutron.services.segments.plugin [-] Segment 2a1e06cc-a69e-4cce-99aa-f252861db3fe resource provider not found; error: Placement Client Error (4xx): {"errors": [{"status": 404, "title": "Not Found", "detail": "The resource could not be found.\n\n No resource provider with uuid 2a1e06cc-a69e-4cce-99aa-f252861db3fe found for delete ", "request_id": "req-91072c5c-1356-46b7-9256-b0e4f0e25447"}]}
2026-07-02 01:35:32.263 9 INFO neutron.services.segments.plugin [-] Segment 2a1e06cc-a69e-4cce-99aa-f252861db3fe resource provider not found; error: Placement Client Error (4xx): {"errors": [{"status": 404, "title": "Not Found", "detail": "The resource could not be found.\n\n No resource provider with uuid 2a1e06cc-a69e-4cce-99aa-f252861db3fe found for delete ", "request_id": "req-5550906e-796c-4b4c-8680-e26e5637f281"}]}
2026-07-02 01:35:32.332 10 INFO neutron.wsgi [req-b7cc1578-88e1-42f1-9143-3ecdcb63f62f req-3a0d8bed-c992-4f01-aece-faf4f4714f80 cb9d12fbb82a47a4b1e3f1adda73c3a3 47d27497663a41d8a5a33abe0544b282 - - 62b7351bb5c4406387418e2d0899cb77 62b7351bb5c4406387418e2d0899cb77] 10.0.0.230 "GET /v2.0/networks/74539d7c-df8e-4d43-a86c-fc0be1abc932?fields=provider%3Aphysical_network&fields=provider%3Anetwork_type HTTP/1.1" status: 200 len: 277 time: 0.0722489
2026-07-02 01:35:32.338 9 WARNING neutron.scheduler.dhcp_agent_scheduler [None req-265f3f75-da91-438d-a5b1-c1a5a70f9a62 0e320de7b15148be8f60c4867926f727 2beb464093234522b1465a96cfa156d9 - - default default] No more DHCP agents
2026-07-02 01:35:32.341 9 WARNING neutron.api.rpc.agentnotifiers.dhcp_rpc_agent_api [None req-265f3f75-da91-438d-a5b1-c1a5a70f9a62 0e320de7b15148be8f60c4867926f727 2beb464093234522b1465a96cfa156d9 - - default default] Unable to schedule network 9291498f-17b0-41cb-acd4-6cf01620ec07: no agents available; will retry on subsequent port and subnet creation events.
2026-07-02 01:35:32.456 9 INFO neutron.db.ovn_revision_numbers_db [None req-265f3f75-da91-438d-a5b1-c1a5a70f9a62 0e320de7b15148be8f60c4867926f727 2beb464093234522b1465a96cfa156d9 - - default default] Successfully bumped revision number for resource 70ed0f1d-f525-4dbd-9a7a-65b7e43b5900 (type: ports) to 1
2026-07-02 01:35:32.480 9 INFO neutron.wsgi [None req-265f3f75-da91-438d-a5b1-c1a5a70f9a62 0e320de7b15148be8f60c4867926f727 2beb464093234522b1465a96cfa156d9 - - default default] 10.0.0.67 "POST /v2.0/networks HTTP/1.1" status: 201 len: 852 time: 0.6053872
2026-07-02 01:35:32.490 9 WARNING neutron_lib.context [None req-398a9cd8-ddbb-4121-b4bf-d2b10198a335 0e320de7b15148be8f60c4867926f727 2beb464093234522b1465a96cfa156d9 - - default default] Method 'is_advsvc' is deprecated since 2023.2 release (neutron-lib 3.8.0) and will be removed once support for the old RBAC API policies will be removed from Neutron. Please use method 'is_service_role' instead.
2026-07-02 01:35:32.534 10 INFO neutron.wsgi [None req-e6263692-5073-4943-a6d4-0c84c0780389 c3e159fc388047d2926d2ab6991c6583 bd0d1c018646460b833b4c906b471641 - - default default] 10.0.0.67 "PUT /v2.0/routers/ffbd6eab-e6d4-4679-b7a1-9cafded1b6b7/remove_router_interface HTTP/1.1" status: 200 len: 503 time: 1.4011152 /var/lib/openstack/lib/python3.10/site-packages/pycadf/identifier.py:71: UserWarning: Invalid uuid: neutron. To ensure interoperability, identifiers should be a valid uuid. warnings.warn(('Invalid uuid: %s. To ensure interoperability, '
2026-07-02 01:35:32.552 9 INFO neutron.wsgi [req-7e7167ec-f34d-4fd0-b635-67010b6b3bae req-820200d8-788b-4bf3-96ac-0b611116ac5e fdfbbc2f1b08474e9e896ebe6819266c 42aabc662a624bf8839181acb8111de2 - - default default] 10.0.0.230 "GET /v2.0/ports?device_id=a98ff210-edde-4e33-aff0-fea51c92e3d9 HTTP/1.1" status: 200 len: 210 time: 0.0518951
2026-07-02 01:35:32.564 9 WARNING neutron_lib.context [None req-398a9cd8-ddbb-4121-b4bf-d2b10198a335 0e320de7b15148be8f60c4867926f727 2beb464093234522b1465a96cfa156d9 - - default default] Method 'is_advsvc' is deprecated since 2023.2 release (neutron-lib 3.8.0) and will be removed once support for the old RBAC API policies will be removed from Neutron. Please use method 'is_service_role' instead.
2026-07-02 01:35:33.039 9 WARNING neutron.scheduler.dhcp_agent_scheduler [None req-398a9cd8-ddbb-4121-b4bf-d2b10198a335 0e320de7b15148be8f60c4867926f727 2beb464093234522b1465a96cfa156d9 - - default default] No more DHCP agents
2026-07-02 01:35:33.041 9 WARNING neutron.api.rpc.agentnotifiers.dhcp_rpc_agent_api [None req-398a9cd8-ddbb-4121-b4bf-d2b10198a335 0e320de7b15148be8f60c4867926f727 2beb464093234522b1465a96cfa156d9 - - default default] Unable to schedule network 592ef1c8-2293-4814-bdd1-b32a564f666a: no agents available; will retry on subsequent port and subnet creation events.
2026-07-02 01:35:33.131 9 INFO neutron.db.ovn_revision_numbers_db [None req-398a9cd8-ddbb-4121-b4bf-d2b10198a335 0e320de7b15148be8f60c4867926f727 2beb464093234522b1465a96cfa156d9 - - default default] Successfully bumped revision number for resource 93ff7cff-6df1-4eee-907b-21dba92e9878 (type: ports) to 1
2026-07-02 01:35:33.160 9 WARNING neutron.scheduler.dhcp_agent_scheduler [None req-398a9cd8-ddbb-4121-b4bf-d2b10198a335 0e320de7b15148be8f60c4867926f727 2beb464093234522b1465a96cfa156d9 - - default default] No more DHCP agents
2026-07-02 01:35:33.162 9 WARNING neutron.api.rpc.agentnotifiers.dhcp_rpc_agent_api [None req-398a9cd8-ddbb-4121-b4bf-d2b10198a335 0e320de7b15148be8f60c4867926f727 2beb464093234522b1465a96cfa156d9 - - default default] Unable to schedule network 9291498f-17b0-41cb-acd4-6cf01620ec07: no agents available; will retry on subsequent port and subnet creation events. /var/lib/openstack/lib/python3.10/site-packages/pycadf/identifier.py:71: UserWarning: Invalid uuid: neutron. To ensure interoperability, identifiers should be a valid uuid. warnings.warn(('Invalid uuid: %s. To ensure interoperability, '
2026-07-02 01:35:33.272 9 INFO neutron.wsgi [req-b7cc1578-88e1-42f1-9143-3ecdcb63f62f req-658ac6c4-de39-4780-90f7-9bd6c0980ce3 fdfbbc2f1b08474e9e896ebe6819266c 42aabc662a624bf8839181acb8111de2 - - default default] 199.204.45.113 "GET /v2.0/networks?id=74539d7c-df8e-4d43-a86c-fc0be1abc932 HTTP/1.1" status: 200 len: 868 time: 0.0927582
2026-07-02 01:35:33.286 9 INFO neutron.db.ovn_revision_numbers_db [None req-398a9cd8-ddbb-4121-b4bf-d2b10198a335 0e320de7b15148be8f60c4867926f727 2beb464093234522b1465a96cfa156d9 - - default default] Successfully bumped revision number for resource ea4a3c99-20a7-4534-8faa-5c4d8bc979a1 (type: ports) to 1
2026-07-02 01:35:33.328 9 INFO neutron.wsgi [None req-398a9cd8-ddbb-4121-b4bf-d2b10198a335 0e320de7b15148be8f60c4867926f727 2beb464093234522b1465a96cfa156d9 - - default default] 10.0.0.67 "POST /v2.0/ports HTTP/1.1" status: 201 len: 1706 time: 0.8428650
2026-07-02 01:35:33.338 9 INFO neutron.wsgi [req-b7cc1578-88e1-42f1-9143-3ecdcb63f62f req-c652c8ec-55b0-4b3f-b468-788ddb35d560 fdfbbc2f1b08474e9e896ebe6819266c 42aabc662a624bf8839181acb8111de2 - - default default] 199.204.45.113 "GET /v2.0/security-groups?fields=id&fields=name&tenant_id=42aabc662a624bf8839181acb8111de2 HTTP/1.1" status: 200 len: 379 time: 0.0596244
2026-07-02 01:35:33.377 9 WARNING neutron_lib.context [req-b7cc1578-88e1-42f1-9143-3ecdcb63f62f req-c6fdb9b4-6c30-4d25-9c08-a0f7b0a714d4 fdfbbc2f1b08474e9e896ebe6819266c 42aabc662a624bf8839181acb8111de2 - - default default] Method 'is_advsvc' is deprecated since 2023.2 release (neutron-lib 3.8.0) and will be removed once support for the old RBAC API policies will be removed from Neutron. Please use method 'is_service_role' instead.
2026-07-02 01:35:33.506 9 INFO neutron.wsgi [None req-4e17b097-0779-45ea-bd86-2a5cfae4dd4d 0e320de7b15148be8f60c4867926f727 2beb464093234522b1465a96cfa156d9 - - default default] 10.0.0.67 "GET /v2.0/ports HTTP/1.1" status: 200 len: 3213 time: 0.1722872
2026-07-02 01:35:33.673 10 INFO neutron.wsgi [req-dd79cd1e-c594-4677-9ba5-fff0398ba454 req-81ea2aff-530e-48b0-a15a-48b1b16f7907 fdfbbc2f1b08474e9e896ebe6819266c 42aabc662a624bf8839181acb8111de2 - - default default] 10.0.0.230 "GET /v2.0/ports?device_id=a98ff210-edde-4e33-aff0-fea51c92e3d9 HTTP/1.1" status: 200 len: 210 time: 0.0412710
2026-07-02 01:35:33.853 10 INFO neutron.wsgi [None req-e253df93-6951-475e-bc9b-1bebe5e35a52 c3e159fc388047d2926d2ab6991c6583 bd0d1c018646460b833b4c906b471641 - - default default] 10.0.0.67 "DELETE /v2.0/routers/ffbd6eab-e6d4-4679-b7a1-9cafded1b6b7 HTTP/1.1" status: 204 len: 168 time: 1.3155580
2026-07-02 01:35:33.928 10 INFO neutron.wsgi [None req-a5a6e4fb-c197-470b-b0fa-f953d127f5b0 0e320de7b15148be8f60c4867926f727 2beb464093234522b1465a96cfa156d9 - - default default] 10.0.0.67 "DELETE /v2.0/ports/93ff7cff-6df1-4eee-907b-21dba92e9878 HTTP/1.1" status: 204 len: 168 time: 0.4061248
2026-07-02 01:35:34.014 9 WARNING neutron.scheduler.dhcp_agent_scheduler [req-b7cc1578-88e1-42f1-9143-3ecdcb63f62f req-c6fdb9b4-6c30-4d25-9c08-a0f7b0a714d4 fdfbbc2f1b08474e9e896ebe6819266c 42aabc662a624bf8839181acb8111de2 - - default default] No more DHCP agents
2026-07-02 01:35:34.015 9 WARNING neutron.api.rpc.agentnotifiers.dhcp_rpc_agent_api [req-b7cc1578-88e1-42f1-9143-3ecdcb63f62f req-c6fdb9b4-6c30-4d25-9c08-a0f7b0a714d4 fdfbbc2f1b08474e9e896ebe6819266c 42aabc662a624bf8839181acb8111de2 - - default default] Unable to schedule network 74539d7c-df8e-4d43-a86c-fc0be1abc932: no agents available; will retry on subsequent port and subnet creation events.
2026-07-02 01:35:34.158 10 INFO neutron.wsgi [None req-e0ec78a6-0da8-44cb-9f27-96c0209b822d c3e159fc388047d2926d2ab6991c6583 bd0d1c018646460b833b4c906b471641 - - default default] 10.0.0.67 "DELETE /v2.0/subnets/1783a523-13c9-43ca-84c4-d62822f3e4a2 HTTP/1.1" status: 204 len: 168 time: 0.2989581
2026-07-02 01:35:34.181 9 INFO neutron.db.ovn_revision_numbers_db [req-b7cc1578-88e1-42f1-9143-3ecdcb63f62f req-c6fdb9b4-6c30-4d25-9c08-a0f7b0a714d4 fdfbbc2f1b08474e9e896ebe6819266c 42aabc662a624bf8839181acb8111de2 - - default default] Successfully bumped revision number for resource 29ef759d-8627-441b-a117-0a3fc10c586b (type: ports) to 1
2026-07-02 01:35:34.206 9 INFO neutron.wsgi [req-b7cc1578-88e1-42f1-9143-3ecdcb63f62f req-c6fdb9b4-6c30-4d25-9c08-a0f7b0a714d4 fdfbbc2f1b08474e9e896ebe6819266c 42aabc662a624bf8839181acb8111de2 - - default default] 199.204.45.113 "POST /v2.0/ports HTTP/1.1" status: 201 len: 1158 time: 0.8369641 /var/lib/openstack/lib/python3.10/site-packages/pycadf/identifier.py:71: UserWarning: Invalid uuid: neutron. To ensure interoperability, identifiers should be a valid uuid. warnings.warn(('Invalid uuid: %s. To ensure interoperability, '
2026-07-02 01:35:34.255 10 INFO neutron.wsgi [None req-19e5b83c-1a4c-49a7-a6c5-6a250f67c867 0e320de7b15148be8f60c4867926f727 2beb464093234522b1465a96cfa156d9 - - default default] 10.0.0.67 "DELETE /v2.0/ports/ea4a3c99-20a7-4534-8faa-5c4d8bc979a1 HTTP/1.1" status: 204 len: 168 time: 0.3214796
2026-07-02 01:35:34.288 10 WARNING neutron.plugins.ml2.drivers.ovn.mech_driver.ovsdb.ovn_client [None req-498414c1-69f1-43ec-aebf-26761072ab82 - - - - - -] No hosting information found for port f60d1b77-2159-4a0f-8ffa-0f948a8259de: RuntimeError: No hosting information found for port f60d1b77-2159-4a0f-8ffa-0f948a8259de
2026-07-02 01:35:34.288 10 INFO neutron.plugins.ml2.drivers.ovn.mech_driver.mech_driver [None req-498414c1-69f1-43ec-aebf-26761072ab82 - - - - - -] OVN reports status down for port: 0f13a8b8-1bce-4689-954c-9e1a73d3cbba
2026-07-02 01:35:34.428 10 INFO neutron.wsgi [None req-65f57b80-28c2-4d05-a12c-f2bb353a009a 0e320de7b15148be8f60c4867926f727 2beb464093234522b1465a96cfa156d9 - - default default] 10.0.0.67 "GET /v2.0/ports HTTP/1.1" status: 200 len: 1718 time: 0.1662486
2026-07-02 01:35:34.454 10 WARNING neutron_lib.context [None req-ca1bce16-6f2c-4dae-a0f3-b7f1ec41273e 0e320de7b15148be8f60c4867926f727 2beb464093234522b1465a96cfa156d9 - - default default] Method 'is_advsvc' is deprecated since 2023.2 release (neutron-lib 3.8.0) and will be removed once support for the old RBAC API policies will be removed from Neutron. Please use method 'is_service_role' instead.
2026-07-02 01:35:34.542 10 INFO neutron.db.segments_db [None req-ca1bce16-6f2c-4dae-a0f3-b7f1ec41273e 0e320de7b15148be8f60c4867926f727 2beb464093234522b1465a96cfa156d9 - - default default] Added segment aaf17405-ead7-4520-b6b0-1c79e683a310 of type geneve for network 1eeff77f-9874-4d20-becf-9cf8618b8e0b
2026-07-02 01:35:34.663 9 INFO neutron.db.ovn_revision_numbers_db [req-b7cc1578-88e1-42f1-9143-3ecdcb63f62f req-22bfffc5-5428-45f9-8308-c1f6b769ee03 cb9d12fbb82a47a4b1e3f1adda73c3a3 47d27497663a41d8a5a33abe0544b282 - - 62b7351bb5c4406387418e2d0899cb77 62b7351bb5c4406387418e2d0899cb77] Successfully bumped revision number for resource 29ef759d-8627-441b-a117-0a3fc10c586b (type: ports) to 2
2026-07-02 01:35:34.681 10 INFO neutron.services.segments.plugin [-] Segment dd0e8e7d-e9d9-4de6-9ee7-5a42d1c2b3bb resource provider aggregate not found
2026-07-02 01:35:34.686 10 INFO neutron.services.segments.plugin [-] Segment dd0e8e7d-e9d9-4de6-9ee7-5a42d1c2b3bb resource provider aggregate not found
2026-07-02 01:35:34.709 10 INFO neutron.services.segments.plugin [-] Segment dd0e8e7d-e9d9-4de6-9ee7-5a42d1c2b3bb resource provider not found; error: Placement Client Error (4xx): {"errors": [{"status": 404, "title": "Not Found", "detail": "The resource could not be found.\n\n No resource provider with uuid dd0e8e7d-e9d9-4de6-9ee7-5a42d1c2b3bb found for delete ", "request_id": "req-afd1faab-b156-4150-8130-58a039c1170e"}]}
2026-07-02 01:35:34.743 10 INFO neutron.services.segments.plugin [-] Segment dd0e8e7d-e9d9-4de6-9ee7-5a42d1c2b3bb resource provider not found; error: Placement Client Error (4xx): {"errors": [{"status": 404, "title": "Not Found", "detail": "The resource could not be found.\n\n No resource provider with uuid dd0e8e7d-e9d9-4de6-9ee7-5a42d1c2b3bb found for delete ", "request_id": "req-ac062024-c89c-4859-887b-6a5b1dbdd3e2"}]} /var/lib/openstack/lib/python3.10/site-packages/pycadf/identifier.py:71: UserWarning: Invalid uuid: neutron. To ensure interoperability, identifiers should be a valid uuid. warnings.warn(('Invalid uuid: %s. To ensure interoperability, '
2026-07-02 01:35:34.776 10 INFO neutron.wsgi [None req-4b38b84a-a543-4f91-bb63-fcd6a25d50b7 c3e159fc388047d2926d2ab6991c6583 bd0d1c018646460b833b4c906b471641 - - default default] 10.0.0.67 "DELETE /v2.0/networks/8f06d25a-c3a6-48c1-a0bf-d69793693184 HTTP/1.1" status: 204 len: 168 time: 0.6085470
2026-07-02 01:35:34.792 10 INFO neutron.db.ovn_revision_numbers_db [None req-ca1bce16-6f2c-4dae-a0f3-b7f1ec41273e 0e320de7b15148be8f60c4867926f727 2beb464093234522b1465a96cfa156d9 - - default default] Successfully bumped revision number for resource 1eeff77f-9874-4d20-becf-9cf8618b8e0b (type: networks) to 1
2026-07-02 01:35:34.907 9 INFO neutron.wsgi [req-c826be9e-1962-4c38-a275-48baea39266e req-8fd68d6d-4842-4524-8eea-112d2fb831c7 fdfbbc2f1b08474e9e896ebe6819266c 42aabc662a624bf8839181acb8111de2 - - default default] 10.0.0.230 "GET /v2.0/ports?device_id=a98ff210-edde-4e33-aff0-fea51c92e3d9 HTTP/1.1" status: 200 len: 1168 time: 0.1371317 /var/lib/openstack/lib/python3.10/site-packages/pycadf/identifier.py:71: UserWarning: Invalid uuid: neutron. To ensure interoperability, identifiers should be a valid uuid. warnings.warn(('Invalid uuid: %s. To ensure interoperability, '
2026-07-02 01:35:34.971 9 INFO neutron.wsgi [req-c826be9e-1962-4c38-a275-48baea39266e req-df234a1f-c8da-41b5-a73a-c37bd4a9853c fdfbbc2f1b08474e9e896ebe6819266c 42aabc662a624bf8839181acb8111de2 - - default default] 10.0.0.230 "GET /v2.0/security-groups?id=e00cee45-aaf4-4a97-87e6-16340f1d9d3d&fields=id&fields=name HTTP/1.1" status: 200 len: 312 time: 0.0521657
2026-07-02 01:35:34.993 10 WARNING neutron.scheduler.dhcp_agent_scheduler [None req-ca1bce16-6f2c-4dae-a0f3-b7f1ec41273e 0e320de7b15148be8f60c4867926f727 2beb464093234522b1465a96cfa156d9 - - default default] No more DHCP agents
2026-07-02 01:35:34.994 10 WARNING neutron.api.rpc.agentnotifiers.dhcp_rpc_agent_api [None req-ca1bce16-6f2c-4dae-a0f3-b7f1ec41273e 0e320de7b15148be8f60c4867926f727 2beb464093234522b1465a96cfa156d9 - - default default] Unable to schedule network 1eeff77f-9874-4d20-becf-9cf8618b8e0b: no agents available; will retry on subsequent port and subnet creation events.
2026-07-02 01:35:35.006 9 INFO neutron.db.ovn_revision_numbers_db [req-b7cc1578-88e1-42f1-9143-3ecdcb63f62f req-22bfffc5-5428-45f9-8308-c1f6b769ee03 cb9d12fbb82a47a4b1e3f1adda73c3a3 47d27497663a41d8a5a33abe0544b282 - - 62b7351bb5c4406387418e2d0899cb77 62b7351bb5c4406387418e2d0899cb77] Successfully bumped revision number for resource 29ef759d-8627-441b-a117-0a3fc10c586b (type: ports) to 2
2026-07-02 01:35:35.026 9 INFO neutron.wsgi [None req-96a6fe71-259d-4490-aae6-5dca30d333e9 c3e159fc388047d2926d2ab6991c6583 bd0d1c018646460b833b4c906b471641 - - default default] 10.0.0.67 "GET /v2.0/security-groups?tenant_id=f918c63294354a4db030dfdc8f4bbd13&name=default HTTP/1.1" status: 200 len: 2996 time: 0.0540271
2026-07-02 01:35:35.045 9 INFO neutron.wsgi [req-b7cc1578-88e1-42f1-9143-3ecdcb63f62f req-22bfffc5-5428-45f9-8308-c1f6b769ee03 cb9d12fbb82a47a4b1e3f1adda73c3a3 47d27497663a41d8a5a33abe0544b282 - - 62b7351bb5c4406387418e2d0899cb77 62b7351bb5c4406387418e2d0899cb77] 199.204.45.113 "PUT /v2.0/ports/29ef759d-8627-441b-a117-0a3fc10c586b HTTP/1.1" status: 200 len: 1376 time: 0.8282192
2026-07-02 01:35:35.106 9 INFO neutron.notifiers.nova [-] Nova event matching ['req-a9078658-d7de-4e2d-8f85-5ac14ff37dd6'] response: {'name': 'network-changed', 'server_uuid': 'a98ff210-edde-4e33-aff0-fea51c92e3d9', 'tag': '29ef759d-8627-441b-a117-0a3fc10c586b', 'status': 'completed', 'code': 200}
2026-07-02 01:35:35.126 10 INFO neutron.db.ovn_revision_numbers_db [None req-ca1bce16-6f2c-4dae-a0f3-b7f1ec41273e 0e320de7b15148be8f60c4867926f727 2beb464093234522b1465a96cfa156d9 - - default default] Successfully bumped revision number for resource a8674847-6a6d-4c9a-a65c-160478c9df4d (type: ports) to 1
2026-07-02 01:35:35.142 9 INFO neutron.wsgi [req-b7cc1578-88e1-42f1-9143-3ecdcb63f62f req-aab65a61-6a0f-432d-8fce-5f8c54f76762 cb9d12fbb82a47a4b1e3f1adda73c3a3 47d27497663a41d8a5a33abe0544b282 - - 62b7351bb5c4406387418e2d0899cb77 62b7351bb5c4406387418e2d0899cb77] 199.204.45.113 "GET /v2.0/ports?tenant_id=42aabc662a624bf8839181acb8111de2&device_id=a98ff210-edde-4e33-aff0-fea51c92e3d9 HTTP/1.1" status: 200 len: 1407 time: 0.0474672
2026-07-02 01:35:35.159 10 INFO neutron.wsgi [None req-ca1bce16-6f2c-4dae-a0f3-b7f1ec41273e 0e320de7b15148be8f60c4867926f727 2beb464093234522b1465a96cfa156d9 - - default default] 10.0.0.67 "POST /v2.0/networks HTTP/1.1" status: 201 len: 852 time: 0.7227719
2026-07-02 01:35:35.170 10 WARNING neutron_lib.context [None req-16099475-1e4c-40b1-bdf5-063f08730be9 0e320de7b15148be8f60c4867926f727 2beb464093234522b1465a96cfa156d9 - - default default] Method 'is_advsvc' is deprecated since 2023.2 release (neutron-lib 3.8.0) and will be removed once support for the old RBAC API policies will be removed from Neutron. Please use method 'is_service_role' instead.
2026-07-02 01:35:35.183 9 INFO neutron.wsgi [req-b7cc1578-88e1-42f1-9143-3ecdcb63f62f req-237f7aa6-2de0-40a8-ab45-12e6e98f5396 cb9d12fbb82a47a4b1e3f1adda73c3a3 47d27497663a41d8a5a33abe0544b282 - - 62b7351bb5c4406387418e2d0899cb77 62b7351bb5c4406387418e2d0899cb77] 199.204.45.113 "GET /v2.0/floatingips?fixed_ip_address=10.100.0.6&port_id=29ef759d-8627-441b-a117-0a3fc10c586b HTTP/1.1" status: 200 len: 217 time: 0.0331335
2026-07-02 01:35:35.245 9 INFO neutron.wsgi [req-b7cc1578-88e1-42f1-9143-3ecdcb63f62f req-6de5f9e6-22e7-4c3e-bf33-8ad835f59366 cb9d12fbb82a47a4b1e3f1adda73c3a3 47d27497663a41d8a5a33abe0544b282 - - 62b7351bb5c4406387418e2d0899cb77 62b7351bb5c4406387418e2d0899cb77] 199.204.45.113 "GET /v2.0/subnets?id=e5452971-f186-4c9e-bc70-fc750bc44607 HTTP/1.1" status: 200 len: 862 time: 0.0528092
2026-07-02 01:35:35.263 10 INFO neutron.db.segments_db [None req-16099475-1e4c-40b1-bdf5-063f08730be9 0e320de7b15148be8f60c4867926f727 2beb464093234522b1465a96cfa156d9 - - default default] Added segment 6bb20def-66ec-40e6-836c-58573a0ba6b7 of type geneve for network c6c8acf8-0b9d-4fb9-b2f9-97cad0580c23
2026-07-02 01:35:35.277 9 INFO neutron.wsgi [req-b7cc1578-88e1-42f1-9143-3ecdcb63f62f req-88804690-f247-4744-9009-d05bc02f683a cb9d12fbb82a47a4b1e3f1adda73c3a3 47d27497663a41d8a5a33abe0544b282 - - 62b7351bb5c4406387418e2d0899cb77 62b7351bb5c4406387418e2d0899cb77] 199.204.45.113 "GET /v2.0/ports?network_id=74539d7c-df8e-4d43-a86c-fc0be1abc932&device_owner=network%3Adhcp HTTP/1.1" status: 200 len: 210 time: 0.0237994
2026-07-02 01:35:35.388 9 INFO neutron.wsgi [req-b7cc1578-88e1-42f1-9143-3ecdcb63f62f req-358ed304-59da-4931-a1cf-f9e8d5aa0650 cb9d12fbb82a47a4b1e3f1adda73c3a3 47d27497663a41d8a5a33abe0544b282 - - 62b7351bb5c4406387418e2d0899cb77 62b7351bb5c4406387418e2d0899cb77] 199.204.45.113 "GET /v2.0/networks/74539d7c-df8e-4d43-a86c-fc0be1abc932?fields=segments HTTP/1.1" status: 200 len: 212 time: 0.1015010
2026-07-02 01:35:35.395 9 INFO neutron.wsgi [None req-eb007470-3312-48cc-872b-ebaebd2eefd3 c3e159fc388047d2926d2ab6991c6583 bd0d1c018646460b833b4c906b471641 - - default default] 10.0.0.67 "DELETE /v2.0/security-groups/3ea85612-8d62-4148-89d0-89655a250498 HTTP/1.1" status: 204 len: 168 time: 0.3630011
2026-07-02 01:35:35.446 10 INFO neutron.db.ovn_revision_numbers_db [None req-16099475-1e4c-40b1-bdf5-063f08730be9 0e320de7b15148be8f60c4867926f727 2beb464093234522b1465a96cfa156d9 - - default default] Successfully bumped revision number for resource c6c8acf8-0b9d-4fb9-b2f9-97cad0580c23 (type: networks) to 1
2026-07-02 01:35:35.458 9 INFO neutron.db.ovn_revision_numbers_db [None req-c54e276f-0a5c-4bd4-a54b-d5fee94bfab7 c3e159fc388047d2926d2ab6991c6583 bd0d1c018646460b833b4c906b471641 - - default default] Successfully bumped revision number for resource 28af5fd2-b683-42a4-8133-879e422e2b11 (type: security_groups) to 1
2026-07-02 01:35:35.478 9 INFO neutron.wsgi [req-b7cc1578-88e1-42f1-9143-3ecdcb63f62f req-ce159064-d133-4949-a4cb-0a31c4096433 cb9d12fbb82a47a4b1e3f1adda73c3a3 47d27497663a41d8a5a33abe0544b282 - - 62b7351bb5c4406387418e2d0899cb77 62b7351bb5c4406387418e2d0899cb77] 199.204.45.113 "GET /v2.0/networks/74539d7c-df8e-4d43-a86c-fc0be1abc932?fields=provider%3Aphysical_network&fields=provider%3Anetwork_type HTTP/1.1" status: 200 len: 277 time: 0.0795248
2026-07-02 01:35:35.479 9 INFO neutron.db.ovn_revision_numbers_db [None req-c54e276f-0a5c-4bd4-a54b-d5fee94bfab7 c3e159fc388047d2926d2ab6991c6583 bd0d1c018646460b833b4c906b471641 - - default default] Successfully bumped revision number for resource 21db4f5e-c6c9-4ff8-a191-998c9543fd38 (type: security_group_rules) to 0
2026-07-02 01:35:35.491 9 INFO neutron.db.ovn_revision_numbers_db [None req-c54e276f-0a5c-4bd4-a54b-d5fee94bfab7 c3e159fc388047d2926d2ab6991c6583 bd0d1c018646460b833b4c906b471641 - - default default] Successfully bumped revision number for resource 7a0f2bcd-e406-409d-8118-a6af8287a38d (type: security_group_rules) to 0
2026-07-02 01:35:35.506 9 INFO neutron.db.ovn_revision_numbers_db [None req-c54e276f-0a5c-4bd4-a54b-d5fee94bfab7 c3e159fc388047d2926d2ab6991c6583 bd0d1c018646460b833b4c906b471641 - - default default] Successfully bumped revision number for resource c483b73f-3317-4a0c-b9ed-417a12951c16 (type: security_group_rules) to 0
2026-07-02 01:35:35.534 9 INFO neutron.db.ovn_revision_numbers_db [None req-c54e276f-0a5c-4bd4-a54b-d5fee94bfab7 c3e159fc388047d2926d2ab6991c6583 bd0d1c018646460b833b4c906b471641 - - default default] Successfully bumped revision number for resource ec0d00c6-74b0-4db0-a8df-982723fb2805 (type: security_group_rules) to 0
2026-07-02 01:35:35.569 9 INFO neutron.wsgi [None req-c54e276f-0a5c-4bd4-a54b-d5fee94bfab7 c3e159fc388047d2926d2ab6991c6583 bd0d1c018646460b833b4c906b471641 - - default default] 10.0.0.67 "GET /v2.0/security-groups?tenant_id=67eb00e0a9c742f1b77c18ebd147ce05&name=default HTTP/1.1" status: 200 len: 2996 time: 0.6405795
2026-07-02 01:35:35.577 9 INFO neutron.wsgi [req-2f76557f-fd7e-4d0b-9a8e-3432079f6864 req-fd4c3556-0a31-4bbd-9028-127fed71179d cb9d12fbb82a47a4b1e3f1adda73c3a3 47d27497663a41d8a5a33abe0544b282 - - 62b7351bb5c4406387418e2d0899cb77 62b7351bb5c4406387418e2d0899cb77] 199.204.45.113 "GET /v2.0/ports?tenant_id=42aabc662a624bf8839181acb8111de2&device_id=a98ff210-edde-4e33-aff0-fea51c92e3d9 HTTP/1.1" status: 200 len: 1407 time: 0.0552819
2026-07-02 01:35:35.630 10 WARNING neutron.scheduler.dhcp_agent_scheduler [None req-16099475-1e4c-40b1-bdf5-063f08730be9 0e320de7b15148be8f60c4867926f727 2beb464093234522b1465a96cfa156d9 - - default default] No more DHCP agents
2026-07-02 01:35:35.632 10 WARNING neutron.api.rpc.agentnotifiers.dhcp_rpc_agent_api [None req-16099475-1e4c-40b1-bdf5-063f08730be9 0e320de7b15148be8f60c4867926f727 2beb464093234522b1465a96cfa156d9 - - default default] Unable to schedule network c6c8acf8-0b9d-4fb9-b2f9-97cad0580c23: no agents available; will retry on subsequent port and subnet creation events.
2026-07-02 01:35:35.667 9 INFO neutron.wsgi [req-2f76557f-fd7e-4d0b-9a8e-3432079f6864 req-6dc58a84-e236-4675-abc5-dfd662e00d2c cb9d12fbb82a47a4b1e3f1adda73c3a3 47d27497663a41d8a5a33abe0544b282 - - 62b7351bb5c4406387418e2d0899cb77 62b7351bb5c4406387418e2d0899cb77] 199.204.45.113 "GET /v2.0/networks?id=74539d7c-df8e-4d43-a86c-fc0be1abc932 HTTP/1.1" status: 200 len: 967 time: 0.0841012
2026-07-02 01:35:35.687 10 INFO neutron.plugins.ml2.drivers.ovn.mech_driver.mech_driver [None req-498414c1-69f1-43ec-aebf-26761072ab82 - - - - - -] OVN reports status up for port: 29ef759d-8627-441b-a117-0a3fc10c586b
2026-07-02 01:35:35.708 10 INFO neutron.plugins.ml2.plugin [None req-498414c1-69f1-43ec-aebf-26761072ab82 - - - - - -] Attempt 1 to provision port 29ef759d-8627-441b-a117-0a3fc10c586b
2026-07-02 01:35:35.726 9 INFO neutron.wsgi [req-2f76557f-fd7e-4d0b-9a8e-3432079f6864 req-d912c723-9786-43dd-affd-a9aa36c69f9a cb9d12fbb82a47a4b1e3f1adda73c3a3 47d27497663a41d8a5a33abe0544b282 - - 62b7351bb5c4406387418e2d0899cb77 62b7351bb5c4406387418e2d0899cb77] 199.204.45.113 "GET /v2.0/floatingips?fixed_ip_address=10.100.0.6&port_id=29ef759d-8627-441b-a117-0a3fc10c586b HTTP/1.1" status: 200 len: 217 time: 0.0405569
2026-07-02 01:35:35.761 10 INFO neutron.db.ovn_revision_numbers_db [None req-16099475-1e4c-40b1-bdf5-063f08730be9 0e320de7b15148be8f60c4867926f727 2beb464093234522b1465a96cfa156d9 - - default default] Successfully bumped revision number for resource b2d78a1f-0216-4c3c-9781-924c20bc11ed (type: ports) to 1
2026-07-02 01:35:35.783 9 INFO neutron.wsgi [req-2f76557f-fd7e-4d0b-9a8e-3432079f6864 req-4a6a325c-2d72-4e1b-89f6-281a3694ec99 cb9d12fbb82a47a4b1e3f1adda73c3a3 47d27497663a41d8a5a33abe0544b282 - - 62b7351bb5c4406387418e2d0899cb77 62b7351bb5c4406387418e2d0899cb77] 199.204.45.113 "GET /v2.0/subnets?id=e5452971-f186-4c9e-bc70-fc750bc44607 HTTP/1.1" status: 200 len: 862 time: 0.0503731
2026-07-02 01:35:35.787 10 INFO neutron.wsgi [None req-16099475-1e4c-40b1-bdf5-063f08730be9 0e320de7b15148be8f60c4867926f727 2beb464093234522b1465a96cfa156d9 - - default default] 10.0.0.67 "POST /v2.0/networks HTTP/1.1" status: 201 len: 852 time: 0.6227326
2026-07-02 01:35:35.822 9 INFO neutron.wsgi [req-2f76557f-fd7e-4d0b-9a8e-3432079f6864 req-6c3242e6-4ae4-4f34-8316-2e9ee6af667e cb9d12fbb82a47a4b1e3f1adda73c3a3 47d27497663a41d8a5a33abe0544b282 - - 62b7351bb5c4406387418e2d0899cb77 62b7351bb5c4406387418e2d0899cb77] 199.204.45.113 "GET /v2.0/ports?network_id=74539d7c-df8e-4d43-a86c-fc0be1abc932&device_owner=network%3Adhcp HTTP/1.1" status: 200 len: 210 time: 0.0294471
2026-07-02 01:35:35.860 10 INFO neutron.notifiers.nova [-] Nova event matching ['req-33954395-8b57-4e2b-84e1-8d1cd7442273'] response: {'server_uuid': 'a98ff210-edde-4e33-aff0-fea51c92e3d9', 'name': 'network-vif-plugged', 'status': 'completed', 'tag': '29ef759d-8627-441b-a117-0a3fc10c586b', 'code': 200}
2026-07-02 01:35:35.916 9 INFO neutron.wsgi [req-2f76557f-fd7e-4d0b-9a8e-3432079f6864 req-0c83deb6-832a-4ed0-8073-c99897107f7a cb9d12fbb82a47a4b1e3f1adda73c3a3 47d27497663a41d8a5a33abe0544b282 - - 62b7351bb5c4406387418e2d0899cb77 62b7351bb5c4406387418e2d0899cb77] 199.204.45.113 "GET /v2.0/networks/74539d7c-df8e-4d43-a86c-fc0be1abc932?fields=segments HTTP/1.1" status: 200 len: 212 time: 0.0789797
2026-07-02 01:35:35.976 9 INFO neutron.wsgi [None req-25efcc2a-645b-4e0d-a322-089a61f045b6 c3e159fc388047d2926d2ab6991c6583 bd0d1c018646460b833b4c906b471641 - - default default] 10.0.0.67 "DELETE /v2.0/security-groups/28af5fd2-b683-42a4-8133-879e422e2b11 HTTP/1.1" status: 204 len: 168 time: 0.3977742
2026-07-02 01:35:36.019 10 INFO neutron.db.ovn_revision_numbers_db [None req-498414c1-69f1-43ec-aebf-26761072ab82 - - - - - -] Successfully bumped revision number for resource 29ef759d-8627-441b-a117-0a3fc10c586b (type: ports) to 4
2026-07-02 01:35:36.034 9 INFO neutron.wsgi [req-2f76557f-fd7e-4d0b-9a8e-3432079f6864 req-fc719ade-491b-4a1e-b051-f792f2b131a2 cb9d12fbb82a47a4b1e3f1adda73c3a3 47d27497663a41d8a5a33abe0544b282 - - 62b7351bb5c4406387418e2d0899cb77 62b7351bb5c4406387418e2d0899cb77] 199.204.45.113 "GET /v2.0/networks/74539d7c-df8e-4d43-a86c-fc0be1abc932?fields=provider%3Aphysical_network&fields=provider%3Anetwork_type HTTP/1.1" status: 200 len: 277 time: 0.1091590
2026-07-02 01:35:36.095 10 INFO neutron.wsgi [req-075e4255-37bd-46b4-a493-ba9cae15d878 req-d0da46ed-e950-497e-866a-fd2c54622731 fdfbbc2f1b08474e9e896ebe6819266c 42aabc662a624bf8839181acb8111de2 - - default default] 10.0.0.230 "GET /v2.0/ports?device_id=a98ff210-edde-4e33-aff0-fea51c92e3d9 HTTP/1.1" status: 200 len: 1170 time: 0.0483685 /var/lib/openstack/lib/python3.10/site-packages/pycadf/identifier.py:71: UserWarning: Invalid uuid: neutron. To ensure interoperability, identifiers should be a valid uuid. warnings.warn(('Invalid uuid: %s. To ensure interoperability, '
2026-07-02 01:35:36.149 10 INFO neutron.wsgi [req-075e4255-37bd-46b4-a493-ba9cae15d878 req-13997eb0-8f80-4b81-a194-df9dfaf849cc fdfbbc2f1b08474e9e896ebe6819266c 42aabc662a624bf8839181acb8111de2 - - default default] 10.0.0.230 "GET /v2.0/security-groups?id=e00cee45-aaf4-4a97-87e6-16340f1d9d3d&fields=id&fields=name HTTP/1.1" status: 200 len: 312 time: 0.0486474
2026-07-02 01:35:36.222 9 INFO neutron.db.ovn_revision_numbers_db [None req-a8644c64-4fd3-4dbe-8773-1252c8057856 c3e159fc388047d2926d2ab6991c6583 bd0d1c018646460b833b4c906b471641 - - default default] Successfully bumped revision number for resource ca246774-3d94-43c7-afa5-5bd30d8b69b4 (type: security_groups) to 1
2026-07-02 01:35:36.236 9 INFO neutron.wsgi [-] 10.0.0.52 "GET / HTTP/1.1" status: 200 len: 247 time: 0.0055540
2026-07-02 01:35:36.238 10 INFO neutron.wsgi [-] 10.0.0.52 "GET / HTTP/1.1" status: 200 len: 247 time: 0.0028956
2026-07-02 01:35:36.247 9 INFO neutron.db.ovn_revision_numbers_db [None req-a8644c64-4fd3-4dbe-8773-1252c8057856 c3e159fc388047d2926d2ab6991c6583 bd0d1c018646460b833b4c906b471641 - - default default] Successfully bumped revision number for resource 3cbf171d-e196-4ef9-b018-5da7a527fb8c (type: security_group_rules) to 0
2026-07-02 01:35:36.262 9 INFO neutron.db.ovn_revision_numbers_db [None req-a8644c64-4fd3-4dbe-8773-1252c8057856 c3e159fc388047d2926d2ab6991c6583 bd0d1c018646460b833b4c906b471641 - - default default] Successfully bumped revision number for resource 5f232474-98be-4bae-bf7b-7ff1c2f2095d (type: security_group_rules) to 0
2026-07-02 01:35:36.278 9 INFO neutron.db.ovn_revision_numbers_db [None req-a8644c64-4fd3-4dbe-8773-1252c8057856 c3e159fc388047d2926d2ab6991c6583 bd0d1c018646460b833b4c906b471641 - - default default] Successfully bumped revision number for resource b810c452-6be1-43c0-a84d-01967e59bd0c (type: security_group_rules) to 0
2026-07-02 01:35:36.282 10 WARNING neutron_lib.context [None req-4e236bdd-53f7-4329-b522-247db040da13 0e320de7b15148be8f60c4867926f727 2beb464093234522b1465a96cfa156d9 - - default default] Method 'is_advsvc' is deprecated since 2023.2 release (neutron-lib 3.8.0) and will be removed once support for the old RBAC API policies will be removed from Neutron. Please use method 'is_service_role' instead.
2026-07-02 01:35:36.297 9 INFO neutron.db.ovn_revision_numbers_db [None req-a8644c64-4fd3-4dbe-8773-1252c8057856 c3e159fc388047d2926d2ab6991c6583 bd0d1c018646460b833b4c906b471641 - - default default] Successfully bumped revision number for resource bd9eb62e-6263-40fa-8338-37b68eeea5d9 (type: security_group_rules) to 0
2026-07-02 01:35:36.329 9 INFO neutron.wsgi [None req-a8644c64-4fd3-4dbe-8773-1252c8057856 c3e159fc388047d2926d2ab6991c6583 bd0d1c018646460b833b4c906b471641 - - default default] 10.0.0.67 "GET /v2.0/security-groups?tenant_id=5220a706d4394bec9ef6d6da8b6636fd&name=default HTTP/1.1" status: 200 len: 2996 time: 0.2106340
2026-07-02 01:35:36.342 10 WARNING neutron_lib.context [None req-4e236bdd-53f7-4329-b522-247db040da13 0e320de7b15148be8f60c4867926f727 2beb464093234522b1465a96cfa156d9 - - default default] Method 'is_advsvc' is deprecated since 2023.2 release (neutron-lib 3.8.0) and will be removed once support for the old RBAC API policies will be removed from Neutron. Please use method 'is_service_role' instead.
2026-07-02 01:35:36.688 10 INFO neutron.wsgi [None req-9be076e3-e0e7-4e3c-8128-c495fadf91d6 c3e159fc388047d2926d2ab6991c6583 bd0d1c018646460b833b4c906b471641 - - default default] 10.0.0.67 "DELETE /v2.0/security-groups/ca246774-3d94-43c7-afa5-5bd30d8b69b4 HTTP/1.1" status: 204 len: 168 time: 0.3531766
2026-07-02 01:35:36.835 10 WARNING neutron.scheduler.dhcp_agent_scheduler [None req-4e236bdd-53f7-4329-b522-247db040da13 0e320de7b15148be8f60c4867926f727 2beb464093234522b1465a96cfa156d9 - - default default] No more DHCP agents
2026-07-02 01:35:36.837 10 WARNING neutron.api.rpc.agentnotifiers.dhcp_rpc_agent_api [None req-4e236bdd-53f7-4329-b522-247db040da13 0e320de7b15148be8f60c4867926f727 2beb464093234522b1465a96cfa156d9 - - default default] Unable to schedule network 1eeff77f-9874-4d20-becf-9cf8618b8e0b: no agents available; will retry on subsequent port and subnet creation events.
2026-07-02 01:35:36.873 10 INFO neutron.db.ovn_revision_numbers_db [None req-4e236bdd-53f7-4329-b522-247db040da13 0e320de7b15148be8f60c4867926f727 2beb464093234522b1465a96cfa156d9 - - default default] Successfully bumped revision number for resource ab3a5082-c3ef-450f-a2d1-6f5a9ddef65a (type: subnets) to 0
2026-07-02 01:35:36.897 10 WARNING neutron.scheduler.dhcp_agent_scheduler [None req-4e236bdd-53f7-4329-b522-247db040da13 0e320de7b15148be8f60c4867926f727 2beb464093234522b1465a96cfa156d9 - - default default] No more DHCP agents
2026-07-02 01:35:36.901 10 WARNING neutron.api.rpc.agentnotifiers.dhcp_rpc_agent_api [None req-4e236bdd-53f7-4329-b522-247db040da13 0e320de7b15148be8f60c4867926f727 2beb464093234522b1465a96cfa156d9 - - default default] Unable to schedule network c6c8acf8-0b9d-4fb9-b2f9-97cad0580c23: no agents available; will retry on subsequent port and subnet creation events.
2026-07-02 01:35:36.933 10 INFO neutron.db.ovn_revision_numbers_db [None req-4e236bdd-53f7-4329-b522-247db040da13 0e320de7b15148be8f60c4867926f727 2beb464093234522b1465a96cfa156d9 - - default default] Successfully bumped revision number for resource 4ce1b558-0b05-4383-9dcc-ae42256630de (type: subnets) to 0
2026-07-02 01:35:36.950 10 INFO neutron.wsgi [None req-4e236bdd-53f7-4329-b522-247db040da13 0e320de7b15148be8f60c4867926f727 2beb464093234522b1465a96cfa156d9 - - default default] 10.0.0.67 "POST /v2.0/subnets HTTP/1.1" status: 201 len: 1476 time: 0.6760628
2026-07-02 01:35:37.009 10 INFO neutron.wsgi [None req-fc4e939a-8ab0-496f-83a6-886c6ce7bedb 0e320de7b15148be8f60c4867926f727 2beb464093234522b1465a96cfa156d9 - - default default] 10.0.0.67 "GET /v2.0/subnets HTTP/1.1" status: 200 len: 2084 time: 0.0539722
2026-07-02 01:35:37.254 10 INFO neutron.wsgi [None req-c96c8fab-afd6-4088-96cf-063cc9d49ad4 0e320de7b15148be8f60c4867926f727 2beb464093234522b1465a96cfa156d9 - - default default] 10.0.0.67 "DELETE /v2.0/subnets/ab3a5082-c3ef-450f-a2d1-6f5a9ddef65a HTTP/1.1" status: 204 len: 168 time: 0.2276602
2026-07-02 01:35:37.285 9 INFO neutron.wsgi [req-cd3d6a7b-40f4-4c89-b66e-30afbc8aba8f req-33195210-d849-48a2-aa07-d36e79adcfef fdfbbc2f1b08474e9e896ebe6819266c 42aabc662a624bf8839181acb8111de2 - - default default] 10.0.0.230 "GET /v2.0/ports?device_id=a98ff210-edde-4e33-aff0-fea51c92e3d9 HTTP/1.1" status: 200 len: 1170 time: 0.0506086
2026-07-02 01:35:37.373 9 INFO neutron.wsgi [req-cd3d6a7b-40f4-4c89-b66e-30afbc8aba8f req-86ab0920-4567-4f57-8f75-911f291a159d fdfbbc2f1b08474e9e896ebe6819266c 42aabc662a624bf8839181acb8111de2 - - default default] 10.0.0.230 "GET /v2.0/security-groups?id=e00cee45-aaf4-4a97-87e6-16340f1d9d3d&fields=id&fields=name HTTP/1.1" status: 200 len: 312 time: 0.0733960
2026-07-02 01:35:37.518 9 INFO neutron.wsgi [None req-a76ba3f6-d94e-44a3-86b8-1572da76080e 0e320de7b15148be8f60c4867926f727 2beb464093234522b1465a96cfa156d9 - - default default] 10.0.0.67 "DELETE /v2.0/subnets/4ce1b558-0b05-4383-9dcc-ae42256630de HTTP/1.1" status: 204 len: 168 time: 0.2582710
2026-07-02 01:35:37.552 10 INFO neutron.wsgi [req-bcdf68d5-cf79-403d-950c-3c5c950676c8 req-f4f1c5bd-ecc2-430c-8d4d-faa36f34a93a fdfbbc2f1b08474e9e896ebe6819266c 42aabc662a624bf8839181acb8111de2 - - default default] 10.0.0.230 "GET /v2.0/ports?device_id=a98ff210-edde-4e33-aff0-fea51c92e3d9 HTTP/1.1" status: 200 len: 1170 time: 0.0933418
2026-07-02 01:35:37.594 9 INFO neutron.wsgi [None req-f3ce9a92-4817-4985-bde5-83076e817287 0e320de7b15148be8f60c4867926f727 2beb464093234522b1465a96cfa156d9 - - default default] 10.0.0.67 "GET /v2.0/subnets HTTP/1.1" status: 200 len: 820 time: 0.0712016
2026-07-02 01:35:37.891 9 INFO neutron.db.l3_db [None req-fd1b38b4-45fa-441b-b699-20362d349a32 fdfbbc2f1b08474e9e896ebe6819266c 42aabc662a624bf8839181acb8111de2 - - default default] Floating IP 15281139-6083-442e-a1a4-7007e672c5e7 associated. External IP: 10.96.250.203, port: 29ef759d-8627-441b-a117-0a3fc10c586b.
2026-07-02 01:35:37.909 10 INFO neutron.notifiers.nova [-] Nova event matching ['req-31c95399-f5c1-444f-8262-8caacbd1f05c'] response: {'server_uuid': 'a98ff210-edde-4e33-aff0-fea51c92e3d9', 'name': 'network-vif-plugged', 'status': 'completed', 'tag': '29ef759d-8627-441b-a117-0a3fc10c586b', 'code': 200}
2026-07-02 01:35:38.155 9 INFO neutron.services.segments.plugin [-] Segment 6bb20def-66ec-40e6-836c-58573a0ba6b7 resource provider aggregate not found
2026-07-02 01:35:38.166 9 INFO neutron.services.segments.plugin [-] Segment 6bb20def-66ec-40e6-836c-58573a0ba6b7 resource provider aggregate not found
2026-07-02 01:35:38.194 9 INFO neutron.services.segments.plugin [-] Segment 6bb20def-66ec-40e6-836c-58573a0ba6b7 resource provider not found; error: Placement Client Error (4xx): {"errors": [{"status": 404, "title": "Not Found", "detail": "The resource could not be found.\n\n No resource provider with uuid 6bb20def-66ec-40e6-836c-58573a0ba6b7 found for delete ", "request_id": "req-4c26cac5-90f4-4a97-8669-763f0a650822"}]}
2026-07-02 01:35:38.195 9 INFO neutron.services.segments.plugin [-] Segment 6bb20def-66ec-40e6-836c-58573a0ba6b7 resource provider not found; error: Placement Client Error (4xx): {"errors": [{"status": 404, "title": "Not Found", "detail": "The resource could not be found.\n\n No resource provider with uuid 6bb20def-66ec-40e6-836c-58573a0ba6b7 found for delete ", "request_id": "req-beb04bd9-dc35-412c-b367-e34f5602b2b2"}]}
2026-07-02 01:35:38.225 9 INFO neutron.wsgi [None req-61fca080-1d3b-4c0c-b245-28cba316e434 0e320de7b15148be8f60c4867926f727 2beb464093234522b1465a96cfa156d9 - - default default] 10.0.0.67 "DELETE /v2.0/networks/c6c8acf8-0b9d-4fb9-b2f9-97cad0580c23 HTTP/1.1" status: 204 len: 168 time: 0.6064568
2026-07-02 01:35:38.236 9 INFO neutron.db.ovn_revision_numbers_db [None req-fd1b38b4-45fa-441b-b699-20362d349a32 fdfbbc2f1b08474e9e896ebe6819266c 42aabc662a624bf8839181acb8111de2 - - default default] Successfully bumped revision number for resource 15281139-6083-442e-a1a4-7007e672c5e7 (type: floatingips) to 1
2026-07-02 01:35:38.380 9 INFO neutron.db.ovn_revision_numbers_db [None req-fd1b38b4-45fa-441b-b699-20362d349a32 fdfbbc2f1b08474e9e896ebe6819266c 42aabc662a624bf8839181acb8111de2 - - default default] Successfully bumped revision number for resource 15281139-6083-442e-a1a4-7007e672c5e7 (type: floatingips) to 2
2026-07-02 01:35:38.405 9 INFO neutron.wsgi [None req-fd1b38b4-45fa-441b-b699-20362d349a32 fdfbbc2f1b08474e9e896ebe6819266c 42aabc662a624bf8839181acb8111de2 - - default default] 10.0.0.67 "PUT /v2.0/floatingips/15281139-6083-442e-a1a4-7007e672c5e7 HTTP/1.1" status: 200 len: 1049 time: 0.8403637
2026-07-02 01:35:38.453 9 INFO neutron.notifiers.nova [-] Nova event matching ['req-a3f65174-5ced-44c6-a3ac-ef8696735f9d'] response: {'name': 'network-changed', 'server_uuid': 'a98ff210-edde-4e33-aff0-fea51c92e3d9', 'tag': '29ef759d-8627-441b-a117-0a3fc10c586b', 'status': 'completed', 'code': 200} /var/lib/openstack/lib/python3.10/site-packages/pycadf/identifier.py:71: UserWarning: Invalid uuid: neutron. To ensure interoperability, identifiers should be a valid uuid. warnings.warn(('Invalid uuid: %s. To ensure interoperability, '
