2026-05-07 14:32:42.500 8 INFO neutron.services.segments.plugin [-] Segment 411b624e-3b1d-44c5-8956-b463d0b2ace4 resource provider not found; error: Placement Client Error (4xx): {"errors": [{"status": 404, "title": "Not Found", "detail": "The resource could not be found.\n\n No resource provider with uuid 411b624e-3b1d-44c5-8956-b463d0b2ace4 found for delete ", "request_id": "req-dc3511a8-4e48-45ab-9540-066a3b8f0107"}]} [pid: 8|app: 0|req: 898/1759] 10.0.0.184 () {32 vars in 726 bytes} [Thu May 7 14:32:42 2026] DELETE /v2.0/networks/140da36e-3c67-4912-89cb-1a34e00c6cd4 => generated 0 bytes in 354 msecs (HTTP/1.1 204) 3 headers in 131 bytes (1 switches on core 0)
2026-05-07 14:32:42.636 7 INFO neutron_taas.services.taas.taas_plugin [None req-5e7adf36-0d7f-48ea-9857-b99b5c2e96a2 986f8e42bf3646028ec82fcf402dcfa6 3d24dbbefbda4181b58a0ff5e4a18823 - - default default] TaaS: Handle Delete Port: 613e4574-e9b7-479e-8877-3a8e65f6562a
2026-05-07 14:32:42.639 7 INFO neutron_taas.services.taas.tap_mirror_plugin [None req-5e7adf36-0d7f-48ea-9857-b99b5c2e96a2 986f8e42bf3646028ec82fcf402dcfa6 3d24dbbefbda4181b58a0ff5e4a18823 - - default default] Tap Mirror: Handle Delete Port: 613e4574-e9b7-479e-8877-3a8e65f6562a
2026-05-07 14:32:42.717 8 WARNING neutron.db.securitygroups_db [None req-526aee30-56c2-4a82-ad22-b9d29ead6fe4 1c3e2505403f4947870444a37bb21639 a5fe58fe1bba4075828081bc80854baa - - default default] project_id key not found in filters, using tenant_id instead. This support has been deprecated and will be removed in a future release. [pid: 7|app: 0|req: 862/1760] 10.0.0.184 () {32 vars in 726 bytes} [Thu May 7 14:32:42 2026] DELETE /v2.0/networks/86983bdb-e9cd-415d-aeb7-e71003eded1d => generated 0 bytes in 351 msecs (HTTP/1.1 204) 3 headers in 131 bytes (1 switches on core 0)
2026-05-07 14:32:42.861 8 INFO neutron.db.ovn_revision_numbers_db [None req-526aee30-56c2-4a82-ad22-b9d29ead6fe4 1c3e2505403f4947870444a37bb21639 a5fe58fe1bba4075828081bc80854baa - - default default] Successfully bumped revision number for resource c803896f-83f2-4263-a787-4172d8672427 (type: security_groups) to 1
2026-05-07 14:32:42.887 8 INFO neutron.db.ovn_revision_numbers_db [None req-526aee30-56c2-4a82-ad22-b9d29ead6fe4 1c3e2505403f4947870444a37bb21639 a5fe58fe1bba4075828081bc80854baa - - default default] Successfully bumped revision number for resource 18a8391b-052c-4c51-a5af-1589c0cc8e54 (type: security_group_rules) to 0
2026-05-07 14:32:42.898 8 INFO neutron.db.ovn_revision_numbers_db [None req-526aee30-56c2-4a82-ad22-b9d29ead6fe4 1c3e2505403f4947870444a37bb21639 a5fe58fe1bba4075828081bc80854baa - - default default] Successfully bumped revision number for resource 3960de96-cfef-4328-b2ca-7db967c142fd (type: security_group_rules) to 0
2026-05-07 14:32:42.910 8 INFO neutron.db.ovn_revision_numbers_db [None req-526aee30-56c2-4a82-ad22-b9d29ead6fe4 1c3e2505403f4947870444a37bb21639 a5fe58fe1bba4075828081bc80854baa - - default default] Successfully bumped revision number for resource 4c733433-685a-4ee4-98b8-8021399f36d1 (type: security_group_rules) to 0
2026-05-07 14:32:42.924 8 INFO neutron.db.ovn_revision_numbers_db [None req-526aee30-56c2-4a82-ad22-b9d29ead6fe4 1c3e2505403f4947870444a37bb21639 a5fe58fe1bba4075828081bc80854baa - - default default] Successfully bumped revision number for resource f11d63a0-b7e7-4e8d-9c49-c1511c9b66d6 (type: security_group_rules) to 0 [pid: 8|app: 0|req: 899/1761] 10.0.0.184 () {32 vars in 774 bytes} [Thu May 7 14:32:42 2026] GET /v2.0/security-groups?tenant_id=25c45a94f8b14acb9e99e53e6648951a&name=default => generated 2925 bytes in 348 msecs (HTTP/1.1 200) 4 headers in 158 bytes (1 switches on core 0)
2026-05-07 14:32:42.982 7 INFO neutron_taas.services.taas.taas_plugin [None req-93a5e947-2f65-48ac-a67a-1dbb509d48a6 986f8e42bf3646028ec82fcf402dcfa6 3d24dbbefbda4181b58a0ff5e4a18823 - - default default] TaaS: Handle Delete Port: dda6671b-7eba-4f4c-98c9-01fccd66ea81
2026-05-07 14:32:42.984 7 INFO neutron_taas.services.taas.tap_mirror_plugin [None req-93a5e947-2f65-48ac-a67a-1dbb509d48a6 986f8e42bf3646028ec82fcf402dcfa6 3d24dbbefbda4181b58a0ff5e4a18823 - - default default] Tap Mirror: Handle Delete Port: dda6671b-7eba-4f4c-98c9-01fccd66ea81 [pid: 8|app: 0|req: 900/1762] 10.0.0.184 () {32 vars in 740 bytes} [Thu May 7 14:32:42 2026] DELETE /v2.0/security-groups/c803896f-83f2-4263-a787-4172d8672427 => generated 0 bytes in 176 msecs (HTTP/1.1 204) 2 headers in 112 bytes (1 switches on core 0) [pid: 7|app: 0|req: 863/1763] 10.0.0.184 () {32 vars in 726 bytes} [Thu May 7 14:32:42 2026] DELETE /v2.0/networks/65e83d99-716d-4697-913e-0ec70dffc79c => generated 0 bytes in 340 msecs (HTTP/1.1 204) 3 headers in 131 bytes (1 switches on core 0) [pid: 8|app: 0|req: 901/1764] 10.0.0.1 () {34 vars in 988 bytes} [Thu May 7 14:32:43 2026] GET /v2.0/ports?device_id=f51109e9-2d5d-40b2-8029-3a29d8315a0b => generated 973 bytes in 84 msecs (HTTP/1.1 200) 4 headers in 157 bytes (1 switches on core 0) [pid: 7|app: 0|req: 864/1765] 10.0.0.1 () {34 vars in 1038 bytes} [Thu May 7 14:32:43 2026] GET /v2.0/security-groups?id=370b3fe9-cfd5-48ea-b5d1-9430890b8880&fields=id&fields=name => generated 114 bytes in 29 msecs (HTTP/1.1 200) 4 headers in 157 bytes (1 switches on core 0)
2026-05-07 14:32:43.753 8 WARNING neutron.db.securitygroups_db [None req-05b90b84-e639-431d-9fd3-b48699b058cd 1c3e2505403f4947870444a37bb21639 a5fe58fe1bba4075828081bc80854baa - - default default] project_id key not found in filters, using tenant_id instead. This support has been deprecated and will be removed in a future release. [pid: 8|app: 0|req: 902/1766] 10.0.0.184 () {32 vars in 774 bytes} [Thu May 7 14:32:43 2026] GET /v2.0/security-groups?tenant_id=3d24dbbefbda4181b58a0ff5e4a18823&name=default => generated 2925 bytes in 118 msecs (HTTP/1.1 200) 4 headers in 158 bytes (1 switches on core 0) [pid: 7|app: 0|req: 865/1767] 10.0.0.184 () {32 vars in 740 bytes} [Thu May 7 14:32:43 2026] DELETE /v2.0/security-groups/b838fcd5-f5e6-4132-a6f4-d4704ad4dafe => generated 0 bytes in 166 msecs (HTTP/1.1 204) 2 headers in 112 bytes (1 switches on core 0)
2026-05-07 14:32:44.154 7 INFO neutron.plugins.ml2.drivers.ovn.mech_driver.mech_driver [None req-d781ca19-9b37-4424-9b57-e7ed3c55b95f - - - - - -] OVN reports status up for port: 9cb37cae-fc5c-43e7-a2ca-d567aa9138a0
2026-05-07 14:32:44.160 7 INFO neutron.services.segments.plugin [-] Segment 8bafc602-3970-4972-90fc-eeec6b7c3e7d resource provider aggregate not found
2026-05-07 14:32:44.170 7 INFO neutron.services.segments.plugin [-] Segment 8bafc602-3970-4972-90fc-eeec6b7c3e7d resource provider aggregate not found
2026-05-07 14:32:44.182 7 INFO neutron.plugins.ml2.plugin [None req-d781ca19-9b37-4424-9b57-e7ed3c55b95f - - - - - -] Attempt 1 to provision port 9cb37cae-fc5c-43e7-a2ca-d567aa9138a0
2026-05-07 14:32:44.196 7 INFO neutron.services.segments.plugin [-] Segment 8bafc602-3970-4972-90fc-eeec6b7c3e7d resource provider not found; error: Placement Client Error (4xx): {"errors": [{"status": 404, "title": "Not Found", "detail": "The resource could not be found.\n\n No resource provider with uuid 8bafc602-3970-4972-90fc-eeec6b7c3e7d found for delete ", "request_id": "req-90919f31-d847-4b11-95b1-e89595e266f4"}]}
2026-05-07 14:32:44.212 7 INFO neutron.services.segments.plugin [-] Segment 8bafc602-3970-4972-90fc-eeec6b7c3e7d resource provider not found; error: Placement Client Error (4xx): {"errors": [{"status": 404, "title": "Not Found", "detail": "The resource could not be found.\n\n No resource provider with uuid 8bafc602-3970-4972-90fc-eeec6b7c3e7d found for delete ", "request_id": "req-f8c3c821-506b-4a9e-9e0e-077d256ea8cd"}]}
2026-05-07 14:32:44.228 7 INFO neutron.services.segments.plugin [-] Segment b4c097e7-af62-4e84-b88b-5cc7ae432c7a resource provider aggregate not found
2026-05-07 14:32:44.231 7 INFO neutron.services.segments.plugin [-] Segment b4c097e7-af62-4e84-b88b-5cc7ae432c7a resource provider aggregate not found
2026-05-07 14:32:44.243 7 INFO neutron.services.segments.plugin [-] Segment b4c097e7-af62-4e84-b88b-5cc7ae432c7a resource provider not found; error: Placement Client Error (4xx): {"errors": [{"status": 404, "title": "Not Found", "detail": "The resource could not be found.\n\n No resource provider with uuid b4c097e7-af62-4e84-b88b-5cc7ae432c7a found for delete ", "request_id": "req-08c5ad2f-806e-45fc-8235-c251a59ca826"}]}
2026-05-07 14:32:44.257 7 INFO neutron.services.segments.plugin [-] Segment b4c097e7-af62-4e84-b88b-5cc7ae432c7a resource provider not found; error: Placement Client Error (4xx): {"errors": [{"status": 404, "title": "Not Found", "detail": "The resource could not be found.\n\n No resource provider with uuid b4c097e7-af62-4e84-b88b-5cc7ae432c7a found for delete ", "request_id": "req-573d36d7-dd52-44e9-8b1e-dbfdadf9314b"}]}
2026-05-07 14:32:44.347 7 INFO neutron.notifiers.nova [-] Nova event matching ['req-c0e9c4d6-7949-45c7-8239-0628f9858f68'] response: {'server_uuid': 'f51109e9-2d5d-40b2-8029-3a29d8315a0b', 'name': 'network-vif-plugged', 'status': 'completed', 'tag': '9cb37cae-fc5c-43e7-a2ca-d567aa9138a0', 'code': 200}
2026-05-07 14:32:44.481 7 INFO neutron.db.ovn_revision_numbers_db [None req-d781ca19-9b37-4424-9b57-e7ed3c55b95f - - - - - -] Successfully bumped revision number for resource 9cb37cae-fc5c-43e7-a2ca-d567aa9138a0 (type: ports) to 5 /var/lib/openstack/lib/python3.12/site-packages/pycadf/identifier.py:70: UserWarning: Invalid uuid: neutron. To ensure interoperability, identifiers should be a valid uuid. warnings.warn(('Invalid uuid: %s. To ensure interoperability, '
2026-05-07 14:32:44.605 8 WARNING neutron.db.securitygroups_db [None req-76479c2d-f1c0-4698-af8b-cacb3765ea2f 1c3e2505403f4947870444a37bb21639 a5fe58fe1bba4075828081bc80854baa - - default default] project_id key not found in filters, using tenant_id instead. This support has been deprecated and will be removed in a future release. [pid: 7|app: 0|req: 866/1768] 10.0.0.1 () {34 vars in 988 bytes} [Thu May 7 14:32:44 2026] GET /v2.0/ports?device_id=f51109e9-2d5d-40b2-8029-3a29d8315a0b => generated 975 bytes in 86 msecs (HTTP/1.1 200) 4 headers in 157 bytes (1 switches on core 0) [pid: 7|app: 0|req: 867/1769] 10.0.0.1 () {34 vars in 1038 bytes} [Thu May 7 14:32:44 2026] GET /v2.0/security-groups?id=370b3fe9-cfd5-48ea-b5d1-9430890b8880&fields=id&fields=name => generated 114 bytes in 35 msecs (HTTP/1.1 200) 4 headers in 157 bytes (1 switches on core 0)
2026-05-07 14:32:44.732 8 INFO neutron.db.ovn_revision_numbers_db [None req-76479c2d-f1c0-4698-af8b-cacb3765ea2f 1c3e2505403f4947870444a37bb21639 a5fe58fe1bba4075828081bc80854baa - - default default] Successfully bumped revision number for resource 84442cd7-f1af-438c-9d4f-4639ead2db96 (type: security_groups) to 1
2026-05-07 14:32:44.743 8 INFO neutron.db.ovn_revision_numbers_db [None req-76479c2d-f1c0-4698-af8b-cacb3765ea2f 1c3e2505403f4947870444a37bb21639 a5fe58fe1bba4075828081bc80854baa - - default default] Successfully bumped revision number for resource 04c64eda-2765-40d6-bcee-c62420261a63 (type: security_group_rules) to 0
2026-05-07 14:32:44.760 8 INFO neutron.db.ovn_revision_numbers_db [None req-76479c2d-f1c0-4698-af8b-cacb3765ea2f 1c3e2505403f4947870444a37bb21639 a5fe58fe1bba4075828081bc80854baa - - default default] Successfully bumped revision number for resource 3e665400-fbd8-41e8-beef-9dffef37b2c0 (type: security_group_rules) to 0
2026-05-07 14:32:44.778 8 INFO neutron.db.ovn_revision_numbers_db [None req-76479c2d-f1c0-4698-af8b-cacb3765ea2f 1c3e2505403f4947870444a37bb21639 a5fe58fe1bba4075828081bc80854baa - - default default] Successfully bumped revision number for resource 81005648-656e-4144-ac64-ea5975cc62f3 (type: security_group_rules) to 0
2026-05-07 14:32:44.804 8 INFO neutron.db.ovn_revision_numbers_db [None req-76479c2d-f1c0-4698-af8b-cacb3765ea2f 1c3e2505403f4947870444a37bb21639 a5fe58fe1bba4075828081bc80854baa - - default default] Successfully bumped revision number for resource f1c10b94-33e5-4915-9634-6ce725287e2d (type: security_group_rules) to 0 [pid: 8|app: 0|req: 903/1770] 10.0.0.184 () {32 vars in 774 bytes} [Thu May 7 14:32:44 2026] GET /v2.0/security-groups?tenant_id=282728d11460435daaaa7c1737021dbc&name=default => generated 2925 bytes in 463 msecs (HTTP/1.1 200) 4 headers in 158 bytes (1 switches on core 0) [pid: 7|app: 0|req: 868/1771] 10.0.0.184 () {32 vars in 740 bytes} [Thu May 7 14:32:44 2026] DELETE /v2.0/security-groups/84442cd7-f1af-438c-9d4f-4639ead2db96 => generated 0 bytes in 188 msecs (HTTP/1.1 204) 2 headers in 112 bytes (1 switches on core 0) [pid: 8|app: 0|req: 904/1772] 10.0.0.1 () {34 vars in 988 bytes} [Thu May 7 14:32:45 2026] GET /v2.0/ports?device_id=f51109e9-2d5d-40b2-8029-3a29d8315a0b => generated 975 bytes in 36 msecs (HTTP/1.1 200) 4 headers in 157 bytes (1 switches on core 0) [pid: 7|app: 0|req: 869/1773] 10.0.0.1 () {34 vars in 1038 bytes} [Thu May 7 14:32:45 2026] GET /v2.0/security-groups?id=370b3fe9-cfd5-48ea-b5d1-9430890b8880&fields=id&fields=name => generated 114 bytes in 31 msecs (HTTP/1.1 200) 4 headers in 157 bytes (1 switches on core 0)
2026-05-07 14:32:46.254 8 INFO neutron.db.ovn_revision_numbers_db [None req-a22d7761-5a0d-41a2-b357-95607e31d0b4 0504aa06e6394d6ab497545e71ebd9b6 cdf5112ffd134753b1edfadbfc688478 - - default default] Successfully bumped revision number for resource 31979914-932a-4761-bf0d-e50719d2d70a (type: security_groups) to 1
2026-05-07 14:32:46.269 8 INFO neutron.db.ovn_revision_numbers_db [None req-a22d7761-5a0d-41a2-b357-95607e31d0b4 0504aa06e6394d6ab497545e71ebd9b6 cdf5112ffd134753b1edfadbfc688478 - - default default] Successfully bumped revision number for resource 0a78df5f-9b0f-4e74-8994-b0f6297efb37 (type: security_group_rules) to 0
2026-05-07 14:32:46.288 8 INFO neutron.db.ovn_revision_numbers_db [None req-a22d7761-5a0d-41a2-b357-95607e31d0b4 0504aa06e6394d6ab497545e71ebd9b6 cdf5112ffd134753b1edfadbfc688478 - - default default] Successfully bumped revision number for resource 0e7b9153-cd12-4c71-9b42-29a117d3de88 (type: security_group_rules) to 0
2026-05-07 14:32:46.302 8 INFO neutron.db.ovn_revision_numbers_db [None req-a22d7761-5a0d-41a2-b357-95607e31d0b4 0504aa06e6394d6ab497545e71ebd9b6 cdf5112ffd134753b1edfadbfc688478 - - default default] Successfully bumped revision number for resource 5a3f6ada-59ec-4996-a0ee-800d9da33b1e (type: security_group_rules) to 0
2026-05-07 14:32:46.314 8 INFO neutron.db.ovn_revision_numbers_db [None req-a22d7761-5a0d-41a2-b357-95607e31d0b4 0504aa06e6394d6ab497545e71ebd9b6 cdf5112ffd134753b1edfadbfc688478 - - default default] Successfully bumped revision number for resource fa20ab81-0a72-4e36-9f1f-d27ddfc57c94 (type: security_group_rules) to 0 [pid: 7|app: 0|req: 870/1774] 10.0.0.130 () {32 vars in 802 bytes} [Thu May 7 14:32:46 2026] GET /v2.0/extensions => generated 21706 bytes in 54 msecs (HTTP/1.1 200) 4 headers in 159 bytes (1 switches on core 0)
2026-05-07 14:32:46.395 7 INFO neutron.notifiers.nova [-] Nova event matching ['req-81dff5f7-2e01-4ac2-bd70-c7558f6070b4'] response: {'server_uuid': 'f51109e9-2d5d-40b2-8029-3a29d8315a0b', 'name': 'network-vif-plugged', 'status': 'completed', 'tag': '9cb37cae-fc5c-43e7-a2ca-d567aa9138a0', 'code': 200}
2026-05-07 14:32:46.397 8 INFO neutron.db.segments_db [None req-a22d7761-5a0d-41a2-b357-95607e31d0b4 0504aa06e6394d6ab497545e71ebd9b6 cdf5112ffd134753b1edfadbfc688478 - - default default] Added segment 9c47dda8-a952-4ad1-966c-f6efa14fd080 of type geneve for network 49eb438b-fe22-48d4-b1d7-6e737fbce3a5
2026-05-07 14:32:46.525 8 INFO neutron.db.ovn_revision_numbers_db [None req-a22d7761-5a0d-41a2-b357-95607e31d0b4 0504aa06e6394d6ab497545e71ebd9b6 cdf5112ffd134753b1edfadbfc688478 - - default default] Successfully bumped revision number for resource 49eb438b-fe22-48d4-b1d7-6e737fbce3a5 (type: networks) to 1 [pid: 7|app: 0|req: 871/1775] 10.0.0.130 () {32 vars in 863 bytes} [Thu May 7 14:32:46 2026] GET /v2.0/quotas/d7357d3de94c40cdb82b54b9c1487c1a/details => generated 847 bytes in 127 msecs (HTTP/1.1 200) 4 headers in 157 bytes (1 switches on core 0)
2026-05-07 14:32:46.692 8 WARNING neutron.scheduler.dhcp_agent_scheduler [None req-a22d7761-5a0d-41a2-b357-95607e31d0b4 0504aa06e6394d6ab497545e71ebd9b6 cdf5112ffd134753b1edfadbfc688478 - - default default] No more DHCP agents
2026-05-07 14:32:46.694 8 WARNING neutron.api.rpc.agentnotifiers.dhcp_rpc_agent_api [None req-a22d7761-5a0d-41a2-b357-95607e31d0b4 0504aa06e6394d6ab497545e71ebd9b6 cdf5112ffd134753b1edfadbfc688478 - - default default] Unable to schedule network 49eb438b-fe22-48d4-b1d7-6e737fbce3a5: no agents available; will retry on subsequent port and subnet creation events.
2026-05-07 14:32:46.765 8 INFO neutron.plugins.ml2.drivers.ovn.mech_driver.mech_driver [None req-bbb5e2db-6001-45bb-a4a8-b6ab5ab2be3d - - - - - -] OVN reports status down for port: fc86b2a7-f232-4a6e-80cb-ad76eefb7bb7
2026-05-07 14:32:46.829 8 INFO neutron.db.ovn_revision_numbers_db [None req-a22d7761-5a0d-41a2-b357-95607e31d0b4 0504aa06e6394d6ab497545e71ebd9b6 cdf5112ffd134753b1edfadbfc688478 - - default default] Successfully bumped revision number for resource fc86b2a7-f232-4a6e-80cb-ad76eefb7bb7 (type: ports) to 1 [pid: 8|app: 0|req: 905/1776] 10.0.0.184 () {34 vars in 670 bytes} [Thu May 7 14:32:45 2026] POST /v2.0/networks => generated 683 bytes in 1033 msecs (HTTP/1.1 201) 4 headers in 162 bytes (1 switches on core 0)
2026-05-07 14:32:47.051 7 INFO neutron.db.ovn_revision_numbers_db [None req-6775d359-0b9e-47ad-8220-8f538b91bf90 1c3e2505403f4947870444a37bb21639 a5fe58fe1bba4075828081bc80854baa - - default default] Successfully bumped revision number for resource 10312856-812a-47fc-bc8e-850a8a2cfff5 (type: security_groups) to 1
2026-05-07 14:32:47.063 7 INFO neutron.db.ovn_revision_numbers_db [None req-6775d359-0b9e-47ad-8220-8f538b91bf90 1c3e2505403f4947870444a37bb21639 a5fe58fe1bba4075828081bc80854baa - - default default] Successfully bumped revision number for resource 81ecbf8b-1a15-4697-92b4-950f1082fcb4 (type: security_group_rules) to 0
2026-05-07 14:32:47.076 7 INFO neutron.db.ovn_revision_numbers_db [None req-6775d359-0b9e-47ad-8220-8f538b91bf90 1c3e2505403f4947870444a37bb21639 a5fe58fe1bba4075828081bc80854baa - - default default] Successfully bumped revision number for resource ae918f1f-55e2-43fc-95ef-863d0a70d466 (type: security_group_rules) to 0
2026-05-07 14:32:47.087 7 INFO neutron.db.ovn_revision_numbers_db [None req-6775d359-0b9e-47ad-8220-8f538b91bf90 1c3e2505403f4947870444a37bb21639 a5fe58fe1bba4075828081bc80854baa - - default default] Successfully bumped revision number for resource c71fb97f-6587-4488-8a8e-f1a8c90a09f2 (type: security_group_rules) to 0
2026-05-07 14:32:47.099 7 INFO neutron.db.ovn_revision_numbers_db [None req-6775d359-0b9e-47ad-8220-8f538b91bf90 1c3e2505403f4947870444a37bb21639 a5fe58fe1bba4075828081bc80854baa - - default default] Successfully bumped revision number for resource fed2d20f-f499-481f-a83a-624cf6baa2d2 (type: security_group_rules) to 0
2026-05-07 14:32:47.149 8 WARNING neutron.scheduler.dhcp_agent_scheduler [None req-b4dba74e-008e-4d83-a5df-48c0d151b448 0504aa06e6394d6ab497545e71ebd9b6 cdf5112ffd134753b1edfadbfc688478 - - default default] No more DHCP agents
2026-05-07 14:32:47.151 8 WARNING neutron.api.rpc.agentnotifiers.dhcp_rpc_agent_api [None req-b4dba74e-008e-4d83-a5df-48c0d151b448 0504aa06e6394d6ab497545e71ebd9b6 cdf5112ffd134753b1edfadbfc688478 - - default default] Unable to schedule network 49eb438b-fe22-48d4-b1d7-6e737fbce3a5: no agents available; will retry on subsequent port and subnet creation events.
2026-05-07 14:32:47.180 7 INFO neutron.db.segments_db [None req-6775d359-0b9e-47ad-8220-8f538b91bf90 1c3e2505403f4947870444a37bb21639 a5fe58fe1bba4075828081bc80854baa - - default default] Added segment cb5df6f3-06e2-4072-9ee5-dfcf018df323 of type geneve for network 1f76647a-e3bb-4ed6-bd4f-34c58691c260
2026-05-07 14:32:47.217 7 INFO neutron.plugins.ml2.drivers.ovn.mech_driver.mech_driver [None req-a41d9e24-729e-4258-8536-a81411e1aa2c - - - - - -] OVN reports status down for port: 94eabd20-c26c-42d0-ad6a-18ce4e654664
2026-05-07 14:32:47.256 8 INFO neutron.db.ovn_revision_numbers_db [None req-b4dba74e-008e-4d83-a5df-48c0d151b448 0504aa06e6394d6ab497545e71ebd9b6 cdf5112ffd134753b1edfadbfc688478 - - default default] Successfully bumped revision number for resource 94eabd20-c26c-42d0-ad6a-18ce4e654664 (type: ports) to 1 [pid: 8|app: 0|req: 906/1777] 10.0.0.184 () {34 vars in 665 bytes} [Thu May 7 14:32:46 2026] POST /v2.0/ports => generated 774 bytes in 420 msecs (HTTP/1.1 201) 4 headers in 162 bytes (1 switches on core 0) /var/lib/openstack/lib/python3.12/site-packages/pycadf/identifier.py:70: UserWarning: Invalid uuid: neutron. To ensure interoperability, identifiers should be a valid uuid. warnings.warn(('Invalid uuid: %s. To ensure interoperability, ' [pid: 8|app: 0|req: 907/1778] 10.0.0.1 () {34 vars in 988 bytes} [Thu May 7 14:32:47 2026] GET /v2.0/ports?device_id=f51109e9-2d5d-40b2-8029-3a29d8315a0b => generated 975 bytes in 53 msecs (HTTP/1.1 200) 4 headers in 157 bytes (1 switches on core 0)
2026-05-07 14:32:47.362 7 INFO neutron.db.ovn_revision_numbers_db [None req-6775d359-0b9e-47ad-8220-8f538b91bf90 1c3e2505403f4947870444a37bb21639 a5fe58fe1bba4075828081bc80854baa - - default default] Successfully bumped revision number for resource 1f76647a-e3bb-4ed6-bd4f-34c58691c260 (type: networks) to 1
2026-05-07 14:32:47.440 8 INFO neutron.db.segments_db [None req-dee6e4e8-8529-4e04-aab6-fd048c4f76db 0504aa06e6394d6ab497545e71ebd9b6 cdf5112ffd134753b1edfadbfc688478 - - default default] Added segment 0c90af7e-6d84-4734-acbe-713e2cf2c4cc of type geneve for network 71530a9e-66bb-4da9-8b01-715903fe08cf
2026-05-07 14:32:47.511 7 WARNING neutron.scheduler.dhcp_agent_scheduler [None req-6775d359-0b9e-47ad-8220-8f538b91bf90 1c3e2505403f4947870444a37bb21639 a5fe58fe1bba4075828081bc80854baa - - default default] No more DHCP agents
2026-05-07 14:32:47.514 7 WARNING neutron.api.rpc.agentnotifiers.dhcp_rpc_agent_api [None req-6775d359-0b9e-47ad-8220-8f538b91bf90 1c3e2505403f4947870444a37bb21639 a5fe58fe1bba4075828081bc80854baa - - default default] Unable to schedule network 1f76647a-e3bb-4ed6-bd4f-34c58691c260: no agents available; will retry on subsequent port and subnet creation events.
2026-05-07 14:32:47.578 8 INFO neutron.db.ovn_revision_numbers_db [None req-dee6e4e8-8529-4e04-aab6-fd048c4f76db 0504aa06e6394d6ab497545e71ebd9b6 cdf5112ffd134753b1edfadbfc688478 - - default default] Successfully bumped revision number for resource 71530a9e-66bb-4da9-8b01-715903fe08cf (type: networks) to 1
2026-05-07 14:32:47.579 7 INFO neutron.plugins.ml2.drivers.ovn.mech_driver.mech_driver [None req-a41d9e24-729e-4258-8536-a81411e1aa2c - - - - - -] OVN reports status down for port: 23f45b5e-579b-491a-858a-df0535c99522
2026-05-07 14:32:47.631 7 INFO neutron.db.ovn_revision_numbers_db [None req-6775d359-0b9e-47ad-8220-8f538b91bf90 1c3e2505403f4947870444a37bb21639 a5fe58fe1bba4075828081bc80854baa - - default default] Successfully bumped revision number for resource 23f45b5e-579b-491a-858a-df0535c99522 (type: ports) to 1 [pid: 7|app: 0|req: 872/1779] 10.0.0.184 () {34 vars in 671 bytes} [Thu May 7 14:32:46 2026] POST /v2.0/networks => generated 781 bytes in 848 msecs (HTTP/1.1 201) 4 headers in 162 bytes (1 switches on core 0) [pid: 7|app: 0|req: 873/1780] 10.0.0.1 () {34 vars in 1038 bytes} [Thu May 7 14:32:47 2026] GET /v2.0/security-groups?id=370b3fe9-cfd5-48ea-b5d1-9430890b8880&fields=id&fields=name => generated 114 bytes in 44 msecs (HTTP/1.1 200) 4 headers in 157 bytes (1 switches on core 0)
2026-05-07 14:32:47.739 8 WARNING neutron.scheduler.dhcp_agent_scheduler [None req-dee6e4e8-8529-4e04-aab6-fd048c4f76db 0504aa06e6394d6ab497545e71ebd9b6 cdf5112ffd134753b1edfadbfc688478 - - default default] No more DHCP agents
2026-05-07 14:32:47.741 8 WARNING neutron.api.rpc.agentnotifiers.dhcp_rpc_agent_api [None req-dee6e4e8-8529-4e04-aab6-fd048c4f76db 0504aa06e6394d6ab497545e71ebd9b6 cdf5112ffd134753b1edfadbfc688478 - - default default] Unable to schedule network 71530a9e-66bb-4da9-8b01-715903fe08cf: no agents available; will retry on subsequent port and subnet creation events.
2026-05-07 14:32:47.817 8 INFO neutron.plugins.ml2.drivers.ovn.mech_driver.mech_driver [None req-bbb5e2db-6001-45bb-a4a8-b6ab5ab2be3d - - - - - -] OVN reports status down for port: e544ad02-5ead-4224-8dbd-8a4a6c261a1e
2026-05-07 14:32:47.864 8 INFO neutron.db.ovn_revision_numbers_db [None req-dee6e4e8-8529-4e04-aab6-fd048c4f76db 0504aa06e6394d6ab497545e71ebd9b6 cdf5112ffd134753b1edfadbfc688478 - - default default] Successfully bumped revision number for resource e544ad02-5ead-4224-8dbd-8a4a6c261a1e (type: ports) to 1
2026-05-07 14:32:47.876 7 WARNING neutron.scheduler.dhcp_agent_scheduler [None req-8637e552-be42-45ae-994b-0df2f45f6e30 1c3e2505403f4947870444a37bb21639 a5fe58fe1bba4075828081bc80854baa - - default default] No more DHCP agents
2026-05-07 14:32:47.877 7 WARNING neutron.api.rpc.agentnotifiers.dhcp_rpc_agent_api [None req-8637e552-be42-45ae-994b-0df2f45f6e30 1c3e2505403f4947870444a37bb21639 a5fe58fe1bba4075828081bc80854baa - - default default] Unable to schedule network 1f76647a-e3bb-4ed6-bd4f-34c58691c260: no agents available; will retry on subsequent port and subnet creation events. [pid: 8|app: 0|req: 908/1783] 10.0.0.184 () {34 vars in 670 bytes} [Thu May 7 14:32:47 2026] POST /v2.0/networks => generated 670 bytes in 562 msecs (HTTP/1.1 201) 4 headers in 162 bytes (1 switches on core 0) [pid: 8|app: 0|req: 909/1784] 10.0.0.1 () {34 vars in 988 bytes} [Thu May 7 14:32:47 2026] GET /v2.0/ports?device_id=f51109e9-2d5d-40b2-8029-3a29d8315a0b => generated 975 bytes in 39 msecs (HTTP/1.1 200) 4 headers in 157 bytes (1 switches on core 0)
2026-05-07 14:32:48.148 8 WARNING neutron.scheduler.dhcp_agent_scheduler [None req-384171f3-35f5-4456-bfc6-6ed3e705022d 0504aa06e6394d6ab497545e71ebd9b6 cdf5112ffd134753b1edfadbfc688478 - - default default] No more DHCP agents
2026-05-07 14:32:48.149 8 WARNING neutron.api.rpc.agentnotifiers.dhcp_rpc_agent_api [None req-384171f3-35f5-4456-bfc6-6ed3e705022d 0504aa06e6394d6ab497545e71ebd9b6 cdf5112ffd134753b1edfadbfc688478 - - default default] Unable to schedule network 71530a9e-66bb-4da9-8b01-715903fe08cf: no agents available; will retry on subsequent port and subnet creation events.
2026-05-07 14:32:48.374 7 INFO neutron.db.ovn_revision_numbers_db [None req-8637e552-be42-45ae-994b-0df2f45f6e30 1c3e2505403f4947870444a37bb21639 a5fe58fe1bba4075828081bc80854baa - - default default] Successfully bumped revision number for resource 23f45b5e-579b-491a-858a-df0535c99522 (type: ports) to 2
2026-05-07 14:32:48.408 7 INFO neutron.db.ovn_revision_numbers_db [None req-8637e552-be42-45ae-994b-0df2f45f6e30 1c3e2505403f4947870444a37bb21639 a5fe58fe1bba4075828081bc80854baa - - default default] Successfully bumped revision number for resource f800f143-1d70-4c3f-96a2-fd2d9734c03e (type: subnets) to 0 [pid: 7|app: 0|req: 876/1785] 10.0.0.184 () {34 vars in 669 bytes} [Thu May 7 14:32:47 2026] POST /v2.0/subnets => generated 687 bytes in 709 msecs (HTTP/1.1 201) 4 headers in 162 bytes (1 switches on core 0) [pid: 7|app: 0|req: 877/1786] 10.0.0.1 () {34 vars in 1038 bytes} [Thu May 7 14:32:48 2026] GET /v2.0/security-groups?id=370b3fe9-cfd5-48ea-b5d1-9430890b8880&fields=id&fields=name => generated 114 bytes in 28 msecs (HTTP/1.1 200) 4 headers in 157 bytes (1 switches on core 0)
2026-05-07 14:32:48.618 8 INFO neutron.db.ovn_revision_numbers_db [None req-384171f3-35f5-4456-bfc6-6ed3e705022d 0504aa06e6394d6ab497545e71ebd9b6 cdf5112ffd134753b1edfadbfc688478 - - default default] Successfully bumped revision number for resource e544ad02-5ead-4224-8dbd-8a4a6c261a1e (type: ports) to 2
2026-05-07 14:32:48.644 8 INFO neutron.db.ovn_revision_numbers_db [None req-384171f3-35f5-4456-bfc6-6ed3e705022d 0504aa06e6394d6ab497545e71ebd9b6 cdf5112ffd134753b1edfadbfc688478 - - default default] Successfully bumped revision number for resource 15c91f1a-dedb-4c7d-b87d-2d211e943d02 (type: subnets) to 0 [pid: 8|app: 0|req: 910/1787] 10.0.0.184 () {34 vars in 669 bytes} [Thu May 7 14:32:47 2026] POST /v2.0/subnets => generated 626 bytes in 706 msecs (HTTP/1.1 201) 4 headers in 162 bytes (1 switches on core 0) [pid: 8|app: 0|req: 911/1788] 10.0.0.184 () {32 vars in 736 bytes} [Thu May 7 14:32:48 2026] GET /v2.0/ports?device_id=f51109e9-2d5d-40b2-8029-3a29d8315a0b => generated 1236 bytes in 31 msecs (HTTP/1.1 200) 4 headers in 158 bytes (1 switches on core 0)
2026-05-07 14:32:48.795 7 WARNING neutron.scheduler.dhcp_agent_scheduler [None req-6feadf2f-f7f3-4ceb-8563-00fd48cf22c0 1c3e2505403f4947870444a37bb21639 a5fe58fe1bba4075828081bc80854baa - - default default] No more DHCP agents
2026-05-07 14:32:48.796 7 WARNING neutron.api.rpc.agentnotifiers.dhcp_rpc_agent_api [None req-6feadf2f-f7f3-4ceb-8563-00fd48cf22c0 1c3e2505403f4947870444a37bb21639 a5fe58fe1bba4075828081bc80854baa - - default default] Unable to schedule network 80aafba7-5b96-44ea-9203-8ce5dec3826d: no agents available; will retry on subsequent port and subnet creation events.
2026-05-07 14:32:48.932 8 INFO neutron.plugins.ml2.drivers.ovn.mech_driver.mech_driver [None req-bbb5e2db-6001-45bb-a4a8-b6ab5ab2be3d - - - - - -] OVN reports status down for port: f2fa1c2d-84d1-4599-b2c5-3928abfee221
2026-05-07 14:32:48.935 7 INFO neutron.db.ovn_revision_numbers_db [None req-6feadf2f-f7f3-4ceb-8563-00fd48cf22c0 1c3e2505403f4947870444a37bb21639 a5fe58fe1bba4075828081bc80854baa - - default default] Successfully bumped revision number for resource f2fa1c2d-84d1-4599-b2c5-3928abfee221 (type: ports) to 1
2026-05-07 14:32:49.017 8 WARNING neutron.scheduler.dhcp_agent_scheduler [None req-6ef49dc5-0f99-4388-8737-d7aafadbdaba 0504aa06e6394d6ab497545e71ebd9b6 cdf5112ffd134753b1edfadbfc688478 - - default default] No more DHCP agents
2026-05-07 14:32:49.020 8 WARNING neutron.api.rpc.agentnotifiers.dhcp_rpc_agent_api [None req-6ef49dc5-0f99-4388-8737-d7aafadbdaba 0504aa06e6394d6ab497545e71ebd9b6 cdf5112ffd134753b1edfadbfc688478 - - default default] Unable to schedule network 71530a9e-66bb-4da9-8b01-715903fe08cf: no agents available; will retry on subsequent port and subnet creation events.
2026-05-07 14:32:49.167 8 INFO neutron.db.ovn_revision_numbers_db [None req-6ef49dc5-0f99-4388-8737-d7aafadbdaba 0504aa06e6394d6ab497545e71ebd9b6 cdf5112ffd134753b1edfadbfc688478 - - default default] Successfully bumped revision number for resource 79f4177e-8542-43b6-a83e-15bd9a386b0a (type: ports) to 1 [pid: 8|app: 0|req: 912/1789] 10.0.0.184 () {34 vars in 665 bytes} [Thu May 7 14:32:48 2026] POST /v2.0/ports => generated 954 bytes in 495 msecs (HTTP/1.1 201) 4 headers in 162 bytes (1 switches on core 0) /var/lib/openstack/lib/python3.12/site-packages/pycadf/identifier.py:70: UserWarning: Invalid uuid: neutron. To ensure interoperability, identifiers should be a valid uuid. warnings.warn(('Invalid uuid: %s. To ensure interoperability, '
2026-05-07 14:32:49.199 7 INFO neutron.plugins.ml2.drivers.ovn.mech_driver.mech_driver [None req-a41d9e24-729e-4258-8536-a81411e1aa2c - - - - - -] OVN reports status down for port: 79f4177e-8542-43b6-a83e-15bd9a386b0a
2026-05-07 14:32:49.416 8 WARNING neutron.scheduler.dhcp_agent_scheduler [None req-dad98b0b-626e-4ea3-8e89-6eb1e6cc5f94 9e59c910076b46ec9dd97a33c6863740 41e88ca8f6bf4aa5b916d89270e14da7 - - default default] No more DHCP agents
2026-05-07 14:32:49.417 8 WARNING neutron.api.rpc.agentnotifiers.dhcp_rpc_agent_api [None req-dad98b0b-626e-4ea3-8e89-6eb1e6cc5f94 9e59c910076b46ec9dd97a33c6863740 41e88ca8f6bf4aa5b916d89270e14da7 - - default default] Unable to schedule network 80aafba7-5b96-44ea-9203-8ce5dec3826d: no agents available; will retry on subsequent port and subnet creation events.
2026-05-07 14:32:49.675 7 INFO neutron.db.ovn_revision_numbers_db [None req-6feadf2f-f7f3-4ceb-8563-00fd48cf22c0 1c3e2505403f4947870444a37bb21639 a5fe58fe1bba4075828081bc80854baa - - default default] Successfully bumped revision number for resource f2fa1c2d-84d1-4599-b2c5-3928abfee221 (type: router_ports) to 1
2026-05-07 14:32:49.709 8 INFO neutron.plugins.ml2.drivers.ovn.mech_driver.mech_driver [None req-bbb5e2db-6001-45bb-a4a8-b6ab5ab2be3d - - - - - -] OVN reports status up for port: f2fa1c2d-84d1-4599-b2c5-3928abfee221
2026-05-07 14:32:49.735 8 INFO neutron.plugins.ml2.plugin [None req-bbb5e2db-6001-45bb-a4a8-b6ab5ab2be3d - - - - - -] Attempt 1 to provision port f2fa1c2d-84d1-4599-b2c5-3928abfee221
2026-05-07 14:32:49.738 7 INFO neutron.db.ovn_revision_numbers_db [None req-6feadf2f-f7f3-4ceb-8563-00fd48cf22c0 1c3e2505403f4947870444a37bb21639 a5fe58fe1bba4075828081bc80854baa - - default default] Successfully bumped revision number for resource 18355b67-4814-4b7f-ae01-35536e5f75ef (type: routers) to 2
2026-05-07 14:32:49.740 8 INFO neutron.plugins.ml2.drivers.ovn.mech_driver.ovsdb.ovsdb_monitor [None req-b138aeaf-46f0-48b0-ac72-7ae7c0fea5df - - - - - -] Router 18355b67-4814-4b7f-ae01-35536e5f75ef is bound to host instance [pid: 7|app: 0|req: 878/1790] 10.0.0.184 () {34 vars in 669 bytes} [Thu May 7 14:32:48 2026] POST /v2.0/routers => generated 986 bytes in 1301 msecs (HTTP/1.1 201) 4 headers in 162 bytes (1 switches on core 0)
2026-05-07 14:32:49.888 7 INFO neutron_taas.services.taas.taas_plugin [None req-11066df6-4429-4a4b-81f5-e50c4d045c2b 0504aa06e6394d6ab497545e71ebd9b6 cdf5112ffd134753b1edfadbfc688478 - - default default] TaaS: Handle Delete Port: 79f4177e-8542-43b6-a83e-15bd9a386b0a
2026-05-07 14:32:49.890 7 INFO neutron_taas.services.taas.tap_mirror_plugin [None req-11066df6-4429-4a4b-81f5-e50c4d045c2b 0504aa06e6394d6ab497545e71ebd9b6 cdf5112ffd134753b1edfadbfc688478 - - default default] Tap Mirror: Handle Delete Port: 79f4177e-8542-43b6-a83e-15bd9a386b0a [pid: 7|app: 0|req: 879/1791] 10.0.0.184 () {32 vars in 720 bytes} [Thu May 7 14:32:49 2026] DELETE /v2.0/ports/79f4177e-8542-43b6-a83e-15bd9a386b0a => generated 0 bytes in 310 msecs (HTTP/1.1 204) 3 headers in 131 bytes (1 switches on core 0) [pid: 7|app: 0|req: 880/1792] 10.0.0.130 () {32 vars in 802 bytes} [Thu May 7 14:32:50 2026] GET /v2.0/extensions => generated 21706 bytes in 6 msecs (HTTP/1.1 200) 4 headers in 159 bytes (1 switches on core 0)
2026-05-07 14:32:50.486 7 WARNING neutron.scheduler.dhcp_agent_scheduler [None req-ca12b950-ce01-4dd0-9f5a-0cae1cb0a6d4 1c3e2505403f4947870444a37bb21639 a5fe58fe1bba4075828081bc80854baa - - default default] No more DHCP agents
2026-05-07 14:32:50.487 7 WARNING neutron.api.rpc.agentnotifiers.dhcp_rpc_agent_api [None req-ca12b950-ce01-4dd0-9f5a-0cae1cb0a6d4 1c3e2505403f4947870444a37bb21639 a5fe58fe1bba4075828081bc80854baa - - default default] Unable to schedule network 1f76647a-e3bb-4ed6-bd4f-34c58691c260: no agents available; will retry on subsequent port and subnet creation events.
2026-05-07 14:32:50.665 7 INFO neutron.plugins.ml2.drivers.ovn.mech_driver.mech_driver [None req-a41d9e24-729e-4258-8536-a81411e1aa2c - - - - - -] OVN reports status down for port: 3b1dbd5b-d6cd-4b52-b217-f998fe4abc4c
2026-05-07 14:32:50.730 7 INFO neutron.db.ovn_revision_numbers_db [None req-ca12b950-ce01-4dd0-9f5a-0cae1cb0a6d4 1c3e2505403f4947870444a37bb21639 a5fe58fe1bba4075828081bc80854baa - - default default] Successfully bumped revision number for resource 3b1dbd5b-d6cd-4b52-b217-f998fe4abc4c (type: ports) to 1
2026-05-07 14:32:50.825 8 INFO neutron.db.ovn_revision_numbers_db [None req-dad98b0b-626e-4ea3-8e89-6eb1e6cc5f94 9e59c910076b46ec9dd97a33c6863740 41e88ca8f6bf4aa5b916d89270e14da7 - - default default] Successfully bumped revision number for resource b65afe0c-0dbb-45cf-ac99-527c65293676 (type: floatingips) to 1
2026-05-07 14:32:50.826 8 INFO neutron.db.l3_db [None req-dad98b0b-626e-4ea3-8e89-6eb1e6cc5f94 9e59c910076b46ec9dd97a33c6863740 41e88ca8f6bf4aa5b916d89270e14da7 - - default default] Floating IP b65afe0c-0dbb-45cf-ac99-527c65293676 associated. External IP: 10.96.250.213, port: 9cb37cae-fc5c-43e7-a2ca-d567aa9138a0. [pid: 8|app: 0|req: 913/1793] 10.0.0.184 () {34 vars in 677 bytes} [Thu May 7 14:32:49 2026] POST /v2.0/floatingips => generated 856 bytes in 1708 msecs (HTTP/1.1 201) 4 headers in 162 bytes (1 switches on core 0)
2026-05-07 14:32:50.936 8 INFO neutron.pecan_wsgi.hooks.translation [None req-9ad37b0a-6caa-4230-81df-75ee41b636ac 0504aa06e6394d6ab497545e71ebd9b6 cdf5112ffd134753b1edfadbfc688478 - - default default] DELETE failed (client error): The resource could not be found. [pid: 8|app: 0|req: 914/1794] 10.0.0.184 () {32 vars in 720 bytes} [Thu May 7 14:32:50 2026] DELETE /v2.0/ports/79f4177e-8542-43b6-a83e-15bd9a386b0a => generated 132 bytes in 37 msecs (HTTP/1.1 404) 4 headers in 164 bytes (1 switches on core 0)
2026-05-07 14:32:50.948 8 INFO neutron.notifiers.nova [-] Nova event matching ['req-a8f04c53-223c-4682-a6d7-907d7003551d'] response: {'name': 'network-changed', 'server_uuid': 'f51109e9-2d5d-40b2-8029-3a29d8315a0b', 'tag': '9cb37cae-fc5c-43e7-a2ca-d567aa9138a0', 'status': 'completed', 'code': 200} [pid: 8|app: 0|req: 915/1795] 10.0.0.130 () {32 vars in 863 bytes} [Thu May 7 14:32:50 2026] GET /v2.0/quotas/d7357d3de94c40cdb82b54b9c1487c1a/details => generated 847 bytes in 175 msecs (HTTP/1.1 200) 4 headers in 157 bytes (1 switches on core 0) [pid: 8|app: 0|req: 916/1796] 10.0.0.184 () {32 vars in 729 bytes} [Thu May 7 14:32:51 2026] GET /v2.0/floatingips/b65afe0c-0dbb-45cf-ac99-527c65293676 => generated 858 bytes in 91 msecs (HTTP/1.1 200) 4 headers in 157 bytes (1 switches on core 0)
2026-05-07 14:32:51.239 8 INFO neutron.pecan_wsgi.hooks.translation [None req-dfc7bd84-3de7-47f0-958c-d2674d01f2c0 0504aa06e6394d6ab497545e71ebd9b6 cdf5112ffd134753b1edfadbfc688478 - - default default] GET failed (client error): The resource could not be found. [pid: 8|app: 0|req: 917/1797] 10.0.0.184 () {32 vars in 717 bytes} [Thu May 7 14:32:51 2026] GET /v2.0/ports/79f4177e-8542-43b6-a83e-15bd9a386b0a => generated 132 bytes in 36 msecs (HTTP/1.1 404) 4 headers in 164 bytes (1 switches on core 0)
2026-05-07 14:32:51.326 8 INFO neutron.db.ovn_revision_numbers_db [None req-a62e76ee-ba0a-4b98-82d3-4ef54ad404f4 - - - - - -] Successfully bumped revision number for resource f2fa1c2d-84d1-4599-b2c5-3928abfee221 (type: ports) to 4
2026-05-07 14:32:51.351 7 INFO neutron.plugins.ml2.drivers.ovn.mech_driver.mech_driver [None req-a41d9e24-729e-4258-8536-a81411e1aa2c - - - - - -] OVN reports status up for port: 3b1dbd5b-d6cd-4b52-b217-f998fe4abc4c [pid: 8|app: 0|req: 918/1798] 10.0.0.184 () {32 vars in 724 bytes} [Thu May 7 14:32:51 2026] DELETE /v2.0/subnets/15c91f1a-dedb-4c7d-b87d-2d211e943d02 => generated 0 bytes in 330 msecs (HTTP/1.1 204) 3 headers in 131 bytes (1 switches on core 0) [pid: 8|app: 0|req: 919/1799] 199.19.213.117 () {34 vars in 1080 bytes} [Thu May 7 14:32:51 2026] GET /v2.0/ports?tenant_id=41e88ca8f6bf4aa5b916d89270e14da7&device_id=f51109e9-2d5d-40b2-8029-3a29d8315a0b => generated 1236 bytes in 59 msecs (HTTP/1.1 200) 4 headers in 158 bytes (1 switches on core 0)
2026-05-07 14:32:51.856 7 INFO neutron.plugins.ml2.plugin [None req-a41d9e24-729e-4258-8536-a81411e1aa2c - - - - - -] Attempt 1 to provision port 3b1dbd5b-d6cd-4b52-b217-f998fe4abc4c
2026-05-07 14:32:51.882 8 INFO neutron_taas.services.taas.taas_plugin [None req-f7bb739d-e319-4140-87af-2f58fab52dc8 0504aa06e6394d6ab497545e71ebd9b6 cdf5112ffd134753b1edfadbfc688478 - - default default] TaaS: Handle Delete Port: e544ad02-5ead-4224-8dbd-8a4a6c261a1e
2026-05-07 14:32:51.891 8 INFO neutron_taas.services.taas.tap_mirror_plugin [None req-f7bb739d-e319-4140-87af-2f58fab52dc8 0504aa06e6394d6ab497545e71ebd9b6 cdf5112ffd134753b1edfadbfc688478 - - default default] Tap Mirror: Handle Delete Port: e544ad02-5ead-4224-8dbd-8a4a6c261a1e
2026-05-07 14:32:51.954 8 INFO neutron.db.ovn_revision_numbers_db [None req-a62e76ee-ba0a-4b98-82d3-4ef54ad404f4 - - - - - -] Successfully bumped revision number for resource f2fa1c2d-84d1-4599-b2c5-3928abfee221 (type: ports) to 5
2026-05-07 14:32:51.996 7 WARNING neutron.scheduler.dhcp_agent_scheduler [None req-ca12b950-ce01-4dd0-9f5a-0cae1cb0a6d4 1c3e2505403f4947870444a37bb21639 a5fe58fe1bba4075828081bc80854baa - - default default] No more DHCP agents
2026-05-07 14:32:52.001 7 WARNING neutron.api.rpc.agentnotifiers.dhcp_rpc_agent_api [None req-ca12b950-ce01-4dd0-9f5a-0cae1cb0a6d4 1c3e2505403f4947870444a37bb21639 a5fe58fe1bba4075828081bc80854baa - - default default] Unable to schedule network 1f76647a-e3bb-4ed6-bd4f-34c58691c260: no agents available; will retry on subsequent port and subnet creation events.
2026-05-07 14:32:52.179 8 INFO neutron.services.segments.plugin [-] Segment 0c90af7e-6d84-4734-acbe-713e2cf2c4cc resource provider aggregate not found
2026-05-07 14:32:52.186 8 INFO neutron.services.segments.plugin [-] Segment 0c90af7e-6d84-4734-acbe-713e2cf2c4cc resource provider aggregate not found
2026-05-07 14:32:52.198 8 INFO neutron.services.segments.plugin [-] Segment 0c90af7e-6d84-4734-acbe-713e2cf2c4cc resource provider not found; error: Placement Client Error (4xx): {"errors": [{"status": 404, "title": "Not Found", "detail": "The resource could not be found.\n\n No resource provider with uuid 0c90af7e-6d84-4734-acbe-713e2cf2c4cc found for delete ", "request_id": "req-d5a8b222-ce05-4ba7-899e-8832addacf2d"}]}
2026-05-07 14:32:52.203 8 INFO neutron.services.segments.plugin [-] Segment 0c90af7e-6d84-4734-acbe-713e2cf2c4cc resource provider not found; error: Placement Client Error (4xx): {"errors": [{"status": 404, "title": "Not Found", "detail": "The resource could not be found.\n\n No resource provider with uuid 0c90af7e-6d84-4734-acbe-713e2cf2c4cc found for delete ", "request_id": "req-6f06f22a-8c65-4485-8f27-0b4131885482"}]} [pid: 8|app: 0|req: 920/1800] 10.0.0.184 () {32 vars in 726 bytes} [Thu May 7 14:32:51 2026] DELETE /v2.0/networks/71530a9e-66bb-4da9-8b01-715903fe08cf => generated 0 bytes in 593 msecs (HTTP/1.1 204) 3 headers in 131 bytes (1 switches on core 0) [pid: 8|app: 0|req: 921/1801] 199.19.213.117 () {34 vars in 986 bytes} [Thu May 7 14:32:52 2026] GET /v2.0/networks?id=7003f371-5744-4467-bc44-aff4fd2635bd => generated 798 bytes in 40 msecs (HTTP/1.1 200) 4 headers in 157 bytes (1 switches on core 0)
2026-05-07 14:32:52.377 8 INFO neutron.db.segments_db [None req-953b3917-5364-4f48-ae91-e0c7351874c8 0504aa06e6394d6ab497545e71ebd9b6 cdf5112ffd134753b1edfadbfc688478 - - default default] Added segment 267b11ad-cd22-49ad-913b-92677aa2e808 of type geneve for network 25204391-00fc-4d89-8d9b-232a80320611
2026-05-07 14:32:52.519 8 INFO neutron.db.ovn_revision_numbers_db [None req-953b3917-5364-4f48-ae91-e0c7351874c8 0504aa06e6394d6ab497545e71ebd9b6 cdf5112ffd134753b1edfadbfc688478 - - default default] Successfully bumped revision number for resource 25204391-00fc-4d89-8d9b-232a80320611 (type: networks) to 1
2026-05-07 14:32:52.550 7 INFO neutron.db.ovn_revision_numbers_db [None req-a41d9e24-729e-4258-8536-a81411e1aa2c - - - - - -] Successfully bumped revision number for resource 3b1dbd5b-d6cd-4b52-b217-f998fe4abc4c (type: ports) to 2
2026-05-07 14:32:52.715 8 WARNING neutron.scheduler.dhcp_agent_scheduler [None req-953b3917-5364-4f48-ae91-e0c7351874c8 0504aa06e6394d6ab497545e71ebd9b6 cdf5112ffd134753b1edfadbfc688478 - - default default] No more DHCP agents
2026-05-07 14:32:52.718 8 WARNING neutron.api.rpc.agentnotifiers.dhcp_rpc_agent_api [None req-953b3917-5364-4f48-ae91-e0c7351874c8 0504aa06e6394d6ab497545e71ebd9b6 cdf5112ffd134753b1edfadbfc688478 - - default default] Unable to schedule network 25204391-00fc-4d89-8d9b-232a80320611: no agents available; will retry on subsequent port and subnet creation events.
2026-05-07 14:32:52.798 8 INFO neutron.db.ovn_revision_numbers_db [None req-953b3917-5364-4f48-ae91-e0c7351874c8 0504aa06e6394d6ab497545e71ebd9b6 cdf5112ffd134753b1edfadbfc688478 - - default default] Successfully bumped revision number for resource 7be8e94b-e793-4018-a81f-1fc8ed621fb6 (type: ports) to 1 [pid: 8|app: 0|req: 922/1802] 10.0.0.184 () {34 vars in 670 bytes} [Thu May 7 14:32:52 2026] POST /v2.0/networks => generated 670 bytes in 552 msecs (HTTP/1.1 201) 4 headers in 162 bytes (1 switches on core 0)
2026-05-07 14:32:52.835 7 INFO neutron.db.ovn_revision_numbers_db [None req-ca12b950-ce01-4dd0-9f5a-0cae1cb0a6d4 1c3e2505403f4947870444a37bb21639 a5fe58fe1bba4075828081bc80854baa - - default default] Successfully bumped revision number for resource 3b1dbd5b-d6cd-4b52-b217-f998fe4abc4c (type: router_ports) to 1 [pid: 7|app: 0|req: 881/1803] 10.0.0.184 () {34 vars in 783 bytes} [Thu May 7 14:32:50 2026] PUT /v2.0/routers/18355b67-4814-4b7f-ae01-35536e5f75ef/add_router_interface => generated 310 bytes in 2769 msecs (HTTP/1.1 200) 4 headers in 157 bytes (1 switches on core 0) /var/lib/openstack/lib/python3.12/site-packages/pycadf/identifier.py:70: UserWarning: Invalid uuid: neutron. To ensure interoperability, identifiers should be a valid uuid. warnings.warn(('Invalid uuid: %s. To ensure interoperability, ' [pid: 8|app: 0|req: 923/1804] 199.19.213.117 () {34 vars in 1060 bytes} [Thu May 7 14:32:52 2026] GET /v2.0/floatingips?fixed_ip_address=10.100.0.14&port_id=9cb37cae-fc5c-43e7-a2ca-d567aa9138a0 => generated 861 bytes in 39 msecs (HTTP/1.1 200) 4 headers in 157 bytes (1 switches on core 0) [pid: 8|app: 0|req: 924/1805] 199.19.213.117 () {34 vars in 984 bytes} [Thu May 7 14:32:52 2026] GET /v2.0/subnets?id=6317ebaf-34b7-4a46-8f03-ceac1319c2b2 => generated 678 bytes in 35 msecs (HTTP/1.1 200) 4 headers in 157 bytes (1 switches on core 0) [pid: 8|app: 0|req: 925/1806] 199.19.213.117 () {34 vars in 1052 bytes} [Thu May 7 14:32:52 2026] GET /v2.0/ports?network_id=7003f371-5744-4467-bc44-aff4fd2635bd&device_owner=network%3Adhcp => generated 12 bytes in 18 msecs (HTTP/1.1 200) 4 headers in 156 bytes (1 switches on core 0) [pid: 8|app: 0|req: 926/1807] 199.19.213.117 () {34 vars in 1012 bytes} [Thu May 7 14:32:52 2026] GET /v2.0/networks/7003f371-5744-4467-bc44-aff4fd2635bd?fields=segments => generated 14 bytes in 40 msecs (HTTP/1.1 200) 4 headers in 156 bytes (1 switches on core 0)
2026-05-07 14:32:52.997 7 WARNING neutron.scheduler.dhcp_agent_scheduler [None req-9d3cef02-139a-4329-be80-fd68c63ea043 0504aa06e6394d6ab497545e71ebd9b6 cdf5112ffd134753b1edfadbfc688478 - - default default] No more DHCP agents
2026-05-07 14:32:52.998 7 WARNING neutron.api.rpc.agentnotifiers.dhcp_rpc_agent_api [None req-9d3cef02-139a-4329-be80-fd68c63ea043 0504aa06e6394d6ab497545e71ebd9b6 cdf5112ffd134753b1edfadbfc688478 - - default default] Unable to schedule network 25204391-00fc-4d89-8d9b-232a80320611: no agents available; will retry on subsequent port and subnet creation events. [pid: 8|app: 0|req: 927/1808] 199.19.213.117 () {34 vars in 1112 bytes} [Thu May 7 14:32:52 2026] GET /v2.0/networks/7003f371-5744-4467-bc44-aff4fd2635bd?fields=provider%3Aphysical_network&fields=provider%3Anetwork_type => generated 79 bytes in 41 msecs (HTTP/1.1 200) 4 headers in 156 bytes (1 switches on core 0)
2026-05-07 14:32:53.425 7 INFO neutron.db.ovn_revision_numbers_db [None req-9d3cef02-139a-4329-be80-fd68c63ea043 0504aa06e6394d6ab497545e71ebd9b6 cdf5112ffd134753b1edfadbfc688478 - - default default] Successfully bumped revision number for resource 7be8e94b-e793-4018-a81f-1fc8ed621fb6 (type: ports) to 2
2026-05-07 14:32:53.449 7 INFO neutron.db.ovn_revision_numbers_db [None req-9d3cef02-139a-4329-be80-fd68c63ea043 0504aa06e6394d6ab497545e71ebd9b6 cdf5112ffd134753b1edfadbfc688478 - - default default] Successfully bumped revision number for resource 264d8d49-2778-4cd2-9116-53e257633fc9 (type: subnets) to 0 [pid: 7|app: 0|req: 882/1809] 10.0.0.184 () {34 vars in 669 bytes} [Thu May 7 14:32:52 2026] POST /v2.0/subnets => generated 626 bytes in 623 msecs (HTTP/1.1 201) 4 headers in 162 bytes (1 switches on core 0)
2026-05-07 14:32:53.718 8 WARNING neutron.scheduler.dhcp_agent_scheduler [None req-a25e17e1-1be3-4e73-9e37-62b6345ea02a 0504aa06e6394d6ab497545e71ebd9b6 cdf5112ffd134753b1edfadbfc688478 - - default default] No more DHCP agents
2026-05-07 14:32:53.719 8 WARNING neutron.api.rpc.agentnotifiers.dhcp_rpc_agent_api [None req-a25e17e1-1be3-4e73-9e37-62b6345ea02a 0504aa06e6394d6ab497545e71ebd9b6 cdf5112ffd134753b1edfadbfc688478 - - default default] Unable to schedule network 25204391-00fc-4d89-8d9b-232a80320611: no agents available; will retry on subsequent port and subnet creation events.
2026-05-07 14:32:54.035 7 INFO neutron.db.ovn_revision_numbers_db [None req-a2e4a641-f414-4258-b67e-80a683fdf5ae 1c3e2505403f4947870444a37bb21639 a5fe58fe1bba4075828081bc80854baa - - default default] Successfully bumped revision number for resource 8cea7b55-7871-4eec-94b3-f598b4598d55 (type: security_groups) to 1
2026-05-07 14:32:54.045 7 INFO neutron.db.ovn_revision_numbers_db [None req-a2e4a641-f414-4258-b67e-80a683fdf5ae 1c3e2505403f4947870444a37bb21639 a5fe58fe1bba4075828081bc80854baa - - default default] Successfully bumped revision number for resource 5359be70-5c18-4900-be03-2a2112528420 (type: security_group_rules) to 0
2026-05-07 14:32:54.056 7 INFO neutron.db.ovn_revision_numbers_db [None req-a2e4a641-f414-4258-b67e-80a683fdf5ae 1c3e2505403f4947870444a37bb21639 a5fe58fe1bba4075828081bc80854baa - - default default] Successfully bumped revision number for resource d19ffe41-3de3-4b6b-a822-956f0a4802ea (type: security_group_rules) to 0
2026-05-07 14:32:54.070 7 INFO neutron.db.ovn_revision_numbers_db [None req-a2e4a641-f414-4258-b67e-80a683fdf5ae 1c3e2505403f4947870444a37bb21639 a5fe58fe1bba4075828081bc80854baa - - default default] Successfully bumped revision number for resource e368d3d5-f053-4da4-a130-9532be540805 (type: security_group_rules) to 0
2026-05-07 14:32:54.082 7 INFO neutron.db.ovn_revision_numbers_db [None req-a2e4a641-f414-4258-b67e-80a683fdf5ae 1c3e2505403f4947870444a37bb21639 a5fe58fe1bba4075828081bc80854baa - - default default] Successfully bumped revision number for resource ed1f1394-662f-4ada-aa2d-93858f7f54b8 (type: security_group_rules) to 0
