2026-05-07 14:32:23.192 8 INFO neutron.db.ovn_revision_numbers_db [None req-635ffe7c-2b84-49aa-8801-334fa2db26df 1c3e2505403f4947870444a37bb21639 a5fe58fe1bba4075828081bc80854baa - - default default] Successfully bumped revision number for resource d90088a0-6c7f-48ce-af3b-0dcc3dcf8d32 (type: security_group_rules) to 0 [pid: 8|app: 0|req: 840/1640] 10.0.0.184 () {32 vars in 774 bytes} [Thu May 7 14:32:22 2026] GET /v2.0/security-groups?tenant_id=0eb101ef1a49473091f5942bda3005ae&name=default => generated 2925 bytes in 376 msecs (HTTP/1.1 200) 4 headers in 158 bytes (1 switches on core 0) [pid: 8|app: 0|req: 841/1641] 10.0.0.184 () {32 vars in 740 bytes} [Thu May 7 14:32:23 2026] DELETE /v2.0/security-groups/ba5d978b-4322-4306-bb05-10733ff8b31a => generated 0 bytes in 189 msecs (HTTP/1.1 204) 2 headers in 112 bytes (1 switches on core 0)
2026-05-07 14:32:23.469 7 WARNING neutron.scheduler.dhcp_agent_scheduler [None req-59f7497f-c4b2-4aa3-8dcf-d6705eb38d06 da2b3e8fec6d480e84a4e1e32bce53dd ea2bebff3045453e9297f877eea61060 - - default default] No more DHCP agents
2026-05-07 14:32:23.470 7 WARNING neutron.api.rpc.agentnotifiers.dhcp_rpc_agent_api [None req-59f7497f-c4b2-4aa3-8dcf-d6705eb38d06 da2b3e8fec6d480e84a4e1e32bce53dd ea2bebff3045453e9297f877eea61060 - - default default] Unable to schedule network a75dda7e-7075-4cc0-b70b-90f3e5b7d4b7: no agents available; will retry on subsequent port and subnet creation events.
2026-05-07 14:32:23.598 7 INFO neutron.plugins.ml2.drivers.ovn.mech_driver.mech_driver [None req-3620a274-d5e8-45c0-aaf5-f1e01d068278 - - - - - -] OVN reports status down for port: d43d009c-6f49-454a-b21a-a0ec38ac416f
2026-05-07 14:32:23.666 7 INFO neutron.db.ovn_revision_numbers_db [None req-59f7497f-c4b2-4aa3-8dcf-d6705eb38d06 da2b3e8fec6d480e84a4e1e32bce53dd ea2bebff3045453e9297f877eea61060 - - default default] Successfully bumped revision number for resource d43d009c-6f49-454a-b21a-a0ec38ac416f (type: ports) to 1
2026-05-07 14:32:23.816 8 INFO neutron.db.ovn_revision_numbers_db [None req-c4256bad-c537-4ff4-b73d-ee36d1640038 9e59c910076b46ec9dd97a33c6863740 41e88ca8f6bf4aa5b916d89270e14da7 - - default default] Successfully bumped revision number for resource 881281c3-8137-4811-99ca-c60e7a47150e (type: security_groups) to 1
2026-05-07 14:32:23.836 8 INFO neutron.db.ovn_revision_numbers_db [None req-c4256bad-c537-4ff4-b73d-ee36d1640038 9e59c910076b46ec9dd97a33c6863740 41e88ca8f6bf4aa5b916d89270e14da7 - - default default] Successfully bumped revision number for resource 2262ab90-e64c-4bfe-acec-d46c7cda20da (type: security_group_rules) to 0
2026-05-07 14:32:23.854 8 INFO neutron.db.ovn_revision_numbers_db [None req-c4256bad-c537-4ff4-b73d-ee36d1640038 9e59c910076b46ec9dd97a33c6863740 41e88ca8f6bf4aa5b916d89270e14da7 - - default default] Successfully bumped revision number for resource 687858de-998a-47d1-b1c9-319d53017451 (type: security_group_rules) to 0
2026-05-07 14:32:23.865 8 INFO neutron.db.ovn_revision_numbers_db [None req-c4256bad-c537-4ff4-b73d-ee36d1640038 9e59c910076b46ec9dd97a33c6863740 41e88ca8f6bf4aa5b916d89270e14da7 - - default default] Successfully bumped revision number for resource e476e0f8-9a3f-4016-8ccb-64afb607beb6 (type: security_group_rules) to 0
2026-05-07 14:32:23.881 8 INFO neutron.db.ovn_revision_numbers_db [None req-c4256bad-c537-4ff4-b73d-ee36d1640038 9e59c910076b46ec9dd97a33c6863740 41e88ca8f6bf4aa5b916d89270e14da7 - - default default] Successfully bumped revision number for resource f83b73fc-c7bc-42fc-852d-99b01adb0e29 (type: security_group_rules) to 0
2026-05-07 14:32:23.960 8 INFO neutron.db.segments_db [None req-c4256bad-c537-4ff4-b73d-ee36d1640038 9e59c910076b46ec9dd97a33c6863740 41e88ca8f6bf4aa5b916d89270e14da7 - - default default] Added segment 0176c0a4-40ef-4450-9514-b2103c2528da of type geneve for network 7003f371-5744-4467-bc44-aff4fd2635bd
2026-05-07 14:32:24.063 8 INFO neutron.db.ovn_revision_numbers_db [None req-c4256bad-c537-4ff4-b73d-ee36d1640038 9e59c910076b46ec9dd97a33c6863740 41e88ca8f6bf4aa5b916d89270e14da7 - - default default] Successfully bumped revision number for resource 7003f371-5744-4467-bc44-aff4fd2635bd (type: networks) to 1
2026-05-07 14:32:24.235 7 INFO neutron.plugins.ml2.drivers.ovn.mech_driver.mech_driver [None req-3620a274-d5e8-45c0-aaf5-f1e01d068278 - - - - - -] OVN reports status up for port: d43d009c-6f49-454a-b21a-a0ec38ac416f
2026-05-07 14:32:24.241 8 WARNING neutron.scheduler.dhcp_agent_scheduler [None req-c4256bad-c537-4ff4-b73d-ee36d1640038 9e59c910076b46ec9dd97a33c6863740 41e88ca8f6bf4aa5b916d89270e14da7 - - default default] No more DHCP agents
2026-05-07 14:32:24.242 8 WARNING neutron.api.rpc.agentnotifiers.dhcp_rpc_agent_api [None req-c4256bad-c537-4ff4-b73d-ee36d1640038 9e59c910076b46ec9dd97a33c6863740 41e88ca8f6bf4aa5b916d89270e14da7 - - default default] Unable to schedule network 7003f371-5744-4467-bc44-aff4fd2635bd: no agents available; will retry on subsequent port and subnet creation events.
2026-05-07 14:32:24.261 7 INFO neutron.plugins.ml2.plugin [None req-3620a274-d5e8-45c0-aaf5-f1e01d068278 - - - - - -] Attempt 1 to provision port d43d009c-6f49-454a-b21a-a0ec38ac416f
2026-05-07 14:32:24.296 8 INFO neutron.plugins.ml2.drivers.ovn.mech_driver.mech_driver [None req-bbb5e2db-6001-45bb-a4a8-b6ab5ab2be3d - - - - - -] OVN reports status down for port: 8c34e5dd-227b-4608-a90f-48d2457e7575
2026-05-07 14:32:24.358 8 INFO neutron.db.ovn_revision_numbers_db [None req-c4256bad-c537-4ff4-b73d-ee36d1640038 9e59c910076b46ec9dd97a33c6863740 41e88ca8f6bf4aa5b916d89270e14da7 - - default default] Successfully bumped revision number for resource 8c34e5dd-227b-4608-a90f-48d2457e7575 (type: ports) to 1 [pid: 8|app: 0|req: 842/1642] 10.0.0.184 () {34 vars in 671 bytes} [Thu May 7 14:32:23 2026] POST /v2.0/networks => generated 671 bytes in 981 msecs (HTTP/1.1 201) 4 headers in 162 bytes (1 switches on core 0)
2026-05-07 14:32:24.416 8 WARNING neutron.db.securitygroups_db [None req-fcc0a3d3-69fb-4af5-b928-520ca391b120 1c3e2505403f4947870444a37bb21639 a5fe58fe1bba4075828081bc80854baa - - default default] project_id key not found in filters, using tenant_id instead. This support has been deprecated and will be removed in a future release.
2026-05-07 14:32:24.440 7 WARNING neutron.scheduler.dhcp_agent_scheduler [None req-59f7497f-c4b2-4aa3-8dcf-d6705eb38d06 da2b3e8fec6d480e84a4e1e32bce53dd ea2bebff3045453e9297f877eea61060 - - default default] No more DHCP agents
2026-05-07 14:32:24.445 7 WARNING neutron.api.rpc.agentnotifiers.dhcp_rpc_agent_api [None req-59f7497f-c4b2-4aa3-8dcf-d6705eb38d06 da2b3e8fec6d480e84a4e1e32bce53dd ea2bebff3045453e9297f877eea61060 - - default default] Unable to schedule network a75dda7e-7075-4cc0-b70b-90f3e5b7d4b7: no agents available; will retry on subsequent port and subnet creation events.
2026-05-07 14:32:24.557 8 INFO neutron.db.ovn_revision_numbers_db [None req-fcc0a3d3-69fb-4af5-b928-520ca391b120 1c3e2505403f4947870444a37bb21639 a5fe58fe1bba4075828081bc80854baa - - default default] Successfully bumped revision number for resource 05fb2107-d50d-492c-9046-3019e113f09b (type: security_groups) to 1
2026-05-07 14:32:24.570 8 INFO neutron.db.ovn_revision_numbers_db [None req-fcc0a3d3-69fb-4af5-b928-520ca391b120 1c3e2505403f4947870444a37bb21639 a5fe58fe1bba4075828081bc80854baa - - default default] Successfully bumped revision number for resource 18aba958-881f-48dd-9ce9-a59144781fe1 (type: security_group_rules) to 0
2026-05-07 14:32:24.586 8 INFO neutron.db.ovn_revision_numbers_db [None req-fcc0a3d3-69fb-4af5-b928-520ca391b120 1c3e2505403f4947870444a37bb21639 a5fe58fe1bba4075828081bc80854baa - - default default] Successfully bumped revision number for resource 6313f9f7-0624-4713-8aa7-fecede96b2e5 (type: security_group_rules) to 0
2026-05-07 14:32:24.598 8 INFO neutron.db.ovn_revision_numbers_db [None req-fcc0a3d3-69fb-4af5-b928-520ca391b120 1c3e2505403f4947870444a37bb21639 a5fe58fe1bba4075828081bc80854baa - - default default] Successfully bumped revision number for resource 7239803c-b0d8-48be-9f51-ae865df7beb0 (type: security_group_rules) to 0
2026-05-07 14:32:24.610 8 INFO neutron.db.ovn_revision_numbers_db [None req-fcc0a3d3-69fb-4af5-b928-520ca391b120 1c3e2505403f4947870444a37bb21639 a5fe58fe1bba4075828081bc80854baa - - default default] Successfully bumped revision number for resource ba809384-96bc-40c2-87b1-782c47a84c6d (type: security_group_rules) to 0 [pid: 8|app: 0|req: 843/1643] 10.0.0.184 () {32 vars in 774 bytes} [Thu May 7 14:32:24 2026] GET /v2.0/security-groups?tenant_id=8aaf75b181f54b58b2ea884ad1fa4cfa&name=default => generated 2925 bytes in 247 msecs (HTTP/1.1 200) 4 headers in 158 bytes (1 switches on core 0)
2026-05-07 14:32:24.895 7 INFO neutron.db.ovn_revision_numbers_db [None req-59f7497f-c4b2-4aa3-8dcf-d6705eb38d06 da2b3e8fec6d480e84a4e1e32bce53dd ea2bebff3045453e9297f877eea61060 - - default default] Successfully bumped revision number for resource d43d009c-6f49-454a-b21a-a0ec38ac416f (type: router_ports) to 1 [pid: 7|app: 0|req: 801/1644] 10.0.0.184 () {34 vars in 783 bytes} [Thu May 7 14:32:23 2026] PUT /v2.0/routers/d6573ae0-b291-4e0f-8d8d-949c56648737/add_router_interface => generated 310 bytes in 1807 msecs (HTTP/1.1 200) 4 headers in 157 bytes (1 switches on core 0)
2026-05-07 14:32:25.075 7 INFO neutron.db.ovn_revision_numbers_db [None req-3620a274-d5e8-45c0-aaf5-f1e01d068278 - - - - - -] Successfully bumped revision number for resource d43d009c-6f49-454a-b21a-a0ec38ac416f (type: ports) to 2
2026-05-07 14:32:25.088 8 WARNING neutron.scheduler.dhcp_agent_scheduler [None req-aba792d8-423c-4490-af14-f3affd65202e 9e59c910076b46ec9dd97a33c6863740 41e88ca8f6bf4aa5b916d89270e14da7 - - default default] No more DHCP agents
2026-05-07 14:32:25.090 8 WARNING neutron.api.rpc.agentnotifiers.dhcp_rpc_agent_api [None req-aba792d8-423c-4490-af14-f3affd65202e 9e59c910076b46ec9dd97a33c6863740 41e88ca8f6bf4aa5b916d89270e14da7 - - default default] Unable to schedule network 80aafba7-5b96-44ea-9203-8ce5dec3826d: no agents available; will retry on subsequent port and subnet creation events. [pid: 7|app: 0|req: 802/1645] 10.0.0.184 () {32 vars in 740 bytes} [Thu May 7 14:32:24 2026] DELETE /v2.0/security-groups/05fb2107-d50d-492c-9046-3019e113f09b => generated 0 bytes in 343 msecs (HTTP/1.1 204) 2 headers in 112 bytes (1 switches on core 0)
2026-05-07 14:32:25.270 8 INFO neutron.db.ovn_revision_numbers_db [None req-aba792d8-423c-4490-af14-f3affd65202e 9e59c910076b46ec9dd97a33c6863740 41e88ca8f6bf4aa5b916d89270e14da7 - - default default] Successfully bumped revision number for resource 2934aad9-3d02-4c81-ba83-fac2489a5bf2 (type: ports) to 1 [pid: 7|app: 0|req: 803/1646] 10.0.0.184 () {32 vars in 717 bytes} [Thu May 7 14:32:25 2026] GET /v2.0/ports/d43d009c-6f49-454a-b21a-a0ec38ac416f => generated 943 bytes in 48 msecs (HTTP/1.1 200) 4 headers in 157 bytes (1 switches on core 0) [pid: 7|app: 0|req: 804/1647] 10.0.0.184 () {32 vars in 717 bytes} [Thu May 7 14:32:25 2026] GET /v2.0/ports/d43d009c-6f49-454a-b21a-a0ec38ac416f => generated 943 bytes in 30 msecs (HTTP/1.1 200) 4 headers in 157 bytes (1 switches on core 0)
2026-05-07 14:32:25.620 7 INFO neutron_taas.services.taas.taas_plugin [None req-e27bc850-2046-48fe-9bcb-8a011c6960d0 da2b3e8fec6d480e84a4e1e32bce53dd ea2bebff3045453e9297f877eea61060 - - default default] TaaS: Handle Delete Port: d43d009c-6f49-454a-b21a-a0ec38ac416f
2026-05-07 14:32:25.622 7 INFO neutron_taas.services.taas.tap_mirror_plugin [None req-e27bc850-2046-48fe-9bcb-8a011c6960d0 da2b3e8fec6d480e84a4e1e32bce53dd ea2bebff3045453e9297f877eea61060 - - default default] Tap Mirror: Handle Delete Port: d43d009c-6f49-454a-b21a-a0ec38ac416f
2026-05-07 14:32:25.984 8 INFO neutron.plugins.ml2.drivers.ovn.mech_driver.ovsdb.ovsdb_monitor [None req-a789c9e0-81e1-4728-804f-d002009cc6be - - - - - -] Router ad9e7609-d899-4819-9abc-1b9e526d3938 is bound to host instance [pid: 7|app: 0|req: 805/1648] 10.0.0.184 () {34 vars in 789 bytes} [Thu May 7 14:32:25 2026] PUT /v2.0/routers/d6573ae0-b291-4e0f-8d8d-949c56648737/remove_router_interface => generated 310 bytes in 644 msecs (HTTP/1.1 200) 4 headers in 157 bytes (1 switches on core 0) /var/lib/openstack/lib/python3.12/site-packages/pycadf/identifier.py:70: UserWarning: Invalid uuid: neutron. To ensure interoperability, identifiers should be a valid uuid. warnings.warn(('Invalid uuid: %s. To ensure interoperability, ' [pid: 7|app: 0|req: 806/1649] 10.0.0.184 () {32 vars in 736 bytes} [Thu May 7 14:32:25 2026] GET /v2.0/ports?device_id=d6573ae0-b291-4e0f-8d8d-949c56648737 => generated 12 bytes in 20 msecs (HTTP/1.1 200) 4 headers in 156 bytes (1 switches on core 0)
2026-05-07 14:32:26.062 8 INFO neutron.db.ovn_revision_numbers_db [None req-aba792d8-423c-4490-af14-f3affd65202e 9e59c910076b46ec9dd97a33c6863740 41e88ca8f6bf4aa5b916d89270e14da7 - - default default] Successfully bumped revision number for resource 2934aad9-3d02-4c81-ba83-fac2489a5bf2 (type: router_ports) to 1
2026-05-07 14:32:26.175 8 INFO neutron.db.ovn_revision_numbers_db [None req-aba792d8-423c-4490-af14-f3affd65202e 9e59c910076b46ec9dd97a33c6863740 41e88ca8f6bf4aa5b916d89270e14da7 - - default default] Successfully bumped revision number for resource ad9e7609-d899-4819-9abc-1b9e526d3938 (type: routers) to 2 [pid: 7|app: 0|req: 807/1650] 10.0.0.184 () {32 vars in 724 bytes} [Thu May 7 14:32:26 2026] DELETE /v2.0/routers/d6573ae0-b291-4e0f-8d8d-949c56648737 => generated 0 bytes in 186 msecs (HTTP/1.1 204) 2 headers in 112 bytes (1 switches on core 0) [pid: 8|app: 0|req: 844/1651] 10.0.0.184 () {34 vars in 669 bytes} [Thu May 7 14:32:24 2026] POST /v2.0/routers => generated 975 bytes in 1561 msecs (HTTP/1.1 201) 4 headers in 162 bytes (1 switches on core 0) [pid: 7|app: 0|req: 808/1652] 10.0.0.184 () {32 vars in 724 bytes} [Thu May 7 14:32:26 2026] DELETE /v2.0/subnets/ae3b402d-59ed-42c4-8872-378666542706 => generated 0 bytes in 169 msecs (HTTP/1.1 204) 3 headers in 131 bytes (1 switches on core 0)
2026-05-07 14:32:26.422 7 WARNING neutron.db.securitygroups_db [None req-474ba5cb-36eb-4cde-968d-4d94d1008e09 1c3e2505403f4947870444a37bb21639 a5fe58fe1bba4075828081bc80854baa - - default default] project_id key not found in filters, using tenant_id instead. This support has been deprecated and will be removed in a future release. [pid: 8|app: 0|req: 845/1653] 10.0.0.184 () {32 vars in 776 bytes} [Thu May 7 14:32:26 2026] GET /v2.0/subnets?project_id=41e88ca8f6bf4aa5b916d89270e14da7&cidr=10.100.0.0%2F28 => generated 14 bytes in 245 msecs (HTTP/1.1 200) 4 headers in 156 bytes (1 switches on core 0)
2026-05-07 14:32:26.555 7 INFO neutron.db.ovn_revision_numbers_db [None req-474ba5cb-36eb-4cde-968d-4d94d1008e09 1c3e2505403f4947870444a37bb21639 a5fe58fe1bba4075828081bc80854baa - - default default] Successfully bumped revision number for resource 0c4342e7-aef7-4d89-a1de-edaed926b159 (type: security_groups) to 1
2026-05-07 14:32:26.564 7 INFO neutron.db.ovn_revision_numbers_db [None req-474ba5cb-36eb-4cde-968d-4d94d1008e09 1c3e2505403f4947870444a37bb21639 a5fe58fe1bba4075828081bc80854baa - - default default] Successfully bumped revision number for resource 2044c79e-aad3-4d9d-bcc3-3b11cb46ce7e (type: security_group_rules) to 0
2026-05-07 14:32:26.575 7 INFO neutron.db.ovn_revision_numbers_db [None req-474ba5cb-36eb-4cde-968d-4d94d1008e09 1c3e2505403f4947870444a37bb21639 a5fe58fe1bba4075828081bc80854baa - - default default] Successfully bumped revision number for resource 7d38ebf8-3dd9-4df4-a0d6-eef1bd9452d5 (type: security_group_rules) to 0
2026-05-07 14:32:26.595 7 INFO neutron.db.ovn_revision_numbers_db [None req-474ba5cb-36eb-4cde-968d-4d94d1008e09 1c3e2505403f4947870444a37bb21639 a5fe58fe1bba4075828081bc80854baa - - default default] Successfully bumped revision number for resource a56ca32a-c05d-4072-95ce-263ec333a001 (type: security_group_rules) to 0
2026-05-07 14:32:26.606 7 INFO neutron.db.ovn_revision_numbers_db [None req-474ba5cb-36eb-4cde-968d-4d94d1008e09 1c3e2505403f4947870444a37bb21639 a5fe58fe1bba4075828081bc80854baa - - default default] Successfully bumped revision number for resource ea341be1-6a28-49df-80bd-752c11558b25 (type: security_group_rules) to 0 [pid: 7|app: 0|req: 809/1654] 10.0.0.184 () {32 vars in 774 bytes} [Thu May 7 14:32:26 2026] GET /v2.0/security-groups?tenant_id=48b6f897b2c142dea7876ba000c12dd4&name=default => generated 2925 bytes in 278 msecs (HTTP/1.1 200) 4 headers in 158 bytes (1 switches on core 0)
2026-05-07 14:32:26.701 8 INFO neutron_taas.services.taas.taas_plugin [None req-73273bdf-9fa4-49c5-b433-9d2f1d1644d9 da2b3e8fec6d480e84a4e1e32bce53dd ea2bebff3045453e9297f877eea61060 - - default default] TaaS: Handle Delete Port: 921ba749-436a-45eb-b73c-b45c3f983102 [pid: 7|app: 0|req: 810/1655] 10.0.0.184 () {32 vars in 694 bytes} [Thu May 7 14:32:26 2026] GET /v2.0/networks?router%3Aexternal=True => generated 791 bytes in 48 msecs (HTTP/1.1 200) 4 headers in 157 bytes (1 switches on core 0)
2026-05-07 14:32:26.714 8 INFO neutron_taas.services.taas.tap_mirror_plugin [None req-73273bdf-9fa4-49c5-b433-9d2f1d1644d9 da2b3e8fec6d480e84a4e1e32bce53dd ea2bebff3045453e9297f877eea61060 - - default default] Tap Mirror: Handle Delete Port: 921ba749-436a-45eb-b73c-b45c3f983102 [pid: 7|app: 0|req: 811/1656] 10.0.0.184 () {32 vars in 740 bytes} [Thu May 7 14:32:26 2026] DELETE /v2.0/security-groups/0c4342e7-aef7-4d89-a1de-edaed926b159 => generated 0 bytes in 138 msecs (HTTP/1.1 204) 2 headers in 112 bytes (1 switches on core 0) [pid: 7|app: 0|req: 812/1657] 10.0.0.184 () {32 vars in 784 bytes} [Thu May 7 14:32:26 2026] GET /v2.0/subnets?network_id=80aafba7-5b96-44ea-9203-8ce5dec3826d&cidr=10.100.0.0%2F28 => generated 14 bytes in 17 msecs (HTTP/1.1 200) 4 headers in 156 bytes (1 switches on core 0)
2026-05-07 14:32:27.066 8 INFO neutron.services.segments.plugin [-] Segment bd07a6ea-ab33-4fa5-afc0-d8a1b91c12e0 resource provider aggregate not found
2026-05-07 14:32:27.069 8 INFO neutron.services.segments.plugin [-] Segment bd07a6ea-ab33-4fa5-afc0-d8a1b91c12e0 resource provider aggregate not found
2026-05-07 14:32:27.078 7 WARNING neutron.scheduler.dhcp_agent_scheduler [None req-625d7dee-2d00-4ae4-a0df-8450bdf09aeb 9e59c910076b46ec9dd97a33c6863740 41e88ca8f6bf4aa5b916d89270e14da7 - - default default] No more DHCP agents
2026-05-07 14:32:27.079 7 WARNING neutron.api.rpc.agentnotifiers.dhcp_rpc_agent_api [None req-625d7dee-2d00-4ae4-a0df-8450bdf09aeb 9e59c910076b46ec9dd97a33c6863740 41e88ca8f6bf4aa5b916d89270e14da7 - - default default] Unable to schedule network 7003f371-5744-4467-bc44-aff4fd2635bd: no agents available; will retry on subsequent port and subnet creation events.
2026-05-07 14:32:27.090 8 INFO neutron.services.segments.plugin [-] Segment bd07a6ea-ab33-4fa5-afc0-d8a1b91c12e0 resource provider not found; error: Placement Client Error (4xx): {"errors": [{"status": 404, "title": "Not Found", "detail": "The resource could not be found.\n\n No resource provider with uuid bd07a6ea-ab33-4fa5-afc0-d8a1b91c12e0 found for delete ", "request_id": "req-c221e693-a644-42e4-b181-c9c731a3f8b7"}]}
2026-05-07 14:32:27.095 8 INFO neutron.services.segments.plugin [-] Segment bd07a6ea-ab33-4fa5-afc0-d8a1b91c12e0 resource provider not found; error: Placement Client Error (4xx): {"errors": [{"status": 404, "title": "Not Found", "detail": "The resource could not be found.\n\n No resource provider with uuid bd07a6ea-ab33-4fa5-afc0-d8a1b91c12e0 found for delete ", "request_id": "req-3b1a933d-253a-45d0-9c1b-8ecceab4afed"}]} [pid: 8|app: 0|req: 846/1658] 10.0.0.184 () {32 vars in 726 bytes} [Thu May 7 14:32:26 2026] DELETE /v2.0/networks/a75dda7e-7075-4cc0-b70b-90f3e5b7d4b7 => generated 0 bytes in 712 msecs (HTTP/1.1 204) 3 headers in 131 bytes (1 switches on core 0)
2026-05-07 14:32:27.184 8 WARNING neutron.db.securitygroups_db [None req-5c46a9f5-edbc-4ee9-8263-6d3dbf4604b2 1c3e2505403f4947870444a37bb21639 a5fe58fe1bba4075828081bc80854baa - - default default] project_id key not found in filters, using tenant_id instead. This support has been deprecated and will be removed in a future release.
2026-05-07 14:32:27.308 8 INFO neutron.db.ovn_revision_numbers_db [None req-b138aeaf-46f0-48b0-ac72-7ae7c0fea5df - - - - - -] Successfully bumped revision number for resource 2934aad9-3d02-4c81-ba83-fac2489a5bf2 (type: ports) to 4
2026-05-07 14:32:27.440 8 INFO neutron.db.ovn_revision_numbers_db [None req-5c46a9f5-edbc-4ee9-8263-6d3dbf4604b2 1c3e2505403f4947870444a37bb21639 a5fe58fe1bba4075828081bc80854baa - - default default] Successfully bumped revision number for resource 47146482-c492-45b2-ba0f-0fc439259669 (type: security_groups) to 1
2026-05-07 14:32:27.471 8 INFO neutron.db.ovn_revision_numbers_db [None req-5c46a9f5-edbc-4ee9-8263-6d3dbf4604b2 1c3e2505403f4947870444a37bb21639 a5fe58fe1bba4075828081bc80854baa - - default default] Successfully bumped revision number for resource 030ec265-74d7-4285-8b58-d157aad864be (type: security_group_rules) to 0
2026-05-07 14:32:27.492 8 INFO neutron.db.ovn_revision_numbers_db [None req-5c46a9f5-edbc-4ee9-8263-6d3dbf4604b2 1c3e2505403f4947870444a37bb21639 a5fe58fe1bba4075828081bc80854baa - - default default] Successfully bumped revision number for resource 60c96ac3-4b36-4eec-8a99-1e89d559ee40 (type: security_group_rules) to 0
2026-05-07 14:32:27.514 8 INFO neutron.db.ovn_revision_numbers_db [None req-5c46a9f5-edbc-4ee9-8263-6d3dbf4604b2 1c3e2505403f4947870444a37bb21639 a5fe58fe1bba4075828081bc80854baa - - default default] Successfully bumped revision number for resource c0ab637e-be01-4626-a5f0-408211397d01 (type: security_group_rules) to 0
2026-05-07 14:32:27.537 8 INFO neutron.db.ovn_revision_numbers_db [None req-5c46a9f5-edbc-4ee9-8263-6d3dbf4604b2 1c3e2505403f4947870444a37bb21639 a5fe58fe1bba4075828081bc80854baa - - default default] Successfully bumped revision number for resource d85fb085-6b7b-4040-a620-aa6496bba145 (type: security_group_rules) to 0
2026-05-07 14:32:27.571 7 INFO neutron.db.ovn_revision_numbers_db [None req-625d7dee-2d00-4ae4-a0df-8450bdf09aeb 9e59c910076b46ec9dd97a33c6863740 41e88ca8f6bf4aa5b916d89270e14da7 - - default default] Successfully bumped revision number for resource 8c34e5dd-227b-4608-a90f-48d2457e7575 (type: ports) to 2
2026-05-07 14:32:27.616 7 INFO neutron.db.ovn_revision_numbers_db [None req-625d7dee-2d00-4ae4-a0df-8450bdf09aeb 9e59c910076b46ec9dd97a33c6863740 41e88ca8f6bf4aa5b916d89270e14da7 - - default default] Successfully bumped revision number for resource 6317ebaf-34b7-4a46-8f03-ceac1319c2b2 (type: subnets) to 0 [pid: 7|app: 0|req: 813/1659] 10.0.0.184 () {34 vars in 669 bytes} [Thu May 7 14:32:26 2026] POST /v2.0/subnets => generated 657 bytes in 771 msecs (HTTP/1.1 201) 4 headers in 162 bytes (1 switches on core 0) [pid: 8|app: 0|req: 847/1660] 10.0.0.184 () {32 vars in 774 bytes} [Thu May 7 14:32:27 2026] GET /v2.0/security-groups?tenant_id=9463844d35874ad58ad7840e15f89401&name=default => generated 2925 bytes in 484 msecs (HTTP/1.1 200) 4 headers in 158 bytes (1 switches on core 0)
2026-05-07 14:32:27.959 8 INFO neutron.db.ovn_revision_numbers_db [None req-b138aeaf-46f0-48b0-ac72-7ae7c0fea5df - - - - - -] Successfully bumped revision number for resource 2934aad9-3d02-4c81-ba83-fac2489a5bf2 (type: ports) to 5
2026-05-07 14:32:28.087 7 WARNING neutron.scheduler.dhcp_agent_scheduler [None req-14e645c4-782f-481f-a80b-1a7e2aa58719 da2b3e8fec6d480e84a4e1e32bce53dd ea2bebff3045453e9297f877eea61060 - - default default] No more DHCP agents
2026-05-07 14:32:28.088 7 WARNING neutron.api.rpc.agentnotifiers.dhcp_rpc_agent_api [None req-14e645c4-782f-481f-a80b-1a7e2aa58719 da2b3e8fec6d480e84a4e1e32bce53dd ea2bebff3045453e9297f877eea61060 - - default default] Unable to schedule network 80aafba7-5b96-44ea-9203-8ce5dec3826d: no agents available; will retry on subsequent port and subnet creation events.
2026-05-07 14:32:28.226 8 INFO neutron.plugins.ml2.drivers.ovn.mech_driver.mech_driver [None req-bbb5e2db-6001-45bb-a4a8-b6ab5ab2be3d - - - - - -] OVN reports status down for port: 13078f78-4e9a-4b59-a942-9b3e852c5019
2026-05-07 14:32:28.239 7 INFO neutron.db.ovn_revision_numbers_db [None req-14e645c4-782f-481f-a80b-1a7e2aa58719 da2b3e8fec6d480e84a4e1e32bce53dd ea2bebff3045453e9297f877eea61060 - - default default] Successfully bumped revision number for resource 13078f78-4e9a-4b59-a942-9b3e852c5019 (type: ports) to 1
2026-05-07 14:32:28.484 8 WARNING neutron.scheduler.dhcp_agent_scheduler [None req-85aaec35-9f85-49d4-be62-3fff79c110f3 9e59c910076b46ec9dd97a33c6863740 41e88ca8f6bf4aa5b916d89270e14da7 - - default default] No more DHCP agents
2026-05-07 14:32:28.485 8 WARNING neutron.api.rpc.agentnotifiers.dhcp_rpc_agent_api [None req-85aaec35-9f85-49d4-be62-3fff79c110f3 9e59c910076b46ec9dd97a33c6863740 41e88ca8f6bf4aa5b916d89270e14da7 - - default default] Unable to schedule network 7003f371-5744-4467-bc44-aff4fd2635bd: no agents available; will retry on subsequent port and subnet creation events.
2026-05-07 14:32:28.621 8 INFO neutron.db.ovn_revision_numbers_db [None req-85aaec35-9f85-49d4-be62-3fff79c110f3 9e59c910076b46ec9dd97a33c6863740 41e88ca8f6bf4aa5b916d89270e14da7 - - default default] Successfully bumped revision number for resource 7c1db8b4-fbaa-4cf0-b17c-052471487861 (type: ports) to 1
2026-05-07 14:32:28.893 7 INFO neutron.db.ovn_revision_numbers_db [None req-14e645c4-782f-481f-a80b-1a7e2aa58719 da2b3e8fec6d480e84a4e1e32bce53dd ea2bebff3045453e9297f877eea61060 - - default default] Successfully bumped revision number for resource 13078f78-4e9a-4b59-a942-9b3e852c5019 (type: router_ports) to 1
2026-05-07 14:32:28.925 8 INFO neutron.plugins.ml2.drivers.ovn.mech_driver.mech_driver [None req-bbb5e2db-6001-45bb-a4a8-b6ab5ab2be3d - - - - - -] OVN reports status up for port: 13078f78-4e9a-4b59-a942-9b3e852c5019
2026-05-07 14:32:28.947 8 INFO neutron.plugins.ml2.plugin [None req-bbb5e2db-6001-45bb-a4a8-b6ab5ab2be3d - - - - - -] Attempt 1 to provision port 13078f78-4e9a-4b59-a942-9b3e852c5019
2026-05-07 14:32:28.964 7 INFO neutron.db.ovn_revision_numbers_db [None req-14e645c4-782f-481f-a80b-1a7e2aa58719 da2b3e8fec6d480e84a4e1e32bce53dd ea2bebff3045453e9297f877eea61060 - - default default] Successfully bumped revision number for resource 57ff2faa-0c6d-4fa8-b152-61541b370d2c (type: routers) to 2 [pid: 7|app: 0|req: 814/1661] 10.0.0.184 () {34 vars in 669 bytes} [Thu May 7 14:32:27 2026] POST /v2.0/routers => generated 969 bytes in 1340 msecs (HTTP/1.1 201) 4 headers in 162 bytes (1 switches on core 0) [pid: 7|app: 0|req: 815/1662] 10.0.0.184 () {32 vars in 740 bytes} [Thu May 7 14:32:28 2026] DELETE /v2.0/security-groups/47146482-c492-45b2-ba0f-0fc439259669 => generated 0 bytes in 186 msecs (HTTP/1.1 204) 2 headers in 112 bytes (1 switches on core 0)
2026-05-07 14:32:29.353 7 WARNING neutron.db.securitygroups_db [None req-f46f2921-20ec-42f9-97bd-dd835c986810 1c3e2505403f4947870444a37bb21639 a5fe58fe1bba4075828081bc80854baa - - default default] project_id key not found in filters, using tenant_id instead. This support has been deprecated and will be removed in a future release.
2026-05-07 14:32:29.421 8 WARNING neutron.scheduler.dhcp_agent_scheduler [None req-85aaec35-9f85-49d4-be62-3fff79c110f3 9e59c910076b46ec9dd97a33c6863740 41e88ca8f6bf4aa5b916d89270e14da7 - - default default] No more DHCP agents
2026-05-07 14:32:29.422 8 WARNING neutron.api.rpc.agentnotifiers.dhcp_rpc_agent_api [None req-85aaec35-9f85-49d4-be62-3fff79c110f3 9e59c910076b46ec9dd97a33c6863740 41e88ca8f6bf4aa5b916d89270e14da7 - - default default] Unable to schedule network 7003f371-5744-4467-bc44-aff4fd2635bd: no agents available; will retry on subsequent port and subnet creation events.
2026-05-07 14:32:29.471 7 INFO neutron.db.ovn_revision_numbers_db [None req-f46f2921-20ec-42f9-97bd-dd835c986810 1c3e2505403f4947870444a37bb21639 a5fe58fe1bba4075828081bc80854baa - - default default] Successfully bumped revision number for resource d40fba49-20d5-414a-a415-f8798c617bbb (type: security_groups) to 1
2026-05-07 14:32:29.483 7 INFO neutron.db.ovn_revision_numbers_db [None req-f46f2921-20ec-42f9-97bd-dd835c986810 1c3e2505403f4947870444a37bb21639 a5fe58fe1bba4075828081bc80854baa - - default default] Successfully bumped revision number for resource 1dc5c86a-a1f0-4c06-965e-a280fb0ca3ea (type: security_group_rules) to 0
2026-05-07 14:32:29.495 7 INFO neutron.db.ovn_revision_numbers_db [None req-f46f2921-20ec-42f9-97bd-dd835c986810 1c3e2505403f4947870444a37bb21639 a5fe58fe1bba4075828081bc80854baa - - default default] Successfully bumped revision number for resource 23ba6db6-1023-4b8a-a834-6245dcf85f3a (type: security_group_rules) to 0
2026-05-07 14:32:29.506 7 INFO neutron.db.ovn_revision_numbers_db [None req-f46f2921-20ec-42f9-97bd-dd835c986810 1c3e2505403f4947870444a37bb21639 a5fe58fe1bba4075828081bc80854baa - - default default] Successfully bumped revision number for resource 38be6024-c358-4209-bdac-d3789b703d83 (type: security_group_rules) to 0
2026-05-07 14:32:29.516 7 INFO neutron.db.ovn_revision_numbers_db [None req-f46f2921-20ec-42f9-97bd-dd835c986810 1c3e2505403f4947870444a37bb21639 a5fe58fe1bba4075828081bc80854baa - - default default] Successfully bumped revision number for resource 65c5a68f-7ead-4495-b21b-fce8f231eb7f (type: security_group_rules) to 0 [pid: 7|app: 0|req: 816/1663] 10.0.0.184 () {32 vars in 774 bytes} [Thu May 7 14:32:29 2026] GET /v2.0/security-groups?tenant_id=42ccfd52e1a246bebf6289f90db31cfa&name=default => generated 2925 bytes in 383 msecs (HTTP/1.1 200) 4 headers in 158 bytes (1 switches on core 0) [pid: 7|app: 0|req: 817/1664] 10.0.0.184 () {32 vars in 721 bytes} [Thu May 7 14:32:29 2026] GET /v2.0/routers/57ff2faa-0c6d-4fa8-b152-61541b370d2c => generated 975 bytes in 57 msecs (HTTP/1.1 200) 4 headers in 157 bytes (1 switches on core 0)
2026-05-07 14:32:29.790 8 INFO neutron.db.ovn_revision_numbers_db [None req-85aaec35-9f85-49d4-be62-3fff79c110f3 9e59c910076b46ec9dd97a33c6863740 41e88ca8f6bf4aa5b916d89270e14da7 - - default default] Successfully bumped revision number for resource 7c1db8b4-fbaa-4cf0-b17c-052471487861 (type: router_ports) to 1 [pid: 8|app: 0|req: 848/1665] 10.0.0.184 () {34 vars in 783 bytes} [Thu May 7 14:32:27 2026] PUT /v2.0/routers/ad9e7609-d899-4819-9abc-1b9e526d3938/add_router_interface => generated 310 bytes in 2144 msecs (HTTP/1.1 200) 4 headers in 157 bytes (1 switches on core 0) [pid: 7|app: 0|req: 818/1666] 10.0.0.184 () {32 vars in 740 bytes} [Thu May 7 14:32:29 2026] DELETE /v2.0/security-groups/d40fba49-20d5-414a-a415-f8798c617bbb => generated 0 bytes in 230 msecs (HTTP/1.1 204) 2 headers in 112 bytes (1 switches on core 0) [pid: 7|app: 0|req: 819/1667] 10.0.0.184 () {32 vars in 649 bytes} [Thu May 7 14:32:29 2026] GET /v2.0/networks => generated 3072 bytes in 45 msecs (HTTP/1.1 200) 4 headers in 158 bytes (1 switches on core 0) [pid: 8|app: 0|req: 849/1668] 10.0.0.184 () {32 vars in 647 bytes} [Thu May 7 14:32:29 2026] GET /v2.0/routers => generated 978 bytes in 108 msecs (HTTP/1.1 200) 4 headers in 157 bytes (1 switches on core 0) [pid: 7|app: 0|req: 820/1669] 10.0.0.184 () {32 vars in 647 bytes} [Thu May 7 14:32:29 2026] GET /v2.0/subnets => generated 1973 bytes in 28 msecs (HTTP/1.1 200) 4 headers in 158 bytes (1 switches on core 0) [pid: 7|app: 0|req: 821/1670] 10.0.0.184 () {32 vars in 647 bytes} [Thu May 7 14:32:29 2026] GET /v2.0/routers => generated 1973 bytes in 78 msecs (HTTP/1.1 200) 4 headers in 158 bytes (1 switches on core 0)
2026-05-07 14:32:30.188 7 INFO neutron.db.ovn_revision_numbers_db [None req-0b18deeb-71bc-4c68-aeae-b97c95f42219 9e59c910076b46ec9dd97a33c6863740 41e88ca8f6bf4aa5b916d89270e14da7 - - default default] Successfully bumped revision number for resource 370b3fe9-cfd5-48ea-b5d1-9430890b8880 (type: security_groups) to 1
2026-05-07 14:32:30.198 7 INFO neutron.db.ovn_revision_numbers_db [None req-0b18deeb-71bc-4c68-aeae-b97c95f42219 9e59c910076b46ec9dd97a33c6863740 41e88ca8f6bf4aa5b916d89270e14da7 - - default default] Successfully bumped revision number for resource 24a2fa26-0c02-4d29-9a17-925f61f8551d (type: security_group_rules) to 0
2026-05-07 14:32:30.208 7 INFO neutron.db.ovn_revision_numbers_db [None req-0b18deeb-71bc-4c68-aeae-b97c95f42219 9e59c910076b46ec9dd97a33c6863740 41e88ca8f6bf4aa5b916d89270e14da7 - - default default] Successfully bumped revision number for resource 2bd7578a-a512-4fe3-8832-e6ed2a6dff13 (type: security_group_rules) to 0 [pid: 7|app: 0|req: 822/1671] 10.0.0.184 () {34 vars in 685 bytes} [Thu May 7 14:32:30 2026] POST /v2.0/security-groups => generated 1675 bytes in 196 msecs (HTTP/1.1 201) 4 headers in 163 bytes (1 switches on core 0)
2026-05-07 14:32:30.359 8 INFO neutron.db.ovn_revision_numbers_db [None req-49b3a934-5fc3-4c3a-b0de-acfd0f9a23e2 da2b3e8fec6d480e84a4e1e32bce53dd ea2bebff3045453e9297f877eea61060 - - default default] Successfully bumped revision number for resource 57ff2faa-0c6d-4fa8-b152-61541b370d2c (type: routers) to 3 [pid: 8|app: 0|req: 850/1672] 10.0.0.184 () {34 vars in 741 bytes} [Thu May 7 14:32:29 2026] PUT /v2.0/routers/57ff2faa-0c6d-4fa8-b152-61541b370d2c => generated 982 bytes in 449 msecs (HTTP/1.1 200) 4 headers in 157 bytes (1 switches on core 0)
2026-05-07 14:32:30.379 7 INFO neutron.db.ovn_revision_numbers_db [None req-0c3acaff-ff8e-4168-b6bc-154432a01040 9e59c910076b46ec9dd97a33c6863740 41e88ca8f6bf4aa5b916d89270e14da7 - - default default] Successfully bumped revision number for resource 956b560a-bfe5-4182-a87b-d455905b5a30 (type: security_group_rules) to 0 [pid: 7|app: 0|req: 823/1673] 10.0.0.184 () {34 vars in 695 bytes} [Thu May 7 14:32:30 2026] POST /v2.0/security-group-rules => generated 597 bytes in 170 msecs (HTTP/1.1 201) 4 headers in 162 bytes (1 switches on core 0) [pid: 8|app: 0|req: 851/1674] 10.0.0.184 () {32 vars in 721 bytes} [Thu May 7 14:32:30 2026] GET /v2.0/routers/57ff2faa-0c6d-4fa8-b152-61541b370d2c => generated 982 bytes in 66 msecs (HTTP/1.1 200) 4 headers in 157 bytes (1 switches on core 0) [pid: 8|app: 0|req: 852/1675] 10.0.0.184 () {32 vars in 736 bytes} [Thu May 7 14:32:30 2026] GET /v2.0/ports?device_id=57ff2faa-0c6d-4fa8-b152-61541b370d2c => generated 12 bytes in 16 msecs (HTTP/1.1 200) 4 headers in 156 bytes (1 switches on core 0)
2026-05-07 14:32:30.543 7 INFO neutron.db.ovn_revision_numbers_db [None req-00d9b4a1-695a-4648-be42-c0b0fe2888cf 9e59c910076b46ec9dd97a33c6863740 41e88ca8f6bf4aa5b916d89270e14da7 - - default default] Successfully bumped revision number for resource 24f66027-0f61-4e66-8912-89caca298223 (type: security_group_rules) to 0 [pid: 7|app: 0|req: 824/1676] 10.0.0.184 () {34 vars in 695 bytes} [Thu May 7 14:32:30 2026] POST /v2.0/security-group-rules => generated 596 bytes in 158 msecs (HTTP/1.1 201) 4 headers in 162 bytes (1 switches on core 0)
2026-05-07 14:32:30.599 7 WARNING neutron.plugins.ml2.drivers.ovn.mech_driver.ovsdb.ovn_client [None req-f657a9e7-67fe-4e83-90d9-41f70178d1c0 - - - - - -] No port found with ID d43d009c-6f49-454a-b21a-a0ec38ac416f: RuntimeError: No port found with ID d43d009c-6f49-454a-b21a-a0ec38ac416f
2026-05-07 14:32:30.635 7 INFO neutron.plugins.ml2.drivers.ovn.mech_driver.mech_driver [None req-f657a9e7-67fe-4e83-90d9-41f70178d1c0 - - - - - -] OVN reports status down for port: 2934aad9-3d02-4c81-ba83-fac2489a5bf2
2026-05-07 14:32:30.770 8 INFO neutron_taas.services.taas.taas_plugin [None req-92628234-8db9-41a8-aa28-10d09ce9e29f da2b3e8fec6d480e84a4e1e32bce53dd ea2bebff3045453e9297f877eea61060 - - default default] TaaS: Handle Delete Port: 13078f78-4e9a-4b59-a942-9b3e852c5019
2026-05-07 14:32:30.772 7 INFO neutron.db.ovn_revision_numbers_db [None req-d915ccdf-93ff-4963-9b54-ffbb6b4caf96 9e59c910076b46ec9dd97a33c6863740 41e88ca8f6bf4aa5b916d89270e14da7 - - default default] Successfully bumped revision number for resource 8dc80020-0733-43de-9859-2a46a44ed03d (type: security_group_rules) to 0
2026-05-07 14:32:30.773 8 INFO neutron_taas.services.taas.tap_mirror_plugin [None req-92628234-8db9-41a8-aa28-10d09ce9e29f da2b3e8fec6d480e84a4e1e32bce53dd ea2bebff3045453e9297f877eea61060 - - default default] Tap Mirror: Handle Delete Port: 13078f78-4e9a-4b59-a942-9b3e852c5019 [pid: 7|app: 0|req: 825/1677] 10.0.0.184 () {34 vars in 695 bytes} [Thu May 7 14:32:30 2026] POST /v2.0/security-group-rules => generated 602 bytes in 254 msecs (HTTP/1.1 201) 4 headers in 162 bytes (1 switches on core 0)
2026-05-07 14:32:31.067 7 INFO neutron.db.ovn_revision_numbers_db [None req-d3590d57-1bfb-4619-bc75-45031b78d590 9e59c910076b46ec9dd97a33c6863740 41e88ca8f6bf4aa5b916d89270e14da7 - - default default] Successfully bumped revision number for resource c4c3349d-449f-443e-973e-45c4adfac062 (type: security_group_rules) to 0 [pid: 7|app: 0|req: 826/1678] 10.0.0.184 () {34 vars in 695 bytes} [Thu May 7 14:32:30 2026] POST /v2.0/security-group-rules => generated 601 bytes in 271 msecs (HTTP/1.1 201) 4 headers in 162 bytes (1 switches on core 0) [pid: 8|app: 0|req: 853/1679] 10.0.0.184 () {32 vars in 724 bytes} [Thu May 7 14:32:30 2026] DELETE /v2.0/routers/57ff2faa-0c6d-4fa8-b152-61541b370d2c => generated 0 bytes in 722 msecs (HTTP/1.1 204) 2 headers in 112 bytes (1 switches on core 0)
2026-05-07 14:32:31.198 7 INFO neutron.db.ovn_revision_numbers_db [None req-f657a9e7-67fe-4e83-90d9-41f70178d1c0 - - - - - -] Successfully bumped revision number for resource 2934aad9-3d02-4c81-ba83-fac2489a5bf2 (type: ports) to 6 [pid: 8|app: 0|req: 854/1680] 10.0.0.184 () {32 vars in 736 bytes} [Thu May 7 14:32:31 2026] GET /v2.0/ports?device_id=57ff2faa-0c6d-4fa8-b152-61541b370d2c => generated 12 bytes in 16 msecs (HTTP/1.1 200) 4 headers in 156 bytes (1 switches on core 0)
2026-05-07 14:32:31.220 7 INFO neutron.db.securitygroups_db [None req-a6a7307a-379a-4d55-94a0-62b951902047 9e59c910076b46ec9dd97a33c6863740 41e88ca8f6bf4aa5b916d89270e14da7 - - default default] Project 41e88ca8f6bf4aa5b916d89270e14da7 added a security group rule with legacy IPv6 ICMP protocol name icmp, ipv6-icmp should be used instead. It was automatically converted.
2026-05-07 14:32:31.234 8 INFO neutron.api.v2.resource [None req-0e19e347-1943-4778-8384-930f191ec8e8 da2b3e8fec6d480e84a4e1e32bce53dd ea2bebff3045453e9297f877eea61060 - - default default] delete failed (client error): The resource could not be found. [pid: 8|app: 0|req: 855/1681] 10.0.0.184 () {32 vars in 724 bytes} [Thu May 7 14:32:31 2026] DELETE /v2.0/routers/57ff2faa-0c6d-4fa8-b152-61541b370d2c => generated 135 bytes in 23 msecs (HTTP/1.1 404) 4 headers in 164 bytes (1 switches on core 0) [pid: 8|app: 0|req: 856/1682] 10.0.0.184 () {32 vars in 736 bytes} [Thu May 7 14:32:31 2026] GET /v2.0/ports?device_id=d6573ae0-b291-4e0f-8d8d-949c56648737 => generated 12 bytes in 18 msecs (HTTP/1.1 200) 4 headers in 156 bytes (1 switches on core 0)
2026-05-07 14:32:31.282 8 INFO neutron.api.v2.resource [None req-4f6292de-85b8-4978-b4dd-64dd3dd0a641 da2b3e8fec6d480e84a4e1e32bce53dd ea2bebff3045453e9297f877eea61060 - - default default] delete failed (client error): The resource could not be found. [pid: 8|app: 0|req: 857/1683] 10.0.0.184 () {32 vars in 724 bytes} [Thu May 7 14:32:31 2026] DELETE /v2.0/routers/d6573ae0-b291-4e0f-8d8d-949c56648737 => generated 135 bytes in 19 msecs (HTTP/1.1 404) 4 headers in 164 bytes (1 switches on core 0)
2026-05-07 14:32:31.300 8 INFO neutron.pecan_wsgi.hooks.translation [None req-89f8f504-ed50-4edf-b5bb-ee74be6aefe3 da2b3e8fec6d480e84a4e1e32bce53dd ea2bebff3045453e9297f877eea61060 - - default default] DELETE failed (client error): The resource could not be found. [pid: 8|app: 0|req: 858/1684] 10.0.0.184 () {32 vars in 724 bytes} [Thu May 7 14:32:31 2026] DELETE /v2.0/subnets/ae3b402d-59ed-42c4-8872-378666542706 => generated 136 bytes in 15 msecs (HTTP/1.1 404) 4 headers in 164 bytes (1 switches on core 0) [pid: 8|app: 0|req: 859/1685] 10.0.0.184 () {32 vars in 736 bytes} [Thu May 7 14:32:31 2026] GET /v2.0/ports?device_id=9884c419-83c6-4447-a969-8016acf786b6 => generated 12 bytes in 21 msecs (HTTP/1.1 200) 4 headers in 156 bytes (1 switches on core 0)
2026-05-07 14:32:31.368 7 WARNING neutron.plugins.ml2.drivers.ovn.mech_driver.ovsdb.ovn_client [None req-19a39dbc-5124-4aef-b60b-13ea6a70fcd6 - - - - - -] Logical_Switch_Port 2934aad9-3d02-4c81-ba83-fac2489a5bf2 host information not removed, the port state is up
2026-05-07 14:32:31.369 7 INFO neutron.plugins.ml2.drivers.ovn.mech_driver.mech_driver [None req-19a39dbc-5124-4aef-b60b-13ea6a70fcd6 - - - - - -] OVN reports status up for port: 2934aad9-3d02-4c81-ba83-fac2489a5bf2
2026-05-07 14:32:31.388 7 INFO neutron.db.ovn_revision_numbers_db [None req-a6a7307a-379a-4d55-94a0-62b951902047 9e59c910076b46ec9dd97a33c6863740 41e88ca8f6bf4aa5b916d89270e14da7 - - default default] Successfully bumped revision number for resource 974a479c-ffc8-482b-9d84-ed8157a0bbca (type: security_group_rules) to 0
2026-05-07 14:32:31.391 7 INFO neutron.plugins.ml2.plugin [None req-19a39dbc-5124-4aef-b60b-13ea6a70fcd6 - - - - - -] Attempt 1 to provision port 2934aad9-3d02-4c81-ba83-fac2489a5bf2 [pid: 7|app: 0|req: 827/1686] 10.0.0.184 () {34 vars in 695 bytes} [Thu May 7 14:32:31 2026] POST /v2.0/security-group-rules => generated 607 bytes in 334 msecs (HTTP/1.1 201) 4 headers in 162 bytes (1 switches on core 0)
2026-05-07 14:32:31.485 7 INFO neutron.api.v2.resource [None req-d27d47b4-2bf4-459b-ac8b-0ed91bb31478 da2b3e8fec6d480e84a4e1e32bce53dd ea2bebff3045453e9297f877eea61060 - - default default] delete failed (client error): The resource could not be found. [pid: 7|app: 0|req: 828/1687] 10.0.0.184 () {32 vars in 724 bytes} [Thu May 7 14:32:31 2026] DELETE /v2.0/routers/9884c419-83c6-4447-a969-8016acf786b6 => generated 135 bytes in 32 msecs (HTTP/1.1 404) 4 headers in 164 bytes (1 switches on core 0)
2026-05-07 14:32:31.529 8 WARNING neutron.db.securitygroups_db [None req-55d20419-47c7-4251-bff8-042e3e241110 1c3e2505403f4947870444a37bb21639 a5fe58fe1bba4075828081bc80854baa - - default default] project_id key not found in filters, using tenant_id instead. This support has been deprecated and will be removed in a future release.
2026-05-07 14:32:31.578 7 INFO neutron.db.securitygroups_db [None req-b7a7c6d6-022b-4eb1-8a19-79a3674879e2 9e59c910076b46ec9dd97a33c6863740 41e88ca8f6bf4aa5b916d89270e14da7 - - default default] Project 41e88ca8f6bf4aa5b916d89270e14da7 added a security group rule with legacy IPv6 ICMP protocol name icmp, ipv6-icmp should be used instead. It was automatically converted.
2026-05-07 14:32:31.687 8 INFO neutron.db.ovn_revision_numbers_db [None req-55d20419-47c7-4251-bff8-042e3e241110 1c3e2505403f4947870444a37bb21639 a5fe58fe1bba4075828081bc80854baa - - default default] Successfully bumped revision number for resource 3fc06fb8-79c9-466a-9b91-875b044cfa8d (type: security_groups) to 1
2026-05-07 14:32:31.703 8 INFO neutron.db.ovn_revision_numbers_db [None req-55d20419-47c7-4251-bff8-042e3e241110 1c3e2505403f4947870444a37bb21639 a5fe58fe1bba4075828081bc80854baa - - default default] Successfully bumped revision number for resource 03c122e9-667a-40ad-9dc8-126aacd08302 (type: security_group_rules) to 0
2026-05-07 14:32:31.725 8 INFO neutron.db.ovn_revision_numbers_db [None req-55d20419-47c7-4251-bff8-042e3e241110 1c3e2505403f4947870444a37bb21639 a5fe58fe1bba4075828081bc80854baa - - default default] Successfully bumped revision number for resource 785edd84-eb47-4223-91f5-48d82163af52 (type: security_group_rules) to 0
2026-05-07 14:32:31.741 8 INFO neutron.db.ovn_revision_numbers_db [None req-55d20419-47c7-4251-bff8-042e3e241110 1c3e2505403f4947870444a37bb21639 a5fe58fe1bba4075828081bc80854baa - - default default] Successfully bumped revision number for resource b7d7f955-4554-4005-906f-a46fc9ec0014 (type: security_group_rules) to 0
2026-05-07 14:32:31.749 7 INFO neutron.db.ovn_revision_numbers_db [None req-b7a7c6d6-022b-4eb1-8a19-79a3674879e2 9e59c910076b46ec9dd97a33c6863740 41e88ca8f6bf4aa5b916d89270e14da7 - - default default] Successfully bumped revision number for resource 9902cb04-754a-4118-b73a-a2424343178b (type: security_group_rules) to 0
2026-05-07 14:32:31.757 8 INFO neutron.db.ovn_revision_numbers_db [None req-55d20419-47c7-4251-bff8-042e3e241110 1c3e2505403f4947870444a37bb21639 a5fe58fe1bba4075828081bc80854baa - - default default] Successfully bumped revision number for resource c1c8c1d5-172a-453e-9bd4-d667ef53edf7 (type: security_group_rules) to 0 [pid: 8|app: 0|req: 860/1688] 10.0.0.184 () {32 vars in 774 bytes} [Thu May 7 14:32:31 2026] GET /v2.0/security-groups?tenant_id=ffb3010cc6334994bb05fbe325708774&name=default => generated 2925 bytes in 481 msecs (HTTP/1.1 200) 4 headers in 158 bytes (1 switches on core 0) [pid: 7|app: 0|req: 829/1689] 10.0.0.184 () {34 vars in 695 bytes} [Thu May 7 14:32:31 2026] POST /v2.0/security-group-rules => generated 606 bytes in 335 msecs (HTTP/1.1 201) 4 headers in 162 bytes (1 switches on core 0)
2026-05-07 14:32:31.825 8 INFO neutron.pecan_wsgi.hooks.translation [None req-2d45da10-2012-4161-8aca-92af25a39306 da2b3e8fec6d480e84a4e1e32bce53dd ea2bebff3045453e9297f877eea61060 - - default default] DELETE failed (client error): The resource could not be found. [pid: 8|app: 0|req: 861/1690] 10.0.0.184 () {32 vars in 724 bytes} [Thu May 7 14:32:31 2026] DELETE /v2.0/subnets/f94a779f-b7f8-4773-aa2f-3fbba8b0ce51 => generated 136 bytes in 16 msecs (HTTP/1.1 404) 4 headers in 164 bytes (1 switches on core 0) [pid: 8|app: 0|req: 862/1691] 10.0.0.184 () {32 vars in 736 bytes} [Thu May 7 14:32:31 2026] GET /v2.0/ports?device_id=1894f0fa-4d94-47cd-835c-4679b955f86f => generated 12 bytes in 26 msecs (HTTP/1.1 200) 4 headers in 156 bytes (1 switches on core 0)
2026-05-07 14:32:31.892 8 INFO neutron.api.v2.resource [None req-1c7428ed-9661-435a-8c00-768eb7c11687 da2b3e8fec6d480e84a4e1e32bce53dd ea2bebff3045453e9297f877eea61060 - - default default] delete failed (client error): The resource could not be found. [pid: 8|app: 0|req: 863/1692] 10.0.0.184 () {32 vars in 724 bytes} [Thu May 7 14:32:31 2026] DELETE /v2.0/routers/1894f0fa-4d94-47cd-835c-4679b955f86f => generated 135 bytes in 27 msecs (HTTP/1.1 404) 4 headers in 164 bytes (1 switches on core 0)
2026-05-07 14:32:31.909 8 INFO neutron.pecan_wsgi.hooks.translation [None req-09046be5-719c-41d2-b437-edf3e3f21428 da2b3e8fec6d480e84a4e1e32bce53dd ea2bebff3045453e9297f877eea61060 - - default default] DELETE failed (client error): The resource could not be found. [pid: 8|app: 0|req: 864/1693] 10.0.0.184 () {32 vars in 724 bytes} [Thu May 7 14:32:31 2026] DELETE /v2.0/subnets/9f6fc642-07af-4038-aeba-9d562dcbb290 => generated 136 bytes in 16 msecs (HTTP/1.1 404) 4 headers in 164 bytes (1 switches on core 0)
2026-05-07 14:32:31.929 8 INFO neutron.pecan_wsgi.hooks.translation [None req-1eed3e27-e828-4a65-bc31-3551177d27e9 da2b3e8fec6d480e84a4e1e32bce53dd ea2bebff3045453e9297f877eea61060 - - default default] DELETE failed (client error): The resource could not be found. [pid: 8|app: 0|req: 865/1694] 10.0.0.184 () {32 vars in 724 bytes} [Thu May 7 14:32:31 2026] DELETE /v2.0/subnets/da3067be-b1fd-49d9-889e-7354bacf77e7 => generated 136 bytes in 13 msecs (HTTP/1.1 404) 4 headers in 164 bytes (1 switches on core 0)
2026-05-07 14:32:32.020 7 INFO neutron.db.ovn_revision_numbers_db [None req-19a39dbc-5124-4aef-b60b-13ea6a70fcd6 - - - - - -] Successfully bumped revision number for resource 2934aad9-3d02-4c81-ba83-fac2489a5bf2 (type: ports) to 7 [pid: 7|app: 0|req: 830/1695] 10.0.0.184 () {32 vars in 740 bytes} [Thu May 7 14:32:31 2026] DELETE /v2.0/security-groups/3fc06fb8-79c9-466a-9b91-875b044cfa8d => generated 0 bytes in 331 msecs (HTTP/1.1 204) 2 headers in 112 bytes (1 switches on core 0)
2026-05-07 14:32:32.169 7 INFO neutron.plugins.ml2.drivers.ovn.mech_driver.mech_driver [None req-21b84366-8795-4f32-ae50-bb2bcb59a879 - - - - - -] OVN reports status down for port: 7c1db8b4-fbaa-4cf0-b17c-052471487861
2026-05-07 14:32:32.235 7 WARNING neutron.plugins.ml2.drivers.ovn.mech_driver.ovsdb.ovn_client [None req-21b84366-8795-4f32-ae50-bb2bcb59a879 - - - - - -] Logical_Switch_Port 7c1db8b4-fbaa-4cf0-b17c-052471487861 host information not removed, the port state is up
2026-05-07 14:32:32.235 7 INFO neutron.plugins.ml2.drivers.ovn.mech_driver.mech_driver [None req-21b84366-8795-4f32-ae50-bb2bcb59a879 - - - - - -] OVN reports status up for port: 7c1db8b4-fbaa-4cf0-b17c-052471487861
2026-05-07 14:32:32.244 7 INFO neutron.plugins.ml2.plugin [None req-21b84366-8795-4f32-ae50-bb2bcb59a879 - - - - - -] Attempt 1 to provision port 7c1db8b4-fbaa-4cf0-b17c-052471487861 [pid: 8|app: 0|req: 866/1696] 10.0.0.184 () {32 vars in 649 bytes} [Thu May 7 14:32:32 2026] GET /v2.0/networks => generated 1374 bytes in 256 msecs (HTTP/1.1 200) 4 headers in 158 bytes (1 switches on core 0)
2026-05-07 14:32:32.471 7 WARNING neutron.db.securitygroups_db [None req-78a7bfcc-e765-41ec-a1d6-5d6954bfdc17 1c3e2505403f4947870444a37bb21639 a5fe58fe1bba4075828081bc80854baa - - default default] project_id key not found in filters, using tenant_id instead. This support has been deprecated and will be removed in a future release. [pid: 7|app: 0|req: 831/1699] 10.0.0.184 () {32 vars in 774 bytes} [Thu May 7 14:32:32 2026] GET /v2.0/security-groups?tenant_id=ea2bebff3045453e9297f877eea61060&name=default => generated 2925 bytes in 111 msecs (HTTP/1.1 200) 4 headers in 158 bytes (1 switches on core 0)
