2026-05-07 14:34:28.729 8 INFO neutron.db.ovn_revision_numbers_db [None req-81237b2f-4ddc-4d1f-b7e0-65233e1b6f0b 1c3e2505403f4947870444a37bb21639 a5fe58fe1bba4075828081bc80854baa - - default default] Successfully bumped revision number for resource 405c38c1-669a-4ba9-b9dd-4d722d358ab4 (type: security_group_rules) to 0 [pid: 7|app: 0|req: 1281/2612] 10.0.0.184 () {32 vars in 726 bytes} [Thu May 7 14:34:28 2026] DELETE /v2.0/networks/ee2148cb-a064-419d-b0a5-f713f2e01671 => generated 0 bytes in 329 msecs (HTTP/1.1 204) 3 headers in 131 bytes (1 switches on core 0)
2026-05-07 14:34:28.744 7 WARNING tagging [None req-ff0ff075-56b4-45ee-9ffd-1cd252050010 2cf3e32fa3cb4eb48996563b53e62591 15e9d3b6a4224deeb6f96758f5f55127 - - default default] project_id key not found in request, using tenant_id instead. This support has been deprecated and will be removed in a future release.
2026-05-07 14:34:28.755 8 INFO neutron.db.ovn_revision_numbers_db [None req-81237b2f-4ddc-4d1f-b7e0-65233e1b6f0b 1c3e2505403f4947870444a37bb21639 a5fe58fe1bba4075828081bc80854baa - - default default] Successfully bumped revision number for resource 53767c5f-a1ac-42e1-bf65-27ad4d79ab87 (type: security_group_rules) to 0 [pid: 7|app: 0|req: 1282/2613] 10.0.0.184 () {34 vars in 756 bytes} [Thu May 7 14:34:28 2026] PUT /v2.0/trunks/981aed71-2c0c-42c2-955e-5fa4c812193e/tags/red => generated 4 bytes in 34 msecs (HTTP/1.1 201) 4 headers in 160 bytes (1 switches on core 0)
2026-05-07 14:34:28.782 7 WARNING tagging [None req-b5169ebf-7c69-44d3-b8d0-4dcf333aa168 2cf3e32fa3cb4eb48996563b53e62591 15e9d3b6a4224deeb6f96758f5f55127 - - default default] project_id key not found in request, using tenant_id instead. This support has been deprecated and will be removed in a future release. [pid: 7|app: 0|req: 1283/2614] 10.0.0.184 () {32 vars in 729 bytes} [Thu May 7 14:34:28 2026] GET /v2.0/trunks/981aed71-2c0c-42c2-955e-5fa4c812193e/tags => generated 34 bytes in 19 msecs (HTTP/1.1 200) 4 headers in 156 bytes (1 switches on core 0) [pid: 8|app: 0|req: 1332/2615] 10.0.0.184 () {32 vars in 774 bytes} [Thu May 7 14:34:28 2026] GET /v2.0/security-groups?tenant_id=9f33575265ca4db3ab646ef42107b824&name=default => generated 2929 bytes in 266 msecs (HTTP/1.1 200) 4 headers in 158 bytes (1 switches on core 0)
2026-05-07 14:34:28.805 7 WARNING tagging [None req-0484989e-b682-4357-b6fd-a8e85f9a1dd3 2cf3e32fa3cb4eb48996563b53e62591 15e9d3b6a4224deeb6f96758f5f55127 - - default default] project_id key not found in request, using tenant_id instead. This support has been deprecated and will be removed in a future release. [pid: 7|app: 0|req: 1284/2616] 10.0.0.184 () {34 vars in 778 bytes} [Thu May 7 14:34:28 2026] PUT /v2.0/trunks/981aed71-2c0c-42c2-955e-5fa4c812193e/tags/black.or.white => generated 4 bytes in 32 msecs (HTTP/1.1 201) 4 headers in 160 bytes (1 switches on core 0)
2026-05-07 14:34:28.840 7 WARNING tagging [None req-32ec7042-a8eb-4a13-91eb-239bc74ee3c3 2cf3e32fa3cb4eb48996563b53e62591 15e9d3b6a4224deeb6f96758f5f55127 - - default default] project_id key not found in request, using tenant_id instead. This support has been deprecated and will be removed in a future release. [pid: 7|app: 0|req: 1285/2617] 10.0.0.184 () {32 vars in 729 bytes} [Thu May 7 14:34:28 2026] GET /v2.0/trunks/981aed71-2c0c-42c2-955e-5fa4c812193e/tags => generated 52 bytes in 20 msecs (HTTP/1.1 200) 4 headers in 156 bytes (1 switches on core 0)
2026-05-07 14:34:28.866 7 WARNING tagging [None req-6d52ce10-412f-46d6-bcf2-88a59c07ea80 2cf3e32fa3cb4eb48996563b53e62591 15e9d3b6a4224deeb6f96758f5f55127 - - default default] project_id key not found in request, using tenant_id instead. This support has been deprecated and will be removed in a future release. [pid: 7|app: 0|req: 1286/2618] 10.0.0.184 () {34 vars in 749 bytes} [Thu May 7 14:34:28 2026] PUT /v2.0/trunks/981aed71-2c0c-42c2-955e-5fa4c812193e/tags => generated 37 bytes in 32 msecs (HTTP/1.1 200) 4 headers in 156 bytes (1 switches on core 0)
2026-05-07 14:34:28.904 7 WARNING tagging [None req-b78b2c9c-265f-4ce2-b43a-f59964a5b09e 2cf3e32fa3cb4eb48996563b53e62591 15e9d3b6a4224deeb6f96758f5f55127 - - default default] project_id key not found in request, using tenant_id instead. This support has been deprecated and will be removed in a future release. [pid: 7|app: 0|req: 1287/2619] 10.0.0.184 () {32 vars in 729 bytes} [Thu May 7 14:34:28 2026] GET /v2.0/trunks/981aed71-2c0c-42c2-955e-5fa4c812193e/tags => generated 37 bytes in 20 msecs (HTTP/1.1 200) 4 headers in 156 bytes (1 switches on core 0)
2026-05-07 14:34:28.926 7 WARNING tagging [None req-3075d210-a4d4-45d6-ba73-0bf07ee5afc8 2cf3e32fa3cb4eb48996563b53e62591 15e9d3b6a4224deeb6f96758f5f55127 - - default default] project_id key not found in request, using tenant_id instead. This support has been deprecated and will be removed in a future release. [pid: 7|app: 0|req: 1288/2620] 10.0.0.184 () {32 vars in 737 bytes} [Thu May 7 14:34:28 2026] GET /v2.0/trunks/981aed71-2c0c-42c2-955e-5fa4c812193e/tags/red => generated 0 bytes in 17 msecs (HTTP/1.1 204) 2 headers in 112 bytes (1 switches on core 0)
2026-05-07 14:34:28.952 7 WARNING tagging [None req-78daddc8-80f0-4149-bcdb-dbba59492ab4 2cf3e32fa3cb4eb48996563b53e62591 15e9d3b6a4224deeb6f96758f5f55127 - - default default] project_id key not found in request, using tenant_id instead. This support has been deprecated and will be removed in a future release.
2026-05-07 14:34:28.960 7 INFO neutron.api.v2.resource [None req-78daddc8-80f0-4149-bcdb-dbba59492ab4 2cf3e32fa3cb4eb48996563b53e62591 15e9d3b6a4224deeb6f96758f5f55127 - - default default] show failed (client error): The resource could not be found. [pid: 7|app: 0|req: 1289/2621] 10.0.0.184 () {32 vars in 741 bytes} [Thu May 7 14:34:28 2026] GET /v2.0/trunks/981aed71-2c0c-42c2-955e-5fa4c812193e/tags/green => generated 99 bytes in 24 msecs (HTTP/1.1 404) 4 headers in 163 bytes (1 switches on core 0)
2026-05-07 14:34:28.977 7 WARNING tagging [None req-9c4209df-a62d-4f7e-abf5-8fa49fc365b1 2cf3e32fa3cb4eb48996563b53e62591 15e9d3b6a4224deeb6f96758f5f55127 - - default default] project_id key not found in request, using tenant_id instead. This support has been deprecated and will be removed in a future release. [pid: 8|app: 0|req: 1333/2622] 10.0.0.184 () {32 vars in 740 bytes} [Thu May 7 14:34:28 2026] DELETE /v2.0/security-groups/3c1c22f7-16a9-43b0-9594-f6dbc40018c8 => generated 0 bytes in 179 msecs (HTTP/1.1 204) 2 headers in 112 bytes (1 switches on core 0) [pid: 7|app: 0|req: 1290/2623] 10.0.0.184 () {32 vars in 740 bytes} [Thu May 7 14:34:28 2026] DELETE /v2.0/trunks/981aed71-2c0c-42c2-955e-5fa4c812193e/tags/red => generated 0 bytes in 34 msecs (HTTP/1.1 204) 2 headers in 112 bytes (1 switches on core 0)
2026-05-07 14:34:29.019 8 WARNING tagging [None req-769aada7-2694-4f0a-b955-4d5d9a614ab5 2cf3e32fa3cb4eb48996563b53e62591 15e9d3b6a4224deeb6f96758f5f55127 - - default default] project_id key not found in request, using tenant_id instead. This support has been deprecated and will be removed in a future release. [pid: 8|app: 0|req: 1334/2624] 10.0.0.184 () {32 vars in 729 bytes} [Thu May 7 14:34:29 2026] GET /v2.0/trunks/981aed71-2c0c-42c2-955e-5fa4c812193e/tags => generated 30 bytes in 22 msecs (HTTP/1.1 200) 4 headers in 156 bytes (1 switches on core 0)
2026-05-07 14:34:29.056 7 WARNING tagging [None req-764dfb29-f8e2-488c-b746-3ac50446d905 2cf3e32fa3cb4eb48996563b53e62591 15e9d3b6a4224deeb6f96758f5f55127 - - default default] project_id key not found in request, using tenant_id instead. This support has been deprecated and will be removed in a future release.
2026-05-07 14:34:29.069 7 INFO neutron.api.v2.resource [None req-764dfb29-f8e2-488c-b746-3ac50446d905 2cf3e32fa3cb4eb48996563b53e62591 15e9d3b6a4224deeb6f96758f5f55127 - - default default] delete failed (client error): The resource could not be found. [pid: 7|app: 0|req: 1291/2625] 10.0.0.184 () {32 vars in 744 bytes} [Thu May 7 14:34:29 2026] DELETE /v2.0/trunks/981aed71-2c0c-42c2-955e-5fa4c812193e/tags/green => generated 99 bytes in 39 msecs (HTTP/1.1 404) 4 headers in 163 bytes (1 switches on core 0)
2026-05-07 14:34:29.089 8 WARNING tagging [None req-1e0996cd-6ef6-463e-8d8d-ca473ad1760a 2cf3e32fa3cb4eb48996563b53e62591 15e9d3b6a4224deeb6f96758f5f55127 - - default default] project_id key not found in request, using tenant_id instead. This support has been deprecated and will be removed in a future release. [pid: 8|app: 0|req: 1335/2626] 10.0.0.184 () {32 vars in 732 bytes} [Thu May 7 14:34:29 2026] DELETE /v2.0/trunks/981aed71-2c0c-42c2-955e-5fa4c812193e/tags => generated 0 bytes in 35 msecs (HTTP/1.1 204) 2 headers in 112 bytes (1 switches on core 0)
2026-05-07 14:34:29.128 7 WARNING tagging [None req-41d61083-f11a-48c7-9d56-e78252de70ef 2cf3e32fa3cb4eb48996563b53e62591 15e9d3b6a4224deeb6f96758f5f55127 - - default default] project_id key not found in request, using tenant_id instead. This support has been deprecated and will be removed in a future release. [pid: 7|app: 0|req: 1292/2627] 10.0.0.184 () {32 vars in 729 bytes} [Thu May 7 14:34:29 2026] GET /v2.0/trunks/981aed71-2c0c-42c2-955e-5fa4c812193e/tags => generated 12 bytes in 19 msecs (HTTP/1.1 200) 4 headers in 156 bytes (1 switches on core 0) [pid: 8|app: 0|req: 1336/2628] 10.0.0.184 () {32 vars in 719 bytes} [Thu May 7 14:34:29 2026] GET /v2.0/trunks/981aed71-2c0c-42c2-955e-5fa4c812193e => generated 409 bytes in 24 msecs (HTTP/1.1 200) 4 headers in 157 bytes (1 switches on core 0) [pid: 7|app: 0|req: 1293/2629] 10.0.0.184 () {32 vars in 717 bytes} [Thu May 7 14:34:29 2026] GET /v2.0/ports/9b3958d7-628f-4cff-a99f-d17eb26f3b5f => generated 826 bytes in 65 msecs (HTTP/1.1 200) 4 headers in 157 bytes (1 switches on core 0) [pid: 8|app: 0|req: 1337/2630] 10.0.0.184 () {32 vars in 722 bytes} [Thu May 7 14:34:29 2026] DELETE /v2.0/trunks/981aed71-2c0c-42c2-955e-5fa4c812193e => generated 0 bytes in 106 msecs (HTTP/1.1 204) 2 headers in 112 bytes (1 switches on core 0)
2026-05-07 14:34:29.461 8 WARNING neutron.db.securitygroups_db [None req-8ea92b9a-e1c0-41f8-b120-d6a7ca99c7d5 1c3e2505403f4947870444a37bb21639 a5fe58fe1bba4075828081bc80854baa - - default default] project_id key not found in filters, using tenant_id instead. This support has been deprecated and will be removed in a future release. [pid: 8|app: 0|req: 1338/2631] 10.0.0.184 () {32 vars in 774 bytes} [Thu May 7 14:34:29 2026] GET /v2.0/security-groups?tenant_id=7330f3c5d2d84e8bb4849884349df520&name=default => generated 2925 bytes in 125 msecs (HTTP/1.1 200) 4 headers in 158 bytes (1 switches on core 0)
2026-05-07 14:34:29.508 7 INFO neutron_taas.services.taas.taas_plugin [None req-ae17e8f1-dee0-4b94-bb51-308e0c3656e0 2cf3e32fa3cb4eb48996563b53e62591 15e9d3b6a4224deeb6f96758f5f55127 - - default default] TaaS: Handle Delete Port: 9b3958d7-628f-4cff-a99f-d17eb26f3b5f
2026-05-07 14:34:29.514 7 INFO neutron_taas.services.taas.tap_mirror_plugin [None req-ae17e8f1-dee0-4b94-bb51-308e0c3656e0 2cf3e32fa3cb4eb48996563b53e62591 15e9d3b6a4224deeb6f96758f5f55127 - - default default] Tap Mirror: Handle Delete Port: 9b3958d7-628f-4cff-a99f-d17eb26f3b5f [pid: 7|app: 0|req: 1294/2632] 10.0.0.184 () {32 vars in 720 bytes} [Thu May 7 14:34:29 2026] DELETE /v2.0/ports/9b3958d7-628f-4cff-a99f-d17eb26f3b5f => generated 0 bytes in 280 msecs (HTTP/1.1 204) 3 headers in 131 bytes (1 switches on core 0) [pid: 8|app: 0|req: 1339/2633] 10.0.0.184 () {32 vars in 740 bytes} [Thu May 7 14:34:29 2026] DELETE /v2.0/security-groups/b2f16956-4e57-4ba8-8416-90178a79dcb7 => generated 0 bytes in 246 msecs (HTTP/1.1 204) 2 headers in 112 bytes (1 switches on core 0)
2026-05-07 14:34:29.763 7 INFO neutron_taas.services.taas.taas_plugin [None req-b1b7bbd6-3341-47fe-9a48-bd0ae1f9a4a6 2cf3e32fa3cb4eb48996563b53e62591 15e9d3b6a4224deeb6f96758f5f55127 - - default default] TaaS: Handle Delete Port: fe575fba-a68c-452a-9690-bdd26d148248
2026-05-07 14:34:29.766 7 INFO neutron_taas.services.taas.tap_mirror_plugin [None req-b1b7bbd6-3341-47fe-9a48-bd0ae1f9a4a6 2cf3e32fa3cb4eb48996563b53e62591 15e9d3b6a4224deeb6f96758f5f55127 - - default default] Tap Mirror: Handle Delete Port: fe575fba-a68c-452a-9690-bdd26d148248
2026-05-07 14:34:29.848 8 WARNING neutron.db.securitygroups_db [None req-672bfc66-5cb3-4217-8c3b-f3ddd62a48d6 1c3e2505403f4947870444a37bb21639 a5fe58fe1bba4075828081bc80854baa - - default default] project_id key not found in filters, using tenant_id instead. This support has been deprecated and will be removed in a future release.
2026-05-07 14:34:29.974 8 INFO neutron.db.ovn_revision_numbers_db [None req-672bfc66-5cb3-4217-8c3b-f3ddd62a48d6 1c3e2505403f4947870444a37bb21639 a5fe58fe1bba4075828081bc80854baa - - default default] Successfully bumped revision number for resource de744668-5c3f-4ad5-a118-b36180028d76 (type: security_groups) to 1
2026-05-07 14:34:29.987 8 INFO neutron.db.ovn_revision_numbers_db [None req-672bfc66-5cb3-4217-8c3b-f3ddd62a48d6 1c3e2505403f4947870444a37bb21639 a5fe58fe1bba4075828081bc80854baa - - default default] Successfully bumped revision number for resource 1fdc4321-e363-47f5-a704-94b63272d452 (type: security_group_rules) to 0
2026-05-07 14:34:30.000 8 INFO neutron.db.ovn_revision_numbers_db [None req-672bfc66-5cb3-4217-8c3b-f3ddd62a48d6 1c3e2505403f4947870444a37bb21639 a5fe58fe1bba4075828081bc80854baa - - default default] Successfully bumped revision number for resource 3e30c27f-babe-4de2-8e73-c7cc86b7573c (type: security_group_rules) to 0
2026-05-07 14:34:30.011 8 INFO neutron.db.ovn_revision_numbers_db [None req-672bfc66-5cb3-4217-8c3b-f3ddd62a48d6 1c3e2505403f4947870444a37bb21639 a5fe58fe1bba4075828081bc80854baa - - default default] Successfully bumped revision number for resource 94259710-2739-4766-be7f-406061736987 (type: security_group_rules) to 0 [pid: 7|app: 0|req: 1295/2634] 10.0.0.184 () {32 vars in 726 bytes} [Thu May 7 14:34:29 2026] DELETE /v2.0/networks/c13e5161-b408-4be9-8d8c-4e4e71fb5754 => generated 0 bytes in 383 msecs (HTTP/1.1 204) 3 headers in 131 bytes (1 switches on core 0)
2026-05-07 14:34:30.042 8 INFO neutron.db.ovn_revision_numbers_db [None req-672bfc66-5cb3-4217-8c3b-f3ddd62a48d6 1c3e2505403f4947870444a37bb21639 a5fe58fe1bba4075828081bc80854baa - - default default] Successfully bumped revision number for resource c3ad5f3b-5b15-4677-b612-59d4836b3a3e (type: security_group_rules) to 0 [pid: 8|app: 0|req: 1340/2635] 10.0.0.184 () {32 vars in 774 bytes} [Thu May 7 14:34:29 2026] GET /v2.0/security-groups?tenant_id=d0a3b11c5eaf4b1b98710fcd87f16e82&name=default => generated 2929 bytes in 244 msecs (HTTP/1.1 200) 4 headers in 158 bytes (1 switches on core 0) [pid: 8|app: 0|req: 1341/2636] 10.0.0.184 () {32 vars in 740 bytes} [Thu May 7 14:34:30 2026] DELETE /v2.0/security-groups/de744668-5c3f-4ad5-a118-b36180028d76 => generated 0 bytes in 180 msecs (HTTP/1.1 204) 2 headers in 112 bytes (1 switches on core 0)
2026-05-07 14:34:30.297 7 INFO neutron.db.ovn_revision_numbers_db [None req-15a9259d-8b79-48c2-8e28-07bbb737e149 44a730a3b6264a649c31e772cc85ddfa a0477223cf4d40e286778637dea3941d - - default default] Successfully bumped revision number for resource 24b60f6a-4935-4a8e-9b79-77c735d011a7 (type: security_groups) to 1
2026-05-07 14:34:30.312 7 INFO neutron.db.ovn_revision_numbers_db [None req-15a9259d-8b79-48c2-8e28-07bbb737e149 44a730a3b6264a649c31e772cc85ddfa a0477223cf4d40e286778637dea3941d - - default default] Successfully bumped revision number for resource 12166ec2-6126-42e1-9ae8-8e6c28643875 (type: security_group_rules) to 0
2026-05-07 14:34:30.326 7 INFO neutron.db.ovn_revision_numbers_db [None req-15a9259d-8b79-48c2-8e28-07bbb737e149 44a730a3b6264a649c31e772cc85ddfa a0477223cf4d40e286778637dea3941d - - default default] Successfully bumped revision number for resource 30104998-f659-48f4-b362-cfc0b17440f1 (type: security_group_rules) to 0
2026-05-07 14:34:30.351 7 INFO neutron.db.ovn_revision_numbers_db [None req-15a9259d-8b79-48c2-8e28-07bbb737e149 44a730a3b6264a649c31e772cc85ddfa a0477223cf4d40e286778637dea3941d - - default default] Successfully bumped revision number for resource 55d40d0d-ba3e-4c0b-97c9-19f2eea3a0cb (type: security_group_rules) to 0
2026-05-07 14:34:30.367 7 INFO neutron.db.ovn_revision_numbers_db [None req-15a9259d-8b79-48c2-8e28-07bbb737e149 44a730a3b6264a649c31e772cc85ddfa a0477223cf4d40e286778637dea3941d - - default default] Successfully bumped revision number for resource e6cad3e3-e434-43ad-b7c4-ea335c6e7c01 (type: security_group_rules) to 0
2026-05-07 14:34:30.448 7 INFO neutron.db.segments_db [None req-15a9259d-8b79-48c2-8e28-07bbb737e149 44a730a3b6264a649c31e772cc85ddfa a0477223cf4d40e286778637dea3941d - - default default] Added segment 8a531b81-23f2-4a7a-a349-ff0fde41388f of type geneve for network e63687e5-ffec-4264-be8c-385086541342
2026-05-07 14:34:30.568 7 INFO neutron.db.ovn_revision_numbers_db [None req-15a9259d-8b79-48c2-8e28-07bbb737e149 44a730a3b6264a649c31e772cc85ddfa a0477223cf4d40e286778637dea3941d - - default default] Successfully bumped revision number for resource e63687e5-ffec-4264-be8c-385086541342 (type: networks) to 1
2026-05-07 14:34:30.703 7 INFO neutron.services.segments.plugin [-] Segment 97ee395d-8448-477e-8cea-30a53b5b7933 resource provider aggregate not found
2026-05-07 14:34:30.708 7 INFO neutron.services.segments.plugin [-] Segment 97ee395d-8448-477e-8cea-30a53b5b7933 resource provider aggregate not found
2026-05-07 14:34:30.721 7 INFO neutron.services.segments.plugin [-] Segment 97ee395d-8448-477e-8cea-30a53b5b7933 resource provider not found; error: Placement Client Error (4xx): {"errors": [{"status": 404, "title": "Not Found", "detail": "The resource could not be found.\n\n No resource provider with uuid 97ee395d-8448-477e-8cea-30a53b5b7933 found for delete ", "request_id": "req-e7097261-23e8-4538-ae0e-c54db5a56992"}]}
2026-05-07 14:34:30.738 7 INFO neutron.services.segments.plugin [-] Segment 97ee395d-8448-477e-8cea-30a53b5b7933 resource provider not found; error: Placement Client Error (4xx): {"errors": [{"status": 404, "title": "Not Found", "detail": "The resource could not be found.\n\n No resource provider with uuid 97ee395d-8448-477e-8cea-30a53b5b7933 found for delete ", "request_id": "req-7e367bbd-68b7-4097-bc8a-5b95ccb21d2a"}]}
2026-05-07 14:34:30.745 7 WARNING neutron.scheduler.dhcp_agent_scheduler [None req-15a9259d-8b79-48c2-8e28-07bbb737e149 44a730a3b6264a649c31e772cc85ddfa a0477223cf4d40e286778637dea3941d - - default default] No more DHCP agents
2026-05-07 14:34:30.746 7 WARNING neutron.api.rpc.agentnotifiers.dhcp_rpc_agent_api [None req-15a9259d-8b79-48c2-8e28-07bbb737e149 44a730a3b6264a649c31e772cc85ddfa a0477223cf4d40e286778637dea3941d - - default default] Unable to schedule network e63687e5-ffec-4264-be8c-385086541342: no agents available; will retry on subsequent port and subnet creation events.
2026-05-07 14:34:30.796 8 INFO neutron.plugins.ml2.drivers.ovn.mech_driver.mech_driver [None req-4d613945-c481-4569-b3b9-5b010e5048e3 - - - - - -] OVN reports status down for port: 5604dbd7-32cf-47c5-915f-00926a237d77
2026-05-07 14:34:30.809 7 INFO neutron.db.ovn_revision_numbers_db [None req-15a9259d-8b79-48c2-8e28-07bbb737e149 44a730a3b6264a649c31e772cc85ddfa a0477223cf4d40e286778637dea3941d - - default default] Successfully bumped revision number for resource 5604dbd7-32cf-47c5-915f-00926a237d77 (type: ports) to 1
2026-05-07 14:34:30.813 8 WARNING neutron.db.securitygroups_db [None req-09ecf78f-5582-41ba-aef0-bc9d263c8769 1c3e2505403f4947870444a37bb21639 a5fe58fe1bba4075828081bc80854baa - - default default] project_id key not found in filters, using tenant_id instead. This support has been deprecated and will be removed in a future release. [pid: 7|app: 0|req: 1296/2637] 10.0.0.184 () {34 vars in 670 bytes} [Thu May 7 14:34:30 2026] POST /v2.0/networks => generated 670 bytes in 806 msecs (HTTP/1.1 201) 4 headers in 162 bytes (1 switches on core 0)
2026-05-07 14:34:31.000 8 INFO neutron.db.ovn_revision_numbers_db [None req-09ecf78f-5582-41ba-aef0-bc9d263c8769 1c3e2505403f4947870444a37bb21639 a5fe58fe1bba4075828081bc80854baa - - default default] Successfully bumped revision number for resource 509d592e-b8d0-4fef-b0a3-84256aa9df41 (type: security_groups) to 1
2026-05-07 14:34:31.012 8 INFO neutron.db.ovn_revision_numbers_db [None req-09ecf78f-5582-41ba-aef0-bc9d263c8769 1c3e2505403f4947870444a37bb21639 a5fe58fe1bba4075828081bc80854baa - - default default] Successfully bumped revision number for resource 92b98a6d-7b8a-4789-82fd-64fded5fcf41 (type: security_group_rules) to 0
2026-05-07 14:34:31.030 8 INFO neutron.db.ovn_revision_numbers_db [None req-09ecf78f-5582-41ba-aef0-bc9d263c8769 1c3e2505403f4947870444a37bb21639 a5fe58fe1bba4075828081bc80854baa - - default default] Successfully bumped revision number for resource b364e214-cfbd-4550-9d12-ad776269dd86 (type: security_group_rules) to 0
2026-05-07 14:34:31.052 8 INFO neutron.db.ovn_revision_numbers_db [None req-09ecf78f-5582-41ba-aef0-bc9d263c8769 1c3e2505403f4947870444a37bb21639 a5fe58fe1bba4075828081bc80854baa - - default default] Successfully bumped revision number for resource ccf36b8a-d43b-4f05-91e2-cc2038cb15b6 (type: security_group_rules) to 0
2026-05-07 14:34:31.069 8 INFO neutron.db.ovn_revision_numbers_db [None req-09ecf78f-5582-41ba-aef0-bc9d263c8769 1c3e2505403f4947870444a37bb21639 a5fe58fe1bba4075828081bc80854baa - - default default] Successfully bumped revision number for resource ea74c361-0d42-4495-9c7d-f1d8a8fe7ea8 (type: security_group_rules) to 0
2026-05-07 14:34:31.078 7 WARNING neutron.scheduler.dhcp_agent_scheduler [None req-7707925d-5598-48d6-a73f-605377913407 44a730a3b6264a649c31e772cc85ddfa a0477223cf4d40e286778637dea3941d - - default default] No more DHCP agents
2026-05-07 14:34:31.081 7 WARNING neutron.api.rpc.agentnotifiers.dhcp_rpc_agent_api [None req-7707925d-5598-48d6-a73f-605377913407 44a730a3b6264a649c31e772cc85ddfa a0477223cf4d40e286778637dea3941d - - default default] Unable to schedule network e63687e5-ffec-4264-be8c-385086541342: no agents available; will retry on subsequent port and subnet creation events. [pid: 8|app: 0|req: 1342/2638] 10.0.0.184 () {32 vars in 774 bytes} [Thu May 7 14:34:30 2026] GET /v2.0/security-groups?tenant_id=ce6aab837e314053bc4f893024471792&name=default => generated 2929 bytes in 420 msecs (HTTP/1.1 200) 4 headers in 158 bytes (1 switches on core 0)
2026-05-07 14:34:31.155 8 INFO neutron.plugins.ml2.drivers.ovn.mech_driver.mech_driver [None req-4d613945-c481-4569-b3b9-5b010e5048e3 - - - - - -] OVN reports status down for port: 2b287404-cdb8-442b-a204-4106076f4f1d
2026-05-07 14:34:31.164 7 INFO neutron.db.ovn_revision_numbers_db [None req-7707925d-5598-48d6-a73f-605377913407 44a730a3b6264a649c31e772cc85ddfa a0477223cf4d40e286778637dea3941d - - default default] Successfully bumped revision number for resource 2b287404-cdb8-442b-a204-4106076f4f1d (type: ports) to 1 [pid: 7|app: 0|req: 1297/2639] 10.0.0.184 () {34 vars in 664 bytes} [Thu May 7 14:34:30 2026] POST /v2.0/ports => generated 743 bytes in 376 msecs (HTTP/1.1 201) 4 headers in 162 bytes (1 switches on core 0) /var/lib/openstack/lib/python3.12/site-packages/pycadf/identifier.py:70: UserWarning: Invalid uuid: neutron. To ensure interoperability, identifiers should be a valid uuid. warnings.warn(('Invalid uuid: %s. To ensure interoperability, '
2026-05-07 14:34:31.330 7 INFO neutron.db.segments_db [None req-92914ac4-5ba0-4dea-ac85-d8b0f017cc30 44a730a3b6264a649c31e772cc85ddfa a0477223cf4d40e286778637dea3941d - - default default] Added segment 3be2897e-3b7e-4b7b-bd34-ea5999d43d60 of type geneve for network 5fc340f9-faeb-45e2-8b85-980f9d9a934f [pid: 8|app: 0|req: 1343/2640] 10.0.0.184 () {32 vars in 740 bytes} [Thu May 7 14:34:31 2026] DELETE /v2.0/security-groups/509d592e-b8d0-4fef-b0a3-84256aa9df41 => generated 0 bytes in 246 msecs (HTTP/1.1 204) 2 headers in 112 bytes (1 switches on core 0)
2026-05-07 14:34:31.448 7 INFO neutron.db.ovn_revision_numbers_db [None req-92914ac4-5ba0-4dea-ac85-d8b0f017cc30 44a730a3b6264a649c31e772cc85ddfa a0477223cf4d40e286778637dea3941d - - default default] Successfully bumped revision number for resource 5fc340f9-faeb-45e2-8b85-980f9d9a934f (type: networks) to 1
2026-05-07 14:34:31.525 8 WARNING neutron.db.securitygroups_db [None req-355672cc-71c4-469c-b9db-2ebdd1db4bf8 1c3e2505403f4947870444a37bb21639 a5fe58fe1bba4075828081bc80854baa - - default default] project_id key not found in filters, using tenant_id instead. This support has been deprecated and will be removed in a future release. [pid: 8|app: 0|req: 1344/2641] 10.0.0.184 () {32 vars in 774 bytes} [Thu May 7 14:34:31 2026] GET /v2.0/security-groups?tenant_id=15e9d3b6a4224deeb6f96758f5f55127&name=default => generated 2929 bytes in 29 msecs (HTTP/1.1 200) 4 headers in 158 bytes (1 switches on core 0)
2026-05-07 14:34:31.609 7 WARNING neutron.scheduler.dhcp_agent_scheduler [None req-92914ac4-5ba0-4dea-ac85-d8b0f017cc30 44a730a3b6264a649c31e772cc85ddfa a0477223cf4d40e286778637dea3941d - - default default] No more DHCP agents
2026-05-07 14:34:31.610 7 WARNING neutron.api.rpc.agentnotifiers.dhcp_rpc_agent_api [None req-92914ac4-5ba0-4dea-ac85-d8b0f017cc30 44a730a3b6264a649c31e772cc85ddfa a0477223cf4d40e286778637dea3941d - - default default] Unable to schedule network 5fc340f9-faeb-45e2-8b85-980f9d9a934f: no agents available; will retry on subsequent port and subnet creation events.
2026-05-07 14:34:31.671 8 INFO neutron.plugins.ml2.drivers.ovn.mech_driver.mech_driver [None req-4d613945-c481-4569-b3b9-5b010e5048e3 - - - - - -] OVN reports status down for port: 3fc4c45d-4a26-4656-8e77-8ea250349fef
2026-05-07 14:34:31.699 7 INFO neutron.db.ovn_revision_numbers_db [None req-92914ac4-5ba0-4dea-ac85-d8b0f017cc30 44a730a3b6264a649c31e772cc85ddfa a0477223cf4d40e286778637dea3941d - - default default] Successfully bumped revision number for resource 3fc4c45d-4a26-4656-8e77-8ea250349fef (type: ports) to 1 [pid: 7|app: 0|req: 1298/2642] 10.0.0.184 () {34 vars in 670 bytes} [Thu May 7 14:34:31 2026] POST /v2.0/networks => generated 670 bytes in 513 msecs (HTTP/1.1 201) 4 headers in 162 bytes (1 switches on core 0) [pid: 8|app: 0|req: 1345/2643] 10.0.0.184 () {32 vars in 740 bytes} [Thu May 7 14:34:31 2026] DELETE /v2.0/security-groups/b9fedb73-11bb-4392-81d8-424f55c80a0a => generated 0 bytes in 227 msecs (HTTP/1.1 204) 2 headers in 112 bytes (1 switches on core 0)
2026-05-07 14:34:31.981 7 WARNING neutron.scheduler.dhcp_agent_scheduler [None req-a13d0efb-e24f-431e-93bd-2f299fc8257a 44a730a3b6264a649c31e772cc85ddfa a0477223cf4d40e286778637dea3941d - - default default] No more DHCP agents
2026-05-07 14:34:31.984 7 WARNING neutron.api.rpc.agentnotifiers.dhcp_rpc_agent_api [None req-a13d0efb-e24f-431e-93bd-2f299fc8257a 44a730a3b6264a649c31e772cc85ddfa a0477223cf4d40e286778637dea3941d - - default default] Unable to schedule network 5fc340f9-faeb-45e2-8b85-980f9d9a934f: no agents available; will retry on subsequent port and subnet creation events.
2026-05-07 14:34:32.042 8 INFO neutron.plugins.ml2.drivers.ovn.mech_driver.mech_driver [None req-4d613945-c481-4569-b3b9-5b010e5048e3 - - - - - -] OVN reports status down for port: 6ec2befe-2002-47b5-938b-1f051100f989
2026-05-07 14:34:32.090 7 INFO neutron.db.ovn_revision_numbers_db [None req-a13d0efb-e24f-431e-93bd-2f299fc8257a 44a730a3b6264a649c31e772cc85ddfa a0477223cf4d40e286778637dea3941d - - default default] Successfully bumped revision number for resource 6ec2befe-2002-47b5-938b-1f051100f989 (type: ports) to 1 [pid: 7|app: 0|req: 1299/2644] 10.0.0.184 () {34 vars in 664 bytes} [Thu May 7 14:34:31 2026] POST /v2.0/ports => generated 743 bytes in 421 msecs (HTTP/1.1 201) 4 headers in 162 bytes (1 switches on core 0)
2026-05-07 14:34:32.237 8 INFO neutron.db.segments_db [None req-2701f6e2-abbe-452a-9b7c-9b3b45643188 44a730a3b6264a649c31e772cc85ddfa a0477223cf4d40e286778637dea3941d - - default default] Added segment af38360b-5f02-41aa-b55f-a6e82788fcbf of type geneve for network f2b60101-d36a-4db5-8099-85b1905b4d4f
2026-05-07 14:34:32.340 8 INFO neutron.db.ovn_revision_numbers_db [None req-2701f6e2-abbe-452a-9b7c-9b3b45643188 44a730a3b6264a649c31e772cc85ddfa a0477223cf4d40e286778637dea3941d - - default default] Successfully bumped revision number for resource f2b60101-d36a-4db5-8099-85b1905b4d4f (type: networks) to 1
2026-05-07 14:34:32.509 8 WARNING neutron.scheduler.dhcp_agent_scheduler [None req-2701f6e2-abbe-452a-9b7c-9b3b45643188 44a730a3b6264a649c31e772cc85ddfa a0477223cf4d40e286778637dea3941d - - default default] No more DHCP agents
2026-05-07 14:34:32.510 8 WARNING neutron.api.rpc.agentnotifiers.dhcp_rpc_agent_api [None req-2701f6e2-abbe-452a-9b7c-9b3b45643188 44a730a3b6264a649c31e772cc85ddfa a0477223cf4d40e286778637dea3941d - - default default] Unable to schedule network f2b60101-d36a-4db5-8099-85b1905b4d4f: no agents available; will retry on subsequent port and subnet creation events.
2026-05-07 14:34:32.560 8 INFO neutron.plugins.ml2.drivers.ovn.mech_driver.mech_driver [None req-4d613945-c481-4569-b3b9-5b010e5048e3 - - - - - -] OVN reports status down for port: 3639c44a-5ee7-4d0f-abf2-3332834e5e5c
2026-05-07 14:34:32.622 8 INFO neutron.db.ovn_revision_numbers_db [None req-2701f6e2-abbe-452a-9b7c-9b3b45643188 44a730a3b6264a649c31e772cc85ddfa a0477223cf4d40e286778637dea3941d - - default default] Successfully bumped revision number for resource 3639c44a-5ee7-4d0f-abf2-3332834e5e5c (type: ports) to 1 [pid: 8|app: 0|req: 1346/2647] 10.0.0.184 () {34 vars in 670 bytes} [Thu May 7 14:34:32 2026] POST /v2.0/networks => generated 669 bytes in 511 msecs (HTTP/1.1 201) 4 headers in 162 bytes (1 switches on core 0) /var/lib/openstack/lib/python3.12/site-packages/pycadf/identifier.py:70: UserWarning: Invalid uuid: neutron. To ensure interoperability, identifiers should be a valid uuid. warnings.warn(('Invalid uuid: %s. To ensure interoperability, '
2026-05-07 14:34:32.914 7 WARNING neutron.scheduler.dhcp_agent_scheduler [None req-6855a108-12aa-4363-8dcb-54044275384a 44a730a3b6264a649c31e772cc85ddfa a0477223cf4d40e286778637dea3941d - - default default] No more DHCP agents
2026-05-07 14:34:32.915 7 WARNING neutron.api.rpc.agentnotifiers.dhcp_rpc_agent_api [None req-6855a108-12aa-4363-8dcb-54044275384a 44a730a3b6264a649c31e772cc85ddfa a0477223cf4d40e286778637dea3941d - - default default] Unable to schedule network f2b60101-d36a-4db5-8099-85b1905b4d4f: no agents available; will retry on subsequent port and subnet creation events.
2026-05-07 14:34:32.985 7 INFO neutron.plugins.ml2.drivers.ovn.mech_driver.mech_driver [None req-6bac336f-4c6f-46c0-aa0d-66eb07145dd1 - - - - - -] OVN reports status down for port: bf30d53e-5d1f-42ec-b81f-23299734f6ed
2026-05-07 14:34:33.044 7 INFO neutron.db.ovn_revision_numbers_db [None req-6855a108-12aa-4363-8dcb-54044275384a 44a730a3b6264a649c31e772cc85ddfa a0477223cf4d40e286778637dea3941d - - default default] Successfully bumped revision number for resource bf30d53e-5d1f-42ec-b81f-23299734f6ed (type: ports) to 1 [pid: 7|app: 0|req: 1302/2648] 10.0.0.184 () {34 vars in 664 bytes} [Thu May 7 14:34:32 2026] POST /v2.0/ports => generated 743 bytes in 464 msecs (HTTP/1.1 201) 4 headers in 162 bytes (1 switches on core 0)
2026-05-07 14:34:33.239 8 INFO neutron.db.segments_db [None req-3e33d6ea-fde4-4fdb-9add-599ef07e42c3 44a730a3b6264a649c31e772cc85ddfa a0477223cf4d40e286778637dea3941d - - default default] Added segment 1aac53c6-ce25-4701-a0e9-fa035bf079dc of type geneve for network bdfc92fa-731a-4ca5-86ea-4e2e5bd59da4
2026-05-07 14:34:33.349 8 INFO neutron.db.ovn_revision_numbers_db [None req-3e33d6ea-fde4-4fdb-9add-599ef07e42c3 44a730a3b6264a649c31e772cc85ddfa a0477223cf4d40e286778637dea3941d - - default default] Successfully bumped revision number for resource bdfc92fa-731a-4ca5-86ea-4e2e5bd59da4 (type: networks) to 1 /var/lib/openstack/lib/python3.12/site-packages/pycadf/identifier.py:70: UserWarning: Invalid uuid: neutron. To ensure interoperability, identifiers should be a valid uuid. warnings.warn(('Invalid uuid: %s. To ensure interoperability, '
2026-05-07 14:34:33.494 8 WARNING neutron.scheduler.dhcp_agent_scheduler [None req-3e33d6ea-fde4-4fdb-9add-599ef07e42c3 44a730a3b6264a649c31e772cc85ddfa a0477223cf4d40e286778637dea3941d - - default default] No more DHCP agents
2026-05-07 14:34:33.496 8 WARNING neutron.api.rpc.agentnotifiers.dhcp_rpc_agent_api [None req-3e33d6ea-fde4-4fdb-9add-599ef07e42c3 44a730a3b6264a649c31e772cc85ddfa a0477223cf4d40e286778637dea3941d - - default default] Unable to schedule network bdfc92fa-731a-4ca5-86ea-4e2e5bd59da4: no agents available; will retry on subsequent port and subnet creation events.
2026-05-07 14:34:33.531 7 INFO neutron.db.ovn_revision_numbers_db [None req-e469e4e8-8a50-4d38-9580-c985a2bb0d42 8e5d2acd6b7c445bada725ca047d8bb6 74c59314c77e4e9196e5b6774ef641f9 - - default default] Successfully bumped revision number for resource d48afa35-c14a-4be4-bfb1-4b7fe3d8b744 (type: security_groups) to 1
2026-05-07 14:34:33.545 7 INFO neutron.db.ovn_revision_numbers_db [None req-e469e4e8-8a50-4d38-9580-c985a2bb0d42 8e5d2acd6b7c445bada725ca047d8bb6 74c59314c77e4e9196e5b6774ef641f9 - - default default] Successfully bumped revision number for resource 7ef54525-3907-40b3-9445-daad3d9ab0c1 (type: security_group_rules) to 0
2026-05-07 14:34:33.580 7 INFO neutron.plugins.ml2.drivers.ovn.mech_driver.mech_driver [None req-6bac336f-4c6f-46c0-aa0d-66eb07145dd1 - - - - - -] OVN reports status down for port: 61d634b8-43d4-42da-ada7-10cc38d6c856
2026-05-07 14:34:33.580 7 INFO neutron.db.ovn_revision_numbers_db [None req-e469e4e8-8a50-4d38-9580-c985a2bb0d42 8e5d2acd6b7c445bada725ca047d8bb6 74c59314c77e4e9196e5b6774ef641f9 - - default default] Successfully bumped revision number for resource ba06beff-c7f1-4ed7-954a-f2e601f97ac2 (type: security_group_rules) to 0
2026-05-07 14:34:33.588 8 INFO neutron.db.ovn_revision_numbers_db [None req-3e33d6ea-fde4-4fdb-9add-599ef07e42c3 44a730a3b6264a649c31e772cc85ddfa a0477223cf4d40e286778637dea3941d - - default default] Successfully bumped revision number for resource 61d634b8-43d4-42da-ada7-10cc38d6c856 (type: ports) to 1
2026-05-07 14:34:33.605 7 INFO neutron.db.ovn_revision_numbers_db [None req-e469e4e8-8a50-4d38-9580-c985a2bb0d42 8e5d2acd6b7c445bada725ca047d8bb6 74c59314c77e4e9196e5b6774ef641f9 - - default default] Successfully bumped revision number for resource e06dcd47-a282-48b5-9aab-7c9a2c13082b (type: security_group_rules) to 0 [pid: 8|app: 0|req: 1347/2649] 10.0.0.184 () {34 vars in 670 bytes} [Thu May 7 14:34:33 2026] POST /v2.0/networks => generated 669 bytes in 457 msecs (HTTP/1.1 201) 4 headers in 162 bytes (1 switches on core 0)
2026-05-07 14:34:33.625 7 INFO neutron.db.ovn_revision_numbers_db [None req-e469e4e8-8a50-4d38-9580-c985a2bb0d42 8e5d2acd6b7c445bada725ca047d8bb6 74c59314c77e4e9196e5b6774ef641f9 - - default default] Successfully bumped revision number for resource f401168c-4c6b-4131-b0f2-65c538684dad (type: security_group_rules) to 0
2026-05-07 14:34:33.761 7 INFO neutron.db.ovn_revision_numbers_db [None req-e469e4e8-8a50-4d38-9580-c985a2bb0d42 8e5d2acd6b7c445bada725ca047d8bb6 74c59314c77e4e9196e5b6774ef641f9 - - default default] Successfully bumped revision number for resource 3d530448-61b7-4bf9-826a-46b0385e4e5e (type: security_groups) to 1
2026-05-07 14:34:33.774 7 INFO neutron.db.ovn_revision_numbers_db [None req-e469e4e8-8a50-4d38-9580-c985a2bb0d42 8e5d2acd6b7c445bada725ca047d8bb6 74c59314c77e4e9196e5b6774ef641f9 - - default default] Successfully bumped revision number for resource 0618f0dd-e640-412d-b336-907f066e3865 (type: security_group_rules) to 0
2026-05-07 14:34:33.791 7 INFO neutron.db.ovn_revision_numbers_db [None req-e469e4e8-8a50-4d38-9580-c985a2bb0d42 8e5d2acd6b7c445bada725ca047d8bb6 74c59314c77e4e9196e5b6774ef641f9 - - default default] Successfully bumped revision number for resource e81a7237-2765-4ad0-8833-751755c22f39 (type: security_group_rules) to 0
2026-05-07 14:34:33.832 8 WARNING neutron.scheduler.dhcp_agent_scheduler [None req-dbe73aa8-dde9-4394-a17c-e9c8788c8998 44a730a3b6264a649c31e772cc85ddfa a0477223cf4d40e286778637dea3941d - - default default] No more DHCP agents
2026-05-07 14:34:33.833 8 WARNING neutron.api.rpc.agentnotifiers.dhcp_rpc_agent_api [None req-dbe73aa8-dde9-4394-a17c-e9c8788c8998 44a730a3b6264a649c31e772cc85ddfa a0477223cf4d40e286778637dea3941d - - default default] Unable to schedule network bdfc92fa-731a-4ca5-86ea-4e2e5bd59da4: no agents available; will retry on subsequent port and subnet creation events. [pid: 7|app: 0|req: 1303/2650] 10.0.0.184 () {34 vars in 684 bytes} [Thu May 7 14:34:33 2026] POST /v2.0/security-groups => generated 1603 bytes in 617 msecs (HTTP/1.1 201) 4 headers in 163 bytes (1 switches on core 0)
2026-05-07 14:34:33.913 7 INFO neutron.plugins.ml2.drivers.ovn.mech_driver.mech_driver [None req-6bac336f-4c6f-46c0-aa0d-66eb07145dd1 - - - - - -] OVN reports status down for port: 160bc5bb-e34b-40ed-adc3-0709cac85553
2026-05-07 14:34:33.919 8 INFO neutron.db.ovn_revision_numbers_db [None req-dbe73aa8-dde9-4394-a17c-e9c8788c8998 44a730a3b6264a649c31e772cc85ddfa a0477223cf4d40e286778637dea3941d - - default default] Successfully bumped revision number for resource 160bc5bb-e34b-40ed-adc3-0709cac85553 (type: ports) to 1 [pid: 8|app: 0|req: 1348/2651] 10.0.0.184 () {34 vars in 664 bytes} [Thu May 7 14:34:33 2026] POST /v2.0/ports => generated 743 bytes in 350 msecs (HTTP/1.1 201) 4 headers in 162 bytes (1 switches on core 0) /var/lib/openstack/lib/python3.12/site-packages/pycadf/identifier.py:70: UserWarning: Invalid uuid: neutron. To ensure interoperability, identifiers should be a valid uuid. warnings.warn(('Invalid uuid: %s. To ensure interoperability, '
2026-05-07 14:34:34.022 7 INFO neutron.db.ovn_revision_numbers_db [None req-83361c4e-bdc8-48ed-939b-3f77a0123ae0 8e5d2acd6b7c445bada725ca047d8bb6 74c59314c77e4e9196e5b6774ef641f9 - - default default] Successfully bumped revision number for resource 2983f596-0499-4cb8-b412-094406387315 (type: security_groups) to 1
2026-05-07 14:34:34.035 7 INFO neutron.db.ovn_revision_numbers_db [None req-83361c4e-bdc8-48ed-939b-3f77a0123ae0 8e5d2acd6b7c445bada725ca047d8bb6 74c59314c77e4e9196e5b6774ef641f9 - - default default] Successfully bumped revision number for resource 4a2cb2bb-0a19-4e3f-8c1c-8cb9063a49dc (type: security_group_rules) to 0
2026-05-07 14:34:34.046 7 INFO neutron.db.ovn_revision_numbers_db [None req-83361c4e-bdc8-48ed-939b-3f77a0123ae0 8e5d2acd6b7c445bada725ca047d8bb6 74c59314c77e4e9196e5b6774ef641f9 - - default default] Successfully bumped revision number for resource 7cb25217-ecfb-49d2-8cd1-5e9c220e43e5 (type: security_group_rules) to 0
2026-05-07 14:34:34.054 8 INFO neutron.db.segments_db [None req-a51b3e77-d8bc-4a3f-8a8b-bb96ecdd31f0 44a730a3b6264a649c31e772cc85ddfa a0477223cf4d40e286778637dea3941d - - default default] Added segment a115c807-6bc9-4c77-b144-4c9853d6be6c of type geneve for network c9a4925d-3c91-4961-93d4-a2c2a7358d06 [pid: 7|app: 0|req: 1304/2652] 10.0.0.184 () {34 vars in 684 bytes} [Thu May 7 14:34:33 2026] POST /v2.0/security-groups => generated 1603 bytes in 239 msecs (HTTP/1.1 201) 4 headers in 163 bytes (1 switches on core 0)
2026-05-07 14:34:34.148 8 INFO neutron.db.ovn_revision_numbers_db [None req-a51b3e77-d8bc-4a3f-8a8b-bb96ecdd31f0 44a730a3b6264a649c31e772cc85ddfa a0477223cf4d40e286778637dea3941d - - default default] Successfully bumped revision number for resource c9a4925d-3c91-4961-93d4-a2c2a7358d06 (type: networks) to 1
2026-05-07 14:34:34.206 7 INFO neutron.db.ovn_revision_numbers_db [None req-fcd46e29-206a-4b7d-837f-b7718f56fa28 8e5d2acd6b7c445bada725ca047d8bb6 74c59314c77e4e9196e5b6774ef641f9 - - default default] Successfully bumped revision number for resource 1eda9da6-7136-4042-9707-fb14818905f9 (type: security_groups) to 1
2026-05-07 14:34:34.216 7 INFO neutron.db.ovn_revision_numbers_db [None req-fcd46e29-206a-4b7d-837f-b7718f56fa28 8e5d2acd6b7c445bada725ca047d8bb6 74c59314c77e4e9196e5b6774ef641f9 - - default default] Successfully bumped revision number for resource 182b38b6-b706-4df7-96cc-3ec382eb2677 (type: security_group_rules) to 0
2026-05-07 14:34:34.225 7 INFO neutron.db.ovn_revision_numbers_db [None req-fcd46e29-206a-4b7d-837f-b7718f56fa28 8e5d2acd6b7c445bada725ca047d8bb6 74c59314c77e4e9196e5b6774ef641f9 - - default default] Successfully bumped revision number for resource f957fb0b-d69b-4c02-b8a5-d0b210baaa73 (type: security_group_rules) to 0 [pid: 7|app: 0|req: 1305/2653] 10.0.0.184 () {34 vars in 684 bytes} [Thu May 7 14:34:34 2026] POST /v2.0/security-groups => generated 1603 bytes in 176 msecs (HTTP/1.1 201) 4 headers in 163 bytes (1 switches on core 0)
2026-05-07 14:34:34.308 8 WARNING neutron.scheduler.dhcp_agent_scheduler [None req-a51b3e77-d8bc-4a3f-8a8b-bb96ecdd31f0 44a730a3b6264a649c31e772cc85ddfa a0477223cf4d40e286778637dea3941d - - default default] No more DHCP agents
2026-05-07 14:34:34.310 8 WARNING neutron.api.rpc.agentnotifiers.dhcp_rpc_agent_api [None req-a51b3e77-d8bc-4a3f-8a8b-bb96ecdd31f0 44a730a3b6264a649c31e772cc85ddfa a0477223cf4d40e286778637dea3941d - - default default] Unable to schedule network c9a4925d-3c91-4961-93d4-a2c2a7358d06: no agents available; will retry on subsequent port and subnet creation events.
2026-05-07 14:34:34.358 7 INFO neutron.plugins.ml2.drivers.ovn.mech_driver.mech_driver [None req-6bac336f-4c6f-46c0-aa0d-66eb07145dd1 - - - - - -] OVN reports status down for port: 663c394d-c14e-4338-a330-e7bc6a77122c
2026-05-07 14:34:34.393 7 INFO neutron.db.ovn_revision_numbers_db [None req-f462d2b7-cd3d-402a-8d2b-a1a1d0b540f3 8e5d2acd6b7c445bada725ca047d8bb6 74c59314c77e4e9196e5b6774ef641f9 - - default default] Successfully bumped revision number for resource eb79eecb-2a55-4f2c-9260-fb78e2b76412 (type: security_groups) to 1
2026-05-07 14:34:34.400 8 INFO neutron.db.ovn_revision_numbers_db [None req-a51b3e77-d8bc-4a3f-8a8b-bb96ecdd31f0 44a730a3b6264a649c31e772cc85ddfa a0477223cf4d40e286778637dea3941d - - default default] Successfully bumped revision number for resource 663c394d-c14e-4338-a330-e7bc6a77122c (type: ports) to 1
2026-05-07 14:34:34.408 7 INFO neutron.db.ovn_revision_numbers_db [None req-f462d2b7-cd3d-402a-8d2b-a1a1d0b540f3 8e5d2acd6b7c445bada725ca047d8bb6 74c59314c77e4e9196e5b6774ef641f9 - - default default] Successfully bumped revision number for resource 7cc37fb1-ec5b-4ed7-91be-02750d60b4bb (type: security_group_rules) to 0
2026-05-07 14:34:34.422 7 INFO neutron.db.ovn_revision_numbers_db [None req-f462d2b7-cd3d-402a-8d2b-a1a1d0b540f3 8e5d2acd6b7c445bada725ca047d8bb6 74c59314c77e4e9196e5b6774ef641f9 - - default default] Successfully bumped revision number for resource cb0f7e55-72d1-484d-b8bb-72f0d06e7228 (type: security_group_rules) to 0 [pid: 8|app: 0|req: 1349/2654] 10.0.0.184 () {34 vars in 670 bytes} [Thu May 7 14:34:33 2026] POST /v2.0/networks => generated 669 bytes in 458 msecs (HTTP/1.1 201) 4 headers in 162 bytes (1 switches on core 0) [pid: 7|app: 0|req: 1306/2655] 10.0.0.184 () {34 vars in 684 bytes} [Thu May 7 14:34:34 2026] POST /v2.0/security-groups => generated 1603 bytes in 217 msecs (HTTP/1.1 201) 4 headers in 163 bytes (1 switches on core 0)
2026-05-07 14:34:34.610 7 INFO neutron.db.ovn_revision_numbers_db [None req-cef24fcd-800a-47ab-85ef-ff6dff921a7e 8e5d2acd6b7c445bada725ca047d8bb6 74c59314c77e4e9196e5b6774ef641f9 - - default default] Successfully bumped revision number for resource 30093ee5-d1cc-49be-9fad-f0d257ca14b1 (type: security_groups) to 1
2026-05-07 14:34:34.620 7 INFO neutron.db.ovn_revision_numbers_db [None req-cef24fcd-800a-47ab-85ef-ff6dff921a7e 8e5d2acd6b7c445bada725ca047d8bb6 74c59314c77e4e9196e5b6774ef641f9 - - default default] Successfully bumped revision number for resource b39f3308-cdd9-44b7-aa3a-98f9125f6543 (type: security_group_rules) to 0
2026-05-07 14:34:34.632 7 INFO neutron.db.ovn_revision_numbers_db [None req-cef24fcd-800a-47ab-85ef-ff6dff921a7e 8e5d2acd6b7c445bada725ca047d8bb6 74c59314c77e4e9196e5b6774ef641f9 - - default default] Successfully bumped revision number for resource f9154574-adc9-4d7b-9c4b-6c1547f0989e (type: security_group_rules) to 0
2026-05-07 14:34:34.669 8 WARNING neutron.scheduler.dhcp_agent_scheduler [None req-d64f041e-70af-489c-8151-a7a3d4afb6cb 44a730a3b6264a649c31e772cc85ddfa a0477223cf4d40e286778637dea3941d - - default default] No more DHCP agents
2026-05-07 14:34:34.671 8 WARNING neutron.api.rpc.agentnotifiers.dhcp_rpc_agent_api [None req-d64f041e-70af-489c-8151-a7a3d4afb6cb 44a730a3b6264a649c31e772cc85ddfa a0477223cf4d40e286778637dea3941d - - default default] Unable to schedule network c9a4925d-3c91-4961-93d4-a2c2a7358d06: no agents available; will retry on subsequent port and subnet creation events. [pid: 7|app: 0|req: 1307/2656] 10.0.0.184 () {34 vars in 684 bytes} [Thu May 7 14:34:34 2026] POST /v2.0/security-groups => generated 1603 bytes in 201 msecs (HTTP/1.1 201) 4 headers in 163 bytes (1 switches on core 0)
2026-05-07 14:34:34.741 7 INFO neutron.plugins.ml2.drivers.ovn.mech_driver.mech_driver [None req-6bac336f-4c6f-46c0-aa0d-66eb07145dd1 - - - - - -] OVN reports status down for port: a6b41dc3-f05d-4ad9-add8-d0824c813eaa
2026-05-07 14:34:34.759 7 WARNING tagging [None req-2f6a2f90-860b-48ae-81a6-2116252adb28 8e5d2acd6b7c445bada725ca047d8bb6 74c59314c77e4e9196e5b6774ef641f9 - - default default] project_id key not found in request, using tenant_id instead. This support has been deprecated and will be removed in a future release.
2026-05-07 14:34:34.775 8 INFO neutron.db.ovn_revision_numbers_db [None req-d64f041e-70af-489c-8151-a7a3d4afb6cb 44a730a3b6264a649c31e772cc85ddfa a0477223cf4d40e286778637dea3941d - - default default] Successfully bumped revision number for resource a6b41dc3-f05d-4ad9-add8-d0824c813eaa (type: ports) to 1 [pid: 7|app: 0|req: 1308/2657] 10.0.0.184 () {34 vars in 767 bytes} [Thu May 7 14:34:34 2026] PUT /v2.0/security-groups/3d530448-61b7-4bf9-826a-46b0385e4e5e/tags => generated 17 bytes in 108 msecs (HTTP/1.1 200) 4 headers in 156 bytes (1 switches on core 0) [pid: 8|app: 0|req: 1350/2658] 10.0.0.184 () {34 vars in 664 bytes} [Thu May 7 14:34:34 2026] POST /v2.0/ports => generated 743 bytes in 393 msecs (HTTP/1.1 201) 4 headers in 162 bytes (1 switches on core 0) /var/lib/openstack/lib/python3.12/site-packages/pycadf/identifier.py:70: UserWarning: Invalid uuid: neutron. To ensure interoperability, identifiers should be a valid uuid. warnings.warn(('Invalid uuid: %s. To ensure interoperability, '
2026-05-07 14:34:34.848 7 WARNING tagging [None req-cae8da1d-ea86-44e3-b67b-eabf054227f3 8e5d2acd6b7c445bada725ca047d8bb6 74c59314c77e4e9196e5b6774ef641f9 - - default default] project_id key not found in request, using tenant_id instead. This support has been deprecated and will be removed in a future release. [pid: 7|app: 0|req: 1309/2659] 10.0.0.184 () {34 vars in 767 bytes} [Thu May 7 14:34:34 2026] PUT /v2.0/security-groups/2983f596-0499-4cb8-b412-094406387315/tags => generated 25 bytes in 63 msecs (HTTP/1.1 200) 4 headers in 156 bytes (1 switches on core 0) [pid: 8|app: 0|req: 1351/2660] 10.0.0.184 () {34 vars in 747 bytes} [Thu May 7 14:34:34 2026] PUT /v2.0/ports/2b287404-cdb8-442b-a204-4106076f4f1d/tags => generated 17 bytes in 63 msecs (HTTP/1.1 200) 4 headers in 156 bytes (1 switches on core 0) /var/lib/openstack/lib/python3.12/site-packages/pycadf/identifier.py:70: UserWarning: Invalid uuid: neutron. To ensure interoperability, identifiers should be a valid uuid. warnings.warn(('Invalid uuid: %s. To ensure interoperability, '
2026-05-07 14:34:34.902 7 WARNING tagging [None req-3f836fbc-3502-48ec-b254-bc419d2926b9 8e5d2acd6b7c445bada725ca047d8bb6 74c59314c77e4e9196e5b6774ef641f9 - - default default] project_id key not found in request, using tenant_id instead. This support has been deprecated and will be removed in a future release. [pid: 7|app: 0|req: 1310/2661] 10.0.0.184 () {34 vars in 767 bytes} [Thu May 7 14:34:34 2026] PUT /v2.0/security-groups/1eda9da6-7136-4042-9707-fb14818905f9/tags => generated 34 bytes in 50 msecs (HTTP/1.1 200) 4 headers in 156 bytes (1 switches on core 0) [pid: 8|app: 0|req: 1352/2662] 10.0.0.184 () {34 vars in 747 bytes} [Thu May 7 14:34:34 2026] PUT /v2.0/ports/6ec2befe-2002-47b5-938b-1f051100f989/tags => generated 25 bytes in 60 msecs (HTTP/1.1 200) 4 headers in 156 bytes (1 switches on core 0)
