File "/var/lib/openstack/lib/python3.12/site-packages/sqlalchemy/orm/session.py", line 4466, in _flush
2026-05-07 14:34:21.867 7 ERROR neutron.api.v2.resource with util.safe_reraise():
2026-05-07 14:34:21.867 7 ERROR neutron.api.v2.resource
File "/var/lib/openstack/lib/python3.12/site-packages/sqlalchemy/util/langhelpers.py", line 121, in __exit__
2026-05-07 14:34:21.867 7 ERROR neutron.api.v2.resource raise exc_value.with_traceback(exc_tb)
2026-05-07 14:34:21.867 7 ERROR neutron.api.v2.resource
File "/var/lib/openstack/lib/python3.12/site-packages/sqlalchemy/orm/session.py", line 4427, in _flush
2026-05-07 14:34:21.867 7 ERROR neutron.api.v2.resource flush_context.execute()
2026-05-07 14:34:21.867 7 ERROR neutron.api.v2.resource
File "/var/lib/openstack/lib/python3.12/site-packages/sqlalchemy/orm/unitofwork.py", line 466, in execute
2026-05-07 14:34:21.867 7 ERROR neutron.api.v2.resource rec.execute(self)
2026-05-07 14:34:21.867 7 ERROR neutron.api.v2.resource
File "/var/lib/openstack/lib/python3.12/site-packages/sqlalchemy/orm/unitofwork.py", line 642, in execute
2026-05-07 14:34:21.867 7 ERROR neutron.api.v2.resource util.preloaded.orm_persistence.save_obj(
2026-05-07 14:34:21.867 7 ERROR neutron.api.v2.resource
File "/var/lib/openstack/lib/python3.12/site-packages/sqlalchemy/orm/persistence.py", line 93, in save_obj
2026-05-07 14:34:21.867 7 ERROR neutron.api.v2.resource _emit_insert_statements(
2026-05-07 14:34:21.867 7 ERROR neutron.api.v2.resource
File "/var/lib/openstack/lib/python3.12/site-packages/sqlalchemy/orm/persistence.py", line 1048, in _emit_insert_statements
2026-05-07 14:34:21.867 7 ERROR neutron.api.v2.resource result = connection.execute(
2026-05-07 14:34:21.867 7 ERROR neutron.api.v2.resource ^^^^^^^^^^^^^^^^^^^
2026-05-07 14:34:21.867 7 ERROR neutron.api.v2.resource
File "/var/lib/openstack/lib/python3.12/site-packages/sqlalchemy/engine/base.py", line 1419, in execute
2026-05-07 14:34:21.867 7 ERROR neutron.api.v2.resource return meth(
2026-05-07 14:34:21.867 7 ERROR neutron.api.v2.resource ^^^^^
2026-05-07 14:34:21.867 7 ERROR neutron.api.v2.resource
File "/var/lib/openstack/lib/python3.12/site-packages/sqlalchemy/sql/elements.py", line 527, in _execute_on_connection
2026-05-07 14:34:21.867 7 ERROR neutron.api.v2.resource return connection._execute_clauseelement(
2026-05-07 14:34:21.867 7 ERROR neutron.api.v2.resource ^^^^^^^^^^^^^^^^^^^^^^^^^^^^^^^^^^
2026-05-07 14:34:21.867 7 ERROR neutron.api.v2.resource
File "/var/lib/openstack/lib/python3.12/site-packages/sqlalchemy/engine/base.py", line 1641, in _execute_clauseelement
2026-05-07 14:34:21.867 7 ERROR neutron.api.v2.resource ret = self._execute_context(
2026-05-07 14:34:21.867 7 ERROR neutron.api.v2.resource ^^^^^^^^^^^^^^^^^^^^^^
2026-05-07 14:34:21.867 7 ERROR neutron.api.v2.resource
File "/var/lib/openstack/lib/python3.12/site-packages/sqlalchemy/engine/base.py", line 1846, in _execute_context
2026-05-07 14:34:21.867 7 ERROR neutron.api.v2.resource return self._exec_single_context(
2026-05-07 14:34:21.867 7 ERROR neutron.api.v2.resource ^^^^^^^^^^^^^^^^^^^^^^^^^^
2026-05-07 14:34:21.867 7 ERROR neutron.api.v2.resource
File "/var/lib/openstack/lib/python3.12/site-packages/sqlalchemy/engine/base.py", line 1986, in _exec_single_context
2026-05-07 14:34:21.867 7 ERROR neutron.api.v2.resource self._handle_dbapi_exception(
2026-05-07 14:34:21.867 7 ERROR neutron.api.v2.resource
File "/var/lib/openstack/lib/python3.12/site-packages/sqlalchemy/engine/base.py", line 2360, in _handle_dbapi_exception
2026-05-07 14:34:21.867 7 ERROR neutron.api.v2.resource raise newraise.with_traceback(exc_info[2]) from e
2026-05-07 14:34:21.867 7 ERROR neutron.api.v2.resource
File "/var/lib/openstack/lib/python3.12/site-packages/sqlalchemy/engine/base.py", line 1967, in _exec_single_context
2026-05-07 14:34:21.867 7 ERROR neutron.api.v2.resource self.dialect.do_execute(
2026-05-07 14:34:21.867 7 ERROR neutron.api.v2.resource
File "/var/lib/openstack/lib/python3.12/site-packages/sqlalchemy/engine/default.py", line 952, in do_execute
2026-05-07 14:34:21.867 7 ERROR neutron.api.v2.resource cursor.execute(statement, parameters)
2026-05-07 14:34:21.867 7 ERROR neutron.api.v2.resource
File "/var/lib/openstack/lib/python3.12/site-packages/pymysql/cursors.py", line 153, in execute
2026-05-07 14:34:21.867 7 ERROR neutron.api.v2.resource result = self._query(query)
2026-05-07 14:34:21.867 7 ERROR neutron.api.v2.resource ^^^^^^^^^^^^^^^^^^
2026-05-07 14:34:21.867 7 ERROR neutron.api.v2.resource
File "/var/lib/openstack/lib/python3.12/site-packages/pymysql/cursors.py", line 322, in _query
2026-05-07 14:34:21.867 7 ERROR neutron.api.v2.resource conn.query(q)
2026-05-07 14:34:21.867 7 ERROR neutron.api.v2.resource
File "/var/lib/openstack/lib/python3.12/site-packages/pymysql/connections.py", line 575, in query
2026-05-07 14:34:21.867 7 ERROR neutron.api.v2.resource self._affected_rows = self._read_query_result(unbuffered=unbuffered)
2026-05-07 14:34:21.867 7 ERROR neutron.api.v2.resource ^^^^^^^^^^^^^^^^^^^^^^^^^^^^^^^^^^^^^^^^^^^^^^
2026-05-07 14:34:21.867 7 ERROR neutron.api.v2.resource
File "/var/lib/openstack/lib/python3.12/site-packages/pymysql/connections.py", line 826, in _read_query_result
2026-05-07 14:34:21.867 7 ERROR neutron.api.v2.resource result.read()
2026-05-07 14:34:21.867 7 ERROR neutron.api.v2.resource
File "/var/lib/openstack/lib/python3.12/site-packages/pymysql/connections.py", line 1203, in read
2026-05-07 14:34:21.867 7 ERROR neutron.api.v2.resource first_packet = self.connection._read_packet()
2026-05-07 14:34:21.867 7 ERROR neutron.api.v2.resource ^^^^^^^^^^^^^^^^^^^^^^^^^^^^^^
2026-05-07 14:34:21.867 7 ERROR neutron.api.v2.resource
File "/var/lib/openstack/lib/python3.12/site-packages/pymysql/connections.py", line 782, in _read_packet
2026-05-07 14:34:21.867 7 ERROR neutron.api.v2.resource packet.raise_for_error()
2026-05-07 14:34:21.867 7 ERROR neutron.api.v2.resource
File "/var/lib/openstack/lib/python3.12/site-packages/pymysql/protocol.py", line 219, in raise_for_error
2026-05-07 14:34:21.867 7 ERROR neutron.api.v2.resource err.raise_mysql_exception(self._data)
2026-05-07 14:34:21.867 7 ERROR neutron.api.v2.resource
File "/var/lib/openstack/lib/python3.12/site-packages/pymysql/err.py", line 150, in raise_mysql_exception
2026-05-07 14:34:21.867 7 ERROR neutron.api.v2.resource raise errorclass(errno, errval)
2026-05-07 14:34:21.867 7 ERROR neutron.api.v2.resource oslo_db.exception.DBDataError: (pymysql.err.DataError) (1265, "Data truncated for column 'auth_algorithm' at row 1")
2026-05-07 14:34:21.867 7 ERROR neutron.api.v2.resource [SQL: INSERT INTO ikepolicies (name, description, auth_algorithm, encryption_algorithm, phase1_negotiation_mode, lifetime_units, lifetime_value, ike_version, pfs, id, project_id) VALUES (%(name)s, %(description)s, %(auth_algorithm)s, %(encryption_algorithm)s, %(phase1_negotiation_mode)s, %(lifetime_units)s, %(lifetime_value)s, %(ike_version)s, %(pfs)s, %(id)s, %(project_id)s)]
2026-05-07 14:34:21.867 7 ERROR neutron.api.v2.resource [parameters: {'name': 'tempest-ike-policy--1142107954', 'description': '', 'auth_algorithm': 'sha1', 'encryption_algorithm': 'aes-128', 'phase1_negotiation_mode': 'main', 'lifetime_units': 'seconds', 'lifetime_value': 3600, 'ike_version': 'v1', 'pfs': 'group5', 'id': '6d7a624b-3c00-4f4b-990b-c9bbcc500d21', 'project_id': '7330f3c5d2d84e8bb4849884349df520'}]
2026-05-07 14:34:21.867 7 ERROR neutron.api.v2.resource (Background on this error at: https://sqlalche.me/e/20/9h9h)
2026-05-07 14:34:21.867 7 ERROR neutron.api.v2.resource [pid: 7|app: 0|req: 1260/2567] 10.0.0.184 () {34 vars in 684 bytes} [Thu May 7 14:34:21 2026] POST /v2.0/vpn/ikepolicies => generated 150 bytes in 43 msecs (HTTP/1.1 500) 4 headers in 176 bytes (1 switches on core 0)
2026-05-07 14:34:22.028 8 INFO neutron_taas.services.taas.taas_plugin [None req-8711b288-719f-4551-a067-b7863ce9b5b2 76a99fd1494748e588aefb4bb111114e 697ca63a2e234c549eafdf0d46473a39 - - default default] TaaS: Handle Delete Port: 6b20532e-2e84-43bb-a889-2d8ea10a4c72
2026-05-07 14:34:22.031 8 INFO neutron_taas.services.taas.tap_mirror_plugin [None req-8711b288-719f-4551-a067-b7863ce9b5b2 76a99fd1494748e588aefb4bb111114e 697ca63a2e234c549eafdf0d46473a39 - - default default] Tap Mirror: Handle Delete Port: 6b20532e-2e84-43bb-a889-2d8ea10a4c72 [pid: 7|app: 0|req: 1261/2568] 10.0.0.184 () {32 vars in 724 bytes} [Thu May 7 14:34:21 2026] DELETE /v2.0/routers/0fda2192-4803-4138-a10f-fd356fd270a0 => generated 0 bytes in 165 msecs (HTTP/1.1 204) 2 headers in 112 bytes (1 switches on core 0) [pid: 8|app: 0|req: 1308/2569] 10.0.0.184 () {32 vars in 732 bytes} [Thu May 7 14:34:21 2026] DELETE /v2.0/floatingips/8e50b0ca-f456-4750-a7a9-61b0221cda15 => generated 0 bytes in 368 msecs (HTTP/1.1 204) 2 headers in 112 bytes (1 switches on core 0) [pid: 7|app: 0|req: 1262/2570] 10.0.0.184 () {32 vars in 740 bytes} [Thu May 7 14:34:22 2026] DELETE /v2.0/security-groups/2509fc87-bb31-4969-94dd-e11c277eda91 => generated 0 bytes in 170 msecs (HTTP/1.1 204) 2 headers in 112 bytes (1 switches on core 0) [pid: 7|app: 0|req: 1263/2571] 10.0.0.184 () {32 vars in 721 bytes} [Thu May 7 14:34:22 2026] GET /v2.0/routers/7207eb16-cafd-44ea-a972-34eadfc7dfe9 => generated 619 bytes in 27 msecs (HTTP/1.1 200) 4 headers in 157 bytes (1 switches on core 0) [pid: 8|app: 0|req: 1309/2572] 10.0.0.184 () {32 vars in 740 bytes} [Thu May 7 14:34:22 2026] DELETE /v2.0/vpn/vpnservices/4458eedd-30d1-4fd1-8f54-6376cccb2d6d => generated 0 bytes in 86 msecs (HTTP/1.1 204) 2 headers in 112 bytes (1 switches on core 0)
2026-05-07 14:34:22.362 7 INFO neutron_taas.services.taas.taas_plugin [None req-2b016162-8349-4361-91ba-e98b39673e58 76a99fd1494748e588aefb4bb111114e 697ca63a2e234c549eafdf0d46473a39 - - default default] TaaS: Handle Delete Port: b8935680-004a-41b2-8c81-19b5f310a6c2
2026-05-07 14:34:22.365 7 INFO neutron_taas.services.taas.tap_mirror_plugin [None req-2b016162-8349-4361-91ba-e98b39673e58 76a99fd1494748e588aefb4bb111114e 697ca63a2e234c549eafdf0d46473a39 - - default default] Tap Mirror: Handle Delete Port: b8935680-004a-41b2-8c81-19b5f310a6c2 [pid: 7|app: 0|req: 1264/2573] 10.0.0.184 () {32 vars in 732 bytes} [Thu May 7 14:34:22 2026] DELETE /v2.0/floatingips/c0c1b396-4c21-4532-8d9a-dcf8cd297b79 => generated 0 bytes in 260 msecs (HTTP/1.1 204) 2 headers in 112 bytes (1 switches on core 0)
2026-05-07 14:34:22.569 8 INFO neutron.db.ovn_revision_numbers_db [None req-0d1d7d6d-aa0a-42e4-888a-6ed778dc797d eb457e7b4b2c4aa3aac97431e0c8ff85 97252c68cd334220b54fa42befecfd7d - - default default] Successfully bumped revision number for resource 7207eb16-cafd-44ea-a972-34eadfc7dfe9 (type: routers) to 2 [pid: 8|app: 0|req: 1310/2574] 10.0.0.184 () {34 vars in 742 bytes} [Thu May 7 14:34:22 2026] PUT /v2.0/routers/7207eb16-cafd-44ea-a972-34eadfc7dfe9 => generated 619 bytes in 296 msecs (HTTP/1.1 200) 4 headers in 157 bytes (1 switches on core 0)
2026-05-07 14:34:22.580 8 WARNING neutron.db.securitygroups_db [None req-92686aef-393a-42c3-bd21-447288d68440 1c3e2505403f4947870444a37bb21639 a5fe58fe1bba4075828081bc80854baa - - default default] project_id key not found in filters, using tenant_id instead. This support has been deprecated and will be removed in a future release.
2026-05-07 14:34:22.699 8 INFO neutron.db.ovn_revision_numbers_db [None req-92686aef-393a-42c3-bd21-447288d68440 1c3e2505403f4947870444a37bb21639 a5fe58fe1bba4075828081bc80854baa - - default default] Successfully bumped revision number for resource 53b5ad8a-95f9-4283-909d-5a27423966d9 (type: security_groups) to 1
2026-05-07 14:34:22.710 8 INFO neutron.db.ovn_revision_numbers_db [None req-92686aef-393a-42c3-bd21-447288d68440 1c3e2505403f4947870444a37bb21639 a5fe58fe1bba4075828081bc80854baa - - default default] Successfully bumped revision number for resource 0a3130e7-bbf7-4bd1-9d3b-97f2dd656481 (type: security_group_rules) to 0
2026-05-07 14:34:22.721 8 INFO neutron.db.ovn_revision_numbers_db [None req-92686aef-393a-42c3-bd21-447288d68440 1c3e2505403f4947870444a37bb21639 a5fe58fe1bba4075828081bc80854baa - - default default] Successfully bumped revision number for resource 52d86325-dca1-4a0b-9bc5-b1657b6ab430 (type: security_group_rules) to 0
2026-05-07 14:34:22.732 8 INFO neutron.db.ovn_revision_numbers_db [None req-92686aef-393a-42c3-bd21-447288d68440 1c3e2505403f4947870444a37bb21639 a5fe58fe1bba4075828081bc80854baa - - default default] Successfully bumped revision number for resource d55001d0-f60e-4a9b-a844-1b892b000e4b (type: security_group_rules) to 0
2026-05-07 14:34:22.743 8 INFO neutron.db.ovn_revision_numbers_db [None req-92686aef-393a-42c3-bd21-447288d68440 1c3e2505403f4947870444a37bb21639 a5fe58fe1bba4075828081bc80854baa - - default default] Successfully bumped revision number for resource d868ba6f-37d0-4e74-bf82-37f16946d1c6 (type: security_group_rules) to 0 [pid: 8|app: 0|req: 1311/2575] 10.0.0.184 () {32 vars in 774 bytes} [Thu May 7 14:34:22 2026] GET /v2.0/security-groups?tenant_id=c64dd4b7b750491794a004df18c8a38c&name=default => generated 2925 bytes in 205 msecs (HTTP/1.1 200) 4 headers in 158 bytes (1 switches on core 0)
2026-05-07 14:34:22.787 7 INFO neutron_taas.services.taas.taas_plugin [None req-f731539f-9899-4e83-80a7-92b67f94b764 5711641d21e04da19dd620980006afcd 7330f3c5d2d84e8bb4849884349df520 - - default default] TaaS: Handle Delete Port: 046e938e-d524-4dcf-9ad4-fb06671e1c8f
2026-05-07 14:34:22.790 7 INFO neutron_taas.services.taas.tap_mirror_plugin [None req-f731539f-9899-4e83-80a7-92b67f94b764 5711641d21e04da19dd620980006afcd 7330f3c5d2d84e8bb4849884349df520 - - default default] Tap Mirror: Handle Delete Port: 046e938e-d524-4dcf-9ad4-fb06671e1c8f
2026-05-07 14:34:22.881 8 INFO neutron_taas.services.taas.taas_plugin [None req-f30f6dac-af74-41ce-b5c3-8b2e8609adb1 76a99fd1494748e588aefb4bb111114e 697ca63a2e234c549eafdf0d46473a39 - - default default] TaaS: Handle Delete Port: 3eae7b62-e304-4a4f-8251-01af43d08863
2026-05-07 14:34:22.884 8 INFO neutron_taas.services.taas.tap_mirror_plugin [None req-f30f6dac-af74-41ce-b5c3-8b2e8609adb1 76a99fd1494748e588aefb4bb111114e 697ca63a2e234c549eafdf0d46473a39 - - default default] Tap Mirror: Handle Delete Port: 3eae7b62-e304-4a4f-8251-01af43d08863 [pid: 8|app: 0|req: 1312/2576] 10.0.0.184 () {32 vars in 732 bytes} [Thu May 7 14:34:22 2026] DELETE /v2.0/floatingips/b2ca5b38-0767-41e9-a5bd-23a987cf4ddc => generated 0 bytes in 257 msecs (HTTP/1.1 204) 2 headers in 112 bytes (1 switches on core 0)
2026-05-07 14:34:23.043 7 INFO neutron_taas.services.taas.taas_plugin [None req-a2bceb64-212c-439d-9a11-6ebc8064fd15 - - - - - -] TaaS: Handle Delete Port: 084b1183-f1a6-473b-91c4-12b2c380e7d8
2026-05-07 14:34:23.046 7 INFO neutron_taas.services.taas.tap_mirror_plugin [None req-a2bceb64-212c-439d-9a11-6ebc8064fd15 - - - - - -] Tap Mirror: Handle Delete Port: 084b1183-f1a6-473b-91c4-12b2c380e7d8 [pid: 8|app: 0|req: 1313/2577] 10.0.0.184 () {32 vars in 736 bytes} [Thu May 7 14:34:23 2026] GET /v2.0/ports?device_id=7207eb16-cafd-44ea-a972-34eadfc7dfe9 => generated 12 bytes in 15 msecs (HTTP/1.1 200) 4 headers in 156 bytes (1 switches on core 0) [pid: 8|app: 0|req: 1314/2578] 10.0.0.184 () {32 vars in 740 bytes} [Thu May 7 14:34:23 2026] DELETE /v2.0/security-groups/53b5ad8a-95f9-4283-909d-5a27423966d9 => generated 0 bytes in 181 msecs (HTTP/1.1 204) 2 headers in 112 bytes (1 switches on core 0) [pid: 8|app: 0|req: 1315/2579] 10.0.0.184 () {32 vars in 724 bytes} [Thu May 7 14:34:23 2026] DELETE /v2.0/routers/7207eb16-cafd-44ea-a972-34eadfc7dfe9 => generated 0 bytes in 216 msecs (HTTP/1.1 204) 2 headers in 112 bytes (1 switches on core 0) [pid: 8|app: 0|req: 1316/2580] 10.0.0.184 () {32 vars in 721 bytes} [Thu May 7 14:34:23 2026] GET /v2.0/routers/926f0997-07b7-443a-90d1-e8c3795bbbd3 => generated 604 bytes in 35 msecs (HTTP/1.1 200) 4 headers in 157 bytes (1 switches on core 0)
2026-05-07 14:34:23.496 7 INFO neutron_taas.services.taas.taas_plugin [None req-413add5d-93f6-47a8-9be7-400297bfa9d3 - - - - - -] TaaS: Handle Delete Port: 1a666148-d854-4d0a-8181-e2250a6531bd
2026-05-07 14:34:23.499 7 INFO neutron_taas.services.taas.tap_mirror_plugin [None req-413add5d-93f6-47a8-9be7-400297bfa9d3 - - - - - -] Tap Mirror: Handle Delete Port: 1a666148-d854-4d0a-8181-e2250a6531bd
2026-05-07 14:34:23.809 8 INFO neutron.db.ovn_revision_numbers_db [None req-c78f20b2-6d86-44c2-9d00-582e8be56bc4 eb457e7b4b2c4aa3aac97431e0c8ff85 97252c68cd334220b54fa42befecfd7d - - default default] Successfully bumped revision number for resource 926f0997-07b7-443a-90d1-e8c3795bbbd3 (type: routers) to 2 [pid: 8|app: 0|req: 1317/2581] 10.0.0.184 () {34 vars in 742 bytes} [Thu May 7 14:34:23 2026] PUT /v2.0/routers/926f0997-07b7-443a-90d1-e8c3795bbbd3 => generated 604 bytes in 316 msecs (HTTP/1.1 200) 4 headers in 157 bytes (1 switches on core 0)
2026-05-07 14:34:23.939 8 WARNING neutron.db.securitygroups_db [None req-a4d43624-c117-4303-8f2d-9abb49279d0f 1c3e2505403f4947870444a37bb21639 a5fe58fe1bba4075828081bc80854baa - - default default] project_id key not found in filters, using tenant_id instead. This support has been deprecated and will be removed in a future release.
2026-05-07 14:34:24.067 8 INFO neutron.db.ovn_revision_numbers_db [None req-a4d43624-c117-4303-8f2d-9abb49279d0f 1c3e2505403f4947870444a37bb21639 a5fe58fe1bba4075828081bc80854baa - - default default] Successfully bumped revision number for resource a337f01f-92ed-4899-baa9-430048b112d4 (type: security_groups) to 1
2026-05-07 14:34:24.078 8 INFO neutron.db.ovn_revision_numbers_db [None req-a4d43624-c117-4303-8f2d-9abb49279d0f 1c3e2505403f4947870444a37bb21639 a5fe58fe1bba4075828081bc80854baa - - default default] Successfully bumped revision number for resource 26f11557-837e-4109-b10d-4a452f65674b (type: security_group_rules) to 0
2026-05-07 14:34:24.087 8 INFO neutron.db.ovn_revision_numbers_db [None req-a4d43624-c117-4303-8f2d-9abb49279d0f 1c3e2505403f4947870444a37bb21639 a5fe58fe1bba4075828081bc80854baa - - default default] Successfully bumped revision number for resource b12c6dbe-7ec8-4b7d-a9b4-a7ed127cb649 (type: security_group_rules) to 0
2026-05-07 14:34:24.098 8 INFO neutron.db.ovn_revision_numbers_db [None req-a4d43624-c117-4303-8f2d-9abb49279d0f 1c3e2505403f4947870444a37bb21639 a5fe58fe1bba4075828081bc80854baa - - default default] Successfully bumped revision number for resource bd90e025-af70-423c-9e53-a805e4d06eb1 (type: security_group_rules) to 0
2026-05-07 14:34:24.113 8 INFO neutron.db.ovn_revision_numbers_db [None req-a4d43624-c117-4303-8f2d-9abb49279d0f 1c3e2505403f4947870444a37bb21639 a5fe58fe1bba4075828081bc80854baa - - default default] Successfully bumped revision number for resource cd7e0855-9f41-4fc3-9e1b-693bf5fa0352 (type: security_group_rules) to 0 [pid: 8|app: 0|req: 1318/2582] 10.0.0.184 () {32 vars in 774 bytes} [Thu May 7 14:34:23 2026] GET /v2.0/security-groups?tenant_id=e35571e6d2354cd1a121b572741a2bcd&name=default => generated 2925 bytes in 344 msecs (HTTP/1.1 200) 4 headers in 158 bytes (1 switches on core 0) [pid: 8|app: 0|req: 1319/2583] 10.0.0.184 () {32 vars in 736 bytes} [Thu May 7 14:34:24 2026] GET /v2.0/ports?device_id=926f0997-07b7-443a-90d1-e8c3795bbbd3 => generated 12 bytes in 17 msecs (HTTP/1.1 200) 4 headers in 156 bytes (1 switches on core 0) [pid: 8|app: 0|req: 1320/2584] 10.0.0.184 () {32 vars in 740 bytes} [Thu May 7 14:34:24 2026] DELETE /v2.0/security-groups/a337f01f-92ed-4899-baa9-430048b112d4 => generated 0 bytes in 172 msecs (HTTP/1.1 204) 2 headers in 112 bytes (1 switches on core 0)
2026-05-07 14:34:24.363 7 INFO neutron_taas.services.taas.taas_plugin [None req-413add5d-93f6-47a8-9be7-400297bfa9d3 - - - - - -] TaaS: Handle Delete Port: 026466ec-d50a-4246-b615-05d5559cc291
2026-05-07 14:34:24.367 7 INFO neutron_taas.services.taas.tap_mirror_plugin [None req-413add5d-93f6-47a8-9be7-400297bfa9d3 - - - - - -] Tap Mirror: Handle Delete Port: 026466ec-d50a-4246-b615-05d5559cc291
2026-05-07 14:34:24.543 7 INFO neutron.services.segments.plugin [-] Segment 4faa196e-6532-4e05-86ff-6b74eefa0567 resource provider aggregate not found
2026-05-07 14:34:24.548 7 INFO neutron.services.segments.plugin [-] Segment 4faa196e-6532-4e05-86ff-6b74eefa0567 resource provider aggregate not found [pid: 8|app: 0|req: 1321/2585] 10.0.0.184 () {32 vars in 724 bytes} [Thu May 7 14:34:24 2026] DELETE /v2.0/routers/926f0997-07b7-443a-90d1-e8c3795bbbd3 => generated 0 bytes in 206 msecs (HTTP/1.1 204) 2 headers in 112 bytes (1 switches on core 0)
2026-05-07 14:34:24.559 8 WARNING neutron.db.securitygroups_db [None req-79d0ac31-0f90-4fdd-bbd7-628920c2fc76 1c3e2505403f4947870444a37bb21639 a5fe58fe1bba4075828081bc80854baa - - default default] project_id key not found in filters, using tenant_id instead. This support has been deprecated and will be removed in a future release.
2026-05-07 14:34:24.568 7 INFO neutron.services.segments.plugin [-] Segment 4faa196e-6532-4e05-86ff-6b74eefa0567 resource provider not found; error: Placement Client Error (4xx): {"errors": [{"status": 404, "title": "Not Found", "detail": "The resource could not be found.\n\n No resource provider with uuid 4faa196e-6532-4e05-86ff-6b74eefa0567 found for delete ", "request_id": "req-c61c53b5-37d5-482f-a81f-ae7dbbc58497"}]}
2026-05-07 14:34:24.569 7 INFO neutron.services.segments.plugin [-] Segment 4faa196e-6532-4e05-86ff-6b74eefa0567 resource provider not found; error: Placement Client Error (4xx): {"errors": [{"status": 404, "title": "Not Found", "detail": "The resource could not be found.\n\n No resource provider with uuid 4faa196e-6532-4e05-86ff-6b74eefa0567 found for delete ", "request_id": "req-e4f09133-fff7-435b-abc3-390f6a5783ea"}]} [pid: 7|app: 0|req: 1265/2586] 10.0.0.184 () {32 vars in 740 bytes} [Thu May 7 14:34:22 2026] DELETE /v2.0/vpn/vpnservices/5b353f09-409d-4228-85e2-2b2504e5ed4f => generated 0 bytes in 2107 msecs (HTTP/1.1 204) 2 headers in 112 bytes (1 switches on core 0) /var/lib/openstack/lib/python3.12/site-packages/pycadf/identifier.py:70: UserWarning: Invalid uuid: neutron. To ensure interoperability, identifiers should be a valid uuid. warnings.warn(('Invalid uuid: %s. To ensure interoperability, ' [pid: 7|app: 0|req: 1266/2587] 10.0.0.184 () {32 vars in 721 bytes} [Thu May 7 14:34:24 2026] GET /v2.0/routers/7a6952be-61c2-432a-86f7-e443088d71d5 => generated 597 bytes in 47 msecs (HTTP/1.1 200) 4 headers in 157 bytes (1 switches on core 0)
2026-05-07 14:34:24.705 8 INFO neutron.db.ovn_revision_numbers_db [None req-79d0ac31-0f90-4fdd-bbd7-628920c2fc76 1c3e2505403f4947870444a37bb21639 a5fe58fe1bba4075828081bc80854baa - - default default] Successfully bumped revision number for resource c2d06a24-5973-44c4-959f-e43bdadd15f1 (type: security_groups) to 1
2026-05-07 14:34:24.719 8 INFO neutron.db.ovn_revision_numbers_db [None req-79d0ac31-0f90-4fdd-bbd7-628920c2fc76 1c3e2505403f4947870444a37bb21639 a5fe58fe1bba4075828081bc80854baa - - default default] Successfully bumped revision number for resource 477d528e-f212-4678-b485-df3c4cad6f2f (type: security_group_rules) to 0
2026-05-07 14:34:24.733 8 INFO neutron.db.ovn_revision_numbers_db [None req-79d0ac31-0f90-4fdd-bbd7-628920c2fc76 1c3e2505403f4947870444a37bb21639 a5fe58fe1bba4075828081bc80854baa - - default default] Successfully bumped revision number for resource bccf77d0-c3d1-4785-afaf-4dee8c02e79a (type: security_group_rules) to 0 [pid: 7|app: 0|req: 1267/2588] 10.0.0.184 () {32 vars in 721 bytes} [Thu May 7 14:34:24 2026] GET /v2.0/routers/e43c2f56-02a0-4ad7-983e-137a1d6ac916 => generated 963 bytes in 80 msecs (HTTP/1.1 200) 4 headers in 157 bytes (1 switches on core 0)
2026-05-07 14:34:24.745 8 INFO neutron.db.ovn_revision_numbers_db [None req-79d0ac31-0f90-4fdd-bbd7-628920c2fc76 1c3e2505403f4947870444a37bb21639 a5fe58fe1bba4075828081bc80854baa - - default default] Successfully bumped revision number for resource eafb2a17-f908-4e52-b2e3-d6070b440c5e (type: security_group_rules) to 0
2026-05-07 14:34:24.760 8 INFO neutron.db.ovn_revision_numbers_db [None req-79d0ac31-0f90-4fdd-bbd7-628920c2fc76 1c3e2505403f4947870444a37bb21639 a5fe58fe1bba4075828081bc80854baa - - default default] Successfully bumped revision number for resource ec6d311e-3886-4543-8256-4909cfcac8ca (type: security_group_rules) to 0 [pid: 8|app: 0|req: 1322/2589] 10.0.0.184 () {32 vars in 774 bytes} [Thu May 7 14:34:24 2026] GET /v2.0/security-groups?tenant_id=e4cda7ec54c948ba818e61a612b33416&name=default => generated 2929 bytes in 260 msecs (HTTP/1.1 200) 4 headers in 158 bytes (1 switches on core 0) [pid: 7|app: 0|req: 1268/2590] 10.0.0.184 () {34 vars in 742 bytes} [Thu May 7 14:34:24 2026] PUT /v2.0/routers/7a6952be-61c2-432a-86f7-e443088d71d5 => generated 597 bytes in 234 msecs (HTTP/1.1 200) 4 headers in 157 bytes (1 switches on core 0) [pid: 7|app: 0|req: 1269/2591] 10.0.0.184 () {32 vars in 740 bytes} [Thu May 7 14:34:24 2026] DELETE /v2.0/security-groups/c2d06a24-5973-44c4-959f-e43bdadd15f1 => generated 0 bytes in 199 msecs (HTTP/1.1 204) 2 headers in 112 bytes (1 switches on core 0) [pid: 7|app: 0|req: 1270/2592] 10.0.0.184 () {32 vars in 736 bytes} [Thu May 7 14:34:25 2026] GET /v2.0/ports?device_id=7a6952be-61c2-432a-86f7-e443088d71d5 => generated 12 bytes in 17 msecs (HTTP/1.1 200) 4 headers in 156 bytes (1 switches on core 0) [pid: 7|app: 0|req: 1271/2593] 10.0.0.184 () {32 vars in 724 bytes} [Thu May 7 14:34:25 2026] DELETE /v2.0/routers/7a6952be-61c2-432a-86f7-e443088d71d5 => generated 0 bytes in 193 msecs (HTTP/1.1 204) 2 headers in 112 bytes (1 switches on core 0)
2026-05-07 14:34:25.395 7 WARNING neutron.db.securitygroups_db [None req-7c13d8f9-6372-489c-b764-3202124818d5 1c3e2505403f4947870444a37bb21639 a5fe58fe1bba4075828081bc80854baa - - default default] project_id key not found in filters, using tenant_id instead. This support has been deprecated and will be removed in a future release.
2026-05-07 14:34:25.548 7 INFO neutron.db.ovn_revision_numbers_db [None req-7c13d8f9-6372-489c-b764-3202124818d5 1c3e2505403f4947870444a37bb21639 a5fe58fe1bba4075828081bc80854baa - - default default] Successfully bumped revision number for resource d0e54894-17c2-418e-a7d3-59c9e4a51521 (type: security_groups) to 1
2026-05-07 14:34:25.561 7 INFO neutron.db.ovn_revision_numbers_db [None req-7c13d8f9-6372-489c-b764-3202124818d5 1c3e2505403f4947870444a37bb21639 a5fe58fe1bba4075828081bc80854baa - - default default] Successfully bumped revision number for resource 0a93760a-e1a9-4a0a-b7e1-6405f5202c59 (type: security_group_rules) to 0
2026-05-07 14:34:25.577 7 INFO neutron.db.ovn_revision_numbers_db [None req-7c13d8f9-6372-489c-b764-3202124818d5 1c3e2505403f4947870444a37bb21639 a5fe58fe1bba4075828081bc80854baa - - default default] Successfully bumped revision number for resource 37acfc39-a7d5-4bb8-8a2b-394d8336169e (type: security_group_rules) to 0
2026-05-07 14:34:25.592 7 INFO neutron.db.ovn_revision_numbers_db [None req-7c13d8f9-6372-489c-b764-3202124818d5 1c3e2505403f4947870444a37bb21639 a5fe58fe1bba4075828081bc80854baa - - default default] Successfully bumped revision number for resource 61b73c68-258a-4f3e-94f8-303e648bc60f (type: security_group_rules) to 0
2026-05-07 14:34:25.605 7 INFO neutron.db.ovn_revision_numbers_db [None req-7c13d8f9-6372-489c-b764-3202124818d5 1c3e2505403f4947870444a37bb21639 a5fe58fe1bba4075828081bc80854baa - - default default] Successfully bumped revision number for resource a70bca16-f802-4a23-8a7c-d08d2d0b4583 (type: security_group_rules) to 0 [pid: 7|app: 0|req: 1272/2594] 10.0.0.184 () {32 vars in 774 bytes} [Thu May 7 14:34:25 2026] GET /v2.0/security-groups?tenant_id=697ca63a2e234c549eafdf0d46473a39&name=default => generated 2929 bytes in 248 msecs (HTTP/1.1 200) 4 headers in 158 bytes (1 switches on core 0) [pid: 7|app: 0|req: 1273/2595] 10.0.0.184 () {32 vars in 740 bytes} [Thu May 7 14:34:25 2026] DELETE /v2.0/security-groups/d0e54894-17c2-418e-a7d3-59c9e4a51521 => generated 0 bytes in 193 msecs (HTTP/1.1 204) 2 headers in 112 bytes (1 switches on core 0)
2026-05-07 14:34:26.150 8 INFO neutron.db.ovn_revision_numbers_db [None req-e3bbdb53-0221-422e-8da8-274deeeba58c 5711641d21e04da19dd620980006afcd 7330f3c5d2d84e8bb4849884349df520 - - default default] Successfully bumped revision number for resource e43c2f56-02a0-4ad7-983e-137a1d6ac916 (type: routers) to 5 [pid: 8|app: 0|req: 1323/2596] 10.0.0.184 () {34 vars in 742 bytes} [Thu May 7 14:34:24 2026] PUT /v2.0/routers/e43c2f56-02a0-4ad7-983e-137a1d6ac916 => generated 963 bytes in 1340 msecs (HTTP/1.1 200) 4 headers in 157 bytes (1 switches on core 0) [pid: 7|app: 0|req: 1274/2597] 10.0.0.184 () {32 vars in 736 bytes} [Thu May 7 14:34:26 2026] GET /v2.0/ports?device_id=e43c2f56-02a0-4ad7-983e-137a1d6ac916 => generated 946 bytes in 83 msecs (HTTP/1.1 200) 4 headers in 157 bytes (1 switches on core 0)
2026-05-07 14:34:26.385 7 WARNING neutron.db.securitygroups_db [None req-049ee182-c7f9-4ef6-91bb-95917adde4d6 1c3e2505403f4947870444a37bb21639 a5fe58fe1bba4075828081bc80854baa - - default default] project_id key not found in filters, using tenant_id instead. This support has been deprecated and will be removed in a future release.
2026-05-07 14:34:26.504 7 INFO neutron.db.ovn_revision_numbers_db [None req-049ee182-c7f9-4ef6-91bb-95917adde4d6 1c3e2505403f4947870444a37bb21639 a5fe58fe1bba4075828081bc80854baa - - default default] Successfully bumped revision number for resource 0c970a91-c36f-489e-9022-35613315d2fd (type: security_groups) to 1
2026-05-07 14:34:26.515 7 INFO neutron.db.ovn_revision_numbers_db [None req-049ee182-c7f9-4ef6-91bb-95917adde4d6 1c3e2505403f4947870444a37bb21639 a5fe58fe1bba4075828081bc80854baa - - default default] Successfully bumped revision number for resource 0a6fcda8-b80e-47a5-9247-e5947744c239 (type: security_group_rules) to 0
2026-05-07 14:34:26.525 7 INFO neutron.db.ovn_revision_numbers_db [None req-049ee182-c7f9-4ef6-91bb-95917adde4d6 1c3e2505403f4947870444a37bb21639 a5fe58fe1bba4075828081bc80854baa - - default default] Successfully bumped revision number for resource 85b713c5-3eef-4f37-9354-f3d6ae7af6dc (type: security_group_rules) to 0
2026-05-07 14:34:26.535 7 INFO neutron.db.ovn_revision_numbers_db [None req-049ee182-c7f9-4ef6-91bb-95917adde4d6 1c3e2505403f4947870444a37bb21639 a5fe58fe1bba4075828081bc80854baa - - default default] Successfully bumped revision number for resource d86c59c7-952c-4b10-9825-04335f50b8e2 (type: security_group_rules) to 0
2026-05-07 14:34:26.545 7 INFO neutron.db.ovn_revision_numbers_db [None req-049ee182-c7f9-4ef6-91bb-95917adde4d6 1c3e2505403f4947870444a37bb21639 a5fe58fe1bba4075828081bc80854baa - - default default] Successfully bumped revision number for resource fe028125-b5ba-47c0-811c-bbc01229a4b2 (type: security_group_rules) to 0
2026-05-07 14:34:26.579 8 INFO neutron_taas.services.taas.taas_plugin [None req-d47452d7-02ea-41f1-848f-36a3ad409047 5711641d21e04da19dd620980006afcd 7330f3c5d2d84e8bb4849884349df520 - - default default] TaaS: Handle Delete Port: 45589d63-9d9e-4962-97f4-38e2e4e2cff9 [pid: 7|app: 0|req: 1275/2598] 10.0.0.184 () {32 vars in 774 bytes} [Thu May 7 14:34:26 2026] GET /v2.0/security-groups?tenant_id=97252c68cd334220b54fa42befecfd7d&name=default => generated 2929 bytes in 293 msecs (HTTP/1.1 200) 4 headers in 158 bytes (1 switches on core 0)
2026-05-07 14:34:26.584 8 INFO neutron_taas.services.taas.tap_mirror_plugin [None req-d47452d7-02ea-41f1-848f-36a3ad409047 5711641d21e04da19dd620980006afcd 7330f3c5d2d84e8bb4849884349df520 - - default default] Tap Mirror: Handle Delete Port: 45589d63-9d9e-4962-97f4-38e2e4e2cff9
2026-05-07 14:34:26.785 7 INFO neutron.db.ovn_revision_numbers_db [None req-1afe6c86-6586-4a4e-9dcd-32a4fed062ea 2cf3e32fa3cb4eb48996563b53e62591 15e9d3b6a4224deeb6f96758f5f55127 - - default default] Successfully bumped revision number for resource b9fedb73-11bb-4392-81d8-424f55c80a0a (type: security_groups) to 1
2026-05-07 14:34:26.796 7 INFO neutron.db.ovn_revision_numbers_db [None req-1afe6c86-6586-4a4e-9dcd-32a4fed062ea 2cf3e32fa3cb4eb48996563b53e62591 15e9d3b6a4224deeb6f96758f5f55127 - - default default] Successfully bumped revision number for resource 18115c2e-24dc-430d-9007-4a5d5e646d07 (type: security_group_rules) to 0
2026-05-07 14:34:26.807 7 INFO neutron.db.ovn_revision_numbers_db [None req-1afe6c86-6586-4a4e-9dcd-32a4fed062ea 2cf3e32fa3cb4eb48996563b53e62591 15e9d3b6a4224deeb6f96758f5f55127 - - default default] Successfully bumped revision number for resource 2256df87-3598-4fad-b327-0c42c3b0573a (type: security_group_rules) to 0
2026-05-07 14:34:26.819 7 INFO neutron.db.ovn_revision_numbers_db [None req-1afe6c86-6586-4a4e-9dcd-32a4fed062ea 2cf3e32fa3cb4eb48996563b53e62591 15e9d3b6a4224deeb6f96758f5f55127 - - default default] Successfully bumped revision number for resource 422b2641-7d45-404f-9072-7879fa301c48 (type: security_group_rules) to 0
2026-05-07 14:34:26.832 7 INFO neutron.db.ovn_revision_numbers_db [None req-1afe6c86-6586-4a4e-9dcd-32a4fed062ea 2cf3e32fa3cb4eb48996563b53e62591 15e9d3b6a4224deeb6f96758f5f55127 - - default default] Successfully bumped revision number for resource 8ede4a95-db25-4232-a2c4-de4b470934f8 (type: security_group_rules) to 0
2026-05-07 14:34:26.916 7 INFO neutron.db.segments_db [None req-1afe6c86-6586-4a4e-9dcd-32a4fed062ea 2cf3e32fa3cb4eb48996563b53e62591 15e9d3b6a4224deeb6f96758f5f55127 - - default default] Added segment 97ee395d-8448-477e-8cea-30a53b5b7933 of type geneve for network c13e5161-b408-4be9-8d8c-4e4e71fb5754
2026-05-07 14:34:27.043 7 INFO neutron.db.ovn_revision_numbers_db [None req-1afe6c86-6586-4a4e-9dcd-32a4fed062ea 2cf3e32fa3cb4eb48996563b53e62591 15e9d3b6a4224deeb6f96758f5f55127 - - default default] Successfully bumped revision number for resource c13e5161-b408-4be9-8d8c-4e4e71fb5754 (type: networks) to 1
2026-05-07 14:34:27.065 8 WARNING neutron.plugins.ml2.drivers.ovn.mech_driver.ovsdb.ovn_client [None req-4d613945-c481-4569-b3b9-5b010e5048e3 - - - - - -] No port found with ID 45589d63-9d9e-4962-97f4-38e2e4e2cff9: RuntimeError: No port found with ID 45589d63-9d9e-4962-97f4-38e2e4e2cff9 [pid: 8|app: 0|req: 1324/2599] 10.0.0.184 () {34 vars in 789 bytes} [Thu May 7 14:34:26 2026] PUT /v2.0/routers/e43c2f56-02a0-4ad7-983e-137a1d6ac916/remove_router_interface => generated 310 bytes in 875 msecs (HTTP/1.1 200) 4 headers in 157 bytes (1 switches on core 0) /var/lib/openstack/lib/python3.12/site-packages/pycadf/identifier.py:70: UserWarning: Invalid uuid: neutron. To ensure interoperability, identifiers should be a valid uuid. warnings.warn(('Invalid uuid: %s. To ensure interoperability, '
2026-05-07 14:34:27.131 8 INFO neutron.common.ovn.utils [None req-4d613945-c481-4569-b3b9-5b010e5048e3 - - - - - -] HA Chassis Group neutron-ee2148cb-a064-419d-b0a5-f713f2e01671 synchronized; highest priority chassis baf740f7-8c40-4eb9-a770-71b04e10941c
2026-05-07 14:34:27.205 8 INFO neutron.plugins.ml2.drivers.ovn.mech_driver.mech_driver [None req-4d613945-c481-4569-b3b9-5b010e5048e3 - - - - - -] OVN reports status down for port: 046e938e-d524-4dcf-9ad4-fb06671e1c8f
2026-05-07 14:34:27.221 8 INFO neutron.plugins.ml2.drivers.ovn.mech_driver.mech_driver [None req-4d613945-c481-4569-b3b9-5b010e5048e3 - - - - - -] OVN reports status down for port: 026466ec-d50a-4246-b615-05d5559cc291
2026-05-07 14:34:27.236 8 INFO neutron.plugins.ml2.drivers.ovn.mech_driver.mech_driver [None req-4d613945-c481-4569-b3b9-5b010e5048e3 - - - - - -] OVN reports status down for port: 1a666148-d854-4d0a-8181-e2250a6531bd
2026-05-07 14:34:27.242 7 WARNING neutron.scheduler.dhcp_agent_scheduler [None req-1afe6c86-6586-4a4e-9dcd-32a4fed062ea 2cf3e32fa3cb4eb48996563b53e62591 15e9d3b6a4224deeb6f96758f5f55127 - - default default] No more DHCP agents
2026-05-07 14:34:27.243 7 WARNING neutron.api.rpc.agentnotifiers.dhcp_rpc_agent_api [None req-1afe6c86-6586-4a4e-9dcd-32a4fed062ea 2cf3e32fa3cb4eb48996563b53e62591 15e9d3b6a4224deeb6f96758f5f55127 - - default default] Unable to schedule network c13e5161-b408-4be9-8d8c-4e4e71fb5754: no agents available; will retry on subsequent port and subnet creation events.
2026-05-07 14:34:27.258 8 INFO neutron.plugins.ml2.drivers.ovn.mech_driver.mech_driver [None req-4d613945-c481-4569-b3b9-5b010e5048e3 - - - - - -] OVN reports status up for port: 1a666148-d854-4d0a-8181-e2250a6531bd
2026-05-07 14:34:27.300 7 INFO neutron.plugins.ml2.drivers.ovn.mech_driver.mech_driver [None req-6bac336f-4c6f-46c0-aa0d-66eb07145dd1 - - - - - -] OVN reports status down for port: fe575fba-a68c-452a-9690-bdd26d148248
2026-05-07 14:34:27.303 8 ERROR ovsdbapp.event [None req-4d613945-c481-4569-b3b9-5b010e5048e3 - - - - - -] Unexpected exception in notify_loop: AttributeError: 'NoneType' object has no attribute 'external_ids'
2026-05-07 14:34:27.303 8 ERROR ovsdbapp.event
Traceback (most recent call last):
2026-05-07 14:34:27.303 8 ERROR ovsdbapp.event
File "/var/lib/openstack/lib/python3.12/site-packages/ovsdbapp/event.py", line 185, in notify_loop
2026-05-07 14:34:27.303 8 ERROR ovsdbapp.event match.run(event, row, updates)
2026-05-07 14:34:27.303 8 ERROR ovsdbapp.event
File "/var/lib/openstack/lib/python3.12/site-packages/neutron/services/ovn_l3/ovsdb_monitor.py", line 86, in run
2026-05-07 14:34:27.303 8 ERROR ovsdbapp.event self.l3_plugin._ovn_client.link_network_ha_chassis_group(
2026-05-07 14:34:27.303 8 ERROR ovsdbapp.event
File "/var/lib/openstack/lib/python3.12/site-packages/neutron/plugins/ml2/drivers/ovn/mech_driver/ovsdb/ovn_client.py", line 2426, in link_network_ha_chassis_group
2026-05-07 14:34:27.303 8 ERROR ovsdbapp.event hcg, _ = utils.sync_ha_chassis_group_network_unified(
2026-05-07 14:34:27.303 8 ERROR ovsdbapp.event ^^^^^^^^^^^^^^^^^^^^^^^^^^^^^^^^^^^^^^^^^^^^
2026-05-07 14:34:27.303 8 ERROR ovsdbapp.event
File "/var/lib/openstack/lib/python3.12/site-packages/neutron/common/ovn/utils.py", line 217, in wrapped
2026-05-07 14:34:27.303 8 ERROR ovsdbapp.event return f(*args, **kwargs)
2026-05-07 14:34:27.303 8 ERROR ovsdbapp.event ^^^^^^^^^^^^^^^^^^
2026-05-07 14:34:27.303 8 ERROR ovsdbapp.event
File "/var/lib/openstack/lib/python3.12/site-packages/neutron/common/ovn/utils.py", line 1341, in sync_ha_chassis_group_network_unified
2026-05-07 14:34:27.303 8 ERROR ovsdbapp.event physnet = ls.external_ids.get(constants.OVN_PHYSNET_EXT_ID_KEY)
2026-05-07 14:34:27.303 8 ERROR ovsdbapp.event ^^^^^^^^^^^^^^^
2026-05-07 14:34:27.303 8 ERROR ovsdbapp.event AttributeError: 'NoneType' object has no attribute 'external_ids'
2026-05-07 14:34:27.303 8 ERROR ovsdbapp.event
2026-05-07 14:34:27.380 7 INFO neutron.db.ovn_revision_numbers_db [None req-1afe6c86-6586-4a4e-9dcd-32a4fed062ea 2cf3e32fa3cb4eb48996563b53e62591 15e9d3b6a4224deeb6f96758f5f55127 - - default default] Successfully bumped revision number for resource fe575fba-a68c-452a-9690-bdd26d148248 (type: ports) to 1 [pid: 8|app: 0|req: 1325/2600] 10.0.0.184 () {32 vars in 740 bytes} [Thu May 7 14:34:27 2026] DELETE /v2.0/security-groups/0c970a91-c36f-489e-9022-35613315d2fd => generated 0 bytes in 295 msecs (HTTP/1.1 204) 2 headers in 112 bytes (1 switches on core 0) [pid: 7|app: 0|req: 1276/2601] 10.0.0.184 () {34 vars in 670 bytes} [Thu May 7 14:34:26 2026] POST /v2.0/networks => generated 670 bytes in 845 msecs (HTTP/1.1 201) 4 headers in 162 bytes (1 switches on core 0)
2026-05-07 14:34:27.636 7 WARNING neutron.scheduler.dhcp_agent_scheduler [None req-28e1ee53-681b-489d-be3e-0935fef23891 2cf3e32fa3cb4eb48996563b53e62591 15e9d3b6a4224deeb6f96758f5f55127 - - default default] No more DHCP agents
2026-05-07 14:34:27.637 7 WARNING neutron.api.rpc.agentnotifiers.dhcp_rpc_agent_api [None req-28e1ee53-681b-489d-be3e-0935fef23891 2cf3e32fa3cb4eb48996563b53e62591 15e9d3b6a4224deeb6f96758f5f55127 - - default default] Unable to schedule network c13e5161-b408-4be9-8d8c-4e4e71fb5754: no agents available; will retry on subsequent port and subnet creation events.
2026-05-07 14:34:27.717 8 INFO neutron.plugins.ml2.drivers.ovn.mech_driver.mech_driver [None req-4d613945-c481-4569-b3b9-5b010e5048e3 - - - - - -] OVN reports status down for port: 9b3958d7-628f-4cff-a99f-d17eb26f3b5f
2026-05-07 14:34:27.731 7 INFO neutron.db.ovn_revision_numbers_db [None req-28e1ee53-681b-489d-be3e-0935fef23891 2cf3e32fa3cb4eb48996563b53e62591 15e9d3b6a4224deeb6f96758f5f55127 - - default default] Successfully bumped revision number for resource 9b3958d7-628f-4cff-a99f-d17eb26f3b5f (type: ports) to 1
2026-05-07 14:34:27.752 8 INFO neutron_taas.services.taas.taas_plugin [None req-1fcc1f4b-b058-494b-88c2-12c1dfde7207 5711641d21e04da19dd620980006afcd 7330f3c5d2d84e8bb4849884349df520 - - default default] TaaS: Handle Delete Port: f633cbeb-920a-4131-9e08-743e146a88af
2026-05-07 14:34:27.761 8 INFO neutron_taas.services.taas.tap_mirror_plugin [None req-1fcc1f4b-b058-494b-88c2-12c1dfde7207 5711641d21e04da19dd620980006afcd 7330f3c5d2d84e8bb4849884349df520 - - default default] Tap Mirror: Handle Delete Port: f633cbeb-920a-4131-9e08-743e146a88af [pid: 7|app: 0|req: 1277/2602] 10.0.0.184 () {34 vars in 664 bytes} [Thu May 7 14:34:27 2026] POST /v2.0/ports => generated 743 bytes in 348 msecs (HTTP/1.1 201) 4 headers in 162 bytes (1 switches on core 0) /var/lib/openstack/lib/python3.12/site-packages/pycadf/identifier.py:70: UserWarning: Invalid uuid: neutron. To ensure interoperability, identifiers should be a valid uuid. warnings.warn(('Invalid uuid: %s. To ensure interoperability, '
2026-05-07 14:34:27.782 7 WARNING neutron.db.securitygroups_db [None req-bf1e00c9-00a4-4c6f-a61a-91b76796e572 1c3e2505403f4947870444a37bb21639 a5fe58fe1bba4075828081bc80854baa - - default default] project_id key not found in filters, using tenant_id instead. This support has been deprecated and will be removed in a future release.
2026-05-07 14:34:27.908 7 INFO neutron.db.ovn_revision_numbers_db [None req-bf1e00c9-00a4-4c6f-a61a-91b76796e572 1c3e2505403f4947870444a37bb21639 a5fe58fe1bba4075828081bc80854baa - - default default] Successfully bumped revision number for resource ee70d189-ebd5-4267-ae3b-61d8d19da5f5 (type: security_groups) to 1
2026-05-07 14:34:27.919 7 INFO neutron.db.ovn_revision_numbers_db [None req-bf1e00c9-00a4-4c6f-a61a-91b76796e572 1c3e2505403f4947870444a37bb21639 a5fe58fe1bba4075828081bc80854baa - - default default] Successfully bumped revision number for resource 71ed55f8-7406-4668-b527-53e5fe4ed7b6 (type: security_group_rules) to 0
2026-05-07 14:34:27.930 7 INFO neutron.db.ovn_revision_numbers_db [None req-bf1e00c9-00a4-4c6f-a61a-91b76796e572 1c3e2505403f4947870444a37bb21639 a5fe58fe1bba4075828081bc80854baa - - default default] Successfully bumped revision number for resource a821e171-71d5-4ebe-9eef-191c9d51d61d (type: security_group_rules) to 0
2026-05-07 14:34:27.941 7 INFO neutron.db.ovn_revision_numbers_db [None req-bf1e00c9-00a4-4c6f-a61a-91b76796e572 1c3e2505403f4947870444a37bb21639 a5fe58fe1bba4075828081bc80854baa - - default default] Successfully bumped revision number for resource afa306ef-3cd9-4580-a119-3d0293a2ed14 (type: security_group_rules) to 0
2026-05-07 14:34:27.952 7 INFO neutron.db.ovn_revision_numbers_db [None req-bf1e00c9-00a4-4c6f-a61a-91b76796e572 1c3e2505403f4947870444a37bb21639 a5fe58fe1bba4075828081bc80854baa - - default default] Successfully bumped revision number for resource e1fcc8a1-adf0-40b6-829d-aa788743d676 (type: security_group_rules) to 0 [pid: 7|app: 0|req: 1278/2603] 10.0.0.184 () {32 vars in 774 bytes} [Thu May 7 14:34:27 2026] GET /v2.0/security-groups?tenant_id=d966a9a8afaf4b1b8f4fb8197c0c3b86&name=default => generated 2929 bytes in 261 msecs (HTTP/1.1 200) 4 headers in 158 bytes (1 switches on core 0) [pid: 8|app: 0|req: 1326/2604] 10.0.0.184 () {32 vars in 724 bytes} [Thu May 7 14:34:27 2026] DELETE /v2.0/routers/e43c2f56-02a0-4ad7-983e-137a1d6ac916 => generated 0 bytes in 812 msecs (HTTP/1.1 204) 2 headers in 112 bytes (1 switches on core 0) [pid: 7|app: 0|req: 1279/2605] 10.0.0.184 () {34 vars in 666 bytes} [Thu May 7 14:34:28 2026] POST /v2.0/trunks => generated 409 bytes in 216 msecs (HTTP/1.1 201) 4 headers in 162 bytes (1 switches on core 0) [pid: 8|app: 0|req: 1327/2606] 10.0.0.184 () {32 vars in 740 bytes} [Thu May 7 14:34:28 2026] DELETE /v2.0/security-groups/ee70d189-ebd5-4267-ae3b-61d8d19da5f5 => generated 0 bytes in 162 msecs (HTTP/1.1 204) 2 headers in 112 bytes (1 switches on core 0) [pid: 7|app: 0|req: 1280/2607] 10.0.0.184 () {32 vars in 724 bytes} [Thu May 7 14:34:28 2026] DELETE /v2.0/subnets/d102c392-ec85-4e34-8ce6-65ff963ea764 => generated 0 bytes in 141 msecs (HTTP/1.1 204) 3 headers in 131 bytes (1 switches on core 0)
2026-05-07 14:34:28.414 8 WARNING tagging [None req-b947bea6-438d-4143-affb-771f3880a1ad 2cf3e32fa3cb4eb48996563b53e62591 15e9d3b6a4224deeb6f96758f5f55127 - - default default] project_id key not found in request, using tenant_id instead. This support has been deprecated and will be removed in a future release. [pid: 8|app: 0|req: 1328/2608] 10.0.0.184 () {34 vars in 749 bytes} [Thu May 7 14:34:28 2026] PUT /v2.0/trunks/981aed71-2c0c-42c2-955e-5fa4c812193e/tags => generated 25 bytes in 43 msecs (HTTP/1.1 200) 4 headers in 156 bytes (1 switches on core 0)
2026-05-07 14:34:28.455 8 WARNING tagging [None req-323ffea8-07c7-4023-a797-17448a164ef2 2cf3e32fa3cb4eb48996563b53e62591 15e9d3b6a4224deeb6f96758f5f55127 - - default default] project_id key not found in request, using tenant_id instead. This support has been deprecated and will be removed in a future release. [pid: 8|app: 0|req: 1329/2609] 10.0.0.184 () {32 vars in 729 bytes} [Thu May 7 14:34:28 2026] GET /v2.0/trunks/981aed71-2c0c-42c2-955e-5fa4c812193e/tags => generated 25 bytes in 19 msecs (HTTP/1.1 200) 4 headers in 156 bytes (1 switches on core 0)
2026-05-07 14:34:28.478 8 WARNING tagging [None req-770e9b45-7959-4fad-a32d-56c31fe24706 2cf3e32fa3cb4eb48996563b53e62591 15e9d3b6a4224deeb6f96758f5f55127 - - default default] project_id key not found in request, using tenant_id instead. This support has been deprecated and will be removed in a future release.
2026-05-07 14:34:28.497 7 INFO neutron_taas.services.taas.taas_plugin [None req-a8570ee6-e3ab-435f-aaad-10814f84bc8d 5711641d21e04da19dd620980006afcd 7330f3c5d2d84e8bb4849884349df520 - - default default] TaaS: Handle Delete Port: 43eced50-2302-42f7-98ac-1010a9e71f6f
2026-05-07 14:34:28.500 7 INFO neutron_taas.services.taas.tap_mirror_plugin [None req-a8570ee6-e3ab-435f-aaad-10814f84bc8d 5711641d21e04da19dd620980006afcd 7330f3c5d2d84e8bb4849884349df520 - - default default] Tap Mirror: Handle Delete Port: 43eced50-2302-42f7-98ac-1010a9e71f6f [pid: 8|app: 0|req: 1330/2610] 10.0.0.184 () {34 vars in 760 bytes} [Thu May 7 14:34:28 2026] PUT /v2.0/trunks/981aed71-2c0c-42c2-955e-5fa4c812193e/tags/green => generated 4 bytes in 39 msecs (HTTP/1.1 201) 4 headers in 160 bytes (1 switches on core 0)
2026-05-07 14:34:28.523 8 WARNING tagging [None req-0f6187a1-2741-4fd9-b821-a32c0944ba66 2cf3e32fa3cb4eb48996563b53e62591 15e9d3b6a4224deeb6f96758f5f55127 - - default default] project_id key not found in request, using tenant_id instead. This support has been deprecated and will be removed in a future release. [pid: 8|app: 0|req: 1331/2611] 10.0.0.184 () {32 vars in 729 bytes} [Thu May 7 14:34:28 2026] GET /v2.0/trunks/981aed71-2c0c-42c2-955e-5fa4c812193e/tags => generated 34 bytes in 20 msecs (HTTP/1.1 200) 4 headers in 156 bytes (1 switches on core 0)
2026-05-07 14:34:28.536 8 WARNING neutron.db.securitygroups_db [None req-81237b2f-4ddc-4d1f-b7e0-65233e1b6f0b 1c3e2505403f4947870444a37bb21639 a5fe58fe1bba4075828081bc80854baa - - default default] project_id key not found in filters, using tenant_id instead. This support has been deprecated and will be removed in a future release.
2026-05-07 14:34:28.666 7 INFO neutron.services.segments.plugin [-] Segment 72326f99-e7be-4733-9cc7-b5e749ec7802 resource provider aggregate not found
2026-05-07 14:34:28.673 7 INFO neutron.services.segments.plugin [-] Segment 72326f99-e7be-4733-9cc7-b5e749ec7802 resource provider aggregate not found
2026-05-07 14:34:28.679 8 INFO neutron.db.ovn_revision_numbers_db [None req-81237b2f-4ddc-4d1f-b7e0-65233e1b6f0b 1c3e2505403f4947870444a37bb21639 a5fe58fe1bba4075828081bc80854baa - - default default] Successfully bumped revision number for resource 3c1c22f7-16a9-43b0-9594-f6dbc40018c8 (type: security_groups) to 1
2026-05-07 14:34:28.683 7 INFO neutron.services.segments.plugin [-] Segment 72326f99-e7be-4733-9cc7-b5e749ec7802 resource provider not found; error: Placement Client Error (4xx): {"errors": [{"status": 404, "title": "Not Found", "detail": "The resource could not be found.\n\n No resource provider with uuid 72326f99-e7be-4733-9cc7-b5e749ec7802 found for delete ", "request_id": "req-e95e2c87-16cc-467a-ae47-f36e9e34e52a"}]}
2026-05-07 14:34:28.689 7 INFO neutron.services.segments.plugin [-] Segment 72326f99-e7be-4733-9cc7-b5e749ec7802 resource provider not found; error: Placement Client Error (4xx): {"errors": [{"status": 404, "title": "Not Found", "detail": "The resource could not be found.\n\n No resource provider with uuid 72326f99-e7be-4733-9cc7-b5e749ec7802 found for delete ", "request_id": "req-838efdf4-fe68-41ed-b82f-979a6d3bae19"}]}
2026-05-07 14:34:28.699 8 INFO neutron.db.ovn_revision_numbers_db [None req-81237b2f-4ddc-4d1f-b7e0-65233e1b6f0b 1c3e2505403f4947870444a37bb21639 a5fe58fe1bba4075828081bc80854baa - - default default] Successfully bumped revision number for resource 1f70ae2e-dd54-45bc-b58e-0ddab2eaa1b2 (type: security_group_rules) to 0
2026-05-07 14:34:28.716 8 INFO neutron.db.ovn_revision_numbers_db [None req-81237b2f-4ddc-4d1f-b7e0-65233e1b6f0b 1c3e2505403f4947870444a37bb21639 a5fe58fe1bba4075828081bc80854baa - - default default] Successfully bumped revision number for resource 382ee269-c75e-4dac-a85c-de495b681577 (type: security_group_rules) to 0
