2026-05-07 14:28:09.442 8 INFO neutron.api.v2.resource [None req-a2ce6df9-2624-44c7-af78-67e6b26102ba 1c3e2505403f4947870444a37bb21639 a5fe58fe1bba4075828081bc80854baa - - default default] show failed (client error): The resource could not be found. [pid: 8|app: 0|req: 257/516] 199.19.213.117 () {44 vars in 1075 bytes} [Thu May 7 14:28:09 2026] GET /v2.0/security-groups/manila-service-security-group?project_id=fb27f149d68a47ed9daf4ebf1952f735 => generated 139 bytes in 37 msecs (HTTP/1.1 404) 4 headers in 164 bytes (1 switches on core 0) [pid: 7|app: 0|req: 260/517] 199.19.213.117 () {44 vars in 1098 bytes} [Thu May 7 14:28:09 2026] GET /v2.0/security-groups?name=manila-service-security-group&project_id=fb27f149d68a47ed9daf4ebf1952f735 => generated 4072 bytes in 42 msecs (HTTP/1.1 200) 4 headers in 158 bytes (1 switches on core 0) [pid: 8|app: 0|req: 258/518] 199.19.213.117 () {44 vars in 1089 bytes} [Thu May 7 14:28:10 2026] GET /v2.0/security-groups/37b95450-bca7-4472-bfb0-28b2128a7558?project_id=fb27f149d68a47ed9daf4ebf1952f735 => generated 4075 bytes in 52 msecs (HTTP/1.1 200) 4 headers in 158 bytes (1 switches on core 0) [pid: 7|app: 0|req: 261/519] 199.19.213.117 () {44 vars in 1002 bytes} [Thu May 7 14:28:10 2026] GET /v2.0/security-groups/37b95450-bca7-4472-bfb0-28b2128a7558 => generated 4075 bytes in 33 msecs (HTTP/1.1 200) 4 headers in 158 bytes (1 switches on core 0) [pid: 8|app: 0|req: 259/520] 199.19.213.117 () {44 vars in 1012 bytes} [Thu May 7 14:28:10 2026] GET /v2.0/security-group-rules/68b8a7cf-2592-42cb-be5a-492a8821ba68 => generated 597 bytes in 15 msecs (HTTP/1.1 200) 4 headers in 157 bytes (1 switches on core 0) [pid: 7|app: 0|req: 262/521] 199.19.213.117 () {44 vars in 1089 bytes} [Thu May 7 14:28:11 2026] GET /v2.0/security-groups/37b95450-bca7-4472-bfb0-28b2128a7558?project_id=fb27f149d68a47ed9daf4ebf1952f735 => generated 4075 bytes in 65 msecs (HTTP/1.1 200) 4 headers in 158 bytes (1 switches on core 0) [pid: 8|app: 0|req: 260/522] 199.19.213.117 () {44 vars in 1002 bytes} [Thu May 7 14:28:11 2026] GET /v2.0/security-groups/37b95450-bca7-4472-bfb0-28b2128a7558 => generated 4075 bytes in 29 msecs (HTTP/1.1 200) 4 headers in 158 bytes (1 switches on core 0) [pid: 7|app: 0|req: 263/523] 199.19.213.117 () {44 vars in 1012 bytes} [Thu May 7 14:28:11 2026] GET /v2.0/security-group-rules/a235dbc0-c4a9-4764-a612-ecb6124b34bb => generated 599 bytes in 14 msecs (HTTP/1.1 200) 4 headers in 157 bytes (1 switches on core 0) [pid: 8|app: 0|req: 261/524] 199.19.213.117 () {44 vars in 1089 bytes} [Thu May 7 14:28:12 2026] GET /v2.0/security-groups/37b95450-bca7-4472-bfb0-28b2128a7558?project_id=fb27f149d68a47ed9daf4ebf1952f735 => generated 4075 bytes in 65 msecs (HTTP/1.1 200) 4 headers in 158 bytes (1 switches on core 0) [pid: 7|app: 0|req: 264/525] 199.19.213.117 () {44 vars in 1002 bytes} [Thu May 7 14:28:12 2026] GET /v2.0/security-groups/37b95450-bca7-4472-bfb0-28b2128a7558 => generated 4075 bytes in 31 msecs (HTTP/1.1 200) 4 headers in 158 bytes (1 switches on core 0) [pid: 8|app: 0|req: 262/526] 199.19.213.117 () {44 vars in 1012 bytes} [Thu May 7 14:28:12 2026] GET /v2.0/security-group-rules/edb7fb69-32b5-4beb-a231-3aeca20b181a => generated 601 bytes in 16 msecs (HTTP/1.1 200) 4 headers in 157 bytes (1 switches on core 0) [pid: 7|app: 0|req: 265/527] 199.19.213.117 () {44 vars in 1089 bytes} [Thu May 7 14:28:13 2026] GET /v2.0/security-groups/37b95450-bca7-4472-bfb0-28b2128a7558?project_id=fb27f149d68a47ed9daf4ebf1952f735 => generated 4075 bytes in 60 msecs (HTTP/1.1 200) 4 headers in 158 bytes (1 switches on core 0) [pid: 8|app: 0|req: 263/528] 199.19.213.117 () {44 vars in 1002 bytes} [Thu May 7 14:28:13 2026] GET /v2.0/security-groups/37b95450-bca7-4472-bfb0-28b2128a7558 => generated 4075 bytes in 31 msecs (HTTP/1.1 200) 4 headers in 158 bytes (1 switches on core 0) [pid: 7|app: 0|req: 266/529] 199.19.213.117 () {44 vars in 1012 bytes} [Thu May 7 14:28:13 2026] GET /v2.0/security-group-rules/f8eaf8d5-9bf1-4785-b981-476f09f79fb6 => generated 602 bytes in 22 msecs (HTTP/1.1 200) 4 headers in 157 bytes (1 switches on core 0) [pid: 8|app: 0|req: 265/532] 199.19.213.117 () {44 vars in 976 bytes} [Thu May 7 14:28:20 2026] GET /v2.0/quotas/fb27f149d68a47ed9daf4ebf1952f735 => generated 291 bytes in 13 msecs (HTTP/1.1 200) 4 headers in 157 bytes (1 switches on core 0) [pid: 7|app: 0|req: 271/539] 10.0.0.155 () {28 vars in 579 bytes} [Thu May 7 14:29:04 2026] GET /v2.0/ports => generated 5217 bytes in 80 msecs (HTTP/1.1 200) 4 headers in 158 bytes (1 switches on core 0) [pid: 8|app: 0|req: 269/540] 10.0.0.155 () {28 vars in 591 bytes} [Thu May 7 14:29:04 2026] GET /v2.0/floatingips => generated 19 bytes in 17 msecs (HTTP/1.1 200) 4 headers in 156 bytes (1 switches on core 0) [pid: 7|app: 0|req: 272/541] 10.0.0.155 () {28 vars in 583 bytes} [Thu May 7 14:29:04 2026] GET /v2.0/subnets => generated 1308 bytes in 26 msecs (HTTP/1.1 200) 4 headers in 158 bytes (1 switches on core 0) [pid: 8|app: 0|req: 270/542] 10.0.0.155 () {28 vars in 599 bytes} [Thu May 7 14:29:04 2026] GET /v2.0/security-groups => generated 17397 bytes in 35 msecs (HTTP/1.1 200) 4 headers in 159 bytes (1 switches on core 0) [pid: 7|app: 0|req: 273/543] 10.0.0.155 () {28 vars in 581 bytes} [Thu May 7 14:29:04 2026] GET /v2.0/agents => generated 1214 bytes in 38 msecs (HTTP/1.1 200) 4 headers in 158 bytes (1 switches on core 0) [pid: 8|app: 0|req: 271/544] 10.0.0.155 () {28 vars in 583 bytes} [Thu May 7 14:29:04 2026] GET /v2.0/subnets => generated 1308 bytes in 34 msecs (HTTP/1.1 200) 4 headers in 158 bytes (1 switches on core 0) [pid: 7|app: 0|req: 274/545] 10.0.0.155 () {28 vars in 591 bytes} [Thu May 7 14:29:04 2026] GET /v2.0/subnetpools => generated 19 bytes in 13 msecs (HTTP/1.1 200) 4 headers in 156 bytes (1 switches on core 0) [pid: 8|app: 0|req: 272/546] 10.0.0.155 () {28 vars in 585 bytes} [Thu May 7 14:29:04 2026] GET /v2.0/networks => generated 2288 bytes in 57 msecs (HTTP/1.1 200) 4 headers in 158 bytes (1 switches on core 0) [pid: 7|app: 0|req: 275/547] 10.0.0.155 () {28 vars in 619 bytes} [Thu May 7 14:29:04 2026] GET /v2.0/network-ip-availabilities => generated 1867 bytes in 18 msecs (HTTP/1.1 200) 4 headers in 158 bytes (1 switches on core 0) [pid: 8|app: 0|req: 273/548] 10.0.0.155 () {28 vars in 583 bytes} [Thu May 7 14:29:04 2026] GET /v2.0/routers => generated 15 bytes in 19 msecs (HTTP/1.1 200) 4 headers in 156 bytes (1 switches on core 0) [pid: 7|app: 0|req: 276/549] 10.0.0.155 () {28 vars in 624 bytes} [Thu May 7 14:29:04 2026] GET /v2.0/agents?binary=ovn-controller => generated 416 bytes in 15 msecs (HTTP/1.1 200) 4 headers in 157 bytes (1 switches on core 0) [pid: 8|app: 0|req: 274/550] 199.19.213.117 () {44 vars in 950 bytes} [Thu May 7 14:29:11 2026] GET /v2.0/networks?name=public => generated 791 bytes in 77 msecs (HTTP/1.1 200) 4 headers in 157 bytes (1 switches on core 0) [pid: 7|app: 0|req: 280/557] 10.0.0.184 () {32 vars in 649 bytes} [Thu May 7 14:29:49 2026] GET /v2.0/networks => generated 2288 bytes in 202 msecs (HTTP/1.1 200) 4 headers in 158 bytes (1 switches on core 0) [pid: 8|app: 0|req: 278/558] 10.0.0.184 () {32 vars in 655 bytes} [Thu May 7 14:29:50 2026] GET /v2.0/floatingips => generated 19 bytes in 17 msecs (HTTP/1.1 200) 4 headers in 156 bytes (1 switches on core 0) [pid: 7|app: 0|req: 281/559] 10.0.0.184 () {32 vars in 647 bytes} [Thu May 7 14:29:50 2026] GET /v2.0/routers => generated 15 bytes in 24 msecs (HTTP/1.1 200) 4 headers in 156 bytes (1 switches on core 0) [pid: 8|app: 0|req: 279/560] 10.0.0.184 () {32 vars in 643 bytes} [Thu May 7 14:29:50 2026] GET /v2.0/ports => generated 5217 bytes in 69 msecs (HTTP/1.1 200) 4 headers in 158 bytes (1 switches on core 0) [pid: 7|app: 0|req: 282/561] 10.0.0.184 () {32 vars in 647 bytes} [Thu May 7 14:29:50 2026] GET /v2.0/subnets => generated 1308 bytes in 28 msecs (HTTP/1.1 200) 4 headers in 158 bytes (1 switches on core 0) [pid: 8|app: 0|req: 280/562] 10.0.0.184 () {32 vars in 649 bytes} [Thu May 7 14:29:50 2026] GET /v2.0/networks => generated 2288 bytes in 52 msecs (HTTP/1.1 200) 4 headers in 158 bytes (1 switches on core 0) [pid: 7|app: 0|req: 283/563] 10.0.0.184 () {32 vars in 663 bytes} [Thu May 7 14:29:51 2026] GET /v2.0/security-groups => generated 17397 bytes in 33 msecs (HTTP/1.1 200) 4 headers in 159 bytes (1 switches on core 0) [pid: 8|app: 0|req: 281/564] 10.0.0.184 () {32 vars in 655 bytes} [Thu May 7 14:29:51 2026] GET /v2.0/subnetpools => generated 19 bytes in 13 msecs (HTTP/1.1 200) 4 headers in 156 bytes (1 switches on core 0)
2026-05-07 14:30:02.497 7 INFO neutron.db.ovn_revision_numbers_db [None req-97d80c13-1efe-4a33-9b36-d58d70805136 1c3e2505403f4947870444a37bb21639 a5fe58fe1bba4075828081bc80854baa - - default default] Successfully bumped revision number for resource 461d306a-645b-4cb4-afbf-e757471f2f23 (type: security_groups) to 1
2026-05-07 14:30:02.508 7 INFO neutron.db.ovn_revision_numbers_db [None req-97d80c13-1efe-4a33-9b36-d58d70805136 1c3e2505403f4947870444a37bb21639 a5fe58fe1bba4075828081bc80854baa - - default default] Successfully bumped revision number for resource cfe93d3d-0e04-4384-aa95-e9a0f9fc44eb (type: security_group_rules) to 0
2026-05-07 14:30:02.523 7 INFO neutron.db.ovn_revision_numbers_db [None req-97d80c13-1efe-4a33-9b36-d58d70805136 1c3e2505403f4947870444a37bb21639 a5fe58fe1bba4075828081bc80854baa - - default default] Successfully bumped revision number for resource da7d89b7-6e62-49e9-8fc7-df899c7aa852 (type: security_group_rules) to 0
2026-05-07 14:30:02.534 7 INFO neutron.db.ovn_revision_numbers_db [None req-97d80c13-1efe-4a33-9b36-d58d70805136 1c3e2505403f4947870444a37bb21639 a5fe58fe1bba4075828081bc80854baa - - default default] Successfully bumped revision number for resource df3c8fe9-6717-40d8-83d0-8b2c6f20545d (type: security_group_rules) to 0
2026-05-07 14:30:02.543 8 INFO neutron.db.ovn_revision_numbers_db [None req-1fb5fbca-a857-41d6-b70f-ce80e4b9b3c7 1c3e2505403f4947870444a37bb21639 a5fe58fe1bba4075828081bc80854baa - - default default] Successfully bumped revision number for resource d7295478-abda-4157-b62e-a2032edac7aa (type: security_groups) to 1
2026-05-07 14:30:02.545 7 INFO neutron.db.ovn_revision_numbers_db [None req-97d80c13-1efe-4a33-9b36-d58d70805136 1c3e2505403f4947870444a37bb21639 a5fe58fe1bba4075828081bc80854baa - - default default] Successfully bumped revision number for resource f063deb7-7921-43e7-81fc-5e49bfdff2e9 (type: security_group_rules) to 0
2026-05-07 14:30:02.557 8 INFO neutron.db.ovn_revision_numbers_db [None req-1fb5fbca-a857-41d6-b70f-ce80e4b9b3c7 1c3e2505403f4947870444a37bb21639 a5fe58fe1bba4075828081bc80854baa - - default default] Successfully bumped revision number for resource 88e864f5-9ba4-4b76-8806-3c2955b050ef (type: security_group_rules) to 0
2026-05-07 14:30:02.571 8 INFO neutron.db.ovn_revision_numbers_db [None req-1fb5fbca-a857-41d6-b70f-ce80e4b9b3c7 1c3e2505403f4947870444a37bb21639 a5fe58fe1bba4075828081bc80854baa - - default default] Successfully bumped revision number for resource 8b019993-445b-41ac-9a3f-6fb48316437d (type: security_group_rules) to 0
2026-05-07 14:30:02.594 8 INFO neutron.db.ovn_revision_numbers_db [None req-1fb5fbca-a857-41d6-b70f-ce80e4b9b3c7 1c3e2505403f4947870444a37bb21639 a5fe58fe1bba4075828081bc80854baa - - default default] Successfully bumped revision number for resource a1debd68-c19a-40a5-bf72-8a7ed262baf5 (type: security_group_rules) to 0
2026-05-07 14:30:02.612 8 INFO neutron.db.ovn_revision_numbers_db [None req-1fb5fbca-a857-41d6-b70f-ce80e4b9b3c7 1c3e2505403f4947870444a37bb21639 a5fe58fe1bba4075828081bc80854baa - - default default] Successfully bumped revision number for resource d81d43f6-8ded-4be2-982c-8a22b5ae9c0f (type: security_group_rules) to 0
2026-05-07 14:30:02.635 7 INFO neutron.db.segments_db [None req-97d80c13-1efe-4a33-9b36-d58d70805136 1c3e2505403f4947870444a37bb21639 a5fe58fe1bba4075828081bc80854baa - - default default] Added segment 754a6919-870d-4316-80c9-4c1ed8741de2 of type geneve for network b514ca8f-6a11-47c9-bcd2-c3fefbb213ec
2026-05-07 14:30:02.718 8 INFO neutron.db.segments_db [None req-1fb5fbca-a857-41d6-b70f-ce80e4b9b3c7 1c3e2505403f4947870444a37bb21639 a5fe58fe1bba4075828081bc80854baa - - default default] Added segment c164441c-6dbe-4468-a5a7-4ebfa092fe9d of type geneve for network 11c47c70-4f58-49ab-95c1-546c1c73cdf8
2026-05-07 14:30:02.729 7 INFO neutron.db.ovn_revision_numbers_db [None req-97d80c13-1efe-4a33-9b36-d58d70805136 1c3e2505403f4947870444a37bb21639 a5fe58fe1bba4075828081bc80854baa - - default default] Successfully bumped revision number for resource b514ca8f-6a11-47c9-bcd2-c3fefbb213ec (type: networks) to 1
2026-05-07 14:30:02.880 8 INFO neutron.db.ovn_revision_numbers_db [None req-1fb5fbca-a857-41d6-b70f-ce80e4b9b3c7 1c3e2505403f4947870444a37bb21639 a5fe58fe1bba4075828081bc80854baa - - default default] Successfully bumped revision number for resource 11c47c70-4f58-49ab-95c1-546c1c73cdf8 (type: networks) to 1
2026-05-07 14:30:02.883 7 WARNING neutron.scheduler.dhcp_agent_scheduler [None req-97d80c13-1efe-4a33-9b36-d58d70805136 1c3e2505403f4947870444a37bb21639 a5fe58fe1bba4075828081bc80854baa - - default default] No more DHCP agents
2026-05-07 14:30:02.885 7 WARNING neutron.api.rpc.agentnotifiers.dhcp_rpc_agent_api [None req-97d80c13-1efe-4a33-9b36-d58d70805136 1c3e2505403f4947870444a37bb21639 a5fe58fe1bba4075828081bc80854baa - - default default] Unable to schedule network b514ca8f-6a11-47c9-bcd2-c3fefbb213ec: no agents available; will retry on subsequent port and subnet creation events.
2026-05-07 14:30:02.954 7 INFO neutron.db.ovn_revision_numbers_db [None req-97d80c13-1efe-4a33-9b36-d58d70805136 1c3e2505403f4947870444a37bb21639 a5fe58fe1bba4075828081bc80854baa - - default default] Successfully bumped revision number for resource 1d2a96d3-ffc9-44d6-8d5b-2c607247b74f (type: ports) to 1
2026-05-07 14:30:02.963 8 INFO neutron.plugins.ml2.drivers.ovn.mech_driver.mech_driver [None req-cebde676-8fdb-4b14-a74a-6b83d6707f7f - - - - - -] OVN reports status down for port: 1d2a96d3-ffc9-44d6-8d5b-2c607247b74f [pid: 7|app: 0|req: 284/565] 10.0.0.184 () {34 vars in 671 bytes} [Thu May 7 14:30:02 2026] POST /v2.0/networks => generated 785 bytes in 698 msecs (HTTP/1.1 201) 4 headers in 162 bytes (1 switches on core 0)
2026-05-07 14:30:03.126 8 WARNING neutron.scheduler.dhcp_agent_scheduler [None req-1fb5fbca-a857-41d6-b70f-ce80e4b9b3c7 1c3e2505403f4947870444a37bb21639 a5fe58fe1bba4075828081bc80854baa - - default default] No more DHCP agents
2026-05-07 14:30:03.128 8 WARNING neutron.api.rpc.agentnotifiers.dhcp_rpc_agent_api [None req-1fb5fbca-a857-41d6-b70f-ce80e4b9b3c7 1c3e2505403f4947870444a37bb21639 a5fe58fe1bba4075828081bc80854baa - - default default] Unable to schedule network 11c47c70-4f58-49ab-95c1-546c1c73cdf8: no agents available; will retry on subsequent port and subnet creation events.
2026-05-07 14:30:03.176 7 INFO neutron.plugins.ml2.drivers.ovn.mech_driver.mech_driver [None req-13535a7a-25eb-4871-928f-a5aa5cb60c7b - - - - - -] OVN reports status down for port: 7484f0c9-1dde-405e-b249-73e4fae1f843
2026-05-07 14:30:03.215 8 INFO neutron.db.ovn_revision_numbers_db [None req-1fb5fbca-a857-41d6-b70f-ce80e4b9b3c7 1c3e2505403f4947870444a37bb21639 a5fe58fe1bba4075828081bc80854baa - - default default] Successfully bumped revision number for resource 7484f0c9-1dde-405e-b249-73e4fae1f843 (type: ports) to 1 [pid: 8|app: 0|req: 282/566] 10.0.0.184 () {34 vars in 671 bytes} [Thu May 7 14:30:02 2026] POST /v2.0/networks => generated 789 bytes in 929 msecs (HTTP/1.1 201) 4 headers in 162 bytes (1 switches on core 0)
2026-05-07 14:30:03.239 7 INFO neutron.db.ovn_revision_numbers_db [None req-75b89d68-c752-4697-a4ef-951de9546276 1c3e2505403f4947870444a37bb21639 a5fe58fe1bba4075828081bc80854baa - - default default] Successfully bumped revision number for resource 6cf9e2dd-1602-43f9-806a-855306e9ed7f (type: security_groups) to 1
2026-05-07 14:30:03.254 7 INFO neutron.db.ovn_revision_numbers_db [None req-75b89d68-c752-4697-a4ef-951de9546276 1c3e2505403f4947870444a37bb21639 a5fe58fe1bba4075828081bc80854baa - - default default] Successfully bumped revision number for resource 67cf7049-3b10-4b52-97b0-6924c9cfc2e9 (type: security_group_rules) to 0
2026-05-07 14:30:03.268 8 WARNING neutron.db.securitygroups_db [None req-693f7689-f851-491c-a93c-964b839b6365 1c3e2505403f4947870444a37bb21639 a5fe58fe1bba4075828081bc80854baa - - default default] project_id key not found in filters, using tenant_id instead. This support has been deprecated and will be removed in a future release.
2026-05-07 14:30:03.276 7 INFO neutron.db.ovn_revision_numbers_db [None req-75b89d68-c752-4697-a4ef-951de9546276 1c3e2505403f4947870444a37bb21639 a5fe58fe1bba4075828081bc80854baa - - default default] Successfully bumped revision number for resource 793abede-ec6d-4ee2-b5ec-459f00e961ac (type: security_group_rules) to 0
2026-05-07 14:30:03.292 7 INFO neutron.db.ovn_revision_numbers_db [None req-75b89d68-c752-4697-a4ef-951de9546276 1c3e2505403f4947870444a37bb21639 a5fe58fe1bba4075828081bc80854baa - - default default] Successfully bumped revision number for resource ca5e74a8-b56e-4da7-86d7-50cf9651997f (type: security_group_rules) to 0
2026-05-07 14:30:03.303 7 INFO neutron.db.ovn_revision_numbers_db [None req-75b89d68-c752-4697-a4ef-951de9546276 1c3e2505403f4947870444a37bb21639 a5fe58fe1bba4075828081bc80854baa - - default default] Successfully bumped revision number for resource f2d333db-da9d-41a6-ad27-4fc64ebf012e (type: security_group_rules) to 0
2026-05-07 14:30:03.379 7 INFO neutron.db.segments_db [None req-75b89d68-c752-4697-a4ef-951de9546276 1c3e2505403f4947870444a37bb21639 a5fe58fe1bba4075828081bc80854baa - - default default] Added segment f1f3a247-6f9b-4dd0-96fb-bcf23439a4fc of type geneve for network a4515f3b-662f-4ed5-bd35-25895755c4d0
2026-05-07 14:30:03.389 8 INFO neutron.db.ovn_revision_numbers_db [None req-693f7689-f851-491c-a93c-964b839b6365 1c3e2505403f4947870444a37bb21639 a5fe58fe1bba4075828081bc80854baa - - default default] Successfully bumped revision number for resource e70e42e5-871c-4c4e-8eb1-3c806d28236f (type: security_groups) to 1
2026-05-07 14:30:03.402 8 INFO neutron.db.ovn_revision_numbers_db [None req-693f7689-f851-491c-a93c-964b839b6365 1c3e2505403f4947870444a37bb21639 a5fe58fe1bba4075828081bc80854baa - - default default] Successfully bumped revision number for resource 4bae0c85-c704-4c40-9d9e-36b73550cd87 (type: security_group_rules) to 0
2026-05-07 14:30:03.412 8 INFO neutron.db.ovn_revision_numbers_db [None req-693f7689-f851-491c-a93c-964b839b6365 1c3e2505403f4947870444a37bb21639 a5fe58fe1bba4075828081bc80854baa - - default default] Successfully bumped revision number for resource 578939e4-39fd-4d2e-a6b7-3711470e4267 (type: security_group_rules) to 0
2026-05-07 14:30:03.424 8 INFO neutron.db.ovn_revision_numbers_db [None req-693f7689-f851-491c-a93c-964b839b6365 1c3e2505403f4947870444a37bb21639 a5fe58fe1bba4075828081bc80854baa - - default default] Successfully bumped revision number for resource 995b04b0-56de-49c0-a0e7-c0e13e6728eb (type: security_group_rules) to 0
2026-05-07 14:30:03.437 8 INFO neutron.db.ovn_revision_numbers_db [None req-693f7689-f851-491c-a93c-964b839b6365 1c3e2505403f4947870444a37bb21639 a5fe58fe1bba4075828081bc80854baa - - default default] Successfully bumped revision number for resource f3fbe151-9644-46bc-8c63-8032dbec9c93 (type: security_group_rules) to 0
2026-05-07 14:30:03.476 7 INFO neutron.db.ovn_revision_numbers_db [None req-75b89d68-c752-4697-a4ef-951de9546276 1c3e2505403f4947870444a37bb21639 a5fe58fe1bba4075828081bc80854baa - - default default] Successfully bumped revision number for resource a4515f3b-662f-4ed5-bd35-25895755c4d0 (type: networks) to 1 [pid: 8|app: 0|req: 285/569] 10.0.0.184 () {32 vars in 774 bytes} [Thu May 7 14:30:03 2026] GET /v2.0/security-groups?tenant_id=1984e92ac30e4a0096ecbe47b1814738&name=default => generated 2921 bytes in 248 msecs (HTTP/1.1 200) 4 headers in 158 bytes (1 switches on core 0)
2026-05-07 14:30:03.624 8 WARNING neutron.scheduler.dhcp_agent_scheduler [None req-38d7c589-fa73-4c4f-8223-ef9e18ebb950 1c3e2505403f4947870444a37bb21639 a5fe58fe1bba4075828081bc80854baa - - default default] No more DHCP agents
2026-05-07 14:30:03.625 8 WARNING neutron.api.rpc.agentnotifiers.dhcp_rpc_agent_api [None req-38d7c589-fa73-4c4f-8223-ef9e18ebb950 1c3e2505403f4947870444a37bb21639 a5fe58fe1bba4075828081bc80854baa - - default default] Unable to schedule network b514ca8f-6a11-47c9-bcd2-c3fefbb213ec: no agents available; will retry on subsequent port and subnet creation events.
2026-05-07 14:30:03.632 7 WARNING neutron.scheduler.dhcp_agent_scheduler [None req-75b89d68-c752-4697-a4ef-951de9546276 1c3e2505403f4947870444a37bb21639 a5fe58fe1bba4075828081bc80854baa - - default default] No more DHCP agents
2026-05-07 14:30:03.633 7 WARNING neutron.api.rpc.agentnotifiers.dhcp_rpc_agent_api [None req-75b89d68-c752-4697-a4ef-951de9546276 1c3e2505403f4947870444a37bb21639 a5fe58fe1bba4075828081bc80854baa - - default default] Unable to schedule network a4515f3b-662f-4ed5-bd35-25895755c4d0: no agents available; will retry on subsequent port and subnet creation events.
2026-05-07 14:30:03.694 7 INFO neutron.db.ovn_revision_numbers_db [None req-75b89d68-c752-4697-a4ef-951de9546276 1c3e2505403f4947870444a37bb21639 a5fe58fe1bba4075828081bc80854baa - - default default] Successfully bumped revision number for resource 8e4e82ca-2f23-4194-b309-d339d92a28f5 (type: ports) to 1
2026-05-07 14:30:03.703 8 INFO neutron.plugins.ml2.drivers.ovn.mech_driver.mech_driver [None req-cebde676-8fdb-4b14-a74a-6b83d6707f7f - - - - - -] OVN reports status down for port: 8e4e82ca-2f23-4194-b309-d339d92a28f5 [pid: 7|app: 0|req: 285/570] 10.0.0.184 () {34 vars in 671 bytes} [Thu May 7 14:30:02 2026] POST /v2.0/networks => generated 786 bytes in 733 msecs (HTTP/1.1 201) 4 headers in 162 bytes (1 switches on core 0)
2026-05-07 14:30:03.858 7 WARNING neutron.scheduler.dhcp_agent_scheduler [None req-29e9f88d-21af-4849-ac01-2eb04b7d834d 1c3e2505403f4947870444a37bb21639 a5fe58fe1bba4075828081bc80854baa - - default default] No more DHCP agents
2026-05-07 14:30:03.859 7 WARNING neutron.api.rpc.agentnotifiers.dhcp_rpc_agent_api [None req-29e9f88d-21af-4849-ac01-2eb04b7d834d 1c3e2505403f4947870444a37bb21639 a5fe58fe1bba4075828081bc80854baa - - default default] Unable to schedule network 11c47c70-4f58-49ab-95c1-546c1c73cdf8: no agents available; will retry on subsequent port and subnet creation events.
2026-05-07 14:30:04.137 8 INFO neutron.db.ovn_revision_numbers_db [None req-38d7c589-fa73-4c4f-8223-ef9e18ebb950 1c3e2505403f4947870444a37bb21639 a5fe58fe1bba4075828081bc80854baa - - default default] Successfully bumped revision number for resource 1d2a96d3-ffc9-44d6-8d5b-2c607247b74f (type: ports) to 2
2026-05-07 14:30:04.164 8 INFO neutron.db.ovn_revision_numbers_db [None req-38d7c589-fa73-4c4f-8223-ef9e18ebb950 1c3e2505403f4947870444a37bb21639 a5fe58fe1bba4075828081bc80854baa - - default default] Successfully bumped revision number for resource f651bd59-2dd3-4f2a-9a90-e9d209ff3c6b (type: subnets) to 0 [pid: 8|app: 0|req: 286/571] 10.0.0.184 () {34 vars in 669 bytes} [Thu May 7 14:30:03 2026] POST /v2.0/subnets => generated 692 bytes in 695 msecs (HTTP/1.1 201) 4 headers in 162 bytes (1 switches on core 0) [pid: 8|app: 0|req: 287/572] 10.0.0.184 () {32 vars in 740 bytes} [Thu May 7 14:30:04 2026] DELETE /v2.0/security-groups/e70e42e5-871c-4c4e-8eb1-3c806d28236f => generated 0 bytes in 175 msecs (HTTP/1.1 204) 2 headers in 112 bytes (1 switches on core 0)
2026-05-07 14:30:04.486 8 WARNING neutron.scheduler.dhcp_agent_scheduler [None req-f16923a2-9718-40c8-919c-b49658982577 1c3e2505403f4947870444a37bb21639 a5fe58fe1bba4075828081bc80854baa - - default default] No more DHCP agents
2026-05-07 14:30:04.487 8 WARNING neutron.api.rpc.agentnotifiers.dhcp_rpc_agent_api [None req-f16923a2-9718-40c8-919c-b49658982577 1c3e2505403f4947870444a37bb21639 a5fe58fe1bba4075828081bc80854baa - - default default] Unable to schedule network a4515f3b-662f-4ed5-bd35-25895755c4d0: no agents available; will retry on subsequent port and subnet creation events.
2026-05-07 14:30:04.666 7 INFO neutron.db.ovn_revision_numbers_db [None req-29e9f88d-21af-4849-ac01-2eb04b7d834d 1c3e2505403f4947870444a37bb21639 a5fe58fe1bba4075828081bc80854baa - - default default] Successfully bumped revision number for resource 7484f0c9-1dde-405e-b249-73e4fae1f843 (type: ports) to 2
2026-05-07 14:30:04.707 7 INFO neutron.db.ovn_revision_numbers_db [None req-29e9f88d-21af-4849-ac01-2eb04b7d834d 1c3e2505403f4947870444a37bb21639 a5fe58fe1bba4075828081bc80854baa - - default default] Successfully bumped revision number for resource 035c9059-93a4-43e3-8e5e-5457ed6f5478 (type: subnets) to 0 [pid: 7|app: 0|req: 286/573] 10.0.0.184 () {34 vars in 669 bytes} [Thu May 7 14:30:03 2026] POST /v2.0/subnets => generated 696 bytes in 1011 msecs (HTTP/1.1 201) 4 headers in 162 bytes (1 switches on core 0)
2026-05-07 14:30:04.974 8 INFO neutron.db.ovn_revision_numbers_db [None req-f16923a2-9718-40c8-919c-b49658982577 1c3e2505403f4947870444a37bb21639 a5fe58fe1bba4075828081bc80854baa - - default default] Successfully bumped revision number for resource 8e4e82ca-2f23-4194-b309-d339d92a28f5 (type: ports) to 2
2026-05-07 14:30:05.020 8 INFO neutron.db.ovn_revision_numbers_db [None req-f16923a2-9718-40c8-919c-b49658982577 1c3e2505403f4947870444a37bb21639 a5fe58fe1bba4075828081bc80854baa - - default default] Successfully bumped revision number for resource c40ea9f5-a5e8-4d09-a36b-419cbd0483ed (type: subnets) to 0 [pid: 8|app: 0|req: 288/574] 10.0.0.184 () {34 vars in 669 bytes} [Thu May 7 14:30:04 2026] POST /v2.0/subnets => generated 692 bytes in 686 msecs (HTTP/1.1 201) 4 headers in 162 bytes (1 switches on core 0) [pid: 8|app: 0|req: 289/575] 10.0.0.155 () {28 vars in 619 bytes} [Thu May 7 14:30:05 2026] GET /v2.0/network-ip-availabilities => generated 4221 bytes in 141 msecs (HTTP/1.1 200) 4 headers in 158 bytes (1 switches on core 0)
2026-05-07 14:30:05.221 7 WARNING neutron.scheduler.dhcp_agent_scheduler [None req-478935c4-1e9f-47f8-8647-7aab2d37da45 1c3e2505403f4947870444a37bb21639 a5fe58fe1bba4075828081bc80854baa - - default default] No more DHCP agents
2026-05-07 14:30:05.223 7 WARNING neutron.api.rpc.agentnotifiers.dhcp_rpc_agent_api [None req-478935c4-1e9f-47f8-8647-7aab2d37da45 1c3e2505403f4947870444a37bb21639 a5fe58fe1bba4075828081bc80854baa - - default default] Unable to schedule network 80aafba7-5b96-44ea-9203-8ce5dec3826d: no agents available; will retry on subsequent port and subnet creation events.
2026-05-07 14:30:05.317 7 INFO neutron.plugins.ml2.drivers.ovn.mech_driver.mech_driver [None req-13535a7a-25eb-4871-928f-a5aa5cb60c7b - - - - - -] OVN reports status down for port: 1900c157-30cd-4938-a392-1e72681e1625
2026-05-07 14:30:05.375 7 INFO neutron.db.ovn_revision_numbers_db [None req-478935c4-1e9f-47f8-8647-7aab2d37da45 1c3e2505403f4947870444a37bb21639 a5fe58fe1bba4075828081bc80854baa - - default default] Successfully bumped revision number for resource 1900c157-30cd-4938-a392-1e72681e1625 (type: ports) to 1
2026-05-07 14:30:05.696 8 WARNING neutron.scheduler.dhcp_agent_scheduler [None req-c0f71106-2712-4f09-b5ca-a90e1430b028 1c3e2505403f4947870444a37bb21639 a5fe58fe1bba4075828081bc80854baa - - default default] No more DHCP agents
2026-05-07 14:30:05.697 8 WARNING neutron.api.rpc.agentnotifiers.dhcp_rpc_agent_api [None req-c0f71106-2712-4f09-b5ca-a90e1430b028 1c3e2505403f4947870444a37bb21639 a5fe58fe1bba4075828081bc80854baa - - default default] Unable to schedule network 80aafba7-5b96-44ea-9203-8ce5dec3826d: no agents available; will retry on subsequent port and subnet creation events.
2026-05-07 14:30:05.716 7 INFO neutron.plugins.ml2.drivers.ovn.mech_driver.ovsdb.extensions.qos [None req-478935c4-1e9f-47f8-8647-7aab2d37da45 1c3e2505403f4947870444a37bb21639 a5fe58fe1bba4075828081bc80854baa - - default default] Starting OVNClientQosExtension
2026-05-07 14:30:05.800 8 INFO neutron.plugins.ml2.drivers.ovn.mech_driver.mech_driver [None req-cebde676-8fdb-4b14-a74a-6b83d6707f7f - - - - - -] OVN reports status down for port: 65641e26-ac28-4a5f-a14a-106b00ffb72a
2026-05-07 14:30:05.857 8 INFO neutron.db.ovn_revision_numbers_db [None req-c0f71106-2712-4f09-b5ca-a90e1430b028 1c3e2505403f4947870444a37bb21639 a5fe58fe1bba4075828081bc80854baa - - default default] Successfully bumped revision number for resource 65641e26-ac28-4a5f-a14a-106b00ffb72a (type: ports) to 1
2026-05-07 14:30:06.124 7 INFO neutron.plugins.ml2.drivers.ovn.mech_driver.mech_driver [None req-13535a7a-25eb-4871-928f-a5aa5cb60c7b - - - - - -] OVN reports status up for port: 1900c157-30cd-4938-a392-1e72681e1625
2026-05-07 14:30:06.151 8 INFO neutron.plugins.ml2.drivers.ovn.mech_driver.ovsdb.ovsdb_monitor [-] Router 58deb33c-1c2a-4889-8112-b2f9c2f36b8b is bound to host instance
2026-05-07 14:30:06.163 7 INFO neutron.plugins.ml2.plugin [None req-13535a7a-25eb-4871-928f-a5aa5cb60c7b - - - - - -] Attempt 1 to provision port 1900c157-30cd-4938-a392-1e72681e1625
2026-05-07 14:30:06.165 8 INFO neutron.plugins.ml2.drivers.ovn.mech_driver.ovsdb.extensions.qos [None req-cebde676-8fdb-4b14-a74a-6b83d6707f7f - - - - - -] Starting OVNClientQosExtension
2026-05-07 14:30:06.182 7 INFO neutron.db.ovn_revision_numbers_db [None req-478935c4-1e9f-47f8-8647-7aab2d37da45 1c3e2505403f4947870444a37bb21639 a5fe58fe1bba4075828081bc80854baa - - default default] Successfully bumped revision number for resource 1900c157-30cd-4938-a392-1e72681e1625 (type: router_ports) to 1
2026-05-07 14:30:06.282 7 INFO neutron.db.ovn_revision_numbers_db [None req-478935c4-1e9f-47f8-8647-7aab2d37da45 1c3e2505403f4947870444a37bb21639 a5fe58fe1bba4075828081bc80854baa - - default default] Successfully bumped revision number for resource 58deb33c-1c2a-4889-8112-b2f9c2f36b8b (type: routers) to 2 [pid: 7|app: 0|req: 287/576] 10.0.0.184 () {34 vars in 669 bytes} [Thu May 7 14:30:04 2026] POST /v2.0/routers => generated 991 bytes in 1569 msecs (HTTP/1.1 201) 4 headers in 162 bytes (1 switches on core 0)
2026-05-07 14:30:06.656 7 WARNING neutron.scheduler.dhcp_agent_scheduler [None req-bb1745fb-ed7f-4cb1-b099-a95ee03f5617 1c3e2505403f4947870444a37bb21639 a5fe58fe1bba4075828081bc80854baa - - default default] No more DHCP agents
2026-05-07 14:30:06.658 7 WARNING neutron.api.rpc.agentnotifiers.dhcp_rpc_agent_api [None req-bb1745fb-ed7f-4cb1-b099-a95ee03f5617 1c3e2505403f4947870444a37bb21639 a5fe58fe1bba4075828081bc80854baa - - default default] Unable to schedule network 80aafba7-5b96-44ea-9203-8ce5dec3826d: no agents available; will retry on subsequent port and subnet creation events.
2026-05-07 14:30:06.820 7 INFO neutron.db.ovn_revision_numbers_db [None req-bb1745fb-ed7f-4cb1-b099-a95ee03f5617 1c3e2505403f4947870444a37bb21639 a5fe58fe1bba4075828081bc80854baa - - default default] Successfully bumped revision number for resource fc471d85-6345-438a-b154-8fac7976fab7 (type: ports) to 1
2026-05-07 14:30:06.990 8 INFO neutron.plugins.ml2.drivers.ovn.mech_driver.mech_driver [None req-cebde676-8fdb-4b14-a74a-6b83d6707f7f - - - - - -] OVN reports status up for port: 65641e26-ac28-4a5f-a14a-106b00ffb72a
2026-05-07 14:30:07.016 7 INFO neutron.plugins.ml2.drivers.ovn.mech_driver.ovsdb.ovsdb_monitor [-] Router 6f0b4c68-cb6f-43ae-8a81-a4d87c0309f2 is bound to host instance
2026-05-07 14:30:07.048 8 INFO neutron.plugins.ml2.plugin [None req-cebde676-8fdb-4b14-a74a-6b83d6707f7f - - - - - -] Attempt 1 to provision port 65641e26-ac28-4a5f-a14a-106b00ffb72a
2026-05-07 14:30:07.110 8 INFO neutron.db.ovn_revision_numbers_db [None req-c0f71106-2712-4f09-b5ca-a90e1430b028 1c3e2505403f4947870444a37bb21639 a5fe58fe1bba4075828081bc80854baa - - default default] Successfully bumped revision number for resource 65641e26-ac28-4a5f-a14a-106b00ffb72a (type: router_ports) to 1
2026-05-07 14:30:07.274 8 INFO neutron.db.ovn_revision_numbers_db [None req-c0f71106-2712-4f09-b5ca-a90e1430b028 1c3e2505403f4947870444a37bb21639 a5fe58fe1bba4075828081bc80854baa - - default default] Successfully bumped revision number for resource 6f0b4c68-cb6f-43ae-8a81-a4d87c0309f2 (type: routers) to 2 [pid: 8|app: 0|req: 290/577] 10.0.0.184 () {34 vars in 669 bytes} [Thu May 7 14:30:05 2026] POST /v2.0/routers => generated 995 bytes in 2135 msecs (HTTP/1.1 201) 4 headers in 162 bytes (1 switches on core 0) [pid: 8|app: 0|req: 291/578] 10.0.0.155 () {28 vars in 585 bytes} [Thu May 7 14:30:07 2026] GET /v2.0/networks => generated 4690 bytes in 123 msecs (HTTP/1.1 200) 4 headers in 158 bytes (1 switches on core 0)
2026-05-07 14:30:07.628 8 INFO neutron.db.ovn_revision_numbers_db [None req-171e7eb1-74a9-4ba4-b883-03fc458e029e - - - - - -] Successfully bumped revision number for resource 1900c157-30cd-4938-a392-1e72681e1625 (type: ports) to 4
2026-05-07 14:30:07.842 8 INFO neutron.db.ovn_revision_numbers_db [None req-cdb6fc6b-8eb6-4374-ac8a-92c420b09d92 1c3e2505403f4947870444a37bb21639 a5fe58fe1bba4075828081bc80854baa - - default default] Successfully bumped revision number for resource 33e73443-df5a-4f24-aaf7-8a844cf2d0c8 (type: security_groups) to 1
2026-05-07 14:30:07.878 8 INFO neutron.db.ovn_revision_numbers_db [None req-cdb6fc6b-8eb6-4374-ac8a-92c420b09d92 1c3e2505403f4947870444a37bb21639 a5fe58fe1bba4075828081bc80854baa - - default default] Successfully bumped revision number for resource 3e09762a-507a-460f-8912-d31a003457da (type: security_group_rules) to 0
2026-05-07 14:30:07.917 8 INFO neutron.db.ovn_revision_numbers_db [None req-cdb6fc6b-8eb6-4374-ac8a-92c420b09d92 1c3e2505403f4947870444a37bb21639 a5fe58fe1bba4075828081bc80854baa - - default default] Successfully bumped revision number for resource 45bcf46f-d4ca-42f0-b092-216401ab95f2 (type: security_group_rules) to 0
2026-05-07 14:30:07.942 7 INFO neutron.db.ovn_revision_numbers_db [None req-bb1745fb-ed7f-4cb1-b099-a95ee03f5617 1c3e2505403f4947870444a37bb21639 a5fe58fe1bba4075828081bc80854baa - - default default] Successfully bumped revision number for resource fc471d85-6345-438a-b154-8fac7976fab7 (type: router_ports) to 1
2026-05-07 14:30:07.947 8 INFO neutron.db.ovn_revision_numbers_db [None req-cdb6fc6b-8eb6-4374-ac8a-92c420b09d92 1c3e2505403f4947870444a37bb21639 a5fe58fe1bba4075828081bc80854baa - - default default] Successfully bumped revision number for resource 817708ca-e9de-4860-a3d5-71c0ecb66f04 (type: security_group_rules) to 0
2026-05-07 14:30:07.970 8 INFO neutron.db.ovn_revision_numbers_db [None req-cdb6fc6b-8eb6-4374-ac8a-92c420b09d92 1c3e2505403f4947870444a37bb21639 a5fe58fe1bba4075828081bc80854baa - - default default] Successfully bumped revision number for resource bc7eb718-eb71-414c-b6ef-e783c050fc6b (type: security_group_rules) to 0
2026-05-07 14:30:08.064 7 INFO neutron.db.ovn_revision_numbers_db [None req-bb1745fb-ed7f-4cb1-b099-a95ee03f5617 1c3e2505403f4947870444a37bb21639 a5fe58fe1bba4075828081bc80854baa - - default default] Successfully bumped revision number for resource a3baf02b-c002-4657-a6db-f9a27e961447 (type: routers) to 2
2026-05-07 14:30:08.078 8 INFO neutron.db.segments_db [None req-cdb6fc6b-8eb6-4374-ac8a-92c420b09d92 1c3e2505403f4947870444a37bb21639 a5fe58fe1bba4075828081bc80854baa - - default default] Added segment 40105f2d-b8d2-4449-a227-32f8393b9fb2 of type geneve for network 2cdd1780-c12a-48d9-bce7-614b23c96cb8 [pid: 7|app: 0|req: 288/579] 10.0.0.184 () {34 vars in 669 bytes} [Thu May 7 14:30:06 2026] POST /v2.0/routers => generated 991 bytes in 1793 msecs (HTTP/1.1 201) 4 headers in 162 bytes (1 switches on core 0)
2026-05-07 14:30:08.202 8 INFO neutron.db.ovn_revision_numbers_db [None req-171e7eb1-74a9-4ba4-b883-03fc458e029e - - - - - -] Successfully bumped revision number for resource 1900c157-30cd-4938-a392-1e72681e1625 (type: ports) to 5
2026-05-07 14:30:08.261 8 INFO neutron.db.ovn_revision_numbers_db [None req-cdb6fc6b-8eb6-4374-ac8a-92c420b09d92 1c3e2505403f4947870444a37bb21639 a5fe58fe1bba4075828081bc80854baa - - default default] Successfully bumped revision number for resource 2cdd1780-c12a-48d9-bce7-614b23c96cb8 (type: networks) to 1
2026-05-07 14:30:08.450 8 WARNING neutron.scheduler.dhcp_agent_scheduler [None req-cdb6fc6b-8eb6-4374-ac8a-92c420b09d92 1c3e2505403f4947870444a37bb21639 a5fe58fe1bba4075828081bc80854baa - - default default] No more DHCP agents
2026-05-07 14:30:08.451 8 WARNING neutron.api.rpc.agentnotifiers.dhcp_rpc_agent_api [None req-cdb6fc6b-8eb6-4374-ac8a-92c420b09d92 1c3e2505403f4947870444a37bb21639 a5fe58fe1bba4075828081bc80854baa - - default default] Unable to schedule network 2cdd1780-c12a-48d9-bce7-614b23c96cb8: no agents available; will retry on subsequent port and subnet creation events.
2026-05-07 14:30:08.456 7 INFO neutron.db.ovn_revision_numbers_db [None req-1c625757-e489-48cd-a62e-2a826dc463ce - - - - - -] Successfully bumped revision number for resource 65641e26-ac28-4a5f-a14a-106b00ffb72a (type: ports) to 4
2026-05-07 14:30:08.528 8 INFO neutron.db.ovn_revision_numbers_db [None req-cdb6fc6b-8eb6-4374-ac8a-92c420b09d92 1c3e2505403f4947870444a37bb21639 a5fe58fe1bba4075828081bc80854baa - - default default] Successfully bumped revision number for resource 0c8f0a87-6300-4288-9c43-4ef16a899d65 (type: ports) to 1 [pid: 8|app: 0|req: 292/580] 10.0.0.184 () {34 vars in 671 bytes} [Thu May 7 14:30:07 2026] POST /v2.0/networks => generated 792 bytes in 1102 msecs (HTTP/1.1 201) 4 headers in 162 bytes (1 switches on core 0)
2026-05-07 14:30:08.936 8 WARNING neutron.scheduler.dhcp_agent_scheduler [None req-effad7bb-fb7e-4f89-b328-8faf517e73cb 1c3e2505403f4947870444a37bb21639 a5fe58fe1bba4075828081bc80854baa - - default default] No more DHCP agents
2026-05-07 14:30:08.938 8 WARNING neutron.api.rpc.agentnotifiers.dhcp_rpc_agent_api [None req-effad7bb-fb7e-4f89-b328-8faf517e73cb 1c3e2505403f4947870444a37bb21639 a5fe58fe1bba4075828081bc80854baa - - default default] Unable to schedule network 11c47c70-4f58-49ab-95c1-546c1c73cdf8: no agents available; will retry on subsequent port and subnet creation events.
2026-05-07 14:30:09.055 8 INFO neutron.db.ovn_revision_numbers_db [None req-effad7bb-fb7e-4f89-b328-8faf517e73cb 1c3e2505403f4947870444a37bb21639 a5fe58fe1bba4075828081bc80854baa - - default default] Successfully bumped revision number for resource 606a551c-62a7-44e8-83fc-174f920a7126 (type: ports) to 1
2026-05-07 14:30:09.111 7 INFO neutron.plugins.ml2.drivers.ovn.mech_driver.mech_driver [None req-13535a7a-25eb-4871-928f-a5aa5cb60c7b - - - - - -] OVN reports status down for port: fc471d85-6345-438a-b154-8fac7976fab7
2026-05-07 14:30:09.284 7 WARNING neutron.plugins.ml2.drivers.ovn.mech_driver.ovsdb.ovn_client [None req-13535a7a-25eb-4871-928f-a5aa5cb60c7b - - - - - -] Logical_Switch_Port fc471d85-6345-438a-b154-8fac7976fab7 host information not removed, the port state is up
2026-05-07 14:30:09.284 7 INFO neutron.plugins.ml2.drivers.ovn.mech_driver.mech_driver [None req-13535a7a-25eb-4871-928f-a5aa5cb60c7b - - - - - -] OVN reports status up for port: fc471d85-6345-438a-b154-8fac7976fab7
2026-05-07 14:30:09.328 7 INFO neutron.plugins.ml2.plugin [None req-13535a7a-25eb-4871-928f-a5aa5cb60c7b - - - - - -] Attempt 1 to provision port fc471d85-6345-438a-b154-8fac7976fab7
2026-05-07 14:30:09.390 7 WARNING neutron.scheduler.dhcp_agent_scheduler [None req-a823d747-b233-46e0-b7b4-67b6ce44b566 1c3e2505403f4947870444a37bb21639 a5fe58fe1bba4075828081bc80854baa - - default default] No more DHCP agents
2026-05-07 14:30:09.404 7 WARNING neutron.api.rpc.agentnotifiers.dhcp_rpc_agent_api [None req-a823d747-b233-46e0-b7b4-67b6ce44b566 1c3e2505403f4947870444a37bb21639 a5fe58fe1bba4075828081bc80854baa - - default default] Unable to schedule network b514ca8f-6a11-47c9-bcd2-c3fefbb213ec: no agents available; will retry on subsequent port and subnet creation events.
2026-05-07 14:30:09.640 7 INFO neutron.db.ovn_revision_numbers_db [None req-1c625757-e489-48cd-a62e-2a826dc463ce - - - - - -] Successfully bumped revision number for resource 65641e26-ac28-4a5f-a14a-106b00ffb72a (type: ports) to 5
2026-05-07 14:30:09.665 7 INFO neutron.db.ovn_revision_numbers_db [None req-a823d747-b233-46e0-b7b4-67b6ce44b566 1c3e2505403f4947870444a37bb21639 a5fe58fe1bba4075828081bc80854baa - - default default] Successfully bumped revision number for resource 9457c62d-bd20-4e47-bb07-b354af9cfb35 (type: ports) to 1
2026-05-07 14:30:09.812 7 INFO neutron.plugins.ml2.drivers.ovn.mech_driver.ovsdb.ovsdb_monitor [None req-1c625757-e489-48cd-a62e-2a826dc463ce - - - - - -] Router a3baf02b-c002-4657-a6db-f9a27e961447 is bound to host instance
2026-05-07 14:30:09.996 8 WARNING neutron.scheduler.dhcp_agent_scheduler [None req-effad7bb-fb7e-4f89-b328-8faf517e73cb 1c3e2505403f4947870444a37bb21639 a5fe58fe1bba4075828081bc80854baa - - default default] No more DHCP agents
2026-05-07 14:30:09.998 8 WARNING neutron.api.rpc.agentnotifiers.dhcp_rpc_agent_api [None req-effad7bb-fb7e-4f89-b328-8faf517e73cb 1c3e2505403f4947870444a37bb21639 a5fe58fe1bba4075828081bc80854baa - - default default] Unable to schedule network 11c47c70-4f58-49ab-95c1-546c1c73cdf8: no agents available; will retry on subsequent port and subnet creation events.
2026-05-07 14:30:10.277 8 INFO neutron.plugins.ml2.drivers.ovn.mech_driver.mech_driver [None req-cebde676-8fdb-4b14-a74a-6b83d6707f7f - - - - - -] OVN reports status down for port: 0c8f0a87-6300-4288-9c43-4ef16a899d65
2026-05-07 14:30:10.461 8 INFO neutron.db.ovn_revision_numbers_db [None req-effad7bb-fb7e-4f89-b328-8faf517e73cb 1c3e2505403f4947870444a37bb21639 a5fe58fe1bba4075828081bc80854baa - - default default] Successfully bumped revision number for resource 606a551c-62a7-44e8-83fc-174f920a7126 (type: router_ports) to 1 [pid: 8|app: 0|req: 293/581] 10.0.0.184 () {34 vars in 783 bytes} [Thu May 7 14:30:08 2026] PUT /v2.0/routers/6f0b4c68-cb6f-43ae-8a81-a4d87c0309f2/add_router_interface => generated 310 bytes in 1916 msecs (HTTP/1.1 200) 4 headers in 157 bytes (1 switches on core 0) [pid: 8|app: 0|req: 294/582] 10.0.0.155 () {28 vars in 599 bytes} [Thu May 7 14:30:10 2026] GET /v2.0/security-groups => generated 28997 bytes in 37 msecs (HTTP/1.1 200) 4 headers in 159 bytes (1 switches on core 0)
2026-05-07 14:30:10.896 8 WARNING neutron.scheduler.dhcp_agent_scheduler [None req-bb18841b-6778-4e25-9c9d-bbad8badad1d 1c3e2505403f4947870444a37bb21639 a5fe58fe1bba4075828081bc80854baa - - default default] No more DHCP agents
2026-05-07 14:30:10.898 8 WARNING neutron.api.rpc.agentnotifiers.dhcp_rpc_agent_api [None req-bb18841b-6778-4e25-9c9d-bbad8badad1d 1c3e2505403f4947870444a37bb21639 a5fe58fe1bba4075828081bc80854baa - - default default] Unable to schedule network a4515f3b-662f-4ed5-bd35-25895755c4d0: no agents available; will retry on subsequent port and subnet creation events.
2026-05-07 14:30:10.921 7 WARNING neutron.scheduler.dhcp_agent_scheduler [None req-a823d747-b233-46e0-b7b4-67b6ce44b566 1c3e2505403f4947870444a37bb21639 a5fe58fe1bba4075828081bc80854baa - - default default] No more DHCP agents
2026-05-07 14:30:10.923 7 WARNING neutron.api.rpc.agentnotifiers.dhcp_rpc_agent_api [None req-a823d747-b233-46e0-b7b4-67b6ce44b566 1c3e2505403f4947870444a37bb21639 a5fe58fe1bba4075828081bc80854baa - - default default] Unable to schedule network b514ca8f-6a11-47c9-bcd2-c3fefbb213ec: no agents available; will retry on subsequent port and subnet creation events.
2026-05-07 14:30:11.012 8 INFO neutron.db.ovn_revision_numbers_db [None req-bb18841b-6778-4e25-9c9d-bbad8badad1d 1c3e2505403f4947870444a37bb21639 a5fe58fe1bba4075828081bc80854baa - - default default] Successfully bumped revision number for resource daef104b-7c4a-4643-beb1-b451b10c8ead (type: ports) to 1
2026-05-07 14:30:11.421 7 INFO neutron.db.ovn_revision_numbers_db [None req-ff7f209b-c6a9-4dd2-a895-051c7beb8078 - - - - - -] Successfully bumped revision number for resource fc471d85-6345-438a-b154-8fac7976fab7 (type: ports) to 4
2026-05-07 14:30:11.568 8 WARNING neutron.scheduler.dhcp_agent_scheduler [None req-bb18841b-6778-4e25-9c9d-bbad8badad1d 1c3e2505403f4947870444a37bb21639 a5fe58fe1bba4075828081bc80854baa - - default default] No more DHCP agents
2026-05-07 14:30:11.569 8 WARNING neutron.api.rpc.agentnotifiers.dhcp_rpc_agent_api [None req-bb18841b-6778-4e25-9c9d-bbad8badad1d 1c3e2505403f4947870444a37bb21639 a5fe58fe1bba4075828081bc80854baa - - default default] Unable to schedule network a4515f3b-662f-4ed5-bd35-25895755c4d0: no agents available; will retry on subsequent port and subnet creation events.
2026-05-07 14:30:11.766 7 INFO neutron.db.ovn_revision_numbers_db [None req-a823d747-b233-46e0-b7b4-67b6ce44b566 1c3e2505403f4947870444a37bb21639 a5fe58fe1bba4075828081bc80854baa - - default default] Successfully bumped revision number for resource 9457c62d-bd20-4e47-bb07-b354af9cfb35 (type: router_ports) to 1 [pid: 7|app: 0|req: 289/583] 10.0.0.184 () {34 vars in 783 bytes} [Thu May 7 14:30:08 2026] PUT /v2.0/routers/58deb33c-1c2a-4889-8112-b2f9c2f36b8b/add_router_interface => generated 310 bytes in 3684 msecs (HTTP/1.1 200) 4 headers in 157 bytes (1 switches on core 0)
2026-05-07 14:30:12.001 8 INFO neutron.common.ovn.utils [None req-cebde676-8fdb-4b14-a74a-6b83d6707f7f - - - - - -] HA Chassis Group neutron-a4515f3b-662f-4ed5-bd35-25895755c4d0 synchronized; highest priority chassis baf740f7-8c40-4eb9-a770-71b04e10941c
2026-05-07 14:30:12.004 8 INFO neutron.db.ovn_revision_numbers_db [None req-bb18841b-6778-4e25-9c9d-bbad8badad1d 1c3e2505403f4947870444a37bb21639 a5fe58fe1bba4075828081bc80854baa - - default default] Successfully bumped revision number for resource daef104b-7c4a-4643-beb1-b451b10c8ead (type: router_ports) to 1 [pid: 8|app: 0|req: 295/584] 10.0.0.184 () {34 vars in 783 bytes} [Thu May 7 14:30:10 2026] PUT /v2.0/routers/a3baf02b-c002-4657-a6db-f9a27e961447/add_router_interface => generated 310 bytes in 1514 msecs (HTTP/1.1 200) 4 headers in 157 bytes (1 switches on core 0) [pid: 8|app: 0|req: 296/585] 10.0.0.155 () {28 vars in 583 bytes} [Thu May 7 14:30:12 2026] GET /v2.0/subnets => generated 4046 bytes in 35 msecs (HTTP/1.1 200) 4 headers in 158 bytes (1 switches on core 0)
2026-05-07 14:30:12.068 7 WARNING neutron.scheduler.dhcp_agent_scheduler [None req-5620274b-2d35-499b-865f-0e1bdcfd3236 1c3e2505403f4947870444a37bb21639 a5fe58fe1bba4075828081bc80854baa - - default default] No more DHCP agents
2026-05-07 14:30:12.071 7 WARNING neutron.api.rpc.agentnotifiers.dhcp_rpc_agent_api [None req-5620274b-2d35-499b-865f-0e1bdcfd3236 1c3e2505403f4947870444a37bb21639 a5fe58fe1bba4075828081bc80854baa - - default default] Unable to schedule network 2cdd1780-c12a-48d9-bce7-614b23c96cb8: no agents available; will retry on subsequent port and subnet creation events.
2026-05-07 14:30:12.092 7 INFO neutron.plugins.ml2.drivers.ovn.mech_driver.mech_driver [None req-13535a7a-25eb-4871-928f-a5aa5cb60c7b - - - - - -] OVN reports status down for port: 606a551c-62a7-44e8-83fc-174f920a7126
2026-05-07 14:30:12.192 8 INFO neutron.db.ovn_revision_numbers_db [req-62885b8f-71e0-4d1d-92bc-83087e4869dd req-2a5b1364-27ff-4626-824d-3b069c752d35 ad3b73c2285c4ff8bae0ad426b922018 861eb2256e134cd8b52763b1c61c227b - - default default] Successfully bumped revision number for resource d6ed42bc-92f6-45f4-bc32-b90daf47da1d (type: security_groups) to 1
2026-05-07 14:30:12.196 7 INFO neutron.db.ovn_revision_numbers_db [None req-ff7f209b-c6a9-4dd2-a895-051c7beb8078 - - - - - -] Successfully bumped revision number for resource fc471d85-6345-438a-b154-8fac7976fab7 (type: ports) to 5
2026-05-07 14:30:12.203 8 INFO neutron.db.ovn_revision_numbers_db [req-62885b8f-71e0-4d1d-92bc-83087e4869dd req-2a5b1364-27ff-4626-824d-3b069c752d35 ad3b73c2285c4ff8bae0ad426b922018 861eb2256e134cd8b52763b1c61c227b - - default default] Successfully bumped revision number for resource 9ef46ad3-f30d-4b0b-af6a-d334c1379d4d (type: security_group_rules) to 0
2026-05-07 14:30:12.212 8 INFO neutron.db.ovn_revision_numbers_db [req-62885b8f-71e0-4d1d-92bc-83087e4869dd req-2a5b1364-27ff-4626-824d-3b069c752d35 ad3b73c2285c4ff8bae0ad426b922018 861eb2256e134cd8b52763b1c61c227b - - default default] Successfully bumped revision number for resource bcf3c872-1ecb-44d5-b8d5-b73c11c781dd (type: security_group_rules) to 0 [pid: 8|app: 0|req: 297/586] 10.0.0.1 () {38 vars in 969 bytes} [Thu May 7 14:30:12 2026] POST /v2.0/security-groups => generated 1683 bytes in 195 msecs (HTTP/1.1 201) 4 headers in 163 bytes (1 switches on core 0)
2026-05-07 14:30:12.290 7 WARNING neutron.plugins.ml2.drivers.ovn.mech_driver.ovsdb.ovn_client [None req-13535a7a-25eb-4871-928f-a5aa5cb60c7b - - - - - -] Logical_Switch_Port 606a551c-62a7-44e8-83fc-174f920a7126 host information not removed, the port state is up
2026-05-07 14:30:12.291 7 INFO neutron.plugins.ml2.drivers.ovn.mech_driver.mech_driver [None req-13535a7a-25eb-4871-928f-a5aa5cb60c7b - - - - - -] OVN reports status down for port: 9457c62d-bd20-4e47-bb07-b354af9cfb35 [pid: 8|app: 0|req: 298/587] 10.0.0.155 () {28 vars in 583 bytes} [Thu May 7 14:30:12 2026] GET /v2.0/routers => generated 2978 bytes in 76 msecs (HTTP/1.1 200) 4 headers in 158 bytes (1 switches on core 0) [pid: 8|app: 0|req: 299/588] 10.0.0.1 () {34 vars in 989 bytes} [Thu May 7 14:30:12 2026] GET /v2.0/security-groups/d6ed42bc-92f6-45f4-bc32-b90daf47da1d => generated 1683 bytes in 26 msecs (HTTP/1.1 200) 4 headers in 158 bytes (1 switches on core 0) [pid: 8|app: 0|req: 300/589] 10.0.0.155 () {28 vars in 624 bytes} [Thu May 7 14:30:12 2026] GET /v2.0/agents?binary=ovn-controller => generated 416 bytes in 11 msecs (HTTP/1.1 200) 4 headers in 157 bytes (1 switches on core 0)
2026-05-07 14:30:12.442 7 WARNING neutron.plugins.ml2.drivers.ovn.mech_driver.ovsdb.ovn_client [None req-13535a7a-25eb-4871-928f-a5aa5cb60c7b - - - - - -] Logical_Switch_Port 9457c62d-bd20-4e47-bb07-b354af9cfb35 host information not removed, the port state is up
