2026-05-07 14:34:42.623 8 WARNING tagging [None req-648893e5-4943-40e7-9053-8e012f7f1df2 3d7e687b41a7405f89d3c0570580a266 8405652e3a724165b4d36de26be1e981 - - default default] project_id key not found in request, using tenant_id instead. This support has been deprecated and will be removed in a future release.
2026-05-07 14:34:42.638 8 INFO neutron.api.v2.resource [None req-648893e5-4943-40e7-9053-8e012f7f1df2 3d7e687b41a7405f89d3c0570580a266 8405652e3a724165b4d36de26be1e981 - - default default] delete failed (client error): The resource could not be found. [pid: 8|app: 0|req: 1392/2730] 10.0.0.184 () {32 vars in 748 bytes} [Thu May 7 14:34:42 2026] DELETE /v2.0/policies/ed57f69b-ce04-46e5-b814-30dc535a9e34/tags/green => generated 99 bytes in 35 msecs (HTTP/1.1 404) 4 headers in 163 bytes (1 switches on core 0)
2026-05-07 14:34:42.669 8 WARNING tagging [None req-40e3a62d-649d-4bc4-a23c-3b23f6481874 3d7e687b41a7405f89d3c0570580a266 8405652e3a724165b4d36de26be1e981 - - default default] project_id key not found in request, using tenant_id instead. This support has been deprecated and will be removed in a future release. [pid: 8|app: 0|req: 1393/2731] 10.0.0.184 () {32 vars in 736 bytes} [Thu May 7 14:34:42 2026] DELETE /v2.0/policies/ed57f69b-ce04-46e5-b814-30dc535a9e34/tags => generated 0 bytes in 48 msecs (HTTP/1.1 204) 2 headers in 112 bytes (1 switches on core 0)
2026-05-07 14:34:42.730 8 WARNING tagging [None req-68db25f2-b375-4cac-abde-3a13f83c4d98 3d7e687b41a7405f89d3c0570580a266 8405652e3a724165b4d36de26be1e981 - - default default] project_id key not found in request, using tenant_id instead. This support has been deprecated and will be removed in a future release. [pid: 8|app: 0|req: 1394/2732] 10.0.0.184 () {32 vars in 733 bytes} [Thu May 7 14:34:42 2026] GET /v2.0/policies/ed57f69b-ce04-46e5-b814-30dc535a9e34/tags => generated 12 bytes in 35 msecs (HTTP/1.1 200) 4 headers in 156 bytes (1 switches on core 0) [pid: 8|app: 0|req: 1395/2733] 10.0.0.184 () {32 vars in 734 bytes} [Thu May 7 14:34:42 2026] DELETE /v2.0/qos/policies/ed57f69b-ce04-46e5-b814-30dc535a9e34 => generated 0 bytes in 45 msecs (HTTP/1.1 204) 2 headers in 112 bytes (1 switches on core 0)
2026-05-07 14:34:42.818 7 WARNING neutron.scheduler.dhcp_agent_scheduler [None req-4fa988c3-cb8c-4cd4-ae55-7b5ce34e741e bdb71d4972e7457586d5b61a3ec677e2 2e38955886fb46a9aad05c7bc4ad6e21 - - default default] No more DHCP agents
2026-05-07 14:34:42.820 7 WARNING neutron.api.rpc.agentnotifiers.dhcp_rpc_agent_api [None req-4fa988c3-cb8c-4cd4-ae55-7b5ce34e741e bdb71d4972e7457586d5b61a3ec677e2 2e38955886fb46a9aad05c7bc4ad6e21 - - default default] Unable to schedule network 8504035d-5baa-4521-b279-4c959dff85c6: no agents available; will retry on subsequent port and subnet creation events.
2026-05-07 14:34:42.859 7 INFO neutron.db.ovn_revision_numbers_db [None req-4fa988c3-cb8c-4cd4-ae55-7b5ce34e741e bdb71d4972e7457586d5b61a3ec677e2 2e38955886fb46a9aad05c7bc4ad6e21 - - default default] Successfully bumped revision number for resource 2c3890c2-c247-4f88-b3ea-021674a9d3b6 (type: subnets) to 0 [pid: 7|app: 0|req: 1339/2734] 10.0.0.184 () {34 vars in 669 bytes} [Thu May 7 14:34:42 2026] POST /v2.0/subnets => generated 726 bytes in 247 msecs (HTTP/1.1 201) 4 headers in 162 bytes (1 switches on core 0)
2026-05-07 14:34:42.965 8 INFO neutron.db.segments_db [None req-49c5e6f3-363f-498a-a015-0bc7fa41ef87 bdb71d4972e7457586d5b61a3ec677e2 2e38955886fb46a9aad05c7bc4ad6e21 - - default default] Added segment 73b57a6d-42c5-4797-a699-40f82e61ea27 of type geneve for network d1335ad5-f968-4b65-9c8c-84d82cb4d5c9
2026-05-07 14:34:43.111 8 INFO neutron.db.ovn_revision_numbers_db [None req-49c5e6f3-363f-498a-a015-0bc7fa41ef87 bdb71d4972e7457586d5b61a3ec677e2 2e38955886fb46a9aad05c7bc4ad6e21 - - default default] Successfully bumped revision number for resource d1335ad5-f968-4b65-9c8c-84d82cb4d5c9 (type: networks) to 1
2026-05-07 14:34:43.263 8 WARNING neutron.scheduler.dhcp_agent_scheduler [None req-49c5e6f3-363f-498a-a015-0bc7fa41ef87 bdb71d4972e7457586d5b61a3ec677e2 2e38955886fb46a9aad05c7bc4ad6e21 - - default default] No more DHCP agents
2026-05-07 14:34:43.264 8 WARNING neutron.api.rpc.agentnotifiers.dhcp_rpc_agent_api [None req-49c5e6f3-363f-498a-a015-0bc7fa41ef87 bdb71d4972e7457586d5b61a3ec677e2 2e38955886fb46a9aad05c7bc4ad6e21 - - default default] Unable to schedule network d1335ad5-f968-4b65-9c8c-84d82cb4d5c9: no agents available; will retry on subsequent port and subnet creation events.
2026-05-07 14:34:43.324 7 INFO neutron.plugins.ml2.drivers.ovn.mech_driver.mech_driver [None req-6bac336f-4c6f-46c0-aa0d-66eb07145dd1 - - - - - -] OVN reports status down for port: 2b602f0f-b086-4274-82c6-185abaf5b1dd
2026-05-07 14:34:43.343 8 INFO neutron.db.ovn_revision_numbers_db [None req-49c5e6f3-363f-498a-a015-0bc7fa41ef87 bdb71d4972e7457586d5b61a3ec677e2 2e38955886fb46a9aad05c7bc4ad6e21 - - default default] Successfully bumped revision number for resource 2b602f0f-b086-4274-82c6-185abaf5b1dd (type: ports) to 1 [pid: 8|app: 0|req: 1396/2735] 10.0.0.184 () {34 vars in 670 bytes} [Thu May 7 14:34:42 2026] POST /v2.0/networks => generated 676 bytes in 485 msecs (HTTP/1.1 201) 4 headers in 162 bytes (1 switches on core 0)
2026-05-07 14:34:43.563 7 WARNING neutron.scheduler.dhcp_agent_scheduler [None req-16c7bcea-3241-446d-a73d-7db69d10bc5e bdb71d4972e7457586d5b61a3ec677e2 2e38955886fb46a9aad05c7bc4ad6e21 - - default default] No more DHCP agents
2026-05-07 14:34:43.564 7 WARNING neutron.api.rpc.agentnotifiers.dhcp_rpc_agent_api [None req-16c7bcea-3241-446d-a73d-7db69d10bc5e bdb71d4972e7457586d5b61a3ec677e2 2e38955886fb46a9aad05c7bc4ad6e21 - - default default] Unable to schedule network d1335ad5-f968-4b65-9c8c-84d82cb4d5c9: no agents available; will retry on subsequent port and subnet creation events.
2026-05-07 14:34:43.566 8 WARNING neutron.db.securitygroups_db [None req-aec9446c-b52a-4fa7-bcb3-d8c627d87ea4 1c3e2505403f4947870444a37bb21639 a5fe58fe1bba4075828081bc80854baa - - default default] project_id key not found in filters, using tenant_id instead. This support has been deprecated and will be removed in a future release.
2026-05-07 14:34:43.700 8 INFO neutron.db.ovn_revision_numbers_db [None req-aec9446c-b52a-4fa7-bcb3-d8c627d87ea4 1c3e2505403f4947870444a37bb21639 a5fe58fe1bba4075828081bc80854baa - - default default] Successfully bumped revision number for resource 7ccf4867-6f11-4f67-a4fe-57b867e63fc6 (type: security_groups) to 1
2026-05-07 14:34:43.711 8 INFO neutron.db.ovn_revision_numbers_db [None req-aec9446c-b52a-4fa7-bcb3-d8c627d87ea4 1c3e2505403f4947870444a37bb21639 a5fe58fe1bba4075828081bc80854baa - - default default] Successfully bumped revision number for resource 992dc3f0-749a-42b8-9572-ebef54a32e20 (type: security_group_rules) to 0
2026-05-07 14:34:43.722 8 INFO neutron.db.ovn_revision_numbers_db [None req-aec9446c-b52a-4fa7-bcb3-d8c627d87ea4 1c3e2505403f4947870444a37bb21639 a5fe58fe1bba4075828081bc80854baa - - default default] Successfully bumped revision number for resource a1dc0e8f-ebe4-4a09-963e-cd534ffa971c (type: security_group_rules) to 0
2026-05-07 14:34:43.733 8 INFO neutron.db.ovn_revision_numbers_db [None req-aec9446c-b52a-4fa7-bcb3-d8c627d87ea4 1c3e2505403f4947870444a37bb21639 a5fe58fe1bba4075828081bc80854baa - - default default] Successfully bumped revision number for resource cb1f2a35-63f9-4120-a12c-d96f49fc31f8 (type: security_group_rules) to 0
2026-05-07 14:34:43.745 8 INFO neutron.db.ovn_revision_numbers_db [None req-aec9446c-b52a-4fa7-bcb3-d8c627d87ea4 1c3e2505403f4947870444a37bb21639 a5fe58fe1bba4075828081bc80854baa - - default default] Successfully bumped revision number for resource f5178870-72fb-405d-9a39-fc25845fae53 (type: security_group_rules) to 0 [pid: 8|app: 0|req: 1397/2736] 10.0.0.184 () {32 vars in 774 bytes} [Thu May 7 14:34:43 2026] GET /v2.0/security-groups?tenant_id=8405652e3a724165b4d36de26be1e981&name=default => generated 2929 bytes in 373 msecs (HTTP/1.1 200) 4 headers in 158 bytes (1 switches on core 0) [pid: 8|app: 0|req: 1398/2737] 10.0.0.184 () {32 vars in 740 bytes} [Thu May 7 14:34:43 2026] DELETE /v2.0/security-groups/7ccf4867-6f11-4f67-a4fe-57b867e63fc6 => generated 0 bytes in 158 msecs (HTTP/1.1 204) 2 headers in 112 bytes (1 switches on core 0)
2026-05-07 14:34:44.040 7 INFO neutron.db.ovn_revision_numbers_db [None req-16c7bcea-3241-446d-a73d-7db69d10bc5e bdb71d4972e7457586d5b61a3ec677e2 2e38955886fb46a9aad05c7bc4ad6e21 - - default default] Successfully bumped revision number for resource 2b602f0f-b086-4274-82c6-185abaf5b1dd (type: ports) to 2
2026-05-07 14:34:44.079 7 INFO neutron.db.ovn_revision_numbers_db [None req-16c7bcea-3241-446d-a73d-7db69d10bc5e bdb71d4972e7457586d5b61a3ec677e2 2e38955886fb46a9aad05c7bc4ad6e21 - - default default] Successfully bumped revision number for resource 24711619-39f1-42d2-b6c2-686676e1036d (type: subnets) to 0
2026-05-07 14:34:44.092 8 WARNING neutron.db.securitygroups_db [None req-c58770b9-06aa-4c30-9142-d20f1725e501 1c3e2505403f4947870444a37bb21639 a5fe58fe1bba4075828081bc80854baa - - default default] project_id key not found in filters, using tenant_id instead. This support has been deprecated and will be removed in a future release. [pid: 7|app: 0|req: 1340/2738] 10.0.0.184 () {34 vars in 669 bytes} [Thu May 7 14:34:43 2026] POST /v2.0/subnets => generated 655 bytes in 728 msecs (HTTP/1.1 201) 4 headers in 162 bytes (1 switches on core 0)
2026-05-07 14:34:44.204 8 INFO neutron.db.ovn_revision_numbers_db [None req-c58770b9-06aa-4c30-9142-d20f1725e501 1c3e2505403f4947870444a37bb21639 a5fe58fe1bba4075828081bc80854baa - - default default] Successfully bumped revision number for resource 8041311c-794f-43f1-bb43-bc9788fc9132 (type: security_groups) to 1
2026-05-07 14:34:44.214 8 INFO neutron.db.ovn_revision_numbers_db [None req-c58770b9-06aa-4c30-9142-d20f1725e501 1c3e2505403f4947870444a37bb21639 a5fe58fe1bba4075828081bc80854baa - - default default] Successfully bumped revision number for resource 46c32d9a-de9d-4eac-a0e4-688df5484f6a (type: security_group_rules) to 0
2026-05-07 14:34:44.230 8 INFO neutron.db.ovn_revision_numbers_db [None req-c58770b9-06aa-4c30-9142-d20f1725e501 1c3e2505403f4947870444a37bb21639 a5fe58fe1bba4075828081bc80854baa - - default default] Successfully bumped revision number for resource c26cf3bb-1c65-4e43-a106-722ff396ebaa (type: security_group_rules) to 0
2026-05-07 14:34:44.246 8 INFO neutron.db.ovn_revision_numbers_db [None req-c58770b9-06aa-4c30-9142-d20f1725e501 1c3e2505403f4947870444a37bb21639 a5fe58fe1bba4075828081bc80854baa - - default default] Successfully bumped revision number for resource e8614e47-99b2-4a00-9dfb-49233dad742b (type: security_group_rules) to 0
2026-05-07 14:34:44.259 8 INFO neutron.db.ovn_revision_numbers_db [None req-c58770b9-06aa-4c30-9142-d20f1725e501 1c3e2505403f4947870444a37bb21639 a5fe58fe1bba4075828081bc80854baa - - default default] Successfully bumped revision number for resource ff9d887c-06b2-4f0e-8ad3-587e41be049d (type: security_group_rules) to 0
2026-05-07 14:34:44.307 7 WARNING neutron.scheduler.dhcp_agent_scheduler [None req-ae2e92a7-43e9-448f-984e-f42fb006cfb1 bdb71d4972e7457586d5b61a3ec677e2 2e38955886fb46a9aad05c7bc4ad6e21 - - default default] No more DHCP agents [pid: 8|app: 0|req: 1399/2739] 10.0.0.184 () {32 vars in 774 bytes} [Thu May 7 14:34:44 2026] GET /v2.0/security-groups?tenant_id=e6931e159bbf421aaadbbc0d880d158c&name=default => generated 2929 bytes in 224 msecs (HTTP/1.1 200) 4 headers in 158 bytes (1 switches on core 0)
2026-05-07 14:34:44.309 7 WARNING neutron.api.rpc.agentnotifiers.dhcp_rpc_agent_api [None req-ae2e92a7-43e9-448f-984e-f42fb006cfb1 bdb71d4972e7457586d5b61a3ec677e2 2e38955886fb46a9aad05c7bc4ad6e21 - - default default] Unable to schedule network d1335ad5-f968-4b65-9c8c-84d82cb4d5c9: no agents available; will retry on subsequent port and subnet creation events.
2026-05-07 14:34:44.346 7 INFO neutron.db.ovn_revision_numbers_db [None req-ae2e92a7-43e9-448f-984e-f42fb006cfb1 bdb71d4972e7457586d5b61a3ec677e2 2e38955886fb46a9aad05c7bc4ad6e21 - - default default] Successfully bumped revision number for resource 3d05e89d-2b31-4591-ad59-f77ac8c7c6bf (type: subnets) to 0 [pid: 7|app: 0|req: 1341/2740] 10.0.0.184 () {34 vars in 669 bytes} [Thu May 7 14:34:44 2026] POST /v2.0/subnets => generated 730 bytes in 258 msecs (HTTP/1.1 201) 4 headers in 162 bytes (1 switches on core 0) [pid: 8|app: 0|req: 1400/2741] 10.0.0.184 () {32 vars in 740 bytes} [Thu May 7 14:34:44 2026] DELETE /v2.0/security-groups/8041311c-794f-43f1-bb43-bc9788fc9132 => generated 0 bytes in 197 msecs (HTTP/1.1 204) 2 headers in 112 bytes (1 switches on core 0)
2026-05-07 14:34:44.791 7 WARNING neutron.scheduler.dhcp_agent_scheduler [None req-14cee975-6e21-4d5b-abe8-44da959e3b18 bdb71d4972e7457586d5b61a3ec677e2 2e38955886fb46a9aad05c7bc4ad6e21 - - default default] No more DHCP agents
2026-05-07 14:34:44.793 7 WARNING neutron.api.rpc.agentnotifiers.dhcp_rpc_agent_api [None req-14cee975-6e21-4d5b-abe8-44da959e3b18 bdb71d4972e7457586d5b61a3ec677e2 2e38955886fb46a9aad05c7bc4ad6e21 - - default default] Unable to schedule network 80aafba7-5b96-44ea-9203-8ce5dec3826d: no agents available; will retry on subsequent port and subnet creation events.
2026-05-07 14:34:44.912 7 INFO neutron.plugins.ml2.drivers.ovn.mech_driver.mech_driver [None req-6bac336f-4c6f-46c0-aa0d-66eb07145dd1 - - - - - -] OVN reports status down for port: c119e13c-45c2-48fa-95dd-ced52069e80d
2026-05-07 14:34:44.967 7 INFO neutron.db.ovn_revision_numbers_db [None req-14cee975-6e21-4d5b-abe8-44da959e3b18 bdb71d4972e7457586d5b61a3ec677e2 2e38955886fb46a9aad05c7bc4ad6e21 - - default default] Successfully bumped revision number for resource c119e13c-45c2-48fa-95dd-ced52069e80d (type: ports) to 1
2026-05-07 14:34:44.973 8 INFO neutron.db.ovn_revision_numbers_db [None req-8879e73b-ca68-4a3e-bd41-c6246c71365c 4bb4a69b3784488d9465cbaf9481fa57 9095c3b041b541a5adc88e6748d878c5 - - default default] Successfully bumped revision number for resource c0e389bd-f998-4b41-93cb-c0630332086c (type: security_groups) to 1
2026-05-07 14:34:44.984 8 INFO neutron.db.ovn_revision_numbers_db [None req-8879e73b-ca68-4a3e-bd41-c6246c71365c 4bb4a69b3784488d9465cbaf9481fa57 9095c3b041b541a5adc88e6748d878c5 - - default default] Successfully bumped revision number for resource 12ce8b46-7f4b-447c-b9d1-511305d17ea2 (type: security_group_rules) to 0
2026-05-07 14:34:44.995 8 INFO neutron.db.ovn_revision_numbers_db [None req-8879e73b-ca68-4a3e-bd41-c6246c71365c 4bb4a69b3784488d9465cbaf9481fa57 9095c3b041b541a5adc88e6748d878c5 - - default default] Successfully bumped revision number for resource 8124070d-f074-4a83-91e5-75b3afd888be (type: security_group_rules) to 0
2026-05-07 14:34:45.005 8 INFO neutron.db.ovn_revision_numbers_db [None req-8879e73b-ca68-4a3e-bd41-c6246c71365c 4bb4a69b3784488d9465cbaf9481fa57 9095c3b041b541a5adc88e6748d878c5 - - default default] Successfully bumped revision number for resource abd55f98-60ee-47ed-98df-8f7935410e22 (type: security_group_rules) to 0
2026-05-07 14:34:45.016 8 INFO neutron.db.ovn_revision_numbers_db [None req-8879e73b-ca68-4a3e-bd41-c6246c71365c 4bb4a69b3784488d9465cbaf9481fa57 9095c3b041b541a5adc88e6748d878c5 - - default default] Successfully bumped revision number for resource e9d4535e-4b75-459a-9f66-3f38e9cdaa95 (type: security_group_rules) to 0
2026-05-07 14:34:45.090 8 INFO neutron.db.segments_db [None req-8879e73b-ca68-4a3e-bd41-c6246c71365c 4bb4a69b3784488d9465cbaf9481fa57 9095c3b041b541a5adc88e6748d878c5 - - default default] Added segment 5e7c2f99-8998-4507-acd1-21ed7970b09c of type geneve for network bed45054-5259-4a4b-9b16-056e16c7a379
2026-05-07 14:34:45.195 8 INFO neutron.db.ovn_revision_numbers_db [None req-8879e73b-ca68-4a3e-bd41-c6246c71365c 4bb4a69b3784488d9465cbaf9481fa57 9095c3b041b541a5adc88e6748d878c5 - - default default] Successfully bumped revision number for resource bed45054-5259-4a4b-9b16-056e16c7a379 (type: networks) to 1
2026-05-07 14:34:45.343 8 WARNING neutron.scheduler.dhcp_agent_scheduler [None req-8879e73b-ca68-4a3e-bd41-c6246c71365c 4bb4a69b3784488d9465cbaf9481fa57 9095c3b041b541a5adc88e6748d878c5 - - default default] No more DHCP agents
2026-05-07 14:34:45.345 8 WARNING neutron.api.rpc.agentnotifiers.dhcp_rpc_agent_api [None req-8879e73b-ca68-4a3e-bd41-c6246c71365c 4bb4a69b3784488d9465cbaf9481fa57 9095c3b041b541a5adc88e6748d878c5 - - default default] Unable to schedule network bed45054-5259-4a4b-9b16-056e16c7a379: no agents available; will retry on subsequent port and subnet creation events.
2026-05-07 14:34:45.415 7 INFO neutron.plugins.ml2.drivers.ovn.mech_driver.mech_driver [None req-6bac336f-4c6f-46c0-aa0d-66eb07145dd1 - - - - - -] OVN reports status down for port: c0b248c0-c89e-4204-ab65-0b89e3ae9fcc
2026-05-07 14:34:45.419 8 INFO neutron.db.ovn_revision_numbers_db [None req-8879e73b-ca68-4a3e-bd41-c6246c71365c 4bb4a69b3784488d9465cbaf9481fa57 9095c3b041b541a5adc88e6748d878c5 - - default default] Successfully bumped revision number for resource c0b248c0-c89e-4204-ab65-0b89e3ae9fcc (type: ports) to 1 [pid: 8|app: 0|req: 1401/2742] 10.0.0.184 () {34 vars in 670 bytes} [Thu May 7 14:34:44 2026] POST /v2.0/networks => generated 670 bytes in 825 msecs (HTTP/1.1 201) 4 headers in 162 bytes (1 switches on core 0) [pid: 8|app: 0|req: 1402/2743] 10.0.0.184 () {34 vars in 753 bytes} [Thu May 7 14:34:45 2026] PUT /v2.0/networks/bed45054-5259-4a4b-9b16-056e16c7a379/tags => generated 25 bytes in 58 msecs (HTTP/1.1 200) 4 headers in 156 bytes (1 switches on core 0) [pid: 8|app: 0|req: 1403/2744] 10.0.0.184 () {32 vars in 733 bytes} [Thu May 7 14:34:45 2026] GET /v2.0/networks/bed45054-5259-4a4b-9b16-056e16c7a379/tags => generated 25 bytes in 45 msecs (HTTP/1.1 200) 4 headers in 156 bytes (1 switches on core 0)
2026-05-07 14:34:45.638 7 INFO neutron.plugins.ml2.drivers.ovn.mech_driver.mech_driver [None req-6bac336f-4c6f-46c0-aa0d-66eb07145dd1 - - - - - -] OVN reports status up for port: c119e13c-45c2-48fa-95dd-ced52069e80d [pid: 8|app: 0|req: 1404/2745] 10.0.0.184 () {34 vars in 764 bytes} [Thu May 7 14:34:45 2026] PUT /v2.0/networks/bed45054-5259-4a4b-9b16-056e16c7a379/tags/green => generated 4 bytes in 120 msecs (HTTP/1.1 201) 4 headers in 160 bytes (1 switches on core 0)
2026-05-07 14:34:45.683 7 INFO neutron.plugins.ml2.drivers.ovn.mech_driver.ovsdb.ovsdb_monitor [None req-c68443f0-3667-4e41-af8d-3163806c1d54 - - - - - -] Router 8141f985-0e05-45ab-b79d-28324d937a21 is bound to host instance
2026-05-07 14:34:45.718 7 INFO neutron.plugins.ml2.plugin [None req-6bac336f-4c6f-46c0-aa0d-66eb07145dd1 - - - - - -] Attempt 1 to provision port c119e13c-45c2-48fa-95dd-ced52069e80d [pid: 8|app: 0|req: 1405/2746] 10.0.0.184 () {32 vars in 733 bytes} [Thu May 7 14:34:45 2026] GET /v2.0/networks/bed45054-5259-4a4b-9b16-056e16c7a379/tags => generated 34 bytes in 51 msecs (HTTP/1.1 200) 4 headers in 156 bytes (1 switches on core 0)
2026-05-07 14:34:45.751 7 INFO neutron.db.ovn_revision_numbers_db [None req-14cee975-6e21-4d5b-abe8-44da959e3b18 bdb71d4972e7457586d5b61a3ec677e2 2e38955886fb46a9aad05c7bc4ad6e21 - - default default] Successfully bumped revision number for resource c119e13c-45c2-48fa-95dd-ced52069e80d (type: router_ports) to 1 [pid: 8|app: 0|req: 1406/2747] 10.0.0.184 () {34 vars in 760 bytes} [Thu May 7 14:34:45 2026] PUT /v2.0/networks/bed45054-5259-4a4b-9b16-056e16c7a379/tags/red => generated 4 bytes in 60 msecs (HTTP/1.1 201) 4 headers in 160 bytes (1 switches on core 0) [pid: 8|app: 0|req: 1407/2748] 10.0.0.184 () {32 vars in 733 bytes} [Thu May 7 14:34:45 2026] GET /v2.0/networks/bed45054-5259-4a4b-9b16-056e16c7a379/tags => generated 34 bytes in 37 msecs (HTTP/1.1 200) 4 headers in 156 bytes (1 switches on core 0) [pid: 8|app: 0|req: 1408/2749] 10.0.0.184 () {34 vars in 782 bytes} [Thu May 7 14:34:45 2026] PUT /v2.0/networks/bed45054-5259-4a4b-9b16-056e16c7a379/tags/black.or.white => generated 4 bytes in 62 msecs (HTTP/1.1 201) 4 headers in 160 bytes (1 switches on core 0) [pid: 8|app: 0|req: 1409/2750] 10.0.0.184 () {32 vars in 733 bytes} [Thu May 7 14:34:45 2026] GET /v2.0/networks/bed45054-5259-4a4b-9b16-056e16c7a379/tags => generated 52 bytes in 41 msecs (HTTP/1.1 200) 4 headers in 156 bytes (1 switches on core 0) [pid: 8|app: 0|req: 1410/2751] 10.0.0.184 () {34 vars in 753 bytes} [Thu May 7 14:34:45 2026] PUT /v2.0/networks/bed45054-5259-4a4b-9b16-056e16c7a379/tags => generated 37 bytes in 51 msecs (HTTP/1.1 200) 4 headers in 156 bytes (1 switches on core 0) [pid: 8|app: 0|req: 1411/2752] 10.0.0.184 () {32 vars in 733 bytes} [Thu May 7 14:34:46 2026] GET /v2.0/networks/bed45054-5259-4a4b-9b16-056e16c7a379/tags => generated 37 bytes in 36 msecs (HTTP/1.1 200) 4 headers in 156 bytes (1 switches on core 0) [pid: 8|app: 0|req: 1412/2753] 10.0.0.184 () {32 vars in 741 bytes} [Thu May 7 14:34:46 2026] GET /v2.0/networks/bed45054-5259-4a4b-9b16-056e16c7a379/tags/red => generated 0 bytes in 41 msecs (HTTP/1.1 204) 2 headers in 112 bytes (1 switches on core 0)
2026-05-07 14:34:46.162 8 INFO neutron.api.v2.resource [None req-a47f90e5-e733-4034-aca0-7f30b8b998f9 4bb4a69b3784488d9465cbaf9481fa57 9095c3b041b541a5adc88e6748d878c5 - - default default] show failed (client error): The resource could not be found. [pid: 8|app: 0|req: 1413/2754] 10.0.0.184 () {32 vars in 745 bytes} [Thu May 7 14:34:46 2026] GET /v2.0/networks/bed45054-5259-4a4b-9b16-056e16c7a379/tags/green => generated 99 bytes in 62 msecs (HTTP/1.1 404) 4 headers in 163 bytes (1 switches on core 0) [pid: 8|app: 0|req: 1414/2755] 10.0.0.184 () {32 vars in 744 bytes} [Thu May 7 14:34:46 2026] DELETE /v2.0/networks/bed45054-5259-4a4b-9b16-056e16c7a379/tags/red => generated 0 bytes in 52 msecs (HTTP/1.1 204) 2 headers in 112 bytes (1 switches on core 0) [pid: 8|app: 0|req: 1415/2756] 10.0.0.184 () {32 vars in 733 bytes} [Thu May 7 14:34:46 2026] GET /v2.0/networks/bed45054-5259-4a4b-9b16-056e16c7a379/tags => generated 30 bytes in 46 msecs (HTTP/1.1 200) 4 headers in 156 bytes (1 switches on core 0)
2026-05-07 14:34:46.342 8 INFO neutron.api.v2.resource [None req-2625db7d-97e9-4cf5-b64e-5a9484e520ec 4bb4a69b3784488d9465cbaf9481fa57 9095c3b041b541a5adc88e6748d878c5 - - default default] delete failed (client error): The resource could not be found. [pid: 8|app: 0|req: 1416/2757] 10.0.0.184 () {32 vars in 748 bytes} [Thu May 7 14:34:46 2026] DELETE /v2.0/networks/bed45054-5259-4a4b-9b16-056e16c7a379/tags/green => generated 99 bytes in 71 msecs (HTTP/1.1 404) 4 headers in 163 bytes (1 switches on core 0) [pid: 8|app: 0|req: 1417/2758] 10.0.0.184 () {32 vars in 736 bytes} [Thu May 7 14:34:46 2026] DELETE /v2.0/networks/bed45054-5259-4a4b-9b16-056e16c7a379/tags => generated 0 bytes in 55 msecs (HTTP/1.1 204) 2 headers in 112 bytes (1 switches on core 0) [pid: 8|app: 0|req: 1418/2759] 10.0.0.184 () {32 vars in 733 bytes} [Thu May 7 14:34:46 2026] GET /v2.0/networks/bed45054-5259-4a4b-9b16-056e16c7a379/tags => generated 12 bytes in 35 msecs (HTTP/1.1 200) 4 headers in 156 bytes (1 switches on core 0)
2026-05-07 14:34:46.568 8 INFO neutron_taas.services.taas.taas_plugin [None req-6bd74108-a1c4-4b7f-8f10-ffc3522044d8 4bb4a69b3784488d9465cbaf9481fa57 9095c3b041b541a5adc88e6748d878c5 - - default default] TaaS: Handle Delete Port: c0b248c0-c89e-4204-ab65-0b89e3ae9fcc
2026-05-07 14:34:46.571 8 INFO neutron_taas.services.taas.tap_mirror_plugin [None req-6bd74108-a1c4-4b7f-8f10-ffc3522044d8 4bb4a69b3784488d9465cbaf9481fa57 9095c3b041b541a5adc88e6748d878c5 - - default default] Tap Mirror: Handle Delete Port: c0b248c0-c89e-4204-ab65-0b89e3ae9fcc
2026-05-07 14:34:46.585 7 INFO neutron.db.ovn_revision_numbers_db [None req-14cee975-6e21-4d5b-abe8-44da959e3b18 bdb71d4972e7457586d5b61a3ec677e2 2e38955886fb46a9aad05c7bc4ad6e21 - - default default] Successfully bumped revision number for resource 8141f985-0e05-45ab-b79d-28324d937a21 (type: routers) to 2 [pid: 7|app: 0|req: 1342/2760] 10.0.0.184 () {34 vars in 669 bytes} [Thu May 7 14:34:44 2026] POST /v2.0/routers => generated 966 bytes in 2243 msecs (HTTP/1.1 201) 4 headers in 162 bytes (1 switches on core 0)
2026-05-07 14:34:46.740 8 INFO neutron.services.segments.plugin [-] Segment 5e7c2f99-8998-4507-acd1-21ed7970b09c resource provider aggregate not found
2026-05-07 14:34:46.741 8 INFO neutron.services.segments.plugin [-] Segment 5e7c2f99-8998-4507-acd1-21ed7970b09c resource provider aggregate not found
2026-05-07 14:34:46.763 8 INFO neutron.services.segments.plugin [-] Segment 5e7c2f99-8998-4507-acd1-21ed7970b09c resource provider not found; error: Placement Client Error (4xx): {"errors": [{"status": 404, "title": "Not Found", "detail": "The resource could not be found.\n\n No resource provider with uuid 5e7c2f99-8998-4507-acd1-21ed7970b09c found for delete ", "request_id": "req-129bbecc-4e5b-4072-9323-9abaec905238"}]}
2026-05-07 14:34:46.770 8 INFO neutron.services.segments.plugin [-] Segment 5e7c2f99-8998-4507-acd1-21ed7970b09c resource provider not found; error: Placement Client Error (4xx): {"errors": [{"status": 404, "title": "Not Found", "detail": "The resource could not be found.\n\n No resource provider with uuid 5e7c2f99-8998-4507-acd1-21ed7970b09c found for delete ", "request_id": "req-0d69f04b-1ff8-4a41-95f0-a65ac37c6e28"}]} [pid: 8|app: 0|req: 1419/2761] 10.0.0.184 () {32 vars in 726 bytes} [Thu May 7 14:34:46 2026] DELETE /v2.0/networks/bed45054-5259-4a4b-9b16-056e16c7a379 => generated 0 bytes in 331 msecs (HTTP/1.1 204) 3 headers in 131 bytes (1 switches on core 0)
2026-05-07 14:34:47.494 8 WARNING neutron.db.securitygroups_db [None req-93cd4146-1821-42a9-b1b5-ada0e0c1cf5a 1c3e2505403f4947870444a37bb21639 a5fe58fe1bba4075828081bc80854baa - - default default] project_id key not found in filters, using tenant_id instead. This support has been deprecated and will be removed in a future release.
2026-05-07 14:34:47.505 7 WARNING neutron.scheduler.dhcp_agent_scheduler [None req-6e23b66d-ee81-4622-9cab-aea6a4667cc8 bdb71d4972e7457586d5b61a3ec677e2 2e38955886fb46a9aad05c7bc4ad6e21 - - default default] No more DHCP agents
2026-05-07 14:34:47.507 7 WARNING neutron.api.rpc.agentnotifiers.dhcp_rpc_agent_api [None req-6e23b66d-ee81-4622-9cab-aea6a4667cc8 bdb71d4972e7457586d5b61a3ec677e2 2e38955886fb46a9aad05c7bc4ad6e21 - - default default] Unable to schedule network 64befbde-33e3-4a48-8f06-68350b3fd808: no agents available; will retry on subsequent port and subnet creation events. [pid: 8|app: 0|req: 1420/2762] 10.0.0.184 () {32 vars in 774 bytes} [Thu May 7 14:34:47 2026] GET /v2.0/security-groups?tenant_id=9095c3b041b541a5adc88e6748d878c5&name=default => generated 2929 bytes in 119 msecs (HTTP/1.1 200) 4 headers in 158 bytes (1 switches on core 0) [pid: 8|app: 0|req: 1423/2765] 10.0.0.184 () {32 vars in 740 bytes} [Thu May 7 14:34:47 2026] DELETE /v2.0/security-groups/c0e389bd-f998-4b41-93cb-c0630332086c => generated 0 bytes in 195 msecs (HTTP/1.1 204) 2 headers in 112 bytes (1 switches on core 0)
2026-05-07 14:34:47.806 8 WARNING neutron.db.securitygroups_db [None req-c56e00f6-cc81-4aab-836e-63d129e0024a 1c3e2505403f4947870444a37bb21639 a5fe58fe1bba4075828081bc80854baa - - default default] project_id key not found in filters, using tenant_id instead. This support has been deprecated and will be removed in a future release.
2026-05-07 14:34:47.814 7 INFO neutron.db.ovn_revision_numbers_db [None req-6e23b66d-ee81-4622-9cab-aea6a4667cc8 bdb71d4972e7457586d5b61a3ec677e2 2e38955886fb46a9aad05c7bc4ad6e21 - - default default] Successfully bumped revision number for resource f24c91a7-2059-4eba-a91a-0c4c263aa5b1 (type: ports) to 1
2026-05-07 14:34:47.940 8 INFO neutron.db.ovn_revision_numbers_db [None req-c56e00f6-cc81-4aab-836e-63d129e0024a 1c3e2505403f4947870444a37bb21639 a5fe58fe1bba4075828081bc80854baa - - default default] Successfully bumped revision number for resource c788b762-9544-4d79-9980-a706ce6fcc94 (type: security_groups) to 1
2026-05-07 14:34:47.950 7 INFO neutron.db.ovn_revision_numbers_db [None req-e48e3758-a4a6-4de1-9877-05c22e7ed740 - - - - - -] Successfully bumped revision number for resource c119e13c-45c2-48fa-95dd-ced52069e80d (type: ports) to 4
2026-05-07 14:34:47.954 8 INFO neutron.db.ovn_revision_numbers_db [None req-c56e00f6-cc81-4aab-836e-63d129e0024a 1c3e2505403f4947870444a37bb21639 a5fe58fe1bba4075828081bc80854baa - - default default] Successfully bumped revision number for resource 7fe42079-55ef-4af8-a388-0ed614275f68 (type: security_group_rules) to 0
2026-05-07 14:34:47.967 8 INFO neutron.db.ovn_revision_numbers_db [None req-c56e00f6-cc81-4aab-836e-63d129e0024a 1c3e2505403f4947870444a37bb21639 a5fe58fe1bba4075828081bc80854baa - - default default] Successfully bumped revision number for resource 9a806e58-eef0-4009-b1ae-c4c5a6b9655b (type: security_group_rules) to 0
2026-05-07 14:34:47.978 8 INFO neutron.db.ovn_revision_numbers_db [None req-c56e00f6-cc81-4aab-836e-63d129e0024a 1c3e2505403f4947870444a37bb21639 a5fe58fe1bba4075828081bc80854baa - - default default] Successfully bumped revision number for resource aba5ce1c-de24-4904-a66a-fd94c9c690a6 (type: security_group_rules) to 0
2026-05-07 14:34:47.995 8 INFO neutron.db.ovn_revision_numbers_db [None req-c56e00f6-cc81-4aab-836e-63d129e0024a 1c3e2505403f4947870444a37bb21639 a5fe58fe1bba4075828081bc80854baa - - default default] Successfully bumped revision number for resource db17410e-f822-4635-96d6-37372f9783ee (type: security_group_rules) to 0 [pid: 8|app: 0|req: 1424/2766] 10.0.0.184 () {32 vars in 774 bytes} [Thu May 7 14:34:47 2026] GET /v2.0/security-groups?tenant_id=ea3f5cd09ff147568bee0ccf34d3a7b4&name=default => generated 2929 bytes in 233 msecs (HTTP/1.1 200) 4 headers in 158 bytes (1 switches on core 0) [pid: 8|app: 0|req: 1425/2767] 10.0.0.184 () {32 vars in 740 bytes} [Thu May 7 14:34:48 2026] DELETE /v2.0/security-groups/c788b762-9544-4d79-9980-a706ce6fcc94 => generated 0 bytes in 161 msecs (HTTP/1.1 204) 2 headers in 112 bytes (1 switches on core 0)
2026-05-07 14:34:48.589 7 INFO neutron.db.ovn_revision_numbers_db [None req-e48e3758-a4a6-4de1-9877-05c22e7ed740 - - - - - -] Successfully bumped revision number for resource c119e13c-45c2-48fa-95dd-ced52069e80d (type: ports) to 5
2026-05-07 14:34:48.833 7 INFO neutron.plugins.ml2.drivers.ovn.mech_driver.mech_driver [None req-6bac336f-4c6f-46c0-aa0d-66eb07145dd1 - - - - - -] OVN reports status down for port: f24c91a7-2059-4eba-a91a-0c4c263aa5b1
2026-05-07 14:34:48.942 7 WARNING neutron.plugins.ml2.drivers.ovn.mech_driver.ovsdb.ovn_client [None req-6bac336f-4c6f-46c0-aa0d-66eb07145dd1 - - - - - -] Logical_Switch_Port f24c91a7-2059-4eba-a91a-0c4c263aa5b1 host information not removed, the port state is up
2026-05-07 14:34:48.943 7 INFO neutron.plugins.ml2.drivers.ovn.mech_driver.mech_driver [None req-6bac336f-4c6f-46c0-aa0d-66eb07145dd1 - - - - - -] OVN reports status up for port: f24c91a7-2059-4eba-a91a-0c4c263aa5b1
2026-05-07 14:34:48.955 7 INFO neutron.plugins.ml2.plugin [None req-6bac336f-4c6f-46c0-aa0d-66eb07145dd1 - - - - - -] Attempt 1 to provision port f24c91a7-2059-4eba-a91a-0c4c263aa5b1
2026-05-07 14:34:49.018 7 WARNING neutron.scheduler.dhcp_agent_scheduler [None req-6e23b66d-ee81-4622-9cab-aea6a4667cc8 bdb71d4972e7457586d5b61a3ec677e2 2e38955886fb46a9aad05c7bc4ad6e21 - - default default] No more DHCP agents
2026-05-07 14:34:49.020 7 WARNING neutron.api.rpc.agentnotifiers.dhcp_rpc_agent_api [None req-6e23b66d-ee81-4622-9cab-aea6a4667cc8 bdb71d4972e7457586d5b61a3ec677e2 2e38955886fb46a9aad05c7bc4ad6e21 - - default default] Unable to schedule network 64befbde-33e3-4a48-8f06-68350b3fd808: no agents available; will retry on subsequent port and subnet creation events.
2026-05-07 14:34:49.691 7 INFO neutron.db.ovn_revision_numbers_db [None req-6bac336f-4c6f-46c0-aa0d-66eb07145dd1 - - - - - -] Successfully bumped revision number for resource f24c91a7-2059-4eba-a91a-0c4c263aa5b1 (type: ports) to 2
2026-05-07 14:34:49.841 7 INFO neutron.db.ovn_revision_numbers_db [None req-6e23b66d-ee81-4622-9cab-aea6a4667cc8 bdb71d4972e7457586d5b61a3ec677e2 2e38955886fb46a9aad05c7bc4ad6e21 - - default default] Successfully bumped revision number for resource f24c91a7-2059-4eba-a91a-0c4c263aa5b1 (type: router_ports) to 1 [pid: 7|app: 0|req: 1343/2768] 10.0.0.184 () {34 vars in 783 bytes} [Thu May 7 14:34:46 2026] PUT /v2.0/routers/8141f985-0e05-45ab-b79d-28324d937a21/add_router_interface => generated 310 bytes in 3238 msecs (HTTP/1.1 200) 4 headers in 157 bytes (1 switches on core 0)
2026-05-07 14:34:50.398 8 WARNING neutron.scheduler.dhcp_agent_scheduler [None req-14675d1e-4bb1-4905-89f6-4d725c7b271a bdb71d4972e7457586d5b61a3ec677e2 2e38955886fb46a9aad05c7bc4ad6e21 - - default default] No more DHCP agents
2026-05-07 14:34:50.402 8 WARNING neutron.api.rpc.agentnotifiers.dhcp_rpc_agent_api [None req-14675d1e-4bb1-4905-89f6-4d725c7b271a bdb71d4972e7457586d5b61a3ec677e2 2e38955886fb46a9aad05c7bc4ad6e21 - - default default] Unable to schedule network 8504035d-5baa-4521-b279-4c959dff85c6: no agents available; will retry on subsequent port and subnet creation events.
2026-05-07 14:34:50.538 8 INFO neutron.plugins.ml2.drivers.ovn.mech_driver.mech_driver [None req-4d613945-c481-4569-b3b9-5b010e5048e3 - - - - - -] OVN reports status down for port: 2b4c81a9-5e7c-4e32-a24e-7f9c578ca188
2026-05-07 14:34:50.606 8 INFO neutron.db.ovn_revision_numbers_db [None req-14675d1e-4bb1-4905-89f6-4d725c7b271a bdb71d4972e7457586d5b61a3ec677e2 2e38955886fb46a9aad05c7bc4ad6e21 - - default default] Successfully bumped revision number for resource 2b4c81a9-5e7c-4e32-a24e-7f9c578ca188 (type: ports) to 1
2026-05-07 14:34:51.374 8 INFO neutron.plugins.ml2.drivers.ovn.mech_driver.mech_driver [None req-4d613945-c481-4569-b3b9-5b010e5048e3 - - - - - -] OVN reports status up for port: 2b4c81a9-5e7c-4e32-a24e-7f9c578ca188
2026-05-07 14:34:51.398 8 INFO neutron.plugins.ml2.plugin [None req-4d613945-c481-4569-b3b9-5b010e5048e3 - - - - - -] Attempt 1 to provision port 2b4c81a9-5e7c-4e32-a24e-7f9c578ca188
2026-05-07 14:34:51.518 8 WARNING neutron.scheduler.dhcp_agent_scheduler [None req-14675d1e-4bb1-4905-89f6-4d725c7b271a bdb71d4972e7457586d5b61a3ec677e2 2e38955886fb46a9aad05c7bc4ad6e21 - - default default] No more DHCP agents
2026-05-07 14:34:51.520 8 WARNING neutron.api.rpc.agentnotifiers.dhcp_rpc_agent_api [None req-14675d1e-4bb1-4905-89f6-4d725c7b271a bdb71d4972e7457586d5b61a3ec677e2 2e38955886fb46a9aad05c7bc4ad6e21 - - default default] Unable to schedule network 8504035d-5baa-4521-b279-4c959dff85c6: no agents available; will retry on subsequent port and subnet creation events.
2026-05-07 14:34:51.705 7 INFO neutron.db.ovn_revision_numbers_db [None req-49a2a2a1-677b-41ef-a5a5-9e69d1d606c0 47046f679582492c82934a844f0ecfe0 1367c295baa44aa3bffce4cf0da8e5fb - - default default] Successfully bumped revision number for resource 91c97842-4f67-439a-b9b6-8fad281f23e5 (type: security_groups) to 1
2026-05-07 14:34:51.717 7 INFO neutron.db.ovn_revision_numbers_db [None req-49a2a2a1-677b-41ef-a5a5-9e69d1d606c0 47046f679582492c82934a844f0ecfe0 1367c295baa44aa3bffce4cf0da8e5fb - - default default] Successfully bumped revision number for resource 15a3ea71-173d-4169-8358-8aeee2adb872 (type: security_group_rules) to 0
2026-05-07 14:34:51.731 7 INFO neutron.db.ovn_revision_numbers_db [None req-49a2a2a1-677b-41ef-a5a5-9e69d1d606c0 47046f679582492c82934a844f0ecfe0 1367c295baa44aa3bffce4cf0da8e5fb - - default default] Successfully bumped revision number for resource 6045730d-55bd-4024-83cd-f7cd733ae9ae (type: security_group_rules) to 0
2026-05-07 14:34:51.743 7 INFO neutron.db.ovn_revision_numbers_db [None req-49a2a2a1-677b-41ef-a5a5-9e69d1d606c0 47046f679582492c82934a844f0ecfe0 1367c295baa44aa3bffce4cf0da8e5fb - - default default] Successfully bumped revision number for resource cdc138af-0d0f-4a08-95a0-d682ab0d3e71 (type: security_group_rules) to 0
2026-05-07 14:34:51.754 7 INFO neutron.db.ovn_revision_numbers_db [None req-49a2a2a1-677b-41ef-a5a5-9e69d1d606c0 47046f679582492c82934a844f0ecfe0 1367c295baa44aa3bffce4cf0da8e5fb - - default default] Successfully bumped revision number for resource d5efa4c1-ab2a-4c49-8f64-2723b6ad3b5e (type: security_group_rules) to 0
2026-05-07 14:34:51.833 7 INFO neutron.db.segments_db [None req-49a2a2a1-677b-41ef-a5a5-9e69d1d606c0 47046f679582492c82934a844f0ecfe0 1367c295baa44aa3bffce4cf0da8e5fb - - default default] Added segment f9469436-f98c-44b9-8c40-9eaa16b497a6 of type geneve for network fae05ace-5442-419a-8408-4453e570eada
2026-05-07 14:34:51.931 7 INFO neutron.db.ovn_revision_numbers_db [None req-49a2a2a1-677b-41ef-a5a5-9e69d1d606c0 47046f679582492c82934a844f0ecfe0 1367c295baa44aa3bffce4cf0da8e5fb - - default default] Successfully bumped revision number for resource fae05ace-5442-419a-8408-4453e570eada (type: networks) to 1
2026-05-07 14:34:52.050 8 INFO neutron.db.ovn_revision_numbers_db [None req-4d613945-c481-4569-b3b9-5b010e5048e3 - - - - - -] Successfully bumped revision number for resource 2b4c81a9-5e7c-4e32-a24e-7f9c578ca188 (type: ports) to 2
2026-05-07 14:34:52.121 7 WARNING neutron.scheduler.dhcp_agent_scheduler [None req-49a2a2a1-677b-41ef-a5a5-9e69d1d606c0 47046f679582492c82934a844f0ecfe0 1367c295baa44aa3bffce4cf0da8e5fb - - default default] No more DHCP agents
2026-05-07 14:34:52.123 7 WARNING neutron.api.rpc.agentnotifiers.dhcp_rpc_agent_api [None req-49a2a2a1-677b-41ef-a5a5-9e69d1d606c0 47046f679582492c82934a844f0ecfe0 1367c295baa44aa3bffce4cf0da8e5fb - - default default] Unable to schedule network fae05ace-5442-419a-8408-4453e570eada: no agents available; will retry on subsequent port and subnet creation events.
2026-05-07 14:34:52.211 7 INFO neutron.db.ovn_revision_numbers_db [None req-49a2a2a1-677b-41ef-a5a5-9e69d1d606c0 47046f679582492c82934a844f0ecfe0 1367c295baa44aa3bffce4cf0da8e5fb - - default default] Successfully bumped revision number for resource d4629aae-0062-48a9-a8bf-9bb76af002ac (type: ports) to 1
2026-05-07 14:34:52.224 8 INFO neutron.db.ovn_revision_numbers_db [None req-14675d1e-4bb1-4905-89f6-4d725c7b271a bdb71d4972e7457586d5b61a3ec677e2 2e38955886fb46a9aad05c7bc4ad6e21 - - default default] Successfully bumped revision number for resource 2b4c81a9-5e7c-4e32-a24e-7f9c578ca188 (type: router_ports) to 1 [pid: 7|app: 0|req: 1344/2769] 10.0.0.184 () {34 vars in 670 bytes} [Thu May 7 14:34:51 2026] POST /v2.0/networks => generated 669 bytes in 840 msecs (HTTP/1.1 201) 4 headers in 162 bytes (1 switches on core 0) [pid: 8|app: 0|req: 1426/2770] 10.0.0.184 () {34 vars in 783 bytes} [Thu May 7 14:34:49 2026] PUT /v2.0/routers/8141f985-0e05-45ab-b79d-28324d937a21/add_router_interface => generated 310 bytes in 2368 msecs (HTTP/1.1 200) 4 headers in 157 bytes (1 switches on core 0)
2026-05-07 14:34:52.313 7 INFO neutron.db.segments_db [None req-94080f7d-50ed-4147-a6b7-d28ed1aeecfd 47046f679582492c82934a844f0ecfe0 1367c295baa44aa3bffce4cf0da8e5fb - - default default] Added segment b96d6995-5ddb-40c3-86a8-1d4f76f62362 of type geneve for network 7ddcb340-8451-488a-97cc-16cc4dc99c50
2026-05-07 14:34:52.418 7 INFO neutron.db.ovn_revision_numbers_db [None req-94080f7d-50ed-4147-a6b7-d28ed1aeecfd 47046f679582492c82934a844f0ecfe0 1367c295baa44aa3bffce4cf0da8e5fb - - default default] Successfully bumped revision number for resource 7ddcb340-8451-488a-97cc-16cc4dc99c50 (type: networks) to 1
2026-05-07 14:34:52.568 7 WARNING neutron.scheduler.dhcp_agent_scheduler [None req-94080f7d-50ed-4147-a6b7-d28ed1aeecfd 47046f679582492c82934a844f0ecfe0 1367c295baa44aa3bffce4cf0da8e5fb - - default default] No more DHCP agents
2026-05-07 14:34:52.570 7 WARNING neutron.api.rpc.agentnotifiers.dhcp_rpc_agent_api [None req-94080f7d-50ed-4147-a6b7-d28ed1aeecfd 47046f679582492c82934a844f0ecfe0 1367c295baa44aa3bffce4cf0da8e5fb - - default default] Unable to schedule network 7ddcb340-8451-488a-97cc-16cc4dc99c50: no agents available; will retry on subsequent port and subnet creation events.
2026-05-07 14:34:52.650 7 INFO neutron.db.ovn_revision_numbers_db [None req-94080f7d-50ed-4147-a6b7-d28ed1aeecfd 47046f679582492c82934a844f0ecfe0 1367c295baa44aa3bffce4cf0da8e5fb - - default default] Successfully bumped revision number for resource 52fc5beb-a52d-46e1-ad54-ec235d6ac3db (type: ports) to 1 [pid: 7|app: 0|req: 1345/2771] 10.0.0.184 () {34 vars in 670 bytes} [Thu May 7 14:34:52 2026] POST /v2.0/networks => generated 670 bytes in 435 msecs (HTTP/1.1 201) 4 headers in 162 bytes (1 switches on core 0) [pid: 7|app: 0|req: 1346/2772] 10.0.0.184 () {34 vars in 753 bytes} [Thu May 7 14:34:52 2026] PUT /v2.0/networks/fae05ace-5442-419a-8408-4453e570eada/tags => generated 25 bytes in 55 msecs (HTTP/1.1 200) 4 headers in 156 bytes (1 switches on core 0) [pid: 7|app: 0|req: 1347/2773] 10.0.0.184 () {32 vars in 733 bytes} [Thu May 7 14:34:52 2026] GET /v2.0/networks/fae05ace-5442-419a-8408-4453e570eada/tags => generated 25 bytes in 49 msecs (HTTP/1.1 200) 4 headers in 156 bytes (1 switches on core 0)
2026-05-07 14:34:52.805 8 WARNING neutron.scheduler.dhcp_agent_scheduler [None req-93d953f0-ec65-4d30-b908-ce68c7601c9b bdb71d4972e7457586d5b61a3ec677e2 2e38955886fb46a9aad05c7bc4ad6e21 - - default default] No more DHCP agents
2026-05-07 14:34:52.807 8 WARNING neutron.api.rpc.agentnotifiers.dhcp_rpc_agent_api [None req-93d953f0-ec65-4d30-b908-ce68c7601c9b bdb71d4972e7457586d5b61a3ec677e2 2e38955886fb46a9aad05c7bc4ad6e21 - - default default] Unable to schedule network d1335ad5-f968-4b65-9c8c-84d82cb4d5c9: no agents available; will retry on subsequent port and subnet creation events. [pid: 7|app: 0|req: 1348/2774] 10.0.0.184 () {34 vars in 753 bytes} [Thu May 7 14:34:52 2026] PUT /v2.0/networks/7ddcb340-8451-488a-97cc-16cc4dc99c50/tags => generated 17 bytes in 53 msecs (HTTP/1.1 200) 4 headers in 156 bytes (1 switches on core 0) [pid: 7|app: 0|req: 1349/2775] 10.0.0.184 () {32 vars in 733 bytes} [Thu May 7 14:34:52 2026] GET /v2.0/networks/7ddcb340-8451-488a-97cc-16cc4dc99c50/tags => generated 17 bytes in 43 msecs (HTTP/1.1 200) 4 headers in 156 bytes (1 switches on core 0) [pid: 7|app: 0|req: 1350/2776] 10.0.0.184 () {34 vars in 753 bytes} [Thu May 7 14:34:52 2026] PUT /v2.0/networks/7ddcb340-8451-488a-97cc-16cc4dc99c50/tags => generated 12 bytes in 72 msecs (HTTP/1.1 200) 4 headers in 156 bytes (1 switches on core 0)
2026-05-07 14:34:52.970 8 INFO neutron.db.ovn_revision_numbers_db [None req-93d953f0-ec65-4d30-b908-ce68c7601c9b bdb71d4972e7457586d5b61a3ec677e2 2e38955886fb46a9aad05c7bc4ad6e21 - - default default] Successfully bumped revision number for resource f4624255-a938-4709-b9b6-66ae93104fa5 (type: ports) to 1 [pid: 7|app: 0|req: 1351/2777] 10.0.0.184 () {32 vars in 733 bytes} [Thu May 7 14:34:52 2026] GET /v2.0/networks/7ddcb340-8451-488a-97cc-16cc4dc99c50/tags => generated 12 bytes in 41 msecs (HTTP/1.1 200) 4 headers in 156 bytes (1 switches on core 0) [pid: 7|app: 0|req: 1352/2778] 10.0.0.184 () {32 vars in 733 bytes} [Thu May 7 14:34:53 2026] GET /v2.0/networks/fae05ace-5442-419a-8408-4453e570eada/tags => generated 25 bytes in 39 msecs (HTTP/1.1 200) 4 headers in 156 bytes (1 switches on core 0)
2026-05-07 14:34:53.196 7 INFO neutron_taas.services.taas.taas_plugin [None req-2095b23e-6eaa-4a46-9fd4-4358df6aa60e 47046f679582492c82934a844f0ecfe0 1367c295baa44aa3bffce4cf0da8e5fb - - default default] TaaS: Handle Delete Port: d4629aae-0062-48a9-a8bf-9bb76af002ac
2026-05-07 14:34:53.200 7 INFO neutron_taas.services.taas.tap_mirror_plugin [None req-2095b23e-6eaa-4a46-9fd4-4358df6aa60e 47046f679582492c82934a844f0ecfe0 1367c295baa44aa3bffce4cf0da8e5fb - - default default] Tap Mirror: Handle Delete Port: d4629aae-0062-48a9-a8bf-9bb76af002ac
2026-05-07 14:34:53.399 7 INFO neutron.services.segments.plugin [-] Segment f9469436-f98c-44b9-8c40-9eaa16b497a6 resource provider aggregate not found
2026-05-07 14:34:53.405 7 INFO neutron.services.segments.plugin [-] Segment f9469436-f98c-44b9-8c40-9eaa16b497a6 resource provider aggregate not found
2026-05-07 14:34:53.418 7 INFO neutron.services.segments.plugin [-] Segment f9469436-f98c-44b9-8c40-9eaa16b497a6 resource provider not found; error: Placement Client Error (4xx): {"errors": [{"status": 404, "title": "Not Found", "detail": "The resource could not be found.\n\n No resource provider with uuid f9469436-f98c-44b9-8c40-9eaa16b497a6 found for delete ", "request_id": "req-c2fe2c6f-7cb4-4b26-80bc-ab76f4e74895"}]}
2026-05-07 14:34:53.420 7 INFO neutron.services.segments.plugin [-] Segment f9469436-f98c-44b9-8c40-9eaa16b497a6 resource provider not found; error: Placement Client Error (4xx): {"errors": [{"status": 404, "title": "Not Found", "detail": "The resource could not be found.\n\n No resource provider with uuid f9469436-f98c-44b9-8c40-9eaa16b497a6 found for delete ", "request_id": "req-32a454a4-c193-46d7-bb21-5882effce23c"}]} [pid: 7|app: 0|req: 1353/2779] 10.0.0.184 () {32 vars in 726 bytes} [Thu May 7 14:34:53 2026] DELETE /v2.0/networks/fae05ace-5442-419a-8408-4453e570eada => generated 0 bytes in 382 msecs (HTTP/1.1 204) 3 headers in 131 bytes (1 switches on core 0)
2026-05-07 14:34:53.565 7 INFO neutron_taas.services.taas.taas_plugin [None req-b410c213-0811-4023-8e15-3e9d533755cb 47046f679582492c82934a844f0ecfe0 1367c295baa44aa3bffce4cf0da8e5fb - - default default] TaaS: Handle Delete Port: 52fc5beb-a52d-46e1-ad54-ec235d6ac3db
2026-05-07 14:34:53.567 7 INFO neutron_taas.services.taas.tap_mirror_plugin [None req-b410c213-0811-4023-8e15-3e9d533755cb 47046f679582492c82934a844f0ecfe0 1367c295baa44aa3bffce4cf0da8e5fb - - default default] Tap Mirror: Handle Delete Port: 52fc5beb-a52d-46e1-ad54-ec235d6ac3db [pid: 7|app: 0|req: 1354/2780] 10.0.0.184 () {32 vars in 726 bytes} [Thu May 7 14:34:53 2026] DELETE /v2.0/networks/7ddcb340-8451-488a-97cc-16cc4dc99c50 => generated 0 bytes in 280 msecs (HTTP/1.1 204) 3 headers in 131 bytes (1 switches on core 0)
2026-05-07 14:34:53.742 8 WARNING neutron.scheduler.dhcp_agent_scheduler [None req-93d953f0-ec65-4d30-b908-ce68c7601c9b bdb71d4972e7457586d5b61a3ec677e2 2e38955886fb46a9aad05c7bc4ad6e21 - - default default] No more DHCP agents
2026-05-07 14:34:53.743 8 WARNING neutron.api.rpc.agentnotifiers.dhcp_rpc_agent_api [None req-93d953f0-ec65-4d30-b908-ce68c7601c9b bdb71d4972e7457586d5b61a3ec677e2 2e38955886fb46a9aad05c7bc4ad6e21 - - default default] Unable to schedule network d1335ad5-f968-4b65-9c8c-84d82cb4d5c9: no agents available; will retry on subsequent port and subnet creation events.
2026-05-07 14:34:54.106 8 INFO neutron.db.ovn_revision_numbers_db [None req-93d953f0-ec65-4d30-b908-ce68c7601c9b bdb71d4972e7457586d5b61a3ec677e2 2e38955886fb46a9aad05c7bc4ad6e21 - - default default] Successfully bumped revision number for resource f4624255-a938-4709-b9b6-66ae93104fa5 (type: router_ports) to 1 [pid: 8|app: 0|req: 1427/2781] 10.0.0.184 () {34 vars in 783 bytes} [Thu May 7 14:34:52 2026] PUT /v2.0/routers/8141f985-0e05-45ab-b79d-28324d937a21/add_router_interface => generated 310 bytes in 1874 msecs (HTTP/1.1 200) 4 headers in 157 bytes (1 switches on core 0)
2026-05-07 14:34:54.297 7 INFO neutron.db.ovn_revision_numbers_db [None req-e8b2beff-dad3-4cbf-af1b-081ff044736b bdb71d4972e7457586d5b61a3ec677e2 2e38955886fb46a9aad05c7bc4ad6e21 - - default default] Successfully bumped revision number for resource 245c95cd-59e2-47f0-b092-7dd9a1d361bd (type: security_groups) to 1
2026-05-07 14:34:54.309 7 INFO neutron.db.ovn_revision_numbers_db [None req-e8b2beff-dad3-4cbf-af1b-081ff044736b bdb71d4972e7457586d5b61a3ec677e2 2e38955886fb46a9aad05c7bc4ad6e21 - - default default] Successfully bumped revision number for resource 047ba28e-bd93-439a-8b45-288f9b9c18a4 (type: security_group_rules) to 0
2026-05-07 14:34:54.319 7 INFO neutron.db.ovn_revision_numbers_db [None req-e8b2beff-dad3-4cbf-af1b-081ff044736b bdb71d4972e7457586d5b61a3ec677e2 2e38955886fb46a9aad05c7bc4ad6e21 - - default default] Successfully bumped revision number for resource 25504d1e-65d1-4858-ae03-39352d60725b (type: security_group_rules) to 0 [pid: 7|app: 0|req: 1355/2782] 10.0.0.184 () {34 vars in 684 bytes} [Thu May 7 14:34:54 2026] POST /v2.0/security-groups => generated 1630 bytes in 189 msecs (HTTP/1.1 201) 4 headers in 163 bytes (1 switches on core 0)
2026-05-07 14:34:54.439 8 WARNING neutron.db.securitygroups_db [None req-edfe8962-d202-45f2-be5e-23ed13250af4 1c3e2505403f4947870444a37bb21639 a5fe58fe1bba4075828081bc80854baa - - default default] project_id key not found in filters, using tenant_id instead. This support has been deprecated and will be removed in a future release.
2026-05-07 14:34:54.471 7 INFO neutron.db.ovn_revision_numbers_db [None req-5deba097-6f9e-486c-9496-5df8c4effac3 bdb71d4972e7457586d5b61a3ec677e2 2e38955886fb46a9aad05c7bc4ad6e21 - - default default] Successfully bumped revision number for resource a433d25d-b077-4c52-a1a9-9a41674995a1 (type: security_group_rules) to 0 [pid: 7|app: 0|req: 1356/2783] 10.0.0.184 () {34 vars in 695 bytes} [Thu May 7 14:34:54 2026] POST /v2.0/security-group-rules => generated 597 bytes in 146 msecs (HTTP/1.1 201) 4 headers in 162 bytes (1 switches on core 0)
2026-05-07 14:34:54.569 8 INFO neutron.db.ovn_revision_numbers_db [None req-edfe8962-d202-45f2-be5e-23ed13250af4 1c3e2505403f4947870444a37bb21639 a5fe58fe1bba4075828081bc80854baa - - default default] Successfully bumped revision number for resource e874ecff-a965-4515-8355-958a87199d7f (type: security_groups) to 1
2026-05-07 14:34:54.590 8 INFO neutron.db.ovn_revision_numbers_db [None req-edfe8962-d202-45f2-be5e-23ed13250af4 1c3e2505403f4947870444a37bb21639 a5fe58fe1bba4075828081bc80854baa - - default default] Successfully bumped revision number for resource 1efc07b6-c3dc-4bc1-8459-370d3928cd6b (type: security_group_rules) to 0
2026-05-07 14:34:54.604 8 INFO neutron.db.ovn_revision_numbers_db [None req-edfe8962-d202-45f2-be5e-23ed13250af4 1c3e2505403f4947870444a37bb21639 a5fe58fe1bba4075828081bc80854baa - - default default] Successfully bumped revision number for resource 7b209450-9afb-4668-bd44-6b35be40580d (type: security_group_rules) to 0
