2026-05-07 14:32:10.941 7 INFO neutron.db.ovn_revision_numbers_db [None req-b5dc92c5-aff6-4aa9-afe2-6d67ce81efc9 1c3e2505403f4947870444a37bb21639 a5fe58fe1bba4075828081bc80854baa - - default default] Successfully bumped revision number for resource 62e79bc8-1218-4c8d-a698-bb9a76c44b11 (type: security_groups) to 1
2026-05-07 14:32:10.950 8 INFO neutron.plugins.ml2.drivers.ovn.mech_driver.mech_driver [None req-3bbfc68c-d619-4d82-bc2f-07c0dda861b0 - - - - - -] OVN reports status up for port: 90619748-394c-4535-aef5-c3832857dcc4
2026-05-07 14:32:10.970 7 INFO neutron.db.ovn_revision_numbers_db [None req-b5dc92c5-aff6-4aa9-afe2-6d67ce81efc9 1c3e2505403f4947870444a37bb21639 a5fe58fe1bba4075828081bc80854baa - - default default] Successfully bumped revision number for resource 06d57833-d784-495c-ab54-b3ade4ced305 (type: security_group_rules) to 0
2026-05-07 14:32:10.976 8 INFO neutron.plugins.ml2.plugin [None req-3bbfc68c-d619-4d82-bc2f-07c0dda861b0 - - - - - -] Attempt 1 to provision port 90619748-394c-4535-aef5-c3832857dcc4
2026-05-07 14:32:10.988 7 INFO neutron.db.ovn_revision_numbers_db [None req-b5dc92c5-aff6-4aa9-afe2-6d67ce81efc9 1c3e2505403f4947870444a37bb21639 a5fe58fe1bba4075828081bc80854baa - - default default] Successfully bumped revision number for resource 128dbccd-bcc7-4070-87fa-ade1ad4595ba (type: security_group_rules) to 0
2026-05-07 14:32:11.013 7 INFO neutron.db.ovn_revision_numbers_db [None req-b5dc92c5-aff6-4aa9-afe2-6d67ce81efc9 1c3e2505403f4947870444a37bb21639 a5fe58fe1bba4075828081bc80854baa - - default default] Successfully bumped revision number for resource 687c7992-832b-4fe8-b9b6-63d4884b2029 (type: security_group_rules) to 0
2026-05-07 14:32:11.031 7 INFO neutron.db.ovn_revision_numbers_db [None req-b5dc92c5-aff6-4aa9-afe2-6d67ce81efc9 1c3e2505403f4947870444a37bb21639 a5fe58fe1bba4075828081bc80854baa - - default default] Successfully bumped revision number for resource a25b0a23-fdff-4b45-b33b-de8b4cf459c4 (type: security_group_rules) to 0 [pid: 7|app: 0|req: 771/1589] 10.0.0.184 () {32 vars in 774 bytes} [Thu May 7 14:32:10 2026] GET /v2.0/security-groups?tenant_id=cc02df906be54c5aad32e69013d95b1d&name=default => generated 2925 bytes in 368 msecs (HTTP/1.1 200) 4 headers in 158 bytes (1 switches on core 0)
2026-05-07 14:32:11.081 8 WARNING neutron.scheduler.dhcp_agent_scheduler [None req-4d6ed505-3d04-46b5-8e3f-46066fafdd1b da2b3e8fec6d480e84a4e1e32bce53dd ea2bebff3045453e9297f877eea61060 - - default default] No more DHCP agents
2026-05-07 14:32:11.083 8 WARNING neutron.api.rpc.agentnotifiers.dhcp_rpc_agent_api [None req-4d6ed505-3d04-46b5-8e3f-46066fafdd1b da2b3e8fec6d480e84a4e1e32bce53dd ea2bebff3045453e9297f877eea61060 - - default default] Unable to schedule network 2f6b68c1-2791-4586-a5a3-f81cfff9f02c: no agents available; will retry on subsequent port and subnet creation events. [pid: 7|app: 0|req: 772/1590] 10.0.0.184 () {32 vars in 740 bytes} [Thu May 7 14:32:11 2026] DELETE /v2.0/security-groups/62e79bc8-1218-4c8d-a698-bb9a76c44b11 => generated 0 bytes in 159 msecs (HTTP/1.1 204) 2 headers in 112 bytes (1 switches on core 0)
2026-05-07 14:32:11.523 8 INFO neutron.db.ovn_revision_numbers_db [None req-4d6ed505-3d04-46b5-8e3f-46066fafdd1b da2b3e8fec6d480e84a4e1e32bce53dd ea2bebff3045453e9297f877eea61060 - - default default] Successfully bumped revision number for resource 90619748-394c-4535-aef5-c3832857dcc4 (type: router_ports) to 1 [pid: 8|app: 0|req: 819/1591] 10.0.0.184 () {34 vars in 783 bytes} [Thu May 7 14:32:09 2026] PUT /v2.0/routers/1894f0fa-4d94-47cd-835c-4679b955f86f/add_router_interface => generated 310 bytes in 1912 msecs (HTTP/1.1 200) 4 headers in 157 bytes (1 switches on core 0) [pid: 7|app: 0|req: 773/1592] 10.0.0.184 () {32 vars in 717 bytes} [Thu May 7 14:32:11 2026] GET /v2.0/ports/90619748-394c-4535-aef5-c3832857dcc4 => generated 943 bytes in 45 msecs (HTTP/1.1 200) 4 headers in 157 bytes (1 switches on core 0)
2026-05-07 14:32:11.707 8 INFO neutron.db.ovn_revision_numbers_db [None req-3bbfc68c-d619-4d82-bc2f-07c0dda861b0 - - - - - -] Successfully bumped revision number for resource 90619748-394c-4535-aef5-c3832857dcc4 (type: ports) to 2 [pid: 8|app: 0|req: 820/1593] 10.0.0.184 () {32 vars in 717 bytes} [Thu May 7 14:32:11 2026] GET /v2.0/ports/90619748-394c-4535-aef5-c3832857dcc4 => generated 943 bytes in 153 msecs (HTTP/1.1 200) 4 headers in 157 bytes (1 switches on core 0)
2026-05-07 14:32:12.063 7 INFO neutron_taas.services.taas.taas_plugin [None req-59efc703-0dca-48dd-abb1-fd3c63a7111c da2b3e8fec6d480e84a4e1e32bce53dd ea2bebff3045453e9297f877eea61060 - - default default] TaaS: Handle Delete Port: 90619748-394c-4535-aef5-c3832857dcc4
2026-05-07 14:32:12.066 7 INFO neutron_taas.services.taas.tap_mirror_plugin [None req-59efc703-0dca-48dd-abb1-fd3c63a7111c da2b3e8fec6d480e84a4e1e32bce53dd ea2bebff3045453e9297f877eea61060 - - default default] Tap Mirror: Handle Delete Port: 90619748-394c-4535-aef5-c3832857dcc4 [pid: 7|app: 0|req: 774/1594] 10.0.0.184 () {34 vars in 789 bytes} [Thu May 7 14:32:11 2026] PUT /v2.0/routers/1894f0fa-4d94-47cd-835c-4679b955f86f/remove_router_interface => generated 310 bytes in 677 msecs (HTTP/1.1 200) 4 headers in 157 bytes (1 switches on core 0) [pid: 8|app: 0|req: 821/1595] 10.0.0.184 () {32 vars in 717 bytes} [Thu May 7 14:32:12 2026] GET /v2.0/ports/e106ff9b-870f-4a7b-9758-e7d0fe10f4c5 => generated 943 bytes in 54 msecs (HTTP/1.1 200) 4 headers in 157 bytes (1 switches on core 0) /var/lib/openstack/lib/python3.12/site-packages/pycadf/identifier.py:70: UserWarning: Invalid uuid: neutron. To ensure interoperability, identifiers should be a valid uuid. warnings.warn(('Invalid uuid: %s. To ensure interoperability, '
2026-05-07 14:32:12.727 7 INFO neutron_taas.services.taas.taas_plugin [None req-97e41e04-0aa3-4800-b21e-a3d63eb70655 da2b3e8fec6d480e84a4e1e32bce53dd ea2bebff3045453e9297f877eea61060 - - default default] TaaS: Handle Delete Port: e106ff9b-870f-4a7b-9758-e7d0fe10f4c5
2026-05-07 14:32:12.732 7 INFO neutron_taas.services.taas.tap_mirror_plugin [None req-97e41e04-0aa3-4800-b21e-a3d63eb70655 da2b3e8fec6d480e84a4e1e32bce53dd ea2bebff3045453e9297f877eea61060 - - default default] Tap Mirror: Handle Delete Port: e106ff9b-870f-4a7b-9758-e7d0fe10f4c5 [pid: 7|app: 0|req: 775/1596] 10.0.0.184 () {34 vars in 789 bytes} [Thu May 7 14:32:12 2026] PUT /v2.0/routers/1894f0fa-4d94-47cd-835c-4679b955f86f/remove_router_interface => generated 310 bytes in 594 msecs (HTTP/1.1 200) 4 headers in 157 bytes (1 switches on core 0) [pid: 8|app: 0|req: 822/1597] 10.0.0.184 () {32 vars in 736 bytes} [Thu May 7 14:32:13 2026] GET /v2.0/ports?device_id=1894f0fa-4d94-47cd-835c-4679b955f86f => generated 12 bytes in 25 msecs (HTTP/1.1 200) 4 headers in 156 bytes (1 switches on core 0) /var/lib/openstack/lib/python3.12/site-packages/pycadf/identifier.py:70: UserWarning: Invalid uuid: neutron. To ensure interoperability, identifiers should be a valid uuid. warnings.warn(('Invalid uuid: %s. To ensure interoperability, ' [pid: 7|app: 0|req: 776/1598] 10.0.0.184 () {32 vars in 724 bytes} [Thu May 7 14:32:13 2026] DELETE /v2.0/routers/1894f0fa-4d94-47cd-835c-4679b955f86f => generated 0 bytes in 714 msecs (HTTP/1.1 204) 2 headers in 112 bytes (1 switches on core 0)
2026-05-07 14:32:13.890 8 WARNING neutron.db.securitygroups_db [None req-8689f9b5-3a47-4618-86f0-717aa92f9544 1c3e2505403f4947870444a37bb21639 a5fe58fe1bba4075828081bc80854baa - - default default] project_id key not found in filters, using tenant_id instead. This support has been deprecated and will be removed in a future release. [pid: 7|app: 0|req: 777/1599] 10.0.0.184 () {32 vars in 724 bytes} [Thu May 7 14:32:13 2026] DELETE /v2.0/subnets/9f6fc642-07af-4038-aeba-9d562dcbb290 => generated 0 bytes in 165 msecs (HTTP/1.1 204) 3 headers in 131 bytes (1 switches on core 0)
2026-05-07 14:32:14.021 8 INFO neutron.db.ovn_revision_numbers_db [None req-8689f9b5-3a47-4618-86f0-717aa92f9544 1c3e2505403f4947870444a37bb21639 a5fe58fe1bba4075828081bc80854baa - - default default] Successfully bumped revision number for resource 89884412-b836-4fac-8297-8e94be1c50c7 (type: security_groups) to 1
2026-05-07 14:32:14.034 8 INFO neutron.db.ovn_revision_numbers_db [None req-8689f9b5-3a47-4618-86f0-717aa92f9544 1c3e2505403f4947870444a37bb21639 a5fe58fe1bba4075828081bc80854baa - - default default] Successfully bumped revision number for resource 18bdb49e-70e9-4f95-aaac-fc8c48bb5825 (type: security_group_rules) to 0
2026-05-07 14:32:14.044 8 INFO neutron.db.ovn_revision_numbers_db [None req-8689f9b5-3a47-4618-86f0-717aa92f9544 1c3e2505403f4947870444a37bb21639 a5fe58fe1bba4075828081bc80854baa - - default default] Successfully bumped revision number for resource 2580bcd9-24ac-4f39-9638-9eff42ff4f4d (type: security_group_rules) to 0
2026-05-07 14:32:14.054 8 INFO neutron.db.ovn_revision_numbers_db [None req-8689f9b5-3a47-4618-86f0-717aa92f9544 1c3e2505403f4947870444a37bb21639 a5fe58fe1bba4075828081bc80854baa - - default default] Successfully bumped revision number for resource 77091985-64a7-4ca1-98db-a192e020a698 (type: security_group_rules) to 0
2026-05-07 14:32:14.063 8 INFO neutron.db.ovn_revision_numbers_db [None req-8689f9b5-3a47-4618-86f0-717aa92f9544 1c3e2505403f4947870444a37bb21639 a5fe58fe1bba4075828081bc80854baa - - default default] Successfully bumped revision number for resource 9511fe56-d82e-4373-a579-578d1b29595d (type: security_group_rules) to 0 [pid: 8|app: 0|req: 823/1600] 10.0.0.184 () {32 vars in 774 bytes} [Thu May 7 14:32:13 2026] GET /v2.0/security-groups?tenant_id=326333ab6746411c98917d6eddf3b181&name=default => generated 2925 bytes in 435 msecs (HTTP/1.1 200) 4 headers in 158 bytes (1 switches on core 0) [pid: 7|app: 0|req: 778/1601] 10.0.0.184 () {32 vars in 724 bytes} [Thu May 7 14:32:14 2026] DELETE /v2.0/subnets/da3067be-b1fd-49d9-889e-7354bacf77e7 => generated 0 bytes in 160 msecs (HTTP/1.1 204) 3 headers in 131 bytes (1 switches on core 0)
2026-05-07 14:32:14.176 8 WARNING neutron.db.securitygroups_db [None req-bbdc78b7-5684-47d3-b7fb-bd2414ea84c9 1c3e2505403f4947870444a37bb21639 a5fe58fe1bba4075828081bc80854baa - - default default] project_id key not found in filters, using tenant_id instead. This support has been deprecated and will be removed in a future release.
2026-05-07 14:32:14.287 8 INFO neutron.db.ovn_revision_numbers_db [None req-bbdc78b7-5684-47d3-b7fb-bd2414ea84c9 1c3e2505403f4947870444a37bb21639 a5fe58fe1bba4075828081bc80854baa - - default default] Successfully bumped revision number for resource 148c64c5-b669-4ac0-a1a2-705d7b7d9e1b (type: security_groups) to 1
2026-05-07 14:32:14.299 8 INFO neutron.db.ovn_revision_numbers_db [None req-bbdc78b7-5684-47d3-b7fb-bd2414ea84c9 1c3e2505403f4947870444a37bb21639 a5fe58fe1bba4075828081bc80854baa - - default default] Successfully bumped revision number for resource 0b7f005b-6f1b-4392-9a06-2ada00ad62be (type: security_group_rules) to 0
2026-05-07 14:32:14.316 8 INFO neutron.db.ovn_revision_numbers_db [None req-bbdc78b7-5684-47d3-b7fb-bd2414ea84c9 1c3e2505403f4947870444a37bb21639 a5fe58fe1bba4075828081bc80854baa - - default default] Successfully bumped revision number for resource 0d39d3d7-d506-4bae-99eb-ec6bc7765fed (type: security_group_rules) to 0
2026-05-07 14:32:14.327 8 INFO neutron.db.ovn_revision_numbers_db [None req-bbdc78b7-5684-47d3-b7fb-bd2414ea84c9 1c3e2505403f4947870444a37bb21639 a5fe58fe1bba4075828081bc80854baa - - default default] Successfully bumped revision number for resource a1f79090-5fd8-409e-a7a5-8965768a82a3 (type: security_group_rules) to 0 [pid: 7|app: 0|req: 779/1602] 10.0.0.184 () {32 vars in 740 bytes} [Thu May 7 14:32:14 2026] DELETE /v2.0/security-groups/89884412-b836-4fac-8297-8e94be1c50c7 => generated 0 bytes in 179 msecs (HTTP/1.1 204) 2 headers in 112 bytes (1 switches on core 0)
2026-05-07 14:32:14.342 8 INFO neutron.db.ovn_revision_numbers_db [None req-bbdc78b7-5684-47d3-b7fb-bd2414ea84c9 1c3e2505403f4947870444a37bb21639 a5fe58fe1bba4075828081bc80854baa - - default default] Successfully bumped revision number for resource d033203d-fd68-448f-a1a7-c13b8a742729 (type: security_group_rules) to 0 [pid: 8|app: 0|req: 824/1603] 10.0.0.184 () {32 vars in 774 bytes} [Thu May 7 14:32:14 2026] GET /v2.0/security-groups?tenant_id=ed487c70c7b64d4498292415642901a2&name=default => generated 2925 bytes in 282 msecs (HTTP/1.1 200) 4 headers in 158 bytes (1 switches on core 0)
2026-05-07 14:32:14.461 7 INFO neutron_taas.services.taas.taas_plugin [None req-5e45f47d-5b2b-4f6e-9bdd-13085174b0c2 da2b3e8fec6d480e84a4e1e32bce53dd ea2bebff3045453e9297f877eea61060 - - default default] TaaS: Handle Delete Port: c94fb562-bb73-459b-85b9-6c27a49f1a8f
2026-05-07 14:32:14.464 7 INFO neutron_taas.services.taas.tap_mirror_plugin [None req-5e45f47d-5b2b-4f6e-9bdd-13085174b0c2 da2b3e8fec6d480e84a4e1e32bce53dd ea2bebff3045453e9297f877eea61060 - - default default] Tap Mirror: Handle Delete Port: c94fb562-bb73-459b-85b9-6c27a49f1a8f [pid: 8|app: 0|req: 825/1604] 10.0.0.184 () {32 vars in 740 bytes} [Thu May 7 14:32:14 2026] DELETE /v2.0/security-groups/148c64c5-b669-4ac0-a1a2-705d7b7d9e1b => generated 0 bytes in 164 msecs (HTTP/1.1 204) 2 headers in 112 bytes (1 switches on core 0)
2026-05-07 14:32:14.642 7 INFO neutron.services.segments.plugin [-] Segment 05e4a605-30dd-4052-b9b5-e4a1377e790a resource provider aggregate not found
2026-05-07 14:32:14.646 7 INFO neutron.services.segments.plugin [-] Segment 05e4a605-30dd-4052-b9b5-e4a1377e790a resource provider aggregate not found
2026-05-07 14:32:14.662 7 INFO neutron.services.segments.plugin [-] Segment 05e4a605-30dd-4052-b9b5-e4a1377e790a resource provider not found; error: Placement Client Error (4xx): {"errors": [{"status": 404, "title": "Not Found", "detail": "The resource could not be found.\n\n No resource provider with uuid 05e4a605-30dd-4052-b9b5-e4a1377e790a found for delete ", "request_id": "req-8792f015-fba1-44ba-b744-e9d9a6bc176b"}]}
2026-05-07 14:32:14.669 7 INFO neutron.services.segments.plugin [-] Segment 05e4a605-30dd-4052-b9b5-e4a1377e790a resource provider not found; error: Placement Client Error (4xx): {"errors": [{"status": 404, "title": "Not Found", "detail": "The resource could not be found.\n\n No resource provider with uuid 05e4a605-30dd-4052-b9b5-e4a1377e790a found for delete ", "request_id": "req-6553f3e3-a94f-455f-aadb-f79e2150e0e0"}]} [pid: 7|app: 0|req: 780/1605] 10.0.0.184 () {32 vars in 726 bytes} [Thu May 7 14:32:14 2026] DELETE /v2.0/networks/2f6b68c1-2791-4586-a5a3-f81cfff9f02c => generated 0 bytes in 350 msecs (HTTP/1.1 204) 3 headers in 131 bytes (1 switches on core 0)
2026-05-07 14:32:14.729 7 WARNING neutron.db.securitygroups_db [None req-0f2e0ab1-2bd7-4aa9-ab15-5d9e6d087261 1c3e2505403f4947870444a37bb21639 a5fe58fe1bba4075828081bc80854baa - - default default] project_id key not found in filters, using tenant_id instead. This support has been deprecated and will be removed in a future release.
2026-05-07 14:32:14.822 8 INFO neutron_taas.services.taas.taas_plugin [None req-d463cc22-027e-48b0-bb83-d568a5aff46f da2b3e8fec6d480e84a4e1e32bce53dd ea2bebff3045453e9297f877eea61060 - - default default] TaaS: Handle Delete Port: 76422bee-aa58-46a4-a630-26a252fee03b
2026-05-07 14:32:14.825 8 INFO neutron_taas.services.taas.tap_mirror_plugin [None req-d463cc22-027e-48b0-bb83-d568a5aff46f da2b3e8fec6d480e84a4e1e32bce53dd ea2bebff3045453e9297f877eea61060 - - default default] Tap Mirror: Handle Delete Port: 76422bee-aa58-46a4-a630-26a252fee03b
2026-05-07 14:32:14.857 7 INFO neutron.db.ovn_revision_numbers_db [None req-0f2e0ab1-2bd7-4aa9-ab15-5d9e6d087261 1c3e2505403f4947870444a37bb21639 a5fe58fe1bba4075828081bc80854baa - - default default] Successfully bumped revision number for resource aa646e93-ab8a-4c3b-9e00-bd57d535b01b (type: security_groups) to 1
2026-05-07 14:32:14.867 7 INFO neutron.db.ovn_revision_numbers_db [None req-0f2e0ab1-2bd7-4aa9-ab15-5d9e6d087261 1c3e2505403f4947870444a37bb21639 a5fe58fe1bba4075828081bc80854baa - - default default] Successfully bumped revision number for resource 140c9b09-4c7d-475e-ad24-15ada5b51d87 (type: security_group_rules) to 0
2026-05-07 14:32:14.877 7 INFO neutron.db.ovn_revision_numbers_db [None req-0f2e0ab1-2bd7-4aa9-ab15-5d9e6d087261 1c3e2505403f4947870444a37bb21639 a5fe58fe1bba4075828081bc80854baa - - default default] Successfully bumped revision number for resource 343335fa-612a-4226-8518-2a7b994fa277 (type: security_group_rules) to 0
2026-05-07 14:32:14.888 7 INFO neutron.db.ovn_revision_numbers_db [None req-0f2e0ab1-2bd7-4aa9-ab15-5d9e6d087261 1c3e2505403f4947870444a37bb21639 a5fe58fe1bba4075828081bc80854baa - - default default] Successfully bumped revision number for resource 53ab20d0-ff82-4b75-9633-c10d614efc86 (type: security_group_rules) to 0
2026-05-07 14:32:14.899 7 INFO neutron.db.ovn_revision_numbers_db [None req-0f2e0ab1-2bd7-4aa9-ab15-5d9e6d087261 1c3e2505403f4947870444a37bb21639 a5fe58fe1bba4075828081bc80854baa - - default default] Successfully bumped revision number for resource 960bb32b-ca98-47f8-abbc-537a1e24aa5b (type: security_group_rules) to 0 [pid: 7|app: 0|req: 781/1606] 10.0.0.184 () {32 vars in 774 bytes} [Thu May 7 14:32:14 2026] GET /v2.0/security-groups?tenant_id=3d1f18b2241340668f76bcacdf24be5e&name=default => generated 2925 bytes in 232 msecs (HTTP/1.1 200) 4 headers in 158 bytes (1 switches on core 0)
2026-05-07 14:32:15.070 8 INFO neutron.services.segments.plugin [-] Segment e81e4052-dbc9-4883-a797-76db5aafbbd5 resource provider aggregate not found
2026-05-07 14:32:15.075 8 INFO neutron.services.segments.plugin [-] Segment e81e4052-dbc9-4883-a797-76db5aafbbd5 resource provider aggregate not found
2026-05-07 14:32:15.098 8 INFO neutron.services.segments.plugin [-] Segment e81e4052-dbc9-4883-a797-76db5aafbbd5 resource provider not found; error: Placement Client Error (4xx): {"errors": [{"status": 404, "title": "Not Found", "detail": "The resource could not be found.\n\n No resource provider with uuid e81e4052-dbc9-4883-a797-76db5aafbbd5 found for delete ", "request_id": "req-995f4fd8-db69-4ba4-b907-4b1ae2877ea8"}]}
2026-05-07 14:32:15.102 8 INFO neutron.services.segments.plugin [-] Segment e81e4052-dbc9-4883-a797-76db5aafbbd5 resource provider not found; error: Placement Client Error (4xx): {"errors": [{"status": 404, "title": "Not Found", "detail": "The resource could not be found.\n\n No resource provider with uuid e81e4052-dbc9-4883-a797-76db5aafbbd5 found for delete ", "request_id": "req-328788b5-df26-4379-9984-5dffd0348450"}]} [pid: 8|app: 0|req: 826/1607] 10.0.0.184 () {32 vars in 726 bytes} [Thu May 7 14:32:14 2026] DELETE /v2.0/networks/d4858f33-588c-4fc4-b70d-b3a2f5e3033f => generated 0 bytes in 424 msecs (HTTP/1.1 204) 3 headers in 131 bytes (1 switches on core 0) [pid: 7|app: 0|req: 782/1608] 10.0.0.184 () {32 vars in 740 bytes} [Thu May 7 14:32:14 2026] DELETE /v2.0/security-groups/aa646e93-ab8a-4c3b-9e00-bd57d535b01b => generated 0 bytes in 186 msecs (HTTP/1.1 204) 2 headers in 112 bytes (1 switches on core 0)
2026-05-07 14:32:15.234 8 INFO neutron.db.segments_db [None req-925c6390-ba8c-46ff-8e7f-da6206e498e4 da2b3e8fec6d480e84a4e1e32bce53dd ea2bebff3045453e9297f877eea61060 - - default default] Added segment f1e46634-fa4c-4d33-a5c0-0571a7f10949 of type geneve for network 81c469ea-e2e1-4abd-bd4d-59fe8de421a9
2026-05-07 14:32:15.294 7 WARNING neutron.plugins.ml2.drivers.ovn.mech_driver.ovsdb.ovn_client [None req-1a0eb719-42d6-4cf4-b17b-7339585d2256 - - - - - -] No port found with ID e106ff9b-870f-4a7b-9758-e7d0fe10f4c5: RuntimeError: No port found with ID e106ff9b-870f-4a7b-9758-e7d0fe10f4c5
2026-05-07 14:32:15.358 8 INFO neutron.db.ovn_revision_numbers_db [None req-925c6390-ba8c-46ff-8e7f-da6206e498e4 da2b3e8fec6d480e84a4e1e32bce53dd ea2bebff3045453e9297f877eea61060 - - default default] Successfully bumped revision number for resource 81c469ea-e2e1-4abd-bd4d-59fe8de421a9 (type: networks) to 1
2026-05-07 14:32:15.547 8 WARNING neutron.scheduler.dhcp_agent_scheduler [None req-925c6390-ba8c-46ff-8e7f-da6206e498e4 da2b3e8fec6d480e84a4e1e32bce53dd ea2bebff3045453e9297f877eea61060 - - default default] No more DHCP agents
2026-05-07 14:32:15.549 8 WARNING neutron.api.rpc.agentnotifiers.dhcp_rpc_agent_api [None req-925c6390-ba8c-46ff-8e7f-da6206e498e4 da2b3e8fec6d480e84a4e1e32bce53dd ea2bebff3045453e9297f877eea61060 - - default default] Unable to schedule network 81c469ea-e2e1-4abd-bd4d-59fe8de421a9: no agents available; will retry on subsequent port and subnet creation events.
2026-05-07 14:32:15.632 8 INFO neutron.db.ovn_revision_numbers_db [None req-925c6390-ba8c-46ff-8e7f-da6206e498e4 da2b3e8fec6d480e84a4e1e32bce53dd ea2bebff3045453e9297f877eea61060 - - default default] Successfully bumped revision number for resource eaf556aa-71b7-4d18-a926-1a627cafdbf8 (type: ports) to 1 [pid: 8|app: 0|req: 827/1609] 10.0.0.184 () {34 vars in 670 bytes} [Thu May 7 14:32:15 2026] POST /v2.0/networks => generated 667 bytes in 528 msecs (HTTP/1.1 201) 4 headers in 162 bytes (1 switches on core 0)
2026-05-07 14:32:15.857 7 WARNING neutron.scheduler.dhcp_agent_scheduler [None req-74d2751b-e9bd-4d5c-b986-09a15beb3f52 da2b3e8fec6d480e84a4e1e32bce53dd ea2bebff3045453e9297f877eea61060 - - default default] No more DHCP agents
2026-05-07 14:32:15.859 7 WARNING neutron.api.rpc.agentnotifiers.dhcp_rpc_agent_api [None req-74d2751b-e9bd-4d5c-b986-09a15beb3f52 da2b3e8fec6d480e84a4e1e32bce53dd ea2bebff3045453e9297f877eea61060 - - default default] Unable to schedule network 81c469ea-e2e1-4abd-bd4d-59fe8de421a9: no agents available; will retry on subsequent port and subnet creation events.
2026-05-07 14:32:16.265 8 WARNING neutron.plugins.ml2.drivers.ovn.mech_driver.ovsdb.ovn_client [None req-bbb5e2db-6001-45bb-a4a8-b6ab5ab2be3d - - - - - -] No port found with ID 90619748-394c-4535-aef5-c3832857dcc4: RuntimeError: No port found with ID 90619748-394c-4535-aef5-c3832857dcc4
2026-05-07 14:32:16.321 8 INFO neutron.plugins.ml2.drivers.ovn.mech_driver.mech_driver [None req-bbb5e2db-6001-45bb-a4a8-b6ab5ab2be3d - - - - - -] OVN reports status down for port: eaf556aa-71b7-4d18-a926-1a627cafdbf8
2026-05-07 14:32:16.347 7 INFO neutron.db.ovn_revision_numbers_db [None req-74d2751b-e9bd-4d5c-b986-09a15beb3f52 da2b3e8fec6d480e84a4e1e32bce53dd ea2bebff3045453e9297f877eea61060 - - default default] Successfully bumped revision number for resource eaf556aa-71b7-4d18-a926-1a627cafdbf8 (type: ports) to 2 [pid: 8|app: 0|req: 828/1610] 10.0.0.184 () {34 vars in 676 bytes} [Thu May 7 14:32:16 2026] POST /v2.0/subnetpools => generated 547 bytes in 284 msecs (HTTP/1.1 201) 4 headers in 162 bytes (1 switches on core 0)
2026-05-07 14:32:16.374 7 INFO neutron.db.ovn_revision_numbers_db [None req-74d2751b-e9bd-4d5c-b986-09a15beb3f52 da2b3e8fec6d480e84a4e1e32bce53dd ea2bebff3045453e9297f877eea61060 - - default default] Successfully bumped revision number for resource f94a779f-b7f8-4773-aa2f-3fbba8b0ce51 (type: subnets) to 0 [pid: 7|app: 0|req: 783/1611] 10.0.0.184 () {34 vars in 669 bytes} [Thu May 7 14:32:15 2026] POST /v2.0/subnets => generated 626 bytes in 729 msecs (HTTP/1.1 201) 4 headers in 162 bytes (1 switches on core 0) [pid: 8|app: 0|req: 829/1612] 10.0.0.184 () {32 vars in 729 bytes} [Thu May 7 14:32:16 2026] GET /v2.0/subnetpools/39e1f5d3-b9fe-472c-b718-ae0d9e2e2f26 => generated 547 bytes in 42 msecs (HTTP/1.1 200) 4 headers in 157 bytes (1 switches on core 0) [pid: 8|app: 0|req: 830/1613] 10.0.0.184 () {34 vars in 749 bytes} [Thu May 7 14:32:16 2026] PUT /v2.0/subnetpools/39e1f5d3-b9fe-472c-b718-ae0d9e2e2f26 => generated 501 bytes in 73 msecs (HTTP/1.1 200) 4 headers in 157 bytes (1 switches on core 0)
2026-05-07 14:32:16.502 7 INFO neutron.db.ovn_revision_numbers_db [None req-95cddf2b-2386-4dc0-9720-88e8bcdf42f2 da2b3e8fec6d480e84a4e1e32bce53dd ea2bebff3045453e9297f877eea61060 - - default default] Successfully bumped revision number for resource 9884c419-83c6-4447-a969-8016acf786b6 (type: routers) to 1 [pid: 7|app: 0|req: 784/1614] 10.0.0.184 () {34 vars in 669 bytes} [Thu May 7 14:32:16 2026] POST /v2.0/routers => generated 623 bytes in 121 msecs (HTTP/1.1 201) 4 headers in 162 bytes (1 switches on core 0) [pid: 8|app: 0|req: 831/1615] 10.0.0.184 () {32 vars in 732 bytes} [Thu May 7 14:32:16 2026] DELETE /v2.0/subnetpools/39e1f5d3-b9fe-472c-b718-ae0d9e2e2f26 => generated 0 bytes in 52 msecs (HTTP/1.1 204) 2 headers in 112 bytes (1 switches on core 0)
2026-05-07 14:32:16.565 8 INFO neutron.api.v2.resource [None req-0d342ec1-fcba-41d1-a95a-f296533c9671 73bc160216134b68a4addf9a94d5d5b2 299a8f95e6a442448c7217a16b79f889 - - default default] show failed (client error): The resource could not be found. [pid: 8|app: 0|req: 832/1616] 10.0.0.184 () {32 vars in 729 bytes} [Thu May 7 14:32:16 2026] GET /v2.0/subnetpools/39e1f5d3-b9fe-472c-b718-ae0d9e2e2f26 => generated 145 bytes in 15 msecs (HTTP/1.1 404) 4 headers in 164 bytes (1 switches on core 0)
2026-05-07 14:32:16.582 8 INFO neutron.api.v2.resource [None req-a8a7d2a2-d130-4f22-b120-5473b28b0ba7 73bc160216134b68a4addf9a94d5d5b2 299a8f95e6a442448c7217a16b79f889 - - default default] delete failed (client error): The resource could not be found. [pid: 8|app: 0|req: 833/1617] 10.0.0.184 () {32 vars in 732 bytes} [Thu May 7 14:32:16 2026] DELETE /v2.0/subnetpools/39e1f5d3-b9fe-472c-b718-ae0d9e2e2f26 => generated 145 bytes in 11 msecs (HTTP/1.1 404) 4 headers in 164 bytes (1 switches on core 0)
2026-05-07 14:32:16.810 7 WARNING neutron.scheduler.dhcp_agent_scheduler [None req-bc8d7115-c32c-4226-8863-50b90923575a da2b3e8fec6d480e84a4e1e32bce53dd ea2bebff3045453e9297f877eea61060 - - default default] No more DHCP agents
2026-05-07 14:32:16.812 7 WARNING neutron.api.rpc.agentnotifiers.dhcp_rpc_agent_api [None req-bc8d7115-c32c-4226-8863-50b90923575a da2b3e8fec6d480e84a4e1e32bce53dd ea2bebff3045453e9297f877eea61060 - - default default] Unable to schedule network 81c469ea-e2e1-4abd-bd4d-59fe8de421a9: no agents available; will retry on subsequent port and subnet creation events.
2026-05-07 14:32:16.929 7 INFO neutron.plugins.ml2.drivers.ovn.mech_driver.mech_driver [None req-1a0eb719-42d6-4cf4-b17b-7339585d2256 - - - - - -] OVN reports status down for port: 3570a138-e2db-460d-9e11-092c94ff61c8
2026-05-07 14:32:16.992 7 INFO neutron.db.ovn_revision_numbers_db [None req-bc8d7115-c32c-4226-8863-50b90923575a da2b3e8fec6d480e84a4e1e32bce53dd ea2bebff3045453e9297f877eea61060 - - default default] Successfully bumped revision number for resource 3570a138-e2db-460d-9e11-092c94ff61c8 (type: ports) to 1 [pid: 7|app: 0|req: 785/1618] 10.0.0.184 () {34 vars in 665 bytes} [Thu May 7 14:32:16 2026] POST /v2.0/ports => generated 948 bytes in 504 msecs (HTTP/1.1 201) 4 headers in 162 bytes (1 switches on core 0) /var/lib/openstack/lib/python3.12/site-packages/pycadf/identifier.py:70: UserWarning: Invalid uuid: neutron. To ensure interoperability, identifiers should be a valid uuid. warnings.warn(('Invalid uuid: %s. To ensure interoperability, '
2026-05-07 14:32:17.276 7 WARNING neutron.db.securitygroups_db [None req-01e2812e-0929-4788-8278-2c72437aefd6 1c3e2505403f4947870444a37bb21639 a5fe58fe1bba4075828081bc80854baa - - default default] project_id key not found in filters, using tenant_id instead. This support has been deprecated and will be removed in a future release.
2026-05-07 14:32:17.409 7 INFO neutron.db.ovn_revision_numbers_db [None req-01e2812e-0929-4788-8278-2c72437aefd6 1c3e2505403f4947870444a37bb21639 a5fe58fe1bba4075828081bc80854baa - - default default] Successfully bumped revision number for resource 336bb62f-7ff0-4063-9514-8bdd70a20947 (type: security_groups) to 1
2026-05-07 14:32:17.421 7 INFO neutron.db.ovn_revision_numbers_db [None req-01e2812e-0929-4788-8278-2c72437aefd6 1c3e2505403f4947870444a37bb21639 a5fe58fe1bba4075828081bc80854baa - - default default] Successfully bumped revision number for resource 2905132a-00ad-4889-988a-01c60d17a50b (type: security_group_rules) to 0
2026-05-07 14:32:17.434 7 INFO neutron.db.ovn_revision_numbers_db [None req-01e2812e-0929-4788-8278-2c72437aefd6 1c3e2505403f4947870444a37bb21639 a5fe58fe1bba4075828081bc80854baa - - default default] Successfully bumped revision number for resource 7ed3f9e8-f8a6-4605-86ed-56115108e2ee (type: security_group_rules) to 0
2026-05-07 14:32:17.444 7 INFO neutron.db.ovn_revision_numbers_db [None req-01e2812e-0929-4788-8278-2c72437aefd6 1c3e2505403f4947870444a37bb21639 a5fe58fe1bba4075828081bc80854baa - - default default] Successfully bumped revision number for resource 88dc718c-434e-4b7f-8f0c-23191b5d8fe7 (type: security_group_rules) to 0
2026-05-07 14:32:17.456 7 INFO neutron.db.ovn_revision_numbers_db [None req-01e2812e-0929-4788-8278-2c72437aefd6 1c3e2505403f4947870444a37bb21639 a5fe58fe1bba4075828081bc80854baa - - default default] Successfully bumped revision number for resource d7a9eba4-2e2f-4726-9709-45d792c72655 (type: security_group_rules) to 0 [pid: 7|app: 0|req: 786/1619] 10.0.0.184 () {32 vars in 774 bytes} [Thu May 7 14:32:17 2026] GET /v2.0/security-groups?tenant_id=299a8f95e6a442448c7217a16b79f889&name=default => generated 2925 bytes in 389 msecs (HTTP/1.1 200) 4 headers in 158 bytes (1 switches on core 0)
2026-05-07 14:32:17.593 8 INFO neutron.db.ovn_revision_numbers_db [None req-3b120808-dafa-4c1c-80c1-04e383798ffa da2b3e8fec6d480e84a4e1e32bce53dd ea2bebff3045453e9297f877eea61060 - - default default] Successfully bumped revision number for resource 3570a138-e2db-460d-9e11-092c94ff61c8 (type: ports) to 2
2026-05-07 14:32:17.597 7 INFO neutron.plugins.ml2.drivers.ovn.mech_driver.mech_driver [None req-1a0eb719-42d6-4cf4-b17b-7339585d2256 - - - - - -] OVN reports status up for port: 3570a138-e2db-460d-9e11-092c94ff61c8
2026-05-07 14:32:17.624 7 INFO neutron.plugins.ml2.plugin [None req-1a0eb719-42d6-4cf4-b17b-7339585d2256 - - - - - -] Attempt 1 to provision port 3570a138-e2db-460d-9e11-092c94ff61c8 [pid: 7|app: 0|req: 789/1622] 10.0.0.184 () {32 vars in 740 bytes} [Thu May 7 14:32:17 2026] DELETE /v2.0/security-groups/336bb62f-7ff0-4063-9514-8bdd70a20947 => generated 0 bytes in 335 msecs (HTTP/1.1 204) 2 headers in 112 bytes (1 switches on core 0)
2026-05-07 14:32:18.021 7 INFO neutron.db.ovn_revision_numbers_db [None req-1a0eb719-42d6-4cf4-b17b-7339585d2256 - - - - - -] Successfully bumped revision number for resource 3570a138-e2db-460d-9e11-092c94ff61c8 (type: ports) to 3
2026-05-07 14:32:18.802 8 WARNING neutron.scheduler.dhcp_agent_scheduler [None req-3b120808-dafa-4c1c-80c1-04e383798ffa da2b3e8fec6d480e84a4e1e32bce53dd ea2bebff3045453e9297f877eea61060 - - default default] No more DHCP agents
2026-05-07 14:32:18.803 8 WARNING neutron.api.rpc.agentnotifiers.dhcp_rpc_agent_api [None req-3b120808-dafa-4c1c-80c1-04e383798ffa da2b3e8fec6d480e84a4e1e32bce53dd ea2bebff3045453e9297f877eea61060 - - default default] Unable to schedule network 81c469ea-e2e1-4abd-bd4d-59fe8de421a9: no agents available; will retry on subsequent port and subnet creation events.
2026-05-07 14:32:18.967 8 INFO neutron.db.ovn_revision_numbers_db [None req-3b120808-dafa-4c1c-80c1-04e383798ffa da2b3e8fec6d480e84a4e1e32bce53dd ea2bebff3045453e9297f877eea61060 - - default default] Successfully bumped revision number for resource 3570a138-e2db-460d-9e11-092c94ff61c8 (type: router_ports) to 3 [pid: 8|app: 0|req: 834/1623] 10.0.0.184 () {34 vars in 783 bytes} [Thu May 7 14:32:17 2026] PUT /v2.0/routers/9884c419-83c6-4447-a969-8016acf786b6/add_router_interface => generated 310 bytes in 1937 msecs (HTTP/1.1 200) 4 headers in 157 bytes (1 switches on core 0) /var/lib/openstack/lib/python3.12/site-packages/pycadf/identifier.py:70: UserWarning: Invalid uuid: neutron. To ensure interoperability, identifiers should be a valid uuid. warnings.warn(('Invalid uuid: %s. To ensure interoperability, ' [pid: 8|app: 0|req: 835/1624] 10.0.0.184 () {32 vars in 717 bytes} [Thu May 7 14:32:18 2026] GET /v2.0/ports/3570a138-e2db-460d-9e11-092c94ff61c8 => generated 1010 bytes in 62 msecs (HTTP/1.1 200) 4 headers in 158 bytes (1 switches on core 0) /var/lib/openstack/lib/python3.12/site-packages/pycadf/identifier.py:70: UserWarning: Invalid uuid: neutron. To ensure interoperability, identifiers should be a valid uuid. warnings.warn(('Invalid uuid: %s. To ensure interoperability, '
2026-05-07 14:32:19.102 7 WARNING neutron.db.securitygroups_db [None req-2203f78f-4a7c-414e-81fb-0f82c9d39eea 1c3e2505403f4947870444a37bb21639 a5fe58fe1bba4075828081bc80854baa - - default default] project_id key not found in filters, using tenant_id instead. This support has been deprecated and will be removed in a future release.
2026-05-07 14:32:19.209 7 INFO neutron.db.ovn_revision_numbers_db [None req-2203f78f-4a7c-414e-81fb-0f82c9d39eea 1c3e2505403f4947870444a37bb21639 a5fe58fe1bba4075828081bc80854baa - - default default] Successfully bumped revision number for resource 60e5eb81-378d-4aa6-986b-18086b0a39c2 (type: security_groups) to 1
2026-05-07 14:32:19.221 7 INFO neutron.db.ovn_revision_numbers_db [None req-2203f78f-4a7c-414e-81fb-0f82c9d39eea 1c3e2505403f4947870444a37bb21639 a5fe58fe1bba4075828081bc80854baa - - default default] Successfully bumped revision number for resource 2f296460-0203-4ae1-b0a1-90f58e7e99a7 (type: security_group_rules) to 0
2026-05-07 14:32:19.230 7 INFO neutron.db.ovn_revision_numbers_db [None req-2203f78f-4a7c-414e-81fb-0f82c9d39eea 1c3e2505403f4947870444a37bb21639 a5fe58fe1bba4075828081bc80854baa - - default default] Successfully bumped revision number for resource 8cee4290-8f54-4ead-9edf-04f2d01f14bc (type: security_group_rules) to 0
2026-05-07 14:32:19.240 7 INFO neutron.db.ovn_revision_numbers_db [None req-2203f78f-4a7c-414e-81fb-0f82c9d39eea 1c3e2505403f4947870444a37bb21639 a5fe58fe1bba4075828081bc80854baa - - default default] Successfully bumped revision number for resource cf682dfb-bf7e-47bf-9ae4-114cca62d340 (type: security_group_rules) to 0
2026-05-07 14:32:19.251 7 INFO neutron.db.ovn_revision_numbers_db [None req-2203f78f-4a7c-414e-81fb-0f82c9d39eea 1c3e2505403f4947870444a37bb21639 a5fe58fe1bba4075828081bc80854baa - - default default] Successfully bumped revision number for resource e03756cd-5224-48cb-92af-bc25b9308aa4 (type: security_group_rules) to 0 [pid: 7|app: 0|req: 790/1625] 10.0.0.184 () {32 vars in 774 bytes} [Thu May 7 14:32:18 2026] GET /v2.0/security-groups?tenant_id=3d7aba7356ca4d25bcf927177eb57c1e&name=default => generated 2925 bytes in 375 msecs (HTTP/1.1 200) 4 headers in 158 bytes (1 switches on core 0) [pid: 7|app: 0|req: 791/1626] 10.0.0.184 () {32 vars in 740 bytes} [Thu May 7 14:32:19 2026] DELETE /v2.0/security-groups/60e5eb81-378d-4aa6-986b-18086b0a39c2 => generated 0 bytes in 169 msecs (HTTP/1.1 204) 2 headers in 112 bytes (1 switches on core 0)
2026-05-07 14:32:19.726 7 WARNING neutron.db.securitygroups_db [None req-ba11925a-ccc0-411c-8f8e-6968c2d4fa0e 1c3e2505403f4947870444a37bb21639 a5fe58fe1bba4075828081bc80854baa - - default default] project_id key not found in filters, using tenant_id instead. This support has been deprecated and will be removed in a future release.
2026-05-07 14:32:19.843 7 INFO neutron.db.ovn_revision_numbers_db [None req-ba11925a-ccc0-411c-8f8e-6968c2d4fa0e 1c3e2505403f4947870444a37bb21639 a5fe58fe1bba4075828081bc80854baa - - default default] Successfully bumped revision number for resource b649dad9-2698-4e1f-8b7f-9327851b9ed6 (type: security_groups) to 1
2026-05-07 14:32:19.855 7 INFO neutron.db.ovn_revision_numbers_db [None req-ba11925a-ccc0-411c-8f8e-6968c2d4fa0e 1c3e2505403f4947870444a37bb21639 a5fe58fe1bba4075828081bc80854baa - - default default] Successfully bumped revision number for resource 72a6749b-80fd-4147-8e48-0afa6fe38ba8 (type: security_group_rules) to 0
2026-05-07 14:32:19.863 7 INFO neutron.db.ovn_revision_numbers_db [None req-ba11925a-ccc0-411c-8f8e-6968c2d4fa0e 1c3e2505403f4947870444a37bb21639 a5fe58fe1bba4075828081bc80854baa - - default default] Successfully bumped revision number for resource 7bfdaa94-ee9e-4b9a-b2e2-7ffa44f4dad9 (type: security_group_rules) to 0
2026-05-07 14:32:19.873 7 INFO neutron.db.ovn_revision_numbers_db [None req-ba11925a-ccc0-411c-8f8e-6968c2d4fa0e 1c3e2505403f4947870444a37bb21639 a5fe58fe1bba4075828081bc80854baa - - default default] Successfully bumped revision number for resource d0661ea1-90cc-4f6f-862f-009399e5b155 (type: security_group_rules) to 0
2026-05-07 14:32:19.883 7 INFO neutron.db.ovn_revision_numbers_db [None req-ba11925a-ccc0-411c-8f8e-6968c2d4fa0e 1c3e2505403f4947870444a37bb21639 a5fe58fe1bba4075828081bc80854baa - - default default] Successfully bumped revision number for resource d4c9ba56-41f7-4601-988b-f477375d442a (type: security_group_rules) to 0 [pid: 7|app: 0|req: 792/1627] 10.0.0.184 () {32 vars in 774 bytes} [Thu May 7 14:32:19 2026] GET /v2.0/security-groups?tenant_id=45d6d644ea0d4e53a2e08a0c48105f05&name=default => generated 2925 bytes in 367 msecs (HTTP/1.1 200) 4 headers in 158 bytes (1 switches on core 0)
2026-05-07 14:32:19.919 7 WARNING neutron.db.securitygroups_db [None req-fb62003d-fc48-46b0-b49d-000e3bf05b76 1c3e2505403f4947870444a37bb21639 a5fe58fe1bba4075828081bc80854baa - - default default] project_id key not found in filters, using tenant_id instead. This support has been deprecated and will be removed in a future release.
2026-05-07 14:32:20.032 7 INFO neutron.db.ovn_revision_numbers_db [None req-fb62003d-fc48-46b0-b49d-000e3bf05b76 1c3e2505403f4947870444a37bb21639 a5fe58fe1bba4075828081bc80854baa - - default default] Successfully bumped revision number for resource ccc31e0b-1d8f-4380-81af-bef1e604fe8b (type: security_groups) to 1
2026-05-07 14:32:20.042 7 INFO neutron.db.ovn_revision_numbers_db [None req-fb62003d-fc48-46b0-b49d-000e3bf05b76 1c3e2505403f4947870444a37bb21639 a5fe58fe1bba4075828081bc80854baa - - default default] Successfully bumped revision number for resource 21a7ff67-0c8d-4dd1-a941-d3955f324972 (type: security_group_rules) to 0
2026-05-07 14:32:20.053 7 INFO neutron.db.ovn_revision_numbers_db [None req-fb62003d-fc48-46b0-b49d-000e3bf05b76 1c3e2505403f4947870444a37bb21639 a5fe58fe1bba4075828081bc80854baa - - default default] Successfully bumped revision number for resource 4e76f5c5-5d62-4cfe-9594-2eef3d4ec2a2 (type: security_group_rules) to 0
2026-05-07 14:32:20.063 7 INFO neutron.db.ovn_revision_numbers_db [None req-fb62003d-fc48-46b0-b49d-000e3bf05b76 1c3e2505403f4947870444a37bb21639 a5fe58fe1bba4075828081bc80854baa - - default default] Successfully bumped revision number for resource b815d56f-ba39-4c95-a239-22ef208926f3 (type: security_group_rules) to 0
2026-05-07 14:32:20.074 7 INFO neutron.db.ovn_revision_numbers_db [None req-fb62003d-fc48-46b0-b49d-000e3bf05b76 1c3e2505403f4947870444a37bb21639 a5fe58fe1bba4075828081bc80854baa - - default default] Successfully bumped revision number for resource f928a73b-d6e8-4b5e-a3d1-d1a4781f7d47 (type: security_group_rules) to 0 [pid: 7|app: 0|req: 793/1628] 10.0.0.184 () {32 vars in 774 bytes} [Thu May 7 14:32:19 2026] GET /v2.0/security-groups?tenant_id=4518a3a876c44f6b95811800e9492aac&name=default => generated 2925 bytes in 200 msecs (HTTP/1.1 200) 4 headers in 158 bytes (1 switches on core 0) [pid: 7|app: 0|req: 794/1629] 10.0.0.184 () {32 vars in 740 bytes} [Thu May 7 14:32:20 2026] DELETE /v2.0/security-groups/b649dad9-2698-4e1f-8b7f-9327851b9ed6 => generated 0 bytes in 148 msecs (HTTP/1.1 204) 2 headers in 112 bytes (1 switches on core 0)
2026-05-07 14:32:20.330 8 INFO neutron_taas.services.taas.taas_plugin [None req-f891c523-665a-46f0-a9e4-872415f6d603 da2b3e8fec6d480e84a4e1e32bce53dd ea2bebff3045453e9297f877eea61060 - - default default] TaaS: Handle Delete Port: 3570a138-e2db-460d-9e11-092c94ff61c8
2026-05-07 14:32:20.333 8 INFO neutron_taas.services.taas.tap_mirror_plugin [None req-f891c523-665a-46f0-a9e4-872415f6d603 da2b3e8fec6d480e84a4e1e32bce53dd ea2bebff3045453e9297f877eea61060 - - default default] Tap Mirror: Handle Delete Port: 3570a138-e2db-460d-9e11-092c94ff61c8 [pid: 7|app: 0|req: 795/1630] 10.0.0.184 () {32 vars in 740 bytes} [Thu May 7 14:32:20 2026] DELETE /v2.0/security-groups/ccc31e0b-1d8f-4380-81af-bef1e604fe8b => generated 0 bytes in 207 msecs (HTTP/1.1 204) 2 headers in 112 bytes (1 switches on core 0) [pid: 8|app: 0|req: 836/1631] 10.0.0.184 () {34 vars in 789 bytes} [Thu May 7 14:32:19 2026] PUT /v2.0/routers/9884c419-83c6-4447-a969-8016acf786b6/remove_router_interface => generated 310 bytes in 1641 msecs (HTTP/1.1 200) 4 headers in 157 bytes (1 switches on core 0)
2026-05-07 14:32:20.762 7 INFO neutron.api.v2.resource [None req-9718b347-088b-423c-a9f3-2b5843460ab9 da2b3e8fec6d480e84a4e1e32bce53dd ea2bebff3045453e9297f877eea61060 - - default default] remove_router_interface failed (client error): The resource could not be found. [pid: 7|app: 0|req: 796/1632] 10.0.0.184 () {34 vars in 789 bytes} [Thu May 7 14:32:20 2026] PUT /v2.0/routers/9884c419-83c6-4447-a969-8016acf786b6/remove_router_interface => generated 197 bytes in 70 msecs (HTTP/1.1 404) 4 headers in 164 bytes (1 switches on core 0) /var/lib/openstack/lib/python3.12/site-packages/pycadf/identifier.py:70: UserWarning: Invalid uuid: neutron. To ensure interoperability, identifiers should be a valid uuid. warnings.warn(('Invalid uuid: %s. To ensure interoperability, ' [pid: 8|app: 0|req: 837/1633] 10.0.0.184 () {32 vars in 736 bytes} [Thu May 7 14:32:20 2026] GET /v2.0/ports?device_id=9884c419-83c6-4447-a969-8016acf786b6 => generated 12 bytes in 22 msecs (HTTP/1.1 200) 4 headers in 156 bytes (1 switches on core 0) [pid: 7|app: 0|req: 797/1634] 10.0.0.184 () {32 vars in 724 bytes} [Thu May 7 14:32:20 2026] DELETE /v2.0/routers/9884c419-83c6-4447-a969-8016acf786b6 => generated 0 bytes in 163 msecs (HTTP/1.1 204) 2 headers in 112 bytes (1 switches on core 0) [pid: 8|app: 0|req: 838/1635] 10.0.0.184 () {32 vars in 724 bytes} [Thu May 7 14:32:20 2026] DELETE /v2.0/subnets/f94a779f-b7f8-4773-aa2f-3fbba8b0ce51 => generated 0 bytes in 168 msecs (HTTP/1.1 204) 3 headers in 131 bytes (1 switches on core 0)
2026-05-07 14:32:21.298 7 INFO neutron_taas.services.taas.taas_plugin [None req-6a0e4534-6d52-41a7-aedc-1c837f014138 da2b3e8fec6d480e84a4e1e32bce53dd ea2bebff3045453e9297f877eea61060 - - default default] TaaS: Handle Delete Port: eaf556aa-71b7-4d18-a926-1a627cafdbf8
2026-05-07 14:32:21.304 7 INFO neutron_taas.services.taas.tap_mirror_plugin [None req-6a0e4534-6d52-41a7-aedc-1c837f014138 da2b3e8fec6d480e84a4e1e32bce53dd ea2bebff3045453e9297f877eea61060 - - default default] Tap Mirror: Handle Delete Port: eaf556aa-71b7-4d18-a926-1a627cafdbf8
2026-05-07 14:32:21.540 7 INFO neutron.services.segments.plugin [-] Segment f1e46634-fa4c-4d33-a5c0-0571a7f10949 resource provider aggregate not found
2026-05-07 14:32:21.544 7 INFO neutron.services.segments.plugin [-] Segment f1e46634-fa4c-4d33-a5c0-0571a7f10949 resource provider aggregate not found
2026-05-07 14:32:21.560 7 INFO neutron.services.segments.plugin [-] Segment f1e46634-fa4c-4d33-a5c0-0571a7f10949 resource provider not found; error: Placement Client Error (4xx): {"errors": [{"status": 404, "title": "Not Found", "detail": "The resource could not be found.\n\n No resource provider with uuid f1e46634-fa4c-4d33-a5c0-0571a7f10949 found for delete ", "request_id": "req-ba784264-c78f-4223-8b01-efa157e2e03b"}]}
2026-05-07 14:32:21.563 7 INFO neutron.services.segments.plugin [-] Segment f1e46634-fa4c-4d33-a5c0-0571a7f10949 resource provider not found; error: Placement Client Error (4xx): {"errors": [{"status": 404, "title": "Not Found", "detail": "The resource could not be found.\n\n No resource provider with uuid f1e46634-fa4c-4d33-a5c0-0571a7f10949 found for delete ", "request_id": "req-0cc91a62-352d-463d-81e3-184845713f7c"}]} [pid: 7|app: 0|req: 798/1636] 10.0.0.184 () {32 vars in 726 bytes} [Thu May 7 14:32:21 2026] DELETE /v2.0/networks/81c469ea-e2e1-4abd-bd4d-59fe8de421a9 => generated 0 bytes in 486 msecs (HTTP/1.1 204) 3 headers in 131 bytes (1 switches on core 0)
2026-05-07 14:32:21.731 8 INFO neutron.db.segments_db [None req-6eb37aa1-7b96-42e2-8059-4ac0ad1e826e da2b3e8fec6d480e84a4e1e32bce53dd ea2bebff3045453e9297f877eea61060 - - default default] Added segment bd07a6ea-ab33-4fa5-afc0-d8a1b91c12e0 of type geneve for network a75dda7e-7075-4cc0-b70b-90f3e5b7d4b7
2026-05-07 14:32:21.845 8 INFO neutron.db.ovn_revision_numbers_db [None req-6eb37aa1-7b96-42e2-8059-4ac0ad1e826e da2b3e8fec6d480e84a4e1e32bce53dd ea2bebff3045453e9297f877eea61060 - - default default] Successfully bumped revision number for resource a75dda7e-7075-4cc0-b70b-90f3e5b7d4b7 (type: networks) to 1
2026-05-07 14:32:22.030 8 WARNING neutron.scheduler.dhcp_agent_scheduler [None req-6eb37aa1-7b96-42e2-8059-4ac0ad1e826e da2b3e8fec6d480e84a4e1e32bce53dd ea2bebff3045453e9297f877eea61060 - - default default] No more DHCP agents
2026-05-07 14:32:22.032 8 WARNING neutron.api.rpc.agentnotifiers.dhcp_rpc_agent_api [None req-6eb37aa1-7b96-42e2-8059-4ac0ad1e826e da2b3e8fec6d480e84a4e1e32bce53dd ea2bebff3045453e9297f877eea61060 - - default default] Unable to schedule network a75dda7e-7075-4cc0-b70b-90f3e5b7d4b7: no agents available; will retry on subsequent port and subnet creation events.
2026-05-07 14:32:22.112 8 INFO neutron.db.ovn_revision_numbers_db [None req-6eb37aa1-7b96-42e2-8059-4ac0ad1e826e da2b3e8fec6d480e84a4e1e32bce53dd ea2bebff3045453e9297f877eea61060 - - default default] Successfully bumped revision number for resource 921ba749-436a-45eb-b73c-b45c3f983102 (type: ports) to 1 [pid: 8|app: 0|req: 839/1637] 10.0.0.184 () {34 vars in 670 bytes} [Thu May 7 14:32:21 2026] POST /v2.0/networks => generated 668 bytes in 498 msecs (HTTP/1.1 201) 4 headers in 162 bytes (1 switches on core 0)
2026-05-07 14:32:22.376 7 WARNING neutron.scheduler.dhcp_agent_scheduler [None req-d7af84b3-1ed9-40d9-9fb7-65dd23545fc4 da2b3e8fec6d480e84a4e1e32bce53dd ea2bebff3045453e9297f877eea61060 - - default default] No more DHCP agents
2026-05-07 14:32:22.377 7 WARNING neutron.api.rpc.agentnotifiers.dhcp_rpc_agent_api [None req-d7af84b3-1ed9-40d9-9fb7-65dd23545fc4 da2b3e8fec6d480e84a4e1e32bce53dd ea2bebff3045453e9297f877eea61060 - - default default] Unable to schedule network a75dda7e-7075-4cc0-b70b-90f3e5b7d4b7: no agents available; will retry on subsequent port and subnet creation events.
2026-05-07 14:32:22.581 7 WARNING neutron.plugins.ml2.drivers.ovn.mech_driver.ovsdb.ovn_client [None req-3620a274-d5e8-45c0-aaf5-f1e01d068278 - - - - - -] No port found with ID 3570a138-e2db-460d-9e11-092c94ff61c8: RuntimeError: No port found with ID 3570a138-e2db-460d-9e11-092c94ff61c8
2026-05-07 14:32:22.593 7 INFO neutron.plugins.ml2.drivers.ovn.mech_driver.mech_driver [None req-3620a274-d5e8-45c0-aaf5-f1e01d068278 - - - - - -] OVN reports status down for port: 921ba749-436a-45eb-b73c-b45c3f983102
2026-05-07 14:32:22.915 7 INFO neutron.db.ovn_revision_numbers_db [None req-d7af84b3-1ed9-40d9-9fb7-65dd23545fc4 da2b3e8fec6d480e84a4e1e32bce53dd ea2bebff3045453e9297f877eea61060 - - default default] Successfully bumped revision number for resource 921ba749-436a-45eb-b73c-b45c3f983102 (type: ports) to 2
2026-05-07 14:32:22.947 7 INFO neutron.db.ovn_revision_numbers_db [None req-d7af84b3-1ed9-40d9-9fb7-65dd23545fc4 da2b3e8fec6d480e84a4e1e32bce53dd ea2bebff3045453e9297f877eea61060 - - default default] Successfully bumped revision number for resource ae3b402d-59ed-42c4-8872-378666542706 (type: subnets) to 0 [pid: 7|app: 0|req: 799/1638] 10.0.0.184 () {34 vars in 669 bytes} [Thu May 7 14:32:22 2026] POST /v2.0/subnets => generated 626 bytes in 820 msecs (HTTP/1.1 201) 4 headers in 162 bytes (1 switches on core 0)
2026-05-07 14:32:23.012 8 WARNING neutron.db.securitygroups_db [None req-635ffe7c-2b84-49aa-8801-334fa2db26df 1c3e2505403f4947870444a37bb21639 a5fe58fe1bba4075828081bc80854baa - - default default] project_id key not found in filters, using tenant_id instead. This support has been deprecated and will be removed in a future release.
2026-05-07 14:32:23.076 7 INFO neutron.db.ovn_revision_numbers_db [None req-583ca978-2576-4169-95ec-7c48965b57c6 da2b3e8fec6d480e84a4e1e32bce53dd ea2bebff3045453e9297f877eea61060 - - default default] Successfully bumped revision number for resource d6573ae0-b291-4e0f-8d8d-949c56648737 (type: routers) to 1 [pid: 7|app: 0|req: 800/1639] 10.0.0.184 () {34 vars in 669 bytes} [Thu May 7 14:32:22 2026] POST /v2.0/routers => generated 624 bytes in 118 msecs (HTTP/1.1 201) 4 headers in 162 bytes (1 switches on core 0)
2026-05-07 14:32:23.135 8 INFO neutron.db.ovn_revision_numbers_db [None req-635ffe7c-2b84-49aa-8801-334fa2db26df 1c3e2505403f4947870444a37bb21639 a5fe58fe1bba4075828081bc80854baa - - default default] Successfully bumped revision number for resource ba5d978b-4322-4306-bb05-10733ff8b31a (type: security_groups) to 1
2026-05-07 14:32:23.158 8 INFO neutron.db.ovn_revision_numbers_db [None req-635ffe7c-2b84-49aa-8801-334fa2db26df 1c3e2505403f4947870444a37bb21639 a5fe58fe1bba4075828081bc80854baa - - default default] Successfully bumped revision number for resource 2b0ee3d3-64d7-455a-9a77-f03fd4b24d5b (type: security_group_rules) to 0
2026-05-07 14:32:23.170 8 INFO neutron.db.ovn_revision_numbers_db [None req-635ffe7c-2b84-49aa-8801-334fa2db26df 1c3e2505403f4947870444a37bb21639 a5fe58fe1bba4075828081bc80854baa - - default default] Successfully bumped revision number for resource 3c643e44-e480-4b6c-aabe-58aa0b8b48cb (type: security_group_rules) to 0
2026-05-07 14:32:23.181 8 INFO neutron.db.ovn_revision_numbers_db [None req-635ffe7c-2b84-49aa-8801-334fa2db26df 1c3e2505403f4947870444a37bb21639 a5fe58fe1bba4075828081bc80854baa - - default default] Successfully bumped revision number for resource b1e9a065-643f-4ee7-9e6b-2493a1b5655f (type: security_group_rules) to 0
