2026-05-07 14:32:54.153 7 INFO neutron.db.segments_db [None req-a2e4a641-f414-4258-b67e-80a683fdf5ae 1c3e2505403f4947870444a37bb21639 a5fe58fe1bba4075828081bc80854baa - - default default] Added segment 9fa41098-75a2-429a-9e57-b5c819b7eaf7 of type geneve for network ab148bbd-3b41-4a0c-9cec-8c072066b677
2026-05-07 14:32:54.286 8 INFO neutron.plugins.ml2.drivers.ovn.mech_driver.mech_driver [None req-bbb5e2db-6001-45bb-a4a8-b6ab5ab2be3d - - - - - -] OVN reports status down for port: d31ff31c-6513-4672-8633-68215826f7f3
2026-05-07 14:32:54.301 7 INFO neutron.db.ovn_revision_numbers_db [None req-a2e4a641-f414-4258-b67e-80a683fdf5ae 1c3e2505403f4947870444a37bb21639 a5fe58fe1bba4075828081bc80854baa - - default default] Successfully bumped revision number for resource ab148bbd-3b41-4a0c-9cec-8c072066b677 (type: networks) to 1
2026-05-07 14:32:54.347 8 INFO neutron.db.ovn_revision_numbers_db [None req-a25e17e1-1be3-4e73-9e37-62b6345ea02a 0504aa06e6394d6ab497545e71ebd9b6 cdf5112ffd134753b1edfadbfc688478 - - default default] Successfully bumped revision number for resource d31ff31c-6513-4672-8633-68215826f7f3 (type: ports) to 1 [pid: 8|app: 0|req: 928/1810] 10.0.0.184 () {34 vars in 665 bytes} [Thu May 7 14:32:53 2026] POST /v2.0/ports => generated 910 bytes in 955 msecs (HTTP/1.1 201) 4 headers in 162 bytes (1 switches on core 0)
2026-05-07 14:32:54.439 7 WARNING neutron.scheduler.dhcp_agent_scheduler [None req-a2e4a641-f414-4258-b67e-80a683fdf5ae 1c3e2505403f4947870444a37bb21639 a5fe58fe1bba4075828081bc80854baa - - default default] No more DHCP agents
2026-05-07 14:32:54.440 7 WARNING neutron.api.rpc.agentnotifiers.dhcp_rpc_agent_api [None req-a2e4a641-f414-4258-b67e-80a683fdf5ae 1c3e2505403f4947870444a37bb21639 a5fe58fe1bba4075828081bc80854baa - - default default] Unable to schedule network ab148bbd-3b41-4a0c-9cec-8c072066b677: no agents available; will retry on subsequent port and subnet creation events.
2026-05-07 14:32:54.515 7 INFO neutron.db.ovn_revision_numbers_db [None req-a2e4a641-f414-4258-b67e-80a683fdf5ae 1c3e2505403f4947870444a37bb21639 a5fe58fe1bba4075828081bc80854baa - - default default] Successfully bumped revision number for resource b5359035-1a23-424d-b90a-1dc7fb4ab875 (type: ports) to 1 [pid: 7|app: 0|req: 883/1811] 10.0.0.184 () {34 vars in 671 bytes} [Thu May 7 14:32:53 2026] POST /v2.0/networks => generated 780 bytes in 645 msecs (HTTP/1.1 201) 4 headers in 162 bytes (1 switches on core 0)
2026-05-07 14:32:54.581 8 WARNING neutron.db.securitygroups_db [None req-7305381e-c65c-4c98-8187-de18ea866d20 1c3e2505403f4947870444a37bb21639 a5fe58fe1bba4075828081bc80854baa - - default default] project_id key not found in filters, using tenant_id instead. This support has been deprecated and will be removed in a future release.
2026-05-07 14:32:54.645 7 INFO neutron_taas.services.taas.taas_plugin [None req-97d826f9-9349-4f08-ab12-39ad5da273cb 0504aa06e6394d6ab497545e71ebd9b6 cdf5112ffd134753b1edfadbfc688478 - - default default] TaaS: Handle Delete Port: d31ff31c-6513-4672-8633-68215826f7f3
2026-05-07 14:32:54.648 7 INFO neutron_taas.services.taas.tap_mirror_plugin [None req-97d826f9-9349-4f08-ab12-39ad5da273cb 0504aa06e6394d6ab497545e71ebd9b6 cdf5112ffd134753b1edfadbfc688478 - - default default] Tap Mirror: Handle Delete Port: d31ff31c-6513-4672-8633-68215826f7f3
2026-05-07 14:32:54.691 8 INFO neutron.db.ovn_revision_numbers_db [None req-7305381e-c65c-4c98-8187-de18ea866d20 1c3e2505403f4947870444a37bb21639 a5fe58fe1bba4075828081bc80854baa - - default default] Successfully bumped revision number for resource 1eb5bf42-8681-4ed8-9891-659606891291 (type: security_groups) to 1
2026-05-07 14:32:54.702 8 INFO neutron.db.ovn_revision_numbers_db [None req-7305381e-c65c-4c98-8187-de18ea866d20 1c3e2505403f4947870444a37bb21639 a5fe58fe1bba4075828081bc80854baa - - default default] Successfully bumped revision number for resource 0555117a-502a-4e9e-a054-cd4b8678931c (type: security_group_rules) to 0
2026-05-07 14:32:54.713 8 INFO neutron.db.ovn_revision_numbers_db [None req-7305381e-c65c-4c98-8187-de18ea866d20 1c3e2505403f4947870444a37bb21639 a5fe58fe1bba4075828081bc80854baa - - default default] Successfully bumped revision number for resource 69860121-871e-4e71-9b70-adfa26feb22e (type: security_group_rules) to 0
2026-05-07 14:32:54.723 8 INFO neutron.db.ovn_revision_numbers_db [None req-7305381e-c65c-4c98-8187-de18ea866d20 1c3e2505403f4947870444a37bb21639 a5fe58fe1bba4075828081bc80854baa - - default default] Successfully bumped revision number for resource 9f34a9af-f9aa-4e2a-ad79-27d2438a0444 (type: security_group_rules) to 0
2026-05-07 14:32:54.735 8 INFO neutron.db.ovn_revision_numbers_db [None req-7305381e-c65c-4c98-8187-de18ea866d20 1c3e2505403f4947870444a37bb21639 a5fe58fe1bba4075828081bc80854baa - - default default] Successfully bumped revision number for resource a67965fb-4466-4047-b561-686906ce7fc2 (type: security_group_rules) to 0 [pid: 8|app: 0|req: 929/1812] 10.0.0.184 () {32 vars in 774 bytes} [Thu May 7 14:32:54 2026] GET /v2.0/security-groups?tenant_id=d7357d3de94c40cdb82b54b9c1487c1a&name=default => generated 2925 bytes in 349 msecs (HTTP/1.1 200) 4 headers in 158 bytes (1 switches on core 0) [pid: 7|app: 0|req: 884/1813] 10.0.0.184 () {32 vars in 720 bytes} [Thu May 7 14:32:54 2026] DELETE /v2.0/ports/d31ff31c-6513-4672-8633-68215826f7f3 => generated 0 bytes in 289 msecs (HTTP/1.1 204) 3 headers in 131 bytes (1 switches on core 0)
2026-05-07 14:32:54.899 8 WARNING neutron.scheduler.dhcp_agent_scheduler [None req-123895bd-9b44-4d72-8ce8-2092fd8247cf 1c3e2505403f4947870444a37bb21639 a5fe58fe1bba4075828081bc80854baa - - default default] No more DHCP agents
2026-05-07 14:32:54.900 8 WARNING neutron.api.rpc.agentnotifiers.dhcp_rpc_agent_api [None req-123895bd-9b44-4d72-8ce8-2092fd8247cf 1c3e2505403f4947870444a37bb21639 a5fe58fe1bba4075828081bc80854baa - - default default] Unable to schedule network ab148bbd-3b41-4a0c-9cec-8c072066b677: no agents available; will retry on subsequent port and subnet creation events. [pid: 7|app: 0|req: 885/1814] 10.0.0.184 () {32 vars in 740 bytes} [Thu May 7 14:32:54 2026] DELETE /v2.0/security-groups/1eb5bf42-8681-4ed8-9891-659606891291 => generated 0 bytes in 180 msecs (HTTP/1.1 204) 2 headers in 112 bytes (1 switches on core 0)
2026-05-07 14:32:55.016 7 INFO neutron.pecan_wsgi.hooks.translation [None req-afd92c83-a79c-49c6-9b51-cfb9ca924773 0504aa06e6394d6ab497545e71ebd9b6 cdf5112ffd134753b1edfadbfc688478 - - default default] GET failed (client error): The resource could not be found. [pid: 7|app: 0|req: 886/1815] 10.0.0.184 () {32 vars in 717 bytes} [Thu May 7 14:32:55 2026] GET /v2.0/ports/d31ff31c-6513-4672-8633-68215826f7f3 => generated 132 bytes in 14 msecs (HTTP/1.1 404) 4 headers in 164 bytes (1 switches on core 0) [pid: 7|app: 0|req: 887/1816] 10.0.0.184 () {32 vars in 724 bytes} [Thu May 7 14:32:55 2026] DELETE /v2.0/subnets/264d8d49-2778-4cd2-9116-53e257633fc9 => generated 0 bytes in 187 msecs (HTTP/1.1 204) 3 headers in 131 bytes (1 switches on core 0)
2026-05-07 14:32:55.341 8 INFO neutron.db.ovn_revision_numbers_db [None req-123895bd-9b44-4d72-8ce8-2092fd8247cf 1c3e2505403f4947870444a37bb21639 a5fe58fe1bba4075828081bc80854baa - - default default] Successfully bumped revision number for resource b5359035-1a23-424d-b90a-1dc7fb4ab875 (type: ports) to 2
2026-05-07 14:32:55.371 7 INFO neutron_taas.services.taas.taas_plugin [None req-cfb28f46-2892-4117-b7c1-e1f0241a6661 0504aa06e6394d6ab497545e71ebd9b6 cdf5112ffd134753b1edfadbfc688478 - - default default] TaaS: Handle Delete Port: 7be8e94b-e793-4018-a81f-1fc8ed621fb6
2026-05-07 14:32:55.374 7 INFO neutron_taas.services.taas.tap_mirror_plugin [None req-cfb28f46-2892-4117-b7c1-e1f0241a6661 0504aa06e6394d6ab497545e71ebd9b6 cdf5112ffd134753b1edfadbfc688478 - - default default] Tap Mirror: Handle Delete Port: 7be8e94b-e793-4018-a81f-1fc8ed621fb6
2026-05-07 14:32:55.380 8 INFO neutron.db.ovn_revision_numbers_db [None req-123895bd-9b44-4d72-8ce8-2092fd8247cf 1c3e2505403f4947870444a37bb21639 a5fe58fe1bba4075828081bc80854baa - - default default] Successfully bumped revision number for resource 50c552a2-ebcf-4188-a818-827675d8e8e8 (type: subnets) to 0 [pid: 8|app: 0|req: 930/1817] 10.0.0.184 () {34 vars in 669 bytes} [Thu May 7 14:32:54 2026] POST /v2.0/subnets => generated 687 bytes in 621 msecs (HTTP/1.1 201) 4 headers in 162 bytes (1 switches on core 0)
2026-05-07 14:32:55.558 7 INFO neutron.services.segments.plugin [-] Segment 267b11ad-cd22-49ad-913b-92677aa2e808 resource provider aggregate not found
2026-05-07 14:32:55.565 7 INFO neutron.services.segments.plugin [-] Segment 267b11ad-cd22-49ad-913b-92677aa2e808 resource provider aggregate not found
2026-05-07 14:32:55.582 7 INFO neutron.services.segments.plugin [-] Segment 267b11ad-cd22-49ad-913b-92677aa2e808 resource provider not found; error: Placement Client Error (4xx): {"errors": [{"status": 404, "title": "Not Found", "detail": "The resource could not be found.\n\n No resource provider with uuid 267b11ad-cd22-49ad-913b-92677aa2e808 found for delete ", "request_id": "req-7f9a2a40-a746-4824-afdd-adb632b2f2d0"}]}
2026-05-07 14:32:55.590 7 INFO neutron.services.segments.plugin [-] Segment 267b11ad-cd22-49ad-913b-92677aa2e808 resource provider not found; error: Placement Client Error (4xx): {"errors": [{"status": 404, "title": "Not Found", "detail": "The resource could not be found.\n\n No resource provider with uuid 267b11ad-cd22-49ad-913b-92677aa2e808 found for delete ", "request_id": "req-53f37218-5d64-4174-9c59-f33e4610f093"}]} [pid: 7|app: 0|req: 888/1818] 10.0.0.184 () {32 vars in 726 bytes} [Thu May 7 14:32:55 2026] DELETE /v2.0/networks/25204391-00fc-4d89-8d9b-232a80320611 => generated 0 bytes in 389 msecs (HTTP/1.1 204) 3 headers in 131 bytes (1 switches on core 0)
2026-05-07 14:32:55.791 8 WARNING neutron.scheduler.dhcp_agent_scheduler [None req-d856564a-8b4a-4723-a75a-a97555a5c4e4 1c3e2505403f4947870444a37bb21639 a5fe58fe1bba4075828081bc80854baa - - default default] No more DHCP agents
2026-05-07 14:32:55.792 8 WARNING neutron.api.rpc.agentnotifiers.dhcp_rpc_agent_api [None req-d856564a-8b4a-4723-a75a-a97555a5c4e4 1c3e2505403f4947870444a37bb21639 a5fe58fe1bba4075828081bc80854baa - - default default] Unable to schedule network 80aafba7-5b96-44ea-9203-8ce5dec3826d: no agents available; will retry on subsequent port and subnet creation events.
2026-05-07 14:32:55.829 7 WARNING neutron.scheduler.dhcp_agent_scheduler [None req-8e9e75e4-1d84-49b3-9d3a-7fc7529f605b 0504aa06e6394d6ab497545e71ebd9b6 cdf5112ffd134753b1edfadbfc688478 - - default default] No more DHCP agents
2026-05-07 14:32:55.830 7 WARNING neutron.api.rpc.agentnotifiers.dhcp_rpc_agent_api [None req-8e9e75e4-1d84-49b3-9d3a-7fc7529f605b 0504aa06e6394d6ab497545e71ebd9b6 cdf5112ffd134753b1edfadbfc688478 - - default default] Unable to schedule network 49eb438b-fe22-48d4-b1d7-6e737fbce3a5: no agents available; will retry on subsequent port and subnet creation events.
2026-05-07 14:32:55.942 8 INFO neutron.db.ovn_revision_numbers_db [None req-d856564a-8b4a-4723-a75a-a97555a5c4e4 1c3e2505403f4947870444a37bb21639 a5fe58fe1bba4075828081bc80854baa - - default default] Successfully bumped revision number for resource c2a80fc5-0554-4ff6-8a7e-35e38647d014 (type: ports) to 1
2026-05-07 14:32:55.950 7 INFO neutron.db.ovn_revision_numbers_db [None req-8e9e75e4-1d84-49b3-9d3a-7fc7529f605b 0504aa06e6394d6ab497545e71ebd9b6 cdf5112ffd134753b1edfadbfc688478 - - default default] Successfully bumped revision number for resource 4e94942e-0c1e-4036-9acd-12409f8493c7 (type: ports) to 1 [pid: 7|app: 0|req: 889/1819] 10.0.0.184 () {34 vars in 665 bytes} [Thu May 7 14:32:55 2026] POST /v2.0/ports => generated 774 bytes in 386 msecs (HTTP/1.1 201) 4 headers in 162 bytes (1 switches on core 0) /var/lib/openstack/lib/python3.12/site-packages/pycadf/identifier.py:70: UserWarning: Invalid uuid: neutron. To ensure interoperability, identifiers should be a valid uuid. warnings.warn(('Invalid uuid: %s. To ensure interoperability, '
2026-05-07 14:32:56.256 7 INFO neutron.db.ovn_revision_numbers_db [None req-d0567205-b636-40a1-a8b8-051253071bbd 0504aa06e6394d6ab497545e71ebd9b6 cdf5112ffd134753b1edfadbfc688478 - - default default] Successfully bumped revision number for resource 4e94942e-0c1e-4036-9acd-12409f8493c7 (type: ports) to 2 [pid: 7|app: 0|req: 890/1820] 10.0.0.184 () {34 vars in 737 bytes} [Thu May 7 14:32:56 2026] PUT /v2.0/ports/4e94942e-0c1e-4036-9acd-12409f8493c7 => generated 752 bytes in 263 msecs (HTTP/1.1 200) 4 headers in 157 bytes (1 switches on core 0) /var/lib/openstack/lib/python3.12/site-packages/pycadf/identifier.py:70: UserWarning: Invalid uuid: neutron. To ensure interoperability, identifiers should be a valid uuid. warnings.warn(('Invalid uuid: %s. To ensure interoperability, '
2026-05-07 14:32:56.377 7 INFO neutron_taas.services.taas.taas_plugin [None req-cb3af4a9-a0d8-42ed-bf03-46e29f70b8f6 0504aa06e6394d6ab497545e71ebd9b6 cdf5112ffd134753b1edfadbfc688478 - - default default] TaaS: Handle Delete Port: 4e94942e-0c1e-4036-9acd-12409f8493c7
2026-05-07 14:32:56.380 7 INFO neutron_taas.services.taas.tap_mirror_plugin [None req-cb3af4a9-a0d8-42ed-bf03-46e29f70b8f6 0504aa06e6394d6ab497545e71ebd9b6 cdf5112ffd134753b1edfadbfc688478 - - default default] Tap Mirror: Handle Delete Port: 4e94942e-0c1e-4036-9acd-12409f8493c7 [pid: 7|app: 0|req: 891/1821] 10.0.0.184 () {32 vars in 720 bytes} [Thu May 7 14:32:56 2026] DELETE /v2.0/ports/4e94942e-0c1e-4036-9acd-12409f8493c7 => generated 0 bytes in 222 msecs (HTTP/1.1 204) 3 headers in 131 bytes (1 switches on core 0)
2026-05-07 14:32:56.541 8 INFO neutron.plugins.ml2.drivers.ovn.mech_driver.ovsdb.ovsdb_monitor [None req-a62e76ee-ba0a-4b98-82d3-4ef54ad404f4 - - - - - -] Router 360df240-c602-4a7c-8bd6-ebfd2a9190a6 is bound to host instance [pid: 7|app: 0|req: 892/1822] 10.0.0.184 () {32 vars in 643 bytes} [Thu May 7 14:32:56 2026] GET /v2.0/ports => generated 1533 bytes in 73 msecs (HTTP/1.1 200) 4 headers in 158 bytes (1 switches on core 0)
2026-05-07 14:32:56.597 7 INFO neutron.pecan_wsgi.hooks.translation [None req-9a45430b-785e-4b5b-a74e-0af68290d6bc 0504aa06e6394d6ab497545e71ebd9b6 cdf5112ffd134753b1edfadbfc688478 - - default default] GET failed (client error): The resource could not be found. [pid: 7|app: 0|req: 893/1823] 10.0.0.184 () {32 vars in 717 bytes} [Thu May 7 14:32:56 2026] GET /v2.0/ports/4e94942e-0c1e-4036-9acd-12409f8493c7 => generated 132 bytes in 23 msecs (HTTP/1.1 404) 4 headers in 164 bytes (1 switches on core 0)
2026-05-07 14:32:56.605 8 INFO neutron.db.ovn_revision_numbers_db [None req-d856564a-8b4a-4723-a75a-a97555a5c4e4 1c3e2505403f4947870444a37bb21639 a5fe58fe1bba4075828081bc80854baa - - default default] Successfully bumped revision number for resource c2a80fc5-0554-4ff6-8a7e-35e38647d014 (type: router_ports) to 1 [pid: 7|app: 0|req: 894/1824] 10.0.0.184 () {32 vars in 643 bytes} [Thu May 7 14:32:56 2026] GET /v2.0/ports => generated 1533 bytes in 44 msecs (HTTP/1.1 200) 4 headers in 158 bytes (1 switches on core 0) [pid: 7|app: 0|req: 895/1825] 10.0.0.184 () {32 vars in 717 bytes} [Thu May 7 14:32:56 2026] GET /v2.0/ports/94eabd20-c26c-42d0-ad6a-18ce4e654664 => generated 774 bytes in 31 msecs (HTTP/1.1 200) 4 headers in 157 bytes (1 switches on core 0)
2026-05-07 14:32:56.703 7 INFO neutron.pecan_wsgi.hooks.translation [None req-023249bd-b639-4f18-ad59-28b0ba831b77 0504aa06e6394d6ab497545e71ebd9b6 cdf5112ffd134753b1edfadbfc688478 - - default default] DELETE failed (client error): The resource could not be found. [pid: 7|app: 0|req: 896/1826] 10.0.0.184 () {32 vars in 720 bytes} [Thu May 7 14:32:56 2026] DELETE /v2.0/ports/d31ff31c-6513-4672-8633-68215826f7f3 => generated 132 bytes in 16 msecs (HTTP/1.1 404) 4 headers in 164 bytes (1 switches on core 0)
2026-05-07 14:32:56.720 7 INFO neutron.pecan_wsgi.hooks.translation [None req-02e2321d-3f1d-435c-91a7-3fe8fe354606 0504aa06e6394d6ab497545e71ebd9b6 cdf5112ffd134753b1edfadbfc688478 - - default default] DELETE failed (client error): The resource could not be found. [pid: 7|app: 0|req: 897/1827] 10.0.0.184 () {32 vars in 724 bytes} [Thu May 7 14:32:56 2026] DELETE /v2.0/subnets/264d8d49-2778-4cd2-9116-53e257633fc9 => generated 136 bytes in 12 msecs (HTTP/1.1 404) 4 headers in 164 bytes (1 switches on core 0)
2026-05-07 14:32:56.739 7 INFO neutron.pecan_wsgi.hooks.translation [None req-65d259d3-d8c8-46bd-a087-b10364eb116b 0504aa06e6394d6ab497545e71ebd9b6 cdf5112ffd134753b1edfadbfc688478 - - default default] DELETE failed (client error): The resource could not be found.
2026-05-07 14:32:56.740 8 INFO neutron.db.ovn_revision_numbers_db [None req-d856564a-8b4a-4723-a75a-a97555a5c4e4 1c3e2505403f4947870444a37bb21639 a5fe58fe1bba4075828081bc80854baa - - default default] Successfully bumped revision number for resource 360df240-c602-4a7c-8bd6-ebfd2a9190a6 (type: routers) to 2 [pid: 7|app: 0|req: 898/1828] 10.0.0.184 () {32 vars in 724 bytes} [Thu May 7 14:32:56 2026] DELETE /v2.0/subnets/15c91f1a-dedb-4c7d-b87d-2d211e943d02 => generated 136 bytes in 15 msecs (HTTP/1.1 404) 4 headers in 164 bytes (1 switches on core 0) [pid: 8|app: 0|req: 931/1829] 10.0.0.184 () {34 vars in 669 bytes} [Thu May 7 14:32:55 2026] POST /v2.0/routers => generated 986 bytes in 1370 msecs (HTTP/1.1 201) 4 headers in 162 bytes (1 switches on core 0)
2026-05-07 14:32:56.851 7 INFO neutron_taas.services.taas.taas_plugin [None req-2bc6f619-9be4-4c28-bad3-2d3f0b70cc6a 0504aa06e6394d6ab497545e71ebd9b6 cdf5112ffd134753b1edfadbfc688478 - - default default] TaaS: Handle Delete Port: 94eabd20-c26c-42d0-ad6a-18ce4e654664
2026-05-07 14:32:56.854 7 INFO neutron_taas.services.taas.tap_mirror_plugin [None req-2bc6f619-9be4-4c28-bad3-2d3f0b70cc6a 0504aa06e6394d6ab497545e71ebd9b6 cdf5112ffd134753b1edfadbfc688478 - - default default] Tap Mirror: Handle Delete Port: 94eabd20-c26c-42d0-ad6a-18ce4e654664 [pid: 7|app: 0|req: 899/1830] 10.0.0.184 () {32 vars in 720 bytes} [Thu May 7 14:32:56 2026] DELETE /v2.0/ports/94eabd20-c26c-42d0-ad6a-18ce4e654664 => generated 0 bytes in 219 msecs (HTTP/1.1 204) 3 headers in 131 bytes (1 switches on core 0)
2026-05-07 14:32:57.088 7 INFO neutron_taas.services.taas.taas_plugin [None req-92372f94-45aa-4528-88c0-ce402bd1a29f 0504aa06e6394d6ab497545e71ebd9b6 cdf5112ffd134753b1edfadbfc688478 - - default default] TaaS: Handle Delete Port: fc86b2a7-f232-4a6e-80cb-ad76eefb7bb7
2026-05-07 14:32:57.091 7 INFO neutron_taas.services.taas.tap_mirror_plugin [None req-92372f94-45aa-4528-88c0-ce402bd1a29f 0504aa06e6394d6ab497545e71ebd9b6 cdf5112ffd134753b1edfadbfc688478 - - default default] Tap Mirror: Handle Delete Port: fc86b2a7-f232-4a6e-80cb-ad76eefb7bb7 [pid: 7|app: 0|req: 900/1831] 10.0.0.184 () {32 vars in 726 bytes} [Thu May 7 14:32:56 2026] DELETE /v2.0/networks/49eb438b-fe22-48d4-b1d7-6e737fbce3a5 => generated 0 bytes in 346 msecs (HTTP/1.1 204) 3 headers in 131 bytes (1 switches on core 0)
2026-05-07 14:32:57.499 7 WARNING neutron.plugins.ml2.drivers.ovn.mech_driver.ovsdb.ovn_client [None req-baea7346-4d60-467a-9bd9-efa2ffe368e8 - - - - - -] No hosting information found for port 3b1dbd5b-d6cd-4b52-b217-f998fe4abc4c: RuntimeError: No hosting information found for port 3b1dbd5b-d6cd-4b52-b217-f998fe4abc4c
2026-05-07 14:32:57.537 7 INFO neutron.common.ovn.utils [None req-baea7346-4d60-467a-9bd9-efa2ffe368e8 - - - - - -] HA Chassis Group neutron-1f76647a-e3bb-4ed6-bd4f-34c58691c260 synchronized; highest priority chassis baf740f7-8c40-4eb9-a770-71b04e10941c
2026-05-07 14:32:57.571 8 WARNING neutron.scheduler.dhcp_agent_scheduler [None req-c7d977e2-811f-4622-abaa-e6241a91c646 1c3e2505403f4947870444a37bb21639 a5fe58fe1bba4075828081bc80854baa - - default default] No more DHCP agents
2026-05-07 14:32:57.573 8 WARNING neutron.api.rpc.agentnotifiers.dhcp_rpc_agent_api [None req-c7d977e2-811f-4622-abaa-e6241a91c646 1c3e2505403f4947870444a37bb21639 a5fe58fe1bba4075828081bc80854baa - - default default] Unable to schedule network ab148bbd-3b41-4a0c-9cec-8c072066b677: no agents available; will retry on subsequent port and subnet creation events.
2026-05-07 14:32:57.615 7 INFO neutron.services.segments.plugin [-] Segment 9c47dda8-a952-4ad1-966c-f6efa14fd080 resource provider aggregate not found
2026-05-07 14:32:57.616 7 INFO neutron.services.segments.plugin [-] Segment 9c47dda8-a952-4ad1-966c-f6efa14fd080 resource provider aggregate not found
2026-05-07 14:32:57.646 7 INFO neutron.services.segments.plugin [-] Segment 9c47dda8-a952-4ad1-966c-f6efa14fd080 resource provider not found; error: Placement Client Error (4xx): {"errors": [{"status": 404, "title": "Not Found", "detail": "The resource could not be found.\n\n No resource provider with uuid 9c47dda8-a952-4ad1-966c-f6efa14fd080 found for delete ", "request_id": "req-6f8b9bfb-010f-47d1-b01f-1de1f9f3e374"}]}
2026-05-07 14:32:57.647 7 INFO neutron.services.segments.plugin [-] Segment 9c47dda8-a952-4ad1-966c-f6efa14fd080 resource provider not found; error: Placement Client Error (4xx): {"errors": [{"status": 404, "title": "Not Found", "detail": "The resource could not be found.\n\n No resource provider with uuid 9c47dda8-a952-4ad1-966c-f6efa14fd080 found for delete ", "request_id": "req-1f892b21-c66f-4523-8e82-3df2cdf6237c"}]}
2026-05-07 14:32:57.665 7 INFO neutron.db.ovn_revision_numbers_db [None req-baea7346-4d60-467a-9bd9-efa2ffe368e8 - - - - - -] Successfully bumped revision number for resource 3b1dbd5b-d6cd-4b52-b217-f998fe4abc4c (type: router_ports) to 2
2026-05-07 14:32:57.665 7 INFO neutron.plugins.ml2.drivers.ovn.mech_driver.mech_driver [None req-baea7346-4d60-467a-9bd9-efa2ffe368e8 - - - - - -] OVN reports status down for port: 7be8e94b-e793-4018-a81f-1fc8ed621fb6
2026-05-07 14:32:57.674 7 INFO neutron.plugins.ml2.drivers.ovn.mech_driver.mech_driver [None req-baea7346-4d60-467a-9bd9-efa2ffe368e8 - - - - - -] OVN reports status down for port: b5359035-1a23-424d-b90a-1dc7fb4ab875
2026-05-07 14:32:57.744 7 INFO neutron.plugins.ml2.drivers.ovn.mech_driver.mech_driver [None req-baea7346-4d60-467a-9bd9-efa2ffe368e8 - - - - - -] OVN reports status down for port: 4e94942e-0c1e-4036-9acd-12409f8493c7
2026-05-07 14:32:57.753 7 INFO neutron.plugins.ml2.drivers.ovn.mech_driver.mech_driver [None req-baea7346-4d60-467a-9bd9-efa2ffe368e8 - - - - - -] OVN reports status down for port: c2a80fc5-0554-4ff6-8a7e-35e38647d014
2026-05-07 14:32:57.830 7 WARNING neutron.plugins.ml2.drivers.ovn.mech_driver.ovsdb.ovn_client [None req-baea7346-4d60-467a-9bd9-efa2ffe368e8 - - - - - -] Logical_Switch_Port c2a80fc5-0554-4ff6-8a7e-35e38647d014 host information not removed, the port state is up
2026-05-07 14:32:57.830 7 INFO neutron.plugins.ml2.drivers.ovn.mech_driver.mech_driver [None req-baea7346-4d60-467a-9bd9-efa2ffe368e8 - - - - - -] OVN reports status down for port: 4e94942e-0c1e-4036-9acd-12409f8493c7
2026-05-07 14:32:57.833 8 INFO neutron.db.ovn_revision_numbers_db [None req-c7d977e2-811f-4622-abaa-e6241a91c646 1c3e2505403f4947870444a37bb21639 a5fe58fe1bba4075828081bc80854baa - - default default] Successfully bumped revision number for resource 14fb71a8-a9b4-493d-bd5b-9bc7967a2659 (type: ports) to 1
2026-05-07 14:32:57.841 7 INFO neutron.plugins.ml2.drivers.ovn.mech_driver.mech_driver [None req-baea7346-4d60-467a-9bd9-efa2ffe368e8 - - - - - -] OVN reports status up for port: c2a80fc5-0554-4ff6-8a7e-35e38647d014
2026-05-07 14:32:57.871 7 INFO neutron.plugins.ml2.plugin [None req-baea7346-4d60-467a-9bd9-efa2ffe368e8 - - - - - -] Attempt 1 to provision port c2a80fc5-0554-4ff6-8a7e-35e38647d014 [pid: 7|app: 0|req: 901/1832] 10.0.0.127 () {34 vars in 990 bytes} [Thu May 7 14:32:57 2026] GET /v2.0/ports?device_id=f51109e9-2d5d-40b2-8029-3a29d8315a0b => generated 1236 bytes in 329 msecs (HTTP/1.1 200) 4 headers in 158 bytes (1 switches on core 0)
2026-05-07 14:32:58.000 7 WARNING neutron.db.securitygroups_db [None req-5aef496b-c325-4a97-a8c3-317f4f874435 1c3e2505403f4947870444a37bb21639 a5fe58fe1bba4075828081bc80854baa - - default default] project_id key not found in filters, using tenant_id instead. This support has been deprecated and will be removed in a future release. [pid: 7|app: 0|req: 902/1833] 10.0.0.184 () {32 vars in 774 bytes} [Thu May 7 14:32:57 2026] GET /v2.0/security-groups?tenant_id=cdf5112ffd134753b1edfadbfc688478&name=default => generated 2925 bytes in 102 msecs (HTTP/1.1 200) 4 headers in 158 bytes (1 switches on core 0) [pid: 7|app: 0|req: 903/1834] 10.0.0.127 () {34 vars in 1040 bytes} [Thu May 7 14:32:58 2026] GET /v2.0/security-groups?id=370b3fe9-cfd5-48ea-b5d1-9430890b8880&fields=id&fields=name => generated 114 bytes in 52 msecs (HTTP/1.1 200) 4 headers in 157 bytes (1 switches on core 0)
2026-05-07 14:32:58.182 8 INFO neutron.db.ovn_revision_numbers_db [None req-6cca8dc9-ebff-469b-a811-7411505f75bc - - - - - -] Successfully bumped revision number for resource c2a80fc5-0554-4ff6-8a7e-35e38647d014 (type: ports) to 4 [pid: 7|app: 0|req: 904/1835] 10.0.0.184 () {32 vars in 740 bytes} [Thu May 7 14:32:58 2026] DELETE /v2.0/security-groups/31979914-932a-4761-bf0d-e50719d2d70a => generated 0 bytes in 370 msecs (HTTP/1.1 204) 2 headers in 112 bytes (1 switches on core 0)
2026-05-07 14:32:58.516 7 INFO neutron.db.ovn_revision_numbers_db [None req-baea7346-4d60-467a-9bd9-efa2ffe368e8 - - - - - -] Successfully bumped revision number for resource c2a80fc5-0554-4ff6-8a7e-35e38647d014 (type: ports) to 5
2026-05-07 14:32:58.623 7 INFO neutron.plugins.ml2.drivers.ovn.mech_driver.mech_driver [None req-e6ab293a-46eb-4e55-99e7-0cdc866360cd - - - - - -] OVN reports status down for port: 14fb71a8-a9b4-493d-bd5b-9bc7967a2659
2026-05-07 14:32:58.701 7 WARNING neutron.plugins.ml2.drivers.ovn.mech_driver.ovsdb.ovn_client [None req-e6ab293a-46eb-4e55-99e7-0cdc866360cd - - - - - -] Logical_Switch_Port 14fb71a8-a9b4-493d-bd5b-9bc7967a2659 host information not removed, the port state is up
2026-05-07 14:32:58.701 7 INFO neutron.plugins.ml2.drivers.ovn.mech_driver.mech_driver [None req-e6ab293a-46eb-4e55-99e7-0cdc866360cd - - - - - -] OVN reports status up for port: 14fb71a8-a9b4-493d-bd5b-9bc7967a2659
2026-05-07 14:32:58.712 7 INFO neutron.plugins.ml2.plugin [None req-e6ab293a-46eb-4e55-99e7-0cdc866360cd - - - - - -] Attempt 1 to provision port 14fb71a8-a9b4-493d-bd5b-9bc7967a2659
2026-05-07 14:32:58.751 8 WARNING neutron.scheduler.dhcp_agent_scheduler [None req-c7d977e2-811f-4622-abaa-e6241a91c646 1c3e2505403f4947870444a37bb21639 a5fe58fe1bba4075828081bc80854baa - - default default] No more DHCP agents
2026-05-07 14:32:58.753 8 WARNING neutron.api.rpc.agentnotifiers.dhcp_rpc_agent_api [None req-c7d977e2-811f-4622-abaa-e6241a91c646 1c3e2505403f4947870444a37bb21639 a5fe58fe1bba4075828081bc80854baa - - default default] Unable to schedule network ab148bbd-3b41-4a0c-9cec-8c072066b677: no agents available; will retry on subsequent port and subnet creation events.
2026-05-07 14:32:59.063 7 INFO neutron.db.ovn_revision_numbers_db [None req-e6ab293a-46eb-4e55-99e7-0cdc866360cd - - - - - -] Successfully bumped revision number for resource 14fb71a8-a9b4-493d-bd5b-9bc7967a2659 (type: ports) to 2
2026-05-07 14:32:59.179 8 INFO neutron.db.ovn_revision_numbers_db [None req-c7d977e2-811f-4622-abaa-e6241a91c646 1c3e2505403f4947870444a37bb21639 a5fe58fe1bba4075828081bc80854baa - - default default] Successfully bumped revision number for resource 14fb71a8-a9b4-493d-bd5b-9bc7967a2659 (type: router_ports) to 1 [pid: 8|app: 0|req: 932/1836] 10.0.0.184 () {34 vars in 783 bytes} [Thu May 7 14:32:56 2026] PUT /v2.0/routers/360df240-c602-4a7c-8bd6-ebfd2a9190a6/add_router_interface => generated 310 bytes in 2410 msecs (HTTP/1.1 200) 4 headers in 157 bytes (1 switches on core 0)
2026-05-07 14:32:59.364 7 INFO neutron.db.ovn_revision_numbers_db [None req-27dcc485-84c9-4cdd-b98b-ce099550e2ae 63dfd616b29249689c2b64fca3128591 78ceb3bae8844d6e9a18b65b89adb31b - - default default] Successfully bumped revision number for resource 62e5fe76-fb85-4a44-b1b5-ebf816ed5ba8 (type: security_groups) to 1
2026-05-07 14:32:59.375 7 INFO neutron.db.ovn_revision_numbers_db [None req-27dcc485-84c9-4cdd-b98b-ce099550e2ae 63dfd616b29249689c2b64fca3128591 78ceb3bae8844d6e9a18b65b89adb31b - - default default] Successfully bumped revision number for resource 0085e72c-7199-4041-8ba7-1e7fe5e7fad0 (type: security_group_rules) to 0
2026-05-07 14:32:59.388 7 INFO neutron.db.ovn_revision_numbers_db [None req-27dcc485-84c9-4cdd-b98b-ce099550e2ae 63dfd616b29249689c2b64fca3128591 78ceb3bae8844d6e9a18b65b89adb31b - - default default] Successfully bumped revision number for resource 58790a27-40df-48bc-9710-37aec84f98ae (type: security_group_rules) to 0
2026-05-07 14:32:59.404 7 INFO neutron.db.ovn_revision_numbers_db [None req-27dcc485-84c9-4cdd-b98b-ce099550e2ae 63dfd616b29249689c2b64fca3128591 78ceb3bae8844d6e9a18b65b89adb31b - - default default] Successfully bumped revision number for resource c1639a90-d503-4967-b610-3abd29fba1b1 (type: security_group_rules) to 0
2026-05-07 14:32:59.458 7 INFO neutron.db.ovn_revision_numbers_db [None req-27dcc485-84c9-4cdd-b98b-ce099550e2ae 63dfd616b29249689c2b64fca3128591 78ceb3bae8844d6e9a18b65b89adb31b - - default default] Successfully bumped revision number for resource ea9ab0f8-b5d1-4ac9-aa56-300466e5ab6a (type: security_group_rules) to 0
2026-05-07 14:32:59.543 7 INFO neutron.db.segments_db [None req-27dcc485-84c9-4cdd-b98b-ce099550e2ae 63dfd616b29249689c2b64fca3128591 78ceb3bae8844d6e9a18b65b89adb31b - - default default] Added segment 45d96bb3-81ca-4227-a8c5-0af897e25b2c of type geneve for network 93377fd3-40e4-4361-9cc3-44b933e254f3
2026-05-07 14:32:59.656 7 INFO neutron.db.ovn_revision_numbers_db [None req-27dcc485-84c9-4cdd-b98b-ce099550e2ae 63dfd616b29249689c2b64fca3128591 78ceb3bae8844d6e9a18b65b89adb31b - - default default] Successfully bumped revision number for resource 93377fd3-40e4-4361-9cc3-44b933e254f3 (type: networks) to 1
2026-05-07 14:32:59.828 7 WARNING neutron.scheduler.dhcp_agent_scheduler [None req-27dcc485-84c9-4cdd-b98b-ce099550e2ae 63dfd616b29249689c2b64fca3128591 78ceb3bae8844d6e9a18b65b89adb31b - - default default] No more DHCP agents
2026-05-07 14:32:59.829 7 WARNING neutron.api.rpc.agentnotifiers.dhcp_rpc_agent_api [None req-27dcc485-84c9-4cdd-b98b-ce099550e2ae 63dfd616b29249689c2b64fca3128591 78ceb3bae8844d6e9a18b65b89adb31b - - default default] Unable to schedule network 93377fd3-40e4-4361-9cc3-44b933e254f3: no agents available; will retry on subsequent port and subnet creation events.
2026-05-07 14:32:59.886 8 INFO neutron.plugins.ml2.drivers.ovn.mech_driver.mech_driver [None req-bbb5e2db-6001-45bb-a4a8-b6ab5ab2be3d - - - - - -] OVN reports status down for port: 24ff8093-948c-45d0-b887-f3251e309d45
2026-05-07 14:32:59.910 7 INFO neutron.db.ovn_revision_numbers_db [None req-27dcc485-84c9-4cdd-b98b-ce099550e2ae 63dfd616b29249689c2b64fca3128591 78ceb3bae8844d6e9a18b65b89adb31b - - default default] Successfully bumped revision number for resource 24ff8093-948c-45d0-b887-f3251e309d45 (type: ports) to 1 [pid: 7|app: 0|req: 905/1837] 10.0.0.184 () {34 vars in 670 bytes} [Thu May 7 14:32:59 2026] POST /v2.0/networks => generated 670 bytes in 861 msecs (HTTP/1.1 201) 4 headers in 162 bytes (1 switches on core 0)
2026-05-07 14:32:59.954 8 INFO neutron.db.ovn_revision_numbers_db [None req-e5b2f91a-4ca3-431a-b9c8-d1e9f5a03672 f6cb990a795a4f23853fe286bb9cfd23 a1a693dc9678473aab9378d5ba56f551 - - default default] Successfully bumped revision number for resource 59af9520-1bd7-42a5-baff-9a3811a3e981 (type: security_groups) to 1
2026-05-07 14:32:59.975 8 INFO neutron.db.ovn_revision_numbers_db [None req-e5b2f91a-4ca3-431a-b9c8-d1e9f5a03672 f6cb990a795a4f23853fe286bb9cfd23 a1a693dc9678473aab9378d5ba56f551 - - default default] Successfully bumped revision number for resource b1bcd71d-b24b-4175-8067-bfee806c9f03 (type: security_group_rules) to 0
2026-05-07 14:32:59.989 8 INFO neutron.db.ovn_revision_numbers_db [None req-e5b2f91a-4ca3-431a-b9c8-d1e9f5a03672 f6cb990a795a4f23853fe286bb9cfd23 a1a693dc9678473aab9378d5ba56f551 - - default default] Successfully bumped revision number for resource c811d238-ec81-47eb-a4a1-2380548fc5e9 (type: security_group_rules) to 0 [pid: 8|app: 0|req: 933/1838] 10.0.0.184 () {34 vars in 685 bytes} [Thu May 7 14:32:59 2026] POST /v2.0/security-groups => generated 1673 bytes in 220 msecs (HTTP/1.1 201) 4 headers in 163 bytes (1 switches on core 0)
2026-05-07 14:33:00.129 7 WARNING neutron.scheduler.dhcp_agent_scheduler [None req-b263d232-6bdc-47bc-a190-78ab7fa70775 63dfd616b29249689c2b64fca3128591 78ceb3bae8844d6e9a18b65b89adb31b - - default default] No more DHCP agents
2026-05-07 14:33:00.131 7 WARNING neutron.api.rpc.agentnotifiers.dhcp_rpc_agent_api [None req-b263d232-6bdc-47bc-a190-78ab7fa70775 63dfd616b29249689c2b64fca3128591 78ceb3bae8844d6e9a18b65b89adb31b - - default default] Unable to schedule network 93377fd3-40e4-4361-9cc3-44b933e254f3: no agents available; will retry on subsequent port and subnet creation events.
2026-05-07 14:33:00.147 8 INFO neutron.db.ovn_revision_numbers_db [None req-cdf5a453-62c5-45e2-b509-adf11dfbbc1e f6cb990a795a4f23853fe286bb9cfd23 a1a693dc9678473aab9378d5ba56f551 - - default default] Successfully bumped revision number for resource f2c08004-974e-4542-b407-97bc562be5b0 (type: security_group_rules) to 0 [pid: 8|app: 0|req: 934/1839] 10.0.0.184 () {34 vars in 695 bytes} [Thu May 7 14:33:00 2026] POST /v2.0/security-group-rules => generated 597 bytes in 148 msecs (HTTP/1.1 201) 4 headers in 162 bytes (1 switches on core 0)
2026-05-07 14:33:00.289 8 INFO neutron.db.ovn_revision_numbers_db [None req-5d8fd1e5-b20f-49d0-9f7f-aeb18f63773b f6cb990a795a4f23853fe286bb9cfd23 a1a693dc9678473aab9378d5ba56f551 - - default default] Successfully bumped revision number for resource 0356d25d-ad78-4b38-88da-a1ee46f27b73 (type: security_group_rules) to 0 [pid: 8|app: 0|req: 935/1840] 10.0.0.184 () {34 vars in 695 bytes} [Thu May 7 14:33:00 2026] POST /v2.0/security-group-rules => generated 596 bytes in 135 msecs (HTTP/1.1 201) 4 headers in 162 bytes (1 switches on core 0)
2026-05-07 14:33:00.614 7 INFO neutron.db.ovn_revision_numbers_db [None req-b263d232-6bdc-47bc-a190-78ab7fa70775 63dfd616b29249689c2b64fca3128591 78ceb3bae8844d6e9a18b65b89adb31b - - default default] Successfully bumped revision number for resource 24ff8093-948c-45d0-b887-f3251e309d45 (type: ports) to 2
2026-05-07 14:33:00.637 8 INFO neutron.db.ovn_revision_numbers_db [None req-cbb43bba-2f3b-46f7-9c75-229d3b9e0121 71129bbc12ba4cd7b825c9c31b7b864c d8a9094f89aa41a6986a15634e0beadd - - default default] Successfully bumped revision number for resource 40a52a29-714a-4e03-b219-e475a65fe3a3 (type: security_groups) to 1
2026-05-07 14:33:00.648 8 INFO neutron.db.ovn_revision_numbers_db [None req-cbb43bba-2f3b-46f7-9c75-229d3b9e0121 71129bbc12ba4cd7b825c9c31b7b864c d8a9094f89aa41a6986a15634e0beadd - - default default] Successfully bumped revision number for resource 090e3aa7-b051-47eb-bdd6-b7677835c692 (type: security_group_rules) to 0
2026-05-07 14:33:00.650 7 INFO neutron.db.ovn_revision_numbers_db [None req-b263d232-6bdc-47bc-a190-78ab7fa70775 63dfd616b29249689c2b64fca3128591 78ceb3bae8844d6e9a18b65b89adb31b - - default default] Successfully bumped revision number for resource b6c2d4c9-46da-4b6a-8395-0388b81c5610 (type: subnets) to 0
2026-05-07 14:33:00.664 8 INFO neutron.db.ovn_revision_numbers_db [None req-cbb43bba-2f3b-46f7-9c75-229d3b9e0121 71129bbc12ba4cd7b825c9c31b7b864c d8a9094f89aa41a6986a15634e0beadd - - default default] Successfully bumped revision number for resource 4201dc59-943f-46ad-b0c0-469206da7d66 (type: security_group_rules) to 0 [pid: 7|app: 0|req: 906/1841] 10.0.0.184 () {34 vars in 669 bytes} [Thu May 7 14:32:59 2026] POST /v2.0/subnets => generated 626 bytes in 730 msecs (HTTP/1.1 201) 4 headers in 162 bytes (1 switches on core 0)
2026-05-07 14:33:00.679 8 INFO neutron.db.ovn_revision_numbers_db [None req-cbb43bba-2f3b-46f7-9c75-229d3b9e0121 71129bbc12ba4cd7b825c9c31b7b864c d8a9094f89aa41a6986a15634e0beadd - - default default] Successfully bumped revision number for resource 6db00546-b6fe-4595-8438-f550098d952c (type: security_group_rules) to 0
2026-05-07 14:33:00.692 8 INFO neutron.db.ovn_revision_numbers_db [None req-cbb43bba-2f3b-46f7-9c75-229d3b9e0121 71129bbc12ba4cd7b825c9c31b7b864c d8a9094f89aa41a6986a15634e0beadd - - default default] Successfully bumped revision number for resource c68745c3-cb9d-4815-a231-a35338766336 (type: security_group_rules) to 0
2026-05-07 14:33:00.803 8 INFO neutron.db.ovn_revision_numbers_db [None req-cbb43bba-2f3b-46f7-9c75-229d3b9e0121 71129bbc12ba4cd7b825c9c31b7b864c d8a9094f89aa41a6986a15634e0beadd - - default default] Successfully bumped revision number for resource 8528b31f-b021-47c6-a2a4-8bec638b5473 (type: security_groups) to 1
2026-05-07 14:33:00.809 7 INFO neutron.db.ovn_revision_numbers_db [None req-d407940c-6f6c-4987-894c-de3eaccde2d9 f6cb990a795a4f23853fe286bb9cfd23 a1a693dc9678473aab9378d5ba56f551 - - default default] Successfully bumped revision number for resource 21eb40c8-54ba-4985-9fe8-722576394b90 (type: security_group_rules) to 0
2026-05-07 14:33:00.813 8 INFO neutron.db.ovn_revision_numbers_db [None req-cbb43bba-2f3b-46f7-9c75-229d3b9e0121 71129bbc12ba4cd7b825c9c31b7b864c d8a9094f89aa41a6986a15634e0beadd - - default default] Successfully bumped revision number for resource 6af633ac-5520-48f1-8b9b-5f60b58c074a (type: security_group_rules) to 0
2026-05-07 14:33:00.824 8 INFO neutron.db.ovn_revision_numbers_db [None req-cbb43bba-2f3b-46f7-9c75-229d3b9e0121 71129bbc12ba4cd7b825c9c31b7b864c d8a9094f89aa41a6986a15634e0beadd - - default default] Successfully bumped revision number for resource e8b7d42e-6a46-4ec1-aebe-45702b7bf8a8 (type: security_group_rules) to 0 [pid: 7|app: 0|req: 907/1842] 10.0.0.184 () {34 vars in 695 bytes} [Thu May 7 14:33:00 2026] POST /v2.0/security-group-rules => generated 602 bytes in 168 msecs (HTTP/1.1 201) 4 headers in 162 bytes (1 switches on core 0) [pid: 8|app: 0|req: 936/1843] 10.0.0.184 () {34 vars in 684 bytes} [Thu May 7 14:33:00 2026] POST /v2.0/security-groups => generated 1624 bytes in 539 msecs (HTTP/1.1 201) 4 headers in 163 bytes (1 switches on core 0)
2026-05-07 14:33:00.917 7 INFO neutron.db.segments_db [None req-c84558c4-9276-4549-8151-930ede0a9f39 63dfd616b29249689c2b64fca3128591 78ceb3bae8844d6e9a18b65b89adb31b - - default default] Added segment 4ed6f42a-2b60-4312-b6df-b79b108af5d9 of type geneve for network 8bdae154-24d4-4885-a364-e717671223e9
2026-05-07 14:33:00.963 8 INFO neutron.db.ovn_revision_numbers_db [None req-649ce756-2624-44e3-b2e6-0b8d42a5c5c2 f6cb990a795a4f23853fe286bb9cfd23 a1a693dc9678473aab9378d5ba56f551 - - default default] Successfully bumped revision number for resource 567e4049-c6a9-4baa-b0bf-118b51582864 (type: security_group_rules) to 0 [pid: 8|app: 0|req: 937/1844] 10.0.0.184 () {34 vars in 695 bytes} [Thu May 7 14:33:00 2026] POST /v2.0/security-group-rules => generated 601 bytes in 131 msecs (HTTP/1.1 201) 4 headers in 162 bytes (1 switches on core 0)
2026-05-07 14:33:01.025 7 INFO neutron.db.ovn_revision_numbers_db [None req-c84558c4-9276-4549-8151-930ede0a9f39 63dfd616b29249689c2b64fca3128591 78ceb3bae8844d6e9a18b65b89adb31b - - default default] Successfully bumped revision number for resource 8bdae154-24d4-4885-a364-e717671223e9 (type: networks) to 1 [pid: 8|app: 0|req: 938/1845] 10.0.0.184 () {32 vars in 663 bytes} [Thu May 7 14:33:00 2026] GET /v2.0/security-groups => generated 4529 bytes in 44 msecs (HTTP/1.1 200) 4 headers in 158 bytes (1 switches on core 0)
2026-05-07 14:33:01.069 8 INFO neutron.db.securitygroups_db [None req-1cb44038-0087-437d-b386-91e90941f06c f6cb990a795a4f23853fe286bb9cfd23 a1a693dc9678473aab9378d5ba56f551 - - default default] Project a1a693dc9678473aab9378d5ba56f551 added a security group rule with legacy IPv6 ICMP protocol name icmp, ipv6-icmp should be used instead. It was automatically converted.
2026-05-07 14:33:01.145 8 INFO neutron.db.ovn_revision_numbers_db [None req-1cb44038-0087-437d-b386-91e90941f06c f6cb990a795a4f23853fe286bb9cfd23 a1a693dc9678473aab9378d5ba56f551 - - default default] Successfully bumped revision number for resource dd2346e9-5b11-4558-a13a-91185df97a55 (type: security_group_rules) to 0 [pid: 8|app: 0|req: 939/1846] 10.0.0.184 () {34 vars in 695 bytes} [Thu May 7 14:33:01 2026] POST /v2.0/security-group-rules => generated 607 bytes in 141 msecs (HTTP/1.1 201) 4 headers in 162 bytes (1 switches on core 0)
2026-05-07 14:33:01.188 7 WARNING neutron.scheduler.dhcp_agent_scheduler [None req-c84558c4-9276-4549-8151-930ede0a9f39 63dfd616b29249689c2b64fca3128591 78ceb3bae8844d6e9a18b65b89adb31b - - default default] No more DHCP agents
2026-05-07 14:33:01.189 7 WARNING neutron.api.rpc.agentnotifiers.dhcp_rpc_agent_api [None req-c84558c4-9276-4549-8151-930ede0a9f39 63dfd616b29249689c2b64fca3128591 78ceb3bae8844d6e9a18b65b89adb31b - - default default] Unable to schedule network 8bdae154-24d4-4885-a364-e717671223e9: no agents available; will retry on subsequent port and subnet creation events.
2026-05-07 14:33:01.263 8 INFO neutron.db.ovn_revision_numbers_db [None req-76de0c0e-f57d-4f1e-bc37-3f9261a4f6e1 71129bbc12ba4cd7b825c9c31b7b864c d8a9094f89aa41a6986a15634e0beadd - - default default] Successfully bumped revision number for resource 8528b31f-b021-47c6-a2a4-8bec638b5473 (type: security_groups) to 2
2026-05-07 14:33:01.281 7 INFO neutron.db.ovn_revision_numbers_db [None req-c84558c4-9276-4549-8151-930ede0a9f39 63dfd616b29249689c2b64fca3128591 78ceb3bae8844d6e9a18b65b89adb31b - - default default] Successfully bumped revision number for resource c79fdd4a-8bbb-4b52-ba7b-f7487e7f860b (type: ports) to 1 [pid: 8|app: 0|req: 940/1847] 10.0.0.184 () {34 vars in 758 bytes} [Thu May 7 14:33:01 2026] PUT /v2.0/security-groups/8528b31f-b021-47c6-a2a4-8bec638b5473 => generated 1663 bytes in 108 msecs (HTTP/1.1 200) 4 headers in 158 bytes (1 switches on core 0) [pid: 7|app: 0|req: 908/1848] 10.0.0.184 () {34 vars in 670 bytes} [Thu May 7 14:33:00 2026] POST /v2.0/networks => generated 670 bytes in 465 msecs (HTTP/1.1 201) 4 headers in 162 bytes (1 switches on core 0)
2026-05-07 14:33:01.315 8 INFO neutron.db.securitygroups_db [None req-7ad034c1-9210-4b62-a271-0a9982b056f9 f6cb990a795a4f23853fe286bb9cfd23 a1a693dc9678473aab9378d5ba56f551 - - default default] Project a1a693dc9678473aab9378d5ba56f551 added a security group rule with legacy IPv6 ICMP protocol name icmp, ipv6-icmp should be used instead. It was automatically converted. [pid: 7|app: 0|req: 909/1849] 10.0.0.184 () {32 vars in 737 bytes} [Thu May 7 14:33:01 2026] GET /v2.0/security-groups/8528b31f-b021-47c6-a2a4-8bec638b5473 => generated 1663 bytes in 22 msecs (HTTP/1.1 200) 4 headers in 158 bytes (1 switches on core 0)
2026-05-07 14:33:01.396 8 INFO neutron.db.ovn_revision_numbers_db [None req-7ad034c1-9210-4b62-a271-0a9982b056f9 f6cb990a795a4f23853fe286bb9cfd23 a1a693dc9678473aab9378d5ba56f551 - - default default] Successfully bumped revision number for resource 14b1bc60-fc66-448e-947b-8d2e796a33fe (type: security_group_rules) to 0 [pid: 8|app: 0|req: 941/1850] 10.0.0.184 () {34 vars in 695 bytes} [Thu May 7 14:33:01 2026] POST /v2.0/security-group-rules => generated 606 bytes in 138 msecs (HTTP/1.1 201) 4 headers in 162 bytes (1 switches on core 0)
2026-05-07 14:33:01.521 7 WARNING neutron.scheduler.dhcp_agent_scheduler [None req-17908ecb-4c53-4bb7-8b81-6a28c2921436 63dfd616b29249689c2b64fca3128591 78ceb3bae8844d6e9a18b65b89adb31b - - default default] No more DHCP agents
2026-05-07 14:33:01.523 7 WARNING neutron.api.rpc.agentnotifiers.dhcp_rpc_agent_api [None req-17908ecb-4c53-4bb7-8b81-6a28c2921436 63dfd616b29249689c2b64fca3128591 78ceb3bae8844d6e9a18b65b89adb31b - - default default] Unable to schedule network 8bdae154-24d4-4885-a364-e717671223e9: no agents available; will retry on subsequent port and subnet creation events. [pid: 8|app: 0|req: 942/1851] 10.0.0.184 () {32 vars in 740 bytes} [Thu May 7 14:33:01 2026] DELETE /v2.0/security-groups/8528b31f-b021-47c6-a2a4-8bec638b5473 => generated 0 bytes in 128 msecs (HTTP/1.1 204) 2 headers in 112 bytes (1 switches on core 0) [pid: 8|app: 0|req: 943/1852] 10.0.0.184 () {32 vars in 663 bytes} [Thu May 7 14:33:01 2026] GET /v2.0/security-groups => generated 2925 bytes in 36 msecs (HTTP/1.1 200) 4 headers in 158 bytes (1 switches on core 0)
2026-05-07 14:33:01.610 8 INFO neutron.api.v2.resource [None req-4cf3a228-1d7a-4800-9ac5-59f57bd91538 71129bbc12ba4cd7b825c9c31b7b864c d8a9094f89aa41a6986a15634e0beadd - - default default] delete failed (client error): The resource could not be found. [pid: 8|app: 0|req: 944/1853] 10.0.0.184 () {32 vars in 740 bytes} [Thu May 7 14:33:01 2026] DELETE /v2.0/security-groups/8528b31f-b021-47c6-a2a4-8bec638b5473 => generated 146 bytes in 12 msecs (HTTP/1.1 404) 4 headers in 164 bytes (1 switches on core 0)
2026-05-07 14:33:01.739 8 INFO neutron.db.ovn_revision_numbers_db [None req-4d9e5f0c-ec89-456c-88de-80816f9f6a8e 71129bbc12ba4cd7b825c9c31b7b864c d8a9094f89aa41a6986a15634e0beadd - - default default] Successfully bumped revision number for resource 4e6662c2-36b8-4488-8278-7089f1192701 (type: security_groups) to 1
2026-05-07 14:33:01.750 8 INFO neutron.db.ovn_revision_numbers_db [None req-4d9e5f0c-ec89-456c-88de-80816f9f6a8e 71129bbc12ba4cd7b825c9c31b7b864c d8a9094f89aa41a6986a15634e0beadd - - default default] Successfully bumped revision number for resource 6d9ab9bb-106f-44cb-8556-6e9bb3c8cd9d (type: security_group_rules) to 0
2026-05-07 14:33:01.761 8 INFO neutron.db.ovn_revision_numbers_db [None req-4d9e5f0c-ec89-456c-88de-80816f9f6a8e 71129bbc12ba4cd7b825c9c31b7b864c d8a9094f89aa41a6986a15634e0beadd - - default default] Successfully bumped revision number for resource 8b70f085-2398-4c92-a6a3-ff21b7977b57 (type: security_group_rules) to 0 [pid: 8|app: 0|req: 945/1854] 10.0.0.184 () {34 vars in 684 bytes} [Thu May 7 14:33:01 2026] POST /v2.0/security-groups => generated 1625 bytes in 181 msecs (HTTP/1.1 201) 4 headers in 163 bytes (1 switches on core 0)
2026-05-07 14:33:01.910 8 INFO neutron.db.ovn_revision_numbers_db [None req-e332a320-df3c-43f9-98d0-f9188c3b2bc0 71129bbc12ba4cd7b825c9c31b7b864c d8a9094f89aa41a6986a15634e0beadd - - default default] Successfully bumped revision number for resource 148029fb-c5fa-427e-8e4e-e4724f9ff440 (type: security_group_rules) to 0 [pid: 8|app: 0|req: 946/1855] 10.0.0.184 () {34 vars in 695 bytes} [Thu May 7 14:33:01 2026] POST /v2.0/security-group-rules => generated 601 bytes in 136 msecs (HTTP/1.1 201) 4 headers in 162 bytes (1 switches on core 0)
2026-05-07 14:33:01.983 7 INFO neutron.db.ovn_revision_numbers_db [None req-17908ecb-4c53-4bb7-8b81-6a28c2921436 63dfd616b29249689c2b64fca3128591 78ceb3bae8844d6e9a18b65b89adb31b - - default default] Successfully bumped revision number for resource c79fdd4a-8bbb-4b52-ba7b-f7487e7f860b (type: ports) to 2
2026-05-07 14:33:02.011 7 INFO neutron.db.ovn_revision_numbers_db [None req-17908ecb-4c53-4bb7-8b81-6a28c2921436 63dfd616b29249689c2b64fca3128591 78ceb3bae8844d6e9a18b65b89adb31b - - default default] Successfully bumped revision number for resource b3aa6950-d9d1-479a-9015-f3c7e545619a (type: subnets) to 0 [pid: 7|app: 0|req: 910/1856] 10.0.0.184 () {34 vars in 669 bytes} [Thu May 7 14:33:01 2026] POST /v2.0/subnets => generated 629 bytes in 704 msecs (HTTP/1.1 201) 4 headers in 162 bytes (1 switches on core 0)
2026-05-07 14:33:02.070 8 INFO neutron.db.ovn_revision_numbers_db [None req-0581a969-9d28-472e-b5f4-98a4453fbb39 f6cb990a795a4f23853fe286bb9cfd23 a1a693dc9678473aab9378d5ba56f551 - - default default] Successfully bumped revision number for resource a92abe3f-fb0e-4d77-a54f-4945c00edaca (type: security_groups) to 1
2026-05-07 14:33:02.081 8 INFO neutron.db.ovn_revision_numbers_db [None req-0581a969-9d28-472e-b5f4-98a4453fbb39 f6cb990a795a4f23853fe286bb9cfd23 a1a693dc9678473aab9378d5ba56f551 - - default default] Successfully bumped revision number for resource 7ab48c12-b373-4279-91cc-e1c6c9bfe6a3 (type: security_group_rules) to 0
2026-05-07 14:33:02.094 8 INFO neutron.db.ovn_revision_numbers_db [None req-0581a969-9d28-472e-b5f4-98a4453fbb39 f6cb990a795a4f23853fe286bb9cfd23 a1a693dc9678473aab9378d5ba56f551 - - default default] Successfully bumped revision number for resource 85a7eda4-b82c-4ea9-87e0-a01aaf01774c (type: security_group_rules) to 0 [pid: 7|app: 0|req: 911/1857] 10.0.0.184 () {32 vars in 826 bytes} [Thu May 7 14:33:02 2026] GET /v2.0/ports?project_id=41e88ca8f6bf4aa5b916d89270e14da7&network_id=7003f371-5744-4467-bc44-aff4fd2635bd => generated 3342 bytes in 79 msecs (HTTP/1.1 200) 4 headers in 158 bytes (1 switches on core 0) [pid: 8|app: 0|req: 947/1858] 10.0.0.184 () {34 vars in 685 bytes} [Thu May 7 14:33:01 2026] POST /v2.0/security-groups => generated 1659 bytes in 188 msecs (HTTP/1.1 201) 4 headers in 163 bytes (1 switches on core 0) [pid: 7|app: 0|req: 912/1859] 10.0.0.184 () {32 vars in 747 bytes} [Thu May 7 14:33:02 2026] GET /v2.0/security-group-rules/148029fb-c5fa-427e-8e4e-e4724f9ff440 => generated 601 bytes in 23 msecs (HTTP/1.1 200) 4 headers in 157 bytes (1 switches on core 0)
2026-05-07 14:33:02.216 8 INFO neutron.db.segments_db [None req-206572eb-3a15-48c3-ba4c-b4d055c64ccb 63dfd616b29249689c2b64fca3128591 78ceb3bae8844d6e9a18b65b89adb31b - - default default] Added segment e9f934fb-eaae-4bf5-be3e-e99285d97f24 of type geneve for network 82a62980-c54a-4722-984d-750c243bb792
