2026-05-31 06:58:53.135 9 INFO neutron.wsgi [None req-e647ac4b-ceae-4ecb-8972-92a85c90dded acbe6c4dbe524847b8db3dcdc7e7fdf0 5481912fcff14d4abdd8160e885185d3 - - default default] 10.0.0.132 "GET /v2.0/subnets HTTP/1.1" status: 200 len: 2084 time: 0.0615396
2026-05-31 06:58:53.378 9 INFO neutron.wsgi [None req-59a52fc9-7023-4f0a-8594-f71562f4c324 acbe6c4dbe524847b8db3dcdc7e7fdf0 5481912fcff14d4abdd8160e885185d3 - - default default] 10.0.0.132 "DELETE /v2.0/subnets/a56fae86-9bf7-43fc-8d56-ce48d2a6f13a HTTP/1.1" status: 204 len: 168 time: 0.2286663
2026-05-31 06:58:53.428 9 INFO neutron.db.ovn_revision_numbers_db [None req-bc61744e-384c-43cb-8a8a-ca79dd9e7441 8b9c7af5d8ee4db9bf808d1c36836326 728873e09eee41428abfc01bbfb1bc64 - - default default] Successfully bumped revision number for resource 2401e67b-3347-498d-9dd9-d65c9b3410db (type: ports) to 2
2026-05-31 06:58:53.478 9 INFO neutron.db.ovn_revision_numbers_db [None req-bc61744e-384c-43cb-8a8a-ca79dd9e7441 8b9c7af5d8ee4db9bf808d1c36836326 728873e09eee41428abfc01bbfb1bc64 - - default default] Successfully bumped revision number for resource 3b088cdd-b540-4ad9-bb59-606eefe7ab09 (type: subnets) to 0
2026-05-31 06:58:53.499 9 INFO neutron.wsgi [None req-bc61744e-384c-43cb-8a8a-ca79dd9e7441 8b9c7af5d8ee4db9bf808d1c36836326 728873e09eee41428abfc01bbfb1bc64 - - default default] 10.0.0.132 "POST /v2.0/subnets HTTP/1.1" status: 201 len: 870 time: 1.1783183
2026-05-31 06:58:53.640 9 INFO neutron.wsgi [None req-359f3a70-6ba6-4d6f-b3ce-57e12b3685b5 acbe6c4dbe524847b8db3dcdc7e7fdf0 5481912fcff14d4abdd8160e885185d3 - - default default] 10.0.0.132 "DELETE /v2.0/subnets/d7387ded-c82b-451e-9005-de6eb8f32ac0 HTTP/1.1" status: 204 len: 168 time: 0.2526531
2026-05-31 06:58:53.712 10 INFO neutron.wsgi [None req-0a69326c-a8db-4078-be42-f80e3c8a0d9f acbe6c4dbe524847b8db3dcdc7e7fdf0 5481912fcff14d4abdd8160e885185d3 - - default default] 10.0.0.132 "GET /v2.0/subnets HTTP/1.1" status: 200 len: 820 time: 0.0614016 /var/lib/openstack/lib/python3.10/site-packages/pycadf/identifier.py:71: UserWarning: Invalid uuid: neutron. To ensure interoperability, identifiers should be a valid uuid. warnings.warn(('Invalid uuid: %s. To ensure interoperability, '
2026-05-31 06:58:53.789 10 INFO neutron.db.ovn_revision_numbers_db [None req-a151e583-a73d-4551-8b90-26d714e5a2f2 1e946a61d5a14c188a980852fa81176b abcb28a1c6c04226a978a7f7f403ffa4 - - default default] Successfully bumped revision number for resource 7d17da15-3d5a-4c67-8bd5-28728c209a9c (type: floatingips) to 1
2026-05-31 06:58:53.946 10 INFO neutron.db.ovn_revision_numbers_db [None req-a151e583-a73d-4551-8b90-26d714e5a2f2 1e946a61d5a14c188a980852fa81176b abcb28a1c6c04226a978a7f7f403ffa4 - - default default] Successfully bumped revision number for resource 7d17da15-3d5a-4c67-8bd5-28728c209a9c (type: floatingips) to 2
2026-05-31 06:58:53.946 10 INFO neutron.db.l3_db [None req-a151e583-a73d-4551-8b90-26d714e5a2f2 1e946a61d5a14c188a980852fa81176b abcb28a1c6c04226a978a7f7f403ffa4 - - default default] Floating IP 7d17da15-3d5a-4c67-8bd5-28728c209a9c associated. External IP: 10.96.250.216, port: ebd4e948-c191-4f6b-a9af-85059265c42d.
2026-05-31 06:58:53.978 10 INFO neutron.wsgi [None req-a151e583-a73d-4551-8b90-26d714e5a2f2 1e946a61d5a14c188a980852fa81176b abcb28a1c6c04226a978a7f7f403ffa4 - - default default] 10.0.0.132 "PUT /v2.0/floatingips/7d17da15-3d5a-4c67-8bd5-28728c209a9c HTTP/1.1" status: 200 len: 1050 time: 1.2144227
2026-05-31 06:58:54.107 10 INFO neutron.plugins.ml2.drivers.ovn.mech_driver.ovsdb.commands [None req-bea7a839-f473-4c96-b04e-bef6fd54ca3f - - - - - -] Schedule LRP lrp-fa9de552-fbe1-4420-8ad4-ac4bdbfbddda on gateway a8562625-ecb1-4164-80ae-a4f446dd3fc0 with priority 1
2026-05-31 06:58:54.125 10 INFO neutron.plugins.ml2.drivers.ovn.mech_driver.mech_driver [-] OVN reports status up for port: fa9de552-fbe1-4420-8ad4-ac4bdbfbddda
2026-05-31 06:58:54.137 9 INFO neutron.plugins.ml2.drivers.ovn.mech_driver.ovsdb.ovsdb_monitor [None req-4b9c15e3-ba33-4078-af22-a370b7e8f345 - - - - - -] Router 3a649939-f4ba-422b-bcf1-12d6cb562c8a is bound to host instance
2026-05-31 06:58:54.137 10 INFO neutron.plugins.ml2.plugin [None req-80dc192b-a9fd-4f6b-860e-f9bd944bc75b - - - - - -] Attempt 1 to provision port fa9de552-fbe1-4420-8ad4-ac4bdbfbddda
2026-05-31 06:58:54.167 10 INFO neutron.db.ovn_revision_numbers_db [None req-4297c3db-54db-46df-aa72-8c21d320ac1d 8b9c7af5d8ee4db9bf808d1c36836326 728873e09eee41428abfc01bbfb1bc64 - - default default] Successfully bumped revision number for resource fa9de552-fbe1-4420-8ad4-ac4bdbfbddda (type: router_ports) to 1
2026-05-31 06:58:54.251 10 INFO neutron.db.ovn_revision_numbers_db [None req-4297c3db-54db-46df-aa72-8c21d320ac1d 8b9c7af5d8ee4db9bf808d1c36836326 728873e09eee41428abfc01bbfb1bc64 - - default default] Successfully bumped revision number for resource 3a649939-f4ba-422b-bcf1-12d6cb562c8a (type: routers) to 2
2026-05-31 06:58:54.270 10 INFO neutron.wsgi [None req-4297c3db-54db-46df-aa72-8c21d320ac1d 8b9c7af5d8ee4db9bf808d1c36836326 728873e09eee41428abfc01bbfb1bc64 - - default default] 10.0.0.132 "POST /v2.0/routers HTTP/1.1" status: 201 len: 1175 time: 2.2352476
2026-05-31 06:58:54.329 9 WARNING neutron.scheduler.dhcp_agent_scheduler [None req-b3ab9bc7-a756-4e8f-aeef-32879cfd44f5 8b9c7af5d8ee4db9bf808d1c36836326 728873e09eee41428abfc01bbfb1bc64 - - default default] No more DHCP agents
2026-05-31 06:58:54.333 9 WARNING neutron.api.rpc.agentnotifiers.dhcp_rpc_agent_api [None req-b3ab9bc7-a756-4e8f-aeef-32879cfd44f5 8b9c7af5d8ee4db9bf808d1c36836326 728873e09eee41428abfc01bbfb1bc64 - - default default] Unable to schedule network f0e613b5-6772-4521-99fb-04ec7a1b5090: no agents available; will retry on subsequent port and subnet creation events.
2026-05-31 06:58:54.517 9 INFO neutron.services.segments.plugin [-] Segment e2f97f38-a0e0-4055-a5ec-7e0a093fcaff resource provider aggregate not found
2026-05-31 06:58:54.520 9 INFO neutron.services.segments.plugin [-] Segment e2f97f38-a0e0-4055-a5ec-7e0a093fcaff resource provider aggregate not found
2026-05-31 06:58:54.537 9 INFO neutron.services.segments.plugin [-] Segment e2f97f38-a0e0-4055-a5ec-7e0a093fcaff resource provider not found; error: Placement Client Error (4xx): {"errors": [{"status": 404, "title": "Not Found", "detail": "The resource could not be found.\n\n No resource provider with uuid e2f97f38-a0e0-4055-a5ec-7e0a093fcaff found for delete ", "request_id": "req-975d904e-fd52-436b-af5a-67f7032db3fc"}]}
2026-05-31 06:58:54.543 9 INFO neutron.services.segments.plugin [-] Segment e2f97f38-a0e0-4055-a5ec-7e0a093fcaff resource provider not found; error: Placement Client Error (4xx): {"errors": [{"status": 404, "title": "Not Found", "detail": "The resource could not be found.\n\n No resource provider with uuid e2f97f38-a0e0-4055-a5ec-7e0a093fcaff found for delete ", "request_id": "req-5401048e-1502-462b-8b7c-f457388948e4"}]}
2026-05-31 06:58:54.583 9 INFO neutron.wsgi [None req-235586e1-381f-41ba-be04-51fe750786de acbe6c4dbe524847b8db3dcdc7e7fdf0 5481912fcff14d4abdd8160e885185d3 - - default default] 10.0.0.132 "DELETE /v2.0/networks/c610df64-f3dc-46bc-b275-07f0d281ffae HTTP/1.1" status: 204 len: 168 time: 0.8552024
2026-05-31 06:58:54.645 10 INFO neutron.notifiers.nova [-] Nova event matching ['req-873bba9a-3fc2-41a1-b7c9-b1e33fd3b55f'] response: {'name': 'network-changed', 'server_uuid': 'ed7282ad-6b37-4077-8f2c-70395957afab', 'tag': 'ebd4e948-c191-4f6b-a9af-85059265c42d', 'status': 'completed', 'code': 200}
2026-05-31 06:58:54.655 9 INFO neutron.db.ovn_revision_numbers_db [None req-b3ab9bc7-a756-4e8f-aeef-32879cfd44f5 8b9c7af5d8ee4db9bf808d1c36836326 728873e09eee41428abfc01bbfb1bc64 - - default default] Successfully bumped revision number for resource f7988064-7c71-4e0e-983f-6d8bb77c392e (type: ports) to 1
2026-05-31 06:58:54.752 9 INFO neutron.wsgi [req-dd1b0c33-2823-438d-9d71-b5c66fea33eb req-5f3d36ce-bd16-49a6-b315-02dacddaa042 5cf45da4573e48c9a0ce8cd4d09c21a0 4c476e0bd3274a2ba42bd5be943bbd8f - - d7692b27b11a4bd8873e5d3d4b3c9916 d7692b27b11a4bd8873e5d3d4b3c9916] 199.204.45.89 "GET /v2.0/ports?tenant_id=abcb28a1c6c04226a978a7f7f403ffa4&device_id=ed7282ad-6b37-4077-8f2c-70395957afab HTTP/1.1" status: 200 len: 1413 time: 0.0735984
2026-05-31 06:58:54.872 9 INFO neutron.wsgi [req-dd1b0c33-2823-438d-9d71-b5c66fea33eb req-619f673a-26f5-4a2b-b013-bea2fe3c2a86 5cf45da4573e48c9a0ce8cd4d09c21a0 4c476e0bd3274a2ba42bd5be943bbd8f - - d7692b27b11a4bd8873e5d3d4b3c9916 d7692b27b11a4bd8873e5d3d4b3c9916] 199.204.45.89 "GET /v2.0/networks?id=f6fafce8-26ef-45e6-be39-ce64a9d9a841 HTTP/1.1" status: 200 len: 972 time: 0.1136076
2026-05-31 06:58:54.971 9 INFO neutron.wsgi [req-dd1b0c33-2823-438d-9d71-b5c66fea33eb req-f0e1981a-f7fb-4e30-b60e-3bdf8ad661ae 5cf45da4573e48c9a0ce8cd4d09c21a0 4c476e0bd3274a2ba42bd5be943bbd8f - - d7692b27b11a4bd8873e5d3d4b3c9916 d7692b27b11a4bd8873e5d3d4b3c9916] 199.204.45.89 "GET /v2.0/floatingips?fixed_ip_address=10.100.0.14&port_id=ebd4e948-c191-4f6b-a9af-85059265c42d HTTP/1.1" status: 200 len: 1060 time: 0.0931280
2026-05-31 06:58:55.054 10 INFO neutron.services.segments.plugin [-] Segment deb4bfb2-c90d-472b-a708-b88ed1152d32 resource provider aggregate not found
2026-05-31 06:58:55.058 10 INFO neutron.services.segments.plugin [-] Segment deb4bfb2-c90d-472b-a708-b88ed1152d32 resource provider aggregate not found
2026-05-31 06:58:55.081 10 INFO neutron.services.segments.plugin [-] Segment deb4bfb2-c90d-472b-a708-b88ed1152d32 resource provider not found; error: Placement Client Error (4xx): {"errors": [{"status": 404, "title": "Not Found", "detail": "The resource could not be found.\n\n No resource provider with uuid deb4bfb2-c90d-472b-a708-b88ed1152d32 found for delete ", "request_id": "req-7e164fbd-38b5-4e48-91ea-c556ebc20acc"}]}
2026-05-31 06:58:55.082 10 INFO neutron.services.segments.plugin [-] Segment deb4bfb2-c90d-472b-a708-b88ed1152d32 resource provider not found; error: Placement Client Error (4xx): {"errors": [{"status": 404, "title": "Not Found", "detail": "The resource could not be found.\n\n No resource provider with uuid deb4bfb2-c90d-472b-a708-b88ed1152d32 found for delete ", "request_id": "req-2837e7b3-0f26-4e97-b556-32d7fbe3b77b"}]}
2026-05-31 06:58:55.090 10 WARNING neutron.scheduler.dhcp_agent_scheduler [None req-ca68fff7-3646-43e1-9952-b5b794b2702c 8b9c7af5d8ee4db9bf808d1c36836326 728873e09eee41428abfc01bbfb1bc64 - - default default] No more DHCP agents
2026-05-31 06:58:55.092 10 WARNING neutron.api.rpc.agentnotifiers.dhcp_rpc_agent_api [None req-ca68fff7-3646-43e1-9952-b5b794b2702c 8b9c7af5d8ee4db9bf808d1c36836326 728873e09eee41428abfc01bbfb1bc64 - - default default] Unable to schedule network 5b4e17c0-5a06-4907-91eb-6e16eccff180: no agents available; will retry on subsequent port and subnet creation events.
2026-05-31 06:58:55.114 10 INFO neutron.wsgi [None req-8e063cc9-4626-4a21-976e-ea4d10f7b6cb acbe6c4dbe524847b8db3dcdc7e7fdf0 5481912fcff14d4abdd8160e885185d3 - - default default] 10.0.0.132 "DELETE /v2.0/networks/c9025ce6-bbb3-4c2c-8f0f-4eaf9aeaf0fc HTTP/1.1" status: 204 len: 168 time: 0.5246582
2026-05-31 06:58:55.206 9 INFO neutron.wsgi [req-dd1b0c33-2823-438d-9d71-b5c66fea33eb req-5dd8374f-7079-4dd9-95bc-e1685aea261d 5cf45da4573e48c9a0ce8cd4d09c21a0 4c476e0bd3274a2ba42bd5be943bbd8f - - d7692b27b11a4bd8873e5d3d4b3c9916 d7692b27b11a4bd8873e5d3d4b3c9916] 199.204.45.89 "GET /v2.0/subnets?id=e661588f-3d3b-4800-9060-53daca2348d1 HTTP/1.1" status: 200 len: 868 time: 0.2209270
2026-05-31 06:58:55.250 9 INFO neutron.wsgi [req-dd1b0c33-2823-438d-9d71-b5c66fea33eb req-3bddefa2-5a17-4d5a-9113-e5138eec7c8c 5cf45da4573e48c9a0ce8cd4d09c21a0 4c476e0bd3274a2ba42bd5be943bbd8f - - d7692b27b11a4bd8873e5d3d4b3c9916 d7692b27b11a4bd8873e5d3d4b3c9916] 199.204.45.89 "GET /v2.0/ports?network_id=f6fafce8-26ef-45e6-be39-ce64a9d9a841&device_owner=network%3Adhcp HTTP/1.1" status: 200 len: 210 time: 0.0255299
2026-05-31 06:58:55.332 10 INFO neutron.db.ovn_revision_numbers_db [None req-ca68fff7-3646-43e1-9952-b5b794b2702c 8b9c7af5d8ee4db9bf808d1c36836326 728873e09eee41428abfc01bbfb1bc64 - - default default] Successfully bumped revision number for resource 423326a9-217b-4e6f-9398-dd78412c0ad1 (type: ports) to 1
2026-05-31 06:58:55.351 9 INFO neutron.wsgi [req-dd1b0c33-2823-438d-9d71-b5c66fea33eb req-94efb90b-237e-474b-ba93-11abd3a5a3b3 5cf45da4573e48c9a0ce8cd4d09c21a0 4c476e0bd3274a2ba42bd5be943bbd8f - - d7692b27b11a4bd8873e5d3d4b3c9916 d7692b27b11a4bd8873e5d3d4b3c9916] 199.204.45.89 "GET /v2.0/networks/f6fafce8-26ef-45e6-be39-ce64a9d9a841?fields=segments HTTP/1.1" status: 200 len: 212 time: 0.0959289
2026-05-31 06:58:55.460 9 INFO neutron.wsgi [req-dd1b0c33-2823-438d-9d71-b5c66fea33eb req-26de7e6c-6e57-437e-8f23-242dfd1db67d 5cf45da4573e48c9a0ce8cd4d09c21a0 4c476e0bd3274a2ba42bd5be943bbd8f - - d7692b27b11a4bd8873e5d3d4b3c9916 d7692b27b11a4bd8873e5d3d4b3c9916] 199.204.45.89 "GET /v2.0/networks/f6fafce8-26ef-45e6-be39-ce64a9d9a841?fields=provider%3Aphysical_network&fields=provider%3Anetwork_type HTTP/1.1" status: 200 len: 277 time: 0.1053734
2026-05-31 06:58:55.529 9 INFO neutron.db.ovn_revision_numbers_db [None req-4b9c15e3-ba33-4078-af22-a370b7e8f345 - - - - - -] Successfully bumped revision number for resource fa9de552-fbe1-4420-8ad4-ac4bdbfbddda (type: ports) to 1
2026-05-31 06:58:55.685 10 INFO neutron.wsgi [None req-4fa22bdc-db8a-4133-83aa-c9c07df5ad3b acbe6c4dbe524847b8db3dcdc7e7fdf0 5481912fcff14d4abdd8160e885185d3 - - default default] 10.0.0.132 "DELETE /v2.0/networks/113dab19-5f50-43c9-a89f-960448b4b405 HTTP/1.1" status: 204 len: 168 time: 0.5563207
2026-05-31 06:58:55.934 10 ERROR ovsdbapp.backend.ovs_idl.command [None req-ca68fff7-3646-43e1-9952-b5b794b2702c 8b9c7af5d8ee4db9bf808d1c36836326 728873e09eee41428abfc01bbfb1bc64 - - default default] Error executing command (DbGetCommand): ovsdbapp.backend.ovs_idl.idlutils.RowNotFound: Cannot find Logical_Router_Port with name=lrp-423326a9-217b-4e6f-9398-dd78412c0ad1
2026-05-31 06:58:55.934 10 ERROR ovsdbapp.backend.ovs_idl.command
Traceback (most recent call last):
2026-05-31 06:58:55.934 10 ERROR ovsdbapp.backend.ovs_idl.command
File "/var/lib/openstack/lib/python3.10/site-packages/ovsdbapp/backend/ovs_idl/command.py", line 47, in execute
2026-05-31 06:58:55.934 10 ERROR ovsdbapp.backend.ovs_idl.command self.run_idl(None)
2026-05-31 06:58:55.934 10 ERROR ovsdbapp.backend.ovs_idl.command
File "/var/lib/openstack/lib/python3.10/site-packages/ovsdbapp/backend/ovs_idl/command.py", line 235, in run_idl
2026-05-31 06:58:55.934 10 ERROR ovsdbapp.backend.ovs_idl.command record = self.api.lookup(self.table, self.record)
2026-05-31 06:58:55.934 10 ERROR ovsdbapp.backend.ovs_idl.command
File "/var/lib/openstack/lib/python3.10/site-packages/ovsdbapp/backend/ovs_idl/__init__.py", line 184, in lookup
2026-05-31 06:58:55.934 10 ERROR ovsdbapp.backend.ovs_idl.command return self._lookup(table, record)
2026-05-31 06:58:55.934 10 ERROR ovsdbapp.backend.ovs_idl.command
File "/var/lib/openstack/lib/python3.10/site-packages/ovsdbapp/backend/ovs_idl/__init__.py", line 235, in _lookup
2026-05-31 06:58:55.934 10 ERROR ovsdbapp.backend.ovs_idl.command row = idlutils.row_by_value(self, rl.table, rl.column, record)
2026-05-31 06:58:55.934 10 ERROR ovsdbapp.backend.ovs_idl.command
File "/var/lib/openstack/lib/python3.10/site-packages/ovsdbapp/backend/ovs_idl/idlutils.py", line 114, in row_by_value
2026-05-31 06:58:55.934 10 ERROR ovsdbapp.backend.ovs_idl.command raise RowNotFound(table=table, col=column, match=match)
2026-05-31 06:58:55.934 10 ERROR ovsdbapp.backend.ovs_idl.command ovsdbapp.backend.ovs_idl.idlutils.RowNotFound: Cannot find Logical_Router_Port with name=lrp-423326a9-217b-4e6f-9398-dd78412c0ad1
2026-05-31 06:58:55.934 10 ERROR ovsdbapp.backend.ovs_idl.command 
2026-05-31 06:58:55.935 10 ERROR neutron_lib.callbacks.manager [None req-ca68fff7-3646-43e1-9952-b5b794b2702c 8b9c7af5d8ee4db9bf808d1c36836326 728873e09eee41428abfc01bbfb1bc64 - - default default] Error during notification for neutron.services.ovn_l3.plugin.OVNL3RouterPlugin._port_update-8782976824047 port, after_update: ovsdbapp.backend.ovs_idl.idlutils.RowNotFound: Cannot find Logical_Router_Port with name=lrp-423326a9-217b-4e6f-9398-dd78412c0ad1
2026-05-31 06:58:55.935 10 ERROR neutron_lib.callbacks.manager
Traceback (most recent call last):
2026-05-31 06:58:55.935 10 ERROR neutron_lib.callbacks.manager
File "/var/lib/openstack/lib/python3.10/site-packages/neutron_lib/callbacks/manager.py", line 189, in _notify_loop
2026-05-31 06:58:55.935 10 ERROR neutron_lib.callbacks.manager callback.method(resource, event, trigger, payload=payload)
2026-05-31 06:58:55.935 10 ERROR neutron_lib.callbacks.manager
File "/var/lib/openstack/lib/python3.10/site-packages/neutron/services/ovn_l3/plugin.py", line 391, in _port_update
2026-05-31 06:58:55.935 10 ERROR neutron_lib.callbacks.manager l3plugin._ovn_client.update_router_port(context,
2026-05-31 06:58:55.935 10 ERROR neutron_lib.callbacks.manager
File "/var/lib/openstack/lib/python3.10/site-packages/neutron/plugins/ml2/drivers/ovn/mech_driver/ovsdb/ovn_client.py", line 1878, in update_router_port
2026-05-31 06:58:55.935 10 ERROR neutron_lib.callbacks.manager self._update_lrouter_port(context, port, if_exists=if_exists,
2026-05-31 06:58:55.935 10 ERROR neutron_lib.callbacks.manager
File "/var/lib/openstack/lib/python3.10/site-packages/neutron/plugins/ml2/drivers/ovn/mech_driver/ovsdb/ovn_client.py", line 1855, in _update_lrouter_port
2026-05-31 06:58:55.935 10 ERROR neutron_lib.callbacks.manager external_ids = self._nb_idl.db_get(
2026-05-31 06:58:55.935 10 ERROR neutron_lib.callbacks.manager
File "/var/lib/openstack/lib/python3.10/site-packages/ovsdbapp/backend/ovs_idl/command.py", line 47, in execute
2026-05-31 06:58:55.935 10 ERROR neutron_lib.callbacks.manager self.run_idl(None)
2026-05-31 06:58:55.935 10 ERROR neutron_lib.callbacks.manager
File "/var/lib/openstack/lib/python3.10/site-packages/ovsdbapp/backend/ovs_idl/command.py", line 235, in run_idl
2026-05-31 06:58:55.935 10 ERROR neutron_lib.callbacks.manager record = self.api.lookup(self.table, self.record)
2026-05-31 06:58:55.935 10 ERROR neutron_lib.callbacks.manager
File "/var/lib/openstack/lib/python3.10/site-packages/ovsdbapp/backend/ovs_idl/__init__.py", line 184, in lookup
2026-05-31 06:58:55.935 10 ERROR neutron_lib.callbacks.manager return self._lookup(table, record)
2026-05-31 06:58:55.935 10 ERROR neutron_lib.callbacks.manager
File "/var/lib/openstack/lib/python3.10/site-packages/ovsdbapp/backend/ovs_idl/__init__.py", line 235, in _lookup
2026-05-31 06:58:55.935 10 ERROR neutron_lib.callbacks.manager row = idlutils.row_by_value(self, rl.table, rl.column, record)
2026-05-31 06:58:55.935 10 ERROR neutron_lib.callbacks.manager
File "/var/lib/openstack/lib/python3.10/site-packages/ovsdbapp/backend/ovs_idl/idlutils.py", line 114, in row_by_value
2026-05-31 06:58:55.935 10 ERROR neutron_lib.callbacks.manager raise RowNotFound(table=table, col=column, match=match)
2026-05-31 06:58:55.935 10 ERROR neutron_lib.callbacks.manager ovsdbapp.backend.ovs_idl.idlutils.RowNotFound: Cannot find Logical_Router_Port with name=lrp-423326a9-217b-4e6f-9398-dd78412c0ad1
2026-05-31 06:58:55.935 10 ERROR neutron_lib.callbacks.manager 
2026-05-31 06:58:56.003 9 INFO neutron.plugins.ml2.drivers.ovn.mech_driver.ovsdb.commands [None req-9f7720b6-252d-4b9c-9b4d-80df5cc04c94 - - - - - -] Schedule LRP lrp-f7988064-7c71-4e0e-983f-6d8bb77c392e on gateway a8562625-ecb1-4164-80ae-a4f446dd3fc0 with priority 1
2026-05-31 06:58:56.213 9 INFO neutron.plugins.ml2.drivers.ovn.mech_driver.mech_driver [None req-378f219e-fb21-4b85-bd37-a148f77145a1 - - - - - -] OVN reports status up for port: f7988064-7c71-4e0e-983f-6d8bb77c392e
2026-05-31 06:58:56.246 9 INFO neutron.plugins.ml2.plugin [None req-378f219e-fb21-4b85-bd37-a148f77145a1 - - - - - -] Attempt 1 to provision port f7988064-7c71-4e0e-983f-6d8bb77c392e
2026-05-31 06:58:56.269 10 INFO neutron.db.ovn_revision_numbers_db [None req-ca68fff7-3646-43e1-9952-b5b794b2702c 8b9c7af5d8ee4db9bf808d1c36836326 728873e09eee41428abfc01bbfb1bc64 - - default default] Successfully bumped revision number for resource 423326a9-217b-4e6f-9398-dd78412c0ad1 (type: ports) to 1
2026-05-31 06:58:56.298 9 INFO neutron.db.ovn_revision_numbers_db [None req-b3ab9bc7-a756-4e8f-aeef-32879cfd44f5 8b9c7af5d8ee4db9bf808d1c36836326 728873e09eee41428abfc01bbfb1bc64 - - default default] Successfully bumped revision number for resource f7988064-7c71-4e0e-983f-6d8bb77c392e (type: router_ports) to 1
2026-05-31 06:58:56.334 10 WARNING neutron.scheduler.dhcp_agent_scheduler [None req-ca68fff7-3646-43e1-9952-b5b794b2702c 8b9c7af5d8ee4db9bf808d1c36836326 728873e09eee41428abfc01bbfb1bc64 - - default default] No more DHCP agents
2026-05-31 06:58:56.336 10 WARNING neutron.api.rpc.agentnotifiers.dhcp_rpc_agent_api [None req-ca68fff7-3646-43e1-9952-b5b794b2702c 8b9c7af5d8ee4db9bf808d1c36836326 728873e09eee41428abfc01bbfb1bc64 - - default default] Unable to schedule network 5b4e17c0-5a06-4907-91eb-6e16eccff180: no agents available; will retry on subsequent port and subnet creation events.
2026-05-31 06:58:56.430 9 INFO neutron.db.ovn_revision_numbers_db [None req-b3ab9bc7-a756-4e8f-aeef-32879cfd44f5 8b9c7af5d8ee4db9bf808d1c36836326 728873e09eee41428abfc01bbfb1bc64 - - default default] Successfully bumped revision number for resource 61b68af1-7d97-467f-851f-981680d5fa8d (type: routers) to 2
2026-05-31 06:58:56.450 9 INFO neutron.db.ovn_revision_numbers_db [None req-4b9c15e3-ba33-4078-af22-a370b7e8f345 - - - - - -] Successfully bumped revision number for resource fa9de552-fbe1-4420-8ad4-ac4bdbfbddda (type: router_ports) to 3
2026-05-31 06:58:56.454 9 INFO neutron.wsgi [None req-b3ab9bc7-a756-4e8f-aeef-32879cfd44f5 8b9c7af5d8ee4db9bf808d1c36836326 728873e09eee41428abfc01bbfb1bc64 - - default default] 10.0.0.132 "POST /v2.0/routers HTTP/1.1" status: 201 len: 1172 time: 2.9511738
2026-05-31 06:58:56.568 9 INFO neutron.services.segments.plugin [-] Segment aec4f4c6-f367-400c-b9cb-33c4b8a9ea92 resource provider aggregate not found
2026-05-31 06:58:56.572 9 INFO neutron.services.segments.plugin [-] Segment aec4f4c6-f367-400c-b9cb-33c4b8a9ea92 resource provider aggregate not found
2026-05-31 06:58:56.598 9 INFO neutron.services.segments.plugin [-] Segment aec4f4c6-f367-400c-b9cb-33c4b8a9ea92 resource provider not found; error: Placement Client Error (4xx): {"errors": [{"status": 404, "title": "Not Found", "detail": "The resource could not be found.\n\n No resource provider with uuid aec4f4c6-f367-400c-b9cb-33c4b8a9ea92 found for delete ", "request_id": "req-d0a13fd2-8611-4dba-97b2-59b80fcb4604"}]}
2026-05-31 06:58:56.600 9 INFO neutron.services.segments.plugin [-] Segment aec4f4c6-f367-400c-b9cb-33c4b8a9ea92 resource provider not found; error: Placement Client Error (4xx): {"errors": [{"status": 404, "title": "Not Found", "detail": "The resource could not be found.\n\n No resource provider with uuid aec4f4c6-f367-400c-b9cb-33c4b8a9ea92 found for delete ", "request_id": "req-1cc9b714-7c15-4b95-a944-448e48582db6"}]}
2026-05-31 06:58:56.633 9 INFO neutron.wsgi [req-489e4b4e-dad2-4cc3-9ac9-75d7f0bf4ed0 req-8a76adf6-0f59-480a-a6fc-9cbb99a54141 5cf45da4573e48c9a0ce8cd4d09c21a0 4c476e0bd3274a2ba42bd5be943bbd8f - - d7692b27b11a4bd8873e5d3d4b3c9916 d7692b27b11a4bd8873e5d3d4b3c9916] 199.204.45.89 "GET /v2.0/ports?device_id=ed7282ad-6b37-4077-8f2c-70395957afab&fields=binding%3Ahost_id&fields=binding%3Avif_type HTTP/1.1" status: 200 len: 265 time: 0.0828104
2026-05-31 06:58:56.647 9 INFO neutron.wsgi [None req-66a31559-afc4-47a2-9c43-ee0b93895e39 acbe6c4dbe524847b8db3dcdc7e7fdf0 5481912fcff14d4abdd8160e885185d3 - - default default] 10.0.0.132 "DELETE /v2.0/networks/3b5a78d5-3528-43a9-aefa-6076bf0ac921 HTTP/1.1" status: 204 len: 168 time: 0.9553125
2026-05-31 06:58:56.737 9 INFO neutron.wsgi [req-489e4b4e-dad2-4cc3-9ac9-75d7f0bf4ed0 req-1abd0ccf-8536-48b4-8359-45ac923d801e 5cf45da4573e48c9a0ce8cd4d09c21a0 4c476e0bd3274a2ba42bd5be943bbd8f - - d7692b27b11a4bd8873e5d3d4b3c9916 d7692b27b11a4bd8873e5d3d4b3c9916] 199.204.45.89 "GET /v2.0/ports?tenant_id=abcb28a1c6c04226a978a7f7f403ffa4&device_id=ed7282ad-6b37-4077-8f2c-70395957afab HTTP/1.1" status: 200 len: 1413 time: 0.0474386
2026-05-31 06:58:56.804 9 INFO neutron.db.ovn_revision_numbers_db [None req-4b9c15e3-ba33-4078-af22-a370b7e8f345 - - - - - -] Successfully bumped revision number for resource fa9de552-fbe1-4420-8ad4-ac4bdbfbddda (type: ports) to 2
2026-05-31 06:58:56.828 9 INFO neutron.wsgi [req-489e4b4e-dad2-4cc3-9ac9-75d7f0bf4ed0 req-ca99a077-2a2b-4ef3-87e9-47d7518c7997 5cf45da4573e48c9a0ce8cd4d09c21a0 4c476e0bd3274a2ba42bd5be943bbd8f - - d7692b27b11a4bd8873e5d3d4b3c9916 d7692b27b11a4bd8873e5d3d4b3c9916] 199.204.45.89 "GET /v2.0/networks?id=f6fafce8-26ef-45e6-be39-ce64a9d9a841 HTTP/1.1" status: 200 len: 972 time: 0.0670888
2026-05-31 06:58:56.880 9 INFO neutron.wsgi [req-489e4b4e-dad2-4cc3-9ac9-75d7f0bf4ed0 req-60e67d1f-1f15-45a8-a9a6-b4c6b2c516a7 5cf45da4573e48c9a0ce8cd4d09c21a0 4c476e0bd3274a2ba42bd5be943bbd8f - - d7692b27b11a4bd8873e5d3d4b3c9916 d7692b27b11a4bd8873e5d3d4b3c9916] 199.204.45.89 "GET /v2.0/floatingips?fixed_ip_address=10.100.0.14&port_id=ebd4e948-c191-4f6b-a9af-85059265c42d HTTP/1.1" status: 200 len: 1060 time: 0.0451710
2026-05-31 06:58:56.930 9 INFO neutron.wsgi [req-489e4b4e-dad2-4cc3-9ac9-75d7f0bf4ed0 req-cfb96f74-2b27-4733-aaac-7bbcc1ee4b58 5cf45da4573e48c9a0ce8cd4d09c21a0 4c476e0bd3274a2ba42bd5be943bbd8f - - d7692b27b11a4bd8873e5d3d4b3c9916 d7692b27b11a4bd8873e5d3d4b3c9916] 199.204.45.89 "GET /v2.0/subnets?id=e661588f-3d3b-4800-9060-53daca2348d1 HTTP/1.1" status: 200 len: 868 time: 0.0447311
2026-05-31 06:58:56.974 9 INFO neutron.wsgi [req-489e4b4e-dad2-4cc3-9ac9-75d7f0bf4ed0 req-fa72cd26-2c3e-429e-8999-4d06140171b4 5cf45da4573e48c9a0ce8cd4d09c21a0 4c476e0bd3274a2ba42bd5be943bbd8f - - d7692b27b11a4bd8873e5d3d4b3c9916 d7692b27b11a4bd8873e5d3d4b3c9916] 199.204.45.89 "GET /v2.0/ports?network_id=f6fafce8-26ef-45e6-be39-ce64a9d9a841&device_owner=network%3Adhcp HTTP/1.1" status: 200 len: 210 time: 0.0361884
2026-05-31 06:58:57.052 9 INFO neutron.wsgi [req-489e4b4e-dad2-4cc3-9ac9-75d7f0bf4ed0 req-2d922c84-5fea-4e78-b452-41ffa5d5c3f9 5cf45da4573e48c9a0ce8cd4d09c21a0 4c476e0bd3274a2ba42bd5be943bbd8f - - d7692b27b11a4bd8873e5d3d4b3c9916 d7692b27b11a4bd8873e5d3d4b3c9916] 199.204.45.89 "GET /v2.0/networks/f6fafce8-26ef-45e6-be39-ce64a9d9a841?fields=segments HTTP/1.1" status: 200 len: 212 time: 0.0719793
2026-05-31 06:58:57.103 10 INFO neutron.services.segments.plugin [-] Segment f2b4e086-2045-41a9-8c54-7ff4209e18de resource provider aggregate not found
2026-05-31 06:58:57.111 10 INFO neutron.services.segments.plugin [-] Segment f2b4e086-2045-41a9-8c54-7ff4209e18de resource provider aggregate not found
2026-05-31 06:58:57.130 9 INFO neutron.wsgi [req-489e4b4e-dad2-4cc3-9ac9-75d7f0bf4ed0 req-583bc921-936f-4cae-b6a1-ab8ed68e9c8f 5cf45da4573e48c9a0ce8cd4d09c21a0 4c476e0bd3274a2ba42bd5be943bbd8f - - d7692b27b11a4bd8873e5d3d4b3c9916 d7692b27b11a4bd8873e5d3d4b3c9916] 199.204.45.89 "GET /v2.0/networks/f6fafce8-26ef-45e6-be39-ce64a9d9a841?fields=provider%3Aphysical_network&fields=provider%3Anetwork_type HTTP/1.1" status: 200 len: 277 time: 0.0704832
2026-05-31 06:58:57.140 10 INFO neutron.services.segments.plugin [-] Segment f2b4e086-2045-41a9-8c54-7ff4209e18de resource provider not found; error: Placement Client Error (4xx): {"errors": [{"status": 404, "title": "Not Found", "detail": "The resource could not be found.\n\n No resource provider with uuid f2b4e086-2045-41a9-8c54-7ff4209e18de found for delete ", "request_id": "req-c94f746d-4e87-4def-8c55-b873e38d600c"}]}
2026-05-31 06:58:57.141 10 INFO neutron.services.segments.plugin [-] Segment f2b4e086-2045-41a9-8c54-7ff4209e18de resource provider not found; error: Placement Client Error (4xx): {"errors": [{"status": 404, "title": "Not Found", "detail": "The resource could not be found.\n\n No resource provider with uuid f2b4e086-2045-41a9-8c54-7ff4209e18de found for delete ", "request_id": "req-d70a5431-b3cc-4008-92c8-6d4bcd21495c"}]}
2026-05-31 06:58:57.280 9 INFO neutron.db.ovn_revision_numbers_db [None req-4b9c15e3-ba33-4078-af22-a370b7e8f345 - - - - - -] Successfully bumped revision number for resource fa9de552-fbe1-4420-8ad4-ac4bdbfbddda (type: ports) to 4
2026-05-31 06:58:57.291 9 INFO neutron.wsgi [None req-d8ce91ae-0253-4e33-8471-57212492c991 8b9c7af5d8ee4db9bf808d1c36836326 728873e09eee41428abfc01bbfb1bc64 - - default default] 10.0.0.132 "GET /v2.0/security-groups?tenant_id=5481912fcff14d4abdd8160e885185d3&name=default HTTP/1.1" status: 200 len: 3120 time: 0.1527984
2026-05-31 06:58:57.343 10 WARNING neutron.scheduler.dhcp_agent_scheduler [None req-5e700c26-7396-453b-ad8b-a8e861da7e55 8b9c7af5d8ee4db9bf808d1c36836326 728873e09eee41428abfc01bbfb1bc64 - - default default] No more DHCP agents
2026-05-31 06:58:57.348 10 WARNING neutron.api.rpc.agentnotifiers.dhcp_rpc_agent_api [None req-5e700c26-7396-453b-ad8b-a8e861da7e55 8b9c7af5d8ee4db9bf808d1c36836326 728873e09eee41428abfc01bbfb1bc64 - - default default] Unable to schedule network 2e8c8655-358d-4ca7-a4b5-336b7d36790e: no agents available; will retry on subsequent port and subnet creation events.
2026-05-31 06:58:57.397 10 INFO neutron.db.ovn_revision_numbers_db [None req-ca68fff7-3646-43e1-9952-b5b794b2702c 8b9c7af5d8ee4db9bf808d1c36836326 728873e09eee41428abfc01bbfb1bc64 - - default default] Successfully bumped revision number for resource 423326a9-217b-4e6f-9398-dd78412c0ad1 (type: router_ports) to 1
2026-05-31 06:58:57.402 10 INFO neutron.wsgi [None req-ca68fff7-3646-43e1-9952-b5b794b2702c 8b9c7af5d8ee4db9bf808d1c36836326 728873e09eee41428abfc01bbfb1bc64 - - default default] 10.0.0.132 "PUT /v2.0/routers/3a649939-f4ba-422b-bcf1-12d6cb562c8a/add_router_interface HTTP/1.1" status: 200 len: 503 time: 3.1268475
2026-05-31 06:58:57.547 10 INFO neutron.db.ovn_revision_numbers_db [None req-5e700c26-7396-453b-ad8b-a8e861da7e55 8b9c7af5d8ee4db9bf808d1c36836326 728873e09eee41428abfc01bbfb1bc64 - - default default] Successfully bumped revision number for resource 023c104b-5851-48dc-a770-451324b908ed (type: ports) to 1
2026-05-31 06:58:57.630 9 INFO neutron.db.ovn_revision_numbers_db [None req-4b9c15e3-ba33-4078-af22-a370b7e8f345 - - - - - -] Successfully bumped revision number for resource fa9de552-fbe1-4420-8ad4-ac4bdbfbddda (type: router_ports) to 4
2026-05-31 06:58:57.637 9 INFO neutron.wsgi [None req-7d1aca5d-6c55-4297-bb05-9075fa5d3290 8b9c7af5d8ee4db9bf808d1c36836326 728873e09eee41428abfc01bbfb1bc64 - - default default] 10.0.0.132 "DELETE /v2.0/security-groups/0fda910f-b517-4065-bd63-b56b9e456bab HTTP/1.1" status: 204 len: 168 time: 0.3413513
2026-05-31 06:58:57.676 9 INFO neutron.plugins.ml2.drivers.ovn.mech_driver.ovsdb.ovsdb_monitor [None req-4b9c15e3-ba33-4078-af22-a370b7e8f345 - - - - - -] Router 61b68af1-7d97-467f-851f-981680d5fa8d is bound to host instance
2026-05-31 06:58:58.036 10 WARNING neutron_lib.context [None req-5c974d71-7556-4725-8a17-e41fe3872269 3bfc93230ad140e18e7c288752cde449 13575d3935af494ab9c7c72564bcf4d5 - - default default] Method 'is_advsvc' is deprecated since 2023.2 release (neutron-lib 3.8.0) and will be removed once support for the old RBAC API policies will be removed from Neutron. Please use method 'is_service_role' instead.
2026-05-31 06:58:58.115 10 ERROR ovsdbapp.backend.ovs_idl.command [None req-5e700c26-7396-453b-ad8b-a8e861da7e55 8b9c7af5d8ee4db9bf808d1c36836326 728873e09eee41428abfc01bbfb1bc64 - - default default] Error executing command (DbGetCommand): ovsdbapp.backend.ovs_idl.idlutils.RowNotFound: Cannot find Logical_Router_Port with name=lrp-023c104b-5851-48dc-a770-451324b908ed
2026-05-31 06:58:58.115 10 ERROR ovsdbapp.backend.ovs_idl.command
Traceback (most recent call last):
2026-05-31 06:58:58.115 10 ERROR ovsdbapp.backend.ovs_idl.command
File "/var/lib/openstack/lib/python3.10/site-packages/ovsdbapp/backend/ovs_idl/command.py", line 47, in execute
2026-05-31 06:58:58.115 10 ERROR ovsdbapp.backend.ovs_idl.command self.run_idl(None)
2026-05-31 06:58:58.115 10 ERROR ovsdbapp.backend.ovs_idl.command
File "/var/lib/openstack/lib/python3.10/site-packages/ovsdbapp/backend/ovs_idl/command.py", line 235, in run_idl
2026-05-31 06:58:58.115 10 ERROR ovsdbapp.backend.ovs_idl.command record = self.api.lookup(self.table, self.record)
2026-05-31 06:58:58.115 10 ERROR ovsdbapp.backend.ovs_idl.command
File "/var/lib/openstack/lib/python3.10/site-packages/ovsdbapp/backend/ovs_idl/__init__.py", line 184, in lookup
2026-05-31 06:58:58.115 10 ERROR ovsdbapp.backend.ovs_idl.command return self._lookup(table, record)
2026-05-31 06:58:58.115 10 ERROR ovsdbapp.backend.ovs_idl.command
File "/var/lib/openstack/lib/python3.10/site-packages/ovsdbapp/backend/ovs_idl/__init__.py", line 235, in _lookup
2026-05-31 06:58:58.115 10 ERROR ovsdbapp.backend.ovs_idl.command row = idlutils.row_by_value(self, rl.table, rl.column, record)
2026-05-31 06:58:58.115 10 ERROR ovsdbapp.backend.ovs_idl.command
File "/var/lib/openstack/lib/python3.10/site-packages/ovsdbapp/backend/ovs_idl/idlutils.py", line 114, in row_by_value
2026-05-31 06:58:58.115 10 ERROR ovsdbapp.backend.ovs_idl.command raise RowNotFound(table=table, col=column, match=match)
2026-05-31 06:58:58.115 10 ERROR ovsdbapp.backend.ovs_idl.command ovsdbapp.backend.ovs_idl.idlutils.RowNotFound: Cannot find Logical_Router_Port with name=lrp-023c104b-5851-48dc-a770-451324b908ed
2026-05-31 06:58:58.115 10 ERROR ovsdbapp.backend.ovs_idl.command 
2026-05-31 06:58:58.116 10 ERROR neutron_lib.callbacks.manager [None req-5e700c26-7396-453b-ad8b-a8e861da7e55 8b9c7af5d8ee4db9bf808d1c36836326 728873e09eee41428abfc01bbfb1bc64 - - default default] Error during notification for neutron.services.ovn_l3.plugin.OVNL3RouterPlugin._port_update-8782976824047 port, after_update: ovsdbapp.backend.ovs_idl.idlutils.RowNotFound: Cannot find Logical_Router_Port with name=lrp-023c104b-5851-48dc-a770-451324b908ed
2026-05-31 06:58:58.116 10 ERROR neutron_lib.callbacks.manager
Traceback (most recent call last):
2026-05-31 06:58:58.116 10 ERROR neutron_lib.callbacks.manager
File "/var/lib/openstack/lib/python3.10/site-packages/neutron_lib/callbacks/manager.py", line 189, in _notify_loop
2026-05-31 06:58:58.116 10 ERROR neutron_lib.callbacks.manager callback.method(resource, event, trigger, payload=payload)
2026-05-31 06:58:58.116 10 ERROR neutron_lib.callbacks.manager
File "/var/lib/openstack/lib/python3.10/site-packages/neutron/services/ovn_l3/plugin.py", line 391, in _port_update
2026-05-31 06:58:58.116 10 ERROR neutron_lib.callbacks.manager l3plugin._ovn_client.update_router_port(context,
2026-05-31 06:58:58.116 10 ERROR neutron_lib.callbacks.manager
File "/var/lib/openstack/lib/python3.10/site-packages/neutron/plugins/ml2/drivers/ovn/mech_driver/ovsdb/ovn_client.py", line 1878, in update_router_port
2026-05-31 06:58:58.116 10 ERROR neutron_lib.callbacks.manager self._update_lrouter_port(context, port, if_exists=if_exists,
2026-05-31 06:58:58.116 10 ERROR neutron_lib.callbacks.manager
File "/var/lib/openstack/lib/python3.10/site-packages/neutron/plugins/ml2/drivers/ovn/mech_driver/ovsdb/ovn_client.py", line 1855, in _update_lrouter_port
2026-05-31 06:58:58.116 10 ERROR neutron_lib.callbacks.manager external_ids = self._nb_idl.db_get(
2026-05-31 06:58:58.116 10 ERROR neutron_lib.callbacks.manager
File "/var/lib/openstack/lib/python3.10/site-packages/ovsdbapp/backend/ovs_idl/command.py", line 47, in execute
2026-05-31 06:58:58.116 10 ERROR neutron_lib.callbacks.manager self.run_idl(None)
2026-05-31 06:58:58.116 10 ERROR neutron_lib.callbacks.manager
File "/var/lib/openstack/lib/python3.10/site-packages/ovsdbapp/backend/ovs_idl/command.py", line 235, in run_idl
2026-05-31 06:58:58.116 10 ERROR neutron_lib.callbacks.manager record = self.api.lookup(self.table, self.record)
2026-05-31 06:58:58.116 10 ERROR neutron_lib.callbacks.manager
File "/var/lib/openstack/lib/python3.10/site-packages/ovsdbapp/backend/ovs_idl/__init__.py", line 184, in lookup
2026-05-31 06:58:58.116 10 ERROR neutron_lib.callbacks.manager return self._lookup(table, record)
2026-05-31 06:58:58.116 10 ERROR neutron_lib.callbacks.manager
File "/var/lib/openstack/lib/python3.10/site-packages/ovsdbapp/backend/ovs_idl/__init__.py", line 235, in _lookup
2026-05-31 06:58:58.116 10 ERROR neutron_lib.callbacks.manager row = idlutils.row_by_value(self, rl.table, rl.column, record)
2026-05-31 06:58:58.116 10 ERROR neutron_lib.callbacks.manager
File "/var/lib/openstack/lib/python3.10/site-packages/ovsdbapp/backend/ovs_idl/idlutils.py", line 114, in row_by_value
2026-05-31 06:58:58.116 10 ERROR neutron_lib.callbacks.manager raise RowNotFound(table=table, col=column, match=match)
2026-05-31 06:58:58.116 10 ERROR neutron_lib.callbacks.manager ovsdbapp.backend.ovs_idl.idlutils.RowNotFound: Cannot find Logical_Router_Port with name=lrp-023c104b-5851-48dc-a770-451324b908ed
2026-05-31 06:58:58.116 10 ERROR neutron_lib.callbacks.manager 
2026-05-31 06:58:58.228 10 INFO neutron.db.ovn_revision_numbers_db [None req-5c974d71-7556-4725-8a17-e41fe3872269 3bfc93230ad140e18e7c288752cde449 13575d3935af494ab9c7c72564bcf4d5 - - default default] Successfully bumped revision number for resource 634efe3c-3247-41f6-a52f-c80ba09d6b91 (type: security_groups) to 1
2026-05-31 06:58:58.263 10 INFO neutron.db.ovn_revision_numbers_db [None req-5c974d71-7556-4725-8a17-e41fe3872269 3bfc93230ad140e18e7c288752cde449 13575d3935af494ab9c7c72564bcf4d5 - - default default] Successfully bumped revision number for resource 01fad0c7-3d9e-4253-b02f-c89fea5acf6f (type: security_group_rules) to 0
2026-05-31 06:58:58.291 10 INFO neutron.db.ovn_revision_numbers_db [None req-5c974d71-7556-4725-8a17-e41fe3872269 3bfc93230ad140e18e7c288752cde449 13575d3935af494ab9c7c72564bcf4d5 - - default default] Successfully bumped revision number for resource 24bc7c0a-4386-4804-bfd4-3e29db2432e6 (type: security_group_rules) to 0
2026-05-31 06:58:58.316 10 INFO neutron.wsgi [None req-5c974d71-7556-4725-8a17-e41fe3872269 3bfc93230ad140e18e7c288752cde449 13575d3935af494ab9c7c72564bcf4d5 - - default default] 10.0.0.132 "POST /v2.0/security-groups HTTP/1.1" status: 201 len: 1861 time: 0.2875991
2026-05-31 06:58:58.326 10 WARNING neutron_lib.context [None req-4a9d087d-b942-4d36-86af-3b6ba0ce28f0 3bfc93230ad140e18e7c288752cde449 13575d3935af494ab9c7c72564bcf4d5 - - default default] Method 'is_advsvc' is deprecated since 2023.2 release (neutron-lib 3.8.0) and will be removed once support for the old RBAC API policies will be removed from Neutron. Please use method 'is_service_role' instead.
2026-05-31 06:58:58.379 10 INFO neutron.db.ovn_revision_numbers_db [None req-5e700c26-7396-453b-ad8b-a8e861da7e55 8b9c7af5d8ee4db9bf808d1c36836326 728873e09eee41428abfc01bbfb1bc64 - - default default] Successfully bumped revision number for resource 023c104b-5851-48dc-a770-451324b908ed (type: ports) to 1
2026-05-31 06:58:58.453 10 WARNING neutron.scheduler.dhcp_agent_scheduler [None req-5e700c26-7396-453b-ad8b-a8e861da7e55 8b9c7af5d8ee4db9bf808d1c36836326 728873e09eee41428abfc01bbfb1bc64 - - default default] No more DHCP agents
2026-05-31 06:58:58.458 10 WARNING neutron.api.rpc.agentnotifiers.dhcp_rpc_agent_api [None req-5e700c26-7396-453b-ad8b-a8e861da7e55 8b9c7af5d8ee4db9bf808d1c36836326 728873e09eee41428abfc01bbfb1bc64 - - default default] Unable to schedule network 2e8c8655-358d-4ca7-a4b5-336b7d36790e: no agents available; will retry on subsequent port and subnet creation events.
2026-05-31 06:58:58.511 10 INFO neutron.db.ovn_revision_numbers_db [None req-4a9d087d-b942-4d36-86af-3b6ba0ce28f0 3bfc93230ad140e18e7c288752cde449 13575d3935af494ab9c7c72564bcf4d5 - - default default] Successfully bumped revision number for resource db54f69f-c84a-4dfb-85ba-065616e65e97 (type: security_group_rules) to 0
2026-05-31 06:58:58.538 9 INFO neutron.db.ovn_revision_numbers_db [None req-4b9c15e3-ba33-4078-af22-a370b7e8f345 - - - - - -] Successfully bumped revision number for resource f7988064-7c71-4e0e-983f-6d8bb77c392e (type: ports) to 1
2026-05-31 06:58:58.553 10 INFO neutron.wsgi [None req-4a9d087d-b942-4d36-86af-3b6ba0ce28f0 3bfc93230ad140e18e7c288752cde449 13575d3935af494ab9c7c72564bcf4d5 - - default default] 10.0.0.132 "POST /v2.0/security-group-rules HTTP/1.1" status: 201 len: 796 time: 0.2317050
2026-05-31 06:58:58.562 10 WARNING neutron_lib.context [None req-18171e90-5fec-4930-b061-4ebc1225d883 3bfc93230ad140e18e7c288752cde449 13575d3935af494ab9c7c72564bcf4d5 - - default default] Method 'is_advsvc' is deprecated since 2023.2 release (neutron-lib 3.8.0) and will be removed once support for the old RBAC API policies will be removed from Neutron. Please use method 'is_service_role' instead.
2026-05-31 06:58:58.733 10 INFO neutron.db.ovn_revision_numbers_db [None req-18171e90-5fec-4930-b061-4ebc1225d883 3bfc93230ad140e18e7c288752cde449 13575d3935af494ab9c7c72564bcf4d5 - - default default] Successfully bumped revision number for resource e98d7683-9041-4259-a867-724cdc42663e (type: security_group_rules) to 0
2026-05-31 06:58:58.776 10 INFO neutron.wsgi [None req-18171e90-5fec-4930-b061-4ebc1225d883 3bfc93230ad140e18e7c288752cde449 13575d3935af494ab9c7c72564bcf4d5 - - default default] 10.0.0.132 "POST /v2.0/security-group-rules HTTP/1.1" status: 201 len: 801 time: 0.2185595
2026-05-31 06:58:58.786 10 WARNING neutron_lib.context [None req-86d4a91f-1b96-4b4e-b459-5c6ad5331b80 3bfc93230ad140e18e7c288752cde449 13575d3935af494ab9c7c72564bcf4d5 - - default default] Method 'is_advsvc' is deprecated since 2023.2 release (neutron-lib 3.8.0) and will be removed once support for the old RBAC API policies will be removed from Neutron. Please use method 'is_service_role' instead.
2026-05-31 06:58:58.909 9 INFO neutron.plugins.ml2.drivers.ovn.mech_driver.mech_driver [None req-378f219e-fb21-4b85-bd37-a148f77145a1 - - - - - -] OVN reports status up for port: 423326a9-217b-4e6f-9398-dd78412c0ad1
2026-05-31 06:58:58.932 9 INFO neutron.plugins.ml2.plugin [None req-378f219e-fb21-4b85-bd37-a148f77145a1 - - - - - -] Attempt 1 to provision port 423326a9-217b-4e6f-9398-dd78412c0ad1
2026-05-31 06:58:58.988 9 INFO neutron.db.ovn_revision_numbers_db [None req-4b9c15e3-ba33-4078-af22-a370b7e8f345 - - - - - -] Successfully bumped revision number for resource f7988064-7c71-4e0e-983f-6d8bb77c392e (type: router_ports) to 3
2026-05-31 06:58:59.270 9 INFO neutron.db.ovn_revision_numbers_db [None req-4b9c15e3-ba33-4078-af22-a370b7e8f345 - - - - - -] Successfully bumped revision number for resource f7988064-7c71-4e0e-983f-6d8bb77c392e (type: ports) to 2
2026-05-31 06:58:59.300 10 WARNING neutron.scheduler.dhcp_agent_scheduler [None req-86d4a91f-1b96-4b4e-b459-5c6ad5331b80 3bfc93230ad140e18e7c288752cde449 13575d3935af494ab9c7c72564bcf4d5 - - default default] No more DHCP agents
2026-05-31 06:58:59.304 10 WARNING neutron.api.rpc.agentnotifiers.dhcp_rpc_agent_api [None req-86d4a91f-1b96-4b4e-b459-5c6ad5331b80 3bfc93230ad140e18e7c288752cde449 13575d3935af494ab9c7c72564bcf4d5 - - default default] Unable to schedule network f0e613b5-6772-4521-99fb-04ec7a1b5090: no agents available; will retry on subsequent port and subnet creation events.
2026-05-31 06:58:59.479 10 INFO neutron.db.ovn_revision_numbers_db [None req-5e700c26-7396-453b-ad8b-a8e861da7e55 8b9c7af5d8ee4db9bf808d1c36836326 728873e09eee41428abfc01bbfb1bc64 - - default default] Successfully bumped revision number for resource 023c104b-5851-48dc-a770-451324b908ed (type: router_ports) to 1
2026-05-31 06:58:59.484 10 INFO neutron.wsgi [None req-5e700c26-7396-453b-ad8b-a8e861da7e55 8b9c7af5d8ee4db9bf808d1c36836326 728873e09eee41428abfc01bbfb1bc64 - - default default] 10.0.0.132 "PUT /v2.0/routers/61b68af1-7d97-467f-851f-981680d5fa8d/add_router_interface HTTP/1.1" status: 200 len: 503 time: 3.0240207
2026-05-31 06:58:59.487 9 INFO neutron.db.ovn_revision_numbers_db [None req-378f219e-fb21-4b85-bd37-a148f77145a1 - - - - - -] Successfully bumped revision number for resource 423326a9-217b-4e6f-9398-dd78412c0ad1 (type: ports) to 2
2026-05-31 06:58:59.551 10 WARNING neutron_lib.context [None req-bf67ecfc-fb34-4b6e-b6e6-708b9f42412f 0e69e807e8224b24addb2ae5dab865de 555b72bb41554e5e96b69fb79519c84e - - default default] Method 'is_advsvc' is deprecated since 2023.2 release (neutron-lib 3.8.0) and will be removed once support for the old RBAC API policies will be removed from Neutron. Please use method 'is_service_role' instead.
2026-05-31 06:58:59.551 10 WARNING neutron_lib.context [None req-bf67ecfc-fb34-4b6e-b6e6-708b9f42412f 0e69e807e8224b24addb2ae5dab865de 555b72bb41554e5e96b69fb79519c84e - - default default] Method 'is_advsvc' is deprecated since 2023.2 release (neutron-lib 3.8.0) and will be removed once support for the old RBAC API policies will be removed from Neutron. Please use method 'is_service_role' instead.
2026-05-31 06:58:59.685 10 INFO neutron.wsgi [None req-86d4a91f-1b96-4b4e-b459-5c6ad5331b80 3bfc93230ad140e18e7c288752cde449 13575d3935af494ab9c7c72564bcf4d5 - - default default] 10.0.0.132 "POST /v2.0/floatingips HTTP/1.1" status: 201 len: 751 time: 0.9027712
2026-05-31 06:58:59.712 10 INFO neutron.db.ovn_revision_numbers_db [None req-bf67ecfc-fb34-4b6e-b6e6-708b9f42412f 0e69e807e8224b24addb2ae5dab865de 555b72bb41554e5e96b69fb79519c84e - - default default] Successfully bumped revision number for resource f11879d2-2068-4893-8d5e-e0cbb5eebe4f (type: security_groups) to 1
2026-05-31 06:58:59.724 10 INFO neutron.db.ovn_revision_numbers_db [None req-bf67ecfc-fb34-4b6e-b6e6-708b9f42412f 0e69e807e8224b24addb2ae5dab865de 555b72bb41554e5e96b69fb79519c84e - - default default] Successfully bumped revision number for resource a895593d-ea0e-42a2-a5e2-99b83fb01357 (type: security_group_rules) to 0
2026-05-31 06:58:59.735 10 INFO neutron.db.ovn_revision_numbers_db [None req-bf67ecfc-fb34-4b6e-b6e6-708b9f42412f 0e69e807e8224b24addb2ae5dab865de 555b72bb41554e5e96b69fb79519c84e - - default default] Successfully bumped revision number for resource bf0b012e-b4cf-43f7-984f-8b54d7e8c5d3 (type: security_group_rules) to 0
2026-05-31 06:58:59.748 10 INFO neutron.db.ovn_revision_numbers_db [None req-bf67ecfc-fb34-4b6e-b6e6-708b9f42412f 0e69e807e8224b24addb2ae5dab865de 555b72bb41554e5e96b69fb79519c84e - - default default] Successfully bumped revision number for resource c965fb9a-a2f0-4df0-9ade-0df007d859e4 (type: security_group_rules) to 0
2026-05-31 06:58:59.763 10 INFO neutron.db.ovn_revision_numbers_db [None req-bf67ecfc-fb34-4b6e-b6e6-708b9f42412f 0e69e807e8224b24addb2ae5dab865de 555b72bb41554e5e96b69fb79519c84e - - default default] Successfully bumped revision number for resource e9c46bb8-0322-4a1f-9d10-a09fb8305b43 (type: security_group_rules) to 0
2026-05-31 06:58:59.840 9 INFO neutron.db.ovn_revision_numbers_db [None req-378f219e-fb21-4b85-bd37-a148f77145a1 - - - - - -] Successfully bumped revision number for resource 423326a9-217b-4e6f-9398-dd78412c0ad1 (type: router_ports) to 2
2026-05-31 06:58:59.844 10 INFO neutron.db.segments_db [None req-bf67ecfc-fb34-4b6e-b6e6-708b9f42412f 0e69e807e8224b24addb2ae5dab865de 555b72bb41554e5e96b69fb79519c84e - - default default] Added segment 4e9a9a77-298f-4342-a157-53f733c36d1e of type geneve for network b61f7835-40a5-4775-818c-9e2d321269e1
2026-05-31 06:58:59.978 9 INFO neutron.db.ovn_revision_numbers_db [None req-4b9c15e3-ba33-4078-af22-a370b7e8f345 - - - - - -] Successfully bumped revision number for resource f7988064-7c71-4e0e-983f-6d8bb77c392e (type: ports) to 4
2026-05-31 06:58:59.986 10 INFO neutron.db.segments_db [None req-bf67ecfc-fb34-4b6e-b6e6-708b9f42412f 0e69e807e8224b24addb2ae5dab865de 555b72bb41554e5e96b69fb79519c84e - - default default] Added segment b856739b-a3d4-4d1a-a76d-270e346afcb0 of type geneve for network 7a5c2b8e-620d-41eb-9140-410a881bdf48
2026-05-31 06:59:00.042 10 WARNING neutron_lib.context [None req-f4e62180-a193-4c82-9f31-e9d21e9c20ce 404dca93c7c74432b4cc0b40e9ec07c3 3dac0d99ffc34e06b6c8a5ee8f181e2a - - default default] Method 'is_advsvc' is deprecated since 2023.2 release (neutron-lib 3.8.0) and will be removed once support for the old RBAC API policies will be removed from Neutron. Please use method 'is_service_role' instead.
2026-05-31 06:59:00.152 10 INFO neutron.db.ovn_revision_numbers_db [None req-bf67ecfc-fb34-4b6e-b6e6-708b9f42412f 0e69e807e8224b24addb2ae5dab865de 555b72bb41554e5e96b69fb79519c84e - - default default] Successfully bumped revision number for resource b61f7835-40a5-4775-818c-9e2d321269e1 (type: networks) to 1
2026-05-31 06:59:00.162 9 INFO neutron.wsgi [req-c02d003e-46c4-44c1-beb3-361157acd2a7 req-6b9d64dc-2f45-4b1e-a1bb-8120a62ae395 3bfc93230ad140e18e7c288752cde449 13575d3935af494ab9c7c72564bcf4d5 - - default default] 10.0.0.29 "GET /v2.0/security-groups?name=tempest-securitygroup--1993411681&fields=id&tenant_id=13575d3935af494ab9c7c72564bcf4d5 HTTP/1.1" status: 200 len: 267 time: 0.0583301
2026-05-31 06:59:00.252 9 INFO neutron.wsgi [req-c02d003e-46c4-44c1-beb3-361157acd2a7 req-d0453613-d3ec-4b86-8e55-62b86e97bb90 3bfc93230ad140e18e7c288752cde449 13575d3935af494ab9c7c72564bcf4d5 - - default default] 10.0.0.29 "GET /v2.0/networks?id=5b4e17c0-5a06-4907-91eb-6e16eccff180 HTTP/1.1" status: 200 len: 882 time: 0.0827098
2026-05-31 06:59:00.268 10 INFO neutron.db.ovn_revision_numbers_db [None req-f4e62180-a193-4c82-9f31-e9d21e9c20ce 404dca93c7c74432b4cc0b40e9ec07c3 3dac0d99ffc34e06b6c8a5ee8f181e2a - - default default] Successfully bumped revision number for resource 92265914-e7e8-4f3c-a9a3-9b70cc6584b1 (type: security_groups) to 1
2026-05-31 06:59:00.279 9 INFO neutron.wsgi [req-c02d003e-46c4-44c1-beb3-361157acd2a7 req-9f0cabee-9ff3-4fc1-ad05-f83dc47a1e43 3bfc93230ad140e18e7c288752cde449 13575d3935af494ab9c7c72564bcf4d5 - - default default] 10.0.0.29 "GET /v2.0/quotas/13575d3935af494ab9c7c72564bcf4d5 HTTP/1.1" status: 200 len: 491 time: 0.0164571
