2026-05-31 07:01:25.745 9 INFO neutron.wsgi [req-67633526-71f6-41ba-bb93-c62bdd49d1ac req-787d5938-5977-4a21-ae78-83481c6cd4d4 5336ae8374f247059ef9845c8af425fc 9fbba6353a384dddb779abfd11054d45 - - default default] 10.0.0.29 "GET /v2.0/ports?device_id=05ab8cea-918e-44d3-a873-75aed3e4f3bc HTTP/1.1" status: 200 len: 1168 time: 0.0827217 /var/lib/openstack/lib/python3.10/site-packages/pycadf/identifier.py:71: UserWarning: Invalid uuid: neutron. To ensure interoperability, identifiers should be a valid uuid. warnings.warn(('Invalid uuid: %s. To ensure interoperability, '
2026-05-31 07:01:25.759 9 INFO neutron.db.ovn_revision_numbers_db [None req-7e30913c-66da-40b8-be0e-a334fc873202 8b9c7af5d8ee4db9bf808d1c36836326 728873e09eee41428abfc01bbfb1bc64 - - default default] Successfully bumped revision number for resource 93d8735e-6e42-4b7c-ba16-503ce93ec5d0 (type: security_group_rules) to 0
2026-05-31 07:01:25.784 9 INFO neutron.db.ovn_revision_numbers_db [None req-7e30913c-66da-40b8-be0e-a334fc873202 8b9c7af5d8ee4db9bf808d1c36836326 728873e09eee41428abfc01bbfb1bc64 - - default default] Successfully bumped revision number for resource f5ae6b68-8e29-476a-b131-39ebe5653c67 (type: security_group_rules) to 0
2026-05-31 07:01:25.815 9 INFO neutron.wsgi [req-67633526-71f6-41ba-bb93-c62bdd49d1ac req-ff5dc7e2-3103-4a82-9159-03947c116512 5336ae8374f247059ef9845c8af425fc 9fbba6353a384dddb779abfd11054d45 - - default default] 10.0.0.29 "GET /v2.0/security-groups?id=691450ed-fc15-44ee-a0b5-078389e2d1c9&fields=id&fields=name HTTP/1.1" status: 200 len: 313 time: 0.0641084
2026-05-31 07:01:25.827 9 INFO neutron.wsgi [None req-7e30913c-66da-40b8-be0e-a334fc873202 8b9c7af5d8ee4db9bf808d1c36836326 728873e09eee41428abfc01bbfb1bc64 - - default default] 10.0.0.132 "GET /v2.0/security-groups?tenant_id=ea9a2fa659284333b2842236104fb912&name=default HTTP/1.1" status: 200 len: 3120 time: 0.3192494
2026-05-31 07:01:25.850 9 INFO neutron.db.ovn_revision_numbers_db [req-5885847f-82a2-400b-8c68-a067b523bc08 req-57586291-a5f4-43fd-83e4-3f73b4d5bf52 5cf45da4573e48c9a0ce8cd4d09c21a0 4c476e0bd3274a2ba42bd5be943bbd8f - - d7692b27b11a4bd8873e5d3d4b3c9916 d7692b27b11a4bd8873e5d3d4b3c9916] Successfully bumped revision number for resource 6b238ae3-773d-4733-a431-1b7173d64876 (type: ports) to 2
2026-05-31 07:01:25.882 9 INFO neutron.wsgi [req-5885847f-82a2-400b-8c68-a067b523bc08 req-57586291-a5f4-43fd-83e4-3f73b4d5bf52 5cf45da4573e48c9a0ce8cd4d09c21a0 4c476e0bd3274a2ba42bd5be943bbd8f - - d7692b27b11a4bd8873e5d3d4b3c9916 d7692b27b11a4bd8873e5d3d4b3c9916] 199.204.45.89 "PUT /v2.0/ports/6b238ae3-773d-4733-a431-1b7173d64876 HTTP/1.1" status: 200 len: 1376 time: 0.7404716
2026-05-31 07:01:25.915 9 WARNING neutron.plugins.ml2.drivers.ovn.mech_driver.ovsdb.ovn_client [None req-378f219e-fb21-4b85-bd37-a148f77145a1 - - - - - -] No hosting information found for port e8a19e2e-4ec7-4fce-a503-505eeaab8d27: RuntimeError: No hosting information found for port e8a19e2e-4ec7-4fce-a503-505eeaab8d27
2026-05-31 07:01:25.948 9 INFO neutron.notifiers.nova [-] Nova event matching ['req-c16b0dae-745e-49da-846b-93a274929a88'] response: {'name': 'network-changed', 'server_uuid': '05ab8cea-918e-44d3-a873-75aed3e4f3bc', 'tag': '6b238ae3-773d-4733-a431-1b7173d64876', 'status': 'completed', 'code': 200}
2026-05-31 07:01:25.957 10 WARNING neutron.scheduler.dhcp_agent_scheduler [None req-8ef8e91a-43fb-4faa-83b4-c0c2bae88356 d2dd5f3ba8d349d1b984615563284584 a425ff2f43f54188a805e4852ea5e5c3 - - default default] No more DHCP agents
2026-05-31 07:01:25.960 10 WARNING neutron.api.rpc.agentnotifiers.dhcp_rpc_agent_api [None req-8ef8e91a-43fb-4faa-83b4-c0c2bae88356 d2dd5f3ba8d349d1b984615563284584 a425ff2f43f54188a805e4852ea5e5c3 - - default default] Unable to schedule network e562343a-b107-4d62-b55e-e4e96c2e5203: no agents available; will retry on subsequent port and subnet creation events.
2026-05-31 07:01:25.972 9 INFO neutron.wsgi [req-5885847f-82a2-400b-8c68-a067b523bc08 req-6fb586c1-d112-4345-a522-290cb7e1cdb9 5cf45da4573e48c9a0ce8cd4d09c21a0 4c476e0bd3274a2ba42bd5be943bbd8f - - d7692b27b11a4bd8873e5d3d4b3c9916 d7692b27b11a4bd8873e5d3d4b3c9916] 199.204.45.89 "GET /v2.0/ports?tenant_id=9fbba6353a384dddb779abfd11054d45&device_id=05ab8cea-918e-44d3-a873-75aed3e4f3bc HTTP/1.1" status: 200 len: 1407 time: 0.0576725
2026-05-31 07:01:26.009 9 INFO neutron.wsgi [req-5885847f-82a2-400b-8c68-a067b523bc08 req-a1992433-111b-43a6-89ba-08609e92f1fd 5cf45da4573e48c9a0ce8cd4d09c21a0 4c476e0bd3274a2ba42bd5be943bbd8f - - d7692b27b11a4bd8873e5d3d4b3c9916 d7692b27b11a4bd8873e5d3d4b3c9916] 199.204.45.89 "GET /v2.0/floatingips?fixed_ip_address=10.100.0.6&port_id=6b238ae3-773d-4733-a431-1b7173d64876 HTTP/1.1" status: 200 len: 217 time: 0.0288885
2026-05-31 07:01:26.066 10 INFO neutron.db.ovn_revision_numbers_db [None req-8ef8e91a-43fb-4faa-83b4-c0c2bae88356 d2dd5f3ba8d349d1b984615563284584 a425ff2f43f54188a805e4852ea5e5c3 - - default default] Successfully bumped revision number for resource b1f447fc-845f-4397-b095-23a9539198a7 (type: ports) to 1
2026-05-31 07:01:26.079 9 INFO neutron.wsgi [req-5885847f-82a2-400b-8c68-a067b523bc08 req-f95a208d-c968-4f7c-bb12-7207911e5f38 5cf45da4573e48c9a0ce8cd4d09c21a0 4c476e0bd3274a2ba42bd5be943bbd8f - - d7692b27b11a4bd8873e5d3d4b3c9916 d7692b27b11a4bd8873e5d3d4b3c9916] 199.204.45.89 "GET /v2.0/subnets?id=2c21a95a-247a-4cc7-9c29-e3376dcf3d87 HTTP/1.1" status: 200 len: 852 time: 0.0607221
2026-05-31 07:01:26.092 10 INFO neutron.wsgi [None req-8ef8e91a-43fb-4faa-83b4-c0c2bae88356 d2dd5f3ba8d349d1b984615563284584 a425ff2f43f54188a805e4852ea5e5c3 - - default default] 10.0.0.132 "POST /v2.0/networks HTTP/1.1" status: 201 len: 831 time: 0.5981133
2026-05-31 07:01:26.104 10 WARNING neutron_lib.context [None req-24f93813-38fb-4265-9ad2-04d79d4fa93c d2dd5f3ba8d349d1b984615563284584 a425ff2f43f54188a805e4852ea5e5c3 - - default default] Method 'is_advsvc' is deprecated since 2023.2 release (neutron-lib 3.8.0) and will be removed once support for the old RBAC API policies will be removed from Neutron. Please use method 'is_service_role' instead.
2026-05-31 07:01:26.146 9 INFO neutron.wsgi [req-5885847f-82a2-400b-8c68-a067b523bc08 req-966cb9fc-c676-403a-9746-f6c357c9c6b5 5cf45da4573e48c9a0ce8cd4d09c21a0 4c476e0bd3274a2ba42bd5be943bbd8f - - d7692b27b11a4bd8873e5d3d4b3c9916 d7692b27b11a4bd8873e5d3d4b3c9916] 199.204.45.89 "GET /v2.0/ports?network_id=b0f2b052-1173-497b-bd36-eb36932fc12e&device_owner=network%3Adhcp HTTP/1.1" status: 200 len: 210 time: 0.0554771
2026-05-31 07:01:26.154 10 INFO neutron.wsgi [-] 10.0.0.132 "GET / HTTP/1.1" status: 200 len: 279 time: 0.0017881 /var/lib/openstack/lib/python3.10/site-packages/pycadf/identifier.py:71: UserWarning: Invalid uuid: neutron. To ensure interoperability, identifiers should be a valid uuid. warnings.warn(('Invalid uuid: %s. To ensure interoperability, '
2026-05-31 07:01:26.363 10 INFO neutron.wsgi [None req-aa5478ae-aed7-4e2f-95d9-60532c717a8c 6ca41c1d0dad49698957ef805ba3e421 73a3babad8f4444d9ae226c1e65972eb - - default default] 10.0.0.132 "GET /v2.0/ HTTP/1.1" status: 200 len: 826 time: 0.2019086
2026-05-31 07:01:26.385 10 WARNING neutron.scheduler.dhcp_agent_scheduler [None req-24f93813-38fb-4265-9ad2-04d79d4fa93c d2dd5f3ba8d349d1b984615563284584 a425ff2f43f54188a805e4852ea5e5c3 - - default default] No more DHCP agents
2026-05-31 07:01:26.386 10 WARNING neutron.api.rpc.agentnotifiers.dhcp_rpc_agent_api [None req-24f93813-38fb-4265-9ad2-04d79d4fa93c d2dd5f3ba8d349d1b984615563284584 a425ff2f43f54188a805e4852ea5e5c3 - - default default] Unable to schedule network e562343a-b107-4d62-b55e-e4e96c2e5203: no agents available; will retry on subsequent port and subnet creation events.
2026-05-31 07:01:26.489 10 INFO neutron.db.ovn_revision_numbers_db [None req-24f93813-38fb-4265-9ad2-04d79d4fa93c d2dd5f3ba8d349d1b984615563284584 a425ff2f43f54188a805e4852ea5e5c3 - - default default] Successfully bumped revision number for resource eeb65498-ece7-447f-9a2f-85a2286501fc (type: ports) to 1
2026-05-31 07:01:26.509 9 INFO neutron.wsgi [req-5885847f-82a2-400b-8c68-a067b523bc08 req-a31d339c-24cf-408f-8cb7-67662da4e21c 5cf45da4573e48c9a0ce8cd4d09c21a0 4c476e0bd3274a2ba42bd5be943bbd8f - - d7692b27b11a4bd8873e5d3d4b3c9916 d7692b27b11a4bd8873e5d3d4b3c9916] 199.204.45.89 "GET /v2.0/networks/b0f2b052-1173-497b-bd36-eb36932fc12e?fields=segments HTTP/1.1" status: 200 len: 212 time: 0.3524129
2026-05-31 07:01:26.512 10 INFO neutron.wsgi [None req-24f93813-38fb-4265-9ad2-04d79d4fa93c d2dd5f3ba8d349d1b984615563284584 a425ff2f43f54188a805e4852ea5e5c3 - - default default] 10.0.0.132 "POST /v2.0/ports HTTP/1.1" status: 201 len: 942 time: 0.4135206 /var/lib/openstack/lib/python3.10/site-packages/pycadf/identifier.py:71: UserWarning: Invalid uuid: neutron. To ensure interoperability, identifiers should be a valid uuid. warnings.warn(('Invalid uuid: %s. To ensure interoperability, '
2026-05-31 07:01:26.522 10 WARNING neutron_lib.context [None req-c0fde7d6-43de-446a-aa32-6c26e86f1381 d2dd5f3ba8d349d1b984615563284584 a425ff2f43f54188a805e4852ea5e5c3 - - default default] Method 'is_advsvc' is deprecated since 2023.2 release (neutron-lib 3.8.0) and will be removed once support for the old RBAC API policies will be removed from Neutron. Please use method 'is_service_role' instead.
2026-05-31 07:01:26.574 9 INFO neutron.wsgi [None req-c0e27c14-3259-478b-a728-5ccfa37c0c6c 8b9c7af5d8ee4db9bf808d1c36836326 728873e09eee41428abfc01bbfb1bc64 - - default default] 10.0.0.132 "DELETE /v2.0/security-groups/08bd7bdd-6c3a-42f8-bfc9-ec697d8b7fb9 HTTP/1.1" status: 204 len: 168 time: 0.7402580
2026-05-31 07:01:26.586 9 INFO neutron.wsgi [req-5885847f-82a2-400b-8c68-a067b523bc08 req-adcfebb1-3e05-4af8-9a7c-af6aefd01717 5cf45da4573e48c9a0ce8cd4d09c21a0 4c476e0bd3274a2ba42bd5be943bbd8f - - d7692b27b11a4bd8873e5d3d4b3c9916 d7692b27b11a4bd8873e5d3d4b3c9916] 199.204.45.89 "GET /v2.0/networks/b0f2b052-1173-497b-bd36-eb36932fc12e?fields=provider%3Aphysical_network&fields=provider%3Anetwork_type HTTP/1.1" status: 200 len: 277 time: 0.0735018
2026-05-31 07:01:26.615 10 INFO neutron.db.segments_db [None req-c0fde7d6-43de-446a-aa32-6c26e86f1381 d2dd5f3ba8d349d1b984615563284584 a425ff2f43f54188a805e4852ea5e5c3 - - default default] Added segment 063f25e1-e97f-4ff7-9412-adb2d15cc99a of type geneve for network 28aa541a-4a82-491d-b684-83ffd42067e3
2026-05-31 07:01:26.664 9 INFO neutron.wsgi [req-b6a39f51-e424-4e45-9879-bc81a85014c3 req-8db2f30f-c348-48c0-aeca-99329e638c5f 5cf45da4573e48c9a0ce8cd4d09c21a0 4c476e0bd3274a2ba42bd5be943bbd8f - - d7692b27b11a4bd8873e5d3d4b3c9916 d7692b27b11a4bd8873e5d3d4b3c9916] 199.204.45.89 "GET /v2.0/ports?tenant_id=9fbba6353a384dddb779abfd11054d45&device_id=05ab8cea-918e-44d3-a873-75aed3e4f3bc HTTP/1.1" status: 200 len: 1407 time: 0.0405436
2026-05-31 07:01:26.769 9 INFO neutron.wsgi [req-b6a39f51-e424-4e45-9879-bc81a85014c3 req-984240a5-8a56-40b1-98ac-430861787b30 5cf45da4573e48c9a0ce8cd4d09c21a0 4c476e0bd3274a2ba42bd5be943bbd8f - - d7692b27b11a4bd8873e5d3d4b3c9916 d7692b27b11a4bd8873e5d3d4b3c9916] 199.204.45.89 "GET /v2.0/networks?id=b0f2b052-1173-497b-bd36-eb36932fc12e HTTP/1.1" status: 200 len: 958 time: 0.1006572
2026-05-31 07:01:26.800 10 INFO neutron.plugins.ml2.drivers.ovn.mech_driver.mech_driver [None req-80dc192b-a9fd-4f6b-860e-f9bd944bc75b - - - - - -] OVN reports status up for port: 6b238ae3-773d-4733-a431-1b7173d64876
2026-05-31 07:01:26.809 9 INFO neutron.wsgi [req-b6a39f51-e424-4e45-9879-bc81a85014c3 req-adad6fe5-767c-4c84-8298-b64d0b50192e 5cf45da4573e48c9a0ce8cd4d09c21a0 4c476e0bd3274a2ba42bd5be943bbd8f - - d7692b27b11a4bd8873e5d3d4b3c9916 d7692b27b11a4bd8873e5d3d4b3c9916] 199.204.45.89 "GET /v2.0/floatingips?fixed_ip_address=10.100.0.6&port_id=6b238ae3-773d-4733-a431-1b7173d64876 HTTP/1.1" status: 200 len: 217 time: 0.0351169
2026-05-31 07:01:26.825 10 INFO neutron.plugins.ml2.plugin [None req-80dc192b-a9fd-4f6b-860e-f9bd944bc75b - - - - - -] Attempt 1 to provision port 6b238ae3-773d-4733-a431-1b7173d64876
2026-05-31 07:01:26.829 10 INFO neutron.db.ovn_revision_numbers_db [None req-c0fde7d6-43de-446a-aa32-6c26e86f1381 d2dd5f3ba8d349d1b984615563284584 a425ff2f43f54188a805e4852ea5e5c3 - - default default] Successfully bumped revision number for resource 28aa541a-4a82-491d-b684-83ffd42067e3 (type: networks) to 1
2026-05-31 07:01:26.856 9 INFO neutron.wsgi [req-b6a39f51-e424-4e45-9879-bc81a85014c3 req-6cd3dbed-b2ef-4baa-9564-414caa99fb12 5cf45da4573e48c9a0ce8cd4d09c21a0 4c476e0bd3274a2ba42bd5be943bbd8f - - d7692b27b11a4bd8873e5d3d4b3c9916 d7692b27b11a4bd8873e5d3d4b3c9916] 199.204.45.89 "GET /v2.0/subnets?id=2c21a95a-247a-4cc7-9c29-e3376dcf3d87 HTTP/1.1" status: 200 len: 852 time: 0.0383234
2026-05-31 07:01:26.889 9 INFO neutron.wsgi [req-b6a39f51-e424-4e45-9879-bc81a85014c3 req-02a1975d-ab9d-4fe2-a7f1-192a3ac81c02 5cf45da4573e48c9a0ce8cd4d09c21a0 4c476e0bd3274a2ba42bd5be943bbd8f - - d7692b27b11a4bd8873e5d3d4b3c9916 d7692b27b11a4bd8873e5d3d4b3c9916] 199.204.45.89 "GET /v2.0/ports?network_id=b0f2b052-1173-497b-bd36-eb36932fc12e&device_owner=network%3Adhcp HTTP/1.1" status: 200 len: 210 time: 0.0270452
2026-05-31 07:01:26.956 9 INFO neutron.wsgi [req-9273469e-3533-4de2-ada7-ab74e69ffbfc req-a7b34e1a-9b90-4f04-8e34-9b24b7cd44db 5336ae8374f247059ef9845c8af425fc 9fbba6353a384dddb779abfd11054d45 - - default default] 10.0.0.29 "GET /v2.0/ports?device_id=05ab8cea-918e-44d3-a873-75aed3e4f3bc HTTP/1.1" status: 200 len: 1168 time: 0.0471883
2026-05-31 07:01:26.996 9 INFO neutron.wsgi [req-b6a39f51-e424-4e45-9879-bc81a85014c3 req-2ac0296b-1eb1-4823-bdc1-311a4bdc90c6 5cf45da4573e48c9a0ce8cd4d09c21a0 4c476e0bd3274a2ba42bd5be943bbd8f - - d7692b27b11a4bd8873e5d3d4b3c9916 d7692b27b11a4bd8873e5d3d4b3c9916] 199.204.45.89 "GET /v2.0/networks/b0f2b052-1173-497b-bd36-eb36932fc12e?fields=segments HTTP/1.1" status: 200 len: 212 time: 0.1018486
2026-05-31 07:01:27.031 9 INFO neutron.wsgi [req-9273469e-3533-4de2-ada7-ab74e69ffbfc req-f450bb1c-86f1-48a3-b98c-f2b20fe7da3c 5336ae8374f247059ef9845c8af425fc 9fbba6353a384dddb779abfd11054d45 - - default default] 10.0.0.29 "GET /v2.0/security-groups?id=691450ed-fc15-44ee-a0b5-078389e2d1c9&fields=id&fields=name HTTP/1.1" status: 200 len: 313 time: 0.0677729
2026-05-31 07:01:27.074 10 INFO neutron.notifiers.nova [-] Nova event matching ['req-b85d2a18-5d9e-4375-9a66-46b5ee656cfc'] response: {'server_uuid': '05ab8cea-918e-44d3-a873-75aed3e4f3bc', 'name': 'network-vif-plugged', 'status': 'completed', 'tag': '6b238ae3-773d-4733-a431-1b7173d64876', 'code': 200}
2026-05-31 07:01:27.075 9 INFO neutron.wsgi [req-b6a39f51-e424-4e45-9879-bc81a85014c3 req-1faf8cf6-e970-4776-8e6c-cba21de76c71 5cf45da4573e48c9a0ce8cd4d09c21a0 4c476e0bd3274a2ba42bd5be943bbd8f - - d7692b27b11a4bd8873e5d3d4b3c9916 d7692b27b11a4bd8873e5d3d4b3c9916] 199.204.45.89 "GET /v2.0/networks/b0f2b052-1173-497b-bd36-eb36932fc12e?fields=provider%3Aphysical_network&fields=provider%3Anetwork_type HTTP/1.1" status: 200 len: 277 time: 0.0711560
2026-05-31 07:01:27.086 10 WARNING neutron.scheduler.dhcp_agent_scheduler [None req-c0fde7d6-43de-446a-aa32-6c26e86f1381 d2dd5f3ba8d349d1b984615563284584 a425ff2f43f54188a805e4852ea5e5c3 - - default default] No more DHCP agents
2026-05-31 07:01:27.089 10 WARNING neutron.api.rpc.agentnotifiers.dhcp_rpc_agent_api [None req-c0fde7d6-43de-446a-aa32-6c26e86f1381 d2dd5f3ba8d349d1b984615563284584 a425ff2f43f54188a805e4852ea5e5c3 - - default default] Unable to schedule network 28aa541a-4a82-491d-b684-83ffd42067e3: no agents available; will retry on subsequent port and subnet creation events.
2026-05-31 07:01:27.195 10 INFO neutron.db.ovn_revision_numbers_db [None req-c0fde7d6-43de-446a-aa32-6c26e86f1381 d2dd5f3ba8d349d1b984615563284584 a425ff2f43f54188a805e4852ea5e5c3 - - default default] Successfully bumped revision number for resource 379ff209-96ae-48ab-a0a4-0d8974e6ed96 (type: ports) to 1
2026-05-31 07:01:27.220 10 INFO neutron.wsgi [None req-c0fde7d6-43de-446a-aa32-6c26e86f1381 d2dd5f3ba8d349d1b984615563284584 a425ff2f43f54188a805e4852ea5e5c3 - - default default] 10.0.0.132 "POST /v2.0/networks HTTP/1.1" status: 201 len: 830 time: 0.7037950
2026-05-31 07:01:27.237 9 WARNING neutron_lib.context [None req-5a0874be-5f15-4ea5-a94d-01722b2f53b4 d2dd5f3ba8d349d1b984615563284584 a425ff2f43f54188a805e4852ea5e5c3 - - default default] Method 'is_advsvc' is deprecated since 2023.2 release (neutron-lib 3.8.0) and will be removed once support for the old RBAC API policies will be removed from Neutron. Please use method 'is_service_role' instead.
2026-05-31 07:01:27.273 10 INFO neutron.db.ovn_revision_numbers_db [None req-80dc192b-a9fd-4f6b-860e-f9bd944bc75b - - - - - -] Successfully bumped revision number for resource 6b238ae3-773d-4733-a431-1b7173d64876 (type: ports) to 4
2026-05-31 07:01:27.361 9 INFO neutron.db.ovn_revision_numbers_db [None req-590d6889-0c95-4833-8db6-63a375ed91b9 8b9c7af5d8ee4db9bf808d1c36836326 728873e09eee41428abfc01bbfb1bc64 - - default default] Successfully bumped revision number for resource 293097f8-3754-400a-8ade-a8fff095865c (type: security_groups) to 1
2026-05-31 07:01:27.379 9 INFO neutron.db.ovn_revision_numbers_db [None req-590d6889-0c95-4833-8db6-63a375ed91b9 8b9c7af5d8ee4db9bf808d1c36836326 728873e09eee41428abfc01bbfb1bc64 - - default default] Successfully bumped revision number for resource 0d2934e3-de7c-4c6b-9cd8-55d2b0e53093 (type: security_group_rules) to 0
2026-05-31 07:01:27.402 9 INFO neutron.db.ovn_revision_numbers_db [None req-590d6889-0c95-4833-8db6-63a375ed91b9 8b9c7af5d8ee4db9bf808d1c36836326 728873e09eee41428abfc01bbfb1bc64 - - default default] Successfully bumped revision number for resource 126c4e11-45f6-4548-837c-cf7830ff6340 (type: security_group_rules) to 0
2026-05-31 07:01:27.436 9 INFO neutron.db.ovn_revision_numbers_db [None req-590d6889-0c95-4833-8db6-63a375ed91b9 8b9c7af5d8ee4db9bf808d1c36836326 728873e09eee41428abfc01bbfb1bc64 - - default default] Successfully bumped revision number for resource 7bf009ba-f46d-4432-8d04-3f38c7a9e743 (type: security_group_rules) to 0
2026-05-31 07:01:27.457 9 INFO neutron.db.ovn_revision_numbers_db [None req-590d6889-0c95-4833-8db6-63a375ed91b9 8b9c7af5d8ee4db9bf808d1c36836326 728873e09eee41428abfc01bbfb1bc64 - - default default] Successfully bumped revision number for resource ad466786-ab40-40f5-a026-8ab6e90b0c1e (type: security_group_rules) to 0
2026-05-31 07:01:27.490 9 INFO neutron.wsgi [None req-590d6889-0c95-4833-8db6-63a375ed91b9 8b9c7af5d8ee4db9bf808d1c36836326 728873e09eee41428abfc01bbfb1bc64 - - default default] 10.0.0.132 "GET /v2.0/security-groups?tenant_id=73a3babad8f4444d9ae226c1e65972eb&name=default HTTP/1.1" status: 200 len: 3120 time: 0.5404603 /var/lib/openstack/lib/python3.10/site-packages/pycadf/identifier.py:71: UserWarning: Invalid uuid: neutron. To ensure interoperability, identifiers should be a valid uuid. warnings.warn(('Invalid uuid: %s. To ensure interoperability, '
2026-05-31 07:01:27.531 9 WARNING neutron.scheduler.dhcp_agent_scheduler [None req-5a0874be-5f15-4ea5-a94d-01722b2f53b4 d2dd5f3ba8d349d1b984615563284584 a425ff2f43f54188a805e4852ea5e5c3 - - default default] No more DHCP agents
2026-05-31 07:01:27.533 9 WARNING neutron.api.rpc.agentnotifiers.dhcp_rpc_agent_api [None req-5a0874be-5f15-4ea5-a94d-01722b2f53b4 d2dd5f3ba8d349d1b984615563284584 a425ff2f43f54188a805e4852ea5e5c3 - - default default] Unable to schedule network 28aa541a-4a82-491d-b684-83ffd42067e3: no agents available; will retry on subsequent port and subnet creation events.
2026-05-31 07:01:27.622 9 INFO neutron.db.ovn_revision_numbers_db [None req-5a0874be-5f15-4ea5-a94d-01722b2f53b4 d2dd5f3ba8d349d1b984615563284584 a425ff2f43f54188a805e4852ea5e5c3 - - default default] Successfully bumped revision number for resource 7fb79c43-c37b-444c-a4c9-062e5719733b (type: ports) to 1
2026-05-31 07:01:27.644 9 INFO neutron.wsgi [None req-5a0874be-5f15-4ea5-a94d-01722b2f53b4 d2dd5f3ba8d349d1b984615563284584 a425ff2f43f54188a805e4852ea5e5c3 - - default default] 10.0.0.132 "POST /v2.0/ports HTTP/1.1" status: 201 len: 942 time: 0.4146326 /var/lib/openstack/lib/python3.10/site-packages/pycadf/identifier.py:71: UserWarning: Invalid uuid: neutron. To ensure interoperability, identifiers should be a valid uuid. warnings.warn(('Invalid uuid: %s. To ensure interoperability, '
2026-05-31 07:01:27.699 9 INFO neutron.wsgi [None req-5eae40db-92fd-4f9a-a8e7-5fa802ac6f04 d2dd5f3ba8d349d1b984615563284584 a425ff2f43f54188a805e4852ea5e5c3 - - default default] 10.0.0.132 "PUT /v2.0/ports/d5add3c0-6843-416f-b5ad-da0fe4e74fc6/tags HTTP/1.1" status: 200 len: 210 time: 0.0452714
2026-05-31 07:01:27.708 10 INFO neutron.wsgi [None req-56b88163-5f1f-4c97-95de-ddaa0b9d8ccf 8b9c7af5d8ee4db9bf808d1c36836326 728873e09eee41428abfc01bbfb1bc64 - - default default] 10.0.0.132 "DELETE /v2.0/security-groups/293097f8-3754-400a-8ade-a8fff095865c HTTP/1.1" status: 204 len: 168 time: 0.2120562
2026-05-31 07:01:27.768 9 INFO neutron.wsgi [None req-66e22fd3-13e1-4129-ac5d-6114468a71c1 d2dd5f3ba8d349d1b984615563284584 a425ff2f43f54188a805e4852ea5e5c3 - - default default] 10.0.0.132 "PUT /v2.0/ports/e09ae31a-955e-4b6e-a5d6-86861356cd58/tags HTTP/1.1" status: 200 len: 218 time: 0.0619998
2026-05-31 07:01:27.931 9 INFO neutron.wsgi [None req-99514f36-4fbb-4d7d-becf-5d43db1b6cff d2dd5f3ba8d349d1b984615563284584 a425ff2f43f54188a805e4852ea5e5c3 - - default default] 10.0.0.132 "PUT /v2.0/ports/d7120089-9373-435d-9153-4d9c050e7a02/tags HTTP/1.1" status: 200 len: 227 time: 0.1588972
2026-05-31 07:01:28.007 10 INFO neutron.wsgi [None req-94b78cf7-a7de-46cf-ae27-1b1f532e4d4d d2dd5f3ba8d349d1b984615563284584 a425ff2f43f54188a805e4852ea5e5c3 - - default default] 10.0.0.132 "PUT /v2.0/ports/eeb65498-ece7-447f-9a2f-85a2286501fc/tags HTTP/1.1" status: 200 len: 212 time: 0.0689418
2026-05-31 07:01:28.210 9 INFO neutron.wsgi [req-8fedbaaf-fbf1-4482-90b3-df090a9c1f26 req-745f3239-c07a-4c04-9ca4-e5490998df0a 5336ae8374f247059ef9845c8af425fc 9fbba6353a384dddb779abfd11054d45 - - default default] 10.0.0.29 "GET /v2.0/ports?device_id=05ab8cea-918e-44d3-a873-75aed3e4f3bc HTTP/1.1" status: 200 len: 1170 time: 0.1142340
2026-05-31 07:01:28.212 10 INFO neutron.wsgi [None req-f482570d-57a0-4e2c-9991-dc6db069cbfb d2dd5f3ba8d349d1b984615563284584 a425ff2f43f54188a805e4852ea5e5c3 - - default default] 10.0.0.132 "GET /v2.0/ports?tags=red HTTP/1.1" status: 200 len: 2448 time: 0.1984959
2026-05-31 07:01:28.274 9 INFO neutron.wsgi [req-8fedbaaf-fbf1-4482-90b3-df090a9c1f26 req-b5e16faa-1b3c-47bb-ac63-473d2ed83506 5336ae8374f247059ef9845c8af425fc 9fbba6353a384dddb779abfd11054d45 - - default default] 10.0.0.29 "GET /v2.0/security-groups?id=691450ed-fc15-44ee-a0b5-078389e2d1c9&fields=id&fields=name HTTP/1.1" status: 200 len: 313 time: 0.0573037
2026-05-31 07:01:28.317 10 INFO neutron.wsgi [None req-1c635a00-698b-48bb-b110-f75cd9befeac d2dd5f3ba8d349d1b984615563284584 a425ff2f43f54188a805e4852ea5e5c3 - - default default] 10.0.0.132 "GET /v2.0/ports?tags=red%2Cblue HTTP/1.1" status: 200 len: 1708 time: 0.0888932
2026-05-31 07:01:28.385 10 INFO neutron.wsgi [None req-bfd8f5c2-7e7d-4f9c-9bca-60748f011c8a d2dd5f3ba8d349d1b984615563284584 a425ff2f43f54188a805e4852ea5e5c3 - - default default] 10.0.0.132 "GET /v2.0/ports?tags-any=blue HTTP/1.1" status: 200 len: 1708 time: 0.0600832
2026-05-31 07:01:28.435 10 INFO neutron.wsgi [None req-70084a31-8f19-4ac4-9c05-967307cfaa67 d2dd5f3ba8d349d1b984615563284584 a425ff2f43f54188a805e4852ea5e5c3 - - default default] 10.0.0.132 "GET /v2.0/ports?tags-any=red%2Cblue HTTP/1.1" status: 200 len: 2448 time: 0.0451300
2026-05-31 07:01:28.601 10 INFO neutron.wsgi [None req-96a186d2-c1b6-47e0-a440-38f2d302dfee d2dd5f3ba8d349d1b984615563284584 a425ff2f43f54188a805e4852ea5e5c3 - - default default] 10.0.0.132 "GET /v2.0/ports?not-tags=red HTTP/1.1" status: 200 len: 5463 time: 0.1600747
2026-05-31 07:01:28.883 9 INFO neutron.wsgi [None req-b140cedc-7f96-45de-9f91-c4809108e553 d2dd5f3ba8d349d1b984615563284584 a425ff2f43f54188a805e4852ea5e5c3 - - default default] 10.0.0.132 "GET /v2.0/ports?not-tags=red%2Cblue HTTP/1.1" status: 200 len: 6203 time: 0.2775445
2026-05-31 07:01:28.963 9 INFO neutron.wsgi [None req-caba4367-8a94-4406-a85f-4ffd88e97066 d2dd5f3ba8d349d1b984615563284584 a425ff2f43f54188a805e4852ea5e5c3 - - default default] 10.0.0.132 "GET /v2.0/ports?not-tags-any=blue HTTP/1.1" status: 200 len: 6203 time: 0.0753310
2026-05-31 07:01:29.025 9 INFO neutron.wsgi [None req-4dce37e5-1e49-44b1-9a8c-d10384ec8a75 d2dd5f3ba8d349d1b984615563284584 a425ff2f43f54188a805e4852ea5e5c3 - - default default] 10.0.0.132 "GET /v2.0/ports?not-tags-any=red%2Cblue HTTP/1.1" status: 200 len: 5463 time: 0.0563915
2026-05-31 07:01:29.122 10 INFO neutron.notifiers.nova [-] Nova event matching ['req-c1d48ad4-5474-4988-9c1c-1317b2b57267'] response: {'server_uuid': '05ab8cea-918e-44d3-a873-75aed3e4f3bc', 'name': 'network-vif-plugged', 'status': 'completed', 'tag': '6b238ae3-773d-4733-a431-1b7173d64876', 'code': 200}
2026-05-31 07:01:29.255 9 INFO neutron.wsgi [None req-600a6a3e-9604-4c89-8ae5-5f574ad626aa d2dd5f3ba8d349d1b984615563284584 a425ff2f43f54188a805e4852ea5e5c3 - - default default] 10.0.0.132 "DELETE /v2.0/ports/d5add3c0-6843-416f-b5ad-da0fe4e74fc6 HTTP/1.1" status: 204 len: 168 time: 0.2233655
2026-05-31 07:01:29.393 9 INFO neutron.wsgi [req-7faf2bb0-ef98-43c8-a375-b9b701c383bb req-fef2dd73-c85a-44f7-a21d-55e289e6b961 5336ae8374f247059ef9845c8af425fc 9fbba6353a384dddb779abfd11054d45 - - default default] 10.0.0.29 "GET /v2.0/ports?device_id=05ab8cea-918e-44d3-a873-75aed3e4f3bc HTTP/1.1" status: 200 len: 1170 time: 0.0471227
2026-05-31 07:01:29.465 9 INFO neutron.wsgi [req-7faf2bb0-ef98-43c8-a375-b9b701c383bb req-919674f1-c82f-4062-bc0b-7827d9d2711f 5336ae8374f247059ef9845c8af425fc 9fbba6353a384dddb779abfd11054d45 - - default default] 10.0.0.29 "GET /v2.0/security-groups?id=691450ed-fc15-44ee-a0b5-078389e2d1c9&fields=id&fields=name HTTP/1.1" status: 200 len: 313 time: 0.0598469
2026-05-31 07:01:29.554 9 INFO neutron.wsgi [None req-61d2baf1-3d1a-486d-9877-2edeb9df8277 d2dd5f3ba8d349d1b984615563284584 a425ff2f43f54188a805e4852ea5e5c3 - - default default] 10.0.0.132 "DELETE /v2.0/ports/e09ae31a-955e-4b6e-a5d6-86861356cd58 HTTP/1.1" status: 204 len: 168 time: 0.2913690
2026-05-31 07:01:29.642 10 INFO neutron.wsgi [req-f83f8b77-906f-485a-b652-466d730ac9f5 req-3d24cc4e-bcd8-4fab-802c-a21fe7457362 5336ae8374f247059ef9845c8af425fc 9fbba6353a384dddb779abfd11054d45 - - default default] 10.0.0.29 "GET /v2.0/ports?device_id=05ab8cea-918e-44d3-a873-75aed3e4f3bc HTTP/1.1" status: 200 len: 1170 time: 0.1105192
2026-05-31 07:01:29.707 10 INFO neutron.wsgi [req-f83f8b77-906f-485a-b652-466d730ac9f5 req-0b7e5c2c-1e49-4127-a194-7459523ae0b9 5336ae8374f247059ef9845c8af425fc 9fbba6353a384dddb779abfd11054d45 - - default default] 10.0.0.29 "GET /v2.0/security-groups?id=691450ed-fc15-44ee-a0b5-078389e2d1c9&fields=id&fields=name HTTP/1.1" status: 200 len: 313 time: 0.0596254
2026-05-31 07:01:29.791 10 INFO neutron.wsgi [None req-a20afa23-9ef7-4715-9213-c593cb9b91d1 b8549badac974686a6f22683f9b94098 392b41e0bf4d4c79803dba21b92d21ba - - default default] 10.0.0.132 "GET /v2.0/ports?device_id=05ab8cea-918e-44d3-a873-75aed3e4f3bc HTTP/1.1" status: 200 len: 1404 time: 0.0575042
2026-05-31 07:01:29.802 10 WARNING neutron_lib.context [None req-84accb0b-963c-4c5d-81dd-d2464cf67d3f 5336ae8374f247059ef9845c8af425fc 9fbba6353a384dddb779abfd11054d45 - - default default] Method 'is_advsvc' is deprecated since 2023.2 release (neutron-lib 3.8.0) and will be removed once support for the old RBAC API policies will be removed from Neutron. Please use method 'is_service_role' instead.
2026-05-31 07:01:29.817 9 INFO neutron.wsgi [None req-ce91ef28-78c1-43f0-bbf5-f7d7828dc87f d2dd5f3ba8d349d1b984615563284584 a425ff2f43f54188a805e4852ea5e5c3 - - default default] 10.0.0.132 "DELETE /v2.0/ports/d7120089-9373-435d-9153-4d9c050e7a02 HTTP/1.1" status: 204 len: 168 time: 0.2576714
2026-05-31 07:01:30.064 9 INFO neutron.wsgi [None req-de0ce9bb-09a1-44da-808d-a6662412d6b9 d2dd5f3ba8d349d1b984615563284584 a425ff2f43f54188a805e4852ea5e5c3 - - default default] 10.0.0.132 "DELETE /v2.0/ports/eeb65498-ece7-447f-9a2f-85a2286501fc HTTP/1.1" status: 204 len: 168 time: 0.2413082
2026-05-31 07:01:30.146 10 WARNING neutron.scheduler.dhcp_agent_scheduler [None req-84accb0b-963c-4c5d-81dd-d2464cf67d3f 5336ae8374f247059ef9845c8af425fc 9fbba6353a384dddb779abfd11054d45 - - default default] No more DHCP agents
2026-05-31 07:01:30.152 10 WARNING neutron.api.rpc.agentnotifiers.dhcp_rpc_agent_api [None req-84accb0b-963c-4c5d-81dd-d2464cf67d3f 5336ae8374f247059ef9845c8af425fc 9fbba6353a384dddb779abfd11054d45 - - default default] Unable to schedule network f0e613b5-6772-4521-99fb-04ec7a1b5090: no agents available; will retry on subsequent port and subnet creation events.
2026-05-31 07:01:30.717 10 INFO neutron.wsgi [None req-7fac1ad1-8431-4c62-b28d-0f8bd632b6e2 d2dd5f3ba8d349d1b984615563284584 a425ff2f43f54188a805e4852ea5e5c3 - - default default] 10.0.0.132 "DELETE /v2.0/ports/7fb79c43-c37b-444c-a4c9-062e5719733b HTTP/1.1" status: 204 len: 168 time: 0.6472688
2026-05-31 07:01:30.899 10 WARNING neutron_lib.context [None req-b8b73548-c7c9-4df0-98e2-cc849a015d71 b2c1d5fb0fe34f9b954e4e6bdb8ad7a8 ce1865c2a95240c49bd39f69488defc8 - - default default] Method 'is_advsvc' is deprecated since 2023.2 release (neutron-lib 3.8.0) and will be removed once support for the old RBAC API policies will be removed from Neutron. Please use method 'is_service_role' instead.
2026-05-31 07:01:31.065 10 INFO neutron.db.ovn_revision_numbers_db [None req-b8b73548-c7c9-4df0-98e2-cc849a015d71 b2c1d5fb0fe34f9b954e4e6bdb8ad7a8 ce1865c2a95240c49bd39f69488defc8 - - default default] Successfully bumped revision number for resource 49d6a46d-2b36-4485-9a73-6b5211299028 (type: routers) to 1
2026-05-31 07:01:31.083 10 INFO neutron.wsgi [None req-b8b73548-c7c9-4df0-98e2-cc849a015d71 b2c1d5fb0fe34f9b954e4e6bdb8ad7a8 ce1865c2a95240c49bd39f69488defc8 - - default default] 10.0.0.132 "POST /v2.0/routers HTTP/1.1" status: 201 len: 769 time: 0.2986457
2026-05-31 07:01:31.093 10 WARNING neutron_lib.context [None req-f87b218b-d1ba-4cdc-9d82-bb530930b8b2 b2c1d5fb0fe34f9b954e4e6bdb8ad7a8 ce1865c2a95240c49bd39f69488defc8 - - default default] Method 'is_advsvc' is deprecated since 2023.2 release (neutron-lib 3.8.0) and will be removed once support for the old RBAC API policies will be removed from Neutron. Please use method 'is_service_role' instead.
2026-05-31 07:01:31.136 9 INFO neutron.services.segments.plugin [-] Segment 3aaa210f-1b61-4b69-ac19-664c71ca55db resource provider aggregate not found
2026-05-31 07:01:31.145 9 INFO neutron.services.segments.plugin [-] Segment 3aaa210f-1b61-4b69-ac19-664c71ca55db resource provider aggregate not found
2026-05-31 07:01:31.162 9 INFO neutron.wsgi [None req-ff4f2c2d-9394-4b6b-aa81-8cbbd65ec0db d2dd5f3ba8d349d1b984615563284584 a425ff2f43f54188a805e4852ea5e5c3 - - default default] 10.0.0.132 "DELETE /v2.0/networks/ca934f26-7bf6-4ebb-9120-e5c44e0df9d4 HTTP/1.1" status: 204 len: 168 time: 0.4390149
2026-05-31 07:01:31.164 9 INFO neutron.services.segments.plugin [-] Segment 3aaa210f-1b61-4b69-ac19-664c71ca55db resource provider not found; error: Placement Client Error (4xx): {"errors": [{"status": 404, "title": "Not Found", "detail": "The resource could not be found.\n\n No resource provider with uuid 3aaa210f-1b61-4b69-ac19-664c71ca55db found for delete ", "request_id": "req-58406916-f249-425f-aee0-83ba49728295"}]}
2026-05-31 07:01:31.165 9 INFO neutron.services.segments.plugin [-] Segment 3aaa210f-1b61-4b69-ac19-664c71ca55db resource provider not found; error: Placement Client Error (4xx): {"errors": [{"status": 404, "title": "Not Found", "detail": "The resource could not be found.\n\n No resource provider with uuid 3aaa210f-1b61-4b69-ac19-664c71ca55db found for delete ", "request_id": "req-8b1ec54b-db1b-452b-9880-39e319b9b329"}]}
2026-05-31 07:01:31.304 10 INFO neutron.db.ovn_revision_numbers_db [None req-f87b218b-d1ba-4cdc-9d82-bb530930b8b2 b2c1d5fb0fe34f9b954e4e6bdb8ad7a8 ce1865c2a95240c49bd39f69488defc8 - - default default] Successfully bumped revision number for resource 011d5779-f6ad-4dd7-ada5-08f57a76729c (type: routers) to 1
2026-05-31 07:01:31.341 10 INFO neutron.wsgi [None req-f87b218b-d1ba-4cdc-9d82-bb530930b8b2 b2c1d5fb0fe34f9b954e4e6bdb8ad7a8 ce1865c2a95240c49bd39f69488defc8 - - default default] 10.0.0.132 "POST /v2.0/routers HTTP/1.1" status: 201 len: 769 time: 0.2521136
2026-05-31 07:01:31.354 9 WARNING neutron_lib.context [None req-a426e939-3138-447a-8592-f588ed467d8e b2c1d5fb0fe34f9b954e4e6bdb8ad7a8 ce1865c2a95240c49bd39f69488defc8 - - default default] Method 'is_advsvc' is deprecated since 2023.2 release (neutron-lib 3.8.0) and will be removed once support for the old RBAC API policies will be removed from Neutron. Please use method 'is_service_role' instead.
2026-05-31 07:01:31.484 9 INFO neutron.db.ovn_revision_numbers_db [None req-a426e939-3138-447a-8592-f588ed467d8e b2c1d5fb0fe34f9b954e4e6bdb8ad7a8 ce1865c2a95240c49bd39f69488defc8 - - default default] Successfully bumped revision number for resource 851bd810-c021-4969-be37-4a2ff859ac99 (type: routers) to 1
2026-05-31 07:01:31.504 9 INFO neutron.wsgi [None req-a426e939-3138-447a-8592-f588ed467d8e b2c1d5fb0fe34f9b954e4e6bdb8ad7a8 ce1865c2a95240c49bd39f69488defc8 - - default default] 10.0.0.132 "POST /v2.0/routers HTTP/1.1" status: 201 len: 769 time: 0.1576886
2026-05-31 07:01:31.514 9 WARNING neutron_lib.context [None req-fd314bc0-f9b1-4b36-97e6-f14f41760ca9 b2c1d5fb0fe34f9b954e4e6bdb8ad7a8 ce1865c2a95240c49bd39f69488defc8 - - default default] Method 'is_advsvc' is deprecated since 2023.2 release (neutron-lib 3.8.0) and will be removed once support for the old RBAC API policies will be removed from Neutron. Please use method 'is_service_role' instead.
2026-05-31 07:01:31.650 9 INFO neutron.db.ovn_revision_numbers_db [None req-fd314bc0-f9b1-4b36-97e6-f14f41760ca9 b2c1d5fb0fe34f9b954e4e6bdb8ad7a8 ce1865c2a95240c49bd39f69488defc8 - - default default] Successfully bumped revision number for resource 5addbc77-2638-47c2-9def-95839c5a9b90 (type: routers) to 1
2026-05-31 07:01:31.656 9 INFO neutron.wsgi [-] 10.0.0.96 "GET / HTTP/1.1" status: 200 len: 246 time: 0.0012357
2026-05-31 07:01:31.658 9 INFO neutron.wsgi [-] 10.0.0.96 "GET / HTTP/1.1" status: 200 len: 246 time: 0.0009296
2026-05-31 07:01:31.675 9 INFO neutron.wsgi [None req-fd314bc0-f9b1-4b36-97e6-f14f41760ca9 b2c1d5fb0fe34f9b954e4e6bdb8ad7a8 ce1865c2a95240c49bd39f69488defc8 - - default default] 10.0.0.132 "POST /v2.0/routers HTTP/1.1" status: 201 len: 769 time: 0.1664464
2026-05-31 07:01:31.688 9 WARNING neutron_lib.context [None req-91ff317b-1d3e-44d1-90a0-deae372af6c2 b2c1d5fb0fe34f9b954e4e6bdb8ad7a8 ce1865c2a95240c49bd39f69488defc8 - - default default] Method 'is_advsvc' is deprecated since 2023.2 release (neutron-lib 3.8.0) and will be removed once support for the old RBAC API policies will be removed from Neutron. Please use method 'is_service_role' instead.
2026-05-31 07:01:31.812 9 INFO neutron.db.ovn_revision_numbers_db [None req-91ff317b-1d3e-44d1-90a0-deae372af6c2 b2c1d5fb0fe34f9b954e4e6bdb8ad7a8 ce1865c2a95240c49bd39f69488defc8 - - default default] Successfully bumped revision number for resource 7551f67b-11d5-4cb9-bbc3-f676cd6be6ca (type: routers) to 1
2026-05-31 07:01:31.817 10 INFO neutron.db.ovn_revision_numbers_db [None req-84accb0b-963c-4c5d-81dd-d2464cf67d3f 5336ae8374f247059ef9845c8af425fc 9fbba6353a384dddb779abfd11054d45 - - default default] Successfully bumped revision number for resource ce162964-c60c-4172-ba07-72feedcb4a3c (type: floatingips) to -1
2026-05-31 07:01:31.827 9 INFO neutron.wsgi [None req-91ff317b-1d3e-44d1-90a0-deae372af6c2 b2c1d5fb0fe34f9b954e4e6bdb8ad7a8 ce1865c2a95240c49bd39f69488defc8 - - default default] 10.0.0.132 "POST /v2.0/routers HTTP/1.1" status: 201 len: 769 time: 0.1454000
2026-05-31 07:01:31.896 9 INFO neutron.wsgi [None req-ff13cd45-66e6-4390-868b-9ee7f9df3525 b2c1d5fb0fe34f9b954e4e6bdb8ad7a8 ce1865c2a95240c49bd39f69488defc8 - - default default] 10.0.0.132 "PUT /v2.0/routers/49d6a46d-2b36-4485-9a73-6b5211299028/tags HTTP/1.1" status: 200 len: 210 time: 0.0629182
2026-05-31 07:01:31.967 9 INFO neutron.wsgi [None req-dd295dd0-ff0f-4789-a0a4-ba7c513db3bc b2c1d5fb0fe34f9b954e4e6bdb8ad7a8 ce1865c2a95240c49bd39f69488defc8 - - default default] 10.0.0.132 "PUT /v2.0/routers/011d5779-f6ad-4dd7-ada5-08f57a76729c/tags HTTP/1.1" status: 200 len: 218 time: 0.0629447
2026-05-31 07:01:31.993 10 INFO neutron.db.ovn_revision_numbers_db [None req-84accb0b-963c-4c5d-81dd-d2464cf67d3f 5336ae8374f247059ef9845c8af425fc 9fbba6353a384dddb779abfd11054d45 - - default default] Successfully bumped revision number for resource ce162964-c60c-4172-ba07-72feedcb4a3c (type: floatingips) to 1
2026-05-31 07:01:31.993 10 INFO neutron.db.l3_db [None req-84accb0b-963c-4c5d-81dd-d2464cf67d3f 5336ae8374f247059ef9845c8af425fc 9fbba6353a384dddb779abfd11054d45 - - default default] Floating IP ce162964-c60c-4172-ba07-72feedcb4a3c associated. External IP: 10.96.250.214, port: 6b238ae3-773d-4733-a431-1b7173d64876.
2026-05-31 07:01:32.032 9 INFO neutron.wsgi [None req-ef4159f5-7c67-4e0b-beec-7ebab66c08dd b2c1d5fb0fe34f9b954e4e6bdb8ad7a8 ce1865c2a95240c49bd39f69488defc8 - - default default] 10.0.0.132 "PUT /v2.0/routers/851bd810-c021-4969-be37-4a2ff859ac99/tags HTTP/1.1" status: 200 len: 227 time: 0.0611365
2026-05-31 07:01:32.070 10 INFO neutron.wsgi [None req-84accb0b-963c-4c5d-81dd-d2464cf67d3f 5336ae8374f247059ef9845c8af425fc 9fbba6353a384dddb779abfd11054d45 - - default default] 10.0.0.132 "POST /v2.0/floatingips HTTP/1.1" status: 201 len: 1054 time: 2.2752850
2026-05-31 07:01:32.071 10 INFO neutron.services.segments.plugin [-] Segment e33e6afb-adbf-42e0-a584-c74bb1d37362 resource provider aggregate not found
2026-05-31 07:01:32.080 10 INFO neutron.services.segments.plugin [-] Segment e33e6afb-adbf-42e0-a584-c74bb1d37362 resource provider aggregate not found /var/lib/openstack/lib/python3.10/site-packages/pycadf/identifier.py:71: UserWarning: Invalid uuid: neutron. To ensure interoperability, identifiers should be a valid uuid. warnings.warn(('Invalid uuid: %s. To ensure interoperability, '
2026-05-31 07:01:32.103 9 INFO neutron.wsgi [None req-2ef8ab31-0e20-4b71-9694-2f88826e5518 b2c1d5fb0fe34f9b954e4e6bdb8ad7a8 ce1865c2a95240c49bd39f69488defc8 - - default default] 10.0.0.132 "PUT /v2.0/routers/5addbc77-2638-47c2-9def-95839c5a9b90/tags HTTP/1.1" status: 200 len: 212 time: 0.0659316
2026-05-31 07:01:32.105 10 INFO neutron.services.segments.plugin [-] Segment e33e6afb-adbf-42e0-a584-c74bb1d37362 resource provider not found; error: Placement Client Error (4xx): {"errors": [{"status": 404, "title": "Not Found", "detail": "The resource could not be found.\n\n No resource provider with uuid e33e6afb-adbf-42e0-a584-c74bb1d37362 found for delete ", "request_id": "req-db7e9c94-b073-4859-a0d6-59e3b18e148c"}]}
2026-05-31 07:01:32.107 10 INFO neutron.services.segments.plugin [-] Segment e33e6afb-adbf-42e0-a584-c74bb1d37362 resource provider not found; error: Placement Client Error (4xx): {"errors": [{"status": 404, "title": "Not Found", "detail": "The resource could not be found.\n\n No resource provider with uuid e33e6afb-adbf-42e0-a584-c74bb1d37362 found for delete ", "request_id": "req-3a25ba6a-4c36-4e13-a1ea-19ec86570db2"}]}
2026-05-31 07:01:32.124 10 INFO neutron.notifiers.nova [-] Nova event matching ['req-476672b1-61f2-4a5a-adef-f72cb0ed0034'] response: {'name': 'network-changed', 'server_uuid': '05ab8cea-918e-44d3-a873-75aed3e4f3bc', 'tag': '6b238ae3-773d-4733-a431-1b7173d64876', 'status': 'completed', 'code': 200}
2026-05-31 07:01:32.141 10 INFO neutron.wsgi [None req-c1961e93-3cd3-41b5-b55f-e65aeef450d2 d2dd5f3ba8d349d1b984615563284584 a425ff2f43f54188a805e4852ea5e5c3 - - default default] 10.0.0.132 "DELETE /v2.0/networks/e57475f0-8cd3-4f86-ac9f-941721d3aa3d HTTP/1.1" status: 204 len: 168 time: 0.9693060
2026-05-31 07:01:32.166 10 INFO neutron.wsgi [None req-2516dc0c-5a44-4c73-8a58-503eae31023a 5336ae8374f247059ef9845c8af425fc 9fbba6353a384dddb779abfd11054d45 - - default default] 10.0.0.132 "GET /v2.0/floatingips/ce162964-c60c-4172-ba07-72feedcb4a3c HTTP/1.1" status: 200 len: 1051 time: 0.0832195
2026-05-31 07:01:32.462 9 INFO neutron.wsgi [None req-95eaacf7-4efc-4ae7-a0f8-74c78cb378be b2c1d5fb0fe34f9b954e4e6bdb8ad7a8 ce1865c2a95240c49bd39f69488defc8 - - default default] 10.0.0.132 "GET /v2.0/routers?tags=red HTTP/1.1" status: 200 len: 1946 time: 0.3515296
2026-05-31 07:01:32.491 9 INFO neutron.wsgi [req-d38967f2-3060-4396-a6e6-8f8037b6fa8e req-e05c7460-c72d-4c7f-87bf-4d98d5ffd783 5cf45da4573e48c9a0ce8cd4d09c21a0 4c476e0bd3274a2ba42bd5be943bbd8f - - d7692b27b11a4bd8873e5d3d4b3c9916 d7692b27b11a4bd8873e5d3d4b3c9916] 199.204.45.89 "GET /v2.0/ports?tenant_id=9fbba6353a384dddb779abfd11054d45&device_id=05ab8cea-918e-44d3-a873-75aed3e4f3bc HTTP/1.1" status: 200 len: 1409 time: 0.3455184
2026-05-31 07:01:32.556 10 INFO neutron.wsgi [None req-7d7cd3dc-fbd9-462e-9172-03734069a7f0 b2c1d5fb0fe34f9b954e4e6bdb8ad7a8 ce1865c2a95240c49bd39f69488defc8 - - default default] 10.0.0.132 "GET /v2.0/routers?tags=red%2Cblue HTTP/1.1" status: 200 len: 1375 time: 0.0883622
2026-05-31 07:01:32.563 9 INFO neutron.wsgi [req-d38967f2-3060-4396-a6e6-8f8037b6fa8e req-4521c44b-eb85-4acf-919a-b4f2a741997f 5cf45da4573e48c9a0ce8cd4d09c21a0 4c476e0bd3274a2ba42bd5be943bbd8f - - d7692b27b11a4bd8873e5d3d4b3c9916 d7692b27b11a4bd8873e5d3d4b3c9916] 199.204.45.89 "GET /v2.0/networks?id=b0f2b052-1173-497b-bd36-eb36932fc12e HTTP/1.1" status: 200 len: 958 time: 0.0667090
2026-05-31 07:01:32.643 10 INFO neutron.wsgi [None req-cedcd636-b944-48d9-b2d8-6d216c5ba871 b2c1d5fb0fe34f9b954e4e6bdb8ad7a8 ce1865c2a95240c49bd39f69488defc8 - - default default] 10.0.0.132 "GET /v2.0/routers?tags-any=blue HTTP/1.1" status: 200 len: 1375 time: 0.0807631
2026-05-31 07:01:32.653 9 INFO neutron.wsgi [req-d38967f2-3060-4396-a6e6-8f8037b6fa8e req-f40b73d5-98ae-4d88-a350-1fad0a5af076 5cf45da4573e48c9a0ce8cd4d09c21a0 4c476e0bd3274a2ba42bd5be943bbd8f - - d7692b27b11a4bd8873e5d3d4b3c9916 d7692b27b11a4bd8873e5d3d4b3c9916] 199.204.45.89 "GET /v2.0/floatingips?fixed_ip_address=10.100.0.6&port_id=6b238ae3-773d-4733-a431-1b7173d64876 HTTP/1.1" status: 200 len: 1059 time: 0.0835688
2026-05-31 07:01:32.699 9 INFO neutron.wsgi [req-d38967f2-3060-4396-a6e6-8f8037b6fa8e req-5ed6308c-9dbd-4049-9227-0ceae08b7927 5cf45da4573e48c9a0ce8cd4d09c21a0 4c476e0bd3274a2ba42bd5be943bbd8f - - d7692b27b11a4bd8873e5d3d4b3c9916 d7692b27b11a4bd8873e5d3d4b3c9916] 199.204.45.89 "GET /v2.0/subnets?id=2c21a95a-247a-4cc7-9c29-e3376dcf3d87 HTTP/1.1" status: 200 len: 852 time: 0.0365903
2026-05-31 07:01:32.708 10 INFO neutron.wsgi [None req-f03aab14-5be0-4887-8cf6-114b88cb6f34 b2c1d5fb0fe34f9b954e4e6bdb8ad7a8 ce1865c2a95240c49bd39f69488defc8 - - default default] 10.0.0.132 "GET /v2.0/routers?tags-any=red%2Cblue HTTP/1.1" status: 200 len: 1946 time: 0.0596874
2026-05-31 07:01:32.740 9 INFO neutron.wsgi [req-d38967f2-3060-4396-a6e6-8f8037b6fa8e req-466d24d0-759b-4aaa-bb3c-d64f3a88a83f 5cf45da4573e48c9a0ce8cd4d09c21a0 4c476e0bd3274a2ba42bd5be943bbd8f - - d7692b27b11a4bd8873e5d3d4b3c9916 d7692b27b11a4bd8873e5d3d4b3c9916] 199.204.45.89 "GET /v2.0/ports?network_id=b0f2b052-1173-497b-bd36-eb36932fc12e&device_owner=network%3Adhcp HTTP/1.1" status: 200 len: 210 time: 0.0330353
2026-05-31 07:01:32.781 10 INFO neutron.wsgi [None req-e0c25e72-8af1-4a11-bdee-afc19906fe14 b2c1d5fb0fe34f9b954e4e6bdb8ad7a8 ce1865c2a95240c49bd39f69488defc8 - - default default] 10.0.0.132 "GET /v2.0/routers?not-tags=red HTTP/1.1" status: 200 len: 1347 time: 0.0678427
2026-05-31 07:01:32.845 9 INFO neutron.wsgi [req-d38967f2-3060-4396-a6e6-8f8037b6fa8e req-0ef47eed-9d4b-4a4a-92fc-3d5d88b1b9a1 5cf45da4573e48c9a0ce8cd4d09c21a0 4c476e0bd3274a2ba42bd5be943bbd8f - - d7692b27b11a4bd8873e5d3d4b3c9916 d7692b27b11a4bd8873e5d3d4b3c9916] 199.204.45.89 "GET /v2.0/networks/b0f2b052-1173-497b-bd36-eb36932fc12e?fields=segments HTTP/1.1" status: 200 len: 212 time: 0.0959210
2026-05-31 07:01:32.863 10 INFO neutron.db.ovn_revision_numbers_db [None req-be351952-499e-462b-876b-ef71a38f3079 8b9c7af5d8ee4db9bf808d1c36836326 728873e09eee41428abfc01bbfb1bc64 - - default default] Successfully bumped revision number for resource e205b8bb-0786-42bb-9aab-63edc2bc2979 (type: security_groups) to 1
2026-05-31 07:01:32.876 10 INFO neutron.wsgi [None req-eabc382e-75a7-4ae3-9ddb-d79d41ff502f b2c1d5fb0fe34f9b954e4e6bdb8ad7a8 ce1865c2a95240c49bd39f69488defc8 - - default default] 10.0.0.132 "GET /v2.0/routers?not-tags=red%2Cblue HTTP/1.1" status: 200 len: 1918 time: 0.0878909
2026-05-31 07:01:32.932 10 INFO neutron.db.ovn_revision_numbers_db [None req-be351952-499e-462b-876b-ef71a38f3079 8b9c7af5d8ee4db9bf808d1c36836326 728873e09eee41428abfc01bbfb1bc64 - - default default] Successfully bumped revision number for resource 4966a0b0-f800-4592-9c4a-d354ca1abbb5 (type: security_group_rules) to 0
2026-05-31 07:01:32.947 9 INFO neutron.wsgi [req-d38967f2-3060-4396-a6e6-8f8037b6fa8e req-820ee41a-be63-46c7-a5b9-b54cd941d1b2 5cf45da4573e48c9a0ce8cd4d09c21a0 4c476e0bd3274a2ba42bd5be943bbd8f - - d7692b27b11a4bd8873e5d3d4b3c9916 d7692b27b11a4bd8873e5d3d4b3c9916] 199.204.45.89 "GET /v2.0/networks/b0f2b052-1173-497b-bd36-eb36932fc12e?fields=provider%3Aphysical_network&fields=provider%3Anetwork_type HTTP/1.1" status: 200 len: 277 time: 0.0961008
2026-05-31 07:01:32.967 10 INFO neutron.wsgi [None req-036096e8-2034-4f20-bafc-9b9423cb5a55 b2c1d5fb0fe34f9b954e4e6bdb8ad7a8 ce1865c2a95240c49bd39f69488defc8 - - default default] 10.0.0.132 "GET /v2.0/routers?not-tags-any=blue HTTP/1.1" status: 200 len: 1918 time: 0.0828967
2026-05-31 07:01:32.970 10 INFO neutron.db.ovn_revision_numbers_db [None req-be351952-499e-462b-876b-ef71a38f3079 8b9c7af5d8ee4db9bf808d1c36836326 728873e09eee41428abfc01bbfb1bc64 - - default default] Successfully bumped revision number for resource 5c82949c-a590-48b6-8332-b02af05b82fc (type: security_group_rules) to 0
2026-05-31 07:01:32.983 10 INFO neutron.db.ovn_revision_numbers_db [None req-be351952-499e-462b-876b-ef71a38f3079 8b9c7af5d8ee4db9bf808d1c36836326 728873e09eee41428abfc01bbfb1bc64 - - default default] Successfully bumped revision number for resource 7f16cb92-055d-43d6-96c7-69b6996accf0 (type: security_group_rules) to 0
2026-05-31 07:01:32.997 10 INFO neutron.db.ovn_revision_numbers_db [None req-be351952-499e-462b-876b-ef71a38f3079 8b9c7af5d8ee4db9bf808d1c36836326 728873e09eee41428abfc01bbfb1bc64 - - default default] Successfully bumped revision number for resource c147023a-6fff-4f0d-a008-3a32edc4b70e (type: security_group_rules) to 0
2026-05-31 07:01:33.019 10 INFO neutron.wsgi [None req-be351952-499e-462b-876b-ef71a38f3079 8b9c7af5d8ee4db9bf808d1c36836326 728873e09eee41428abfc01bbfb1bc64 - - default default] 10.0.0.132 "GET /v2.0/security-groups?tenant_id=adad8af1711b4b1192305757e35b3896&name=default HTTP/1.1" status: 200 len: 3120 time: 0.6195424
2026-05-31 07:01:33.065 9 INFO neutron.wsgi [None req-d8153d6e-5e16-403c-95fc-56def2d5ce33 b2c1d5fb0fe34f9b954e4e6bdb8ad7a8 ce1865c2a95240c49bd39f69488defc8 - - default default] 10.0.0.132 "GET /v2.0/routers?not-tags-any=red%2Cblue HTTP/1.1" status: 200 len: 1347 time: 0.0915241
2026-05-31 07:01:33.099 9 INFO neutron.wsgi [None req-9d910fb3-23af-408b-b4e3-1eef01e02525 d2dd5f3ba8d349d1b984615563284584 a425ff2f43f54188a805e4852ea5e5c3 - - default default] 10.0.0.132 "DELETE /v2.0/networks/bf378b9c-c806-49a8-b46a-bf502f7b00e1 HTTP/1.1" status: 204 len: 168 time: 0.9498904
2026-05-31 07:01:33.136 9 INFO neutron.wsgi [None req-8c4d4094-a889-41ea-955a-d092022cfc76 b2c1d5fb0fe34f9b954e4e6bdb8ad7a8 ce1865c2a95240c49bd39f69488defc8 - - default default] 10.0.0.132 "GET /v2.0/routers/49d6a46d-2b36-4485-9a73-6b5211299028 HTTP/1.1" status: 200 len: 775 time: 0.0642729
2026-05-31 07:01:33.185 9 INFO neutron.services.segments.plugin [-] Segment 5699dbaf-5a2d-46ee-8ebc-db89308a2c77 resource provider aggregate not found
2026-05-31 07:01:33.192 9 INFO neutron.services.segments.plugin [-] Segment 5699dbaf-5a2d-46ee-8ebc-db89308a2c77 resource provider aggregate not found
2026-05-31 07:01:33.201 9 INFO neutron.services.segments.plugin [-] Segment 5699dbaf-5a2d-46ee-8ebc-db89308a2c77 resource provider not found; error: Placement Client Error (4xx): {"errors": [{"status": 404, "title": "Not Found", "detail": "The resource could not be found.\n\n No resource provider with uuid 5699dbaf-5a2d-46ee-8ebc-db89308a2c77 found for delete ", "request_id": "req-091bb03e-91f0-405a-b835-95cdb29729a3"}]}
2026-05-31 07:01:33.207 9 INFO neutron.services.segments.plugin [-] Segment 5699dbaf-5a2d-46ee-8ebc-db89308a2c77 resource provider not found; error: Placement Client Error (4xx): {"errors": [{"status": 404, "title": "Not Found", "detail": "The resource could not be found.\n\n No resource provider with uuid 5699dbaf-5a2d-46ee-8ebc-db89308a2c77 found for delete ", "request_id": "req-5a85b42f-1b91-419a-adfa-93f4d50f54ae"}]}
2026-05-31 07:01:33.561 9 INFO neutron.wsgi [None req-8ec7b969-77e5-4810-afe0-a021fa6f491f d2dd5f3ba8d349d1b984615563284584 a425ff2f43f54188a805e4852ea5e5c3 - - default default] 10.0.0.132 "DELETE /v2.0/networks/e562343a-b107-4d62-b55e-e4e96c2e5203 HTTP/1.1" status: 204 len: 168 time: 0.4416099
2026-05-31 07:01:33.949 10 INFO neutron.wsgi [None req-909fe51b-0967-4b0c-be30-df1a1674058a 8b9c7af5d8ee4db9bf808d1c36836326 728873e09eee41428abfc01bbfb1bc64 - - default default] 10.0.0.132 "DELETE /v2.0/security-groups/e205b8bb-0786-42bb-9aab-63edc2bc2979 HTTP/1.1" status: 204 len: 168 time: 0.9230649
2026-05-31 07:01:33.989 9 INFO neutron.wsgi [None req-6f215b9c-9a92-4824-a15a-09a1e35cddd8 d2dd5f3ba8d349d1b984615563284584 a425ff2f43f54188a805e4852ea5e5c3 - - default default] 10.0.0.132 "DELETE /v2.0/networks/28aa541a-4a82-491d-b684-83ffd42067e3 HTTP/1.1" status: 204 len: 168 time: 0.4214809
