2026-05-31 07:01:05.986 9 INFO neutron.db.segments_db [None req-85d2b9ab-29de-434f-8328-f2a714ef1085 529f12e51a2244a19f3fe1e8971e5cca 1743232065b3490fafeeb5d7f52b3589 - - default default] Added segment 53d9ebd6-8c40-4cb6-8702-b7eebdfd0664 of type geneve for network 8c457c51-12dd-4887-a92b-b6cd66c9ce4e
2026-05-31 07:01:06.031 9 WARNING neutron_lib.context [None req-cac6a7f6-32f0-4250-b23d-b3fb6d0e3509 a49ef3dcb9184d039947e7949e4a2599 d5371e6447cd46d98a59c5c280a47388 - - default default] Method 'is_advsvc' is deprecated since 2023.2 release (neutron-lib 3.8.0) and will be removed once support for the old RBAC API policies will be removed from Neutron. Please use method 'is_service_role' instead.
2026-05-31 07:01:06.417 9 INFO neutron.db.ovn_revision_numbers_db [None req-85d2b9ab-29de-434f-8328-f2a714ef1085 529f12e51a2244a19f3fe1e8971e5cca 1743232065b3490fafeeb5d7f52b3589 - - default default] Successfully bumped revision number for resource 8c457c51-12dd-4887-a92b-b6cd66c9ce4e (type: networks) to 1
2026-05-31 07:01:06.497 10 INFO neutron.plugins.ml2.drivers.ovn.mech_driver.ovsdb.commands [None req-bea7a839-f473-4c96-b04e-bef6fd54ca3f - - - - - -] Schedule LRP lrp-3f83b08d-afed-46b4-ac77-119aed619a51 on gateway a8562625-ecb1-4164-80ae-a4f446dd3fc0 with priority 1
2026-05-31 07:01:06.514 9 INFO neutron.plugins.ml2.drivers.ovn.mech_driver.mech_driver [None req-378f219e-fb21-4b85-bd37-a148f77145a1 - - - - - -] OVN reports status up for port: 3f83b08d-afed-46b4-ac77-119aed619a51
2026-05-31 07:01:06.539 10 INFO neutron.db.ovn_revision_numbers_db [None req-2681568d-ebb3-407d-b3e9-9b30d7214f4f 1624901e2d1048198c7138c226f39c02 9b4eefb31294443995087c5612a4f050 - - default default] Successfully bumped revision number for resource 3f83b08d-afed-46b4-ac77-119aed619a51 (type: router_ports) to 1
2026-05-31 07:01:06.539 9 INFO neutron.plugins.ml2.plugin [None req-378f219e-fb21-4b85-bd37-a148f77145a1 - - - - - -] Attempt 1 to provision port 3f83b08d-afed-46b4-ac77-119aed619a51
2026-05-31 07:01:06.614 10 INFO neutron.db.ovn_revision_numbers_db [None req-2681568d-ebb3-407d-b3e9-9b30d7214f4f 1624901e2d1048198c7138c226f39c02 9b4eefb31294443995087c5612a4f050 - - default default] Successfully bumped revision number for resource 78825348-4aa2-4662-a087-dda43515b88d (type: routers) to 2
2026-05-31 07:01:06.632 10 INFO neutron.wsgi [None req-2681568d-ebb3-407d-b3e9-9b30d7214f4f 1624901e2d1048198c7138c226f39c02 9b4eefb31294443995087c5612a4f050 - - default default] 10.0.0.132 "POST /v2.0/routers HTTP/1.1" status: 201 len: 1151 time: 1.7602584
2026-05-31 07:01:06.693 9 WARNING neutron.scheduler.dhcp_agent_scheduler [None req-85d2b9ab-29de-434f-8328-f2a714ef1085 529f12e51a2244a19f3fe1e8971e5cca 1743232065b3490fafeeb5d7f52b3589 - - default default] No more DHCP agents
2026-05-31 07:01:06.694 9 WARNING neutron.api.rpc.agentnotifiers.dhcp_rpc_agent_api [None req-85d2b9ab-29de-434f-8328-f2a714ef1085 529f12e51a2244a19f3fe1e8971e5cca 1743232065b3490fafeeb5d7f52b3589 - - default default] Unable to schedule network 8c457c51-12dd-4887-a92b-b6cd66c9ce4e: no agents available; will retry on subsequent port and subnet creation events.
2026-05-31 07:01:06.728 10 INFO neutron.wsgi [None req-0234dca3-9619-47bb-8c61-116431fe3b1a 1624901e2d1048198c7138c226f39c02 9b4eefb31294443995087c5612a4f050 - - default default] 10.0.0.132 "GET /v2.0/routers/78825348-4aa2-4662-a087-dda43515b88d HTTP/1.1" status: 200 len: 1152 time: 0.0893271
2026-05-31 07:01:06.744 9 WARNING neutron.scheduler.dhcp_agent_scheduler [None req-cac6a7f6-32f0-4250-b23d-b3fb6d0e3509 a49ef3dcb9184d039947e7949e4a2599 d5371e6447cd46d98a59c5c280a47388 - - default default] No more DHCP agents
2026-05-31 07:01:06.748 9 WARNING neutron.api.rpc.agentnotifiers.dhcp_rpc_agent_api [None req-cac6a7f6-32f0-4250-b23d-b3fb6d0e3509 a49ef3dcb9184d039947e7949e4a2599 d5371e6447cd46d98a59c5c280a47388 - - default default] Unable to schedule network f0e613b5-6772-4521-99fb-04ec7a1b5090: no agents available; will retry on subsequent port and subnet creation events.
2026-05-31 07:01:06.818 9 INFO neutron.db.ovn_revision_numbers_db [None req-85d2b9ab-29de-434f-8328-f2a714ef1085 529f12e51a2244a19f3fe1e8971e5cca 1743232065b3490fafeeb5d7f52b3589 - - default default] Successfully bumped revision number for resource c6b6ee13-baf8-4627-9dac-7cbf8938544c (type: ports) to 1
2026-05-31 07:01:06.845 9 INFO neutron.wsgi [None req-85d2b9ab-29de-434f-8328-f2a714ef1085 529f12e51a2244a19f3fe1e8971e5cca 1743232065b3490fafeeb5d7f52b3589 - - default default] 10.0.0.132 "POST /v2.0/networks HTTP/1.1" status: 201 len: 831 time: 0.9550512
2026-05-31 07:01:06.854 9 WARNING neutron_lib.context [None req-f44f7de8-3d53-44de-b924-e81905ce4600 529f12e51a2244a19f3fe1e8971e5cca 1743232065b3490fafeeb5d7f52b3589 - - default default] Method 'is_advsvc' is deprecated since 2023.2 release (neutron-lib 3.8.0) and will be removed once support for the old RBAC API policies will be removed from Neutron. Please use method 'is_service_role' instead.
2026-05-31 07:01:06.869 10 INFO neutron.wsgi [None req-26cefd1b-3fdd-4acf-9554-fa5c6e165e1d 1624901e2d1048198c7138c226f39c02 9b4eefb31294443995087c5612a4f050 - - default default] 10.0.0.132 "GET /v2.0/routers HTTP/1.1" status: 200 len: 1155 time: 0.1353648
2026-05-31 07:01:06.954 9 INFO neutron.db.segments_db [None req-f44f7de8-3d53-44de-b924-e81905ce4600 529f12e51a2244a19f3fe1e8971e5cca 1743232065b3490fafeeb5d7f52b3589 - - default default] Added segment 391fff0e-7fa3-4409-8aa2-e344dab726c9 of type geneve for network 589a2582-2133-449b-986b-94ae42b88da9
2026-05-31 07:01:07.167 9 INFO neutron.db.ovn_revision_numbers_db [None req-f44f7de8-3d53-44de-b924-e81905ce4600 529f12e51a2244a19f3fe1e8971e5cca 1743232065b3490fafeeb5d7f52b3589 - - default default] Successfully bumped revision number for resource 589a2582-2133-449b-986b-94ae42b88da9 (type: networks) to 1
2026-05-31 07:01:07.185 9 INFO neutron.wsgi [None req-cac6a7f6-32f0-4250-b23d-b3fb6d0e3509 a49ef3dcb9184d039947e7949e4a2599 d5371e6447cd46d98a59c5c280a47388 - - default default] 10.0.0.132 "POST /v2.0/floatingips HTTP/1.1" status: 201 len: 751 time: 1.3376381
2026-05-31 07:01:07.195 9 WARNING neutron_lib.context [None req-6ab6f324-4a8a-4fc6-a623-01b0b0542128 a49ef3dcb9184d039947e7949e4a2599 d5371e6447cd46d98a59c5c280a47388 - - default default] Method 'is_advsvc' is deprecated since 2023.2 release (neutron-lib 3.8.0) and will be removed once support for the old RBAC API policies will be removed from Neutron. Please use method 'is_service_role' instead.
2026-05-31 07:01:07.443 9 WARNING neutron.scheduler.dhcp_agent_scheduler [None req-f44f7de8-3d53-44de-b924-e81905ce4600 529f12e51a2244a19f3fe1e8971e5cca 1743232065b3490fafeeb5d7f52b3589 - - default default] No more DHCP agents
2026-05-31 07:01:07.447 9 WARNING neutron.api.rpc.agentnotifiers.dhcp_rpc_agent_api [None req-f44f7de8-3d53-44de-b924-e81905ce4600 529f12e51a2244a19f3fe1e8971e5cca 1743232065b3490fafeeb5d7f52b3589 - - default default] Unable to schedule network 589a2582-2133-449b-986b-94ae42b88da9: no agents available; will retry on subsequent port and subnet creation events.
2026-05-31 07:01:07.571 9 INFO neutron.db.ovn_revision_numbers_db [None req-f44f7de8-3d53-44de-b924-e81905ce4600 529f12e51a2244a19f3fe1e8971e5cca 1743232065b3490fafeeb5d7f52b3589 - - default default] Successfully bumped revision number for resource 666143e4-17c2-42bc-af8b-9197cc5382ab (type: ports) to 1
2026-05-31 07:01:07.577 9 WARNING neutron.scheduler.dhcp_agent_scheduler [None req-6ab6f324-4a8a-4fc6-a623-01b0b0542128 a49ef3dcb9184d039947e7949e4a2599 d5371e6447cd46d98a59c5c280a47388 - - default default] No more DHCP agents
2026-05-31 07:01:07.581 9 WARNING neutron.api.rpc.agentnotifiers.dhcp_rpc_agent_api [None req-6ab6f324-4a8a-4fc6-a623-01b0b0542128 a49ef3dcb9184d039947e7949e4a2599 d5371e6447cd46d98a59c5c280a47388 - - default default] Unable to schedule network f0e613b5-6772-4521-99fb-04ec7a1b5090: no agents available; will retry on subsequent port and subnet creation events.
2026-05-31 07:01:07.586 10 INFO neutron.db.ovn_revision_numbers_db [None req-eed86170-421b-480a-9329-ce05cbf3c9f9 1624901e2d1048198c7138c226f39c02 9b4eefb31294443995087c5612a4f050 - - default default] Successfully bumped revision number for resource 78825348-4aa2-4662-a087-dda43515b88d (type: routers) to 3
2026-05-31 07:01:07.592 10 INFO neutron.wsgi [None req-eed86170-421b-480a-9329-ce05cbf3c9f9 1624901e2d1048198c7138c226f39c02 9b4eefb31294443995087c5612a4f050 - - default default] 10.0.0.132 "PUT /v2.0/routers/78825348-4aa2-4662-a087-dda43515b88d HTTP/1.1" status: 200 len: 1159 time: 0.7116315
2026-05-31 07:01:07.608 9 INFO neutron.wsgi [None req-f44f7de8-3d53-44de-b924-e81905ce4600 529f12e51a2244a19f3fe1e8971e5cca 1743232065b3490fafeeb5d7f52b3589 - - default default] 10.0.0.132 "POST /v2.0/networks HTTP/1.1" status: 201 len: 831 time: 0.7582161
2026-05-31 07:01:07.618 9 WARNING neutron_lib.context [None req-b0cf9efd-355c-45e8-ac82-7a29ea270661 529f12e51a2244a19f3fe1e8971e5cca 1743232065b3490fafeeb5d7f52b3589 - - default default] Method 'is_advsvc' is deprecated since 2023.2 release (neutron-lib 3.8.0) and will be removed once support for the old RBAC API policies will be removed from Neutron. Please use method 'is_service_role' instead.
2026-05-31 07:01:07.683 10 INFO neutron.wsgi [None req-ac82b598-a31f-4d91-8325-9aee254f4c04 1624901e2d1048198c7138c226f39c02 9b4eefb31294443995087c5612a4f050 - - default default] 10.0.0.132 "GET /v2.0/routers/78825348-4aa2-4662-a087-dda43515b88d HTTP/1.1" status: 200 len: 1159 time: 0.0822279
2026-05-31 07:01:07.706 10 INFO neutron.wsgi [None req-c1302eb8-b01e-4a91-86b2-283476bcd7f6 1624901e2d1048198c7138c226f39c02 9b4eefb31294443995087c5612a4f050 - - default default] 10.0.0.132 "GET /v2.0/ports?device_id=78825348-4aa2-4662-a087-dda43515b88d HTTP/1.1" status: 200 len: 205 time: 0.0190351
2026-05-31 07:01:07.757 9 INFO neutron.db.segments_db [None req-b0cf9efd-355c-45e8-ac82-7a29ea270661 529f12e51a2244a19f3fe1e8971e5cca 1743232065b3490fafeeb5d7f52b3589 - - default default] Added segment 1baf335a-89e6-4566-ab07-6862e7a4ae4b of type geneve for network 4d25c098-1e65-4358-ab2d-80d89f37fa4d
2026-05-31 07:01:07.951 9 INFO neutron.db.ovn_revision_numbers_db [None req-b0cf9efd-355c-45e8-ac82-7a29ea270661 529f12e51a2244a19f3fe1e8971e5cca 1743232065b3490fafeeb5d7f52b3589 - - default default] Successfully bumped revision number for resource 4d25c098-1e65-4358-ab2d-80d89f37fa4d (type: networks) to 1
2026-05-31 07:01:08.037 9 INFO neutron.wsgi [None req-6ab6f324-4a8a-4fc6-a623-01b0b0542128 a49ef3dcb9184d039947e7949e4a2599 d5371e6447cd46d98a59c5c280a47388 - - default default] 10.0.0.132 "POST /v2.0/floatingips HTTP/1.1" status: 201 len: 751 time: 0.8459601
2026-05-31 07:01:08.050 10 WARNING neutron_lib.context [None req-7f98c0dc-4606-49e4-9489-5961d411f54c a49ef3dcb9184d039947e7949e4a2599 d5371e6447cd46d98a59c5c280a47388 - - default default] Method 'is_advsvc' is deprecated since 2023.2 release (neutron-lib 3.8.0) and will be removed once support for the old RBAC API policies will be removed from Neutron. Please use method 'is_service_role' instead.
2026-05-31 07:01:08.153 9 WARNING neutron.scheduler.dhcp_agent_scheduler [None req-b0cf9efd-355c-45e8-ac82-7a29ea270661 529f12e51a2244a19f3fe1e8971e5cca 1743232065b3490fafeeb5d7f52b3589 - - default default] No more DHCP agents
2026-05-31 07:01:08.156 9 WARNING neutron.api.rpc.agentnotifiers.dhcp_rpc_agent_api [None req-b0cf9efd-355c-45e8-ac82-7a29ea270661 529f12e51a2244a19f3fe1e8971e5cca 1743232065b3490fafeeb5d7f52b3589 - - default default] Unable to schedule network 4d25c098-1e65-4358-ab2d-80d89f37fa4d: no agents available; will retry on subsequent port and subnet creation events.
2026-05-31 07:01:08.291 9 INFO neutron.db.ovn_revision_numbers_db [None req-b0cf9efd-355c-45e8-ac82-7a29ea270661 529f12e51a2244a19f3fe1e8971e5cca 1743232065b3490fafeeb5d7f52b3589 - - default default] Successfully bumped revision number for resource d111b036-c2ee-41c6-874a-f07bab03c8f8 (type: ports) to 1
2026-05-31 07:01:08.333 9 INFO neutron.wsgi [None req-b0cf9efd-355c-45e8-ac82-7a29ea270661 529f12e51a2244a19f3fe1e8971e5cca 1743232065b3490fafeeb5d7f52b3589 - - default default] 10.0.0.132 "POST /v2.0/networks HTTP/1.1" status: 201 len: 831 time: 0.7192838
2026-05-31 07:01:08.342 9 WARNING neutron_lib.context [None req-e905db38-1d3c-4ae0-9017-4a35384dc110 529f12e51a2244a19f3fe1e8971e5cca 1743232065b3490fafeeb5d7f52b3589 - - default default] Method 'is_advsvc' is deprecated since 2023.2 release (neutron-lib 3.8.0) and will be removed once support for the old RBAC API policies will be removed from Neutron. Please use method 'is_service_role' instead.
2026-05-31 07:01:08.376 10 WARNING neutron.plugins.ml2.drivers.ovn.mech_driver.ovsdb.ovn_client [None req-80dc192b-a9fd-4f6b-860e-f9bd944bc75b - - - - - -] No port found with ID 7ab4e511-929b-4244-9b62-68e74473ecf8: RuntimeError: No port found with ID 7ab4e511-929b-4244-9b62-68e74473ecf8
2026-05-31 07:01:08.437 9 INFO neutron.db.segments_db [None req-e905db38-1d3c-4ae0-9017-4a35384dc110 529f12e51a2244a19f3fe1e8971e5cca 1743232065b3490fafeeb5d7f52b3589 - - default default] Added segment d055ae91-df32-46f1-917f-efe79b377959 of type geneve for network 77ba6f2b-4d84-49a1-80a4-ef70cc18d624
2026-05-31 07:01:08.459 10 WARNING neutron.scheduler.dhcp_agent_scheduler [None req-7f98c0dc-4606-49e4-9489-5961d411f54c a49ef3dcb9184d039947e7949e4a2599 d5371e6447cd46d98a59c5c280a47388 - - default default] No more DHCP agents
2026-05-31 07:01:08.464 10 WARNING neutron.api.rpc.agentnotifiers.dhcp_rpc_agent_api [None req-7f98c0dc-4606-49e4-9489-5961d411f54c a49ef3dcb9184d039947e7949e4a2599 d5371e6447cd46d98a59c5c280a47388 - - default default] Unable to schedule network f0e613b5-6772-4521-99fb-04ec7a1b5090: no agents available; will retry on subsequent port and subnet creation events.
2026-05-31 07:01:08.611 9 INFO neutron.db.ovn_revision_numbers_db [None req-e905db38-1d3c-4ae0-9017-4a35384dc110 529f12e51a2244a19f3fe1e8971e5cca 1743232065b3490fafeeb5d7f52b3589 - - default default] Successfully bumped revision number for resource 77ba6f2b-4d84-49a1-80a4-ef70cc18d624 (type: networks) to 1
2026-05-31 07:01:08.788 10 INFO neutron.db.ovn_revision_numbers_db [None req-d445436d-119d-4737-9ec1-3e76130b9c79 8b9c7af5d8ee4db9bf808d1c36836326 728873e09eee41428abfc01bbfb1bc64 - - default default] Successfully bumped revision number for resource 2d22ca52-9950-4b34-a115-e8dc48a23a54 (type: security_groups) to 1
2026-05-31 07:01:08.819 10 INFO neutron.wsgi [None req-8dfcb166-7a44-4f10-9718-57bbe0bf23a7 1624901e2d1048198c7138c226f39c02 9b4eefb31294443995087c5612a4f050 - - default default] 10.0.0.132 "DELETE /v2.0/routers/78825348-4aa2-4662-a087-dda43515b88d HTTP/1.1" status: 204 len: 168 time: 1.1085763
2026-05-31 07:01:08.821 10 INFO neutron.db.ovn_revision_numbers_db [None req-d445436d-119d-4737-9ec1-3e76130b9c79 8b9c7af5d8ee4db9bf808d1c36836326 728873e09eee41428abfc01bbfb1bc64 - - default default] Successfully bumped revision number for resource 4e3de07d-266c-41b4-a409-4753165bd0d0 (type: security_group_rules) to 0
2026-05-31 07:01:08.835 9 WARNING neutron.scheduler.dhcp_agent_scheduler [None req-e905db38-1d3c-4ae0-9017-4a35384dc110 529f12e51a2244a19f3fe1e8971e5cca 1743232065b3490fafeeb5d7f52b3589 - - default default] No more DHCP agents
2026-05-31 07:01:08.836 9 WARNING neutron.api.rpc.agentnotifiers.dhcp_rpc_agent_api [None req-e905db38-1d3c-4ae0-9017-4a35384dc110 529f12e51a2244a19f3fe1e8971e5cca 1743232065b3490fafeeb5d7f52b3589 - - default default] Unable to schedule network 77ba6f2b-4d84-49a1-80a4-ef70cc18d624: no agents available; will retry on subsequent port and subnet creation events.
2026-05-31 07:01:08.848 10 INFO neutron.wsgi [None req-624c1a65-4076-499e-8474-0856854abf53 1624901e2d1048198c7138c226f39c02 9b4eefb31294443995087c5612a4f050 - - default default] 10.0.0.132 "GET /v2.0/ports?device_id=78825348-4aa2-4662-a087-dda43515b88d HTTP/1.1" status: 200 len: 205 time: 0.0235212
2026-05-31 07:01:08.851 10 INFO neutron.db.ovn_revision_numbers_db [None req-d445436d-119d-4737-9ec1-3e76130b9c79 8b9c7af5d8ee4db9bf808d1c36836326 728873e09eee41428abfc01bbfb1bc64 - - default default] Successfully bumped revision number for resource 7dd15229-5967-4c39-8bea-49d2d119d356 (type: security_group_rules) to 0
2026-05-31 07:01:08.879 10 INFO neutron.db.ovn_revision_numbers_db [None req-d445436d-119d-4737-9ec1-3e76130b9c79 8b9c7af5d8ee4db9bf808d1c36836326 728873e09eee41428abfc01bbfb1bc64 - - default default] Successfully bumped revision number for resource ad794416-51bd-4e0f-890d-71febddf04e4 (type: security_group_rules) to 0
2026-05-31 07:01:08.901 9 INFO neutron.api.v2.resource [None req-720f257f-f7d0-478f-8d72-4684f82d2449 1624901e2d1048198c7138c226f39c02 9b4eefb31294443995087c5612a4f050 - - default default] delete failed (client error): The resource could not be found.
2026-05-31 07:01:08.903 9 INFO neutron.wsgi [None req-720f257f-f7d0-478f-8d72-4684f82d2449 1624901e2d1048198c7138c226f39c02 9b4eefb31294443995087c5612a4f050 - - default default] 10.0.0.132 "DELETE /v2.0/routers/78825348-4aa2-4662-a087-dda43515b88d HTTP/1.1" status: 404 len: 336 time: 0.0486202
2026-05-31 07:01:08.929 9 INFO neutron.wsgi [None req-c52f596d-5f10-4d28-9ce0-4fed0c929a61 1624901e2d1048198c7138c226f39c02 9b4eefb31294443995087c5612a4f050 - - default default] 10.0.0.132 "GET /v2.0/ports?device_id=71341fc9-d837-4594-97a6-7862ad7d6cd9 HTTP/1.1" status: 200 len: 205 time: 0.0212326
2026-05-31 07:01:08.975 9 INFO neutron.api.v2.resource [None req-93a02f54-ac7e-48c6-8cc1-f5e6a22ba7ac 1624901e2d1048198c7138c226f39c02 9b4eefb31294443995087c5612a4f050 - - default default] delete failed (client error): The resource could not be found.
2026-05-31 07:01:08.977 9 INFO neutron.wsgi [None req-93a02f54-ac7e-48c6-8cc1-f5e6a22ba7ac 1624901e2d1048198c7138c226f39c02 9b4eefb31294443995087c5612a4f050 - - default default] 10.0.0.132 "DELETE /v2.0/routers/71341fc9-d837-4594-97a6-7862ad7d6cd9 HTTP/1.1" status: 404 len: 336 time: 0.0412126
2026-05-31 07:01:09.013 9 INFO neutron.pecan_wsgi.hooks.translation [None req-8195fea7-679f-4684-9908-4cc7483d7164 1624901e2d1048198c7138c226f39c02 9b4eefb31294443995087c5612a4f050 - - default default] DELETE failed (client error): The resource could not be found.
2026-05-31 07:01:09.016 9 INFO neutron.wsgi [None req-8195fea7-679f-4684-9908-4cc7483d7164 1624901e2d1048198c7138c226f39c02 9b4eefb31294443995087c5612a4f050 - - default default] 10.0.0.132 "DELETE /v2.0/subnets/85c1eb44-bdd6-4313-92c1-505c94e146dc HTTP/1.1" status: 404 len: 337 time: 0.0276802
2026-05-31 07:01:09.018 9 INFO neutron.db.ovn_revision_numbers_db [None req-e905db38-1d3c-4ae0-9017-4a35384dc110 529f12e51a2244a19f3fe1e8971e5cca 1743232065b3490fafeeb5d7f52b3589 - - default default] Successfully bumped revision number for resource 3c82de6e-261b-45fb-a846-fad201ee7642 (type: ports) to 1
2026-05-31 07:01:09.037 9 INFO neutron.wsgi [None req-e4bd8546-0a69-4f6d-92ea-08dac96e046c 8b9c7af5d8ee4db9bf808d1c36836326 728873e09eee41428abfc01bbfb1bc64 - - default default] 10.0.0.252 "GET /v2.0/subnets HTTP/1.1" status: 200 len: 1437 time: 0.1404362
2026-05-31 07:01:09.054 9 INFO neutron.wsgi [None req-90dd2ec3-8283-413e-bd0f-5ff08eb69754 1624901e2d1048198c7138c226f39c02 9b4eefb31294443995087c5612a4f050 - - default default] 10.0.0.132 "GET /v2.0/ports?device_id=f43b9882-7c06-46ce-b36a-f3638d3e6246 HTTP/1.1" status: 200 len: 205 time: 0.0318382
2026-05-31 07:01:09.060 9 INFO neutron.wsgi [None req-f15d394e-69c8-4a5a-bd5c-750e6fe03c4c 8b9c7af5d8ee4db9bf808d1c36836326 728873e09eee41428abfc01bbfb1bc64 - - default default] 10.0.0.252 "GET /v2.0/subnetpools HTTP/1.1" status: 200 len: 193 time: 0.0129082
2026-05-31 07:01:09.088 9 INFO neutron.wsgi [None req-e905db38-1d3c-4ae0-9017-4a35384dc110 529f12e51a2244a19f3fe1e8971e5cca 1743232065b3490fafeeb5d7f52b3589 - - default default] 10.0.0.132 "POST /v2.0/networks HTTP/1.1" status: 201 len: 831 time: 0.7508020
2026-05-31 07:01:09.092 9 INFO neutron.api.v2.resource [None req-cb2bb985-9da8-4d21-a01c-ae8d8ba71adf 1624901e2d1048198c7138c226f39c02 9b4eefb31294443995087c5612a4f050 - - default default] delete failed (client error): The resource could not be found.
2026-05-31 07:01:09.093 9 INFO neutron.wsgi [None req-cb2bb985-9da8-4d21-a01c-ae8d8ba71adf 1624901e2d1048198c7138c226f39c02 9b4eefb31294443995087c5612a4f050 - - default default] 10.0.0.132 "DELETE /v2.0/routers/f43b9882-7c06-46ce-b36a-f3638d3e6246 HTTP/1.1" status: 404 len: 336 time: 0.0353603
2026-05-31 07:01:09.107 10 INFO neutron.db.ovn_revision_numbers_db [None req-d445436d-119d-4737-9ec1-3e76130b9c79 8b9c7af5d8ee4db9bf808d1c36836326 728873e09eee41428abfc01bbfb1bc64 - - default default] Successfully bumped revision number for resource c545169a-e99a-477d-8da7-c94c09807f9f (type: security_group_rules) to 0
2026-05-31 07:01:09.113 9 INFO neutron.pecan_wsgi.hooks.translation [None req-8f33009b-4fc2-4725-9081-2edc76796751 1624901e2d1048198c7138c226f39c02 9b4eefb31294443995087c5612a4f050 - - default default] DELETE failed (client error): The resource could not be found.
2026-05-31 07:01:09.115 9 INFO neutron.wsgi [None req-8f33009b-4fc2-4725-9081-2edc76796751 1624901e2d1048198c7138c226f39c02 9b4eefb31294443995087c5612a4f050 - - default default] 10.0.0.132 "DELETE /v2.0/subnets/9e69eda3-7d42-443c-9478-6cc7ff473ddb HTTP/1.1" status: 404 len: 337 time: 0.0177848
2026-05-31 07:01:09.147 9 INFO neutron.wsgi [None req-5d4ee903-93be-43d8-952d-c2aa4faf2c10 1624901e2d1048198c7138c226f39c02 9b4eefb31294443995087c5612a4f050 - - default default] 10.0.0.132 "GET /v2.0/ports?device_id=5921102d-c1ac-4530-97e1-eae428129d1b HTTP/1.1" status: 200 len: 205 time: 0.0261455
2026-05-31 07:01:09.157 9 INFO neutron.wsgi [None req-2b4f6854-315f-40bd-82e9-c3095b1b9df6 8b9c7af5d8ee4db9bf808d1c36836326 728873e09eee41428abfc01bbfb1bc64 - - default default] 10.0.0.252 "GET /v2.0/security-groups HTTP/1.1" status: 200 len: 26290 time: 0.0920780
2026-05-31 07:01:09.162 10 INFO neutron.wsgi [None req-d445436d-119d-4737-9ec1-3e76130b9c79 8b9c7af5d8ee4db9bf808d1c36836326 728873e09eee41428abfc01bbfb1bc64 - - default default] 10.0.0.132 "GET /v2.0/security-groups?tenant_id=6571ed6f6ec24319aad8554cb41f7c90&name=default HTTP/1.1" status: 200 len: 3120 time: 0.9386237
2026-05-31 07:01:09.181 9 INFO neutron.api.v2.resource [None req-b776d86b-4de2-4bd1-a2af-84a69e93c2e4 1624901e2d1048198c7138c226f39c02 9b4eefb31294443995087c5612a4f050 - - default default] delete failed (client error): The resource could not be found.
2026-05-31 07:01:09.182 9 INFO neutron.wsgi [None req-b776d86b-4de2-4bd1-a2af-84a69e93c2e4 1624901e2d1048198c7138c226f39c02 9b4eefb31294443995087c5612a4f050 - - default default] 10.0.0.132 "DELETE /v2.0/routers/5921102d-c1ac-4530-97e1-eae428129d1b HTTP/1.1" status: 404 len: 336 time: 0.0242355
2026-05-31 07:01:09.189 10 INFO neutron.wsgi [None req-97eeb857-f9f1-4a2f-96c9-43d084e20a26 529f12e51a2244a19f3fe1e8971e5cca 1743232065b3490fafeeb5d7f52b3589 - - default default] 10.0.0.132 "PUT /v2.0/networks/7404d6a1-1611-4289-ba05-49ba253b6c06/tags HTTP/1.1" status: 200 len: 210 time: 0.0937560
2026-05-31 07:01:09.207 9 INFO neutron.pecan_wsgi.hooks.translation [None req-b42ff882-c05f-4807-af22-e6e0ce248de7 1624901e2d1048198c7138c226f39c02 9b4eefb31294443995087c5612a4f050 - - default default] DELETE failed (client error): The resource could not be found.
2026-05-31 07:01:09.209 9 INFO neutron.wsgi [None req-b42ff882-c05f-4807-af22-e6e0ce248de7 1624901e2d1048198c7138c226f39c02 9b4eefb31294443995087c5612a4f050 - - default default] 10.0.0.132 "DELETE /v2.0/subnets/18a7d632-9b1f-4559-8adc-a7bc4479ea94 HTTP/1.1" status: 404 len: 337 time: 0.0210621
2026-05-31 07:01:09.231 9 INFO neutron.pecan_wsgi.hooks.translation [None req-90b9df8c-83da-4531-a96d-3f00bdc730d1 1624901e2d1048198c7138c226f39c02 9b4eefb31294443995087c5612a4f050 - - default default] DELETE failed (client error): The resource could not be found.
2026-05-31 07:01:09.233 9 INFO neutron.wsgi [None req-90b9df8c-83da-4531-a96d-3f00bdc730d1 1624901e2d1048198c7138c226f39c02 9b4eefb31294443995087c5612a4f050 - - default default] 10.0.0.132 "DELETE /v2.0/subnets/7a10d693-59b3-406f-8cba-aa20473f7818 HTTP/1.1" status: 404 len: 337 time: 0.0189877
2026-05-31 07:01:09.237 9 INFO neutron.wsgi [None req-6e5c6be3-486c-49ae-b8ff-56a4a59cbf86 8b9c7af5d8ee4db9bf808d1c36836326 728873e09eee41428abfc01bbfb1bc64 - - default default] 10.0.0.252 "GET /v2.0/subnets HTTP/1.1" status: 200 len: 1437 time: 0.0573835
2026-05-31 07:01:09.277 9 INFO neutron.wsgi [None req-9c94a428-9689-4916-a58e-42069a9c53b0 8b9c7af5d8ee4db9bf808d1c36836326 728873e09eee41428abfc01bbfb1bc64 - - default default] 10.0.0.252 "GET /v2.0/routers HTTP/1.1" status: 200 len: 189 time: 0.0380237
2026-05-31 07:01:09.294 10 INFO neutron.wsgi [None req-83e83d0d-e3b0-43c2-a1dc-1b8064776156 529f12e51a2244a19f3fe1e8971e5cca 1743232065b3490fafeeb5d7f52b3589 - - default default] 10.0.0.132 "PUT /v2.0/networks/8c457c51-12dd-4887-a92b-b6cd66c9ce4e/tags HTTP/1.1" status: 200 len: 218 time: 0.0992272
2026-05-31 07:01:09.300 9 INFO neutron.wsgi [None req-9645e4d0-3737-4521-b264-77551b5eaefb 8b9c7af5d8ee4db9bf808d1c36836326 728873e09eee41428abfc01bbfb1bc64 - - default default] 10.0.0.252 "GET /v2.0/agents?binary=ovn-controller HTTP/1.1" status: 200 len: 591 time: 0.0229228
2026-05-31 07:01:09.329 10 INFO neutron.wsgi [None req-7f98c0dc-4606-49e4-9489-5961d411f54c a49ef3dcb9184d039947e7949e4a2599 d5371e6447cd46d98a59c5c280a47388 - - default default] 10.0.0.132 "POST /v2.0/floatingips HTTP/1.1" status: 201 len: 751 time: 1.2851701
2026-05-31 07:01:09.330 9 INFO neutron.wsgi [None req-7f041cf7-cbc0-4457-9afa-fca6efc445db 8b9c7af5d8ee4db9bf808d1c36836326 728873e09eee41428abfc01bbfb1bc64 - - default default] 10.0.0.252 "GET /v2.0/agents HTTP/1.1" status: 200 len: 1390 time: 0.0267763
2026-05-31 07:01:09.338 10 WARNING neutron_lib.context [None req-f8ad37da-2d52-4003-a3cc-d664cb395aed a49ef3dcb9184d039947e7949e4a2599 d5371e6447cd46d98a59c5c280a47388 - - default default] Method 'is_advsvc' is deprecated since 2023.2 release (neutron-lib 3.8.0) and will be removed once support for the old RBAC API policies will be removed from Neutron. Please use method 'is_service_role' instead.
2026-05-31 07:01:09.417 9 INFO neutron.wsgi [None req-77c53f43-71a3-4652-8e96-914616f2e021 529f12e51a2244a19f3fe1e8971e5cca 1743232065b3490fafeeb5d7f52b3589 - - default default] 10.0.0.132 "PUT /v2.0/networks/589a2582-2133-449b-986b-94ae42b88da9/tags HTTP/1.1" status: 200 len: 227 time: 0.1121805
2026-05-31 07:01:09.454 9 INFO neutron.wsgi [None req-06685174-f0be-48e6-9fc4-2222729f16c6 8b9c7af5d8ee4db9bf808d1c36836326 728873e09eee41428abfc01bbfb1bc64 - - default default] 10.0.0.252 "GET /v2.0/networks HTTP/1.1" status: 200 len: 5899 time: 0.1193149
2026-05-31 07:01:09.478 9 INFO neutron.wsgi [None req-bcad7379-9741-4d02-861b-c6c9dc192233 8b9c7af5d8ee4db9bf808d1c36836326 728873e09eee41428abfc01bbfb1bc64 - - default default] 10.0.0.252 "GET /v2.0/network-ip-availabilities HTTP/1.1" status: 200 len: 2619 time: 0.0208302
2026-05-31 07:01:09.501 10 INFO neutron.wsgi [None req-011e47e5-1b56-4af6-a633-5909030c3545 529f12e51a2244a19f3fe1e8971e5cca 1743232065b3490fafeeb5d7f52b3589 - - default default] 10.0.0.132 "PUT /v2.0/networks/4d25c098-1e65-4358-ab2d-80d89f37fa4d/tags HTTP/1.1" status: 200 len: 212 time: 0.0793855
2026-05-31 07:01:09.542 9 INFO neutron.wsgi [None req-f2606a94-639c-46f9-8156-fe0960b942a9 8b9c7af5d8ee4db9bf808d1c36836326 728873e09eee41428abfc01bbfb1bc64 - - default default] 10.0.0.252 "GET /v2.0/floatingips HTTP/1.1" status: 200 len: 1807 time: 0.0628822
2026-05-31 07:01:09.596 10 INFO neutron.wsgi [None req-d8166040-3088-4ae0-8888-c265526bc2e6 8b9c7af5d8ee4db9bf808d1c36836326 728873e09eee41428abfc01bbfb1bc64 - - default default] 10.0.0.132 "DELETE /v2.0/security-groups/2d22ca52-9950-4b34-a115-e8dc48a23a54 HTTP/1.1" status: 204 len: 168 time: 0.4218054
2026-05-31 07:01:09.657 10 WARNING neutron.scheduler.dhcp_agent_scheduler [None req-f8ad37da-2d52-4003-a3cc-d664cb395aed a49ef3dcb9184d039947e7949e4a2599 d5371e6447cd46d98a59c5c280a47388 - - default default] No more DHCP agents
2026-05-31 07:01:09.659 10 WARNING neutron.api.rpc.agentnotifiers.dhcp_rpc_agent_api [None req-f8ad37da-2d52-4003-a3cc-d664cb395aed a49ef3dcb9184d039947e7949e4a2599 d5371e6447cd46d98a59c5c280a47388 - - default default] Unable to schedule network f0e613b5-6772-4521-99fb-04ec7a1b5090: no agents available; will retry on subsequent port and subnet creation events.
2026-05-31 07:01:09.883 9 INFO neutron.wsgi [None req-531cdc3d-ad34-4402-b83f-735d597b3e32 529f12e51a2244a19f3fe1e8971e5cca 1743232065b3490fafeeb5d7f52b3589 - - default default] 10.0.0.132 "GET /v2.0/networks?tags=red HTTP/1.1" status: 200 len: 2069 time: 0.3708954
2026-05-31 07:01:09.932 9 INFO neutron.wsgi [None req-dabd578e-88ed-43f4-873a-91aa4d0a1b5b 8b9c7af5d8ee4db9bf808d1c36836326 728873e09eee41428abfc01bbfb1bc64 - - default default] 10.0.0.252 "GET /v2.0/ports HTTP/1.1" status: 200 len: 13679 time: 0.1092081
2026-05-31 07:01:10.013 10 INFO neutron.wsgi [None req-d1262e34-ac23-478d-9e96-d955cc417276 529f12e51a2244a19f3fe1e8971e5cca 1743232065b3490fafeeb5d7f52b3589 - - default default] 10.0.0.132 "GET /v2.0/networks?tags=red%2Cblue HTTP/1.1" status: 200 len: 1457 time: 0.1184831
2026-05-31 07:01:10.038 10 INFO neutron.wsgi [None req-0824773b-df09-46c9-b9b9-1fd6f4fcc358 8b9c7af5d8ee4db9bf808d1c36836326 728873e09eee41428abfc01bbfb1bc64 - - default default] 10.0.0.132 "GET /v2.0/security-groups?tenant_id=9b4eefb31294443995087c5612a4f050&name=default HTTP/1.1" status: 200 len: 3120 time: 0.2718656
2026-05-31 07:01:10.076 10 INFO neutron.wsgi [None req-f8ad37da-2d52-4003-a3cc-d664cb395aed a49ef3dcb9184d039947e7949e4a2599 d5371e6447cd46d98a59c5c280a47388 - - default default] 10.0.0.132 "POST /v2.0/floatingips HTTP/1.1" status: 201 len: 751 time: 0.7423458
2026-05-31 07:01:10.080 9 INFO neutron.wsgi [None req-868d89e7-7fa7-4d0f-9581-bd44091a9183 529f12e51a2244a19f3fe1e8971e5cca 1743232065b3490fafeeb5d7f52b3589 - - default default] 10.0.0.132 "GET /v2.0/networks?tags-any=blue HTTP/1.1" status: 200 len: 1457 time: 0.0613196
2026-05-31 07:01:10.086 10 WARNING neutron_lib.context [None req-7a019a40-c749-4183-95ef-b838205659be a49ef3dcb9184d039947e7949e4a2599 d5371e6447cd46d98a59c5c280a47388 - - default default] Method 'is_advsvc' is deprecated since 2023.2 release (neutron-lib 3.8.0) and will be removed once support for the old RBAC API policies will be removed from Neutron. Please use method 'is_service_role' instead.
2026-05-31 07:01:10.144 9 INFO neutron.wsgi [None req-541696c9-76ca-4aa0-885f-fb2322621135 529f12e51a2244a19f3fe1e8971e5cca 1743232065b3490fafeeb5d7f52b3589 - - default default] 10.0.0.132 "GET /v2.0/networks?tags-any=red%2Cblue HTTP/1.1" status: 200 len: 2069 time: 0.0589952
2026-05-31 07:01:10.270 9 INFO neutron.wsgi [None req-01806848-85d8-49bb-8edc-278a2dd63079 529f12e51a2244a19f3fe1e8971e5cca 1743232065b3490fafeeb5d7f52b3589 - - default default] 10.0.0.132 "GET /v2.0/networks?not-tags=red HTTP/1.1" status: 200 len: 2069 time: 0.1146812
2026-05-31 07:01:10.355 10 INFO neutron.wsgi [None req-b0e2c4f7-ec72-4f8d-afa4-292aa2bc1c1c 8b9c7af5d8ee4db9bf808d1c36836326 728873e09eee41428abfc01bbfb1bc64 - - default default] 10.0.0.132 "DELETE /v2.0/security-groups/c5c09c3b-bd73-4e5d-8082-57478011c7f9 HTTP/1.1" status: 204 len: 168 time: 0.3116674
2026-05-31 07:01:10.374 10 WARNING neutron.scheduler.dhcp_agent_scheduler [None req-7a019a40-c749-4183-95ef-b838205659be a49ef3dcb9184d039947e7949e4a2599 d5371e6447cd46d98a59c5c280a47388 - - default default] No more DHCP agents
2026-05-31 07:01:10.377 10 WARNING neutron.api.rpc.agentnotifiers.dhcp_rpc_agent_api [None req-7a019a40-c749-4183-95ef-b838205659be a49ef3dcb9184d039947e7949e4a2599 d5371e6447cd46d98a59c5c280a47388 - - default default] Unable to schedule network f0e613b5-6772-4521-99fb-04ec7a1b5090: no agents available; will retry on subsequent port and subnet creation events.
2026-05-31 07:01:10.378 9 INFO neutron.wsgi [None req-f2043a90-b47b-4270-824a-1cf3803cc73c 529f12e51a2244a19f3fe1e8971e5cca 1743232065b3490fafeeb5d7f52b3589 - - default default] 10.0.0.132 "GET /v2.0/networks?not-tags=red%2Cblue HTTP/1.1" status: 200 len: 2681 time: 0.1020515
2026-05-31 07:01:10.513 9 INFO neutron.wsgi [None req-fb1640d4-aced-4bbf-a51f-980de25b9b4b 529f12e51a2244a19f3fe1e8971e5cca 1743232065b3490fafeeb5d7f52b3589 - - default default] 10.0.0.132 "GET /v2.0/networks?not-tags-any=blue HTTP/1.1" status: 200 len: 2681 time: 0.1307137
2026-05-31 07:01:10.593 9 INFO neutron.wsgi [None req-6c34e240-c5d7-49e0-a85a-b002ce48e53a 529f12e51a2244a19f3fe1e8971e5cca 1743232065b3490fafeeb5d7f52b3589 - - default default] 10.0.0.132 "GET /v2.0/networks?not-tags-any=red%2Cblue HTTP/1.1" status: 200 len: 2069 time: 0.0765553
2026-05-31 07:01:10.788 10 INFO neutron.wsgi [None req-7a019a40-c749-4183-95ef-b838205659be a49ef3dcb9184d039947e7949e4a2599 d5371e6447cd46d98a59c5c280a47388 - - default default] 10.0.0.132 "POST /v2.0/floatingips HTTP/1.1" status: 201 len: 751 time: 0.7070558
2026-05-31 07:01:10.862 9 INFO neutron.wsgi [None req-2d897450-4d3d-41d8-96c9-bdc7322d2688 a49ef3dcb9184d039947e7949e4a2599 d5371e6447cd46d98a59c5c280a47388 - - default default] 10.0.0.132 "PUT /v2.0/floatingips/f1a1bddc-8087-4b17-abda-c311a58cddba/tags HTTP/1.1" status: 200 len: 210 time: 0.0636194
2026-05-31 07:01:10.914 9 INFO neutron.wsgi [None req-5771df68-8f4c-4881-8fe5-d36d1fad8c39 a49ef3dcb9184d039947e7949e4a2599 d5371e6447cd46d98a59c5c280a47388 - - default default] 10.0.0.132 "PUT /v2.0/floatingips/ab25b3c7-5d7c-42c8-8490-07beb44be6ea/tags HTTP/1.1" status: 200 len: 218 time: 0.0468571
2026-05-31 07:01:10.968 9 INFO neutron.wsgi [None req-485d3735-f268-4056-b5eb-bae8d693dcb6 a49ef3dcb9184d039947e7949e4a2599 d5371e6447cd46d98a59c5c280a47388 - - default default] 10.0.0.132 "PUT /v2.0/floatingips/daae3e92-a181-4503-85fb-f633380b7d3f/tags HTTP/1.1" status: 200 len: 227 time: 0.0499899
2026-05-31 07:01:11.022 9 INFO neutron.wsgi [None req-1f3780ea-c82a-48bd-8653-f875d4359fd8 a49ef3dcb9184d039947e7949e4a2599 d5371e6447cd46d98a59c5c280a47388 - - default default] 10.0.0.132 "PUT /v2.0/floatingips/0c4876ec-679a-452e-9008-24772f7744f4/tags HTTP/1.1" status: 200 len: 212 time: 0.0466506
2026-05-31 07:01:11.046 10 INFO neutron.services.segments.plugin [-] Segment 1c5f0cbd-9290-4750-94b8-81644448827e resource provider aggregate not found
2026-05-31 07:01:11.052 10 INFO neutron.services.segments.plugin [-] Segment 1c5f0cbd-9290-4750-94b8-81644448827e resource provider aggregate not found
2026-05-31 07:01:11.059 10 INFO neutron.services.segments.plugin [-] Segment 1c5f0cbd-9290-4750-94b8-81644448827e resource provider not found; error: Placement Client Error (4xx): {"errors": [{"status": 404, "title": "Not Found", "detail": "The resource could not be found.\n\n No resource provider with uuid 1c5f0cbd-9290-4750-94b8-81644448827e found for delete ", "request_id": "req-30002690-3c8d-49ec-923e-eb0e203f5989"}]}
2026-05-31 07:01:11.069 10 INFO neutron.services.segments.plugin [-] Segment 1c5f0cbd-9290-4750-94b8-81644448827e resource provider not found; error: Placement Client Error (4xx): {"errors": [{"status": 404, "title": "Not Found", "detail": "The resource could not be found.\n\n No resource provider with uuid 1c5f0cbd-9290-4750-94b8-81644448827e found for delete ", "request_id": "req-38169302-cc69-4daa-8d79-434d9645b631"}]}
2026-05-31 07:01:11.078 9 INFO neutron.wsgi [None req-0a7c0515-efca-451c-85e5-02ef96ee6ad1 a49ef3dcb9184d039947e7949e4a2599 d5371e6447cd46d98a59c5c280a47388 - - default default] 10.0.0.132 "GET /v2.0/floatingips?tags=red HTTP/1.1" status: 200 len: 1866 time: 0.0498312
2026-05-31 07:01:11.089 10 INFO neutron.wsgi [None req-bdf174bc-2230-409f-b04e-686d3dc4bda2 529f12e51a2244a19f3fe1e8971e5cca 1743232065b3490fafeeb5d7f52b3589 - - default default] 10.0.0.132 "DELETE /v2.0/networks/7404d6a1-1611-4289-ba05-49ba253b6c06 HTTP/1.1" status: 204 len: 168 time: 0.4907024
2026-05-31 07:01:11.124 9 WARNING neutron.plugins.ml2.drivers.ovn.mech_driver.ovsdb.ovn_client [None req-378f219e-fb21-4b85-bd37-a148f77145a1 - - - - - -] No port found with ID 3f83b08d-afed-46b4-ac77-119aed619a51: RuntimeError: No port found with ID 3f83b08d-afed-46b4-ac77-119aed619a51
2026-05-31 07:01:11.129 9 INFO neutron.wsgi [None req-002b68ce-26e4-4b93-8068-409449d50463 a49ef3dcb9184d039947e7949e4a2599 d5371e6447cd46d98a59c5c280a47388 - - default default] 10.0.0.132 "GET /v2.0/floatingips?tags=red%2Cblue HTTP/1.1" status: 200 len: 1323 time: 0.0470939
2026-05-31 07:01:11.177 9 INFO neutron.wsgi [None req-bd9dfec5-8874-4ed7-9179-b4a67c69f392 a49ef3dcb9184d039947e7949e4a2599 d5371e6447cd46d98a59c5c280a47388 - - default default] 10.0.0.132 "GET /v2.0/floatingips?tags-any=blue HTTP/1.1" status: 200 len: 1323 time: 0.0423431
2026-05-31 07:01:11.214 9 INFO neutron.wsgi [None req-923bc25a-071b-480a-a925-afa6336ff63e a49ef3dcb9184d039947e7949e4a2599 d5371e6447cd46d98a59c5c280a47388 - - default default] 10.0.0.132 "GET /v2.0/floatingips?tags-any=red%2Cblue HTTP/1.1" status: 200 len: 1866 time: 0.0317550
2026-05-31 07:01:11.262 9 INFO neutron.wsgi [None req-dfd5f677-5ccd-4961-af31-8f19c0384d98 a49ef3dcb9184d039947e7949e4a2599 d5371e6447cd46d98a59c5c280a47388 - - default default] 10.0.0.132 "GET /v2.0/floatingips?not-tags=red HTTP/1.1" status: 200 len: 1295 time: 0.0434158
2026-05-31 07:01:11.313 9 INFO neutron.wsgi [None req-82d56d47-ac05-46e1-b07b-3211b9ce9d34 a49ef3dcb9184d039947e7949e4a2599 d5371e6447cd46d98a59c5c280a47388 - - default default] 10.0.0.132 "GET /v2.0/floatingips?not-tags=red%2Cblue HTTP/1.1" status: 200 len: 1838 time: 0.0461779
2026-05-31 07:01:11.365 9 INFO neutron.wsgi [None req-a4616aa4-14f0-4bf5-bfb4-0de43fe8c350 a49ef3dcb9184d039947e7949e4a2599 d5371e6447cd46d98a59c5c280a47388 - - default default] 10.0.0.132 "GET /v2.0/floatingips?not-tags-any=blue HTTP/1.1" status: 200 len: 1838 time: 0.0482199
2026-05-31 07:01:11.400 9 INFO neutron.wsgi [None req-43137f5b-61c7-4848-837a-4f376115cd76 a49ef3dcb9184d039947e7949e4a2599 d5371e6447cd46d98a59c5c280a47388 - - default default] 10.0.0.132 "GET /v2.0/floatingips?not-tags-any=red%2Cblue HTTP/1.1" status: 200 len: 1295 time: 0.0305822
2026-05-31 07:01:11.516 10 INFO neutron.wsgi [None req-1119a509-d676-493e-b602-642c6b7ab042 529f12e51a2244a19f3fe1e8971e5cca 1743232065b3490fafeeb5d7f52b3589 - - default default] 10.0.0.132 "DELETE /v2.0/networks/8c457c51-12dd-4887-a92b-b6cd66c9ce4e HTTP/1.1" status: 204 len: 168 time: 0.4198582
2026-05-31 07:01:11.843 9 INFO neutron.wsgi [None req-f98f136f-3736-4aa0-bb71-8cc5ea3e7526 a49ef3dcb9184d039947e7949e4a2599 d5371e6447cd46d98a59c5c280a47388 - - default default] 10.0.0.132 "DELETE /v2.0/floatingips/f1a1bddc-8087-4b17-abda-c311a58cddba HTTP/1.1" status: 204 len: 168 time: 0.4361780
2026-05-31 07:01:11.982 9 INFO neutron.services.segments.plugin [-] Segment 391fff0e-7fa3-4409-8aa2-e344dab726c9 resource provider aggregate not found
2026-05-31 07:01:11.986 9 INFO neutron.services.segments.plugin [-] Segment 391fff0e-7fa3-4409-8aa2-e344dab726c9 resource provider aggregate not found
2026-05-31 07:01:12.004 9 INFO neutron.services.segments.plugin [-] Segment 391fff0e-7fa3-4409-8aa2-e344dab726c9 resource provider not found; error: Placement Client Error (4xx): {"errors": [{"status": 404, "title": "Not Found", "detail": "The resource could not be found.\n\n No resource provider with uuid 391fff0e-7fa3-4409-8aa2-e344dab726c9 found for delete ", "request_id": "req-10ee91fc-107f-4ce2-8575-56e52474f67d"}]}
2026-05-31 07:01:12.006 9 INFO neutron.services.segments.plugin [-] Segment 391fff0e-7fa3-4409-8aa2-e344dab726c9 resource provider not found; error: Placement Client Error (4xx): {"errors": [{"status": 404, "title": "Not Found", "detail": "The resource could not be found.\n\n No resource provider with uuid 391fff0e-7fa3-4409-8aa2-e344dab726c9 found for delete ", "request_id": "req-2efde3fe-a99f-41b2-9b5d-5009e5e0ac8e"}]}
2026-05-31 07:01:12.025 9 INFO neutron.wsgi [None req-33890e10-a65b-4e05-9c2d-ac36ec9a891f 529f12e51a2244a19f3fe1e8971e5cca 1743232065b3490fafeeb5d7f52b3589 - - default default] 10.0.0.132 "DELETE /v2.0/networks/589a2582-2133-449b-986b-94ae42b88da9 HTTP/1.1" status: 204 len: 168 time: 0.5025480
2026-05-31 07:01:12.308 10 INFO neutron.wsgi [None req-1661cba1-5b04-4b00-803a-4c29a15a6625 a49ef3dcb9184d039947e7949e4a2599 d5371e6447cd46d98a59c5c280a47388 - - default default] 10.0.0.132 "DELETE /v2.0/floatingips/ab25b3c7-5d7c-42c8-8490-07beb44be6ea HTTP/1.1" status: 204 len: 168 time: 0.4602873
2026-05-31 07:01:12.340 9 WARNING neutron_lib.context [None req-d7ea8e5e-7944-4b67-9224-ad9e97abb610 52a440c8541643358dd81e16173680ac a153a7ef4aea48da91b2ecc46b646307 - - default default] Method 'is_advsvc' is deprecated since 2023.2 release (neutron-lib 3.8.0) and will be removed once support for the old RBAC API policies will be removed from Neutron. Please use method 'is_service_role' instead.
2026-05-31 07:01:12.505 9 INFO neutron.db.ovn_revision_numbers_db [None req-d7ea8e5e-7944-4b67-9224-ad9e97abb610 52a440c8541643358dd81e16173680ac a153a7ef4aea48da91b2ecc46b646307 - - default default] Successfully bumped revision number for resource 016e9c2e-78f2-4162-ab75-ffdd44e80231 (type: security_groups) to 1
2026-05-31 07:01:12.519 9 INFO neutron.db.ovn_revision_numbers_db [None req-d7ea8e5e-7944-4b67-9224-ad9e97abb610 52a440c8541643358dd81e16173680ac a153a7ef4aea48da91b2ecc46b646307 - - default default] Successfully bumped revision number for resource 280cb66d-edb9-4a84-84a4-9bb79d553414 (type: security_group_rules) to 0
2026-05-31 07:01:12.530 9 INFO neutron.db.ovn_revision_numbers_db [None req-d7ea8e5e-7944-4b67-9224-ad9e97abb610 52a440c8541643358dd81e16173680ac a153a7ef4aea48da91b2ecc46b646307 - - default default] Successfully bumped revision number for resource 4b12817d-d6f8-40e4-99cd-cb04280b2044 (type: security_group_rules) to 0
2026-05-31 07:01:12.550 9 INFO neutron.db.ovn_revision_numbers_db [None req-d7ea8e5e-7944-4b67-9224-ad9e97abb610 52a440c8541643358dd81e16173680ac a153a7ef4aea48da91b2ecc46b646307 - - default default] Successfully bumped revision number for resource 92d4d725-0314-43f4-a5a9-df6b7ec8b310 (type: security_group_rules) to 0
2026-05-31 07:01:12.575 9 INFO neutron.db.ovn_revision_numbers_db [None req-d7ea8e5e-7944-4b67-9224-ad9e97abb610 52a440c8541643358dd81e16173680ac a153a7ef4aea48da91b2ecc46b646307 - - default default] Successfully bumped revision number for resource c3e23389-4e33-456a-a496-c6eeed8296b7 (type: security_group_rules) to 0
2026-05-31 07:01:12.611 10 INFO neutron.wsgi [None req-b1dbeef4-3f37-412b-a904-79f053e31f92 529f12e51a2244a19f3fe1e8971e5cca 1743232065b3490fafeeb5d7f52b3589 - - default default] 10.0.0.132 "DELETE /v2.0/networks/4d25c098-1e65-4358-ab2d-80d89f37fa4d HTTP/1.1" status: 204 len: 168 time: 0.5817511
2026-05-31 07:01:12.722 9 INFO neutron.db.ovn_revision_numbers_db [None req-d7ea8e5e-7944-4b67-9224-ad9e97abb610 52a440c8541643358dd81e16173680ac a153a7ef4aea48da91b2ecc46b646307 - - default default] Successfully bumped revision number for resource a6c43684-7378-4f7d-9ef5-bb072d74a896 (type: security_groups) to 1
2026-05-31 07:01:12.737 9 INFO neutron.db.ovn_revision_numbers_db [None req-d7ea8e5e-7944-4b67-9224-ad9e97abb610 52a440c8541643358dd81e16173680ac a153a7ef4aea48da91b2ecc46b646307 - - default default] Successfully bumped revision number for resource dd7ce3ee-8d34-4c1c-b675-2a8a50fc3b1e (type: security_group_rules) to 0
2026-05-31 07:01:12.748 10 WARNING neutron_lib.context [None req-0a19a00a-926d-41bf-8850-6e274f60d04f 5336ae8374f247059ef9845c8af425fc 9fbba6353a384dddb779abfd11054d45 - - default default] Method 'is_advsvc' is deprecated since 2023.2 release (neutron-lib 3.8.0) and will be removed once support for the old RBAC API policies will be removed from Neutron. Please use method 'is_service_role' instead.
2026-05-31 07:01:12.766 9 INFO neutron.db.ovn_revision_numbers_db [None req-d7ea8e5e-7944-4b67-9224-ad9e97abb610 52a440c8541643358dd81e16173680ac a153a7ef4aea48da91b2ecc46b646307 - - default default] Successfully bumped revision number for resource fb2851e9-2209-4041-a793-ef056ff90dca (type: security_group_rules) to 0
2026-05-31 07:01:12.768 10 INFO neutron.wsgi [None req-7fc681a0-09d1-42e7-8a33-cd8246208c64 a49ef3dcb9184d039947e7949e4a2599 d5371e6447cd46d98a59c5c280a47388 - - default default] 10.0.0.132 "DELETE /v2.0/floatingips/daae3e92-a181-4503-85fb-f633380b7d3f HTTP/1.1" status: 204 len: 168 time: 0.4558144
2026-05-31 07:01:12.800 9 INFO neutron.wsgi [None req-d7ea8e5e-7944-4b67-9224-ad9e97abb610 52a440c8541643358dd81e16173680ac a153a7ef4aea48da91b2ecc46b646307 - - default default] 10.0.0.132 "POST /v2.0/security-groups HTTP/1.1" status: 201 len: 1824 time: 0.7132223
2026-05-31 07:01:12.901 10 INFO neutron.wsgi [None req-1f3b7292-971e-4534-8a62-2428c4197eae 52a440c8541643358dd81e16173680ac a153a7ef4aea48da91b2ecc46b646307 - - default default] 10.0.0.132 "GET /v2.0/security-groups HTTP/1.1" status: 200 len: 4724 time: 0.0952635
2026-05-31 07:01:13.039 10 INFO neutron.db.ovn_revision_numbers_db [None req-0a19a00a-926d-41bf-8850-6e274f60d04f 5336ae8374f247059ef9845c8af425fc 9fbba6353a384dddb779abfd11054d45 - - default default] Successfully bumped revision number for resource 7862f290-943e-4794-a6cd-998defa84ba2 (type: security_groups) to 1
2026-05-31 07:01:13.049 10 INFO neutron.db.ovn_revision_numbers_db [None req-6c18ab5b-1f88-4c16-a140-b76fe429a191 52a440c8541643358dd81e16173680ac a153a7ef4aea48da91b2ecc46b646307 - - default default] Successfully bumped revision number for resource a6c43684-7378-4f7d-9ef5-bb072d74a896 (type: security_groups) to 2
2026-05-31 07:01:13.053 10 INFO neutron.wsgi [None req-6c18ab5b-1f88-4c16-a140-b76fe429a191 52a440c8541643358dd81e16173680ac a153a7ef4aea48da91b2ecc46b646307 - - default default] 10.0.0.132 "PUT /v2.0/security-groups/a6c43684-7378-4f7d-9ef5-bb072d74a896 HTTP/1.1" status: 200 len: 1858 time: 0.1479788
2026-05-31 07:01:13.070 10 INFO neutron.db.ovn_revision_numbers_db [None req-0a19a00a-926d-41bf-8850-6e274f60d04f 5336ae8374f247059ef9845c8af425fc 9fbba6353a384dddb779abfd11054d45 - - default default] Successfully bumped revision number for resource 3ed55496-afc2-4f16-abeb-c241656ec5a2 (type: security_group_rules) to 0
2026-05-31 07:01:13.081 10 INFO neutron.services.segments.plugin [-] Segment 53d9ebd6-8c40-4cb6-8702-b7eebdfd0664 resource provider aggregate not found
2026-05-31 07:01:13.089 10 INFO neutron.services.segments.plugin [-] Segment 53d9ebd6-8c40-4cb6-8702-b7eebdfd0664 resource provider aggregate not found
2026-05-31 07:01:13.112 10 INFO neutron.services.segments.plugin [-] Segment 53d9ebd6-8c40-4cb6-8702-b7eebdfd0664 resource provider not found; error: Placement Client Error (4xx): {"errors": [{"status": 404, "title": "Not Found", "detail": "The resource could not be found.\n\n No resource provider with uuid 53d9ebd6-8c40-4cb6-8702-b7eebdfd0664 found for delete ", "request_id": "req-82aee208-09a1-45a1-a4c9-062981f217b4"}]}
2026-05-31 07:01:13.116 10 INFO neutron.services.segments.plugin [-] Segment 53d9ebd6-8c40-4cb6-8702-b7eebdfd0664 resource provider not found; error: Placement Client Error (4xx): {"errors": [{"status": 404, "title": "Not Found", "detail": "The resource could not be found.\n\n No resource provider with uuid 53d9ebd6-8c40-4cb6-8702-b7eebdfd0664 found for delete ", "request_id": "req-f8d060c5-096a-4798-9092-78acb0eb47e6"}]}
2026-05-31 07:01:13.134 10 INFO neutron.services.segments.plugin [-] Segment 1baf335a-89e6-4566-ab07-6862e7a4ae4b resource provider aggregate not found
2026-05-31 07:01:13.140 10 INFO neutron.db.ovn_revision_numbers_db [None req-0a19a00a-926d-41bf-8850-6e274f60d04f 5336ae8374f247059ef9845c8af425fc 9fbba6353a384dddb779abfd11054d45 - - default default] Successfully bumped revision number for resource 445b2894-4cb7-4ae1-81c7-490be6695c90 (type: security_group_rules) to 0
2026-05-31 07:01:13.142 10 INFO neutron.services.segments.plugin [-] Segment 1baf335a-89e6-4566-ab07-6862e7a4ae4b resource provider aggregate not found
2026-05-31 07:01:13.150 10 INFO neutron.wsgi [None req-83ca3204-1bc6-40cf-8c9c-9c7df40148cd 52a440c8541643358dd81e16173680ac a153a7ef4aea48da91b2ecc46b646307 - - default default] 10.0.0.132 "GET /v2.0/security-groups/a6c43684-7378-4f7d-9ef5-bb072d74a896 HTTP/1.1" status: 200 len: 1858 time: 0.0818698
2026-05-31 07:01:13.151 10 INFO neutron.services.segments.plugin [-] Segment 1baf335a-89e6-4566-ab07-6862e7a4ae4b resource provider not found; error: Placement Client Error (4xx): {"errors": [{"status": 404, "title": "Not Found", "detail": "The resource could not be found.\n\n No resource provider with uuid 1baf335a-89e6-4566-ab07-6862e7a4ae4b found for delete ", "request_id": "req-3370cd7a-3b34-4e75-a0bd-7fe579dd1b08"}]}
2026-05-31 07:01:13.159 10 INFO neutron.services.segments.plugin [-] Segment 1baf335a-89e6-4566-ab07-6862e7a4ae4b resource provider not found; error: Placement Client Error (4xx): {"errors": [{"status": 404, "title": "Not Found", "detail": "The resource could not be found.\n\n No resource provider with uuid 1baf335a-89e6-4566-ab07-6862e7a4ae4b found for delete ", "request_id": "req-c5f4f45f-f23a-4a44-a037-7b130c245909"}]}
2026-05-31 07:01:13.358 9 INFO neutron.wsgi [None req-2ba7e1aa-d6b1-45c3-b3b0-a0972a9dd099 529f12e51a2244a19f3fe1e8971e5cca 1743232065b3490fafeeb5d7f52b3589 - - default default] 10.0.0.132 "DELETE /v2.0/networks/77ba6f2b-4d84-49a1-80a4-ef70cc18d624 HTTP/1.1" status: 204 len: 168 time: 0.7383108
2026-05-31 07:01:13.404 10 INFO neutron.db.ovn_revision_numbers_db [None req-0a19a00a-926d-41bf-8850-6e274f60d04f 5336ae8374f247059ef9845c8af425fc 9fbba6353a384dddb779abfd11054d45 - - default default] Successfully bumped revision number for resource 45dd41b8-5ec2-490f-9d5c-110a624715ba (type: security_group_rules) to 0
