File "/var/lib/openstack/lib/python3.10/site-packages/ovsdbapp/backend/ovs_idl/command.py", line 47, in execute
2026-05-31 06:59:27.990 10 ERROR neutron_lib.callbacks.manager self.run_idl(None)
2026-05-31 06:59:27.990 10 ERROR neutron_lib.callbacks.manager
File "/var/lib/openstack/lib/python3.10/site-packages/ovsdbapp/backend/ovs_idl/command.py", line 235, in run_idl
2026-05-31 06:59:27.990 10 ERROR neutron_lib.callbacks.manager record = self.api.lookup(self.table, self.record)
2026-05-31 06:59:27.990 10 ERROR neutron_lib.callbacks.manager
File "/var/lib/openstack/lib/python3.10/site-packages/ovsdbapp/backend/ovs_idl/__init__.py", line 184, in lookup
2026-05-31 06:59:27.990 10 ERROR neutron_lib.callbacks.manager return self._lookup(table, record)
2026-05-31 06:59:27.990 10 ERROR neutron_lib.callbacks.manager
File "/var/lib/openstack/lib/python3.10/site-packages/ovsdbapp/backend/ovs_idl/__init__.py", line 235, in _lookup
2026-05-31 06:59:27.990 10 ERROR neutron_lib.callbacks.manager row = idlutils.row_by_value(self, rl.table, rl.column, record)
2026-05-31 06:59:27.990 10 ERROR neutron_lib.callbacks.manager
File "/var/lib/openstack/lib/python3.10/site-packages/ovsdbapp/backend/ovs_idl/idlutils.py", line 114, in row_by_value
2026-05-31 06:59:27.990 10 ERROR neutron_lib.callbacks.manager raise RowNotFound(table=table, col=column, match=match)
2026-05-31 06:59:27.990 10 ERROR neutron_lib.callbacks.manager ovsdbapp.backend.ovs_idl.idlutils.RowNotFound: Cannot find Logical_Router_Port with name=lrp-e85062b5-416a-4309-a1e5-ca0196c419b6
2026-05-31 06:59:27.990 10 ERROR neutron_lib.callbacks.manager 
2026-05-31 06:59:28.242 10 INFO neutron.plugins.ml2.drivers.ovn.mech_driver.mech_driver [None req-80dc192b-a9fd-4f6b-860e-f9bd944bc75b - - - - - -] OVN reports status up for port: e85062b5-416a-4309-a1e5-ca0196c419b6
2026-05-31 06:59:28.263 10 INFO neutron.plugins.ml2.plugin [None req-80dc192b-a9fd-4f6b-860e-f9bd944bc75b - - - - - -] Attempt 1 to provision port e85062b5-416a-4309-a1e5-ca0196c419b6
2026-05-31 06:59:28.293 10 INFO neutron.db.ovn_revision_numbers_db [None req-0145f0da-4cf7-444f-a56a-9c13c56c6e66 58354520b9cd486f898bc14b06c0adf7 0122a40db9ca4a8f8fa3888b78f9937b - - default default] Successfully bumped revision number for resource e85062b5-416a-4309-a1e5-ca0196c419b6 (type: ports) to 1
2026-05-31 06:59:28.369 9 INFO neutron.db.ovn_revision_numbers_db [None req-4b9c15e3-ba33-4078-af22-a370b7e8f345 - - - - - -] Successfully bumped revision number for resource 1dcfab86-17ee-4cf8-8930-9d8595af6fda (type: router_ports) to 3
2026-05-31 06:59:28.575 10 WARNING neutron.scheduler.dhcp_agent_scheduler [None req-0145f0da-4cf7-444f-a56a-9c13c56c6e66 58354520b9cd486f898bc14b06c0adf7 0122a40db9ca4a8f8fa3888b78f9937b - - default default] No more DHCP agents
2026-05-31 06:59:28.577 10 WARNING neutron.api.rpc.agentnotifiers.dhcp_rpc_agent_api [None req-0145f0da-4cf7-444f-a56a-9c13c56c6e66 58354520b9cd486f898bc14b06c0adf7 0122a40db9ca4a8f8fa3888b78f9937b - - default default] Unable to schedule network 63e8ae15-6cea-4ad3-8f15-c81246b51d51: no agents available; will retry on subsequent port and subnet creation events.
2026-05-31 06:59:28.650 9 ERROR ovsdbapp.backend.ovs_idl.command [None req-0365e30b-a29b-40e3-9066-bc43b223500d 8b9c7af5d8ee4db9bf808d1c36836326 728873e09eee41428abfc01bbfb1bc64 - - default default] Error executing command (DbGetCommand): ovsdbapp.backend.ovs_idl.idlutils.RowNotFound: Cannot find Logical_Router_Port with name=lrp-c9b327f5-3792-40e4-809a-44f13b411c9b
2026-05-31 06:59:28.650 9 ERROR ovsdbapp.backend.ovs_idl.command
Traceback (most recent call last):
2026-05-31 06:59:28.650 9 ERROR ovsdbapp.backend.ovs_idl.command
File "/var/lib/openstack/lib/python3.10/site-packages/ovsdbapp/backend/ovs_idl/command.py", line 47, in execute
2026-05-31 06:59:28.650 9 ERROR ovsdbapp.backend.ovs_idl.command self.run_idl(None)
2026-05-31 06:59:28.650 9 ERROR ovsdbapp.backend.ovs_idl.command
File "/var/lib/openstack/lib/python3.10/site-packages/ovsdbapp/backend/ovs_idl/command.py", line 235, in run_idl
2026-05-31 06:59:28.650 9 ERROR ovsdbapp.backend.ovs_idl.command record = self.api.lookup(self.table, self.record)
2026-05-31 06:59:28.650 9 ERROR ovsdbapp.backend.ovs_idl.command
File "/var/lib/openstack/lib/python3.10/site-packages/ovsdbapp/backend/ovs_idl/__init__.py", line 184, in lookup
2026-05-31 06:59:28.650 9 ERROR ovsdbapp.backend.ovs_idl.command return self._lookup(table, record)
2026-05-31 06:59:28.650 9 ERROR ovsdbapp.backend.ovs_idl.command
File "/var/lib/openstack/lib/python3.10/site-packages/ovsdbapp/backend/ovs_idl/__init__.py", line 235, in _lookup
2026-05-31 06:59:28.650 9 ERROR ovsdbapp.backend.ovs_idl.command row = idlutils.row_by_value(self, rl.table, rl.column, record)
2026-05-31 06:59:28.650 9 ERROR ovsdbapp.backend.ovs_idl.command
File "/var/lib/openstack/lib/python3.10/site-packages/ovsdbapp/backend/ovs_idl/idlutils.py", line 114, in row_by_value
2026-05-31 06:59:28.650 9 ERROR ovsdbapp.backend.ovs_idl.command raise RowNotFound(table=table, col=column, match=match)
2026-05-31 06:59:28.650 9 ERROR ovsdbapp.backend.ovs_idl.command ovsdbapp.backend.ovs_idl.idlutils.RowNotFound: Cannot find Logical_Router_Port with name=lrp-c9b327f5-3792-40e4-809a-44f13b411c9b
2026-05-31 06:59:28.650 9 ERROR ovsdbapp.backend.ovs_idl.command 
2026-05-31 06:59:28.650 9 ERROR neutron_lib.callbacks.manager [None req-0365e30b-a29b-40e3-9066-bc43b223500d 8b9c7af5d8ee4db9bf808d1c36836326 728873e09eee41428abfc01bbfb1bc64 - - default default] Error during notification for neutron.services.ovn_l3.plugin.OVNL3RouterPlugin._port_update-8782976824047 port, after_update: ovsdbapp.backend.ovs_idl.idlutils.RowNotFound: Cannot find Logical_Router_Port with name=lrp-c9b327f5-3792-40e4-809a-44f13b411c9b
2026-05-31 06:59:28.650 9 ERROR neutron_lib.callbacks.manager
Traceback (most recent call last):
2026-05-31 06:59:28.650 9 ERROR neutron_lib.callbacks.manager
File "/var/lib/openstack/lib/python3.10/site-packages/neutron_lib/callbacks/manager.py", line 189, in _notify_loop
2026-05-31 06:59:28.650 9 ERROR neutron_lib.callbacks.manager callback.method(resource, event, trigger, payload=payload)
2026-05-31 06:59:28.650 9 ERROR neutron_lib.callbacks.manager
File "/var/lib/openstack/lib/python3.10/site-packages/neutron/services/ovn_l3/plugin.py", line 391, in _port_update
2026-05-31 06:59:28.650 9 ERROR neutron_lib.callbacks.manager l3plugin._ovn_client.update_router_port(context,
2026-05-31 06:59:28.650 9 ERROR neutron_lib.callbacks.manager
File "/var/lib/openstack/lib/python3.10/site-packages/neutron/plugins/ml2/drivers/ovn/mech_driver/ovsdb/ovn_client.py", line 1878, in update_router_port
2026-05-31 06:59:28.650 9 ERROR neutron_lib.callbacks.manager self._update_lrouter_port(context, port, if_exists=if_exists,
2026-05-31 06:59:28.650 9 ERROR neutron_lib.callbacks.manager
File "/var/lib/openstack/lib/python3.10/site-packages/neutron/plugins/ml2/drivers/ovn/mech_driver/ovsdb/ovn_client.py", line 1855, in _update_lrouter_port
2026-05-31 06:59:28.650 9 ERROR neutron_lib.callbacks.manager external_ids = self._nb_idl.db_get(
2026-05-31 06:59:28.650 9 ERROR neutron_lib.callbacks.manager
File "/var/lib/openstack/lib/python3.10/site-packages/ovsdbapp/backend/ovs_idl/command.py", line 47, in execute
2026-05-31 06:59:28.650 9 ERROR neutron_lib.callbacks.manager self.run_idl(None)
2026-05-31 06:59:28.650 9 ERROR neutron_lib.callbacks.manager
File "/var/lib/openstack/lib/python3.10/site-packages/ovsdbapp/backend/ovs_idl/command.py", line 235, in run_idl
2026-05-31 06:59:28.650 9 ERROR neutron_lib.callbacks.manager record = self.api.lookup(self.table, self.record)
2026-05-31 06:59:28.650 9 ERROR neutron_lib.callbacks.manager
File "/var/lib/openstack/lib/python3.10/site-packages/ovsdbapp/backend/ovs_idl/__init__.py", line 184, in lookup
2026-05-31 06:59:28.650 9 ERROR neutron_lib.callbacks.manager return self._lookup(table, record)
2026-05-31 06:59:28.650 9 ERROR neutron_lib.callbacks.manager
File "/var/lib/openstack/lib/python3.10/site-packages/ovsdbapp/backend/ovs_idl/__init__.py", line 235, in _lookup
2026-05-31 06:59:28.650 9 ERROR neutron_lib.callbacks.manager row = idlutils.row_by_value(self, rl.table, rl.column, record)
2026-05-31 06:59:28.650 9 ERROR neutron_lib.callbacks.manager
File "/var/lib/openstack/lib/python3.10/site-packages/ovsdbapp/backend/ovs_idl/idlutils.py", line 114, in row_by_value
2026-05-31 06:59:28.650 9 ERROR neutron_lib.callbacks.manager raise RowNotFound(table=table, col=column, match=match)
2026-05-31 06:59:28.650 9 ERROR neutron_lib.callbacks.manager ovsdbapp.backend.ovs_idl.idlutils.RowNotFound: Cannot find Logical_Router_Port with name=lrp-c9b327f5-3792-40e4-809a-44f13b411c9b
2026-05-31 06:59:28.650 9 ERROR neutron_lib.callbacks.manager 
2026-05-31 06:59:28.799 10 INFO neutron.db.ovn_revision_numbers_db [None req-0145f0da-4cf7-444f-a56a-9c13c56c6e66 58354520b9cd486f898bc14b06c0adf7 0122a40db9ca4a8f8fa3888b78f9937b - - default default] Successfully bumped revision number for resource e85062b5-416a-4309-a1e5-ca0196c419b6 (type: router_ports) to 1
2026-05-31 06:59:28.804 10 INFO neutron.wsgi [None req-0145f0da-4cf7-444f-a56a-9c13c56c6e66 58354520b9cd486f898bc14b06c0adf7 0122a40db9ca4a8f8fa3888b78f9937b - - default default] 10.0.0.132 "PUT /v2.0/routers/2eff85b8-20a4-48bc-98e7-d260f9147e94/add_router_interface HTTP/1.1" status: 200 len: 503 time: 2.1948898
2026-05-31 06:59:28.852 10 INFO neutron.wsgi [None req-f8c93e0f-ae08-429c-967e-62184797260c 58354520b9cd486f898bc14b06c0adf7 0122a40db9ca4a8f8fa3888b78f9937b - - default default] 10.0.0.132 "GET /v2.0/ports/e85062b5-416a-4309-a1e5-ca0196c419b6 HTTP/1.1" status: 200 len: 1137 time: 0.0433009
2026-05-31 06:59:28.888 9 INFO neutron.db.ovn_revision_numbers_db [None req-4b9c15e3-ba33-4078-af22-a370b7e8f345 - - - - - -] Successfully bumped revision number for resource 1dcfab86-17ee-4cf8-8930-9d8595af6fda (type: ports) to 2
2026-05-31 06:59:28.997 10 INFO neutron.db.ovn_revision_numbers_db [None req-80dc192b-a9fd-4f6b-860e-f9bd944bc75b - - - - - -] Successfully bumped revision number for resource e85062b5-416a-4309-a1e5-ca0196c419b6 (type: ports) to 2
2026-05-31 06:59:29.182 9 INFO neutron.db.ovn_revision_numbers_db [None req-0365e30b-a29b-40e3-9066-bc43b223500d 8b9c7af5d8ee4db9bf808d1c36836326 728873e09eee41428abfc01bbfb1bc64 - - default default] Successfully bumped revision number for resource c9b327f5-3792-40e4-809a-44f13b411c9b (type: ports) to 1
2026-05-31 06:59:29.190 9 INFO neutron.plugins.ml2.drivers.ovn.mech_driver.mech_driver [None req-378f219e-fb21-4b85-bd37-a148f77145a1 - - - - - -] OVN reports status up for port: c9b327f5-3792-40e4-809a-44f13b411c9b
2026-05-31 06:59:29.194 10 INFO neutron.wsgi [req-914d110f-2a83-4c0f-a29f-5f4ffdea75aa req-7d0fd6fc-777e-45fb-bf19-da74bdadbf3c 3bfc93230ad140e18e7c288752cde449 13575d3935af494ab9c7c72564bcf4d5 - - default default] 10.0.0.29 "GET /v2.0/ports?device_id=65653508-6fd2-483b-9450-b9c20144c152 HTTP/1.1" status: 200 len: 1170 time: 0.1600659
2026-05-31 06:59:29.209 9 INFO neutron.plugins.ml2.plugin [None req-378f219e-fb21-4b85-bd37-a148f77145a1 - - - - - -] Attempt 1 to provision port c9b327f5-3792-40e4-809a-44f13b411c9b
2026-05-31 06:59:29.211 10 INFO neutron.db.ovn_revision_numbers_db [None req-80dc192b-a9fd-4f6b-860e-f9bd944bc75b - - - - - -] Successfully bumped revision number for resource e85062b5-416a-4309-a1e5-ca0196c419b6 (type: router_ports) to 2
2026-05-31 06:59:29.335 9 WARNING neutron.scheduler.dhcp_agent_scheduler [None req-0365e30b-a29b-40e3-9066-bc43b223500d 8b9c7af5d8ee4db9bf808d1c36836326 728873e09eee41428abfc01bbfb1bc64 - - default default] No more DHCP agents
2026-05-31 06:59:29.338 9 WARNING neutron.api.rpc.agentnotifiers.dhcp_rpc_agent_api [None req-0365e30b-a29b-40e3-9066-bc43b223500d 8b9c7af5d8ee4db9bf808d1c36836326 728873e09eee41428abfc01bbfb1bc64 - - default default] Unable to schedule network 0c3dc42e-f880-4d53-9130-21bf406bec4e: no agents available; will retry on subsequent port and subnet creation events.
2026-05-31 06:59:29.454 9 INFO neutron.wsgi [req-ad68a60a-16fc-4646-9af5-4b225ddc825c req-3351761a-bedf-4fb2-9845-4a7f063593cd 3bfc93230ad140e18e7c288752cde449 13575d3935af494ab9c7c72564bcf4d5 - - default default] 10.0.0.29 "GET /v2.0/ports/a55baf28-2012-44b4-8886-1e5e1d5c3afe HTTP/1.1" status: 200 len: 1167 time: 0.2064190
2026-05-31 06:59:29.480 10 WARNING neutron.scheduler.dhcp_agent_scheduler [None req-c284f8cf-0d66-4731-bcb5-6d5acd784ea8 58354520b9cd486f898bc14b06c0adf7 0122a40db9ca4a8f8fa3888b78f9937b - - default default] No more DHCP agents
2026-05-31 06:59:29.482 10 WARNING neutron.api.rpc.agentnotifiers.dhcp_rpc_agent_api [None req-c284f8cf-0d66-4731-bcb5-6d5acd784ea8 58354520b9cd486f898bc14b06c0adf7 0122a40db9ca4a8f8fa3888b78f9937b - - default default] Unable to schedule network 9c54f2d9-887f-44de-903c-95721c8fac6d: no agents available; will retry on subsequent port and subnet creation events.
2026-05-31 06:59:29.537 9 INFO neutron.db.ovn_revision_numbers_db [None req-4b9c15e3-ba33-4078-af22-a370b7e8f345 - - - - - -] Successfully bumped revision number for resource 1dcfab86-17ee-4cf8-8930-9d8595af6fda (type: ports) to 4
2026-05-31 06:59:29.649 10 INFO neutron.wsgi [req-26a6beaa-f43b-4da0-86ba-a21bb7b09d31 req-0561318f-cca3-4ddc-a141-590c1fe7002d 3bfc93230ad140e18e7c288752cde449 13575d3935af494ab9c7c72564bcf4d5 - - default default] 199.204.45.89 "GET /v2.0/subnets?network_id=5b4e17c0-5a06-4907-91eb-6e16eccff180 HTTP/1.1" status: 200 len: 858 time: 0.0524368
2026-05-31 06:59:29.690 10 INFO neutron.db.ovn_revision_numbers_db [None req-c284f8cf-0d66-4731-bcb5-6d5acd784ea8 58354520b9cd486f898bc14b06c0adf7 0122a40db9ca4a8f8fa3888b78f9937b - - default default] Successfully bumped revision number for resource 531af642-eaf7-481d-8e59-0d44b36d1a2b (type: ports) to 1
2026-05-31 06:59:29.921 10 INFO neutron.wsgi [req-26a6beaa-f43b-4da0-86ba-a21bb7b09d31 req-6142065c-26ca-48dd-ad54-1dc27a3dbef7 3bfc93230ad140e18e7c288752cde449 13575d3935af494ab9c7c72564bcf4d5 - - default default] 199.204.45.89 "GET /v2.0/ports?device_id=65653508-6fd2-483b-9450-b9c20144c152&device_owner=compute%3Anova&network_id=5b4e17c0-5a06-4907-91eb-6e16eccff180 HTTP/1.1" status: 200 len: 1170 time: 0.2679150
2026-05-31 06:59:30.258 9 INFO neutron.wsgi [req-19a84892-5ec7-4df9-9d0d-92c8c2f93b07 req-7482d1f7-b745-42e9-a653-d0125064544b 1e946a61d5a14c188a980852fa81176b abcb28a1c6c04226a978a7f7f403ffa4 - - default default] 10.0.0.29 "GET /v2.0/ports?device_id=ed7282ad-6b37-4077-8f2c-70395957afab HTTP/1.1" status: 200 len: 1174 time: 0.4529607
2026-05-31 06:59:30.349 9 INFO neutron.wsgi [req-19a84892-5ec7-4df9-9d0d-92c8c2f93b07 req-e14ec2fe-0fae-49a2-94df-c7bb823b9a61 1e946a61d5a14c188a980852fa81176b abcb28a1c6c04226a978a7f7f403ffa4 - - default default] 10.0.0.29 "GET /v2.0/security-groups?id=3afd8700-d4b1-4f22-9c41-401b1465b411&fields=id&fields=name HTTP/1.1" status: 200 len: 312 time: 0.0799813
2026-05-31 06:59:30.358 9 INFO neutron.db.ovn_revision_numbers_db [None req-4b9c15e3-ba33-4078-af22-a370b7e8f345 - - - - - -] Successfully bumped revision number for resource 1dcfab86-17ee-4cf8-8930-9d8595af6fda (type: router_ports) to 4
2026-05-31 06:59:30.425 9 INFO neutron.db.ovn_revision_numbers_db [None req-378f219e-fb21-4b85-bd37-a148f77145a1 - - - - - -] Successfully bumped revision number for resource c9b327f5-3792-40e4-809a-44f13b411c9b (type: ports) to 2
2026-05-31 06:59:30.596 9 INFO neutron.wsgi [req-6a6ba7db-4938-4e6b-801f-0b8993bbe838 req-e48308e8-2033-464a-a95c-6460dcc5f17f 1e946a61d5a14c188a980852fa81176b abcb28a1c6c04226a978a7f7f403ffa4 - - default default] 10.0.0.29 "GET /v2.0/ports?device_id=ed7282ad-6b37-4077-8f2c-70395957afab HTTP/1.1" status: 200 len: 1174 time: 0.0670078
2026-05-31 06:59:30.616 9 ERROR ovsdbapp.backend.ovs_idl.command [None req-378f219e-fb21-4b85-bd37-a148f77145a1 - - - - - -] Error executing command (DbGetCommand): ovsdbapp.backend.ovs_idl.idlutils.RowNotFound: Cannot find Logical_Router_Port with name=lrp-c9b327f5-3792-40e4-809a-44f13b411c9b
2026-05-31 06:59:30.616 9 ERROR ovsdbapp.backend.ovs_idl.command
Traceback (most recent call last):
2026-05-31 06:59:30.616 9 ERROR ovsdbapp.backend.ovs_idl.command
File "/var/lib/openstack/lib/python3.10/site-packages/ovsdbapp/backend/ovs_idl/command.py", line 47, in execute
2026-05-31 06:59:30.616 9 ERROR ovsdbapp.backend.ovs_idl.command self.run_idl(None)
2026-05-31 06:59:30.616 9 ERROR ovsdbapp.backend.ovs_idl.command
File "/var/lib/openstack/lib/python3.10/site-packages/ovsdbapp/backend/ovs_idl/command.py", line 235, in run_idl
2026-05-31 06:59:30.616 9 ERROR ovsdbapp.backend.ovs_idl.command record = self.api.lookup(self.table, self.record)
2026-05-31 06:59:30.616 9 ERROR ovsdbapp.backend.ovs_idl.command
File "/var/lib/openstack/lib/python3.10/site-packages/ovsdbapp/backend/ovs_idl/__init__.py", line 184, in lookup
2026-05-31 06:59:30.616 9 ERROR ovsdbapp.backend.ovs_idl.command return self._lookup(table, record)
2026-05-31 06:59:30.616 9 ERROR ovsdbapp.backend.ovs_idl.command
File "/var/lib/openstack/lib/python3.10/site-packages/ovsdbapp/backend/ovs_idl/__init__.py", line 235, in _lookup
2026-05-31 06:59:30.616 9 ERROR ovsdbapp.backend.ovs_idl.command row = idlutils.row_by_value(self, rl.table, rl.column, record)
2026-05-31 06:59:30.616 9 ERROR ovsdbapp.backend.ovs_idl.command
File "/var/lib/openstack/lib/python3.10/site-packages/ovsdbapp/backend/ovs_idl/idlutils.py", line 114, in row_by_value
2026-05-31 06:59:30.616 9 ERROR ovsdbapp.backend.ovs_idl.command raise RowNotFound(table=table, col=column, match=match)
2026-05-31 06:59:30.616 9 ERROR ovsdbapp.backend.ovs_idl.command ovsdbapp.backend.ovs_idl.idlutils.RowNotFound: Cannot find Logical_Router_Port with name=lrp-c9b327f5-3792-40e4-809a-44f13b411c9b
2026-05-31 06:59:30.616 9 ERROR ovsdbapp.backend.ovs_idl.command 
2026-05-31 06:59:30.617 9 ERROR neutron_lib.callbacks.manager [None req-378f219e-fb21-4b85-bd37-a148f77145a1 - - - - - -] Error during notification for neutron.services.ovn_l3.plugin.OVNL3RouterPlugin._port_update-8782976824047 port, after_update: ovsdbapp.backend.ovs_idl.idlutils.RowNotFound: Cannot find Logical_Router_Port with name=lrp-c9b327f5-3792-40e4-809a-44f13b411c9b
2026-05-31 06:59:30.617 9 ERROR neutron_lib.callbacks.manager
Traceback (most recent call last):
2026-05-31 06:59:30.617 9 ERROR neutron_lib.callbacks.manager
File "/var/lib/openstack/lib/python3.10/site-packages/neutron_lib/callbacks/manager.py", line 189, in _notify_loop
2026-05-31 06:59:30.617 9 ERROR neutron_lib.callbacks.manager callback.method(resource, event, trigger, payload=payload)
2026-05-31 06:59:30.617 9 ERROR neutron_lib.callbacks.manager
File "/var/lib/openstack/lib/python3.10/site-packages/neutron/services/ovn_l3/plugin.py", line 391, in _port_update
2026-05-31 06:59:30.617 9 ERROR neutron_lib.callbacks.manager l3plugin._ovn_client.update_router_port(context,
2026-05-31 06:59:30.617 9 ERROR neutron_lib.callbacks.manager
File "/var/lib/openstack/lib/python3.10/site-packages/neutron/plugins/ml2/drivers/ovn/mech_driver/ovsdb/ovn_client.py", line 1878, in update_router_port
2026-05-31 06:59:30.617 9 ERROR neutron_lib.callbacks.manager self._update_lrouter_port(context, port, if_exists=if_exists,
2026-05-31 06:59:30.617 9 ERROR neutron_lib.callbacks.manager
File "/var/lib/openstack/lib/python3.10/site-packages/neutron/plugins/ml2/drivers/ovn/mech_driver/ovsdb/ovn_client.py", line 1855, in _update_lrouter_port
2026-05-31 06:59:30.617 9 ERROR neutron_lib.callbacks.manager external_ids = self._nb_idl.db_get(
2026-05-31 06:59:30.617 9 ERROR neutron_lib.callbacks.manager
File "/var/lib/openstack/lib/python3.10/site-packages/ovsdbapp/backend/ovs_idl/command.py", line 47, in execute
2026-05-31 06:59:30.617 9 ERROR neutron_lib.callbacks.manager self.run_idl(None)
2026-05-31 06:59:30.617 9 ERROR neutron_lib.callbacks.manager
File "/var/lib/openstack/lib/python3.10/site-packages/ovsdbapp/backend/ovs_idl/command.py", line 235, in run_idl
2026-05-31 06:59:30.617 9 ERROR neutron_lib.callbacks.manager record = self.api.lookup(self.table, self.record)
2026-05-31 06:59:30.617 9 ERROR neutron_lib.callbacks.manager
File "/var/lib/openstack/lib/python3.10/site-packages/ovsdbapp/backend/ovs_idl/__init__.py", line 184, in lookup
2026-05-31 06:59:30.617 9 ERROR neutron_lib.callbacks.manager return self._lookup(table, record)
2026-05-31 06:59:30.617 9 ERROR neutron_lib.callbacks.manager
File "/var/lib/openstack/lib/python3.10/site-packages/ovsdbapp/backend/ovs_idl/__init__.py", line 235, in _lookup
2026-05-31 06:59:30.617 9 ERROR neutron_lib.callbacks.manager row = idlutils.row_by_value(self, rl.table, rl.column, record)
2026-05-31 06:59:30.617 9 ERROR neutron_lib.callbacks.manager
File "/var/lib/openstack/lib/python3.10/site-packages/ovsdbapp/backend/ovs_idl/idlutils.py", line 114, in row_by_value
2026-05-31 06:59:30.617 9 ERROR neutron_lib.callbacks.manager raise RowNotFound(table=table, col=column, match=match)
2026-05-31 06:59:30.617 9 ERROR neutron_lib.callbacks.manager ovsdbapp.backend.ovs_idl.idlutils.RowNotFound: Cannot find Logical_Router_Port with name=lrp-c9b327f5-3792-40e4-809a-44f13b411c9b
2026-05-31 06:59:30.617 9 ERROR neutron_lib.callbacks.manager 
2026-05-31 06:59:30.628 10 ERROR ovsdbapp.backend.ovs_idl.command [None req-c284f8cf-0d66-4731-bcb5-6d5acd784ea8 58354520b9cd486f898bc14b06c0adf7 0122a40db9ca4a8f8fa3888b78f9937b - - default default] Error executing command (DbGetCommand): ovsdbapp.backend.ovs_idl.idlutils.RowNotFound: Cannot find Logical_Router_Port with name=lrp-531af642-eaf7-481d-8e59-0d44b36d1a2b
2026-05-31 06:59:30.628 10 ERROR ovsdbapp.backend.ovs_idl.command
Traceback (most recent call last):
2026-05-31 06:59:30.628 10 ERROR ovsdbapp.backend.ovs_idl.command
File "/var/lib/openstack/lib/python3.10/site-packages/ovsdbapp/backend/ovs_idl/command.py", line 47, in execute
2026-05-31 06:59:30.628 10 ERROR ovsdbapp.backend.ovs_idl.command self.run_idl(None)
2026-05-31 06:59:30.628 10 ERROR ovsdbapp.backend.ovs_idl.command
File "/var/lib/openstack/lib/python3.10/site-packages/ovsdbapp/backend/ovs_idl/command.py", line 235, in run_idl
2026-05-31 06:59:30.628 10 ERROR ovsdbapp.backend.ovs_idl.command record = self.api.lookup(self.table, self.record)
2026-05-31 06:59:30.628 10 ERROR ovsdbapp.backend.ovs_idl.command
File "/var/lib/openstack/lib/python3.10/site-packages/ovsdbapp/backend/ovs_idl/__init__.py", line 184, in lookup
2026-05-31 06:59:30.628 10 ERROR ovsdbapp.backend.ovs_idl.command return self._lookup(table, record)
2026-05-31 06:59:30.628 10 ERROR ovsdbapp.backend.ovs_idl.command
File "/var/lib/openstack/lib/python3.10/site-packages/ovsdbapp/backend/ovs_idl/__init__.py", line 235, in _lookup
2026-05-31 06:59:30.628 10 ERROR ovsdbapp.backend.ovs_idl.command row = idlutils.row_by_value(self, rl.table, rl.column, record)
2026-05-31 06:59:30.628 10 ERROR ovsdbapp.backend.ovs_idl.command
File "/var/lib/openstack/lib/python3.10/site-packages/ovsdbapp/backend/ovs_idl/idlutils.py", line 114, in row_by_value
2026-05-31 06:59:30.628 10 ERROR ovsdbapp.backend.ovs_idl.command raise RowNotFound(table=table, col=column, match=match)
2026-05-31 06:59:30.628 10 ERROR ovsdbapp.backend.ovs_idl.command ovsdbapp.backend.ovs_idl.idlutils.RowNotFound: Cannot find Logical_Router_Port with name=lrp-531af642-eaf7-481d-8e59-0d44b36d1a2b
2026-05-31 06:59:30.628 10 ERROR ovsdbapp.backend.ovs_idl.command 
2026-05-31 06:59:30.629 10 ERROR neutron_lib.callbacks.manager [None req-c284f8cf-0d66-4731-bcb5-6d5acd784ea8 58354520b9cd486f898bc14b06c0adf7 0122a40db9ca4a8f8fa3888b78f9937b - - default default] Error during notification for neutron.services.ovn_l3.plugin.OVNL3RouterPlugin._port_update-8782976824047 port, after_update: ovsdbapp.backend.ovs_idl.idlutils.RowNotFound: Cannot find Logical_Router_Port with name=lrp-531af642-eaf7-481d-8e59-0d44b36d1a2b
2026-05-31 06:59:30.629 10 ERROR neutron_lib.callbacks.manager
Traceback (most recent call last):
2026-05-31 06:59:30.629 10 ERROR neutron_lib.callbacks.manager
File "/var/lib/openstack/lib/python3.10/site-packages/neutron_lib/callbacks/manager.py", line 189, in _notify_loop
2026-05-31 06:59:30.629 10 ERROR neutron_lib.callbacks.manager callback.method(resource, event, trigger, payload=payload)
2026-05-31 06:59:30.629 10 ERROR neutron_lib.callbacks.manager
File "/var/lib/openstack/lib/python3.10/site-packages/neutron/services/ovn_l3/plugin.py", line 391, in _port_update
2026-05-31 06:59:30.629 10 ERROR neutron_lib.callbacks.manager l3plugin._ovn_client.update_router_port(context,
2026-05-31 06:59:30.629 10 ERROR neutron_lib.callbacks.manager
File "/var/lib/openstack/lib/python3.10/site-packages/neutron/plugins/ml2/drivers/ovn/mech_driver/ovsdb/ovn_client.py", line 1878, in update_router_port
2026-05-31 06:59:30.629 10 ERROR neutron_lib.callbacks.manager self._update_lrouter_port(context, port, if_exists=if_exists,
2026-05-31 06:59:30.629 10 ERROR neutron_lib.callbacks.manager
File "/var/lib/openstack/lib/python3.10/site-packages/neutron/plugins/ml2/drivers/ovn/mech_driver/ovsdb/ovn_client.py", line 1855, in _update_lrouter_port
2026-05-31 06:59:30.629 10 ERROR neutron_lib.callbacks.manager external_ids = self._nb_idl.db_get(
2026-05-31 06:59:30.629 10 ERROR neutron_lib.callbacks.manager
File "/var/lib/openstack/lib/python3.10/site-packages/ovsdbapp/backend/ovs_idl/command.py", line 47, in execute
2026-05-31 06:59:30.629 10 ERROR neutron_lib.callbacks.manager self.run_idl(None)
2026-05-31 06:59:30.629 10 ERROR neutron_lib.callbacks.manager
File "/var/lib/openstack/lib/python3.10/site-packages/ovsdbapp/backend/ovs_idl/command.py", line 235, in run_idl
2026-05-31 06:59:30.629 10 ERROR neutron_lib.callbacks.manager record = self.api.lookup(self.table, self.record)
2026-05-31 06:59:30.629 10 ERROR neutron_lib.callbacks.manager
File "/var/lib/openstack/lib/python3.10/site-packages/ovsdbapp/backend/ovs_idl/__init__.py", line 184, in lookup
2026-05-31 06:59:30.629 10 ERROR neutron_lib.callbacks.manager return self._lookup(table, record)
2026-05-31 06:59:30.629 10 ERROR neutron_lib.callbacks.manager
File "/var/lib/openstack/lib/python3.10/site-packages/ovsdbapp/backend/ovs_idl/__init__.py", line 235, in _lookup
2026-05-31 06:59:30.629 10 ERROR neutron_lib.callbacks.manager row = idlutils.row_by_value(self, rl.table, rl.column, record)
2026-05-31 06:59:30.629 10 ERROR neutron_lib.callbacks.manager
File "/var/lib/openstack/lib/python3.10/site-packages/ovsdbapp/backend/ovs_idl/idlutils.py", line 114, in row_by_value
2026-05-31 06:59:30.629 10 ERROR neutron_lib.callbacks.manager raise RowNotFound(table=table, col=column, match=match)
2026-05-31 06:59:30.629 10 ERROR neutron_lib.callbacks.manager ovsdbapp.backend.ovs_idl.idlutils.RowNotFound: Cannot find Logical_Router_Port with name=lrp-531af642-eaf7-481d-8e59-0d44b36d1a2b
2026-05-31 06:59:30.629 10 ERROR neutron_lib.callbacks.manager 
2026-05-31 06:59:30.670 10 INFO neutron.db.ovn_revision_numbers_db [req-26a6beaa-f43b-4da0-86ba-a21bb7b09d31 req-539a37b9-ff17-4289-bc10-a7a8289804cd 3bfc93230ad140e18e7c288752cde449 13575d3935af494ab9c7c72564bcf4d5 - - default default] Successfully bumped revision number for resource a55baf28-2012-44b4-8886-1e5e1d5c3afe (type: ports) to 5
2026-05-31 06:59:30.685 10 INFO neutron.wsgi [req-26a6beaa-f43b-4da0-86ba-a21bb7b09d31 req-539a37b9-ff17-4289-bc10-a7a8289804cd 3bfc93230ad140e18e7c288752cde449 13575d3935af494ab9c7c72564bcf4d5 - - default default] 199.204.45.89 "PUT /v2.0/ports/a55baf28-2012-44b4-8886-1e5e1d5c3afe HTTP/1.1" status: 200 len: 1349 time: 0.7588346
2026-05-31 06:59:30.710 9 INFO neutron.wsgi [req-6a6ba7db-4938-4e6b-801f-0b8993bbe838 req-75784b9e-e494-4554-b683-9c6677d226c8 1e946a61d5a14c188a980852fa81176b abcb28a1c6c04226a978a7f7f403ffa4 - - default default] 10.0.0.29 "GET /v2.0/security-groups?id=3afd8700-d4b1-4f22-9c41-401b1465b411&fields=id&fields=name HTTP/1.1" status: 200 len: 312 time: 0.0961001 /var/lib/openstack/lib/python3.10/site-packages/pycadf/identifier.py:71: UserWarning: Invalid uuid: neutron. To ensure interoperability, identifiers should be a valid uuid. warnings.warn(('Invalid uuid: %s. To ensure interoperability, '
2026-05-31 06:59:30.745 10 INFO neutron.notifiers.nova [-] Nova event matching ['req-f31eaed3-7c01-4535-bbf3-cf2d4ea25f57'] response: {'name': 'network-changed', 'server_uuid': '65653508-6fd2-483b-9450-b9c20144c152', 'tag': 'a55baf28-2012-44b4-8886-1e5e1d5c3afe', 'status': 'completed', 'code': 200}
2026-05-31 06:59:30.791 10 INFO neutron.wsgi [req-26a6beaa-f43b-4da0-86ba-a21bb7b09d31 req-ffdfe410-a393-405c-9e51-e381eb61ab13 5cf45da4573e48c9a0ce8cd4d09c21a0 4c476e0bd3274a2ba42bd5be943bbd8f - - d7692b27b11a4bd8873e5d3d4b3c9916 d7692b27b11a4bd8873e5d3d4b3c9916] 199.204.45.89 "GET /v2.0/ports?tenant_id=13575d3935af494ab9c7c72564bcf4d5&device_id=65653508-6fd2-483b-9450-b9c20144c152 HTTP/1.1" status: 200 len: 1590 time: 0.0629499
2026-05-31 06:59:30.887 9 INFO neutron.wsgi [req-f9655cda-f49c-48e2-9515-6064912739f6 req-910967c2-1fc9-458d-9979-869f805addc2 1e946a61d5a14c188a980852fa81176b abcb28a1c6c04226a978a7f7f403ffa4 - - default default] 199.204.45.89 "GET /v2.0/ports?device_id=ed7282ad-6b37-4077-8f2c-70395957afab HTTP/1.1" status: 200 len: 1174 time: 0.0574784
2026-05-31 06:59:30.922 10 INFO neutron.wsgi [req-26a6beaa-f43b-4da0-86ba-a21bb7b09d31 req-9fe8a916-a672-49fd-a82e-60fd8d377acd 5cf45da4573e48c9a0ce8cd4d09c21a0 4c476e0bd3274a2ba42bd5be943bbd8f - - d7692b27b11a4bd8873e5d3d4b3c9916 d7692b27b11a4bd8873e5d3d4b3c9916] 199.204.45.89 "GET /v2.0/networks?id=5b4e17c0-5a06-4907-91eb-6e16eccff180 HTTP/1.1" status: 200 len: 981 time: 0.1259956
2026-05-31 06:59:30.950 10 INFO neutron.wsgi [req-26a6beaa-f43b-4da0-86ba-a21bb7b09d31 req-18069402-31e9-412b-944d-56834aa629f6 5cf45da4573e48c9a0ce8cd4d09c21a0 4c476e0bd3274a2ba42bd5be943bbd8f - - d7692b27b11a4bd8873e5d3d4b3c9916 d7692b27b11a4bd8873e5d3d4b3c9916] 199.204.45.89 "GET /v2.0/floatingips?fixed_ip_address=10.100.0.14&port_id=a55baf28-2012-44b4-8886-1e5e1d5c3afe HTTP/1.1" status: 200 len: 217 time: 0.0207787
2026-05-31 06:59:30.957 9 INFO neutron.db.ovn_revision_numbers_db [None req-0365e30b-a29b-40e3-9066-bc43b223500d 8b9c7af5d8ee4db9bf808d1c36836326 728873e09eee41428abfc01bbfb1bc64 - - default default] Successfully bumped revision number for resource c9b327f5-3792-40e4-809a-44f13b411c9b (type: router_ports) to 1
2026-05-31 06:59:30.962 9 INFO neutron.wsgi [None req-0365e30b-a29b-40e3-9066-bc43b223500d 8b9c7af5d8ee4db9bf808d1c36836326 728873e09eee41428abfc01bbfb1bc64 - - default default] 10.0.0.132 "PUT /v2.0/routers/61c9ed92-381f-4a41-ab31-3cdf7bbf30b5/add_router_interface HTTP/1.1" status: 200 len: 503 time: 4.2159944
2026-05-31 06:59:30.965 10 INFO neutron.db.ovn_revision_numbers_db [None req-c284f8cf-0d66-4731-bcb5-6d5acd784ea8 58354520b9cd486f898bc14b06c0adf7 0122a40db9ca4a8f8fa3888b78f9937b - - default default] Successfully bumped revision number for resource 531af642-eaf7-481d-8e59-0d44b36d1a2b (type: ports) to 1
2026-05-31 06:59:31.002 10 INFO neutron.wsgi [req-26a6beaa-f43b-4da0-86ba-a21bb7b09d31 req-f82a6b46-9c09-4ef6-aac2-67582db8be3f 5cf45da4573e48c9a0ce8cd4d09c21a0 4c476e0bd3274a2ba42bd5be943bbd8f - - d7692b27b11a4bd8873e5d3d4b3c9916 d7692b27b11a4bd8873e5d3d4b3c9916] 199.204.45.89 "GET /v2.0/floatingips?fixed_ip_address=10.100.0.7&port_id=a55baf28-2012-44b4-8886-1e5e1d5c3afe HTTP/1.1" status: 200 len: 1059 time: 0.0432923
2026-05-31 06:59:31.052 10 INFO neutron.wsgi [req-26a6beaa-f43b-4da0-86ba-a21bb7b09d31 req-14fd4427-c5b7-4800-8d24-039e1702097f 5cf45da4573e48c9a0ce8cd4d09c21a0 4c476e0bd3274a2ba42bd5be943bbd8f - - d7692b27b11a4bd8873e5d3d4b3c9916 d7692b27b11a4bd8873e5d3d4b3c9916] 199.204.45.89 "GET /v2.0/subnets?id=914bb24f-f7d0-4d73-8058-bd0e1073b836 HTTP/1.1" status: 200 len: 876 time: 0.0364833
2026-05-31 06:59:31.079 10 WARNING neutron.scheduler.dhcp_agent_scheduler [None req-c284f8cf-0d66-4731-bcb5-6d5acd784ea8 58354520b9cd486f898bc14b06c0adf7 0122a40db9ca4a8f8fa3888b78f9937b - - default default] No more DHCP agents
2026-05-31 06:59:31.081 10 INFO neutron.wsgi [req-26a6beaa-f43b-4da0-86ba-a21bb7b09d31 req-b1df02c2-078e-449d-9851-9d30b32efcd7 5cf45da4573e48c9a0ce8cd4d09c21a0 4c476e0bd3274a2ba42bd5be943bbd8f - - d7692b27b11a4bd8873e5d3d4b3c9916 d7692b27b11a4bd8873e5d3d4b3c9916] 199.204.45.89 "GET /v2.0/ports?network_id=5b4e17c0-5a06-4907-91eb-6e16eccff180&device_owner=network%3Adhcp HTTP/1.1" status: 200 len: 210 time: 0.0220253
2026-05-31 06:59:31.081 10 WARNING neutron.api.rpc.agentnotifiers.dhcp_rpc_agent_api [None req-c284f8cf-0d66-4731-bcb5-6d5acd784ea8 58354520b9cd486f898bc14b06c0adf7 0122a40db9ca4a8f8fa3888b78f9937b - - default default] Unable to schedule network 9c54f2d9-887f-44de-903c-95721c8fac6d: no agents available; will retry on subsequent port and subnet creation events.
2026-05-31 06:59:31.172 10 INFO neutron.wsgi [req-26a6beaa-f43b-4da0-86ba-a21bb7b09d31 req-dc9c6399-3051-43c6-bc05-53f144f6e03c 5cf45da4573e48c9a0ce8cd4d09c21a0 4c476e0bd3274a2ba42bd5be943bbd8f - - d7692b27b11a4bd8873e5d3d4b3c9916 d7692b27b11a4bd8873e5d3d4b3c9916] 199.204.45.89 "GET /v2.0/networks/5b4e17c0-5a06-4907-91eb-6e16eccff180?fields=segments HTTP/1.1" status: 200 len: 212 time: 0.0806823
2026-05-31 06:59:31.292 10 INFO neutron.wsgi [req-26a6beaa-f43b-4da0-86ba-a21bb7b09d31 req-d0b2deba-deb4-4695-a10d-130f2d68b325 5cf45da4573e48c9a0ce8cd4d09c21a0 4c476e0bd3274a2ba42bd5be943bbd8f - - d7692b27b11a4bd8873e5d3d4b3c9916 d7692b27b11a4bd8873e5d3d4b3c9916] 199.204.45.89 "GET /v2.0/networks/5b4e17c0-5a06-4907-91eb-6e16eccff180?fields=provider%3Aphysical_network&fields=provider%3Anetwork_type HTTP/1.1" status: 200 len: 277 time: 0.1123261
2026-05-31 06:59:31.316 10 INFO neutron.db.ovn_revision_numbers_db [None req-c284f8cf-0d66-4731-bcb5-6d5acd784ea8 58354520b9cd486f898bc14b06c0adf7 0122a40db9ca4a8f8fa3888b78f9937b - - default default] Successfully bumped revision number for resource 531af642-eaf7-481d-8e59-0d44b36d1a2b (type: router_ports) to 1
2026-05-31 06:59:31.329 10 INFO neutron.wsgi [None req-c284f8cf-0d66-4731-bcb5-6d5acd784ea8 58354520b9cd486f898bc14b06c0adf7 0122a40db9ca4a8f8fa3888b78f9937b - - default default] 10.0.0.132 "PUT /v2.0/routers/2eff85b8-20a4-48bc-98e7-d260f9147e94/add_router_interface HTTP/1.1" status: 200 len: 503 time: 2.4715800
2026-05-31 06:59:31.366 9 INFO neutron.db.l3_db [req-f9655cda-f49c-48e2-9515-6064912739f6 req-dca30e17-86ce-4e4c-819c-e6c0634ea81d 1e946a61d5a14c188a980852fa81176b abcb28a1c6c04226a978a7f7f403ffa4 - - default default] Floating IP 7d17da15-3d5a-4c67-8bd5-28728c209a9c disassociated. External IP: 10.96.250.216, port: ebd4e948-c191-4f6b-a9af-85059265c42d.
2026-05-31 06:59:31.417 10 INFO neutron.wsgi [req-1f33b5c8-e263-452a-a74f-ae5f21412498 req-99f15e53-11ff-41a2-bf80-57f372b45188 5cf45da4573e48c9a0ce8cd4d09c21a0 4c476e0bd3274a2ba42bd5be943bbd8f - - d7692b27b11a4bd8873e5d3d4b3c9916 d7692b27b11a4bd8873e5d3d4b3c9916] 199.204.45.89 "GET /v2.0/ports?tenant_id=13575d3935af494ab9c7c72564bcf4d5&device_id=65653508-6fd2-483b-9450-b9c20144c152 HTTP/1.1" status: 200 len: 1590 time: 0.0697200
2026-05-31 06:59:31.497 10 INFO neutron.wsgi [None req-9823c4fc-5053-4d36-903b-b4f45ca7ca6e 58354520b9cd486f898bc14b06c0adf7 0122a40db9ca4a8f8fa3888b78f9937b - - default default] 10.0.0.132 "GET /v2.0/ports/531af642-eaf7-481d-8e59-0d44b36d1a2b HTTP/1.1" status: 200 len: 1135 time: 0.1624479
2026-05-31 06:59:31.513 10 INFO neutron.wsgi [req-1f33b5c8-e263-452a-a74f-ae5f21412498 req-94e5c438-236f-4960-b8b2-b97d26ef663f 5cf45da4573e48c9a0ce8cd4d09c21a0 4c476e0bd3274a2ba42bd5be943bbd8f - - d7692b27b11a4bd8873e5d3d4b3c9916 d7692b27b11a4bd8873e5d3d4b3c9916] 199.204.45.89 "GET /v2.0/networks?id=5b4e17c0-5a06-4907-91eb-6e16eccff180 HTTP/1.1" status: 200 len: 981 time: 0.0884643
2026-05-31 06:59:31.521 10 WARNING neutron_lib.context [None req-c33c7255-f44e-4d4b-9909-b1a1c1916915 c6c4643a1185425490d34f4c26c1a393 714e6b9de2394c4194cb1c463eb05072 - - default default] Method 'is_advsvc' is deprecated since 2023.2 release (neutron-lib 3.8.0) and will be removed once support for the old RBAC API policies will be removed from Neutron. Please use method 'is_service_role' instead.
2026-05-31 06:59:31.528 9 INFO neutron.wsgi [req-f9655cda-f49c-48e2-9515-6064912739f6 req-dca30e17-86ce-4e4c-819c-e6c0634ea81d 1e946a61d5a14c188a980852fa81176b abcb28a1c6c04226a978a7f7f403ffa4 - - default default] 199.204.45.89 "DELETE /v2.0/ports/ebd4e948-c191-4f6b-a9af-85059265c42d HTTP/1.1" status: 204 len: 173 time: 0.6338587
2026-05-31 06:59:31.552 10 INFO neutron.wsgi [req-1f33b5c8-e263-452a-a74f-ae5f21412498 req-c5732339-bb16-46b9-bd6a-b48717003f66 5cf45da4573e48c9a0ce8cd4d09c21a0 4c476e0bd3274a2ba42bd5be943bbd8f - - d7692b27b11a4bd8873e5d3d4b3c9916 d7692b27b11a4bd8873e5d3d4b3c9916] 199.204.45.89 "GET /v2.0/floatingips?fixed_ip_address=10.100.0.14&port_id=a55baf28-2012-44b4-8886-1e5e1d5c3afe HTTP/1.1" status: 200 len: 217 time: 0.0271502
2026-05-31 06:59:31.574 9 INFO neutron.notifiers.nova [-] Nova event matching ['req-bc9fcfad-cea9-4389-9275-2039a8198975'] response: {'server_uuid': 'ed7282ad-6b37-4077-8f2c-70395957afab', 'name': 'network-vif-deleted', 'tag': 'ebd4e948-c191-4f6b-a9af-85059265c42d', 'status': 'completed', 'code': 200}
2026-05-31 06:59:31.608 9 INFO neutron.wsgi [None req-4d78b2d0-7a65-4ec6-8c15-a3539100d5fa 58354520b9cd486f898bc14b06c0adf7 0122a40db9ca4a8f8fa3888b78f9937b - - default default] 10.0.0.132 "GET /v2.0/ports/531af642-eaf7-481d-8e59-0d44b36d1a2b HTTP/1.1" status: 200 len: 1135 time: 0.1061263
2026-05-31 06:59:31.612 10 INFO neutron.wsgi [req-1f33b5c8-e263-452a-a74f-ae5f21412498 req-e39f0cb0-8688-456c-8019-d2dd3225c627 5cf45da4573e48c9a0ce8cd4d09c21a0 4c476e0bd3274a2ba42bd5be943bbd8f - - d7692b27b11a4bd8873e5d3d4b3c9916 d7692b27b11a4bd8873e5d3d4b3c9916] 199.204.45.89 "GET /v2.0/floatingips?fixed_ip_address=10.100.0.7&port_id=a55baf28-2012-44b4-8886-1e5e1d5c3afe HTTP/1.1" status: 200 len: 1059 time: 0.0554676
2026-05-31 06:59:31.656 10 INFO neutron.wsgi [req-1f33b5c8-e263-452a-a74f-ae5f21412498 req-56241ed4-850b-4ee5-9525-fd467d2bced7 5cf45da4573e48c9a0ce8cd4d09c21a0 4c476e0bd3274a2ba42bd5be943bbd8f - - d7692b27b11a4bd8873e5d3d4b3c9916 d7692b27b11a4bd8873e5d3d4b3c9916] 199.204.45.89 "GET /v2.0/subnets?id=914bb24f-f7d0-4d73-8058-bd0e1073b836 HTTP/1.1" status: 200 len: 876 time: 0.0398619
2026-05-31 06:59:31.659 9 INFO neutron.wsgi [-] 10.0.0.96 "GET / HTTP/1.1" status: 200 len: 246 time: 0.0028515
2026-05-31 06:59:31.662 9 INFO neutron.wsgi [-] 10.0.0.96 "GET / HTTP/1.1" status: 200 len: 246 time: 0.0023491
2026-05-31 06:59:31.689 10 INFO neutron.wsgi [req-1f33b5c8-e263-452a-a74f-ae5f21412498 req-92f15e3c-1e26-4c92-8a85-203546af54c2 5cf45da4573e48c9a0ce8cd4d09c21a0 4c476e0bd3274a2ba42bd5be943bbd8f - - d7692b27b11a4bd8873e5d3d4b3c9916 d7692b27b11a4bd8873e5d3d4b3c9916] 199.204.45.89 "GET /v2.0/ports?network_id=5b4e17c0-5a06-4907-91eb-6e16eccff180&device_owner=network%3Adhcp HTTP/1.1" status: 200 len: 210 time: 0.0244961
2026-05-31 06:59:31.773 10 INFO neutron.db.ovn_revision_numbers_db [None req-c33c7255-f44e-4d4b-9909-b1a1c1916915 c6c4643a1185425490d34f4c26c1a393 714e6b9de2394c4194cb1c463eb05072 - - default default] Successfully bumped revision number for resource b3961869-5e5a-40d2-98f3-a769326284f3 (type: security_groups) to 1
2026-05-31 06:59:31.792 10 INFO neutron.wsgi [req-bf4584b4-4204-4eda-8ac4-152f821c4e1c req-81d039c2-ced5-408d-a5ec-4d5d8742789b 3bfc93230ad140e18e7c288752cde449 13575d3935af494ab9c7c72564bcf4d5 - - default default] 10.0.0.29 "GET /v2.0/ports?device_id=65653508-6fd2-483b-9450-b9c20144c152 HTTP/1.1" status: 200 len: 1352 time: 0.0639904
2026-05-31 06:59:31.798 10 INFO neutron.wsgi [req-1f33b5c8-e263-452a-a74f-ae5f21412498 req-83dae2e3-c96c-4410-af37-5eb3cde8d51a 5cf45da4573e48c9a0ce8cd4d09c21a0 4c476e0bd3274a2ba42bd5be943bbd8f - - d7692b27b11a4bd8873e5d3d4b3c9916 d7692b27b11a4bd8873e5d3d4b3c9916] 199.204.45.89 "GET /v2.0/networks/5b4e17c0-5a06-4907-91eb-6e16eccff180?fields=segments HTTP/1.1" status: 200 len: 212 time: 0.1033711
2026-05-31 06:59:31.799 10 INFO neutron.db.ovn_revision_numbers_db [None req-c33c7255-f44e-4d4b-9909-b1a1c1916915 c6c4643a1185425490d34f4c26c1a393 714e6b9de2394c4194cb1c463eb05072 - - default default] Successfully bumped revision number for resource 2b1eac62-f652-403c-bc6c-e5668eb49c92 (type: security_group_rules) to 0
2026-05-31 06:59:31.829 9 INFO neutron.wsgi [req-39c1844b-bf4c-4e86-a83b-5a91c8ebed6b req-1cb383c3-52fc-4f67-8d0b-581a953014f2 1e946a61d5a14c188a980852fa81176b abcb28a1c6c04226a978a7f7f403ffa4 - - default default] 10.0.0.29 "GET /v2.0/ports?device_id=ed7282ad-6b37-4077-8f2c-70395957afab HTTP/1.1" status: 200 len: 210 time: 0.0299869
2026-05-31 06:59:31.834 10 INFO neutron.db.ovn_revision_numbers_db [None req-c33c7255-f44e-4d4b-9909-b1a1c1916915 c6c4643a1185425490d34f4c26c1a393 714e6b9de2394c4194cb1c463eb05072 - - default default] Successfully bumped revision number for resource acd08de4-0153-4380-8e71-fb44dcfa69bd (type: security_group_rules) to 0
2026-05-31 06:59:31.873 10 INFO neutron.wsgi [None req-c33c7255-f44e-4d4b-9909-b1a1c1916915 c6c4643a1185425490d34f4c26c1a393 714e6b9de2394c4194cb1c463eb05072 - - default default] 10.0.0.132 "POST /v2.0/security-groups HTTP/1.1" status: 201 len: 1861 time: 0.3568692
2026-05-31 06:59:31.887 9 WARNING neutron_lib.context [None req-b67dfaeb-39bf-401c-bdcf-0dd102bdee95 c6c4643a1185425490d34f4c26c1a393 714e6b9de2394c4194cb1c463eb05072 - - default default] Method 'is_advsvc' is deprecated since 2023.2 release (neutron-lib 3.8.0) and will be removed once support for the old RBAC API policies will be removed from Neutron. Please use method 'is_service_role' instead.
2026-05-31 06:59:31.888 10 INFO neutron.wsgi [req-bf4584b4-4204-4eda-8ac4-152f821c4e1c req-b53ba6f7-4eca-41e9-a871-b334a063fcaa 3bfc93230ad140e18e7c288752cde449 13575d3935af494ab9c7c72564bcf4d5 - - default default] 10.0.0.29 "GET /v2.0/security-groups?id=634efe3c-3247-41f6-a52f-c80ba09d6b91&fields=id&fields=name HTTP/1.1" status: 200 len: 313 time: 0.0900521
2026-05-31 06:59:31.897 10 INFO neutron.wsgi [req-1f33b5c8-e263-452a-a74f-ae5f21412498 req-7e7a4f61-3e87-4802-9de3-8f78c5f46c46 5cf45da4573e48c9a0ce8cd4d09c21a0 4c476e0bd3274a2ba42bd5be943bbd8f - - d7692b27b11a4bd8873e5d3d4b3c9916 d7692b27b11a4bd8873e5d3d4b3c9916] 199.204.45.89 "GET /v2.0/networks/5b4e17c0-5a06-4907-91eb-6e16eccff180?fields=provider%3Aphysical_network&fields=provider%3Anetwork_type HTTP/1.1" status: 200 len: 277 time: 0.0918062
2026-05-31 06:59:32.066 9 INFO neutron.db.ovn_revision_numbers_db [None req-b67dfaeb-39bf-401c-bdcf-0dd102bdee95 c6c4643a1185425490d34f4c26c1a393 714e6b9de2394c4194cb1c463eb05072 - - default default] Successfully bumped revision number for resource f51ffde3-f223-4693-984c-53f69e60b7d8 (type: security_group_rules) to 0
2026-05-31 06:59:32.092 9 INFO neutron.wsgi [None req-b67dfaeb-39bf-401c-bdcf-0dd102bdee95 c6c4643a1185425490d34f4c26c1a393 714e6b9de2394c4194cb1c463eb05072 - - default default] 10.0.0.132 "POST /v2.0/security-group-rules HTTP/1.1" status: 201 len: 796 time: 0.2116070
2026-05-31 06:59:32.102 9 WARNING neutron_lib.context [None req-5f9cd9d8-012e-4c1a-a9b0-478b54a6a341 c6c4643a1185425490d34f4c26c1a393 714e6b9de2394c4194cb1c463eb05072 - - default default] Method 'is_advsvc' is deprecated since 2023.2 release (neutron-lib 3.8.0) and will be removed once support for the old RBAC API policies will be removed from Neutron. Please use method 'is_service_role' instead.
2026-05-31 06:59:32.242 9 INFO neutron.db.ovn_revision_numbers_db [None req-5f9cd9d8-012e-4c1a-a9b0-478b54a6a341 c6c4643a1185425490d34f4c26c1a393 714e6b9de2394c4194cb1c463eb05072 - - default default] Successfully bumped revision number for resource 4cbc53ce-f9d8-4329-8c90-f97ec3576497 (type: security_group_rules) to 0
2026-05-31 06:59:32.268 9 INFO neutron.wsgi [None req-5f9cd9d8-012e-4c1a-a9b0-478b54a6a341 c6c4643a1185425490d34f4c26c1a393 714e6b9de2394c4194cb1c463eb05072 - - default default] 10.0.0.132 "POST /v2.0/security-group-rules HTTP/1.1" status: 201 len: 801 time: 0.1702030
2026-05-31 06:59:32.278 9 WARNING neutron_lib.context [None req-2544c709-4bec-4398-b809-9c5efe934e2d c6c4643a1185425490d34f4c26c1a393 714e6b9de2394c4194cb1c463eb05072 - - default default] Method 'is_advsvc' is deprecated since 2023.2 release (neutron-lib 3.8.0) and will be removed once support for the old RBAC API policies will be removed from Neutron. Please use method 'is_service_role' instead.
2026-05-31 06:59:32.285 10 INFO neutron.wsgi [req-c861b6ed-41ba-4753-9008-e5675fe82d16 req-f734a7ae-0041-4c66-8e0c-9a2bb001841f 3bfc93230ad140e18e7c288752cde449 13575d3935af494ab9c7c72564bcf4d5 - - default default] 199.204.45.89 "GET /v2.0/ports?device_id=65653508-6fd2-483b-9450-b9c20144c152&device_owner=compute%3Anova&fixed_ips=ip_address%3D10.100.0.14 HTTP/1.1" status: 200 len: 1352 time: 0.2908645
2026-05-31 06:59:32.525 9 WARNING neutron.scheduler.dhcp_agent_scheduler [None req-2544c709-4bec-4398-b809-9c5efe934e2d c6c4643a1185425490d34f4c26c1a393 714e6b9de2394c4194cb1c463eb05072 - - default default] No more DHCP agents
2026-05-31 06:59:32.528 9 WARNING neutron.api.rpc.agentnotifiers.dhcp_rpc_agent_api [None req-2544c709-4bec-4398-b809-9c5efe934e2d c6c4643a1185425490d34f4c26c1a393 714e6b9de2394c4194cb1c463eb05072 - - default default] Unable to schedule network f0e613b5-6772-4521-99fb-04ec7a1b5090: no agents available; will retry on subsequent port and subnet creation events.
2026-05-31 06:59:32.660 9 INFO neutron.wsgi [None req-a9890eda-f966-46df-9719-41a70bebcf4b 58354520b9cd486f898bc14b06c0adf7 0122a40db9ca4a8f8fa3888b78f9937b - - default default] 10.0.0.132 "GET /v2.0/ports/531af642-eaf7-481d-8e59-0d44b36d1a2b HTTP/1.1" status: 200 len: 1135 time: 0.0464332
2026-05-31 06:59:32.827 10 INFO neutron.db.ovn_revision_numbers_db [req-c861b6ed-41ba-4753-9008-e5675fe82d16 req-e3cbf988-f771-4f7f-82c4-fe41d259a835 3bfc93230ad140e18e7c288752cde449 13575d3935af494ab9c7c72564bcf4d5 - - default default] Successfully bumped revision number for resource a55baf28-2012-44b4-8886-1e5e1d5c3afe (type: ports) to 6
2026-05-31 06:59:32.838 10 INFO neutron.wsgi [req-c861b6ed-41ba-4753-9008-e5675fe82d16 req-e3cbf988-f771-4f7f-82c4-fe41d259a835 3bfc93230ad140e18e7c288752cde449 13575d3935af494ab9c7c72564bcf4d5 - - default default] 199.204.45.89 "PUT /v2.0/ports/a55baf28-2012-44b4-8886-1e5e1d5c3afe HTTP/1.1" status: 200 len: 1167 time: 0.5495195 /var/lib/openstack/lib/python3.10/site-packages/pycadf/identifier.py:71: UserWarning: Invalid uuid: neutron. To ensure interoperability, identifiers should be a valid uuid. warnings.warn(('Invalid uuid: %s. To ensure interoperability, '
2026-05-31 06:59:32.876 10 INFO neutron.notifiers.nova [-] Nova event matching ['req-730c1a9b-9c8a-44f1-841a-ec211fda2aa1'] response: {'name': 'network-changed', 'server_uuid': '65653508-6fd2-483b-9450-b9c20144c152', 'tag': 'a55baf28-2012-44b4-8886-1e5e1d5c3afe', 'status': 'completed', 'code': 200}
2026-05-31 06:59:32.902 9 INFO neutron.wsgi [None req-2544c709-4bec-4398-b809-9c5efe934e2d c6c4643a1185425490d34f4c26c1a393 714e6b9de2394c4194cb1c463eb05072 - - default default] 10.0.0.132 "POST /v2.0/floatingips HTTP/1.1" status: 201 len: 751 time: 0.6289396
2026-05-31 06:59:32.909 10 INFO neutron.wsgi [req-c861b6ed-41ba-4753-9008-e5675fe82d16 req-07bac0cf-b7b3-4705-a680-faa02c35f277 5cf45da4573e48c9a0ce8cd4d09c21a0 4c476e0bd3274a2ba42bd5be943bbd8f - - d7692b27b11a4bd8873e5d3d4b3c9916 d7692b27b11a4bd8873e5d3d4b3c9916] 199.204.45.89 "GET /v2.0/ports?tenant_id=13575d3935af494ab9c7c72564bcf4d5&device_id=65653508-6fd2-483b-9450-b9c20144c152 HTTP/1.1" status: 200 len: 1409 time: 0.0460303
2026-05-31 06:59:32.990 10 INFO neutron.wsgi [req-c861b6ed-41ba-4753-9008-e5675fe82d16 req-a6494d4b-941e-4ff0-9f0b-a287e608d8da 5cf45da4573e48c9a0ce8cd4d09c21a0 4c476e0bd3274a2ba42bd5be943bbd8f - - d7692b27b11a4bd8873e5d3d4b3c9916 d7692b27b11a4bd8873e5d3d4b3c9916] 199.204.45.89 "GET /v2.0/networks?id=5b4e17c0-5a06-4907-91eb-6e16eccff180 HTTP/1.1" status: 200 len: 981 time: 0.0683470
2026-05-31 06:59:33.044 9 INFO neutron.wsgi [None req-6cda522e-e59d-400e-98df-120d1ce32eef 1e946a61d5a14c188a980852fa81176b abcb28a1c6c04226a978a7f7f403ffa4 - - default default] 10.0.0.132 "DELETE /v2.0/security-groups/3afd8700-d4b1-4f22-9c41-401b1465b411 HTTP/1.1" status: 204 len: 168 time: 0.1343672
2026-05-31 06:59:33.049 10 INFO neutron.wsgi [req-c861b6ed-41ba-4753-9008-e5675fe82d16 req-64d5474a-c87d-49a5-aea1-cc7d18f8550b 5cf45da4573e48c9a0ce8cd4d09c21a0 4c476e0bd3274a2ba42bd5be943bbd8f - - d7692b27b11a4bd8873e5d3d4b3c9916 d7692b27b11a4bd8873e5d3d4b3c9916] 199.204.45.89 "GET /v2.0/floatingips?fixed_ip_address=10.100.0.7&port_id=a55baf28-2012-44b4-8886-1e5e1d5c3afe HTTP/1.1" status: 200 len: 1059 time: 0.0514126
2026-05-31 06:59:33.058 9 INFO neutron.api.v2.resource [None req-893eec97-8926-4256-9f61-9ee59137ce25 1e946a61d5a14c188a980852fa81176b abcb28a1c6c04226a978a7f7f403ffa4 - - default default] show failed (client error): The resource could not be found.
2026-05-31 06:59:33.060 9 INFO neutron.wsgi [None req-893eec97-8926-4256-9f61-9ee59137ce25 1e946a61d5a14c188a980852fa81176b abcb28a1c6c04226a978a7f7f403ffa4 - - default default] 10.0.0.132 "GET /v2.0/security-groups/3afd8700-d4b1-4f22-9c41-401b1465b411 HTTP/1.1" status: 404 len: 347 time: 0.0112541
2026-05-31 06:59:33.086 10 INFO neutron.wsgi [req-c861b6ed-41ba-4753-9008-e5675fe82d16 req-9c3772ff-1b44-404f-820f-eb422d4eb062 5cf45da4573e48c9a0ce8cd4d09c21a0 4c476e0bd3274a2ba42bd5be943bbd8f - - d7692b27b11a4bd8873e5d3d4b3c9916 d7692b27b11a4bd8873e5d3d4b3c9916] 199.204.45.89 "GET /v2.0/subnets?id=914bb24f-f7d0-4d73-8058-bd0e1073b836 HTTP/1.1" status: 200 len: 876 time: 0.0323730
