2026-05-31 07:02:37.818 9 WARNING neutron.scheduler.dhcp_agent_scheduler [None req-354f2cb4-a16a-4711-8584-1598db416574 18c1a1c071e74de59901bd8575f9bd03 c7a0296439b8434fb90ce172c52f408f - - default default] No more DHCP agents
2026-05-31 07:02:37.819 9 WARNING neutron.api.rpc.agentnotifiers.dhcp_rpc_agent_api [None req-354f2cb4-a16a-4711-8584-1598db416574 18c1a1c071e74de59901bd8575f9bd03 c7a0296439b8434fb90ce172c52f408f - - default default] Unable to schedule network 6b181ee0-5260-4782-be0c-47bb9294ca54: no agents available; will retry on subsequent port and subnet creation events.
2026-05-31 07:02:38.008 9 INFO neutron.db.ovn_revision_numbers_db [None req-354f2cb4-a16a-4711-8584-1598db416574 18c1a1c071e74de59901bd8575f9bd03 c7a0296439b8434fb90ce172c52f408f - - default default] Successfully bumped revision number for resource 6d3da978-4821-4f7c-867c-55e2a401f58b (type: ports) to 1
2026-05-31 07:02:38.171 10 WARNING neutron_lib.context [None req-f963dccb-dfe4-454b-a0c0-2814a20d4528 9154940e27764aeba5166655e37042c3 49dd2483c4d74f089740c079e7f39071 - - default default] Method 'is_advsvc' is deprecated since 2023.2 release (neutron-lib 3.8.0) and will be removed once support for the old RBAC API policies will be removed from Neutron. Please use method 'is_service_role' instead.
2026-05-31 07:02:38.218 10 INFO neutron.wsgi [None req-f963dccb-dfe4-454b-a0c0-2814a20d4528 9154940e27764aeba5166655e37042c3 49dd2483c4d74f089740c079e7f39071 - - default default] 10.0.0.132 "POST /v2.0/subnetpools HTTP/1.1" status: 201 len: 715 time: 0.2171881 /var/lib/openstack/lib/python3.10/site-packages/pycadf/identifier.py:71: UserWarning: Invalid uuid: neutron. To ensure interoperability, identifiers should be a valid uuid. warnings.warn(('Invalid uuid: %s. To ensure interoperability, '
2026-05-31 07:02:38.275 9 INFO neutron.wsgi [None req-bdf14154-769f-4bf3-b2ee-688825a976ce 9154940e27764aeba5166655e37042c3 49dd2483c4d74f089740c079e7f39071 - - default default] 10.0.0.132 "PUT /v2.0/subnetpools/eda8664d-e660-4b11-9489-e9ff218bd06c/tags HTTP/1.1" status: 200 len: 218 time: 0.0505953
2026-05-31 07:02:38.304 10 INFO neutron.wsgi [None req-c63bf4f7-ede6-4a6a-80e7-bf041d8f8d88 9154940e27764aeba5166655e37042c3 49dd2483c4d74f089740c079e7f39071 - - default default] 10.0.0.132 "GET /v2.0/subnetpools/eda8664d-e660-4b11-9489-e9ff218bd06c/tags HTTP/1.1" status: 200 len: 218 time: 0.0220096
2026-05-31 07:02:38.346 10 INFO neutron.wsgi [None req-327dc40f-bc57-4389-b6c5-ad046022790d 9154940e27764aeba5166655e37042c3 49dd2483c4d74f089740c079e7f39071 - - default default] 10.0.0.132 "PUT /v2.0/subnetpools/eda8664d-e660-4b11-9489-e9ff218bd06c/tags/green HTTP/1.1" status: 201 len: 201 time: 0.0364282
2026-05-31 07:02:38.380 9 INFO neutron.wsgi [None req-e6603576-e868-45be-a7ca-71112d49f1eb 9154940e27764aeba5166655e37042c3 49dd2483c4d74f089740c079e7f39071 - - default default] 10.0.0.132 "GET /v2.0/subnetpools/eda8664d-e660-4b11-9489-e9ff218bd06c/tags HTTP/1.1" status: 200 len: 227 time: 0.0292420
2026-05-31 07:02:38.417 10 INFO neutron.wsgi [None req-2a54b4f6-3049-4215-bf66-4706ec60792d 9154940e27764aeba5166655e37042c3 49dd2483c4d74f089740c079e7f39071 - - default default] 10.0.0.132 "PUT /v2.0/subnetpools/eda8664d-e660-4b11-9489-e9ff218bd06c/tags/red HTTP/1.1" status: 201 len: 201 time: 0.0306611
2026-05-31 07:02:38.446 9 INFO neutron.wsgi [None req-aa47f7eb-5c93-47a7-ade4-ad7a4838b08b 9154940e27764aeba5166655e37042c3 49dd2483c4d74f089740c079e7f39071 - - default default] 10.0.0.132 "GET /v2.0/subnetpools/eda8664d-e660-4b11-9489-e9ff218bd06c/tags HTTP/1.1" status: 200 len: 227 time: 0.0224900
2026-05-31 07:02:38.490 10 INFO neutron.wsgi [None req-0a890adc-2de4-4883-b060-8f43c1e617bd 9154940e27764aeba5166655e37042c3 49dd2483c4d74f089740c079e7f39071 - - default default] 10.0.0.132 "PUT /v2.0/subnetpools/eda8664d-e660-4b11-9489-e9ff218bd06c/tags/black.or.white HTTP/1.1" status: 201 len: 201 time: 0.0363624
2026-05-31 07:02:38.519 10 INFO neutron.wsgi [None req-d81ebc94-5b27-4aa1-a863-42498d48292f 9154940e27764aeba5166655e37042c3 49dd2483c4d74f089740c079e7f39071 - - default default] 10.0.0.132 "GET /v2.0/subnetpools/eda8664d-e660-4b11-9489-e9ff218bd06c/tags HTTP/1.1" status: 200 len: 245 time: 0.0234456
2026-05-31 07:02:38.562 10 INFO neutron.wsgi [None req-c9e78cf0-8e9b-4a6a-8ff3-b4de02373287 9154940e27764aeba5166655e37042c3 49dd2483c4d74f089740c079e7f39071 - - default default] 10.0.0.132 "PUT /v2.0/subnetpools/eda8664d-e660-4b11-9489-e9ff218bd06c/tags HTTP/1.1" status: 200 len: 230 time: 0.0383937
2026-05-31 07:02:38.588 10 INFO neutron.wsgi [None req-46a198b1-0167-40dc-b921-37f25f143789 9154940e27764aeba5166655e37042c3 49dd2483c4d74f089740c079e7f39071 - - default default] 10.0.0.132 "GET /v2.0/subnetpools/eda8664d-e660-4b11-9489-e9ff218bd06c/tags HTTP/1.1" status: 200 len: 230 time: 0.0201459
2026-05-31 07:02:38.594 9 ERROR ovsdbapp.backend.ovs_idl.command [None req-354f2cb4-a16a-4711-8584-1598db416574 18c1a1c071e74de59901bd8575f9bd03 c7a0296439b8434fb90ce172c52f408f - - default default] Error executing command (DbGetCommand): ovsdbapp.backend.ovs_idl.idlutils.RowNotFound: Cannot find Logical_Router_Port with name=lrp-6d3da978-4821-4f7c-867c-55e2a401f58b
2026-05-31 07:02:38.594 9 ERROR ovsdbapp.backend.ovs_idl.command
Traceback (most recent call last):
2026-05-31 07:02:38.594 9 ERROR ovsdbapp.backend.ovs_idl.command
File "/var/lib/openstack/lib/python3.10/site-packages/ovsdbapp/backend/ovs_idl/command.py", line 47, in execute
2026-05-31 07:02:38.594 9 ERROR ovsdbapp.backend.ovs_idl.command self.run_idl(None)
2026-05-31 07:02:38.594 9 ERROR ovsdbapp.backend.ovs_idl.command
File "/var/lib/openstack/lib/python3.10/site-packages/ovsdbapp/backend/ovs_idl/command.py", line 235, in run_idl
2026-05-31 07:02:38.594 9 ERROR ovsdbapp.backend.ovs_idl.command record = self.api.lookup(self.table, self.record)
2026-05-31 07:02:38.594 9 ERROR ovsdbapp.backend.ovs_idl.command
File "/var/lib/openstack/lib/python3.10/site-packages/ovsdbapp/backend/ovs_idl/__init__.py", line 184, in lookup
2026-05-31 07:02:38.594 9 ERROR ovsdbapp.backend.ovs_idl.command return self._lookup(table, record)
2026-05-31 07:02:38.594 9 ERROR ovsdbapp.backend.ovs_idl.command
File "/var/lib/openstack/lib/python3.10/site-packages/ovsdbapp/backend/ovs_idl/__init__.py", line 235, in _lookup
2026-05-31 07:02:38.594 9 ERROR ovsdbapp.backend.ovs_idl.command row = idlutils.row_by_value(self, rl.table, rl.column, record)
2026-05-31 07:02:38.594 9 ERROR ovsdbapp.backend.ovs_idl.command
File "/var/lib/openstack/lib/python3.10/site-packages/ovsdbapp/backend/ovs_idl/idlutils.py", line 114, in row_by_value
2026-05-31 07:02:38.594 9 ERROR ovsdbapp.backend.ovs_idl.command raise RowNotFound(table=table, col=column, match=match)
2026-05-31 07:02:38.594 9 ERROR ovsdbapp.backend.ovs_idl.command ovsdbapp.backend.ovs_idl.idlutils.RowNotFound: Cannot find Logical_Router_Port with name=lrp-6d3da978-4821-4f7c-867c-55e2a401f58b
2026-05-31 07:02:38.594 9 ERROR ovsdbapp.backend.ovs_idl.command 
2026-05-31 07:02:38.595 9 ERROR neutron_lib.callbacks.manager [None req-354f2cb4-a16a-4711-8584-1598db416574 18c1a1c071e74de59901bd8575f9bd03 c7a0296439b8434fb90ce172c52f408f - - default default] Error during notification for neutron.services.ovn_l3.plugin.OVNL3RouterPlugin._port_update-8782976824047 port, after_update: ovsdbapp.backend.ovs_idl.idlutils.RowNotFound: Cannot find Logical_Router_Port with name=lrp-6d3da978-4821-4f7c-867c-55e2a401f58b
2026-05-31 07:02:38.595 9 ERROR neutron_lib.callbacks.manager
Traceback (most recent call last):
2026-05-31 07:02:38.595 9 ERROR neutron_lib.callbacks.manager
File "/var/lib/openstack/lib/python3.10/site-packages/neutron_lib/callbacks/manager.py", line 189, in _notify_loop
2026-05-31 07:02:38.595 9 ERROR neutron_lib.callbacks.manager callback.method(resource, event, trigger, payload=payload)
2026-05-31 07:02:38.595 9 ERROR neutron_lib.callbacks.manager
File "/var/lib/openstack/lib/python3.10/site-packages/neutron/services/ovn_l3/plugin.py", line 391, in _port_update
2026-05-31 07:02:38.595 9 ERROR neutron_lib.callbacks.manager l3plugin._ovn_client.update_router_port(context,
2026-05-31 07:02:38.595 9 ERROR neutron_lib.callbacks.manager
File "/var/lib/openstack/lib/python3.10/site-packages/neutron/plugins/ml2/drivers/ovn/mech_driver/ovsdb/ovn_client.py", line 1878, in update_router_port
2026-05-31 07:02:38.595 9 ERROR neutron_lib.callbacks.manager self._update_lrouter_port(context, port, if_exists=if_exists,
2026-05-31 07:02:38.595 9 ERROR neutron_lib.callbacks.manager
File "/var/lib/openstack/lib/python3.10/site-packages/neutron/plugins/ml2/drivers/ovn/mech_driver/ovsdb/ovn_client.py", line 1855, in _update_lrouter_port
2026-05-31 07:02:38.595 9 ERROR neutron_lib.callbacks.manager external_ids = self._nb_idl.db_get(
2026-05-31 07:02:38.595 9 ERROR neutron_lib.callbacks.manager
File "/var/lib/openstack/lib/python3.10/site-packages/ovsdbapp/backend/ovs_idl/command.py", line 47, in execute
2026-05-31 07:02:38.595 9 ERROR neutron_lib.callbacks.manager self.run_idl(None)
2026-05-31 07:02:38.595 9 ERROR neutron_lib.callbacks.manager
File "/var/lib/openstack/lib/python3.10/site-packages/ovsdbapp/backend/ovs_idl/command.py", line 235, in run_idl
2026-05-31 07:02:38.595 9 ERROR neutron_lib.callbacks.manager record = self.api.lookup(self.table, self.record)
2026-05-31 07:02:38.595 9 ERROR neutron_lib.callbacks.manager
File "/var/lib/openstack/lib/python3.10/site-packages/ovsdbapp/backend/ovs_idl/__init__.py", line 184, in lookup
2026-05-31 07:02:38.595 9 ERROR neutron_lib.callbacks.manager return self._lookup(table, record)
2026-05-31 07:02:38.595 9 ERROR neutron_lib.callbacks.manager
File "/var/lib/openstack/lib/python3.10/site-packages/ovsdbapp/backend/ovs_idl/__init__.py", line 235, in _lookup
2026-05-31 07:02:38.595 9 ERROR neutron_lib.callbacks.manager row = idlutils.row_by_value(self, rl.table, rl.column, record)
2026-05-31 07:02:38.595 9 ERROR neutron_lib.callbacks.manager
File "/var/lib/openstack/lib/python3.10/site-packages/ovsdbapp/backend/ovs_idl/idlutils.py", line 114, in row_by_value
2026-05-31 07:02:38.595 9 ERROR neutron_lib.callbacks.manager raise RowNotFound(table=table, col=column, match=match)
2026-05-31 07:02:38.595 9 ERROR neutron_lib.callbacks.manager ovsdbapp.backend.ovs_idl.idlutils.RowNotFound: Cannot find Logical_Router_Port with name=lrp-6d3da978-4821-4f7c-867c-55e2a401f58b
2026-05-31 07:02:38.595 9 ERROR neutron_lib.callbacks.manager 
2026-05-31 07:02:38.613 10 INFO neutron.wsgi [None req-144bbead-06c8-41f1-8dc1-de2eaf935c99 9154940e27764aeba5166655e37042c3 49dd2483c4d74f089740c079e7f39071 - - default default] 10.0.0.132 "GET /v2.0/subnetpools/eda8664d-e660-4b11-9489-e9ff218bd06c/tags/red HTTP/1.1" status: 204 len: 168 time: 0.0201375
2026-05-31 07:02:38.640 10 INFO neutron.api.v2.resource [None req-25604cb6-05b1-4c54-897a-bce73f15748f 9154940e27764aeba5166655e37042c3 49dd2483c4d74f089740c079e7f39071 - - default default] show failed (client error): The resource could not be found.
2026-05-31 07:02:38.642 10 INFO neutron.wsgi [None req-25604cb6-05b1-4c54-897a-bce73f15748f 9154940e27764aeba5166655e37042c3 49dd2483c4d74f089740c079e7f39071 - - default default] 10.0.0.132 "GET /v2.0/subnetpools/eda8664d-e660-4b11-9489-e9ff218bd06c/tags/green HTTP/1.1" status: 404 len: 299 time: 0.0227287
2026-05-31 07:02:38.686 10 INFO neutron.wsgi [None req-7e4bab53-a4ad-4108-904c-56f2a6c6d9d4 9154940e27764aeba5166655e37042c3 49dd2483c4d74f089740c079e7f39071 - - default default] 10.0.0.132 "DELETE /v2.0/subnetpools/eda8664d-e660-4b11-9489-e9ff218bd06c/tags/red HTTP/1.1" status: 204 len: 168 time: 0.0381732
2026-05-31 07:02:38.712 10 INFO neutron.wsgi [None req-7c41b6b3-3ca7-4d52-a787-74898208437a 9154940e27764aeba5166655e37042c3 49dd2483c4d74f089740c079e7f39071 - - default default] 10.0.0.132 "GET /v2.0/subnetpools/eda8664d-e660-4b11-9489-e9ff218bd06c/tags HTTP/1.1" status: 200 len: 223 time: 0.0212772
2026-05-31 07:02:38.742 10 INFO neutron.api.v2.resource [None req-8cb0d646-c628-4c0e-b018-eb455c97f8a6 9154940e27764aeba5166655e37042c3 49dd2483c4d74f089740c079e7f39071 - - default default] delete failed (client error): The resource could not be found.
2026-05-31 07:02:38.743 10 INFO neutron.wsgi [None req-8cb0d646-c628-4c0e-b018-eb455c97f8a6 9154940e27764aeba5166655e37042c3 49dd2483c4d74f089740c079e7f39071 - - default default] 10.0.0.132 "DELETE /v2.0/subnetpools/eda8664d-e660-4b11-9489-e9ff218bd06c/tags/green HTTP/1.1" status: 404 len: 299 time: 0.0261309
2026-05-31 07:02:38.784 10 INFO neutron.wsgi [None req-cfb2b341-356d-45bf-baab-b0109befad7a 9154940e27764aeba5166655e37042c3 49dd2483c4d74f089740c079e7f39071 - - default default] 10.0.0.132 "DELETE /v2.0/subnetpools/eda8664d-e660-4b11-9489-e9ff218bd06c/tags HTTP/1.1" status: 204 len: 168 time: 0.0363576
2026-05-31 07:02:38.813 10 INFO neutron.wsgi [None req-f2700e28-3ffa-43c0-9fa1-9257d04ed935 9154940e27764aeba5166655e37042c3 49dd2483c4d74f089740c079e7f39071 - - default default] 10.0.0.132 "GET /v2.0/subnetpools/eda8664d-e660-4b11-9489-e9ff218bd06c/tags HTTP/1.1" status: 200 len: 205 time: 0.0234852
2026-05-31 07:02:38.832 9 INFO neutron.db.ovn_revision_numbers_db [None req-354f2cb4-a16a-4711-8584-1598db416574 18c1a1c071e74de59901bd8575f9bd03 c7a0296439b8434fb90ce172c52f408f - - default default] Successfully bumped revision number for resource 6d3da978-4821-4f7c-867c-55e2a401f58b (type: ports) to 1
2026-05-31 07:02:38.879 10 INFO neutron.wsgi [None req-ac1671f3-99b0-4a02-83c1-f944c8e80be1 9154940e27764aeba5166655e37042c3 49dd2483c4d74f089740c079e7f39071 - - default default] 10.0.0.132 "DELETE /v2.0/subnetpools/eda8664d-e660-4b11-9489-e9ff218bd06c HTTP/1.1" status: 204 len: 168 time: 0.0592771
2026-05-31 07:02:38.907 9 WARNING neutron.scheduler.dhcp_agent_scheduler [None req-354f2cb4-a16a-4711-8584-1598db416574 18c1a1c071e74de59901bd8575f9bd03 c7a0296439b8434fb90ce172c52f408f - - default default] No more DHCP agents
2026-05-31 07:02:38.909 9 WARNING neutron.api.rpc.agentnotifiers.dhcp_rpc_agent_api [None req-354f2cb4-a16a-4711-8584-1598db416574 18c1a1c071e74de59901bd8575f9bd03 c7a0296439b8434fb90ce172c52f408f - - default default] Unable to schedule network 6b181ee0-5260-4782-be0c-47bb9294ca54: no agents available; will retry on subsequent port and subnet creation events.
2026-05-31 07:02:39.669 9 INFO neutron.db.ovn_revision_numbers_db [None req-354f2cb4-a16a-4711-8584-1598db416574 18c1a1c071e74de59901bd8575f9bd03 c7a0296439b8434fb90ce172c52f408f - - default default] Successfully bumped revision number for resource 6d3da978-4821-4f7c-867c-55e2a401f58b (type: router_ports) to 1
2026-05-31 07:02:39.855 10 INFO neutron.db.ovn_revision_numbers_db [None req-7193724f-be8a-4f3f-93b6-1449cdc3b318 8b9c7af5d8ee4db9bf808d1c36836326 728873e09eee41428abfc01bbfb1bc64 - - default default] Successfully bumped revision number for resource 87009767-17fa-4cbc-a66b-5c4e5a41f094 (type: security_groups) to 1
2026-05-31 07:02:39.868 10 INFO neutron.db.ovn_revision_numbers_db [None req-7193724f-be8a-4f3f-93b6-1449cdc3b318 8b9c7af5d8ee4db9bf808d1c36836326 728873e09eee41428abfc01bbfb1bc64 - - default default] Successfully bumped revision number for resource 1f8b73b3-02e5-43dd-825f-301ddc53b1fb (type: security_group_rules) to 0
2026-05-31 07:02:39.885 9 WARNING neutron.scheduler.dhcp_agent_scheduler [None req-71d44514-c8e5-430f-a464-2394aca4218e - - - - - -] No more DHCP agents
2026-05-31 07:02:39.887 9 WARNING neutron.api.rpc.agentnotifiers.dhcp_rpc_agent_api [None req-71d44514-c8e5-430f-a464-2394aca4218e - - - - - -] Unable to schedule network 6b181ee0-5260-4782-be0c-47bb9294ca54: no agents available; will retry on subsequent port and subnet creation events.
2026-05-31 07:02:39.889 10 INFO neutron.db.ovn_revision_numbers_db [None req-7193724f-be8a-4f3f-93b6-1449cdc3b318 8b9c7af5d8ee4db9bf808d1c36836326 728873e09eee41428abfc01bbfb1bc64 - - default default] Successfully bumped revision number for resource 2a46537f-c348-4dc7-a506-7f23856fe6e6 (type: security_group_rules) to 0
2026-05-31 07:02:39.905 10 INFO neutron.db.ovn_revision_numbers_db [None req-7193724f-be8a-4f3f-93b6-1449cdc3b318 8b9c7af5d8ee4db9bf808d1c36836326 728873e09eee41428abfc01bbfb1bc64 - - default default] Successfully bumped revision number for resource 324ba03d-e7f3-4ee5-b895-e29c189e54ac (type: security_group_rules) to 0
2026-05-31 07:02:39.921 10 INFO neutron.db.ovn_revision_numbers_db [None req-7193724f-be8a-4f3f-93b6-1449cdc3b318 8b9c7af5d8ee4db9bf808d1c36836326 728873e09eee41428abfc01bbfb1bc64 - - default default] Successfully bumped revision number for resource 7ee83784-f70a-49d4-a970-50643a7afcb0 (type: security_group_rules) to 0
2026-05-31 07:02:39.946 10 INFO neutron.wsgi [None req-7193724f-be8a-4f3f-93b6-1449cdc3b318 8b9c7af5d8ee4db9bf808d1c36836326 728873e09eee41428abfc01bbfb1bc64 - - default default] 10.0.0.132 "GET /v2.0/security-groups?tenant_id=7437e4eba8e6481c982377735291cf6a&name=default HTTP/1.1" status: 200 len: 3124 time: 0.3465352
2026-05-31 07:02:40.070 9 INFO neutron.db.ovn_revision_numbers_db [None req-71d44514-c8e5-430f-a464-2394aca4218e - - - - - -] Successfully bumped revision number for resource 06b96135-4dc7-48d9-9cd4-665c43dad357 (type: ports) to 1
2026-05-31 07:02:40.253 9 INFO neutron.wsgi [None req-683ed804-e7ef-4da7-8417-252691fb42a4 8b9c7af5d8ee4db9bf808d1c36836326 728873e09eee41428abfc01bbfb1bc64 - - default default] 10.0.0.132 "DELETE /v2.0/security-groups/87009767-17fa-4cbc-a66b-5c4e5a41f094 HTTP/1.1" status: 204 len: 168 time: 0.3032386
2026-05-31 07:02:40.340 9 INFO neutron.db.ovn_revision_numbers_db [None req-71d44514-c8e5-430f-a464-2394aca4218e - - - - - -] Successfully bumped revision number for resource 06b96135-4dc7-48d9-9cd4-665c43dad357 (type: ports) to 1
2026-05-31 07:02:40.486 10 INFO neutron.db.ovn_revision_numbers_db [None req-0e43e5d2-5290-4421-92c4-135033312fe2 8b9c7af5d8ee4db9bf808d1c36836326 728873e09eee41428abfc01bbfb1bc64 - - default default] Successfully bumped revision number for resource cb9cca1b-7a50-4219-a6bf-b190b1d44cb5 (type: security_groups) to 1
2026-05-31 07:02:40.504 10 INFO neutron.db.ovn_revision_numbers_db [None req-0e43e5d2-5290-4421-92c4-135033312fe2 8b9c7af5d8ee4db9bf808d1c36836326 728873e09eee41428abfc01bbfb1bc64 - - default default] Successfully bumped revision number for resource 05c6bffa-a0f0-42d1-9277-67056c139e3c (type: security_group_rules) to 0
2026-05-31 07:02:40.522 10 INFO neutron.db.ovn_revision_numbers_db [None req-0e43e5d2-5290-4421-92c4-135033312fe2 8b9c7af5d8ee4db9bf808d1c36836326 728873e09eee41428abfc01bbfb1bc64 - - default default] Successfully bumped revision number for resource 32c249eb-2cf2-4a1b-b1b9-4d4a1e21ce4f (type: security_group_rules) to 0
2026-05-31 07:02:40.536 10 INFO neutron.db.ovn_revision_numbers_db [None req-0e43e5d2-5290-4421-92c4-135033312fe2 8b9c7af5d8ee4db9bf808d1c36836326 728873e09eee41428abfc01bbfb1bc64 - - default default] Successfully bumped revision number for resource 7bf9ec9e-fc41-459b-a217-353bfb16f8db (type: security_group_rules) to 0
2026-05-31 07:02:40.550 10 INFO neutron.db.ovn_revision_numbers_db [None req-0e43e5d2-5290-4421-92c4-135033312fe2 8b9c7af5d8ee4db9bf808d1c36836326 728873e09eee41428abfc01bbfb1bc64 - - default default] Successfully bumped revision number for resource c02cb098-49f4-47b0-9982-d2e9deade1a2 (type: security_group_rules) to 0
2026-05-31 07:02:40.573 10 INFO neutron.wsgi [None req-0e43e5d2-5290-4421-92c4-135033312fe2 8b9c7af5d8ee4db9bf808d1c36836326 728873e09eee41428abfc01bbfb1bc64 - - default default] 10.0.0.132 "GET /v2.0/security-groups?tenant_id=49dd2483c4d74f089740c079e7f39071&name=default HTTP/1.1" status: 200 len: 3124 time: 0.2092512
2026-05-31 07:02:40.831 10 INFO neutron.wsgi [None req-ba5b999e-fad8-437b-a41a-9491d1e0d70a 8b9c7af5d8ee4db9bf808d1c36836326 728873e09eee41428abfc01bbfb1bc64 - - default default] 10.0.0.132 "DELETE /v2.0/security-groups/cb9cca1b-7a50-4219-a6bf-b190b1d44cb5 HTTP/1.1" status: 204 len: 168 time: 0.2529306
2026-05-31 07:02:40.838 9 INFO neutron.wsgi [None req-354f2cb4-a16a-4711-8584-1598db416574 18c1a1c071e74de59901bd8575f9bd03 c7a0296439b8434fb90ce172c52f408f - - default default] 10.0.0.132 "POST /v2.0/vpn/vpnservices HTTP/1.1" status: 201 len: 657 time: 5.7499311
2026-05-31 07:02:40.847 9 WARNING neutron_lib.context [None req-2635011d-47e3-4066-a1b9-2f0a5730bf3e 18c1a1c071e74de59901bd8575f9bd03 c7a0296439b8434fb90ce172c52f408f - - default default] Method 'is_advsvc' is deprecated since 2023.2 release (neutron-lib 3.8.0) and will be removed once support for the old RBAC API policies will be removed from Neutron. Please use method 'is_service_role' instead.
2026-05-31 07:02:41.196 9 INFO neutron.wsgi [None req-2635011d-47e3-4066-a1b9-2f0a5730bf3e 18c1a1c071e74de59901bd8575f9bd03 c7a0296439b8434fb90ce172c52f408f - - default default] 10.0.0.132 "POST /v2.0/vpn/vpnservices HTTP/1.1" status: 201 len: 623 time: 0.3519084
2026-05-31 07:02:41.210 9 WARNING neutron_lib.context [None req-62d34143-a844-4365-8e51-100b96dee74c 18c1a1c071e74de59901bd8575f9bd03 c7a0296439b8434fb90ce172c52f408f - - default default] Method 'is_advsvc' is deprecated since 2023.2 release (neutron-lib 3.8.0) and will be removed once support for the old RBAC API policies will be removed from Neutron. Please use method 'is_service_role' instead.
2026-05-31 07:02:41.212 10 WARNING neutron.plugins.ml2.drivers.ovn.mech_driver.ovsdb.ovn_client [None req-80dc192b-a9fd-4f6b-860e-f9bd944bc75b - - - - - -] No hosting information found for port c532d9fb-1082-469f-98e1-7eec2edee5fa: RuntimeError: No hosting information found for port c532d9fb-1082-469f-98e1-7eec2edee5fa
2026-05-31 07:02:41.213 10 INFO neutron.plugins.ml2.drivers.ovn.mech_driver.mech_driver [None req-80dc192b-a9fd-4f6b-860e-f9bd944bc75b - - - - - -] OVN reports status up for port: 6d3da978-4821-4f7c-867c-55e2a401f58b
2026-05-31 07:02:41.225 10 INFO neutron.plugins.ml2.plugin [None req-80dc192b-a9fd-4f6b-860e-f9bd944bc75b - - - - - -] Attempt 1 to provision port 6d3da978-4821-4f7c-867c-55e2a401f58b
2026-05-31 07:02:41.278 9 INFO neutron.wsgi [None req-62d34143-a844-4365-8e51-100b96dee74c 18c1a1c071e74de59901bd8575f9bd03 c7a0296439b8434fb90ce172c52f408f - - default default] 10.0.0.132 "POST /v2.0/vpn/ikepolicies HTTP/1.1" status: 201 len: 603 time: 0.0739923
2026-05-31 07:02:41.307 10 WARNING neutron_lib.context [None req-5f77fdc3-5eae-4ddd-9222-e7b4cf3610b6 18c1a1c071e74de59901bd8575f9bd03 c7a0296439b8434fb90ce172c52f408f - - default default] Method 'is_advsvc' is deprecated since 2023.2 release (neutron-lib 3.8.0) and will be removed once support for the old RBAC API policies will be removed from Neutron. Please use method 'is_service_role' instead.
2026-05-31 07:02:41.351 10 INFO neutron.wsgi [None req-5f77fdc3-5eae-4ddd-9222-e7b4cf3610b6 18c1a1c071e74de59901bd8575f9bd03 c7a0296439b8434fb90ce172c52f408f - - default default] 10.0.0.132 "POST /v2.0/vpn/ipsecpolicies HTTP/1.1" status: 201 len: 611 time: 0.0599334
2026-05-31 07:02:41.363 9 WARNING neutron_lib.context [None req-a59aecb5-d991-43c8-a383-7b36ab25d114 18c1a1c071e74de59901bd8575f9bd03 c7a0296439b8434fb90ce172c52f408f - - default default] Method 'is_advsvc' is deprecated since 2023.2 release (neutron-lib 3.8.0) and will be removed once support for the old RBAC API policies will be removed from Neutron. Please use method 'is_service_role' instead.
2026-05-31 07:02:41.428 9 INFO neutron.wsgi [None req-a59aecb5-d991-43c8-a383-7b36ab25d114 18c1a1c071e74de59901bd8575f9bd03 c7a0296439b8434fb90ce172c52f408f - - default default] 10.0.0.132 "POST /v2.0/vpn/endpoint-groups HTTP/1.1" status: 201 len: 528 time: 0.0720878
2026-05-31 07:02:41.438 9 WARNING neutron_lib.context [None req-6ab5909b-5c86-47bb-90f3-a55dd05fb8ce 18c1a1c071e74de59901bd8575f9bd03 c7a0296439b8434fb90ce172c52f408f - - default default] Method 'is_advsvc' is deprecated since 2023.2 release (neutron-lib 3.8.0) and will be removed once support for the old RBAC API policies will be removed from Neutron. Please use method 'is_service_role' instead.
2026-05-31 07:02:41.476 9 INFO neutron.wsgi [None req-6ab5909b-5c86-47bb-90f3-a55dd05fb8ce 18c1a1c071e74de59901bd8575f9bd03 c7a0296439b8434fb90ce172c52f408f - - default default] 10.0.0.132 "POST /v2.0/vpn/endpoint-groups HTTP/1.1" status: 201 len: 518 time: 0.0420794
2026-05-31 07:02:41.486 9 WARNING neutron_lib.context [None req-17db1d22-08c9-4a17-8627-4d953e67a672 18c1a1c071e74de59901bd8575f9bd03 c7a0296439b8434fb90ce172c52f408f - - default default] Method 'is_advsvc' is deprecated since 2023.2 release (neutron-lib 3.8.0) and will be removed once support for the old RBAC API policies will be removed from Neutron. Please use method 'is_service_role' instead.
2026-05-31 07:02:41.795 10 INFO neutron.db.ovn_revision_numbers_db [None req-80dc192b-a9fd-4f6b-860e-f9bd944bc75b - - - - - -] Successfully bumped revision number for resource 6d3da978-4821-4f7c-867c-55e2a401f58b (type: ports) to 2
2026-05-31 07:02:41.900 10 INFO neutron.wsgi [req-6008b3d4-4ee0-4358-8d40-e907294ad99d req-a932a0a2-ccb6-4e6b-aaf6-7485cee5e6e9 3f51010cc2a84870bc699e95a03772f9 69e7e5c5575a4b7db38206743e4413c9 - - default default] 10.0.0.29 "GET /v2.0/ports?device_id=d6264fd8-a401-4103-9a33-7a12128ca46a HTTP/1.1" status: 200 len: 1214 time: 0.1374609
2026-05-31 07:02:41.960 10 INFO neutron.wsgi [req-6008b3d4-4ee0-4358-8d40-e907294ad99d req-f299aa7d-6dec-43e9-b7f6-6bbc661526ca 3f51010cc2a84870bc699e95a03772f9 69e7e5c5575a4b7db38206743e4413c9 - - default default] 10.0.0.29 "GET /v2.0/security-groups?id=da3e1883-3513-464f-be86-7a04365df1ec&id=4964241f-8fa3-415b-bfc5-09eb09a4f90a&fields=id&fields=name HTTP/1.1" status: 200 len: 404 time: 0.0535004
2026-05-31 07:02:42.002 10 INFO neutron.db.ovn_revision_numbers_db [None req-80dc192b-a9fd-4f6b-860e-f9bd944bc75b - - - - - -] Successfully bumped revision number for resource 6d3da978-4821-4f7c-867c-55e2a401f58b (type: router_ports) to 2
2026-05-31 07:02:42.277 10 INFO neutron.wsgi [None req-b7729efd-14c0-4506-bb4c-be455cd3f1e9 3ff76c0d5c7f425a9695970d9e3ebabd 863143820e1c426e836686bf35f9257e - - default default] 10.0.0.132 "GET /v2.0/ports?device_id=d6264fd8-a401-4103-9a33-7a12128ca46a HTTP/1.1" status: 200 len: 1447 time: 0.2812872
2026-05-31 07:02:42.301 9 INFO neutron.db.ovn_revision_numbers_db [None req-17db1d22-08c9-4a17-8627-4d953e67a672 18c1a1c071e74de59901bd8575f9bd03 c7a0296439b8434fb90ce172c52f408f - - default default] Successfully bumped revision number for resource f8253d8a-2400-4695-abcc-85f800fd9a29 (type: routers) to 5
2026-05-31 07:02:42.336 9 INFO neutron.wsgi [None req-17db1d22-08c9-4a17-8627-4d953e67a672 18c1a1c071e74de59901bd8575f9bd03 c7a0296439b8434fb90ce172c52f408f - - default default] 10.0.0.132 "POST /v2.0/vpn/ipsec-site-connections HTTP/1.1" status: 201 len: 1001 time: 0.8547306
2026-05-31 07:02:42.349 9 WARNING neutron_lib.context [None req-5a996125-b292-440d-ac5e-5ab49e277fb2 18c1a1c071e74de59901bd8575f9bd03 c7a0296439b8434fb90ce172c52f408f - - default default] Method 'is_advsvc' is deprecated since 2023.2 release (neutron-lib 3.8.0) and will be removed once support for the old RBAC API policies will be removed from Neutron. Please use method 'is_service_role' instead.
2026-05-31 07:02:42.366 10 INFO neutron.wsgi [None req-0a2a681d-27d1-48f4-96f2-0eee903002b4 3f51010cc2a84870bc699e95a03772f9 69e7e5c5575a4b7db38206743e4413c9 - - default default] 10.0.0.132 "GET /v2.0/floatingips?floating_network_id=f0e613b5-6772-4521-99fb-04ec7a1b5090&port_id=e5f4a9c8-13e6-4c12-bc18-574737cbd7dd HTTP/1.1" status: 200 len: 1055 time: 0.0828197
2026-05-31 07:02:42.434 9 INFO neutron.wsgi [None req-5a996125-b292-440d-ac5e-5ab49e277fb2 18c1a1c071e74de59901bd8575f9bd03 c7a0296439b8434fb90ce172c52f408f - - default default] 10.0.0.132 "POST /v2.0/vpn/endpoint-groups HTTP/1.1" status: 201 len: 488 time: 0.0909951
2026-05-31 07:02:42.481 9 INFO neutron.wsgi [None req-7a69386b-cbbe-4182-b654-367e53cdd0d1 18c1a1c071e74de59901bd8575f9bd03 c7a0296439b8434fb90ce172c52f408f - - default default] 10.0.0.132 "DELETE /v2.0/vpn/endpoint-groups/3a84c47d-2af2-457f-ae7b-61b8db00d96c HTTP/1.1" status: 204 len: 168 time: 0.0408473
2026-05-31 07:02:42.503 10 INFO neutron.wsgi [None req-aa262e28-0317-4d66-9a82-1a97f3b2fa21 18c1a1c071e74de59901bd8575f9bd03 c7a0296439b8434fb90ce172c52f408f - - default default] 10.0.0.132 "GET /v2.0/vpn/endpoint-groups HTTP/1.1" status: 200 len: 827 time: 0.0163198
2026-05-31 07:02:42.519 10 INFO neutron.wsgi [None req-494245ef-1abc-42ee-a8c8-7a78c41685ca 18c1a1c071e74de59901bd8575f9bd03 c7a0296439b8434fb90ce172c52f408f - - default default] 10.0.0.132 "GET /v2.0/vpn/endpoint-groups HTTP/1.1" status: 200 len: 827 time: 0.0113921
2026-05-31 07:02:42.650 10 INFO neutron.wsgi [req-fa491252-fcef-4602-a40c-711f6d33292b req-d9d0765c-506b-402b-a2be-c42bf4af8766 5cf45da4573e48c9a0ce8cd4d09c21a0 4c476e0bd3274a2ba42bd5be943bbd8f - - d7692b27b11a4bd8873e5d3d4b3c9916 d7692b27b11a4bd8873e5d3d4b3c9916] 10.0.0.88 "GET /v2.0/ports?device_id=d6264fd8-a401-4103-9a33-7a12128ca46a HTTP/1.1" status: 200 len: 1452 time: 0.0484583
2026-05-31 07:02:42.703 10 INFO neutron.wsgi [req-fa491252-fcef-4602-a40c-711f6d33292b req-9cae3706-f6af-4686-87e5-72694b39bdf1 5cf45da4573e48c9a0ce8cd4d09c21a0 4c476e0bd3274a2ba42bd5be943bbd8f - - d7692b27b11a4bd8873e5d3d4b3c9916 d7692b27b11a4bd8873e5d3d4b3c9916] 10.0.0.88 "GET /v2.0/security-groups?id=4964241f-8fa3-415b-bfc5-09eb09a4f90a&id=da3e1883-3513-464f-be86-7a04365df1ec&fields=id&fields=name HTTP/1.1" status: 200 len: 404 time: 0.0454025
2026-05-31 07:02:43.243 9 INFO neutron.wsgi [None req-59b2380b-424d-4bfb-a32c-1399d7107c07 91585e59e9f84e46afbbec618011e231 7d5b40ea23b24a08bd63da344457fa21 - - default default] 10.0.0.132 "POST /v2.0/vpn/ikepolicies HTTP/1.1" status: 201 len: 602 time: 0.2939970
2026-05-31 07:02:43.262 9 INFO neutron.wsgi [None req-096865f5-9772-4b4b-bf4c-4f0a36ab572e 18c1a1c071e74de59901bd8575f9bd03 c7a0296439b8434fb90ce172c52f408f - - default default] 10.0.0.132 "GET /v2.0/vpn/ikepolicies HTTP/1.1" status: 200 len: 992 time: 0.0132234
2026-05-31 07:02:43.305 10 INFO neutron.wsgi [None req-8dafaa16-7fd9-42c5-a68f-3a409ebfdde7 91585e59e9f84e46afbbec618011e231 7d5b40ea23b24a08bd63da344457fa21 - - default default] 10.0.0.132 "DELETE /v2.0/vpn/ikepolicies/7d0e72e9-3d32-4ad8-91e8-3355bc09c19a HTTP/1.1" status: 204 len: 168 time: 0.0357394
2026-05-31 07:02:43.362 10 INFO neutron.wsgi [None req-006b49b0-7d1f-413d-a2e9-e3b66348e7ff 91585e59e9f84e46afbbec618011e231 7d5b40ea23b24a08bd63da344457fa21 - - default default] 10.0.0.132 "POST /v2.0/vpn/ipsecpolicies HTTP/1.1" status: 201 len: 610 time: 0.0493071
2026-05-31 07:02:43.386 10 INFO neutron.wsgi [None req-e4c4799f-a9cb-455f-89c0-ac26e8db2a41 18c1a1c071e74de59901bd8575f9bd03 c7a0296439b8434fb90ce172c52f408f - - default default] 10.0.0.132 "GET /v2.0/vpn/ipsecpolicies HTTP/1.1" status: 200 len: 1006 time: 0.0164599
2026-05-31 07:02:43.429 10 INFO neutron.wsgi [None req-0105e861-efbe-4aa0-a4d2-8ea54b665b16 91585e59e9f84e46afbbec618011e231 7d5b40ea23b24a08bd63da344457fa21 - - default default] 10.0.0.132 "DELETE /v2.0/vpn/ipsecpolicies/962ae38e-e5d5-40e2-8f24-3a2112852a16 HTTP/1.1" status: 204 len: 168 time: 0.0381093
2026-05-31 07:02:43.443 10 WARNING neutron_lib.context [None req-3f510f34-ec23-4e3a-bbfb-588a12ec494f 18c1a1c071e74de59901bd8575f9bd03 c7a0296439b8434fb90ce172c52f408f - - default default] Method 'is_advsvc' is deprecated since 2023.2 release (neutron-lib 3.8.0) and will be removed once support for the old RBAC API policies will be removed from Neutron. Please use method 'is_service_role' instead.
2026-05-31 07:02:43.542 10 INFO neutron.db.segments_db [None req-3f510f34-ec23-4e3a-bbfb-588a12ec494f 18c1a1c071e74de59901bd8575f9bd03 c7a0296439b8434fb90ce172c52f408f - - default default] Added segment 1970b3ef-e8d3-480d-868d-5e8e2849a15a of type geneve for network 07468d66-7112-40f9-9d77-a72b08bc32d7
2026-05-31 07:02:43.678 10 INFO neutron.db.ovn_revision_numbers_db [None req-3f510f34-ec23-4e3a-bbfb-588a12ec494f 18c1a1c071e74de59901bd8575f9bd03 c7a0296439b8434fb90ce172c52f408f - - default default] Successfully bumped revision number for resource 07468d66-7112-40f9-9d77-a72b08bc32d7 (type: networks) to 1
2026-05-31 07:02:43.881 10 WARNING neutron.scheduler.dhcp_agent_scheduler [None req-3f510f34-ec23-4e3a-bbfb-588a12ec494f 18c1a1c071e74de59901bd8575f9bd03 c7a0296439b8434fb90ce172c52f408f - - default default] No more DHCP agents
2026-05-31 07:02:43.883 10 WARNING neutron.api.rpc.agentnotifiers.dhcp_rpc_agent_api [None req-3f510f34-ec23-4e3a-bbfb-588a12ec494f 18c1a1c071e74de59901bd8575f9bd03 c7a0296439b8434fb90ce172c52f408f - - default default] Unable to schedule network 07468d66-7112-40f9-9d77-a72b08bc32d7: no agents available; will retry on subsequent port and subnet creation events.
2026-05-31 07:02:43.974 10 INFO neutron.db.ovn_revision_numbers_db [None req-3f510f34-ec23-4e3a-bbfb-588a12ec494f 18c1a1c071e74de59901bd8575f9bd03 c7a0296439b8434fb90ce172c52f408f - - default default] Successfully bumped revision number for resource b53ce1f0-e480-49e6-a76c-b491a664a3d3 (type: ports) to 1
2026-05-31 07:02:43.999 10 INFO neutron.wsgi [None req-3f510f34-ec23-4e3a-bbfb-588a12ec494f 18c1a1c071e74de59901bd8575f9bd03 c7a0296439b8434fb90ce172c52f408f - - default default] 10.0.0.132 "POST /v2.0/networks HTTP/1.1" status: 201 len: 830 time: 0.5632718
2026-05-31 07:02:44.012 10 WARNING neutron_lib.context [None req-374803bf-4128-45b4-b06c-bd734728af6c 18c1a1c071e74de59901bd8575f9bd03 c7a0296439b8434fb90ce172c52f408f - - default default] Method 'is_advsvc' is deprecated since 2023.2 release (neutron-lib 3.8.0) and will be removed once support for the old RBAC API policies will be removed from Neutron. Please use method 'is_service_role' instead.
2026-05-31 07:02:44.285 10 WARNING neutron.scheduler.dhcp_agent_scheduler [None req-374803bf-4128-45b4-b06c-bd734728af6c 18c1a1c071e74de59901bd8575f9bd03 c7a0296439b8434fb90ce172c52f408f - - default default] No more DHCP agents
2026-05-31 07:02:44.289 10 WARNING neutron.api.rpc.agentnotifiers.dhcp_rpc_agent_api [None req-374803bf-4128-45b4-b06c-bd734728af6c 18c1a1c071e74de59901bd8575f9bd03 c7a0296439b8434fb90ce172c52f408f - - default default] Unable to schedule network 07468d66-7112-40f9-9d77-a72b08bc32d7: no agents available; will retry on subsequent port and subnet creation events.
2026-05-31 07:02:44.408 9 WARNING neutron_lib.context [None req-de72fa99-77fa-417f-9ca3-efb20feeadea 01119b8cca4a434992a489bff06d5e08 15843570ffb44dd6a49a93915f50534e - - default default] Method 'is_advsvc' is deprecated since 2023.2 release (neutron-lib 3.8.0) and will be removed once support for the old RBAC API policies will be removed from Neutron. Please use method 'is_service_role' instead.
2026-05-31 07:02:44.540 9 INFO neutron.db.ovn_revision_numbers_db [None req-de72fa99-77fa-417f-9ca3-efb20feeadea 01119b8cca4a434992a489bff06d5e08 15843570ffb44dd6a49a93915f50534e - - default default] Successfully bumped revision number for resource bba197b9-9677-45af-84d2-e0e3229eedc7 (type: security_groups) to 1
2026-05-31 07:02:44.555 9 INFO neutron.db.ovn_revision_numbers_db [None req-de72fa99-77fa-417f-9ca3-efb20feeadea 01119b8cca4a434992a489bff06d5e08 15843570ffb44dd6a49a93915f50534e - - default default] Successfully bumped revision number for resource 948cc7da-91d5-42a7-8551-41cb255793df (type: security_group_rules) to 0
2026-05-31 07:02:44.569 9 INFO neutron.db.ovn_revision_numbers_db [None req-de72fa99-77fa-417f-9ca3-efb20feeadea 01119b8cca4a434992a489bff06d5e08 15843570ffb44dd6a49a93915f50534e - - default default] Successfully bumped revision number for resource bfc115d3-d64d-45f8-a1d6-079b2c4f1a6c (type: security_group_rules) to 0
2026-05-31 07:02:44.591 9 INFO neutron.db.ovn_revision_numbers_db [None req-de72fa99-77fa-417f-9ca3-efb20feeadea 01119b8cca4a434992a489bff06d5e08 15843570ffb44dd6a49a93915f50534e - - default default] Successfully bumped revision number for resource dfd4d84f-6278-45e5-b48b-cc63c7b2778e (type: security_group_rules) to 0
2026-05-31 07:02:44.609 9 INFO neutron.db.ovn_revision_numbers_db [None req-de72fa99-77fa-417f-9ca3-efb20feeadea 01119b8cca4a434992a489bff06d5e08 15843570ffb44dd6a49a93915f50534e - - default default] Successfully bumped revision number for resource e69adec8-a570-42e4-a299-7d56a04d16dd (type: security_group_rules) to 0
2026-05-31 07:02:44.666 9 INFO neutron.db.segments_db [None req-de72fa99-77fa-417f-9ca3-efb20feeadea 01119b8cca4a434992a489bff06d5e08 15843570ffb44dd6a49a93915f50534e - - default default] Added segment 1b5c7dfb-1054-4c19-9ae1-9234b147656d of type geneve for network 59dda026-a207-483d-ae6d-990f95d47f22
2026-05-31 07:02:44.824 9 INFO neutron.plugins.ml2.drivers.ovn.mech_driver.mech_driver [None req-378f219e-fb21-4b85-bd37-a148f77145a1 - - - - - -] OVN reports status down for port: e5f4a9c8-13e6-4c12-bc18-574737cbd7dd
2026-05-31 07:02:44.859 9 INFO neutron.db.ovn_revision_numbers_db [None req-de72fa99-77fa-417f-9ca3-efb20feeadea 01119b8cca4a434992a489bff06d5e08 15843570ffb44dd6a49a93915f50534e - - default default] Successfully bumped revision number for resource 59dda026-a207-483d-ae6d-990f95d47f22 (type: networks) to 1
2026-05-31 07:02:44.912 10 INFO neutron.db.ovn_revision_numbers_db [None req-374803bf-4128-45b4-b06c-bd734728af6c 18c1a1c071e74de59901bd8575f9bd03 c7a0296439b8434fb90ce172c52f408f - - default default] Successfully bumped revision number for resource b53ce1f0-e480-49e6-a76c-b491a664a3d3 (type: ports) to 2
2026-05-31 07:02:44.916 9 INFO neutron.wsgi [req-ab8cc81a-6477-4621-9a1c-55cde0c21d4a req-6093fa23-2502-44a0-8187-19835077859e 3f51010cc2a84870bc699e95a03772f9 69e7e5c5575a4b7db38206743e4413c9 - - default default] 10.0.0.29 "GET /v2.0/ports?device_id=d6264fd8-a401-4103-9a33-7a12128ca46a HTTP/1.1" status: 200 len: 1214 time: 0.1692686
2026-05-31 07:02:44.961 10 INFO neutron.db.ovn_revision_numbers_db [None req-374803bf-4128-45b4-b06c-bd734728af6c 18c1a1c071e74de59901bd8575f9bd03 c7a0296439b8434fb90ce172c52f408f - - default default] Successfully bumped revision number for resource 4230b980-0e60-42f3-8dfd-0ce32154febb (type: subnets) to 0
2026-05-31 07:02:44.991 10 INFO neutron.wsgi [None req-374803bf-4128-45b4-b06c-bd734728af6c 18c1a1c071e74de59901bd8575f9bd03 c7a0296439b8434fb90ce172c52f408f - - default default] 10.0.0.132 "POST /v2.0/subnets HTTP/1.1" status: 201 len: 804 time: 0.9850750
2026-05-31 07:02:45.002 10 WARNING neutron_lib.context [None req-a666e528-658a-44f6-9fd5-ed6404f956cc 18c1a1c071e74de59901bd8575f9bd03 c7a0296439b8434fb90ce172c52f408f - - default default] Method 'is_advsvc' is deprecated since 2023.2 release (neutron-lib 3.8.0) and will be removed once support for the old RBAC API policies will be removed from Neutron. Please use method 'is_service_role' instead.
2026-05-31 07:02:45.050 9 INFO neutron.wsgi [req-ab8cc81a-6477-4621-9a1c-55cde0c21d4a req-3572aff4-c110-493b-a50d-50217885b9a3 3f51010cc2a84870bc699e95a03772f9 69e7e5c5575a4b7db38206743e4413c9 - - default default] 10.0.0.29 "GET /v2.0/security-groups?id=da3e1883-3513-464f-be86-7a04365df1ec&id=4964241f-8fa3-415b-bfc5-09eb09a4f90a&fields=id&fields=name HTTP/1.1" status: 200 len: 404 time: 0.1200292
2026-05-31 07:02:45.060 9 INFO neutron.notifiers.nova [-] Nova event matching ['req-4b13fbc0-8305-4101-8f8a-d49a90f84e35'] response: {'server_uuid': 'd6264fd8-a401-4103-9a33-7a12128ca46a', 'name': 'network-vif-unplugged', 'status': 'completed', 'tag': 'e5f4a9c8-13e6-4c12-bc18-574737cbd7dd', 'code': 200}
2026-05-31 07:02:45.149 9 INFO neutron.wsgi [req-5662e1f0-114a-404d-8461-3541c9e61082 req-58bb70a9-e5fb-4cba-a06c-a55861772ba6 3f51010cc2a84870bc699e95a03772f9 69e7e5c5575a4b7db38206743e4413c9 - - default default] 199.204.45.89 "GET /v2.0/ports?device_id=d6264fd8-a401-4103-9a33-7a12128ca46a HTTP/1.1" status: 200 len: 1212 time: 0.0639346
2026-05-31 07:02:45.156 9 WARNING neutron.scheduler.dhcp_agent_scheduler [None req-de72fa99-77fa-417f-9ca3-efb20feeadea 01119b8cca4a434992a489bff06d5e08 15843570ffb44dd6a49a93915f50534e - - default default] No more DHCP agents
2026-05-31 07:02:45.160 9 WARNING neutron.api.rpc.agentnotifiers.dhcp_rpc_agent_api [None req-de72fa99-77fa-417f-9ca3-efb20feeadea 01119b8cca4a434992a489bff06d5e08 15843570ffb44dd6a49a93915f50534e - - default default] Unable to schedule network 59dda026-a207-483d-ae6d-990f95d47f22: no agents available; will retry on subsequent port and subnet creation events.
2026-05-31 07:02:45.560 9 INFO neutron.db.ovn_revision_numbers_db [None req-de72fa99-77fa-417f-9ca3-efb20feeadea 01119b8cca4a434992a489bff06d5e08 15843570ffb44dd6a49a93915f50534e - - default default] Successfully bumped revision number for resource 1128a00a-a4d4-4413-8d0a-e6144eccc877 (type: ports) to 1
2026-05-31 07:02:45.602 9 INFO neutron.wsgi [None req-de72fa99-77fa-417f-9ca3-efb20feeadea 01119b8cca4a434992a489bff06d5e08 15843570ffb44dd6a49a93915f50534e - - default default] 10.0.0.132 "POST /v2.0/networks HTTP/1.1" status: 201 len: 831 time: 1.3772731
2026-05-31 07:02:45.612 9 WARNING neutron_lib.context [None req-4a3e02f4-6d8f-47a7-940c-7c33f4e07c5b 01119b8cca4a434992a489bff06d5e08 15843570ffb44dd6a49a93915f50534e - - default default] Method 'is_advsvc' is deprecated since 2023.2 release (neutron-lib 3.8.0) and will be removed once support for the old RBAC API policies will be removed from Neutron. Please use method 'is_service_role' instead.
2026-05-31 07:02:45.622 9 INFO neutron.db.ovn_revision_numbers_db [None req-378f219e-fb21-4b85-bd37-a148f77145a1 - - - - - -] Successfully bumped revision number for resource e5f4a9c8-13e6-4c12-bc18-574737cbd7dd (type: ports) to 5
2026-05-31 07:02:45.747 9 INFO neutron.db.segments_db [None req-4a3e02f4-6d8f-47a7-940c-7c33f4e07c5b 01119b8cca4a434992a489bff06d5e08 15843570ffb44dd6a49a93915f50534e - - default default] Added segment 9779e2ac-aad9-4503-93af-cff2758205bf of type geneve for network d5f3b4eb-6e22-4d6e-8c9e-7f5ae5e97d0b
2026-05-31 07:02:46.012 9 INFO neutron.db.ovn_revision_numbers_db [None req-4a3e02f4-6d8f-47a7-940c-7c33f4e07c5b 01119b8cca4a434992a489bff06d5e08 15843570ffb44dd6a49a93915f50534e - - default default] Successfully bumped revision number for resource d5f3b4eb-6e22-4d6e-8c9e-7f5ae5e97d0b (type: networks) to 1
2026-05-31 07:02:46.095 9 INFO neutron.db.l3_db [req-5662e1f0-114a-404d-8461-3541c9e61082 req-6e02c23e-fcb7-4a03-9325-d0467a99ae1e 3f51010cc2a84870bc699e95a03772f9 69e7e5c5575a4b7db38206743e4413c9 - - default default] Floating IP 97c73a04-e9ae-4fd2-a3fb-3e61a2f98c8e disassociated. External IP: 10.96.250.206, port: e5f4a9c8-13e6-4c12-bc18-574737cbd7dd.
2026-05-31 07:02:46.145 10 WARNING neutron.scheduler.dhcp_agent_scheduler [None req-a666e528-658a-44f6-9fd5-ed6404f956cc 18c1a1c071e74de59901bd8575f9bd03 c7a0296439b8434fb90ce172c52f408f - - default default] No more DHCP agents
2026-05-31 07:02:46.149 10 WARNING neutron.api.rpc.agentnotifiers.dhcp_rpc_agent_api [None req-a666e528-658a-44f6-9fd5-ed6404f956cc 18c1a1c071e74de59901bd8575f9bd03 c7a0296439b8434fb90ce172c52f408f - - default default] Unable to schedule network f0e613b5-6772-4521-99fb-04ec7a1b5090: no agents available; will retry on subsequent port and subnet creation events.
2026-05-31 07:02:46.178 10 INFO neutron.wsgi [req-94bc1f8f-1074-41a8-9179-fb572bbe038e req-722bcece-44c9-428c-baee-cea054644c07 3f51010cc2a84870bc699e95a03772f9 69e7e5c5575a4b7db38206743e4413c9 - - default default] 10.0.0.29 "GET /v2.0/ports?device_id=d6264fd8-a401-4103-9a33-7a12128ca46a HTTP/1.1" status: 200 len: 1212 time: 0.0562477
2026-05-31 07:02:46.243 10 INFO neutron.wsgi [req-94bc1f8f-1074-41a8-9179-fb572bbe038e req-18f376e7-4ae5-49ba-ae0d-16c4cd69a27f 3f51010cc2a84870bc699e95a03772f9 69e7e5c5575a4b7db38206743e4413c9 - - default default] 10.0.0.29 "GET /v2.0/security-groups?id=da3e1883-3513-464f-be86-7a04365df1ec&id=4964241f-8fa3-415b-bfc5-09eb09a4f90a&fields=id&fields=name HTTP/1.1" status: 200 len: 404 time: 0.0534306
2026-05-31 07:02:46.276 9 WARNING neutron.scheduler.dhcp_agent_scheduler [None req-4a3e02f4-6d8f-47a7-940c-7c33f4e07c5b 01119b8cca4a434992a489bff06d5e08 15843570ffb44dd6a49a93915f50534e - - default default] No more DHCP agents
2026-05-31 07:02:46.277 9 WARNING neutron.api.rpc.agentnotifiers.dhcp_rpc_agent_api [None req-4a3e02f4-6d8f-47a7-940c-7c33f4e07c5b 01119b8cca4a434992a489bff06d5e08 15843570ffb44dd6a49a93915f50534e - - default default] Unable to schedule network d5f3b4eb-6e22-4d6e-8c9e-7f5ae5e97d0b: no agents available; will retry on subsequent port and subnet creation events.
2026-05-31 07:02:46.324 9 INFO neutron.wsgi [req-5662e1f0-114a-404d-8461-3541c9e61082 req-6e02c23e-fcb7-4a03-9325-d0467a99ae1e 3f51010cc2a84870bc699e95a03772f9 69e7e5c5575a4b7db38206743e4413c9 - - default default] 199.204.45.89 "DELETE /v2.0/ports/e5f4a9c8-13e6-4c12-bc18-574737cbd7dd HTTP/1.1" status: 204 len: 173 time: 1.1681604
2026-05-31 07:02:46.340 10 INFO neutron.db.ovn_revision_numbers_db [None req-a666e528-658a-44f6-9fd5-ed6404f956cc 18c1a1c071e74de59901bd8575f9bd03 c7a0296439b8434fb90ce172c52f408f - - default default] Successfully bumped revision number for resource 27560d74-5a81-49be-b9d2-e4cc35bddc92 (type: ports) to 1
2026-05-31 07:02:46.400 9 INFO neutron.db.ovn_revision_numbers_db [None req-4a3e02f4-6d8f-47a7-940c-7c33f4e07c5b 01119b8cca4a434992a489bff06d5e08 15843570ffb44dd6a49a93915f50534e - - default default] Successfully bumped revision number for resource a5deb547-3d9b-4458-afd2-a222462f6aba (type: ports) to 1
2026-05-31 07:02:46.430 9 INFO neutron.plugins.ml2.drivers.ovn.mech_driver.mech_driver [None req-378f219e-fb21-4b85-bd37-a148f77145a1 - - - - - -] OVN reports status up for port: 03ac4071-5a0b-4871-81b4-ca75c4ac3ee7
2026-05-31 07:02:46.436 9 INFO neutron.wsgi [None req-4a3e02f4-6d8f-47a7-940c-7c33f4e07c5b 01119b8cca4a434992a489bff06d5e08 15843570ffb44dd6a49a93915f50534e - - default default] 10.0.0.132 "POST /v2.0/networks HTTP/1.1" status: 201 len: 831 time: 0.8293161 /var/lib/openstack/lib/python3.10/site-packages/pycadf/identifier.py:71: UserWarning: Invalid uuid: neutron. To ensure interoperability, identifiers should be a valid uuid. warnings.warn(('Invalid uuid: %s. To ensure interoperability, '
2026-05-31 07:02:46.453 9 INFO neutron.plugins.ml2.plugin [None req-378f219e-fb21-4b85-bd37-a148f77145a1 - - - - - -] Attempt 1 to provision port 03ac4071-5a0b-4871-81b4-ca75c4ac3ee7
2026-05-31 07:02:46.530 9 INFO neutron.wsgi [None req-69cadbc6-b69d-4499-ba77-c5d77d30b6ae 01119b8cca4a434992a489bff06d5e08 15843570ffb44dd6a49a93915f50534e - - default default] 10.0.0.132 "PUT /v2.0/networks/59dda026-a207-483d-ae6d-990f95d47f22/tags HTTP/1.1" status: 200 len: 218 time: 0.0895209
2026-05-31 07:02:46.600 9 INFO neutron.wsgi [None req-d0b4f855-e87d-4cee-8f9e-19ed786e9395 01119b8cca4a434992a489bff06d5e08 15843570ffb44dd6a49a93915f50534e - - default default] 10.0.0.132 "GET /v2.0/networks/59dda026-a207-483d-ae6d-990f95d47f22/tags HTTP/1.1" status: 200 len: 218 time: 0.0622418
2026-05-31 07:02:46.662 9 INFO neutron.wsgi [-] 10.0.0.96 "GET / HTTP/1.1" status: 200 len: 246 time: 0.0023415
2026-05-31 07:02:46.665 9 INFO neutron.wsgi [-] 10.0.0.96 "GET / HTTP/1.1" status: 200 len: 246 time: 0.0019124
2026-05-31 07:02:46.694 9 INFO neutron.wsgi [None req-a904bbb1-5fbb-442a-8fcc-a227844ffe82 01119b8cca4a434992a489bff06d5e08 15843570ffb44dd6a49a93915f50534e - - default default] 10.0.0.132 "PUT /v2.0/networks/d5f3b4eb-6e22-4d6e-8c9e-7f5ae5e97d0b/tags HTTP/1.1" status: 200 len: 210 time: 0.0839546
2026-05-31 07:02:46.752 9 INFO neutron.wsgi [None req-3e02cf5a-5bf4-40b9-bdb4-db0c01f5bc90 01119b8cca4a434992a489bff06d5e08 15843570ffb44dd6a49a93915f50534e - - default default] 10.0.0.132 "GET /v2.0/networks/d5f3b4eb-6e22-4d6e-8c9e-7f5ae5e97d0b/tags HTTP/1.1" status: 200 len: 210 time: 0.0512493
2026-05-31 07:02:46.822 9 INFO neutron.wsgi [None req-0fda38b6-4545-4fb8-ac21-331fd9541fc7 01119b8cca4a434992a489bff06d5e08 15843570ffb44dd6a49a93915f50534e - - default default] 10.0.0.132 "PUT /v2.0/networks/d5f3b4eb-6e22-4d6e-8c9e-7f5ae5e97d0b/tags HTTP/1.1" status: 200 len: 205 time: 0.0655570
2026-05-31 07:02:46.832 9 INFO neutron.db.ovn_revision_numbers_db [None req-378f219e-fb21-4b85-bd37-a148f77145a1 - - - - - -] Successfully bumped revision number for resource 03ac4071-5a0b-4871-81b4-ca75c4ac3ee7 (type: ports) to 3
2026-05-31 07:02:46.883 9 INFO neutron.wsgi [None req-b8c3530a-675a-4cd8-a249-4717068e0da2 01119b8cca4a434992a489bff06d5e08 15843570ffb44dd6a49a93915f50534e - - default default] 10.0.0.132 "GET /v2.0/networks/d5f3b4eb-6e22-4d6e-8c9e-7f5ae5e97d0b/tags HTTP/1.1" status: 200 len: 205 time: 0.0562170
2026-05-31 07:02:46.949 9 INFO neutron.wsgi [None req-d51425b6-a758-41f4-9cdb-01406b211f11 01119b8cca4a434992a489bff06d5e08 15843570ffb44dd6a49a93915f50534e - - default default] 10.0.0.132 "GET /v2.0/networks/59dda026-a207-483d-ae6d-990f95d47f22/tags HTTP/1.1" status: 200 len: 218 time: 0.0513453
2026-05-31 07:02:46.996 9 INFO neutron.plugins.ml2.drivers.ovn.mech_driver.mech_driver [None req-378f219e-fb21-4b85-bd37-a148f77145a1 - - - - - -] OVN reports status up for port: 06b96135-4dc7-48d9-9cd4-665c43dad357
2026-05-31 07:02:47.011 9 INFO neutron.plugins.ml2.plugin [None req-378f219e-fb21-4b85-bd37-a148f77145a1 - - - - - -] Attempt 1 to provision port 06b96135-4dc7-48d9-9cd4-665c43dad357
2026-05-31 07:02:47.099 10 INFO neutron.plugins.ml2.drivers.ovn.mech_driver.ovsdb.commands [None req-bea7a839-f473-4c96-b04e-bef6fd54ca3f - - - - - -] Schedule LRP lrp-27560d74-5a81-49be-b9d2-e4cc35bddc92 on gateway a8562625-ecb1-4164-80ae-a4f446dd3fc0 with priority 1
2026-05-31 07:02:47.110 9 INFO neutron.notifiers.nova [-] Nova event matching ['req-01775ad1-1b63-4433-a7bf-853ab04477cd'] response: {'server_uuid': 'd6264fd8-a401-4103-9a33-7a12128ca46a', 'name': 'network-vif-unplugged', 'status': 'completed', 'tag': 'e5f4a9c8-13e6-4c12-bc18-574737cbd7dd', 'code': 200}
