2026-05-31 07:01:45.444 10 WARNING neutron_lib.context [None req-3636f418-51cd-4f87-b59d-01a79a1f78f7 5336ae8374f247059ef9845c8af425fc 9fbba6353a384dddb779abfd11054d45 - - default default] Method 'is_advsvc' is deprecated since 2023.2 release (neutron-lib 3.8.0) and will be removed once support for the old RBAC API policies will be removed from Neutron. Please use method 'is_service_role' instead.
2026-05-31 07:01:45.451 9 INFO neutron.db.ovn_revision_numbers_db [None req-b85dbd77-7da5-4a65-aa76-f5fa114d3802 8b9c7af5d8ee4db9bf808d1c36836326 728873e09eee41428abfc01bbfb1bc64 - - default default] Successfully bumped revision number for resource 8c041c79-85e7-4654-9b91-36944f8eb1d5 (type: security_group_rules) to 0
2026-05-31 07:01:45.454 9 INFO neutron.db.ovn_revision_numbers_db [None req-5c222e73-015a-42bd-bae5-bfe0f72d36f1 982c1f2ea35244a09849447ab234a08d 48eafa0747d84e8f83cbd16484f3c627 - - default default] Successfully bumped revision number for resource 719b9f9a-c970-4d62-94b8-d41391c352df (type: security_groups) to 1
2026-05-31 07:01:45.471 9 INFO neutron.db.ovn_revision_numbers_db [None req-b85dbd77-7da5-4a65-aa76-f5fa114d3802 8b9c7af5d8ee4db9bf808d1c36836326 728873e09eee41428abfc01bbfb1bc64 - - default default] Successfully bumped revision number for resource c18492e5-b436-4aba-94e5-1537d7443059 (type: security_group_rules) to 0
2026-05-31 07:01:45.475 9 INFO neutron.db.ovn_revision_numbers_db [None req-5c222e73-015a-42bd-bae5-bfe0f72d36f1 982c1f2ea35244a09849447ab234a08d 48eafa0747d84e8f83cbd16484f3c627 - - default default] Successfully bumped revision number for resource 46385bbe-c139-4801-931d-81843024a05f (type: security_group_rules) to 0
2026-05-31 07:01:45.491 9 INFO neutron.db.ovn_revision_numbers_db [None req-b85dbd77-7da5-4a65-aa76-f5fa114d3802 8b9c7af5d8ee4db9bf808d1c36836326 728873e09eee41428abfc01bbfb1bc64 - - default default] Successfully bumped revision number for resource f1d9ca07-3658-43d9-ac54-bcc69721484a (type: security_group_rules) to 0
2026-05-31 07:01:45.494 9 INFO neutron.db.ovn_revision_numbers_db [None req-5c222e73-015a-42bd-bae5-bfe0f72d36f1 982c1f2ea35244a09849447ab234a08d 48eafa0747d84e8f83cbd16484f3c627 - - default default] Successfully bumped revision number for resource 97744a99-e1dd-4b59-af90-64c44ce96b91 (type: security_group_rules) to 0
2026-05-31 07:01:45.515 9 INFO neutron.wsgi [None req-b85dbd77-7da5-4a65-aa76-f5fa114d3802 8b9c7af5d8ee4db9bf808d1c36836326 728873e09eee41428abfc01bbfb1bc64 - - default default] 10.0.0.132 "GET /v2.0/security-groups?tenant_id=3c8ba826115a441bb23877ab76037c62&name=default HTTP/1.1" status: 200 len: 3120 time: 0.4335477
2026-05-31 07:01:45.519 9 INFO neutron.db.ovn_revision_numbers_db [None req-5c222e73-015a-42bd-bae5-bfe0f72d36f1 982c1f2ea35244a09849447ab234a08d 48eafa0747d84e8f83cbd16484f3c627 - - default default] Successfully bumped revision number for resource 994816ff-5c68-4198-af89-c32f4e3c8d50 (type: security_group_rules) to 0
2026-05-31 07:01:45.548 9 INFO neutron.db.ovn_revision_numbers_db [None req-5c222e73-015a-42bd-bae5-bfe0f72d36f1 982c1f2ea35244a09849447ab234a08d 48eafa0747d84e8f83cbd16484f3c627 - - default default] Successfully bumped revision number for resource f9520c75-6c87-47c7-9f1a-dcf1d265fa33 (type: security_group_rules) to 0
2026-05-31 07:01:45.601 10 INFO neutron.db.ovn_revision_numbers_db [None req-3636f418-51cd-4f87-b59d-01a79a1f78f7 5336ae8374f247059ef9845c8af425fc 9fbba6353a384dddb779abfd11054d45 - - default default] Successfully bumped revision number for resource 0798f399-a8ed-4eee-91c8-22d1cd9d1de3 (type: security_group_rules) to 0
2026-05-31 07:01:45.603 9 INFO neutron.db.segments_db [None req-5c222e73-015a-42bd-bae5-bfe0f72d36f1 982c1f2ea35244a09849447ab234a08d 48eafa0747d84e8f83cbd16484f3c627 - - default default] Added segment 42bedff0-fc7a-4ac1-8a99-9ff835ddad9b of type geneve for network 64f437ef-aede-4e88-8185-cff0adf1fd58
2026-05-31 07:01:45.627 10 INFO neutron.wsgi [None req-3636f418-51cd-4f87-b59d-01a79a1f78f7 5336ae8374f247059ef9845c8af425fc 9fbba6353a384dddb779abfd11054d45 - - default default] 10.0.0.132 "POST /v2.0/security-group-rules HTTP/1.1" status: 201 len: 795 time: 0.1884937
2026-05-31 07:01:45.638 10 WARNING neutron_lib.context [None req-996bfd0a-6697-4b58-a70c-5707107ae822 5336ae8374f247059ef9845c8af425fc 9fbba6353a384dddb779abfd11054d45 - - default default] Method 'is_advsvc' is deprecated since 2023.2 release (neutron-lib 3.8.0) and will be removed once support for the old RBAC API policies will be removed from Neutron. Please use method 'is_service_role' instead.
2026-05-31 07:01:45.756 9 INFO neutron.db.ovn_revision_numbers_db [None req-5c222e73-015a-42bd-bae5-bfe0f72d36f1 982c1f2ea35244a09849447ab234a08d 48eafa0747d84e8f83cbd16484f3c627 - - default default] Successfully bumped revision number for resource 64f437ef-aede-4e88-8185-cff0adf1fd58 (type: networks) to 1
2026-05-31 07:01:45.781 10 INFO neutron.db.ovn_revision_numbers_db [None req-996bfd0a-6697-4b58-a70c-5707107ae822 5336ae8374f247059ef9845c8af425fc 9fbba6353a384dddb779abfd11054d45 - - default default] Successfully bumped revision number for resource c8e233ff-7092-44dd-b14b-24b54a9a3ee3 (type: security_group_rules) to 0
2026-05-31 07:01:45.805 10 INFO neutron.wsgi [None req-996bfd0a-6697-4b58-a70c-5707107ae822 5336ae8374f247059ef9845c8af425fc 9fbba6353a384dddb779abfd11054d45 - - default default] 10.0.0.132 "POST /v2.0/security-group-rules HTTP/1.1" status: 201 len: 801 time: 0.1719396
2026-05-31 07:01:45.815 10 WARNING neutron_lib.context [None req-589ee5d2-b5ee-4feb-88e9-570343d4f85f 5336ae8374f247059ef9845c8af425fc 9fbba6353a384dddb779abfd11054d45 - - default default] Method 'is_advsvc' is deprecated since 2023.2 release (neutron-lib 3.8.0) and will be removed once support for the old RBAC API policies will be removed from Neutron. Please use method 'is_service_role' instead.
2026-05-31 07:01:45.827 9 INFO neutron.wsgi [None req-cf36940f-db34-4bf3-8dd6-d607bb3302f9 8b9c7af5d8ee4db9bf808d1c36836326 728873e09eee41428abfc01bbfb1bc64 - - default default] 10.0.0.132 "DELETE /v2.0/security-groups/9a2111da-4506-4766-ac8c-8351f8caf894 HTTP/1.1" status: 204 len: 168 time: 0.3041534
2026-05-31 07:01:45.948 9 WARNING neutron.scheduler.dhcp_agent_scheduler [None req-5c222e73-015a-42bd-bae5-bfe0f72d36f1 982c1f2ea35244a09849447ab234a08d 48eafa0747d84e8f83cbd16484f3c627 - - default default] No more DHCP agents
2026-05-31 07:01:45.954 9 WARNING neutron.api.rpc.agentnotifiers.dhcp_rpc_agent_api [None req-5c222e73-015a-42bd-bae5-bfe0f72d36f1 982c1f2ea35244a09849447ab234a08d 48eafa0747d84e8f83cbd16484f3c627 - - default default] Unable to schedule network 64f437ef-aede-4e88-8185-cff0adf1fd58: no agents available; will retry on subsequent port and subnet creation events.
2026-05-31 07:01:45.970 10 INFO neutron.db.ovn_revision_numbers_db [None req-589ee5d2-b5ee-4feb-88e9-570343d4f85f 5336ae8374f247059ef9845c8af425fc 9fbba6353a384dddb779abfd11054d45 - - default default] Successfully bumped revision number for resource bd80b938-8baf-4408-8933-d3fe2c100ad7 (type: security_group_rules) to 0
2026-05-31 07:01:45.995 10 INFO neutron.wsgi [None req-589ee5d2-b5ee-4feb-88e9-570343d4f85f 5336ae8374f247059ef9845c8af425fc 9fbba6353a384dddb779abfd11054d45 - - default default] 10.0.0.132 "POST /v2.0/security-group-rules HTTP/1.1" status: 201 len: 800 time: 0.1854801
2026-05-31 07:01:46.000 9 INFO neutron.wsgi [None req-8b1416d1-7152-4bb4-b0d8-d7b9b8139ea6 8b9c7af5d8ee4db9bf808d1c36836326 728873e09eee41428abfc01bbfb1bc64 - - default default] 10.0.0.132 "GET /v2.0/security-groups?tenant_id=2fecc75301b8445a8e7d163da6223f36&name=default HTTP/1.1" status: 200 len: 3120 time: 0.0661709
2026-05-31 07:01:46.007 9 WARNING neutron_lib.context [None req-6a026199-519a-42a9-a653-f75dd5bef3a6 5336ae8374f247059ef9845c8af425fc 9fbba6353a384dddb779abfd11054d45 - - default default] Method 'is_advsvc' is deprecated since 2023.2 release (neutron-lib 3.8.0) and will be removed once support for the old RBAC API policies will be removed from Neutron. Please use method 'is_service_role' instead.
2026-05-31 07:01:46.052 9 INFO neutron.db.securitygroups_db [None req-6a026199-519a-42a9-a653-f75dd5bef3a6 5336ae8374f247059ef9845c8af425fc 9fbba6353a384dddb779abfd11054d45 - - default default] Project 9fbba6353a384dddb779abfd11054d45 added a security group rule with legacy IPv6 ICMP protocol name icmp, ipv6-icmp should be used instead. It was automatically converted.
2026-05-31 07:01:46.061 9 INFO neutron.db.ovn_revision_numbers_db [None req-5c222e73-015a-42bd-bae5-bfe0f72d36f1 982c1f2ea35244a09849447ab234a08d 48eafa0747d84e8f83cbd16484f3c627 - - default default] Successfully bumped revision number for resource 98931c49-a882-4502-a44a-09b4d64fabeb (type: ports) to 1
2026-05-31 07:01:46.090 9 INFO neutron.wsgi [None req-5c222e73-015a-42bd-bae5-bfe0f72d36f1 982c1f2ea35244a09849447ab234a08d 48eafa0747d84e8f83cbd16484f3c627 - - default default] 10.0.0.132 "POST /v2.0/networks HTTP/1.1" status: 201 len: 830 time: 1.0409348
2026-05-31 07:01:46.100 9 WARNING neutron_lib.context [None req-936db3c0-20f6-4a42-a93c-57246598974c 982c1f2ea35244a09849447ab234a08d 48eafa0747d84e8f83cbd16484f3c627 - - default default] Method 'is_advsvc' is deprecated since 2023.2 release (neutron-lib 3.8.0) and will be removed once support for the old RBAC API policies will be removed from Neutron. Please use method 'is_service_role' instead.
2026-05-31 07:01:46.190 9 INFO neutron.db.ovn_revision_numbers_db [None req-6a026199-519a-42a9-a653-f75dd5bef3a6 5336ae8374f247059ef9845c8af425fc 9fbba6353a384dddb779abfd11054d45 - - default default] Successfully bumped revision number for resource d1874de1-0a8c-4e05-b5ec-033decd6c87c (type: security_group_rules) to 0
2026-05-31 07:01:46.224 9 INFO neutron.wsgi [None req-6a026199-519a-42a9-a653-f75dd5bef3a6 5336ae8374f247059ef9845c8af425fc 9fbba6353a384dddb779abfd11054d45 - - default default] 10.0.0.132 "POST /v2.0/security-group-rules HTTP/1.1" status: 201 len: 806 time: 0.2216289
2026-05-31 07:01:46.229 10 INFO neutron.wsgi [None req-28aee86a-31be-4840-b1bf-7b3bb9213792 8b9c7af5d8ee4db9bf808d1c36836326 728873e09eee41428abfc01bbfb1bc64 - - default default] 10.0.0.132 "DELETE /v2.0/security-groups/8d18a307-1b93-474d-a810-8fcb37b81431 HTTP/1.1" status: 204 len: 168 time: 0.2251356
2026-05-31 07:01:46.234 9 WARNING neutron_lib.context [None req-4fd28da1-a067-4b7a-b7dc-d8b9cb1c667a 5336ae8374f247059ef9845c8af425fc 9fbba6353a384dddb779abfd11054d45 - - default default] Method 'is_advsvc' is deprecated since 2023.2 release (neutron-lib 3.8.0) and will be removed once support for the old RBAC API policies will be removed from Neutron. Please use method 'is_service_role' instead.
2026-05-31 07:01:46.286 9 INFO neutron.db.securitygroups_db [None req-4fd28da1-a067-4b7a-b7dc-d8b9cb1c667a 5336ae8374f247059ef9845c8af425fc 9fbba6353a384dddb779abfd11054d45 - - default default] Project 9fbba6353a384dddb779abfd11054d45 added a security group rule with legacy IPv6 ICMP protocol name icmp, ipv6-icmp should be used instead. It was automatically converted.
2026-05-31 07:01:46.385 9 WARNING neutron.scheduler.dhcp_agent_scheduler [None req-936db3c0-20f6-4a42-a93c-57246598974c 982c1f2ea35244a09849447ab234a08d 48eafa0747d84e8f83cbd16484f3c627 - - default default] No more DHCP agents
2026-05-31 07:01:46.394 9 WARNING neutron.api.rpc.agentnotifiers.dhcp_rpc_agent_api [None req-936db3c0-20f6-4a42-a93c-57246598974c 982c1f2ea35244a09849447ab234a08d 48eafa0747d84e8f83cbd16484f3c627 - - default default] Unable to schedule network 64f437ef-aede-4e88-8185-cff0adf1fd58: no agents available; will retry on subsequent port and subnet creation events.
2026-05-31 07:01:46.460 9 INFO neutron.db.ovn_revision_numbers_db [None req-4fd28da1-a067-4b7a-b7dc-d8b9cb1c667a 5336ae8374f247059ef9845c8af425fc 9fbba6353a384dddb779abfd11054d45 - - default default] Successfully bumped revision number for resource 24790128-2346-4ab9-a376-bb5c6a2a3da2 (type: security_group_rules) to 0
2026-05-31 07:01:46.495 10 INFO neutron.db.ovn_revision_numbers_db [None req-44eda27c-46b5-4187-83b4-0a695924e9e7 8b9c7af5d8ee4db9bf808d1c36836326 728873e09eee41428abfc01bbfb1bc64 - - default default] Successfully bumped revision number for resource 9e8db8ab-b535-454f-831b-85b8c881208b (type: security_groups) to 1
2026-05-31 07:01:46.504 9 INFO neutron.wsgi [None req-4fd28da1-a067-4b7a-b7dc-d8b9cb1c667a 5336ae8374f247059ef9845c8af425fc 9fbba6353a384dddb779abfd11054d45 - - default default] 10.0.0.132 "POST /v2.0/security-group-rules HTTP/1.1" status: 201 len: 805 time: 0.2746809
2026-05-31 07:01:46.510 10 INFO neutron.db.ovn_revision_numbers_db [None req-44eda27c-46b5-4187-83b4-0a695924e9e7 8b9c7af5d8ee4db9bf808d1c36836326 728873e09eee41428abfc01bbfb1bc64 - - default default] Successfully bumped revision number for resource 4e6e6c50-f58d-43d6-bc5c-f3248e30e747 (type: security_group_rules) to 0
2026-05-31 07:01:46.512 9 INFO neutron.db.ovn_revision_numbers_db [None req-936db3c0-20f6-4a42-a93c-57246598974c 982c1f2ea35244a09849447ab234a08d 48eafa0747d84e8f83cbd16484f3c627 - - default default] Successfully bumped revision number for resource 4a44345d-c02f-4faf-8b36-89e4c0e47ada (type: ports) to 1
2026-05-31 07:01:46.526 10 INFO neutron.db.ovn_revision_numbers_db [None req-44eda27c-46b5-4187-83b4-0a695924e9e7 8b9c7af5d8ee4db9bf808d1c36836326 728873e09eee41428abfc01bbfb1bc64 - - default default] Successfully bumped revision number for resource 836d71cd-c595-46c5-8b6f-bbe0e5e21910 (type: security_group_rules) to 0
2026-05-31 07:01:46.540 9 INFO neutron.wsgi [None req-936db3c0-20f6-4a42-a93c-57246598974c 982c1f2ea35244a09849447ab234a08d 48eafa0747d84e8f83cbd16484f3c627 - - default default] 10.0.0.132 "POST /v2.0/ports HTTP/1.1" status: 201 len: 942 time: 0.4446425
2026-05-31 07:01:46.549 10 WARNING neutron_lib.context [None req-1fc6e285-0785-4352-bd99-1d4ebc234744 982c1f2ea35244a09849447ab234a08d 48eafa0747d84e8f83cbd16484f3c627 - - default default] Method 'is_advsvc' is deprecated since 2023.2 release (neutron-lib 3.8.0) and will be removed once support for the old RBAC API policies will be removed from Neutron. Please use method 'is_service_role' instead.
2026-05-31 07:01:46.553 10 INFO neutron.db.ovn_revision_numbers_db [None req-44eda27c-46b5-4187-83b4-0a695924e9e7 8b9c7af5d8ee4db9bf808d1c36836326 728873e09eee41428abfc01bbfb1bc64 - - default default] Successfully bumped revision number for resource b659ebd7-c8ce-467a-b41d-076f7afb50f1 (type: security_group_rules) to 0
2026-05-31 07:01:46.566 10 INFO neutron.db.ovn_revision_numbers_db [None req-44eda27c-46b5-4187-83b4-0a695924e9e7 8b9c7af5d8ee4db9bf808d1c36836326 728873e09eee41428abfc01bbfb1bc64 - - default default] Successfully bumped revision number for resource dc32eeb5-61e0-4d7a-8947-d28cca642e09 (type: security_group_rules) to 0
2026-05-31 07:01:46.658 9 INFO neutron.wsgi [-] 10.0.0.96 "GET / HTTP/1.1" status: 200 len: 246 time: 0.0025127
2026-05-31 07:01:46.660 9 INFO neutron.wsgi [-] 10.0.0.96 "GET / HTTP/1.1" status: 200 len: 246 time: 0.0012999
2026-05-31 07:01:46.891 10 INFO neutron.wsgi [None req-44eda27c-46b5-4187-83b4-0a695924e9e7 8b9c7af5d8ee4db9bf808d1c36836326 728873e09eee41428abfc01bbfb1bc64 - - default default] 10.0.0.132 "GET /v2.0/security-groups?tenant_id=21b2e0ca4bfa4189b797d38768a3e718&name=default HTTP/1.1" status: 200 len: 3120 time: 0.5263147 /var/lib/openstack/lib/python3.10/site-packages/pycadf/identifier.py:71: UserWarning: Invalid uuid: neutron. To ensure interoperability, identifiers should be a valid uuid. warnings.warn(('Invalid uuid: %s. To ensure interoperability, '
2026-05-31 07:01:47.104 10 INFO neutron.wsgi [None req-1fc6e285-0785-4352-bd99-1d4ebc234744 982c1f2ea35244a09849447ab234a08d 48eafa0747d84e8f83cbd16484f3c627 - - default default] 10.0.0.132 "POST /v2.0/trunks HTTP/1.1" status: 201 len: 608 time: 0.5598333
2026-05-31 07:01:47.117 10 WARNING neutron_lib.context [None req-52659b63-47b0-4d0d-96a2-300c05b221a0 982c1f2ea35244a09849447ab234a08d 48eafa0747d84e8f83cbd16484f3c627 - - default default] Method 'is_advsvc' is deprecated since 2023.2 release (neutron-lib 3.8.0) and will be removed once support for the old RBAC API policies will be removed from Neutron. Please use method 'is_service_role' instead.
2026-05-31 07:01:47.207 10 INFO neutron.db.segments_db [None req-52659b63-47b0-4d0d-96a2-300c05b221a0 982c1f2ea35244a09849447ab234a08d 48eafa0747d84e8f83cbd16484f3c627 - - default default] Added segment 5bbba02d-d911-4cd7-9a7b-cb4aaf107fe4 of type geneve for network 00698367-e38d-4984-a6f6-192755fefcb2
2026-05-31 07:01:47.299 9 INFO neutron.wsgi [None req-9b77e2f8-55f9-4345-8305-37a28d55052e 5336ae8374f247059ef9845c8af425fc 9fbba6353a384dddb779abfd11054d45 - - default default] 10.0.0.132 "GET /v2.0/networks HTTP/1.1" status: 200 len: 1492 time: 0.4208746
2026-05-31 07:01:47.389 10 INFO neutron.db.ovn_revision_numbers_db [None req-52659b63-47b0-4d0d-96a2-300c05b221a0 982c1f2ea35244a09849447ab234a08d 48eafa0747d84e8f83cbd16484f3c627 - - default default] Successfully bumped revision number for resource 00698367-e38d-4984-a6f6-192755fefcb2 (type: networks) to 1
2026-05-31 07:01:47.397 9 INFO neutron.wsgi [None req-d195b3b0-a4c3-411c-89bf-b983df71e379 8b9c7af5d8ee4db9bf808d1c36836326 728873e09eee41428abfc01bbfb1bc64 - - default default] 10.0.0.132 "DELETE /v2.0/security-groups/9e8db8ab-b535-454f-831b-85b8c881208b HTTP/1.1" status: 204 len: 168 time: 0.5012999
2026-05-31 07:01:47.456 10 INFO neutron.wsgi [req-7a19826b-b412-4871-a95f-5914f975fcf3 req-7a078367-50af-4b24-93b1-667b1f38e40b 5336ae8374f247059ef9845c8af425fc 9fbba6353a384dddb779abfd11054d45 - - default default] 10.0.0.29 "GET /v2.0/security-groups?name=tempest-secgroup-smoke-108640334&fields=id&tenant_id=9fbba6353a384dddb779abfd11054d45 HTTP/1.1" status: 200 len: 267 time: 0.0533526
2026-05-31 07:01:47.592 10 INFO neutron.wsgi [req-7a19826b-b412-4871-a95f-5914f975fcf3 req-e5abb75e-c90d-49f5-9d2f-cc818c5de819 5336ae8374f247059ef9845c8af425fc 9fbba6353a384dddb779abfd11054d45 - - default default] 10.0.0.29 "GET /v2.0/networks?id=b0f2b052-1173-497b-bd36-eb36932fc12e HTTP/1.1" status: 200 len: 859 time: 0.1265271
2026-05-31 07:01:47.615 10 INFO neutron.wsgi [req-7a19826b-b412-4871-a95f-5914f975fcf3 req-706b55cf-14dc-4a85-b2b0-f7519b792d48 5336ae8374f247059ef9845c8af425fc 9fbba6353a384dddb779abfd11054d45 - - default default] 10.0.0.29 "GET /v2.0/quotas/9fbba6353a384dddb779abfd11054d45 HTTP/1.1" status: 200 len: 491 time: 0.0139756
2026-05-31 07:01:47.681 10 WARNING neutron.scheduler.dhcp_agent_scheduler [None req-52659b63-47b0-4d0d-96a2-300c05b221a0 982c1f2ea35244a09849447ab234a08d 48eafa0747d84e8f83cbd16484f3c627 - - default default] No more DHCP agents
2026-05-31 07:01:47.688 10 WARNING neutron.api.rpc.agentnotifiers.dhcp_rpc_agent_api [None req-52659b63-47b0-4d0d-96a2-300c05b221a0 982c1f2ea35244a09849447ab234a08d 48eafa0747d84e8f83cbd16484f3c627 - - default default] Unable to schedule network 00698367-e38d-4984-a6f6-192755fefcb2: no agents available; will retry on subsequent port and subnet creation events.
2026-05-31 07:01:47.798 10 INFO neutron.wsgi [req-7a19826b-b412-4871-a95f-5914f975fcf3 req-29c0c632-003f-43c6-8063-9b75c48ab6db 5336ae8374f247059ef9845c8af425fc 9fbba6353a384dddb779abfd11054d45 - - default default] 10.0.0.29 "GET /v2.0/ports?tenant_id=9fbba6353a384dddb779abfd11054d45&fields=id HTTP/1.1" status: 200 len: 348 time: 0.1720061
2026-05-31 07:01:47.822 10 INFO neutron.db.ovn_revision_numbers_db [None req-52659b63-47b0-4d0d-96a2-300c05b221a0 982c1f2ea35244a09849447ab234a08d 48eafa0747d84e8f83cbd16484f3c627 - - default default] Successfully bumped revision number for resource 6c3d7363-6c46-47d3-a606-697885aaad9b (type: ports) to 1
2026-05-31 07:01:47.862 10 INFO neutron.wsgi [None req-52659b63-47b0-4d0d-96a2-300c05b221a0 982c1f2ea35244a09849447ab234a08d 48eafa0747d84e8f83cbd16484f3c627 - - default default] 10.0.0.132 "POST /v2.0/networks HTTP/1.1" status: 201 len: 831 time: 0.7504363
2026-05-31 07:01:47.875 10 WARNING neutron_lib.context [None req-f88b0817-7e32-4e37-84d1-ad6c08e4b072 982c1f2ea35244a09849447ab234a08d 48eafa0747d84e8f83cbd16484f3c627 - - default default] Method 'is_advsvc' is deprecated since 2023.2 release (neutron-lib 3.8.0) and will be removed once support for the old RBAC API policies will be removed from Neutron. Please use method 'is_service_role' instead.
2026-05-31 07:01:47.890 10 INFO neutron.wsgi [req-7a19826b-b412-4871-a95f-5914f975fcf3 req-470a0a99-6ae5-447e-9488-45ec8790b235 5cf45da4573e48c9a0ce8cd4d09c21a0 4c476e0bd3274a2ba42bd5be943bbd8f - - d7692b27b11a4bd8873e5d3d4b3c9916 d7692b27b11a4bd8873e5d3d4b3c9916] 10.0.0.29 "GET /v2.0/networks/b0f2b052-1173-497b-bd36-eb36932fc12e?fields=segments HTTP/1.1" status: 200 len: 212 time: 0.0751805
2026-05-31 07:01:47.976 10 INFO neutron.wsgi [req-7a19826b-b412-4871-a95f-5914f975fcf3 req-24c9898e-951b-4fc2-adf6-04ae8f164bb5 5cf45da4573e48c9a0ce8cd4d09c21a0 4c476e0bd3274a2ba42bd5be943bbd8f - - d7692b27b11a4bd8873e5d3d4b3c9916 d7692b27b11a4bd8873e5d3d4b3c9916] 10.0.0.29 "GET /v2.0/networks/b0f2b052-1173-497b-bd36-eb36932fc12e?fields=provider%3Aphysical_network&fields=provider%3Anetwork_type HTTP/1.1" status: 200 len: 277 time: 0.0761049
2026-05-31 07:01:48.155 9 INFO neutron.wsgi [req-ff7ed574-953d-4f91-8998-55c687a5b195 req-36472f6a-7db8-4d2a-8c9f-5e2e5d5fe4d1 5336ae8374f247059ef9845c8af425fc 9fbba6353a384dddb779abfd11054d45 - - default default] 10.0.0.29 "GET /v2.0/ports?device_id=1ab06415-53a9-4755-98a4-54537c80530e HTTP/1.1" status: 200 len: 210 time: 0.0437586
2026-05-31 07:01:48.190 10 WARNING neutron.scheduler.dhcp_agent_scheduler [None req-f88b0817-7e32-4e37-84d1-ad6c08e4b072 982c1f2ea35244a09849447ab234a08d 48eafa0747d84e8f83cbd16484f3c627 - - default default] No more DHCP agents
2026-05-31 07:01:48.194 10 WARNING neutron.api.rpc.agentnotifiers.dhcp_rpc_agent_api [None req-f88b0817-7e32-4e37-84d1-ad6c08e4b072 982c1f2ea35244a09849447ab234a08d 48eafa0747d84e8f83cbd16484f3c627 - - default default] Unable to schedule network 00698367-e38d-4984-a6f6-192755fefcb2: no agents available; will retry on subsequent port and subnet creation events.
2026-05-31 07:01:48.280 10 INFO neutron.db.ovn_revision_numbers_db [None req-f88b0817-7e32-4e37-84d1-ad6c08e4b072 982c1f2ea35244a09849447ab234a08d 48eafa0747d84e8f83cbd16484f3c627 - - default default] Successfully bumped revision number for resource 1cc31e4f-5933-402e-8df9-452cf8daba1a (type: ports) to 1
2026-05-31 07:01:48.304 10 INFO neutron.wsgi [None req-f88b0817-7e32-4e37-84d1-ad6c08e4b072 982c1f2ea35244a09849447ab234a08d 48eafa0747d84e8f83cbd16484f3c627 - - default default] 10.0.0.132 "POST /v2.0/ports HTTP/1.1" status: 201 len: 942 time: 0.4349067 /var/lib/openstack/lib/python3.10/site-packages/pycadf/identifier.py:71: UserWarning: Invalid uuid: neutron. To ensure interoperability, identifiers should be a valid uuid. warnings.warn(('Invalid uuid: %s. To ensure interoperability, '
2026-05-31 07:01:48.314 10 WARNING neutron_lib.context [None req-595e8a2d-cea0-4d61-8196-21c82804ceb5 982c1f2ea35244a09849447ab234a08d 48eafa0747d84e8f83cbd16484f3c627 - - default default] Method 'is_advsvc' is deprecated since 2023.2 release (neutron-lib 3.8.0) and will be removed once support for the old RBAC API policies will be removed from Neutron. Please use method 'is_service_role' instead.
2026-05-31 07:01:48.501 10 INFO neutron.wsgi [None req-595e8a2d-cea0-4d61-8196-21c82804ceb5 982c1f2ea35244a09849447ab234a08d 48eafa0747d84e8f83cbd16484f3c627 - - default default] 10.0.0.132 "POST /v2.0/trunks HTTP/1.1" status: 201 len: 608 time: 0.1924636
2026-05-31 07:01:48.510 10 WARNING neutron_lib.context [None req-b0aeb2f0-1f33-469a-8a43-6756345ad147 982c1f2ea35244a09849447ab234a08d 48eafa0747d84e8f83cbd16484f3c627 - - default default] Method 'is_advsvc' is deprecated since 2023.2 release (neutron-lib 3.8.0) and will be removed once support for the old RBAC API policies will be removed from Neutron. Please use method 'is_service_role' instead.
2026-05-31 07:01:48.593 10 INFO neutron.db.segments_db [None req-b0aeb2f0-1f33-469a-8a43-6756345ad147 982c1f2ea35244a09849447ab234a08d 48eafa0747d84e8f83cbd16484f3c627 - - default default] Added segment 2a9efc91-9b1b-4ceb-93f6-b802f19e5c2e of type geneve for network 00e6c09f-4256-4266-99d4-f7aa7d71f1a6
2026-05-31 07:01:48.738 10 INFO neutron.db.ovn_revision_numbers_db [None req-b0aeb2f0-1f33-469a-8a43-6756345ad147 982c1f2ea35244a09849447ab234a08d 48eafa0747d84e8f83cbd16484f3c627 - - default default] Successfully bumped revision number for resource 00e6c09f-4256-4266-99d4-f7aa7d71f1a6 (type: networks) to 1
2026-05-31 07:01:48.846 9 INFO neutron.wsgi [req-7a19826b-b412-4871-a95f-5914f975fcf3 req-9cb7b8d4-645a-445c-8807-55b5c757d667 5336ae8374f247059ef9845c8af425fc 9fbba6353a384dddb779abfd11054d45 - - default default] 199.204.45.89 "GET /v2.0/networks?id=b0f2b052-1173-497b-bd36-eb36932fc12e HTTP/1.1" status: 200 len: 859 time: 0.0701776
2026-05-31 07:01:48.902 9 INFO neutron.wsgi [req-7a19826b-b412-4871-a95f-5914f975fcf3 req-fa761304-739d-4872-9937-1e1f39dab825 5336ae8374f247059ef9845c8af425fc 9fbba6353a384dddb779abfd11054d45 - - default default] 199.204.45.89 "GET /v2.0/security-groups?fields=id&fields=name&tenant_id=9fbba6353a384dddb779abfd11054d45 HTTP/1.1" status: 200 len: 472 time: 0.0511146
2026-05-31 07:01:48.917 9 WARNING neutron_lib.context [req-7a19826b-b412-4871-a95f-5914f975fcf3 req-6de82e42-d5bf-415a-ba3e-f7ccd0b0319c 5336ae8374f247059ef9845c8af425fc 9fbba6353a384dddb779abfd11054d45 - - default default] Method 'is_advsvc' is deprecated since 2023.2 release (neutron-lib 3.8.0) and will be removed once support for the old RBAC API policies will be removed from Neutron. Please use method 'is_service_role' instead.
2026-05-31 07:01:48.940 10 WARNING neutron.scheduler.dhcp_agent_scheduler [None req-b0aeb2f0-1f33-469a-8a43-6756345ad147 982c1f2ea35244a09849447ab234a08d 48eafa0747d84e8f83cbd16484f3c627 - - default default] No more DHCP agents
2026-05-31 07:01:48.941 10 WARNING neutron.api.rpc.agentnotifiers.dhcp_rpc_agent_api [None req-b0aeb2f0-1f33-469a-8a43-6756345ad147 982c1f2ea35244a09849447ab234a08d 48eafa0747d84e8f83cbd16484f3c627 - - default default] Unable to schedule network 00e6c09f-4256-4266-99d4-f7aa7d71f1a6: no agents available; will retry on subsequent port and subnet creation events.
2026-05-31 07:01:49.025 10 INFO neutron.db.ovn_revision_numbers_db [None req-b0aeb2f0-1f33-469a-8a43-6756345ad147 982c1f2ea35244a09849447ab234a08d 48eafa0747d84e8f83cbd16484f3c627 - - default default] Successfully bumped revision number for resource 3d7d12d7-8deb-4a35-a245-28e0011de8bc (type: ports) to 1
2026-05-31 07:01:49.048 10 INFO neutron.wsgi [None req-b0aeb2f0-1f33-469a-8a43-6756345ad147 982c1f2ea35244a09849447ab234a08d 48eafa0747d84e8f83cbd16484f3c627 - - default default] 10.0.0.132 "POST /v2.0/networks HTTP/1.1" status: 201 len: 831 time: 0.5426185
2026-05-31 07:01:49.058 10 WARNING neutron_lib.context [None req-f72f261a-89b0-4d01-b248-40d4ca2e90d5 982c1f2ea35244a09849447ab234a08d 48eafa0747d84e8f83cbd16484f3c627 - - default default] Method 'is_advsvc' is deprecated since 2023.2 release (neutron-lib 3.8.0) and will be removed once support for the old RBAC API policies will be removed from Neutron. Please use method 'is_service_role' instead.
2026-05-31 07:01:49.231 9 WARNING neutron.scheduler.dhcp_agent_scheduler [req-7a19826b-b412-4871-a95f-5914f975fcf3 req-6de82e42-d5bf-415a-ba3e-f7ccd0b0319c 5336ae8374f247059ef9845c8af425fc 9fbba6353a384dddb779abfd11054d45 - - default default] No more DHCP agents
2026-05-31 07:01:49.232 9 WARNING neutron.api.rpc.agentnotifiers.dhcp_rpc_agent_api [req-7a19826b-b412-4871-a95f-5914f975fcf3 req-6de82e42-d5bf-415a-ba3e-f7ccd0b0319c 5336ae8374f247059ef9845c8af425fc 9fbba6353a384dddb779abfd11054d45 - - default default] Unable to schedule network b0f2b052-1173-497b-bd36-eb36932fc12e: no agents available; will retry on subsequent port and subnet creation events.
2026-05-31 07:01:49.291 10 INFO neutron.wsgi [req-e5931589-051a-451a-96c6-bf6de9e986bb req-6e408042-6b55-4022-8fa4-4ad552bc059b 5336ae8374f247059ef9845c8af425fc 9fbba6353a384dddb779abfd11054d45 - - default default] 10.0.0.29 "GET /v2.0/ports?device_id=1ab06415-53a9-4755-98a4-54537c80530e HTTP/1.1" status: 200 len: 1156 time: 0.0629284
2026-05-31 07:01:49.359 10 INFO neutron.wsgi [req-e5931589-051a-451a-96c6-bf6de9e986bb req-17fe5ea7-11c8-40cc-8496-90868dd071b9 5336ae8374f247059ef9845c8af425fc 9fbba6353a384dddb779abfd11054d45 - - default default] 10.0.0.29 "GET /v2.0/security-groups?id=d6b18a61-3286-4d84-b52d-c5fb6f53d8e4&fields=id&fields=name HTTP/1.1" status: 200 len: 312 time: 0.0571246
2026-05-31 07:01:49.382 9 INFO neutron.db.ovn_revision_numbers_db [req-7a19826b-b412-4871-a95f-5914f975fcf3 req-6de82e42-d5bf-415a-ba3e-f7ccd0b0319c 5336ae8374f247059ef9845c8af425fc 9fbba6353a384dddb779abfd11054d45 - - default default] Successfully bumped revision number for resource d19162c0-cb6b-4915-90a0-d317e226f5c2 (type: ports) to 1
2026-05-31 07:01:49.386 10 WARNING neutron.scheduler.dhcp_agent_scheduler [None req-f72f261a-89b0-4d01-b248-40d4ca2e90d5 982c1f2ea35244a09849447ab234a08d 48eafa0747d84e8f83cbd16484f3c627 - - default default] No more DHCP agents
2026-05-31 07:01:49.390 10 WARNING neutron.api.rpc.agentnotifiers.dhcp_rpc_agent_api [None req-f72f261a-89b0-4d01-b248-40d4ca2e90d5 982c1f2ea35244a09849447ab234a08d 48eafa0747d84e8f83cbd16484f3c627 - - default default] Unable to schedule network 00e6c09f-4256-4266-99d4-f7aa7d71f1a6: no agents available; will retry on subsequent port and subnet creation events.
2026-05-31 07:01:49.403 9 INFO neutron.wsgi [req-7a19826b-b412-4871-a95f-5914f975fcf3 req-6de82e42-d5bf-415a-ba3e-f7ccd0b0319c 5336ae8374f247059ef9845c8af425fc 9fbba6353a384dddb779abfd11054d45 - - default default] 199.204.45.89 "POST /v2.0/ports HTTP/1.1" status: 201 len: 1158 time: 0.4973884 /var/lib/openstack/lib/python3.10/site-packages/pycadf/identifier.py:71: UserWarning: Invalid uuid: neutron. To ensure interoperability, identifiers should be a valid uuid. warnings.warn(('Invalid uuid: %s. To ensure interoperability, '
2026-05-31 07:01:49.480 10 INFO neutron.db.ovn_revision_numbers_db [None req-f72f261a-89b0-4d01-b248-40d4ca2e90d5 982c1f2ea35244a09849447ab234a08d 48eafa0747d84e8f83cbd16484f3c627 - - default default] Successfully bumped revision number for resource 0261239c-1353-4337-b21a-bb7ac241e47b (type: ports) to 1
2026-05-31 07:01:49.506 10 INFO neutron.wsgi [None req-f72f261a-89b0-4d01-b248-40d4ca2e90d5 982c1f2ea35244a09849447ab234a08d 48eafa0747d84e8f83cbd16484f3c627 - - default default] 10.0.0.132 "POST /v2.0/ports HTTP/1.1" status: 201 len: 942 time: 0.4533613 /var/lib/openstack/lib/python3.10/site-packages/pycadf/identifier.py:71: UserWarning: Invalid uuid: neutron. To ensure interoperability, identifiers should be a valid uuid. warnings.warn(('Invalid uuid: %s. To ensure interoperability, '
2026-05-31 07:01:49.515 10 WARNING neutron_lib.context [None req-9da5d1e0-c4a4-4c47-a10a-5e2c740f5c94 982c1f2ea35244a09849447ab234a08d 48eafa0747d84e8f83cbd16484f3c627 - - default default] Method 'is_advsvc' is deprecated since 2023.2 release (neutron-lib 3.8.0) and will be removed once support for the old RBAC API policies will be removed from Neutron. Please use method 'is_service_role' instead.
2026-05-31 07:01:49.720 10 INFO neutron.db.ovn_revision_numbers_db [None req-b758ac37-1a61-42be-8ebb-df7ee86be00e 8b9c7af5d8ee4db9bf808d1c36836326 728873e09eee41428abfc01bbfb1bc64 - - default default] Successfully bumped revision number for resource e1bf1e69-46d4-44b9-8159-882ad4e02dca (type: security_groups) to 1
2026-05-31 07:01:49.738 10 INFO neutron.db.ovn_revision_numbers_db [None req-b758ac37-1a61-42be-8ebb-df7ee86be00e 8b9c7af5d8ee4db9bf808d1c36836326 728873e09eee41428abfc01bbfb1bc64 - - default default] Successfully bumped revision number for resource 950a0e4b-a800-4f3a-8262-8e2f0ca4c5f9 (type: security_group_rules) to 0
2026-05-31 07:01:49.753 10 INFO neutron.wsgi [None req-9da5d1e0-c4a4-4c47-a10a-5e2c740f5c94 982c1f2ea35244a09849447ab234a08d 48eafa0747d84e8f83cbd16484f3c627 - - default default] 10.0.0.132 "POST /v2.0/trunks HTTP/1.1" status: 201 len: 608 time: 0.2425451
2026-05-31 07:01:49.759 10 INFO neutron.db.ovn_revision_numbers_db [None req-b758ac37-1a61-42be-8ebb-df7ee86be00e 8b9c7af5d8ee4db9bf808d1c36836326 728873e09eee41428abfc01bbfb1bc64 - - default default] Successfully bumped revision number for resource 96ca7658-367c-4b59-9330-821dba5588c9 (type: security_group_rules) to 0
2026-05-31 07:01:49.764 10 WARNING neutron_lib.context [None req-c1e4fc85-5c41-4605-bbf8-3d26e0229355 982c1f2ea35244a09849447ab234a08d 48eafa0747d84e8f83cbd16484f3c627 - - default default] Method 'is_advsvc' is deprecated since 2023.2 release (neutron-lib 3.8.0) and will be removed once support for the old RBAC API policies will be removed from Neutron. Please use method 'is_service_role' instead.
2026-05-31 07:01:49.781 10 INFO neutron.db.ovn_revision_numbers_db [None req-b758ac37-1a61-42be-8ebb-df7ee86be00e 8b9c7af5d8ee4db9bf808d1c36836326 728873e09eee41428abfc01bbfb1bc64 - - default default] Successfully bumped revision number for resource cc6180fc-5165-44fb-af67-ec7376b2bc5e (type: security_group_rules) to 0
2026-05-31 07:01:49.808 10 INFO neutron.db.ovn_revision_numbers_db [None req-b758ac37-1a61-42be-8ebb-df7ee86be00e 8b9c7af5d8ee4db9bf808d1c36836326 728873e09eee41428abfc01bbfb1bc64 - - default default] Successfully bumped revision number for resource dadab8b8-5f34-4c84-9e77-12f67f2e5837 (type: security_group_rules) to 0
2026-05-31 07:01:49.827 9 INFO neutron.db.ovn_revision_numbers_db [req-7a19826b-b412-4871-a95f-5914f975fcf3 req-2cec81a2-a18d-43c5-aa92-7022a926bdff 5cf45da4573e48c9a0ce8cd4d09c21a0 4c476e0bd3274a2ba42bd5be943bbd8f - - d7692b27b11a4bd8873e5d3d4b3c9916 d7692b27b11a4bd8873e5d3d4b3c9916] Successfully bumped revision number for resource d19162c0-cb6b-4915-90a0-d317e226f5c2 (type: ports) to 2
2026-05-31 07:01:49.832 10 INFO neutron.wsgi [None req-b758ac37-1a61-42be-8ebb-df7ee86be00e 8b9c7af5d8ee4db9bf808d1c36836326 728873e09eee41428abfc01bbfb1bc64 - - default default] 10.0.0.132 "GET /v2.0/security-groups?tenant_id=3b129652fcf24d11ac32122c7aaf1c96&name=default HTTP/1.1" status: 200 len: 3120 time: 0.4606404
2026-05-31 07:01:49.868 10 INFO neutron.db.segments_db [None req-c1e4fc85-5c41-4605-bbf8-3d26e0229355 982c1f2ea35244a09849447ab234a08d 48eafa0747d84e8f83cbd16484f3c627 - - default default] Added segment 2e600e02-2c70-4bf6-9fc1-a25fc853243c of type geneve for network 61999c35-10b9-4207-b0d0-947d648270d0
2026-05-31 07:01:50.043 10 INFO neutron.db.ovn_revision_numbers_db [None req-c1e4fc85-5c41-4605-bbf8-3d26e0229355 982c1f2ea35244a09849447ab234a08d 48eafa0747d84e8f83cbd16484f3c627 - - default default] Successfully bumped revision number for resource 61999c35-10b9-4207-b0d0-947d648270d0 (type: networks) to 1
2026-05-31 07:01:50.066 9 INFO neutron.db.ovn_revision_numbers_db [req-7a19826b-b412-4871-a95f-5914f975fcf3 req-2cec81a2-a18d-43c5-aa92-7022a926bdff 5cf45da4573e48c9a0ce8cd4d09c21a0 4c476e0bd3274a2ba42bd5be943bbd8f - - d7692b27b11a4bd8873e5d3d4b3c9916 d7692b27b11a4bd8873e5d3d4b3c9916] Successfully bumped revision number for resource d19162c0-cb6b-4915-90a0-d317e226f5c2 (type: ports) to 2
2026-05-31 07:01:50.085 9 INFO neutron.wsgi [req-7a19826b-b412-4871-a95f-5914f975fcf3 req-2cec81a2-a18d-43c5-aa92-7022a926bdff 5cf45da4573e48c9a0ce8cd4d09c21a0 4c476e0bd3274a2ba42bd5be943bbd8f - - d7692b27b11a4bd8873e5d3d4b3c9916 d7692b27b11a4bd8873e5d3d4b3c9916] 199.204.45.89 "PUT /v2.0/ports/d19162c0-cb6b-4915-90a0-d317e226f5c2 HTTP/1.1" status: 200 len: 1376 time: 0.6742601
2026-05-31 07:01:50.120 9 INFO neutron.notifiers.nova [-] Nova event matching ['req-e1e12797-3d2f-400f-a253-9411bc20bd7e'] response: {'name': 'network-changed', 'server_uuid': '1ab06415-53a9-4755-98a4-54537c80530e', 'tag': 'd19162c0-cb6b-4915-90a0-d317e226f5c2', 'status': 'completed', 'code': 200} /var/lib/openstack/lib/python3.10/site-packages/pycadf/identifier.py:71: UserWarning: Invalid uuid: neutron. To ensure interoperability, identifiers should be a valid uuid. warnings.warn(('Invalid uuid: %s. To ensure interoperability, '
2026-05-31 07:01:50.186 9 INFO neutron.wsgi [req-7a19826b-b412-4871-a95f-5914f975fcf3 req-9edea346-6f21-4e53-b06a-5e3dff579b81 5cf45da4573e48c9a0ce8cd4d09c21a0 4c476e0bd3274a2ba42bd5be943bbd8f - - d7692b27b11a4bd8873e5d3d4b3c9916 d7692b27b11a4bd8873e5d3d4b3c9916] 199.204.45.89 "GET /v2.0/ports?tenant_id=9fbba6353a384dddb779abfd11054d45&device_id=1ab06415-53a9-4755-98a4-54537c80530e HTTP/1.1" status: 200 len: 1407 time: 0.0582480
2026-05-31 07:01:50.196 10 INFO neutron.wsgi [None req-007b6d0a-a64c-4ffa-ae82-09cd4808533e 8b9c7af5d8ee4db9bf808d1c36836326 728873e09eee41428abfc01bbfb1bc64 - - default default] 10.0.0.132 "DELETE /v2.0/security-groups/e1bf1e69-46d4-44b9-8159-882ad4e02dca HTTP/1.1" status: 204 len: 168 time: 0.3577061
2026-05-31 07:01:50.216 9 INFO neutron.wsgi [req-7a19826b-b412-4871-a95f-5914f975fcf3 req-30a98906-751d-4c45-a24f-637fbe75bfa1 5cf45da4573e48c9a0ce8cd4d09c21a0 4c476e0bd3274a2ba42bd5be943bbd8f - - d7692b27b11a4bd8873e5d3d4b3c9916 d7692b27b11a4bd8873e5d3d4b3c9916] 199.204.45.89 "GET /v2.0/floatingips?fixed_ip_address=10.100.0.9&port_id=d19162c0-cb6b-4915-90a0-d317e226f5c2 HTTP/1.1" status: 200 len: 217 time: 0.0241492
2026-05-31 07:01:50.255 10 WARNING neutron.scheduler.dhcp_agent_scheduler [None req-c1e4fc85-5c41-4605-bbf8-3d26e0229355 982c1f2ea35244a09849447ab234a08d 48eafa0747d84e8f83cbd16484f3c627 - - default default] No more DHCP agents
2026-05-31 07:01:50.256 9 INFO neutron.wsgi [req-7a19826b-b412-4871-a95f-5914f975fcf3 req-4d3ae3d8-dfff-4fc7-9169-fa14d92880b1 5cf45da4573e48c9a0ce8cd4d09c21a0 4c476e0bd3274a2ba42bd5be943bbd8f - - d7692b27b11a4bd8873e5d3d4b3c9916 d7692b27b11a4bd8873e5d3d4b3c9916] 199.204.45.89 "GET /v2.0/subnets?id=2c21a95a-247a-4cc7-9c29-e3376dcf3d87 HTTP/1.1" status: 200 len: 852 time: 0.0328243
2026-05-31 07:01:50.257 10 WARNING neutron.api.rpc.agentnotifiers.dhcp_rpc_agent_api [None req-c1e4fc85-5c41-4605-bbf8-3d26e0229355 982c1f2ea35244a09849447ab234a08d 48eafa0747d84e8f83cbd16484f3c627 - - default default] Unable to schedule network 61999c35-10b9-4207-b0d0-947d648270d0: no agents available; will retry on subsequent port and subnet creation events.
2026-05-31 07:01:50.290 9 INFO neutron.wsgi [req-7a19826b-b412-4871-a95f-5914f975fcf3 req-7f7db65e-7e64-42c4-9258-b061c8b83f40 5cf45da4573e48c9a0ce8cd4d09c21a0 4c476e0bd3274a2ba42bd5be943bbd8f - - d7692b27b11a4bd8873e5d3d4b3c9916 d7692b27b11a4bd8873e5d3d4b3c9916] 199.204.45.89 "GET /v2.0/ports?network_id=b0f2b052-1173-497b-bd36-eb36932fc12e&device_owner=network%3Adhcp HTTP/1.1" status: 200 len: 210 time: 0.0253139
2026-05-31 07:01:50.343 10 INFO neutron.db.ovn_revision_numbers_db [None req-c1e4fc85-5c41-4605-bbf8-3d26e0229355 982c1f2ea35244a09849447ab234a08d 48eafa0747d84e8f83cbd16484f3c627 - - default default] Successfully bumped revision number for resource b15c1f4e-9054-40be-b7af-e1d091cf7477 (type: ports) to 1
2026-05-31 07:01:50.365 10 INFO neutron.wsgi [None req-c1e4fc85-5c41-4605-bbf8-3d26e0229355 982c1f2ea35244a09849447ab234a08d 48eafa0747d84e8f83cbd16484f3c627 - - default default] 10.0.0.132 "POST /v2.0/networks HTTP/1.1" status: 201 len: 831 time: 0.6065238
2026-05-31 07:01:50.371 9 INFO neutron.wsgi [req-7a19826b-b412-4871-a95f-5914f975fcf3 req-e725c0a5-7a91-4957-84ae-53f2aac87b44 5cf45da4573e48c9a0ce8cd4d09c21a0 4c476e0bd3274a2ba42bd5be943bbd8f - - d7692b27b11a4bd8873e5d3d4b3c9916 d7692b27b11a4bd8873e5d3d4b3c9916] 199.204.45.89 "GET /v2.0/networks/b0f2b052-1173-497b-bd36-eb36932fc12e?fields=segments HTTP/1.1" status: 200 len: 212 time: 0.0745130
2026-05-31 07:01:50.375 10 WARNING neutron_lib.context [None req-f3e489b1-4861-4027-a219-26e446789414 982c1f2ea35244a09849447ab234a08d 48eafa0747d84e8f83cbd16484f3c627 - - default default] Method 'is_advsvc' is deprecated since 2023.2 release (neutron-lib 3.8.0) and will be removed once support for the old RBAC API policies will be removed from Neutron. Please use method 'is_service_role' instead.
2026-05-31 07:01:50.438 9 INFO neutron.wsgi [req-7a19826b-b412-4871-a95f-5914f975fcf3 req-238bb91a-2003-4a76-8e6d-32433aeb70da 5cf45da4573e48c9a0ce8cd4d09c21a0 4c476e0bd3274a2ba42bd5be943bbd8f - - d7692b27b11a4bd8873e5d3d4b3c9916 d7692b27b11a4bd8873e5d3d4b3c9916] 199.204.45.89 "GET /v2.0/networks/b0f2b052-1173-497b-bd36-eb36932fc12e?fields=provider%3Aphysical_network&fields=provider%3Anetwork_type HTTP/1.1" status: 200 len: 277 time: 0.0606036
2026-05-31 07:01:50.477 10 INFO neutron.wsgi [req-015142e5-5a4a-4bf5-848d-91714ca9c258 req-5345c522-cca3-4233-9b44-bb57ddf0ef20 5336ae8374f247059ef9845c8af425fc 9fbba6353a384dddb779abfd11054d45 - - default default] 10.0.0.29 "GET /v2.0/ports?device_id=1ab06415-53a9-4755-98a4-54537c80530e HTTP/1.1" status: 200 len: 1168 time: 0.0487256
2026-05-31 07:01:50.521 9 INFO neutron.wsgi [req-c5cd7d0e-7dfc-43e2-bf3f-4520afc14bf9 req-ea1b0304-9f1a-4575-8f25-416cfc6637f3 5cf45da4573e48c9a0ce8cd4d09c21a0 4c476e0bd3274a2ba42bd5be943bbd8f - - d7692b27b11a4bd8873e5d3d4b3c9916 d7692b27b11a4bd8873e5d3d4b3c9916] 199.204.45.89 "GET /v2.0/ports?tenant_id=9fbba6353a384dddb779abfd11054d45&device_id=1ab06415-53a9-4755-98a4-54537c80530e HTTP/1.1" status: 200 len: 1407 time: 0.0452056
2026-05-31 07:01:50.567 10 INFO neutron.wsgi [req-015142e5-5a4a-4bf5-848d-91714ca9c258 req-b4092e1a-041f-40d2-a0c1-7b8f967d75ed 5336ae8374f247059ef9845c8af425fc 9fbba6353a384dddb779abfd11054d45 - - default default] 10.0.0.29 "GET /v2.0/security-groups?id=d6b18a61-3286-4d84-b52d-c5fb6f53d8e4&fields=id&fields=name HTTP/1.1" status: 200 len: 312 time: 0.0819230
2026-05-31 07:01:50.589 9 INFO neutron.wsgi [req-c5cd7d0e-7dfc-43e2-bf3f-4520afc14bf9 req-2d9129a9-7c6d-45e4-87f3-8c600be12421 5cf45da4573e48c9a0ce8cd4d09c21a0 4c476e0bd3274a2ba42bd5be943bbd8f - - d7692b27b11a4bd8873e5d3d4b3c9916 d7692b27b11a4bd8873e5d3d4b3c9916] 199.204.45.89 "GET /v2.0/networks?id=b0f2b052-1173-497b-bd36-eb36932fc12e HTTP/1.1" status: 200 len: 958 time: 0.0632176
2026-05-31 07:01:50.635 9 INFO neutron.wsgi [req-c5cd7d0e-7dfc-43e2-bf3f-4520afc14bf9 req-373d72e5-3c03-493e-bcc6-3eba70db848d 5cf45da4573e48c9a0ce8cd4d09c21a0 4c476e0bd3274a2ba42bd5be943bbd8f - - d7692b27b11a4bd8873e5d3d4b3c9916 d7692b27b11a4bd8873e5d3d4b3c9916] 199.204.45.89 "GET /v2.0/floatingips?fixed_ip_address=10.100.0.9&port_id=d19162c0-cb6b-4915-90a0-d317e226f5c2 HTTP/1.1" status: 200 len: 217 time: 0.0294731
2026-05-31 07:01:50.642 9 INFO neutron.plugins.ml2.drivers.ovn.mech_driver.mech_driver [None req-378f219e-fb21-4b85-bd37-a148f77145a1 - - - - - -] OVN reports status up for port: d19162c0-cb6b-4915-90a0-d317e226f5c2
2026-05-31 07:01:50.671 9 INFO neutron.plugins.ml2.plugin [None req-378f219e-fb21-4b85-bd37-a148f77145a1 - - - - - -] Attempt 1 to provision port d19162c0-cb6b-4915-90a0-d317e226f5c2
2026-05-31 07:01:50.696 9 INFO neutron.wsgi [req-c5cd7d0e-7dfc-43e2-bf3f-4520afc14bf9 req-4adf1d3c-10f6-4ecd-94a7-4d8cc2a3dc32 5cf45da4573e48c9a0ce8cd4d09c21a0 4c476e0bd3274a2ba42bd5be943bbd8f - - d7692b27b11a4bd8873e5d3d4b3c9916 d7692b27b11a4bd8873e5d3d4b3c9916] 199.204.45.89 "GET /v2.0/subnets?id=2c21a95a-247a-4cc7-9c29-e3376dcf3d87 HTTP/1.1" status: 200 len: 852 time: 0.0549800
2026-05-31 07:01:50.729 9 INFO neutron.wsgi [req-c5cd7d0e-7dfc-43e2-bf3f-4520afc14bf9 req-b90fe92d-7816-4672-a57e-31958703f104 5cf45da4573e48c9a0ce8cd4d09c21a0 4c476e0bd3274a2ba42bd5be943bbd8f - - d7692b27b11a4bd8873e5d3d4b3c9916 d7692b27b11a4bd8873e5d3d4b3c9916] 199.204.45.89 "GET /v2.0/ports?network_id=b0f2b052-1173-497b-bd36-eb36932fc12e&device_owner=network%3Adhcp HTTP/1.1" status: 200 len: 210 time: 0.0233417
2026-05-31 07:01:50.754 10 WARNING neutron.scheduler.dhcp_agent_scheduler [None req-f3e489b1-4861-4027-a219-26e446789414 982c1f2ea35244a09849447ab234a08d 48eafa0747d84e8f83cbd16484f3c627 - - default default] No more DHCP agents
2026-05-31 07:01:50.756 10 WARNING neutron.api.rpc.agentnotifiers.dhcp_rpc_agent_api [None req-f3e489b1-4861-4027-a219-26e446789414 982c1f2ea35244a09849447ab234a08d 48eafa0747d84e8f83cbd16484f3c627 - - default default] Unable to schedule network 61999c35-10b9-4207-b0d0-947d648270d0: no agents available; will retry on subsequent port and subnet creation events.
2026-05-31 07:01:50.826 9 INFO neutron.wsgi [req-c5cd7d0e-7dfc-43e2-bf3f-4520afc14bf9 req-1ab49fce-0ee0-450e-8bdf-1526b79ab03e 5cf45da4573e48c9a0ce8cd4d09c21a0 4c476e0bd3274a2ba42bd5be943bbd8f - - d7692b27b11a4bd8873e5d3d4b3c9916 d7692b27b11a4bd8873e5d3d4b3c9916] 199.204.45.89 "GET /v2.0/networks/b0f2b052-1173-497b-bd36-eb36932fc12e?fields=segments HTTP/1.1" status: 200 len: 212 time: 0.0887449
2026-05-31 07:01:50.843 10 INFO neutron.db.ovn_revision_numbers_db [None req-f3e489b1-4861-4027-a219-26e446789414 982c1f2ea35244a09849447ab234a08d 48eafa0747d84e8f83cbd16484f3c627 - - default default] Successfully bumped revision number for resource 3e28f7bd-9001-4725-a0df-eb17b3e1c7d4 (type: ports) to 1
2026-05-31 07:01:50.873 10 INFO neutron.wsgi [None req-f3e489b1-4861-4027-a219-26e446789414 982c1f2ea35244a09849447ab234a08d 48eafa0747d84e8f83cbd16484f3c627 - - default default] 10.0.0.132 "POST /v2.0/ports HTTP/1.1" status: 201 len: 942 time: 0.5019650 /var/lib/openstack/lib/python3.10/site-packages/pycadf/identifier.py:71: UserWarning: Invalid uuid: neutron. To ensure interoperability, identifiers should be a valid uuid. warnings.warn(('Invalid uuid: %s. To ensure interoperability, '
2026-05-31 07:01:50.890 10 WARNING neutron_lib.context [None req-386671d3-fa94-4646-b911-e1f3508c4a8e 982c1f2ea35244a09849447ab234a08d 48eafa0747d84e8f83cbd16484f3c627 - - default default] Method 'is_advsvc' is deprecated since 2023.2 release (neutron-lib 3.8.0) and will be removed once support for the old RBAC API policies will be removed from Neutron. Please use method 'is_service_role' instead.
2026-05-31 07:01:50.909 9 INFO neutron.wsgi [req-c5cd7d0e-7dfc-43e2-bf3f-4520afc14bf9 req-db00146c-64cb-44ce-8d96-70659ed0c014 5cf45da4573e48c9a0ce8cd4d09c21a0 4c476e0bd3274a2ba42bd5be943bbd8f - - d7692b27b11a4bd8873e5d3d4b3c9916 d7692b27b11a4bd8873e5d3d4b3c9916] 199.204.45.89 "GET /v2.0/networks/b0f2b052-1173-497b-bd36-eb36932fc12e?fields=provider%3Aphysical_network&fields=provider%3Anetwork_type HTTP/1.1" status: 200 len: 277 time: 0.0728006
2026-05-31 07:01:51.010 9 INFO neutron.db.ovn_revision_numbers_db [None req-378f219e-fb21-4b85-bd37-a148f77145a1 - - - - - -] Successfully bumped revision number for resource d19162c0-cb6b-4915-90a0-d317e226f5c2 (type: ports) to 4
2026-05-31 07:01:51.133 10 INFO neutron.wsgi [None req-386671d3-fa94-4646-b911-e1f3508c4a8e 982c1f2ea35244a09849447ab234a08d 48eafa0747d84e8f83cbd16484f3c627 - - default default] 10.0.0.132 "POST /v2.0/trunks HTTP/1.1" status: 201 len: 608 time: 0.2500551
2026-05-31 07:01:51.142 10 WARNING neutron_lib.context [None req-f87ce84d-48ef-464b-9683-06f30bbc8621 982c1f2ea35244a09849447ab234a08d 48eafa0747d84e8f83cbd16484f3c627 - - default default] Method 'is_advsvc' is deprecated since 2023.2 release (neutron-lib 3.8.0) and will be removed once support for the old RBAC API policies will be removed from Neutron. Please use method 'is_service_role' instead.
2026-05-31 07:01:51.240 10 INFO neutron.db.segments_db [None req-f87ce84d-48ef-464b-9683-06f30bbc8621 982c1f2ea35244a09849447ab234a08d 48eafa0747d84e8f83cbd16484f3c627 - - default default] Added segment 2d6b0333-756a-41df-83ab-3adea9db6f4e of type geneve for network 17b62f56-3fc3-418a-ae47-24dac0d931e1
2026-05-31 07:01:51.405 10 INFO neutron.db.ovn_revision_numbers_db [None req-f87ce84d-48ef-464b-9683-06f30bbc8621 982c1f2ea35244a09849447ab234a08d 48eafa0747d84e8f83cbd16484f3c627 - - default default] Successfully bumped revision number for resource 17b62f56-3fc3-418a-ae47-24dac0d931e1 (type: networks) to 1
2026-05-31 07:01:51.601 10 WARNING neutron.scheduler.dhcp_agent_scheduler [None req-f87ce84d-48ef-464b-9683-06f30bbc8621 982c1f2ea35244a09849447ab234a08d 48eafa0747d84e8f83cbd16484f3c627 - - default default] No more DHCP agents
2026-05-31 07:01:51.604 10 WARNING neutron.api.rpc.agentnotifiers.dhcp_rpc_agent_api [None req-f87ce84d-48ef-464b-9683-06f30bbc8621 982c1f2ea35244a09849447ab234a08d 48eafa0747d84e8f83cbd16484f3c627 - - default default] Unable to schedule network 17b62f56-3fc3-418a-ae47-24dac0d931e1: no agents available; will retry on subsequent port and subnet creation events.
2026-05-31 07:01:51.714 10 INFO neutron.db.ovn_revision_numbers_db [None req-f87ce84d-48ef-464b-9683-06f30bbc8621 982c1f2ea35244a09849447ab234a08d 48eafa0747d84e8f83cbd16484f3c627 - - default default] Successfully bumped revision number for resource c3dfd1f4-35c3-4fe5-ba46-13d643b4b415 (type: ports) to 1
2026-05-31 07:01:51.737 10 INFO neutron.wsgi [None req-f87ce84d-48ef-464b-9683-06f30bbc8621 982c1f2ea35244a09849447ab234a08d 48eafa0747d84e8f83cbd16484f3c627 - - default default] 10.0.0.132 "POST /v2.0/networks HTTP/1.1" status: 201 len: 830 time: 0.5999460 /var/lib/openstack/lib/python3.10/site-packages/pycadf/identifier.py:71: UserWarning: Invalid uuid: neutron. To ensure interoperability, identifiers should be a valid uuid. warnings.warn(('Invalid uuid: %s. To ensure interoperability, '
2026-05-31 07:01:51.751 9 WARNING neutron_lib.context [None req-09f5b4a3-9945-496b-92d9-a4680190c912 982c1f2ea35244a09849447ab234a08d 48eafa0747d84e8f83cbd16484f3c627 - - default default] Method 'is_advsvc' is deprecated since 2023.2 release (neutron-lib 3.8.0) and will be removed once support for the old RBAC API policies will be removed from Neutron. Please use method 'is_service_role' instead.
