2026-05-31 06:59:00.288 10 INFO neutron.db.ovn_revision_numbers_db [None req-f4e62180-a193-4c82-9f31-e9d21e9c20ce 404dca93c7c74432b4cc0b40e9ec07c3 3dac0d99ffc34e06b6c8a5ee8f181e2a - - default default] Successfully bumped revision number for resource 7ad831aa-8e57-4b43-86d1-b670200aa44e (type: security_group_rules) to 0
2026-05-31 06:59:00.293 9 INFO neutron.db.ovn_revision_numbers_db [None req-4b9c15e3-ba33-4078-af22-a370b7e8f345 - - - - - -] Successfully bumped revision number for resource f7988064-7c71-4e0e-983f-6d8bb77c392e (type: router_ports) to 4
2026-05-31 06:59:00.309 10 INFO neutron.db.ovn_revision_numbers_db [None req-f4e62180-a193-4c82-9f31-e9d21e9c20ce 404dca93c7c74432b4cc0b40e9ec07c3 3dac0d99ffc34e06b6c8a5ee8f181e2a - - default default] Successfully bumped revision number for resource c69d1d20-09c4-4dea-8c24-a7bdceece847 (type: security_group_rules) to 0
2026-05-31 06:59:00.331 10 INFO neutron.wsgi [None req-f4e62180-a193-4c82-9f31-e9d21e9c20ce 404dca93c7c74432b4cc0b40e9ec07c3 3dac0d99ffc34e06b6c8a5ee8f181e2a - - default default] 10.0.0.132 "POST /v2.0/security-groups HTTP/1.1" status: 201 len: 1861 time: 0.2943180
2026-05-31 06:59:00.342 9 WARNING neutron_lib.context [None req-27303446-262c-46c2-9cf4-62e3f972c4e3 404dca93c7c74432b4cc0b40e9ec07c3 3dac0d99ffc34e06b6c8a5ee8f181e2a - - default default] Method 'is_advsvc' is deprecated since 2023.2 release (neutron-lib 3.8.0) and will be removed once support for the old RBAC API policies will be removed from Neutron. Please use method 'is_service_role' instead.
2026-05-31 06:59:00.363 10 WARNING neutron.scheduler.dhcp_agent_scheduler [None req-bf67ecfc-fb34-4b6e-b6e6-708b9f42412f 0e69e807e8224b24addb2ae5dab865de 555b72bb41554e5e96b69fb79519c84e - - default default] No more DHCP agents
2026-05-31 06:59:00.366 10 WARNING neutron.api.rpc.agentnotifiers.dhcp_rpc_agent_api [None req-bf67ecfc-fb34-4b6e-b6e6-708b9f42412f 0e69e807e8224b24addb2ae5dab865de 555b72bb41554e5e96b69fb79519c84e - - default default] Unable to schedule network b61f7835-40a5-4775-818c-9e2d321269e1: no agents available; will retry on subsequent port and subnet creation events.
2026-05-31 06:59:00.418 9 INFO neutron.wsgi [req-c02d003e-46c4-44c1-beb3-361157acd2a7 req-08db81cd-08fd-4c21-ad5a-46207636162c 3bfc93230ad140e18e7c288752cde449 13575d3935af494ab9c7c72564bcf4d5 - - default default] 10.0.0.29 "GET /v2.0/ports?tenant_id=13575d3935af494ab9c7c72564bcf4d5&fields=id HTTP/1.1" status: 200 len: 302 time: 0.1323707
2026-05-31 06:59:00.452 10 INFO neutron.db.ovn_revision_numbers_db [None req-bf67ecfc-fb34-4b6e-b6e6-708b9f42412f 0e69e807e8224b24addb2ae5dab865de 555b72bb41554e5e96b69fb79519c84e - - default default] Successfully bumped revision number for resource 79fcc7e1-c57b-4acf-9e09-512b95783af6 (type: ports) to 1
2026-05-31 06:59:00.507 9 INFO neutron.db.ovn_revision_numbers_db [None req-27303446-262c-46c2-9cf4-62e3f972c4e3 404dca93c7c74432b4cc0b40e9ec07c3 3dac0d99ffc34e06b6c8a5ee8f181e2a - - default default] Successfully bumped revision number for resource bbeb0166-8875-4c61-845c-6603ca37d99d (type: security_group_rules) to 0
2026-05-31 06:59:00.519 10 INFO neutron.db.ovn_revision_numbers_db [None req-bf67ecfc-fb34-4b6e-b6e6-708b9f42412f 0e69e807e8224b24addb2ae5dab865de 555b72bb41554e5e96b69fb79519c84e - - default default] Successfully bumped revision number for resource 7a5c2b8e-620d-41eb-9140-410a881bdf48 (type: networks) to 1
2026-05-31 06:59:00.533 9 INFO neutron.wsgi [None req-27303446-262c-46c2-9cf4-62e3f972c4e3 404dca93c7c74432b4cc0b40e9ec07c3 3dac0d99ffc34e06b6c8a5ee8f181e2a - - default default] 10.0.0.132 "POST /v2.0/security-group-rules HTTP/1.1" status: 201 len: 796 time: 0.1969981
2026-05-31 06:59:00.542 9 WARNING neutron_lib.context [None req-0d28a434-8c29-409b-a296-4cdbdca6b098 404dca93c7c74432b4cc0b40e9ec07c3 3dac0d99ffc34e06b6c8a5ee8f181e2a - - default default] Method 'is_advsvc' is deprecated since 2023.2 release (neutron-lib 3.8.0) and will be removed once support for the old RBAC API policies will be removed from Neutron. Please use method 'is_service_role' instead.
2026-05-31 06:59:00.667 9 INFO neutron.db.ovn_revision_numbers_db [None req-0d28a434-8c29-409b-a296-4cdbdca6b098 404dca93c7c74432b4cc0b40e9ec07c3 3dac0d99ffc34e06b6c8a5ee8f181e2a - - default default] Successfully bumped revision number for resource 40e581fe-9d1f-473c-8556-ce2422642c55 (type: security_group_rules) to 0
2026-05-31 06:59:00.693 9 INFO neutron.wsgi [None req-0d28a434-8c29-409b-a296-4cdbdca6b098 404dca93c7c74432b4cc0b40e9ec07c3 3dac0d99ffc34e06b6c8a5ee8f181e2a - - default default] 10.0.0.132 "POST /v2.0/security-group-rules HTTP/1.1" status: 201 len: 801 time: 0.1558945
2026-05-31 06:59:00.705 9 WARNING neutron_lib.context [None req-2352a5cc-1c12-49bf-9576-87260fde479a 404dca93c7c74432b4cc0b40e9ec07c3 3dac0d99ffc34e06b6c8a5ee8f181e2a - - default default] Method 'is_advsvc' is deprecated since 2023.2 release (neutron-lib 3.8.0) and will be removed once support for the old RBAC API policies will be removed from Neutron. Please use method 'is_service_role' instead.
2026-05-31 06:59:00.728 10 WARNING neutron.scheduler.dhcp_agent_scheduler [None req-bf67ecfc-fb34-4b6e-b6e6-708b9f42412f 0e69e807e8224b24addb2ae5dab865de 555b72bb41554e5e96b69fb79519c84e - - default default] No more DHCP agents
2026-05-31 06:59:00.730 10 WARNING neutron.api.rpc.agentnotifiers.dhcp_rpc_agent_api [None req-bf67ecfc-fb34-4b6e-b6e6-708b9f42412f 0e69e807e8224b24addb2ae5dab865de 555b72bb41554e5e96b69fb79519c84e - - default default] Unable to schedule network 7a5c2b8e-620d-41eb-9140-410a881bdf48: no agents available; will retry on subsequent port and subnet creation events.
2026-05-31 06:59:00.812 10 INFO neutron.db.ovn_revision_numbers_db [None req-bf67ecfc-fb34-4b6e-b6e6-708b9f42412f 0e69e807e8224b24addb2ae5dab865de 555b72bb41554e5e96b69fb79519c84e - - default default] Successfully bumped revision number for resource 79b9417a-4904-4143-8b11-f7f7362fedff (type: ports) to 1
2026-05-31 06:59:00.814 9 INFO neutron.wsgi [req-c02d003e-46c4-44c1-beb3-361157acd2a7 req-b1d507cf-f504-4aac-a76a-f17d93df1f32 5cf45da4573e48c9a0ce8cd4d09c21a0 4c476e0bd3274a2ba42bd5be943bbd8f - - d7692b27b11a4bd8873e5d3d4b3c9916 d7692b27b11a4bd8873e5d3d4b3c9916] 10.0.0.29 "GET /v2.0/extensions HTTP/1.1" status: 200 len: 18683 time: 0.0502007
2026-05-31 06:59:00.834 10 INFO neutron.wsgi [None req-bf67ecfc-fb34-4b6e-b6e6-708b9f42412f 0e69e807e8224b24addb2ae5dab865de 555b72bb41554e5e96b69fb79519c84e - - default default] 10.0.0.132 "POST /v2.0/networks HTTP/1.1" status: 201 len: 1445 time: 1.4741507
2026-05-31 06:59:00.893 9 INFO neutron.wsgi [req-c02d003e-46c4-44c1-beb3-361157acd2a7 req-4b561f9a-b3a7-401c-a0f1-c72f1203829b 5cf45da4573e48c9a0ce8cd4d09c21a0 4c476e0bd3274a2ba42bd5be943bbd8f - - d7692b27b11a4bd8873e5d3d4b3c9916 d7692b27b11a4bd8873e5d3d4b3c9916] 10.0.0.29 "GET /v2.0/networks/5b4e17c0-5a06-4907-91eb-6e16eccff180?fields=segments HTTP/1.1" status: 200 len: 212 time: 0.0746148
2026-05-31 06:59:00.906 10 INFO neutron.wsgi [None req-45e73be1-6803-45d3-a15d-4457dc1d3cd6 0e69e807e8224b24addb2ae5dab865de 555b72bb41554e5e96b69fb79519c84e - - default default] 10.0.0.132 "GET /v2.0/networks HTTP/1.1" status: 200 len: 2051 time: 0.0665550
2026-05-31 06:59:00.969 9 INFO neutron.wsgi [req-c02d003e-46c4-44c1-beb3-361157acd2a7 req-30ec867f-ec7f-49f1-9790-45e37a4fccce 5cf45da4573e48c9a0ce8cd4d09c21a0 4c476e0bd3274a2ba42bd5be943bbd8f - - d7692b27b11a4bd8873e5d3d4b3c9916 d7692b27b11a4bd8873e5d3d4b3c9916] 10.0.0.29 "GET /v2.0/networks/5b4e17c0-5a06-4907-91eb-6e16eccff180?fields=provider%3Aphysical_network&fields=provider%3Anetwork_type HTTP/1.1" status: 200 len: 277 time: 0.0656497
2026-05-31 06:59:01.011 9 WARNING neutron.scheduler.dhcp_agent_scheduler [None req-2352a5cc-1c12-49bf-9576-87260fde479a 404dca93c7c74432b4cc0b40e9ec07c3 3dac0d99ffc34e06b6c8a5ee8f181e2a - - default default] No more DHCP agents
2026-05-31 06:59:01.014 9 WARNING neutron.api.rpc.agentnotifiers.dhcp_rpc_agent_api [None req-2352a5cc-1c12-49bf-9576-87260fde479a 404dca93c7c74432b4cc0b40e9ec07c3 3dac0d99ffc34e06b6c8a5ee8f181e2a - - default default] Unable to schedule network f0e613b5-6772-4521-99fb-04ec7a1b5090: no agents available; will retry on subsequent port and subnet creation events.
2026-05-31 06:59:01.127 10 INFO neutron.wsgi [req-44f5c9f8-6249-47b6-b28e-fc96ff31f0bf req-9f24b6c4-0d38-4b5b-89bb-b890a343a1eb 3bfc93230ad140e18e7c288752cde449 13575d3935af494ab9c7c72564bcf4d5 - - default default] 10.0.0.29 "GET /v2.0/ports?device_id=65653508-6fd2-483b-9450-b9c20144c152 HTTP/1.1" status: 200 len: 210 time: 0.0201044
2026-05-31 06:59:01.245 10 INFO neutron.services.segments.plugin [-] Segment 4e9a9a77-298f-4342-a157-53f733c36d1e resource provider aggregate not found
2026-05-31 06:59:01.249 10 INFO neutron.services.segments.plugin [-] Segment 4e9a9a77-298f-4342-a157-53f733c36d1e resource provider aggregate not found
2026-05-31 06:59:01.263 10 INFO neutron.services.segments.plugin [-] Segment 4e9a9a77-298f-4342-a157-53f733c36d1e resource provider not found; error: Placement Client Error (4xx): {"errors": [{"status": 404, "title": "Not Found", "detail": "The resource could not be found.\n\n No resource provider with uuid 4e9a9a77-298f-4342-a157-53f733c36d1e found for delete ", "request_id": "req-6e53c89f-ff06-4264-ab91-289d08e6a922"}]}
2026-05-31 06:59:01.274 10 INFO neutron.services.segments.plugin [-] Segment 4e9a9a77-298f-4342-a157-53f733c36d1e resource provider not found; error: Placement Client Error (4xx): {"errors": [{"status": 404, "title": "Not Found", "detail": "The resource could not be found.\n\n No resource provider with uuid 4e9a9a77-298f-4342-a157-53f733c36d1e found for delete ", "request_id": "req-3f8318a1-c052-4a84-bce0-aebb295cd45a"}]}
2026-05-31 06:59:01.288 10 INFO neutron.wsgi [None req-6f4a7fb2-1023-4722-beda-2ac5a154121c 0e69e807e8224b24addb2ae5dab865de 555b72bb41554e5e96b69fb79519c84e - - default default] 10.0.0.132 "DELETE /v2.0/networks/b61f7835-40a5-4775-818c-9e2d321269e1 HTTP/1.1" status: 204 len: 168 time: 0.3730805
2026-05-31 06:59:01.347 9 INFO neutron.wsgi [None req-2352a5cc-1c12-49bf-9576-87260fde479a 404dca93c7c74432b4cc0b40e9ec07c3 3dac0d99ffc34e06b6c8a5ee8f181e2a - - default default] 10.0.0.132 "POST /v2.0/floatingips HTTP/1.1" status: 201 len: 751 time: 0.6467505
2026-05-31 06:59:01.634 9 INFO neutron.services.segments.plugin [-] Segment b856739b-a3d4-4d1a-a76d-270e346afcb0 resource provider aggregate not found
2026-05-31 06:59:01.644 9 INFO neutron.services.segments.plugin [-] Segment b856739b-a3d4-4d1a-a76d-270e346afcb0 resource provider aggregate not found
2026-05-31 06:59:01.653 9 INFO neutron.services.segments.plugin [-] Segment b856739b-a3d4-4d1a-a76d-270e346afcb0 resource provider not found; error: Placement Client Error (4xx): {"errors": [{"status": 404, "title": "Not Found", "detail": "The resource could not be found.\n\n No resource provider with uuid b856739b-a3d4-4d1a-a76d-270e346afcb0 found for delete ", "request_id": "req-1be4c299-eca4-421b-b6cc-1f01bbc032a2"}]}
2026-05-31 06:59:01.658 9 INFO neutron.wsgi [-] 10.0.0.96 "GET / HTTP/1.1" status: 200 len: 246 time: 0.0022435
2026-05-31 06:59:01.660 9 INFO neutron.wsgi [-] 10.0.0.96 "GET / HTTP/1.1" status: 200 len: 246 time: 0.0009770
2026-05-31 06:59:01.663 9 INFO neutron.services.segments.plugin [-] Segment b856739b-a3d4-4d1a-a76d-270e346afcb0 resource provider not found; error: Placement Client Error (4xx): {"errors": [{"status": 404, "title": "Not Found", "detail": "The resource could not be found.\n\n No resource provider with uuid b856739b-a3d4-4d1a-a76d-270e346afcb0 found for delete ", "request_id": "req-b1357582-58af-47f5-8d56-b873a41e1b44"}]}
2026-05-31 06:59:01.678 9 INFO neutron.wsgi [None req-8a565026-f095-4c8a-bc3f-933840d19712 0e69e807e8224b24addb2ae5dab865de 555b72bb41554e5e96b69fb79519c84e - - default default] 10.0.0.132 "DELETE /v2.0/networks/7a5c2b8e-620d-41eb-9140-410a881bdf48 HTTP/1.1" status: 204 len: 168 time: 0.3849254
2026-05-31 06:59:01.757 10 INFO neutron.wsgi [None req-1217b408-cfdf-4129-becc-c3ca5711e319 0e69e807e8224b24addb2ae5dab865de 555b72bb41554e5e96b69fb79519c84e - - default default] 10.0.0.132 "GET /v2.0/networks HTTP/1.1" status: 200 len: 845 time: 0.0720716
2026-05-31 06:59:01.771 10 WARNING neutron_lib.context [None req-95363235-ae4b-495a-8b1c-11ad121aee3c 0e69e807e8224b24addb2ae5dab865de 555b72bb41554e5e96b69fb79519c84e - - default default] Method 'is_advsvc' is deprecated since 2023.2 release (neutron-lib 3.8.0) and will be removed once support for the old RBAC API policies will be removed from Neutron. Please use method 'is_service_role' instead.
2026-05-31 06:59:01.839 9 INFO neutron.wsgi [req-c02d003e-46c4-44c1-beb3-361157acd2a7 req-1d39b0bc-adf7-4d3c-bf88-95d874c70b6b 3bfc93230ad140e18e7c288752cde449 13575d3935af494ab9c7c72564bcf4d5 - - default default] 199.204.45.89 "GET /v2.0/networks?id=5b4e17c0-5a06-4907-91eb-6e16eccff180 HTTP/1.1" status: 200 len: 882 time: 0.0676150
2026-05-31 06:59:01.885 10 INFO neutron.db.segments_db [None req-95363235-ae4b-495a-8b1c-11ad121aee3c 0e69e807e8224b24addb2ae5dab865de 555b72bb41554e5e96b69fb79519c84e - - default default] Added segment e4d0adae-6eff-4319-a862-a9787a1a4ad7 of type geneve for network bae06b68-0394-493c-9bd8-057cefdc6073
2026-05-31 06:59:01.899 9 INFO neutron.wsgi [req-c02d003e-46c4-44c1-beb3-361157acd2a7 req-45b4bb2d-2873-4320-ba57-c89ee6a99bb6 3bfc93230ad140e18e7c288752cde449 13575d3935af494ab9c7c72564bcf4d5 - - default default] 199.204.45.89 "GET /v2.0/security-groups?fields=id&fields=name&tenant_id=13575d3935af494ab9c7c72564bcf4d5 HTTP/1.1" status: 200 len: 380 time: 0.0533235
2026-05-31 06:59:01.910 9 WARNING neutron_lib.context [req-c02d003e-46c4-44c1-beb3-361157acd2a7 req-5fe276b6-ba7a-4df7-828f-ea33724969a6 3bfc93230ad140e18e7c288752cde449 13575d3935af494ab9c7c72564bcf4d5 - - default default] Method 'is_advsvc' is deprecated since 2023.2 release (neutron-lib 3.8.0) and will be removed once support for the old RBAC API policies will be removed from Neutron. Please use method 'is_service_role' instead.
2026-05-31 06:59:02.045 10 INFO neutron.db.ovn_revision_numbers_db [None req-95363235-ae4b-495a-8b1c-11ad121aee3c 0e69e807e8224b24addb2ae5dab865de 555b72bb41554e5e96b69fb79519c84e - - default default] Successfully bumped revision number for resource bae06b68-0394-493c-9bd8-057cefdc6073 (type: networks) to 1
2026-05-31 06:59:02.242 10 WARNING neutron.scheduler.dhcp_agent_scheduler [None req-95363235-ae4b-495a-8b1c-11ad121aee3c 0e69e807e8224b24addb2ae5dab865de 555b72bb41554e5e96b69fb79519c84e - - default default] No more DHCP agents
2026-05-31 06:59:02.249 10 WARNING neutron.api.rpc.agentnotifiers.dhcp_rpc_agent_api [None req-95363235-ae4b-495a-8b1c-11ad121aee3c 0e69e807e8224b24addb2ae5dab865de 555b72bb41554e5e96b69fb79519c84e - - default default] Unable to schedule network bae06b68-0394-493c-9bd8-057cefdc6073: no agents available; will retry on subsequent port and subnet creation events.
2026-05-31 06:59:02.259 9 INFO neutron.wsgi [req-1a6463bb-0667-4c01-b63d-2a28a57ab134 req-149030e1-b923-4c75-96ea-e18393de4378 3bfc93230ad140e18e7c288752cde449 13575d3935af494ab9c7c72564bcf4d5 - - default default] 10.0.0.29 "GET /v2.0/ports?device_id=65653508-6fd2-483b-9450-b9c20144c152 HTTP/1.1" status: 200 len: 210 time: 0.0298350
2026-05-31 06:59:02.294 9 WARNING neutron.scheduler.dhcp_agent_scheduler [req-c02d003e-46c4-44c1-beb3-361157acd2a7 req-5fe276b6-ba7a-4df7-828f-ea33724969a6 3bfc93230ad140e18e7c288752cde449 13575d3935af494ab9c7c72564bcf4d5 - - default default] No more DHCP agents
2026-05-31 06:59:02.297 9 WARNING neutron.api.rpc.agentnotifiers.dhcp_rpc_agent_api [req-c02d003e-46c4-44c1-beb3-361157acd2a7 req-5fe276b6-ba7a-4df7-828f-ea33724969a6 3bfc93230ad140e18e7c288752cde449 13575d3935af494ab9c7c72564bcf4d5 - - default default] Unable to schedule network 5b4e17c0-5a06-4907-91eb-6e16eccff180: no agents available; will retry on subsequent port and subnet creation events.
2026-05-31 06:59:02.355 10 INFO neutron.db.ovn_revision_numbers_db [None req-95363235-ae4b-495a-8b1c-11ad121aee3c 0e69e807e8224b24addb2ae5dab865de 555b72bb41554e5e96b69fb79519c84e - - default default] Successfully bumped revision number for resource 2a58dd4e-252f-4f3f-80d0-51c9cc9708c4 (type: ports) to 1
2026-05-31 06:59:02.424 10 INFO neutron.wsgi [None req-95363235-ae4b-495a-8b1c-11ad121aee3c 0e69e807e8224b24addb2ae5dab865de 555b72bb41554e5e96b69fb79519c84e - - default default] 10.0.0.132 "POST /v2.0/networks HTTP/1.1" status: 201 len: 848 time: 0.6581705 /var/lib/openstack/lib/python3.10/site-packages/pycadf/identifier.py:71: UserWarning: Invalid uuid: neutron. To ensure interoperability, identifiers should be a valid uuid. warnings.warn(('Invalid uuid: %s. To ensure interoperability, '
2026-05-31 06:59:02.436 9 WARNING neutron_lib.context [None req-747a57d5-e2aa-4f56-a2d2-fb7f4354172f 0e69e807e8224b24addb2ae5dab865de 555b72bb41554e5e96b69fb79519c84e - - default default] Method 'is_advsvc' is deprecated since 2023.2 release (neutron-lib 3.8.0) and will be removed once support for the old RBAC API policies will be removed from Neutron. Please use method 'is_service_role' instead.
2026-05-31 06:59:02.448 10 INFO neutron.wsgi [req-3af92dce-3614-4df3-aeff-fdb838b0a321 req-c9e1af58-f891-4f1a-a73b-253f483728ca 5cf45da4573e48c9a0ce8cd4d09c21a0 4c476e0bd3274a2ba42bd5be943bbd8f - - d7692b27b11a4bd8873e5d3d4b3c9916 d7692b27b11a4bd8873e5d3d4b3c9916] 10.0.0.88 "GET /v2.0/ports?device_id=ed7282ad-6b37-4077-8f2c-70395957afab HTTP/1.1" status: 200 len: 1413 time: 0.1613522
2026-05-31 06:59:02.473 9 INFO neutron.db.ovn_revision_numbers_db [req-c02d003e-46c4-44c1-beb3-361157acd2a7 req-5fe276b6-ba7a-4df7-828f-ea33724969a6 3bfc93230ad140e18e7c288752cde449 13575d3935af494ab9c7c72564bcf4d5 - - default default] Successfully bumped revision number for resource a55baf28-2012-44b4-8886-1e5e1d5c3afe (type: ports) to 1
2026-05-31 06:59:02.504 9 INFO neutron.wsgi [req-c02d003e-46c4-44c1-beb3-361157acd2a7 req-5fe276b6-ba7a-4df7-828f-ea33724969a6 3bfc93230ad140e18e7c288752cde449 13575d3935af494ab9c7c72564bcf4d5 - - default default] 199.204.45.89 "POST /v2.0/ports HTTP/1.1" status: 201 len: 1158 time: 0.5996807
2026-05-31 06:59:02.523 10 INFO neutron.wsgi [req-3af92dce-3614-4df3-aeff-fdb838b0a321 req-87881f79-9cdd-4b05-b491-e60aaf2885bd 5cf45da4573e48c9a0ce8cd4d09c21a0 4c476e0bd3274a2ba42bd5be943bbd8f - - d7692b27b11a4bd8873e5d3d4b3c9916 d7692b27b11a4bd8873e5d3d4b3c9916] 10.0.0.88 "GET /v2.0/security-groups?id=3afd8700-d4b1-4f22-9c41-401b1465b411&fields=id&fields=name HTTP/1.1" status: 200 len: 312 time: 0.0684242
2026-05-31 06:59:02.561 9 INFO neutron.db.segments_db [None req-747a57d5-e2aa-4f56-a2d2-fb7f4354172f 0e69e807e8224b24addb2ae5dab865de 555b72bb41554e5e96b69fb79519c84e - - default default] Added segment cc873b48-0485-47c3-9aec-2942df53bb3f of type geneve for network 5df86751-0210-44e5-a7ea-2fde8dfaf893
2026-05-31 06:59:02.757 9 INFO neutron.db.ovn_revision_numbers_db [None req-747a57d5-e2aa-4f56-a2d2-fb7f4354172f 0e69e807e8224b24addb2ae5dab865de 555b72bb41554e5e96b69fb79519c84e - - default default] Successfully bumped revision number for resource 5df86751-0210-44e5-a7ea-2fde8dfaf893 (type: networks) to 1
2026-05-31 06:59:02.996 9 WARNING neutron.scheduler.dhcp_agent_scheduler [None req-747a57d5-e2aa-4f56-a2d2-fb7f4354172f 0e69e807e8224b24addb2ae5dab865de 555b72bb41554e5e96b69fb79519c84e - - default default] No more DHCP agents
2026-05-31 06:59:02.999 9 WARNING neutron.api.rpc.agentnotifiers.dhcp_rpc_agent_api [None req-747a57d5-e2aa-4f56-a2d2-fb7f4354172f 0e69e807e8224b24addb2ae5dab865de 555b72bb41554e5e96b69fb79519c84e - - default default] Unable to schedule network 5df86751-0210-44e5-a7ea-2fde8dfaf893: no agents available; will retry on subsequent port and subnet creation events.
2026-05-31 06:59:03.101 9 INFO neutron.db.ovn_revision_numbers_db [None req-747a57d5-e2aa-4f56-a2d2-fb7f4354172f 0e69e807e8224b24addb2ae5dab865de 555b72bb41554e5e96b69fb79519c84e - - default default] Successfully bumped revision number for resource da51edd3-5fe8-4a1a-b1ca-bfb7e6fc9f05 (type: ports) to 1
2026-05-31 06:59:03.135 9 INFO neutron.wsgi [None req-747a57d5-e2aa-4f56-a2d2-fb7f4354172f 0e69e807e8224b24addb2ae5dab865de 555b72bb41554e5e96b69fb79519c84e - - default default] 10.0.0.132 "POST /v2.0/networks HTTP/1.1" status: 201 len: 848 time: 0.7025809
2026-05-31 06:59:03.135 9 INFO neutron.db.ovn_revision_numbers_db [req-c02d003e-46c4-44c1-beb3-361157acd2a7 req-101059bf-d53e-4c28-bc01-fe32058a6d51 5cf45da4573e48c9a0ce8cd4d09c21a0 4c476e0bd3274a2ba42bd5be943bbd8f - - d7692b27b11a4bd8873e5d3d4b3c9916 d7692b27b11a4bd8873e5d3d4b3c9916] Successfully bumped revision number for resource a55baf28-2012-44b4-8886-1e5e1d5c3afe (type: ports) to 2
2026-05-31 06:59:03.146 10 WARNING neutron_lib.context [None req-318d82c7-e2a2-4a44-85c0-337e1813bdd1 0e69e807e8224b24addb2ae5dab865de 555b72bb41554e5e96b69fb79519c84e - - default default] Method 'is_advsvc' is deprecated since 2023.2 release (neutron-lib 3.8.0) and will be removed once support for the old RBAC API policies will be removed from Neutron. Please use method 'is_service_role' instead.
2026-05-31 06:59:03.196 10 WARNING neutron_lib.context [None req-318d82c7-e2a2-4a44-85c0-337e1813bdd1 0e69e807e8224b24addb2ae5dab865de 555b72bb41554e5e96b69fb79519c84e - - default default] Method 'is_advsvc' is deprecated since 2023.2 release (neutron-lib 3.8.0) and will be removed once support for the old RBAC API policies will be removed from Neutron. Please use method 'is_service_role' instead.
2026-05-31 06:59:03.396 9 INFO neutron.db.ovn_revision_numbers_db [req-c02d003e-46c4-44c1-beb3-361157acd2a7 req-101059bf-d53e-4c28-bc01-fe32058a6d51 5cf45da4573e48c9a0ce8cd4d09c21a0 4c476e0bd3274a2ba42bd5be943bbd8f - - d7692b27b11a4bd8873e5d3d4b3c9916 d7692b27b11a4bd8873e5d3d4b3c9916] Successfully bumped revision number for resource a55baf28-2012-44b4-8886-1e5e1d5c3afe (type: ports) to 2
2026-05-31 06:59:03.415 9 INFO neutron.wsgi [req-c02d003e-46c4-44c1-beb3-361157acd2a7 req-101059bf-d53e-4c28-bc01-fe32058a6d51 5cf45da4573e48c9a0ce8cd4d09c21a0 4c476e0bd3274a2ba42bd5be943bbd8f - - d7692b27b11a4bd8873e5d3d4b3c9916 d7692b27b11a4bd8873e5d3d4b3c9916] 199.204.45.89 "PUT /v2.0/ports/a55baf28-2012-44b4-8886-1e5e1d5c3afe HTTP/1.1" status: 200 len: 1376 time: 0.9036834
2026-05-31 06:59:03.454 9 INFO neutron.notifiers.nova [-] Nova event matching ['req-deaddb28-dcb7-4169-8c7f-0a6d5647a38e'] response: {'name': 'network-changed', 'server_uuid': '65653508-6fd2-483b-9450-b9c20144c152', 'tag': 'a55baf28-2012-44b4-8886-1e5e1d5c3afe', 'status': 'completed', 'code': 200}
2026-05-31 06:59:03.467 10 INFO neutron.wsgi [req-fb9df881-fb2e-46bc-85d8-9ca610b11eba req-ff5aebc7-b535-4a17-a28a-c25cfa5d5369 3bfc93230ad140e18e7c288752cde449 13575d3935af494ab9c7c72564bcf4d5 - - default default] 10.0.0.29 "GET /v2.0/ports?device_id=65653508-6fd2-483b-9450-b9c20144c152 HTTP/1.1" status: 200 len: 1168 time: 0.1245756 /var/lib/openstack/lib/python3.10/site-packages/pycadf/identifier.py:71: UserWarning: Invalid uuid: neutron. To ensure interoperability, identifiers should be a valid uuid. warnings.warn(('Invalid uuid: %s. To ensure interoperability, '
2026-05-31 06:59:03.508 10 INFO neutron.wsgi [req-fb9df881-fb2e-46bc-85d8-9ca610b11eba req-9f1630f7-659a-4f30-97fe-04515515373b 3bfc93230ad140e18e7c288752cde449 13575d3935af494ab9c7c72564bcf4d5 - - default default] 10.0.0.29 "GET /v2.0/security-groups?id=634efe3c-3247-41f6-a52f-c80ba09d6b91&fields=id&fields=name HTTP/1.1" status: 200 len: 313 time: 0.0356648
2026-05-31 06:59:03.511 9 INFO neutron.wsgi [req-c02d003e-46c4-44c1-beb3-361157acd2a7 req-4d440ff5-7b55-4b6b-8115-f45fc9eb1c17 5cf45da4573e48c9a0ce8cd4d09c21a0 4c476e0bd3274a2ba42bd5be943bbd8f - - d7692b27b11a4bd8873e5d3d4b3c9916 d7692b27b11a4bd8873e5d3d4b3c9916] 199.204.45.89 "GET /v2.0/ports?tenant_id=13575d3935af494ab9c7c72564bcf4d5&device_id=65653508-6fd2-483b-9450-b9c20144c152 HTTP/1.1" status: 200 len: 1407 time: 0.0451803
2026-05-31 06:59:03.683 10 WARNING neutron.scheduler.dhcp_agent_scheduler [None req-318d82c7-e2a2-4a44-85c0-337e1813bdd1 0e69e807e8224b24addb2ae5dab865de 555b72bb41554e5e96b69fb79519c84e - - default default] No more DHCP agents
2026-05-31 06:59:03.684 10 WARNING neutron.api.rpc.agentnotifiers.dhcp_rpc_agent_api [None req-318d82c7-e2a2-4a44-85c0-337e1813bdd1 0e69e807e8224b24addb2ae5dab865de 555b72bb41554e5e96b69fb79519c84e - - default default] Unable to schedule network bae06b68-0394-493c-9bd8-057cefdc6073: no agents available; will retry on subsequent port and subnet creation events.
2026-05-31 06:59:03.735 9 INFO neutron.wsgi [req-c02d003e-46c4-44c1-beb3-361157acd2a7 req-cb6569be-62f7-4f3b-98c6-25debc679f9a 5cf45da4573e48c9a0ce8cd4d09c21a0 4c476e0bd3274a2ba42bd5be943bbd8f - - d7692b27b11a4bd8873e5d3d4b3c9916 d7692b27b11a4bd8873e5d3d4b3c9916] 199.204.45.89 "GET /v2.0/floatingips?fixed_ip_address=10.100.0.7&port_id=a55baf28-2012-44b4-8886-1e5e1d5c3afe HTTP/1.1" status: 200 len: 217 time: 0.2199552
2026-05-31 06:59:03.765 10 INFO neutron.db.ovn_revision_numbers_db [None req-318d82c7-e2a2-4a44-85c0-337e1813bdd1 0e69e807e8224b24addb2ae5dab865de 555b72bb41554e5e96b69fb79519c84e - - default default] Successfully bumped revision number for resource 37e52bb0-bcb9-4dda-bfd7-dadc4cdd092d (type: ports) to 1
2026-05-31 06:59:03.770 9 INFO neutron.wsgi [req-c02d003e-46c4-44c1-beb3-361157acd2a7 req-48673d5f-a573-4b3a-b6d8-04e5963733d6 5cf45da4573e48c9a0ce8cd4d09c21a0 4c476e0bd3274a2ba42bd5be943bbd8f - - d7692b27b11a4bd8873e5d3d4b3c9916 d7692b27b11a4bd8873e5d3d4b3c9916] 199.204.45.89 "GET /v2.0/subnets?id=914bb24f-f7d0-4d73-8058-bd0e1073b836 HTTP/1.1" status: 200 len: 876 time: 0.0288858
2026-05-31 06:59:03.795 10 WARNING neutron.scheduler.dhcp_agent_scheduler [None req-318d82c7-e2a2-4a44-85c0-337e1813bdd1 0e69e807e8224b24addb2ae5dab865de 555b72bb41554e5e96b69fb79519c84e - - default default] No more DHCP agents
2026-05-31 06:59:03.797 10 WARNING neutron.api.rpc.agentnotifiers.dhcp_rpc_agent_api [None req-318d82c7-e2a2-4a44-85c0-337e1813bdd1 0e69e807e8224b24addb2ae5dab865de 555b72bb41554e5e96b69fb79519c84e - - default default] Unable to schedule network 5df86751-0210-44e5-a7ea-2fde8dfaf893: no agents available; will retry on subsequent port and subnet creation events.
2026-05-31 06:59:03.800 9 INFO neutron.wsgi [req-c02d003e-46c4-44c1-beb3-361157acd2a7 req-ca372cfa-2486-411c-b63c-6c4490f977c0 5cf45da4573e48c9a0ce8cd4d09c21a0 4c476e0bd3274a2ba42bd5be943bbd8f - - d7692b27b11a4bd8873e5d3d4b3c9916 d7692b27b11a4bd8873e5d3d4b3c9916] 199.204.45.89 "GET /v2.0/ports?network_id=5b4e17c0-5a06-4907-91eb-6e16eccff180&device_owner=network%3Adhcp HTTP/1.1" status: 200 len: 210 time: 0.0228944
2026-05-31 06:59:03.876 9 INFO neutron.wsgi [req-c02d003e-46c4-44c1-beb3-361157acd2a7 req-0394a2e3-bac8-4b9a-987f-853692ee55ee 5cf45da4573e48c9a0ce8cd4d09c21a0 4c476e0bd3274a2ba42bd5be943bbd8f - - d7692b27b11a4bd8873e5d3d4b3c9916 d7692b27b11a4bd8873e5d3d4b3c9916] 199.204.45.89 "GET /v2.0/networks/5b4e17c0-5a06-4907-91eb-6e16eccff180?fields=segments HTTP/1.1" status: 200 len: 212 time: 0.0704944
2026-05-31 06:59:03.892 10 INFO neutron.db.ovn_revision_numbers_db [None req-318d82c7-e2a2-4a44-85c0-337e1813bdd1 0e69e807e8224b24addb2ae5dab865de 555b72bb41554e5e96b69fb79519c84e - - default default] Successfully bumped revision number for resource 470519cd-379a-4484-ac02-14836569df90 (type: ports) to 1
2026-05-31 06:59:03.916 10 INFO neutron.wsgi [None req-318d82c7-e2a2-4a44-85c0-337e1813bdd1 0e69e807e8224b24addb2ae5dab865de 555b72bb41554e5e96b69fb79519c84e - - default default] 10.0.0.132 "POST /v2.0/ports HTTP/1.1" status: 201 len: 1706 time: 0.7760322 /var/lib/openstack/lib/python3.10/site-packages/pycadf/identifier.py:71: UserWarning: Invalid uuid: neutron. To ensure interoperability, identifiers should be a valid uuid. warnings.warn(('Invalid uuid: %s. To ensure interoperability, '
2026-05-31 06:59:03.938 9 INFO neutron.wsgi [req-c02d003e-46c4-44c1-beb3-361157acd2a7 req-38db5924-1427-40f9-a079-39701b925f4f 5cf45da4573e48c9a0ce8cd4d09c21a0 4c476e0bd3274a2ba42bd5be943bbd8f - - d7692b27b11a4bd8873e5d3d4b3c9916 d7692b27b11a4bd8873e5d3d4b3c9916] 199.204.45.89 "GET /v2.0/networks/5b4e17c0-5a06-4907-91eb-6e16eccff180?fields=provider%3Aphysical_network&fields=provider%3Anetwork_type HTTP/1.1" status: 200 len: 277 time: 0.0556617
2026-05-31 06:59:04.037 9 INFO neutron.wsgi [req-db03af54-78b4-48c5-8d6a-ce6bdd0ae786 req-127b900c-21d2-414d-9c3a-38ef63fd422d 5cf45da4573e48c9a0ce8cd4d09c21a0 4c476e0bd3274a2ba42bd5be943bbd8f - - d7692b27b11a4bd8873e5d3d4b3c9916 d7692b27b11a4bd8873e5d3d4b3c9916] 199.204.45.89 "GET /v2.0/ports?tenant_id=13575d3935af494ab9c7c72564bcf4d5&device_id=65653508-6fd2-483b-9450-b9c20144c152 HTTP/1.1" status: 200 len: 1407 time: 0.0539081
2026-05-31 06:59:04.061 10 INFO neutron.wsgi [None req-a5305414-30c9-49db-a005-addee476df8e 0e69e807e8224b24addb2ae5dab865de 555b72bb41554e5e96b69fb79519c84e - - default default] 10.0.0.132 "GET /v2.0/ports HTTP/1.1" status: 200 len: 3213 time: 0.1395876
2026-05-31 06:59:04.120 9 INFO neutron.wsgi [req-db03af54-78b4-48c5-8d6a-ce6bdd0ae786 req-d225cab5-48e7-47ab-a140-6659479cbe1f 5cf45da4573e48c9a0ce8cd4d09c21a0 4c476e0bd3274a2ba42bd5be943bbd8f - - d7692b27b11a4bd8873e5d3d4b3c9916 d7692b27b11a4bd8873e5d3d4b3c9916] 199.204.45.89 "GET /v2.0/networks?id=5b4e17c0-5a06-4907-91eb-6e16eccff180 HTTP/1.1" status: 200 len: 981 time: 0.0765836
2026-05-31 06:59:04.158 9 INFO neutron.wsgi [req-db03af54-78b4-48c5-8d6a-ce6bdd0ae786 req-22f6b10e-a180-4e2d-9038-62e875863682 5cf45da4573e48c9a0ce8cd4d09c21a0 4c476e0bd3274a2ba42bd5be943bbd8f - - d7692b27b11a4bd8873e5d3d4b3c9916 d7692b27b11a4bd8873e5d3d4b3c9916] 199.204.45.89 "GET /v2.0/floatingips?fixed_ip_address=10.100.0.7&port_id=a55baf28-2012-44b4-8886-1e5e1d5c3afe HTTP/1.1" status: 200 len: 217 time: 0.0298643
2026-05-31 06:59:04.210 9 INFO neutron.wsgi [req-db03af54-78b4-48c5-8d6a-ce6bdd0ae786 req-c02b0cfc-6245-4152-9562-8cad82ee5e9e 5cf45da4573e48c9a0ce8cd4d09c21a0 4c476e0bd3274a2ba42bd5be943bbd8f - - d7692b27b11a4bd8873e5d3d4b3c9916 d7692b27b11a4bd8873e5d3d4b3c9916] 199.204.45.89 "GET /v2.0/subnets?id=914bb24f-f7d0-4d73-8058-bd0e1073b836 HTTP/1.1" status: 200 len: 876 time: 0.0466001
2026-05-31 06:59:04.235 9 INFO neutron.wsgi [req-db03af54-78b4-48c5-8d6a-ce6bdd0ae786 req-c25d5be7-a9bf-484c-9aa2-dd1d6bfc46be 5cf45da4573e48c9a0ce8cd4d09c21a0 4c476e0bd3274a2ba42bd5be943bbd8f - - d7692b27b11a4bd8873e5d3d4b3c9916 d7692b27b11a4bd8873e5d3d4b3c9916] 199.204.45.89 "GET /v2.0/ports?network_id=5b4e17c0-5a06-4907-91eb-6e16eccff180&device_owner=network%3Adhcp HTTP/1.1" status: 200 len: 210 time: 0.0202682
2026-05-31 06:59:04.305 9 INFO neutron.wsgi [req-db03af54-78b4-48c5-8d6a-ce6bdd0ae786 req-e96d0a39-fe66-4904-8810-42bc5677ac09 5cf45da4573e48c9a0ce8cd4d09c21a0 4c476e0bd3274a2ba42bd5be943bbd8f - - d7692b27b11a4bd8873e5d3d4b3c9916 d7692b27b11a4bd8873e5d3d4b3c9916] 199.204.45.89 "GET /v2.0/networks/5b4e17c0-5a06-4907-91eb-6e16eccff180?fields=segments HTTP/1.1" status: 200 len: 212 time: 0.0657356
2026-05-31 06:59:04.308 10 INFO neutron.wsgi [None req-69225f6d-f8f9-432c-97b3-ac059b67b9d6 0e69e807e8224b24addb2ae5dab865de 555b72bb41554e5e96b69fb79519c84e - - default default] 10.0.0.132 "DELETE /v2.0/ports/37e52bb0-bcb9-4dda-bfd7-dadc4cdd092d HTTP/1.1" status: 204 len: 168 time: 0.2409306
2026-05-31 06:59:04.376 9 INFO neutron.wsgi [req-db03af54-78b4-48c5-8d6a-ce6bdd0ae786 req-db6688a9-f0f1-45e5-93a5-b9ddad6c27fb 5cf45da4573e48c9a0ce8cd4d09c21a0 4c476e0bd3274a2ba42bd5be943bbd8f - - d7692b27b11a4bd8873e5d3d4b3c9916 d7692b27b11a4bd8873e5d3d4b3c9916] 199.204.45.89 "GET /v2.0/networks/5b4e17c0-5a06-4907-91eb-6e16eccff180?fields=provider%3Aphysical_network&fields=provider%3Anetwork_type HTTP/1.1" status: 200 len: 277 time: 0.0636868
2026-05-31 06:59:04.556 10 INFO neutron.wsgi [None req-43604666-4fe9-4fe4-8951-f9090e371a78 0e69e807e8224b24addb2ae5dab865de 555b72bb41554e5e96b69fb79519c84e - - default default] 10.0.0.132 "DELETE /v2.0/ports/470519cd-379a-4484-ac02-14836569df90 HTTP/1.1" status: 204 len: 168 time: 0.2423580
2026-05-31 06:59:04.607 10 INFO neutron.wsgi [None req-08f586e8-507d-4fc3-8102-858ff02e6701 0e69e807e8224b24addb2ae5dab865de 555b72bb41554e5e96b69fb79519c84e - - default default] 10.0.0.132 "GET /v2.0/ports HTTP/1.1" status: 200 len: 1718 time: 0.0478165
2026-05-31 06:59:04.623 9 WARNING neutron_lib.context [None req-a245d239-ebd9-47ab-b9ae-e3ca9ca049eb 0e69e807e8224b24addb2ae5dab865de 555b72bb41554e5e96b69fb79519c84e - - default default] Method 'is_advsvc' is deprecated since 2023.2 release (neutron-lib 3.8.0) and will be removed once support for the old RBAC API policies will be removed from Neutron. Please use method 'is_service_role' instead.
2026-05-31 06:59:04.628 10 INFO neutron.wsgi [req-e111ad61-86d0-4125-a18a-08a399ad7fef req-38af148c-88be-4f5d-99b9-020e43226522 3bfc93230ad140e18e7c288752cde449 13575d3935af494ab9c7c72564bcf4d5 - - default default] 10.0.0.29 "GET /v2.0/ports?device_id=65653508-6fd2-483b-9450-b9c20144c152 HTTP/1.1" status: 200 len: 1168 time: 0.0528300
2026-05-31 06:59:04.683 10 INFO neutron.wsgi [req-e111ad61-86d0-4125-a18a-08a399ad7fef req-cb1ab159-162f-4630-82aa-eb20d1aee62b 3bfc93230ad140e18e7c288752cde449 13575d3935af494ab9c7c72564bcf4d5 - - default default] 10.0.0.29 "GET /v2.0/security-groups?id=634efe3c-3247-41f6-a52f-c80ba09d6b91&fields=id&fields=name HTTP/1.1" status: 200 len: 313 time: 0.0455675
2026-05-31 06:59:04.712 9 INFO neutron.db.segments_db [None req-a245d239-ebd9-47ab-b9ae-e3ca9ca049eb 0e69e807e8224b24addb2ae5dab865de 555b72bb41554e5e96b69fb79519c84e - - default default] Added segment bf52581f-597f-41c1-baf0-853f8c874a68 of type geneve for network beb94471-e085-4eee-aba5-fbaa2f98eb18
2026-05-31 06:59:04.846 9 INFO neutron.db.ovn_revision_numbers_db [None req-a245d239-ebd9-47ab-b9ae-e3ca9ca049eb 0e69e807e8224b24addb2ae5dab865de 555b72bb41554e5e96b69fb79519c84e - - default default] Successfully bumped revision number for resource beb94471-e085-4eee-aba5-fbaa2f98eb18 (type: networks) to 1
2026-05-31 06:59:04.894 9 WARNING neutron.plugins.ml2.drivers.ovn.mech_driver.ovsdb.ovn_client [None req-378f219e-fb21-4b85-bd37-a148f77145a1 - - - - - -] No hosting information found for port 423326a9-217b-4e6f-9398-dd78412c0ad1: RuntimeError: No hosting information found for port 423326a9-217b-4e6f-9398-dd78412c0ad1
2026-05-31 06:59:04.894 9 INFO neutron.plugins.ml2.drivers.ovn.mech_driver.mech_driver [None req-378f219e-fb21-4b85-bd37-a148f77145a1 - - - - - -] OVN reports status up for port: 023c104b-5851-48dc-a770-451324b908ed
2026-05-31 06:59:04.906 9 INFO neutron.plugins.ml2.plugin [None req-378f219e-fb21-4b85-bd37-a148f77145a1 - - - - - -] Attempt 1 to provision port 023c104b-5851-48dc-a770-451324b908ed
2026-05-31 06:59:05.053 9 WARNING neutron.scheduler.dhcp_agent_scheduler [None req-a245d239-ebd9-47ab-b9ae-e3ca9ca049eb 0e69e807e8224b24addb2ae5dab865de 555b72bb41554e5e96b69fb79519c84e - - default default] No more DHCP agents
2026-05-31 06:59:05.058 9 WARNING neutron.api.rpc.agentnotifiers.dhcp_rpc_agent_api [None req-a245d239-ebd9-47ab-b9ae-e3ca9ca049eb 0e69e807e8224b24addb2ae5dab865de 555b72bb41554e5e96b69fb79519c84e - - default default] Unable to schedule network beb94471-e085-4eee-aba5-fbaa2f98eb18: no agents available; will retry on subsequent port and subnet creation events.
2026-05-31 06:59:05.173 9 INFO neutron.db.ovn_revision_numbers_db [None req-a245d239-ebd9-47ab-b9ae-e3ca9ca049eb 0e69e807e8224b24addb2ae5dab865de 555b72bb41554e5e96b69fb79519c84e - - default default] Successfully bumped revision number for resource 933e32f4-a2fd-445c-bd21-f4fee92168c7 (type: ports) to 1
2026-05-31 06:59:05.198 9 INFO neutron.wsgi [None req-a245d239-ebd9-47ab-b9ae-e3ca9ca049eb 0e69e807e8224b24addb2ae5dab865de 555b72bb41554e5e96b69fb79519c84e - - default default] 10.0.0.132 "POST /v2.0/networks HTTP/1.1" status: 201 len: 848 time: 0.5835257
2026-05-31 06:59:05.206 9 WARNING neutron_lib.context [None req-27884b15-5463-417a-a4dc-d702b4ab8ca2 0e69e807e8224b24addb2ae5dab865de 555b72bb41554e5e96b69fb79519c84e - - default default] Method 'is_advsvc' is deprecated since 2023.2 release (neutron-lib 3.8.0) and will be removed once support for the old RBAC API policies will be removed from Neutron. Please use method 'is_service_role' instead.
2026-05-31 06:59:05.322 9 INFO neutron.db.segments_db [None req-27884b15-5463-417a-a4dc-d702b4ab8ca2 0e69e807e8224b24addb2ae5dab865de 555b72bb41554e5e96b69fb79519c84e - - default default] Added segment 3d2afa76-d55a-45f8-a108-519441b97adc of type geneve for network 79d6901b-9179-48b6-a663-0e5313bd7fea
2026-05-31 06:59:05.441 9 INFO neutron.db.ovn_revision_numbers_db [None req-378f219e-fb21-4b85-bd37-a148f77145a1 - - - - - -] Successfully bumped revision number for resource 023c104b-5851-48dc-a770-451324b908ed (type: ports) to 2
2026-05-31 06:59:05.529 9 INFO neutron.db.ovn_revision_numbers_db [None req-27884b15-5463-417a-a4dc-d702b4ab8ca2 0e69e807e8224b24addb2ae5dab865de 555b72bb41554e5e96b69fb79519c84e - - default default] Successfully bumped revision number for resource 79d6901b-9179-48b6-a663-0e5313bd7fea (type: networks) to 1
2026-05-31 06:59:05.640 9 INFO neutron.db.ovn_revision_numbers_db [None req-378f219e-fb21-4b85-bd37-a148f77145a1 - - - - - -] Successfully bumped revision number for resource 023c104b-5851-48dc-a770-451324b908ed (type: router_ports) to 2
2026-05-31 06:59:05.738 9 WARNING neutron.scheduler.dhcp_agent_scheduler [None req-27884b15-5463-417a-a4dc-d702b4ab8ca2 0e69e807e8224b24addb2ae5dab865de 555b72bb41554e5e96b69fb79519c84e - - default default] No more DHCP agents
2026-05-31 06:59:05.742 9 WARNING neutron.api.rpc.agentnotifiers.dhcp_rpc_agent_api [None req-27884b15-5463-417a-a4dc-d702b4ab8ca2 0e69e807e8224b24addb2ae5dab865de 555b72bb41554e5e96b69fb79519c84e - - default default] Unable to schedule network 79d6901b-9179-48b6-a663-0e5313bd7fea: no agents available; will retry on subsequent port and subnet creation events.
2026-05-31 06:59:05.869 9 INFO neutron.wsgi [req-4857d226-88f1-464c-86b0-6e083187aded req-bf9b1cf7-afb2-4299-8922-77d451225f83 3bfc93230ad140e18e7c288752cde449 13575d3935af494ab9c7c72564bcf4d5 - - default default] 10.0.0.29 "GET /v2.0/ports?device_id=65653508-6fd2-483b-9450-b9c20144c152 HTTP/1.1" status: 200 len: 1168 time: 0.1177287
2026-05-31 06:59:05.871 9 INFO neutron.db.ovn_revision_numbers_db [None req-27884b15-5463-417a-a4dc-d702b4ab8ca2 0e69e807e8224b24addb2ae5dab865de 555b72bb41554e5e96b69fb79519c84e - - default default] Successfully bumped revision number for resource 8d05c711-4faf-4340-806c-70b5890eedae (type: ports) to 1
2026-05-31 06:59:05.909 9 INFO neutron.wsgi [None req-27884b15-5463-417a-a4dc-d702b4ab8ca2 0e69e807e8224b24addb2ae5dab865de 555b72bb41554e5e96b69fb79519c84e - - default default] 10.0.0.132 "POST /v2.0/networks HTTP/1.1" status: 201 len: 849 time: 0.7063053
2026-05-31 06:59:05.935 9 INFO neutron.wsgi [req-4857d226-88f1-464c-86b0-6e083187aded req-40b0ab0a-7aaf-4cb2-84f6-b1f8d99fd8d8 3bfc93230ad140e18e7c288752cde449 13575d3935af494ab9c7c72564bcf4d5 - - default default] 10.0.0.29 "GET /v2.0/security-groups?id=634efe3c-3247-41f6-a52f-c80ba09d6b91&fields=id&fields=name HTTP/1.1" status: 200 len: 313 time: 0.0550039
2026-05-31 06:59:05.951 9 WARNING neutron_lib.context [None req-35d497c1-7e49-492e-87f5-11847927ed96 0e69e807e8224b24addb2ae5dab865de 555b72bb41554e5e96b69fb79519c84e - - default default] Method 'is_advsvc' is deprecated since 2023.2 release (neutron-lib 3.8.0) and will be removed once support for the old RBAC API policies will be removed from Neutron. Please use method 'is_service_role' instead.
2026-05-31 06:59:05.997 9 WARNING neutron_lib.context [None req-35d497c1-7e49-492e-87f5-11847927ed96 0e69e807e8224b24addb2ae5dab865de 555b72bb41554e5e96b69fb79519c84e - - default default] Method 'is_advsvc' is deprecated since 2023.2 release (neutron-lib 3.8.0) and will be removed once support for the old RBAC API policies will be removed from Neutron. Please use method 'is_service_role' instead.
2026-05-31 06:59:06.084 10 INFO neutron.wsgi [req-1b49a4c8-b076-4416-aa35-def40768c565 req-bc510157-e517-4f5f-8173-279ce3f43a58 404dca93c7c74432b4cc0b40e9ec07c3 3dac0d99ffc34e06b6c8a5ee8f181e2a - - default default] 10.0.0.29 "GET /v2.0/security-groups?name=tempest-securitygroup--1190466248&fields=id&tenant_id=3dac0d99ffc34e06b6c8a5ee8f181e2a HTTP/1.1" status: 200 len: 267 time: 0.0369334
2026-05-31 06:59:06.157 10 INFO neutron.wsgi [req-1b49a4c8-b076-4416-aa35-def40768c565 req-200879e5-fc6c-4523-ae90-4479a1fbb12c 404dca93c7c74432b4cc0b40e9ec07c3 3dac0d99ffc34e06b6c8a5ee8f181e2a - - default default] 10.0.0.29 "GET /v2.0/networks?id=2e8c8655-358d-4ca7-a4b5-336b7d36790e HTTP/1.1" status: 200 len: 879 time: 0.0670853
2026-05-31 06:59:06.174 10 INFO neutron.wsgi [req-1b49a4c8-b076-4416-aa35-def40768c565 req-5764c32b-42b0-4d4f-ab77-c04079db1b48 404dca93c7c74432b4cc0b40e9ec07c3 3dac0d99ffc34e06b6c8a5ee8f181e2a - - default default] 10.0.0.29 "GET /v2.0/quotas/3dac0d99ffc34e06b6c8a5ee8f181e2a HTTP/1.1" status: 200 len: 491 time: 0.0105581
2026-05-31 06:59:06.263 10 INFO neutron.wsgi [req-1b49a4c8-b076-4416-aa35-def40768c565 req-13274c05-03b4-4675-9322-23c4083db1d4 404dca93c7c74432b4cc0b40e9ec07c3 3dac0d99ffc34e06b6c8a5ee8f181e2a - - default default] 10.0.0.29 "GET /v2.0/ports?tenant_id=3dac0d99ffc34e06b6c8a5ee8f181e2a&fields=id HTTP/1.1" status: 200 len: 302 time: 0.0805044
2026-05-31 06:59:06.331 10 INFO neutron.wsgi [req-1b49a4c8-b076-4416-aa35-def40768c565 req-94b49135-e25a-4aeb-afbf-e4437ef94bbf 5cf45da4573e48c9a0ce8cd4d09c21a0 4c476e0bd3274a2ba42bd5be943bbd8f - - d7692b27b11a4bd8873e5d3d4b3c9916 d7692b27b11a4bd8873e5d3d4b3c9916] 10.0.0.29 "GET /v2.0/networks/2e8c8655-358d-4ca7-a4b5-336b7d36790e?fields=segments HTTP/1.1" status: 200 len: 212 time: 0.0564384
2026-05-31 06:59:06.380 10 INFO neutron.wsgi [req-1b49a4c8-b076-4416-aa35-def40768c565 req-5d790354-49ba-4781-9304-021797ff3178 5cf45da4573e48c9a0ce8cd4d09c21a0 4c476e0bd3274a2ba42bd5be943bbd8f - - d7692b27b11a4bd8873e5d3d4b3c9916 d7692b27b11a4bd8873e5d3d4b3c9916] 10.0.0.29 "GET /v2.0/networks/2e8c8655-358d-4ca7-a4b5-336b7d36790e?fields=provider%3Aphysical_network&fields=provider%3Anetwork_type HTTP/1.1" status: 200 len: 277 time: 0.0439222
2026-05-31 06:59:06.391 9 WARNING neutron.scheduler.dhcp_agent_scheduler [None req-35d497c1-7e49-492e-87f5-11847927ed96 0e69e807e8224b24addb2ae5dab865de 555b72bb41554e5e96b69fb79519c84e - - default default] No more DHCP agents
2026-05-31 06:59:06.394 9 WARNING neutron.api.rpc.agentnotifiers.dhcp_rpc_agent_api [None req-35d497c1-7e49-492e-87f5-11847927ed96 0e69e807e8224b24addb2ae5dab865de 555b72bb41554e5e96b69fb79519c84e - - default default] Unable to schedule network beb94471-e085-4eee-aba5-fbaa2f98eb18: no agents available; will retry on subsequent port and subnet creation events.
2026-05-31 06:59:06.657 9 INFO neutron.wsgi [req-33e19b11-0351-4df8-bc01-8a0d59ab846f req-f51001e8-d8ef-4523-bcf1-e87d1dbc5894 404dca93c7c74432b4cc0b40e9ec07c3 3dac0d99ffc34e06b6c8a5ee8f181e2a - - default default] 10.0.0.29 "GET /v2.0/ports?device_id=8f62f33f-c231-4aac-9286-3d86e0eed389 HTTP/1.1" status: 200 len: 210 time: 0.0217922
2026-05-31 06:59:06.916 9 INFO neutron.db.ovn_revision_numbers_db [None req-35d497c1-7e49-492e-87f5-11847927ed96 0e69e807e8224b24addb2ae5dab865de 555b72bb41554e5e96b69fb79519c84e - - default default] Successfully bumped revision number for resource 933e32f4-a2fd-445c-bd21-f4fee92168c7 (type: ports) to 2
2026-05-31 06:59:06.951 9 INFO neutron.db.ovn_revision_numbers_db [None req-35d497c1-7e49-492e-87f5-11847927ed96 0e69e807e8224b24addb2ae5dab865de 555b72bb41554e5e96b69fb79519c84e - - default default] Successfully bumped revision number for resource ac050b2f-9f4c-4565-98c2-c4c9b929218b (type: subnets) to 0
2026-05-31 06:59:06.972 9 WARNING neutron.scheduler.dhcp_agent_scheduler [None req-35d497c1-7e49-492e-87f5-11847927ed96 0e69e807e8224b24addb2ae5dab865de 555b72bb41554e5e96b69fb79519c84e - - default default] No more DHCP agents
2026-05-31 06:59:06.973 9 WARNING neutron.api.rpc.agentnotifiers.dhcp_rpc_agent_api [None req-35d497c1-7e49-492e-87f5-11847927ed96 0e69e807e8224b24addb2ae5dab865de 555b72bb41554e5e96b69fb79519c84e - - default default] Unable to schedule network 79d6901b-9179-48b6-a663-0e5313bd7fea: no agents available; will retry on subsequent port and subnet creation events.
2026-05-31 06:59:07.061 10 INFO neutron.wsgi [req-203ddf03-4821-4903-845d-53a3073e7e9c req-1dc76ff9-96cc-4bb7-bb1e-bda59a3c8a96 3bfc93230ad140e18e7c288752cde449 13575d3935af494ab9c7c72564bcf4d5 - - default default] 10.0.0.29 "GET /v2.0/ports?device_id=65653508-6fd2-483b-9450-b9c20144c152 HTTP/1.1" status: 200 len: 1168 time: 0.0470510
2026-05-31 06:59:07.116 10 INFO neutron.wsgi [req-203ddf03-4821-4903-845d-53a3073e7e9c req-1f25fc64-47e7-4e51-865c-9de17a79690c 3bfc93230ad140e18e7c288752cde449 13575d3935af494ab9c7c72564bcf4d5 - - default default] 10.0.0.29 "GET /v2.0/security-groups?id=634efe3c-3247-41f6-a52f-c80ba09d6b91&fields=id&fields=name HTTP/1.1" status: 200 len: 313 time: 0.0499206
2026-05-31 06:59:07.448 9 INFO neutron.db.ovn_revision_numbers_db [None req-35d497c1-7e49-492e-87f5-11847927ed96 0e69e807e8224b24addb2ae5dab865de 555b72bb41554e5e96b69fb79519c84e - - default default] Successfully bumped revision number for resource 8d05c711-4faf-4340-806c-70b5890eedae (type: ports) to 2
2026-05-31 06:59:07.510 9 INFO neutron.db.ovn_revision_numbers_db [None req-35d497c1-7e49-492e-87f5-11847927ed96 0e69e807e8224b24addb2ae5dab865de 555b72bb41554e5e96b69fb79519c84e - - default default] Successfully bumped revision number for resource caea8b85-ad2c-4fe4-9ce8-6c56d264117b (type: subnets) to 0
2026-05-31 06:59:07.529 9 INFO neutron.wsgi [None req-35d497c1-7e49-492e-87f5-11847927ed96 0e69e807e8224b24addb2ae5dab865de 555b72bb41554e5e96b69fb79519c84e - - default default] 10.0.0.132 "POST /v2.0/subnets HTTP/1.1" status: 201 len: 1426 time: 1.5836680
2026-05-31 06:59:07.545 9 INFO neutron.wsgi [req-1b49a4c8-b076-4416-aa35-def40768c565 req-30b4ab91-957c-4f81-a52b-95ecfe6fd729 404dca93c7c74432b4cc0b40e9ec07c3 3dac0d99ffc34e06b6c8a5ee8f181e2a - - default default] 199.204.45.89 "GET /v2.0/networks?id=2e8c8655-358d-4ca7-a4b5-336b7d36790e HTTP/1.1" status: 200 len: 879 time: 0.0727139
2026-05-31 06:59:07.578 10 INFO neutron.wsgi [None req-332b5fc6-3808-4ce9-b36e-d043099a3c56 0e69e807e8224b24addb2ae5dab865de 555b72bb41554e5e96b69fb79519c84e - - default default] 10.0.0.132 "GET /v2.0/subnets HTTP/1.1" status: 200 len: 2034 time: 0.0414114
2026-05-31 06:59:07.591 9 INFO neutron.wsgi [req-1b49a4c8-b076-4416-aa35-def40768c565 req-f28d9e60-de78-4a97-a9d8-0d159ab4c7a7 404dca93c7c74432b4cc0b40e9ec07c3 3dac0d99ffc34e06b6c8a5ee8f181e2a - - default default] 199.204.45.89 "GET /v2.0/security-groups?fields=id&fields=name&tenant_id=3dac0d99ffc34e06b6c8a5ee8f181e2a HTTP/1.1" status: 200 len: 380 time: 0.0428219
2026-05-31 06:59:07.602 9 WARNING neutron_lib.context [req-1b49a4c8-b076-4416-aa35-def40768c565 req-27e69308-6f75-456b-ad09-b75467d4ca10 404dca93c7c74432b4cc0b40e9ec07c3 3dac0d99ffc34e06b6c8a5ee8f181e2a - - default default] Method 'is_advsvc' is deprecated since 2023.2 release (neutron-lib 3.8.0) and will be removed once support for the old RBAC API policies will be removed from Neutron. Please use method 'is_service_role' instead.
2026-05-31 06:59:07.741 9 INFO neutron.wsgi [req-de7a07c1-3024-46c3-a18c-5bffaf41d46d req-04cfb72f-4928-4f0e-a1a6-3e5e5c88ada5 404dca93c7c74432b4cc0b40e9ec07c3 3dac0d99ffc34e06b6c8a5ee8f181e2a - - default default] 10.0.0.29 "GET /v2.0/ports?device_id=8f62f33f-c231-4aac-9286-3d86e0eed389 HTTP/1.1" status: 200 len: 210 time: 0.0246646
2026-05-31 06:59:07.779 10 INFO neutron.wsgi [None req-0d6e4a3a-47dc-4ef2-b671-f63724be30c7 0e69e807e8224b24addb2ae5dab865de 555b72bb41554e5e96b69fb79519c84e - - default default] 10.0.0.132 "DELETE /v2.0/subnets/ac050b2f-9f4c-4565-98c2-c4c9b929218b HTTP/1.1" status: 204 len: 168 time: 0.1949117
2026-05-31 06:59:07.920 9 WARNING neutron.scheduler.dhcp_agent_scheduler [req-1b49a4c8-b076-4416-aa35-def40768c565 req-27e69308-6f75-456b-ad09-b75467d4ca10 404dca93c7c74432b4cc0b40e9ec07c3 3dac0d99ffc34e06b6c8a5ee8f181e2a - - default default] No more DHCP agents
2026-05-31 06:59:07.921 9 WARNING neutron.api.rpc.agentnotifiers.dhcp_rpc_agent_api [req-1b49a4c8-b076-4416-aa35-def40768c565 req-27e69308-6f75-456b-ad09-b75467d4ca10 404dca93c7c74432b4cc0b40e9ec07c3 3dac0d99ffc34e06b6c8a5ee8f181e2a - - default default] Unable to schedule network 2e8c8655-358d-4ca7-a4b5-336b7d36790e: no agents available; will retry on subsequent port and subnet creation events.
2026-05-31 06:59:07.970 10 INFO neutron.wsgi [None req-e7cf9e2d-13d3-4dc2-994d-691f14105bbb 0e69e807e8224b24addb2ae5dab865de 555b72bb41554e5e96b69fb79519c84e - - default default] 10.0.0.132 "DELETE /v2.0/subnets/caea8b85-ad2c-4fe4-9ce8-6c56d264117b HTTP/1.1" status: 204 len: 168 time: 0.1846707
2026-05-31 06:59:08.009 10 INFO neutron.wsgi [None req-496010f6-6587-43e3-8e8b-1ee9dafc0a44 0e69e807e8224b24addb2ae5dab865de 555b72bb41554e5e96b69fb79519c84e - - default default] 10.0.0.132 "GET /v2.0/subnets HTTP/1.1" status: 200 len: 820 time: 0.0349054
2026-05-31 06:59:08.098 9 INFO neutron.db.ovn_revision_numbers_db [req-1b49a4c8-b076-4416-aa35-def40768c565 req-27e69308-6f75-456b-ad09-b75467d4ca10 404dca93c7c74432b4cc0b40e9ec07c3 3dac0d99ffc34e06b6c8a5ee8f181e2a - - default default] Successfully bumped revision number for resource b612ff83-c0b5-442f-b694-dfce9d7b40fb (type: ports) to 1
