2026-05-31 07:00:25.809 9 INFO neutron.wsgi [req-002cd94e-1eb5-40d9-88af-c61962e1e7b0 req-b723d257-05ff-40c1-af76-992e0abd8252 5cf45da4573e48c9a0ce8cd4d09c21a0 4c476e0bd3274a2ba42bd5be943bbd8f - - d7692b27b11a4bd8873e5d3d4b3c9916 d7692b27b11a4bd8873e5d3d4b3c9916] 10.0.0.29 "GET /v2.0/networks/54ae6479-25f7-4c95-b223-f085a7a9ea04?fields=provider%3Aphysical_network&fields=provider%3Anetwork_type HTTP/1.1" status: 200 len: 277 time: 0.0852511
2026-05-31 07:00:25.849 9 INFO neutron.db.ovn_revision_numbers_db [None req-0a857f7b-11d3-4661-bcc7-a924dbd992fb 8b9c7af5d8ee4db9bf808d1c36836326 728873e09eee41428abfc01bbfb1bc64 - - default default] Successfully bumped revision number for resource 0353a09e-8d78-4fa7-95be-eba9de932ef7 (type: security_groups) to 1
2026-05-31 07:00:25.877 9 INFO neutron.db.ovn_revision_numbers_db [None req-0a857f7b-11d3-4661-bcc7-a924dbd992fb 8b9c7af5d8ee4db9bf808d1c36836326 728873e09eee41428abfc01bbfb1bc64 - - default default] Successfully bumped revision number for resource 4121ab47-f2cf-42f6-b1b0-56a9e029c7f5 (type: security_group_rules) to 0
2026-05-31 07:00:25.894 9 INFO neutron.db.ovn_revision_numbers_db [None req-0a857f7b-11d3-4661-bcc7-a924dbd992fb 8b9c7af5d8ee4db9bf808d1c36836326 728873e09eee41428abfc01bbfb1bc64 - - default default] Successfully bumped revision number for resource 430c8f21-7ab7-485e-80bc-23a9fdfe8ff8 (type: security_group_rules) to 0 /var/lib/openstack/lib/python3.10/site-packages/pycadf/identifier.py:71: UserWarning: Invalid uuid: neutron. To ensure interoperability, identifiers should be a valid uuid. warnings.warn(('Invalid uuid: %s. To ensure interoperability, '
2026-05-31 07:00:25.924 9 INFO neutron.db.ovn_revision_numbers_db [None req-0a857f7b-11d3-4661-bcc7-a924dbd992fb 8b9c7af5d8ee4db9bf808d1c36836326 728873e09eee41428abfc01bbfb1bc64 - - default default] Successfully bumped revision number for resource 8b69d5a0-1611-42d1-81ed-a24e4131d8ce (type: security_group_rules) to 0
2026-05-31 07:00:25.944 9 INFO neutron.db.ovn_revision_numbers_db [None req-0a857f7b-11d3-4661-bcc7-a924dbd992fb 8b9c7af5d8ee4db9bf808d1c36836326 728873e09eee41428abfc01bbfb1bc64 - - default default] Successfully bumped revision number for resource eda5e9cf-616d-4955-afe4-622951acc1fd (type: security_group_rules) to 0
2026-05-31 07:00:25.945 10 INFO neutron.wsgi [req-42d6b890-6afd-4793-b443-1d710dead3f8 req-fdb21a36-f268-438f-870e-b7df0d37610c 40b21858db354b219b718cd1bf56658d ef70519c2ee047549b6c50ee16161b04 - - default default] 10.0.0.29 "GET /v2.0/ports?device_id=3924c20a-ef37-43bf-8b10-a4cfc66720cb HTTP/1.1" status: 200 len: 210 time: 0.0261621
2026-05-31 07:00:25.977 9 INFO neutron.wsgi [None req-0a857f7b-11d3-4661-bcc7-a924dbd992fb 8b9c7af5d8ee4db9bf808d1c36836326 728873e09eee41428abfc01bbfb1bc64 - - default default] 10.0.0.132 "GET /v2.0/security-groups?tenant_id=350844388df644fe93a442667c59b080&name=default HTTP/1.1" status: 200 len: 3120 time: 0.3267531
2026-05-31 07:00:26.110 9 INFO neutron.db.ovn_revision_numbers_db [None req-197bb6ec-5d31-472e-b738-a2561d8d022a 5fbcfca5f5e9463faa69c9cce954f473 a3c1005b347c46009ca0e53525192eea - - default default] Successfully bumped revision number for resource f8bb19f9-2418-4b35-8d70-a88c2b5f479e (type: ports) to 2
2026-05-31 07:00:26.126 9 INFO neutron.wsgi [None req-197bb6ec-5d31-472e-b738-a2561d8d022a 5fbcfca5f5e9463faa69c9cce954f473 a3c1005b347c46009ca0e53525192eea - - default default] 10.0.0.132 "PUT /v2.0/ports/f8bb19f9-2418-4b35-8d70-a88c2b5f479e HTTP/1.1" status: 200 len: 946 time: 0.3588057 /var/lib/openstack/lib/python3.10/site-packages/pycadf/identifier.py:71: UserWarning: Invalid uuid: neutron. To ensure interoperability, identifiers should be a valid uuid. warnings.warn(('Invalid uuid: %s. To ensure interoperability, '
2026-05-31 07:00:26.278 10 INFO neutron.plugins.ml2.drivers.ovn.mech_driver.mech_driver [None req-80dc192b-a9fd-4f6b-860e-f9bd944bc75b - - - - - -] OVN reports status down for port: f8bb19f9-2418-4b35-8d70-a88c2b5f479e
2026-05-31 07:00:26.456 9 INFO neutron.wsgi [None req-dde85e87-55ab-47e7-bcd8-3371c3cf3d60 5fbcfca5f5e9463faa69c9cce954f473 a3c1005b347c46009ca0e53525192eea - - default default] 10.0.0.132 "DELETE /v2.0/ports/f8bb19f9-2418-4b35-8d70-a88c2b5f479e HTTP/1.1" status: 204 len: 168 time: 0.3231356
2026-05-31 07:00:26.543 9 INFO neutron.wsgi [None req-c6dea21b-30b1-4fc1-9a21-b844e06a4e7f 5fbcfca5f5e9463faa69c9cce954f473 a3c1005b347c46009ca0e53525192eea - - default default] 10.0.0.132 "GET /v2.0/ports HTTP/1.1" status: 200 len: 1733 time: 0.0814497
2026-05-31 07:00:26.575 9 INFO neutron.pecan_wsgi.hooks.translation [None req-4cd6d82f-ffe7-4cae-b472-72764bf0a8a6 5fbcfca5f5e9463faa69c9cce954f473 a3c1005b347c46009ca0e53525192eea - - default default] GET failed (client error): The resource could not be found.
2026-05-31 07:00:26.577 9 INFO neutron.wsgi [None req-4cd6d82f-ffe7-4cae-b472-72764bf0a8a6 5fbcfca5f5e9463faa69c9cce954f473 a3c1005b347c46009ca0e53525192eea - - default default] 10.0.0.132 "GET /v2.0/ports/f8bb19f9-2418-4b35-8d70-a88c2b5f479e HTTP/1.1" status: 404 len: 333 time: 0.0263910
2026-05-31 07:00:26.598 10 WARNING neutron.scheduler.dhcp_agent_scheduler [None req-a1a6083e-b608-4d98-af41-38796a951d2e eaf3f295eb4c449b88575bc7e70083ab 9a6f6d9fd9194c79ab1fce5bd162cc99 - - default default] No more DHCP agents
2026-05-31 07:00:26.600 10 WARNING neutron.api.rpc.agentnotifiers.dhcp_rpc_agent_api [None req-a1a6083e-b608-4d98-af41-38796a951d2e eaf3f295eb4c449b88575bc7e70083ab 9a6f6d9fd9194c79ab1fce5bd162cc99 - - default default] Unable to schedule network 27ffa88a-7474-4b65-9261-566ce9a704f4: no agents available; will retry on subsequent port and subnet creation events.
2026-05-31 07:00:26.637 9 INFO neutron.wsgi [None req-e3a659cf-71d2-4109-a5ba-0c8f664fe962 5fbcfca5f5e9463faa69c9cce954f473 a3c1005b347c46009ca0e53525192eea - - default default] 10.0.0.132 "GET /v2.0/ports HTTP/1.1" status: 200 len: 1733 time: 0.0530715
2026-05-31 07:00:26.642 10 INFO neutron.wsgi [None req-4b998212-d3c5-48c8-be05-69d6621df8e3 8b9c7af5d8ee4db9bf808d1c36836326 728873e09eee41428abfc01bbfb1bc64 - - default default] 10.0.0.132 "DELETE /v2.0/security-groups/0353a09e-8d78-4fa7-95be-eba9de932ef7 HTTP/1.1" status: 204 len: 168 time: 0.6586366
2026-05-31 07:00:26.692 9 INFO neutron.wsgi [None req-1789dffc-ce51-46b9-9d25-a7530a03593b 5fbcfca5f5e9463faa69c9cce954f473 a3c1005b347c46009ca0e53525192eea - - default default] 10.0.0.132 "GET /v2.0/ports/a8e478b6-91d7-44ed-87db-a8e6ddf0a324 HTTP/1.1" status: 200 len: 973 time: 0.0485713
2026-05-31 07:00:26.724 10 INFO neutron.pecan_wsgi.hooks.translation [None req-469d2c9a-68a2-48fc-88c6-18502ac02f12 5fbcfca5f5e9463faa69c9cce954f473 a3c1005b347c46009ca0e53525192eea - - default default] DELETE failed (client error): The resource could not be found.
2026-05-31 07:00:26.727 10 INFO neutron.wsgi [None req-469d2c9a-68a2-48fc-88c6-18502ac02f12 5fbcfca5f5e9463faa69c9cce954f473 a3c1005b347c46009ca0e53525192eea - - default default] 10.0.0.132 "DELETE /v2.0/ports/6b21a055-8817-4554-ab22-7368319eb10a HTTP/1.1" status: 404 len: 333 time: 0.0272090
2026-05-31 07:00:26.743 9 INFO neutron.wsgi [req-002cd94e-1eb5-40d9-88af-c61962e1e7b0 req-fadc86dc-ab84-4e1e-a8fa-1412d5af3658 40b21858db354b219b718cd1bf56658d ef70519c2ee047549b6c50ee16161b04 - - default default] 199.204.45.89 "GET /v2.0/networks?id=54ae6479-25f7-4c95-b223-f085a7a9ea04 HTTP/1.1" status: 200 len: 872 time: 0.0756254
2026-05-31 07:00:26.750 10 INFO neutron.pecan_wsgi.hooks.translation [None req-347bb17e-2193-4dcb-9b78-37031bfd2ed4 5fbcfca5f5e9463faa69c9cce954f473 a3c1005b347c46009ca0e53525192eea - - default default] DELETE failed (client error): The resource could not be found.
2026-05-31 07:00:26.752 10 INFO neutron.wsgi [None req-347bb17e-2193-4dcb-9b78-37031bfd2ed4 5fbcfca5f5e9463faa69c9cce954f473 a3c1005b347c46009ca0e53525192eea - - default default] 10.0.0.132 "DELETE /v2.0/subnets/e5a1c1ec-c71e-4f90-a888-10f11b64c0c5 HTTP/1.1" status: 404 len: 337 time: 0.0187030
2026-05-31 07:00:26.754 9 WARNING neutron_lib.context [req-002cd94e-1eb5-40d9-88af-c61962e1e7b0 req-c6c15bce-8367-4c17-9190-bc77a6a452e1 40b21858db354b219b718cd1bf56658d ef70519c2ee047549b6c50ee16161b04 - - default default] Method 'is_advsvc' is deprecated since 2023.2 release (neutron-lib 3.8.0) and will be removed once support for the old RBAC API policies will be removed from Neutron. Please use method 'is_service_role' instead.
2026-05-31 07:00:26.774 10 INFO neutron.pecan_wsgi.hooks.translation [None req-23f6717c-824b-439e-89f8-535275e84d12 5fbcfca5f5e9463faa69c9cce954f473 a3c1005b347c46009ca0e53525192eea - - default default] DELETE failed (client error): The resource could not be found.
2026-05-31 07:00:26.776 10 INFO neutron.wsgi [None req-23f6717c-824b-439e-89f8-535275e84d12 5fbcfca5f5e9463faa69c9cce954f473 a3c1005b347c46009ca0e53525192eea - - default default] 10.0.0.132 "DELETE /v2.0/subnets/4b8fceed-7265-417c-bf26-4ee8ad714744 HTTP/1.1" status: 404 len: 337 time: 0.0193114
2026-05-31 07:00:26.804 10 INFO neutron.db.ovn_revision_numbers_db [None req-a1a6083e-b608-4d98-af41-38796a951d2e eaf3f295eb4c449b88575bc7e70083ab 9a6f6d9fd9194c79ab1fce5bd162cc99 - - default default] Successfully bumped revision number for resource bcf92bbc-9bc2-482e-a520-d578baac73fc (type: ports) to 1
2026-05-31 07:00:27.061 9 INFO neutron.wsgi [req-0e49f02f-1951-4f24-97b0-f8d9a3139a3d req-fdfe3e66-a795-425f-8900-2ebea9fc3a2e 40b21858db354b219b718cd1bf56658d ef70519c2ee047549b6c50ee16161b04 - - default default] 10.0.0.29 "GET /v2.0/ports?device_id=3924c20a-ef37-43bf-8b10-a4cfc66720cb HTTP/1.1" status: 200 len: 210 time: 0.0482779
2026-05-31 07:00:27.205 9 INFO neutron.wsgi [None req-25416677-3d68-42b7-832b-3aed11a59b3d 5fbcfca5f5e9463faa69c9cce954f473 a3c1005b347c46009ca0e53525192eea - - default default] 10.0.0.132 "DELETE /v2.0/ports/a8e478b6-91d7-44ed-87db-a8e6ddf0a324 HTTP/1.1" status: 204 len: 168 time: 0.4198575
2026-05-31 07:00:27.267 9 WARNING neutron.scheduler.dhcp_agent_scheduler [req-002cd94e-1eb5-40d9-88af-c61962e1e7b0 req-c6c15bce-8367-4c17-9190-bc77a6a452e1 40b21858db354b219b718cd1bf56658d ef70519c2ee047549b6c50ee16161b04 - - default default] No more DHCP agents
2026-05-31 07:00:27.271 9 WARNING neutron.api.rpc.agentnotifiers.dhcp_rpc_agent_api [req-002cd94e-1eb5-40d9-88af-c61962e1e7b0 req-c6c15bce-8367-4c17-9190-bc77a6a452e1 40b21858db354b219b718cd1bf56658d ef70519c2ee047549b6c50ee16161b04 - - default default] Unable to schedule network 54ae6479-25f7-4c95-b223-f085a7a9ea04: no agents available; will retry on subsequent port and subnet creation events.
2026-05-31 07:00:27.419 10 ERROR ovsdbapp.backend.ovs_idl.command [None req-a1a6083e-b608-4d98-af41-38796a951d2e eaf3f295eb4c449b88575bc7e70083ab 9a6f6d9fd9194c79ab1fce5bd162cc99 - - default default] Error executing command (DbGetCommand): ovsdbapp.backend.ovs_idl.idlutils.RowNotFound: Cannot find Logical_Router_Port with name=lrp-bcf92bbc-9bc2-482e-a520-d578baac73fc
2026-05-31 07:00:27.419 10 ERROR ovsdbapp.backend.ovs_idl.command
Traceback (most recent call last):
2026-05-31 07:00:27.419 10 ERROR ovsdbapp.backend.ovs_idl.command
File "/var/lib/openstack/lib/python3.10/site-packages/ovsdbapp/backend/ovs_idl/command.py", line 47, in execute
2026-05-31 07:00:27.419 10 ERROR ovsdbapp.backend.ovs_idl.command self.run_idl(None)
2026-05-31 07:00:27.419 10 ERROR ovsdbapp.backend.ovs_idl.command
File "/var/lib/openstack/lib/python3.10/site-packages/ovsdbapp/backend/ovs_idl/command.py", line 235, in run_idl
2026-05-31 07:00:27.419 10 ERROR ovsdbapp.backend.ovs_idl.command record = self.api.lookup(self.table, self.record)
2026-05-31 07:00:27.419 10 ERROR ovsdbapp.backend.ovs_idl.command
File "/var/lib/openstack/lib/python3.10/site-packages/ovsdbapp/backend/ovs_idl/__init__.py", line 184, in lookup
2026-05-31 07:00:27.419 10 ERROR ovsdbapp.backend.ovs_idl.command return self._lookup(table, record)
2026-05-31 07:00:27.419 10 ERROR ovsdbapp.backend.ovs_idl.command
File "/var/lib/openstack/lib/python3.10/site-packages/ovsdbapp/backend/ovs_idl/__init__.py", line 235, in _lookup
2026-05-31 07:00:27.419 10 ERROR ovsdbapp.backend.ovs_idl.command row = idlutils.row_by_value(self, rl.table, rl.column, record)
2026-05-31 07:00:27.419 10 ERROR ovsdbapp.backend.ovs_idl.command
File "/var/lib/openstack/lib/python3.10/site-packages/ovsdbapp/backend/ovs_idl/idlutils.py", line 114, in row_by_value
2026-05-31 07:00:27.419 10 ERROR ovsdbapp.backend.ovs_idl.command raise RowNotFound(table=table, col=column, match=match)
2026-05-31 07:00:27.419 10 ERROR ovsdbapp.backend.ovs_idl.command ovsdbapp.backend.ovs_idl.idlutils.RowNotFound: Cannot find Logical_Router_Port with name=lrp-bcf92bbc-9bc2-482e-a520-d578baac73fc
2026-05-31 07:00:27.419 10 ERROR ovsdbapp.backend.ovs_idl.command 
2026-05-31 07:00:27.420 10 ERROR neutron_lib.callbacks.manager [None req-a1a6083e-b608-4d98-af41-38796a951d2e eaf3f295eb4c449b88575bc7e70083ab 9a6f6d9fd9194c79ab1fce5bd162cc99 - - default default] Error during notification for neutron.services.ovn_l3.plugin.OVNL3RouterPlugin._port_update-8782976824047 port, after_update: ovsdbapp.backend.ovs_idl.idlutils.RowNotFound: Cannot find Logical_Router_Port with name=lrp-bcf92bbc-9bc2-482e-a520-d578baac73fc
2026-05-31 07:00:27.420 10 ERROR neutron_lib.callbacks.manager
Traceback (most recent call last):
2026-05-31 07:00:27.420 10 ERROR neutron_lib.callbacks.manager
File "/var/lib/openstack/lib/python3.10/site-packages/neutron_lib/callbacks/manager.py", line 189, in _notify_loop
2026-05-31 07:00:27.420 10 ERROR neutron_lib.callbacks.manager callback.method(resource, event, trigger, payload=payload)
2026-05-31 07:00:27.420 10 ERROR neutron_lib.callbacks.manager
File "/var/lib/openstack/lib/python3.10/site-packages/neutron/services/ovn_l3/plugin.py", line 391, in _port_update
2026-05-31 07:00:27.420 10 ERROR neutron_lib.callbacks.manager l3plugin._ovn_client.update_router_port(context,
2026-05-31 07:00:27.420 10 ERROR neutron_lib.callbacks.manager
File "/var/lib/openstack/lib/python3.10/site-packages/neutron/plugins/ml2/drivers/ovn/mech_driver/ovsdb/ovn_client.py", line 1878, in update_router_port
2026-05-31 07:00:27.420 10 ERROR neutron_lib.callbacks.manager self._update_lrouter_port(context, port, if_exists=if_exists,
2026-05-31 07:00:27.420 10 ERROR neutron_lib.callbacks.manager
File "/var/lib/openstack/lib/python3.10/site-packages/neutron/plugins/ml2/drivers/ovn/mech_driver/ovsdb/ovn_client.py", line 1855, in _update_lrouter_port
2026-05-31 07:00:27.420 10 ERROR neutron_lib.callbacks.manager external_ids = self._nb_idl.db_get(
2026-05-31 07:00:27.420 10 ERROR neutron_lib.callbacks.manager
File "/var/lib/openstack/lib/python3.10/site-packages/ovsdbapp/backend/ovs_idl/command.py", line 47, in execute
2026-05-31 07:00:27.420 10 ERROR neutron_lib.callbacks.manager self.run_idl(None)
2026-05-31 07:00:27.420 10 ERROR neutron_lib.callbacks.manager
File "/var/lib/openstack/lib/python3.10/site-packages/ovsdbapp/backend/ovs_idl/command.py", line 235, in run_idl
2026-05-31 07:00:27.420 10 ERROR neutron_lib.callbacks.manager record = self.api.lookup(self.table, self.record)
2026-05-31 07:00:27.420 10 ERROR neutron_lib.callbacks.manager
File "/var/lib/openstack/lib/python3.10/site-packages/ovsdbapp/backend/ovs_idl/__init__.py", line 184, in lookup
2026-05-31 07:00:27.420 10 ERROR neutron_lib.callbacks.manager return self._lookup(table, record)
2026-05-31 07:00:27.420 10 ERROR neutron_lib.callbacks.manager
File "/var/lib/openstack/lib/python3.10/site-packages/ovsdbapp/backend/ovs_idl/__init__.py", line 235, in _lookup
2026-05-31 07:00:27.420 10 ERROR neutron_lib.callbacks.manager row = idlutils.row_by_value(self, rl.table, rl.column, record)
2026-05-31 07:00:27.420 10 ERROR neutron_lib.callbacks.manager
File "/var/lib/openstack/lib/python3.10/site-packages/ovsdbapp/backend/ovs_idl/idlutils.py", line 114, in row_by_value
2026-05-31 07:00:27.420 10 ERROR neutron_lib.callbacks.manager raise RowNotFound(table=table, col=column, match=match)
2026-05-31 07:00:27.420 10 ERROR neutron_lib.callbacks.manager ovsdbapp.backend.ovs_idl.idlutils.RowNotFound: Cannot find Logical_Router_Port with name=lrp-bcf92bbc-9bc2-482e-a520-d578baac73fc
2026-05-31 07:00:27.420 10 ERROR neutron_lib.callbacks.manager 
2026-05-31 07:00:27.492 9 INFO neutron.db.ovn_revision_numbers_db [req-002cd94e-1eb5-40d9-88af-c61962e1e7b0 req-c6c15bce-8367-4c17-9190-bc77a6a452e1 40b21858db354b219b718cd1bf56658d ef70519c2ee047549b6c50ee16161b04 - - default default] Successfully bumped revision number for resource dea2b79d-5660-46a5-aa11-794210b108ca (type: ports) to 1
2026-05-31 07:00:27.523 9 INFO neutron.wsgi [req-002cd94e-1eb5-40d9-88af-c61962e1e7b0 req-c6c15bce-8367-4c17-9190-bc77a6a452e1 40b21858db354b219b718cd1bf56658d ef70519c2ee047549b6c50ee16161b04 - - default default] 199.204.45.89 "POST /v2.0/ports HTTP/1.1" status: 201 len: 1162 time: 0.7739134 /var/lib/openstack/lib/python3.10/site-packages/pycadf/identifier.py:71: UserWarning: Invalid uuid: neutron. To ensure interoperability, identifiers should be a valid uuid. warnings.warn(('Invalid uuid: %s. To ensure interoperability, '
2026-05-31 07:00:27.695 10 INFO neutron.db.ovn_revision_numbers_db [None req-a1a6083e-b608-4d98-af41-38796a951d2e eaf3f295eb4c449b88575bc7e70083ab 9a6f6d9fd9194c79ab1fce5bd162cc99 - - default default] Successfully bumped revision number for resource bcf92bbc-9bc2-482e-a520-d578baac73fc (type: ports) to 1
2026-05-31 07:00:27.714 9 INFO neutron.services.segments.plugin [-] Segment ec162b4f-48c0-4e37-8ef6-8a41ea6a39cf resource provider aggregate not found
2026-05-31 07:00:27.719 9 INFO neutron.services.segments.plugin [-] Segment ec162b4f-48c0-4e37-8ef6-8a41ea6a39cf resource provider aggregate not found
2026-05-31 07:00:27.750 9 INFO neutron.services.segments.plugin [-] Segment ec162b4f-48c0-4e37-8ef6-8a41ea6a39cf resource provider not found; error: Placement Client Error (4xx): {"errors": [{"status": 404, "title": "Not Found", "detail": "The resource could not be found.\n\n No resource provider with uuid ec162b4f-48c0-4e37-8ef6-8a41ea6a39cf found for delete ", "request_id": "req-1b9dd6ad-915a-4d32-9179-a2101aa63bc7"}]}
2026-05-31 07:00:27.750 9 INFO neutron.services.segments.plugin [-] Segment ec162b4f-48c0-4e37-8ef6-8a41ea6a39cf resource provider not found; error: Placement Client Error (4xx): {"errors": [{"status": 404, "title": "Not Found", "detail": "The resource could not be found.\n\n No resource provider with uuid ec162b4f-48c0-4e37-8ef6-8a41ea6a39cf found for delete ", "request_id": "req-95f5c089-123b-416d-ae8d-29292ec36451"}]}
2026-05-31 07:00:27.770 10 WARNING neutron.scheduler.dhcp_agent_scheduler [None req-a1a6083e-b608-4d98-af41-38796a951d2e eaf3f295eb4c449b88575bc7e70083ab 9a6f6d9fd9194c79ab1fce5bd162cc99 - - default default] No more DHCP agents
2026-05-31 07:00:27.772 10 WARNING neutron.api.rpc.agentnotifiers.dhcp_rpc_agent_api [None req-a1a6083e-b608-4d98-af41-38796a951d2e eaf3f295eb4c449b88575bc7e70083ab 9a6f6d9fd9194c79ab1fce5bd162cc99 - - default default] Unable to schedule network 27ffa88a-7474-4b65-9261-566ce9a704f4: no agents available; will retry on subsequent port and subnet creation events.
2026-05-31 07:00:27.797 9 INFO neutron.wsgi [None req-1a399da3-ce9a-4074-88db-9ec20298bc4e 5fbcfca5f5e9463faa69c9cce954f473 a3c1005b347c46009ca0e53525192eea - - default default] 10.0.0.132 "DELETE /v2.0/networks/991c5a0e-d18b-45ab-b9ce-8fa8e28f57be HTTP/1.1" status: 204 len: 168 time: 0.5871570
2026-05-31 07:00:28.110 9 INFO neutron.db.ovn_revision_numbers_db [req-002cd94e-1eb5-40d9-88af-c61962e1e7b0 req-1e5d9a59-efd7-4bff-9482-c12538068b6a 5cf45da4573e48c9a0ce8cd4d09c21a0 4c476e0bd3274a2ba42bd5be943bbd8f - - d7692b27b11a4bd8873e5d3d4b3c9916 d7692b27b11a4bd8873e5d3d4b3c9916] Successfully bumped revision number for resource dea2b79d-5660-46a5-aa11-794210b108ca (type: ports) to 2
2026-05-31 07:00:28.193 10 INFO neutron.db.ovn_revision_numbers_db [None req-a1a6083e-b608-4d98-af41-38796a951d2e eaf3f295eb4c449b88575bc7e70083ab 9a6f6d9fd9194c79ab1fce5bd162cc99 - - default default] Successfully bumped revision number for resource bcf92bbc-9bc2-482e-a520-d578baac73fc (type: router_ports) to 1
2026-05-31 07:00:28.199 10 INFO neutron.wsgi [None req-a1a6083e-b608-4d98-af41-38796a951d2e eaf3f295eb4c449b88575bc7e70083ab 9a6f6d9fd9194c79ab1fce5bd162cc99 - - default default] 10.0.0.132 "PUT /v2.0/routers/5b45f91e-b275-494a-a1cf-27e7f32aec1a/add_router_interface HTTP/1.1" status: 200 len: 503 time: 2.6513300 /var/lib/openstack/lib/python3.10/site-packages/pycadf/identifier.py:71: UserWarning: Invalid uuid: neutron. To ensure interoperability, identifiers should be a valid uuid. warnings.warn(('Invalid uuid: %s. To ensure interoperability, '
2026-05-31 07:00:28.211 9 WARNING neutron_lib.context [None req-bbeaa20e-5136-4de8-8f3a-747170c07829 eaf3f295eb4c449b88575bc7e70083ab 9a6f6d9fd9194c79ab1fce5bd162cc99 - - default default] Method 'is_advsvc' is deprecated since 2023.2 release (neutron-lib 3.8.0) and will be removed once support for the old RBAC API policies will be removed from Neutron. Please use method 'is_service_role' instead.
2026-05-31 07:00:28.260 10 INFO neutron.wsgi [req-6b5b8f4f-a598-4ec2-a66c-b011747323fc req-32c48806-70d1-439e-98e0-122a1389a8b8 40b21858db354b219b718cd1bf56658d ef70519c2ee047549b6c50ee16161b04 - - default default] 10.0.0.29 "GET /v2.0/ports?device_id=3924c20a-ef37-43bf-8b10-a4cfc66720cb HTTP/1.1" status: 200 len: 1172 time: 0.1307120
2026-05-31 07:00:28.314 10 INFO neutron.wsgi [req-6b5b8f4f-a598-4ec2-a66c-b011747323fc req-0d6948de-194a-4d87-99a9-b38e5d811a45 40b21858db354b219b718cd1bf56658d ef70519c2ee047549b6c50ee16161b04 - - default default] 10.0.0.29 "GET /v2.0/security-groups?id=d1452424-d264-4aec-8066-05824a2ea9f6&fields=id&fields=name HTTP/1.1" status: 200 len: 286 time: 0.0478935
2026-05-31 07:00:28.444 9 INFO neutron.db.ovn_revision_numbers_db [req-002cd94e-1eb5-40d9-88af-c61962e1e7b0 req-1e5d9a59-efd7-4bff-9482-c12538068b6a 5cf45da4573e48c9a0ce8cd4d09c21a0 4c476e0bd3274a2ba42bd5be943bbd8f - - d7692b27b11a4bd8873e5d3d4b3c9916 d7692b27b11a4bd8873e5d3d4b3c9916] Successfully bumped revision number for resource dea2b79d-5660-46a5-aa11-794210b108ca (type: ports) to 2
2026-05-31 07:00:28.468 9 INFO neutron.wsgi [req-002cd94e-1eb5-40d9-88af-c61962e1e7b0 req-1e5d9a59-efd7-4bff-9482-c12538068b6a 5cf45da4573e48c9a0ce8cd4d09c21a0 4c476e0bd3274a2ba42bd5be943bbd8f - - d7692b27b11a4bd8873e5d3d4b3c9916 d7692b27b11a4bd8873e5d3d4b3c9916] 199.204.45.89 "PUT /v2.0/ports/dea2b79d-5660-46a5-aa11-794210b108ca HTTP/1.1" status: 200 len: 1380 time: 0.9310479
2026-05-31 07:00:28.502 10 INFO neutron.wsgi [None req-1457bed4-ee19-443e-a1f7-30f927ffe4f1 8b9c7af5d8ee4db9bf808d1c36836326 728873e09eee41428abfc01bbfb1bc64 - - default default] 10.0.0.132 "GET /v2.0/security-groups?tenant_id=a3c1005b347c46009ca0e53525192eea&name=default HTTP/1.1" status: 200 len: 3120 time: 0.2145505 /var/lib/openstack/lib/python3.10/site-packages/pycadf/identifier.py:71: UserWarning: Invalid uuid: neutron. To ensure interoperability, identifiers should be a valid uuid. warnings.warn(('Invalid uuid: %s. To ensure interoperability, '
2026-05-31 07:00:28.511 9 INFO neutron.notifiers.nova [-] Nova event matching ['req-830c4003-788e-47cc-8b6a-d0372ce6059d'] response: {'name': 'network-changed', 'server_uuid': '3924c20a-ef37-43bf-8b10-a4cfc66720cb', 'tag': 'dea2b79d-5660-46a5-aa11-794210b108ca', 'status': 'completed', 'code': 200}
2026-05-31 07:00:28.546 9 INFO neutron.wsgi [req-002cd94e-1eb5-40d9-88af-c61962e1e7b0 req-2d22ebf7-5487-4ae4-be12-a916eb15946c 5cf45da4573e48c9a0ce8cd4d09c21a0 4c476e0bd3274a2ba42bd5be943bbd8f - - d7692b27b11a4bd8873e5d3d4b3c9916 d7692b27b11a4bd8873e5d3d4b3c9916] 199.204.45.89 "GET /v2.0/ports?tenant_id=ef70519c2ee047549b6c50ee16161b04&device_id=3924c20a-ef37-43bf-8b10-a4cfc66720cb HTTP/1.1" status: 200 len: 1411 time: 0.0468471
2026-05-31 07:00:28.581 9 INFO neutron.wsgi [req-002cd94e-1eb5-40d9-88af-c61962e1e7b0 req-8024354c-132a-4e20-b03f-aa77e938d483 5cf45da4573e48c9a0ce8cd4d09c21a0 4c476e0bd3274a2ba42bd5be943bbd8f - - d7692b27b11a4bd8873e5d3d4b3c9916 d7692b27b11a4bd8873e5d3d4b3c9916] 199.204.45.89 "GET /v2.0/floatingips?fixed_ip_address=10.100.0.12&port_id=dea2b79d-5660-46a5-aa11-794210b108ca HTTP/1.1" status: 200 len: 217 time: 0.0241573
2026-05-31 07:00:28.623 9 WARNING neutron.plugins.ml2.drivers.ovn.mech_driver.ovsdb.ovn_client [None req-378f219e-fb21-4b85-bd37-a148f77145a1 - - - - - -] No hosting information found for port 4ff75e28-370e-4451-adc5-9936110d89a4: RuntimeError: No hosting information found for port 4ff75e28-370e-4451-adc5-9936110d89a4
2026-05-31 07:00:28.623 9 INFO neutron.plugins.ml2.drivers.ovn.mech_driver.mech_driver [None req-378f219e-fb21-4b85-bd37-a148f77145a1 - - - - - -] OVN reports status up for port: 3fd19514-11bb-440e-ab67-9378d1c8495a
2026-05-31 07:00:28.645 9 INFO neutron.wsgi [req-002cd94e-1eb5-40d9-88af-c61962e1e7b0 req-ae0a82db-ce47-4365-a085-0876831f6834 5cf45da4573e48c9a0ce8cd4d09c21a0 4c476e0bd3274a2ba42bd5be943bbd8f - - d7692b27b11a4bd8873e5d3d4b3c9916 d7692b27b11a4bd8873e5d3d4b3c9916] 199.204.45.89 "GET /v2.0/subnets?id=178ee632-b157-47db-9018-a1df77151720 HTTP/1.1" status: 200 len: 866 time: 0.0566273
2026-05-31 07:00:28.647 9 INFO neutron.plugins.ml2.plugin [None req-378f219e-fb21-4b85-bd37-a148f77145a1 - - - - - -] Attempt 1 to provision port 3fd19514-11bb-440e-ab67-9378d1c8495a
2026-05-31 07:00:28.712 9 INFO neutron.wsgi [req-002cd94e-1eb5-40d9-88af-c61962e1e7b0 req-d478ee4e-e75c-4df7-85f5-116129bb10c4 5cf45da4573e48c9a0ce8cd4d09c21a0 4c476e0bd3274a2ba42bd5be943bbd8f - - d7692b27b11a4bd8873e5d3d4b3c9916 d7692b27b11a4bd8873e5d3d4b3c9916] 199.204.45.89 "GET /v2.0/ports?network_id=54ae6479-25f7-4c95-b223-f085a7a9ea04&device_owner=network%3Adhcp HTTP/1.1" status: 200 len: 210 time: 0.0481575 /var/lib/openstack/lib/python3.10/site-packages/pycadf/identifier.py:71: UserWarning: Invalid uuid: neutron. To ensure interoperability, identifiers should be a valid uuid. warnings.warn(('Invalid uuid: %s. To ensure interoperability, '
2026-05-31 07:00:28.753 10 INFO neutron.wsgi [None req-46bc9289-5207-4e13-b1e7-2af1bb80fc43 8b9c7af5d8ee4db9bf808d1c36836326 728873e09eee41428abfc01bbfb1bc64 - - default default] 10.0.0.132 "DELETE /v2.0/security-groups/b9226ad3-ba02-49fb-afc8-c7f942a080f0 HTTP/1.1" status: 204 len: 168 time: 0.2459269
2026-05-31 07:00:29.015 9 WARNING neutron.scheduler.dhcp_agent_scheduler [None req-bbeaa20e-5136-4de8-8f3a-747170c07829 eaf3f295eb4c449b88575bc7e70083ab 9a6f6d9fd9194c79ab1fce5bd162cc99 - - default default] No more DHCP agents
2026-05-31 07:00:29.028 9 WARNING neutron.api.rpc.agentnotifiers.dhcp_rpc_agent_api [None req-bbeaa20e-5136-4de8-8f3a-747170c07829 eaf3f295eb4c449b88575bc7e70083ab 9a6f6d9fd9194c79ab1fce5bd162cc99 - - default default] Unable to schedule network 27ffa88a-7474-4b65-9261-566ce9a704f4: no agents available; will retry on subsequent port and subnet creation events.
2026-05-31 07:00:29.049 9 INFO neutron.wsgi [req-002cd94e-1eb5-40d9-88af-c61962e1e7b0 req-cca5a0af-4cda-4dbf-8d16-3fffb64e82ba 5cf45da4573e48c9a0ce8cd4d09c21a0 4c476e0bd3274a2ba42bd5be943bbd8f - - d7692b27b11a4bd8873e5d3d4b3c9916 d7692b27b11a4bd8873e5d3d4b3c9916] 199.204.45.89 "GET /v2.0/networks/54ae6479-25f7-4c95-b223-f085a7a9ea04?fields=segments HTTP/1.1" status: 200 len: 212 time: 0.3290474 /var/lib/openstack/lib/python3.10/site-packages/pycadf/identifier.py:71: UserWarning: Invalid uuid: neutron. To ensure interoperability, identifiers should be a valid uuid. warnings.warn(('Invalid uuid: %s. To ensure interoperability, '
2026-05-31 07:00:29.140 9 INFO neutron.wsgi [req-002cd94e-1eb5-40d9-88af-c61962e1e7b0 req-e5b4380f-00f1-43f4-9156-98840e863919 5cf45da4573e48c9a0ce8cd4d09c21a0 4c476e0bd3274a2ba42bd5be943bbd8f - - d7692b27b11a4bd8873e5d3d4b3c9916 d7692b27b11a4bd8873e5d3d4b3c9916] 199.204.45.89 "GET /v2.0/networks/54ae6479-25f7-4c95-b223-f085a7a9ea04?fields=provider%3Aphysical_network&fields=provider%3Anetwork_type HTTP/1.1" status: 200 len: 277 time: 0.0834019
2026-05-31 07:00:29.216 9 INFO neutron.db.ovn_revision_numbers_db [None req-bbeaa20e-5136-4de8-8f3a-747170c07829 eaf3f295eb4c449b88575bc7e70083ab 9a6f6d9fd9194c79ab1fce5bd162cc99 - - default default] Successfully bumped revision number for resource 0135483d-941c-4e56-a3be-517bc8837da8 (type: ports) to 1
2026-05-31 07:00:29.233 9 INFO neutron.wsgi [req-283ccce4-8291-4588-8c43-f89b74246f27 req-1f5d7f71-a276-4122-89fd-aac1da693284 5cf45da4573e48c9a0ce8cd4d09c21a0 4c476e0bd3274a2ba42bd5be943bbd8f - - d7692b27b11a4bd8873e5d3d4b3c9916 d7692b27b11a4bd8873e5d3d4b3c9916] 199.204.45.89 "GET /v2.0/ports?tenant_id=ef70519c2ee047549b6c50ee16161b04&device_id=3924c20a-ef37-43bf-8b10-a4cfc66720cb HTTP/1.1" status: 200 len: 1411 time: 0.0467355
2026-05-31 07:00:29.251 9 INFO neutron.wsgi [None req-bbeaa20e-5136-4de8-8f3a-747170c07829 eaf3f295eb4c449b88575bc7e70083ab 9a6f6d9fd9194c79ab1fce5bd162cc99 - - default default] 10.0.0.132 "POST /v2.0/ports HTTP/1.1" status: 201 len: 1157 time: 1.0481160
2026-05-31 07:00:29.268 9 WARNING neutron_lib.context [None req-26af8015-1b91-47ee-9250-aea8cfbd6d2d eaf3f295eb4c449b88575bc7e70083ab 9a6f6d9fd9194c79ab1fce5bd162cc99 - - default default] Method 'is_advsvc' is deprecated since 2023.2 release (neutron-lib 3.8.0) and will be removed once support for the old RBAC API policies will be removed from Neutron. Please use method 'is_service_role' instead.
2026-05-31 07:00:29.343 9 INFO neutron.wsgi [req-283ccce4-8291-4588-8c43-f89b74246f27 req-a6accdf0-d70f-4480-a9d2-4e06fe00daf7 5cf45da4573e48c9a0ce8cd4d09c21a0 4c476e0bd3274a2ba42bd5be943bbd8f - - d7692b27b11a4bd8873e5d3d4b3c9916 d7692b27b11a4bd8873e5d3d4b3c9916] 199.204.45.89 "GET /v2.0/networks?id=54ae6479-25f7-4c95-b223-f085a7a9ea04 HTTP/1.1" status: 200 len: 970 time: 0.1022592
2026-05-31 07:00:29.381 9 INFO neutron.wsgi [req-283ccce4-8291-4588-8c43-f89b74246f27 req-9d162959-53ea-4e3f-a654-9246d20667b0 5cf45da4573e48c9a0ce8cd4d09c21a0 4c476e0bd3274a2ba42bd5be943bbd8f - - d7692b27b11a4bd8873e5d3d4b3c9916 d7692b27b11a4bd8873e5d3d4b3c9916] 199.204.45.89 "GET /v2.0/floatingips?fixed_ip_address=10.100.0.12&port_id=dea2b79d-5660-46a5-aa11-794210b108ca HTTP/1.1" status: 200 len: 217 time: 0.0274293
2026-05-31 07:00:29.432 9 INFO neutron.wsgi [req-283ccce4-8291-4588-8c43-f89b74246f27 req-3144d86a-680e-45fe-8198-3f555c57b77a 5cf45da4573e48c9a0ce8cd4d09c21a0 4c476e0bd3274a2ba42bd5be943bbd8f - - d7692b27b11a4bd8873e5d3d4b3c9916 d7692b27b11a4bd8873e5d3d4b3c9916] 199.204.45.89 "GET /v2.0/subnets?id=178ee632-b157-47db-9018-a1df77151720 HTTP/1.1" status: 200 len: 866 time: 0.0436263
2026-05-31 07:00:29.457 10 INFO neutron.wsgi [req-1ee6df5c-8a12-4b24-90c8-4c8b3c72b363 req-2e745d05-89d2-46ee-8762-49b59c3f5248 40b21858db354b219b718cd1bf56658d ef70519c2ee047549b6c50ee16161b04 - - default default] 10.0.0.29 "GET /v2.0/ports?device_id=3924c20a-ef37-43bf-8b10-a4cfc66720cb HTTP/1.1" status: 200 len: 1172 time: 0.0540838
2026-05-31 07:00:29.457 9 INFO neutron.wsgi [req-283ccce4-8291-4588-8c43-f89b74246f27 req-7f8a0143-fb72-4b50-8b41-e4d4ca4b48a1 5cf45da4573e48c9a0ce8cd4d09c21a0 4c476e0bd3274a2ba42bd5be943bbd8f - - d7692b27b11a4bd8873e5d3d4b3c9916 d7692b27b11a4bd8873e5d3d4b3c9916] 199.204.45.89 "GET /v2.0/ports?network_id=54ae6479-25f7-4c95-b223-f085a7a9ea04&device_owner=network%3Adhcp HTTP/1.1" status: 200 len: 210 time: 0.0189073
2026-05-31 07:00:29.508 10 INFO neutron.wsgi [req-1ee6df5c-8a12-4b24-90c8-4c8b3c72b363 req-3e21c9fb-ff24-4f5f-863b-cc65de47ddfd 40b21858db354b219b718cd1bf56658d ef70519c2ee047549b6c50ee16161b04 - - default default] 10.0.0.29 "GET /v2.0/security-groups?id=d1452424-d264-4aec-8066-05824a2ea9f6&fields=id&fields=name HTTP/1.1" status: 200 len: 286 time: 0.0444081
2026-05-31 07:00:29.545 9 INFO neutron.wsgi [req-283ccce4-8291-4588-8c43-f89b74246f27 req-d529dc30-2e75-47b0-a122-f42eda64ed93 5cf45da4573e48c9a0ce8cd4d09c21a0 4c476e0bd3274a2ba42bd5be943bbd8f - - d7692b27b11a4bd8873e5d3d4b3c9916 d7692b27b11a4bd8873e5d3d4b3c9916] 199.204.45.89 "GET /v2.0/networks/54ae6479-25f7-4c95-b223-f085a7a9ea04?fields=segments HTTP/1.1" status: 200 len: 212 time: 0.0820065
2026-05-31 07:00:29.634 9 INFO neutron.wsgi [req-283ccce4-8291-4588-8c43-f89b74246f27 req-66cad5f9-e3b6-4f35-be20-59e41f0fddd2 5cf45da4573e48c9a0ce8cd4d09c21a0 4c476e0bd3274a2ba42bd5be943bbd8f - - d7692b27b11a4bd8873e5d3d4b3c9916 d7692b27b11a4bd8873e5d3d4b3c9916] 199.204.45.89 "GET /v2.0/networks/54ae6479-25f7-4c95-b223-f085a7a9ea04?fields=provider%3Aphysical_network&fields=provider%3Anetwork_type HTTP/1.1" status: 200 len: 277 time: 0.0839572
2026-05-31 07:00:29.735 9 WARNING neutron.scheduler.dhcp_agent_scheduler [None req-26af8015-1b91-47ee-9250-aea8cfbd6d2d eaf3f295eb4c449b88575bc7e70083ab 9a6f6d9fd9194c79ab1fce5bd162cc99 - - default default] No more DHCP agents
2026-05-31 07:00:29.737 9 WARNING neutron.api.rpc.agentnotifiers.dhcp_rpc_agent_api [None req-26af8015-1b91-47ee-9250-aea8cfbd6d2d eaf3f295eb4c449b88575bc7e70083ab 9a6f6d9fd9194c79ab1fce5bd162cc99 - - default default] Unable to schedule network 27ffa88a-7474-4b65-9261-566ce9a704f4: no agents available; will retry on subsequent port and subnet creation events.
2026-05-31 07:00:29.942 9 INFO neutron.db.ovn_revision_numbers_db [None req-26af8015-1b91-47ee-9250-aea8cfbd6d2d eaf3f295eb4c449b88575bc7e70083ab 9a6f6d9fd9194c79ab1fce5bd162cc99 - - default default] Successfully bumped revision number for resource 9caf8a21-dcfb-4555-bf57-ee461f3aa074 (type: ports) to 1
2026-05-31 07:00:29.970 9 INFO neutron.wsgi [None req-26af8015-1b91-47ee-9250-aea8cfbd6d2d eaf3f295eb4c449b88575bc7e70083ab 9a6f6d9fd9194c79ab1fce5bd162cc99 - - default default] 10.0.0.132 "POST /v2.0/ports HTTP/1.1" status: 201 len: 1153 time: 0.7119071 /var/lib/openstack/lib/python3.10/site-packages/pycadf/identifier.py:71: UserWarning: Invalid uuid: neutron. To ensure interoperability, identifiers should be a valid uuid. warnings.warn(('Invalid uuid: %s. To ensure interoperability, '
2026-05-31 07:00:29.979 9 WARNING neutron_lib.context [None req-ebe4529b-592c-4dbc-ad6a-d241d23c5ac1 eaf3f295eb4c449b88575bc7e70083ab 9a6f6d9fd9194c79ab1fce5bd162cc99 - - default default] Method 'is_advsvc' is deprecated since 2023.2 release (neutron-lib 3.8.0) and will be removed once support for the old RBAC API policies will be removed from Neutron. Please use method 'is_service_role' instead.
2026-05-31 07:00:30.266 9 WARNING neutron.scheduler.dhcp_agent_scheduler [None req-ebe4529b-592c-4dbc-ad6a-d241d23c5ac1 eaf3f295eb4c449b88575bc7e70083ab 9a6f6d9fd9194c79ab1fce5bd162cc99 - - default default] No more DHCP agents
2026-05-31 07:00:30.267 9 WARNING neutron.api.rpc.agentnotifiers.dhcp_rpc_agent_api [None req-ebe4529b-592c-4dbc-ad6a-d241d23c5ac1 eaf3f295eb4c449b88575bc7e70083ab 9a6f6d9fd9194c79ab1fce5bd162cc99 - - default default] Unable to schedule network f0e613b5-6772-4521-99fb-04ec7a1b5090: no agents available; will retry on subsequent port and subnet creation events.
2026-05-31 07:00:30.628 9 INFO neutron.wsgi [req-86f62a42-00b7-4a74-86b1-dc8203ec44d7 req-1523996b-0bad-4292-bfd9-1a631e893c05 40b21858db354b219b718cd1bf56658d ef70519c2ee047549b6c50ee16161b04 - - default default] 10.0.0.29 "GET /v2.0/ports?device_id=3924c20a-ef37-43bf-8b10-a4cfc66720cb HTTP/1.1" status: 200 len: 1172 time: 0.0532210
2026-05-31 07:00:30.681 9 INFO neutron.wsgi [req-86f62a42-00b7-4a74-86b1-dc8203ec44d7 req-95b5f69a-dc49-4bbf-93cd-e631fa4fa00f 40b21858db354b219b718cd1bf56658d ef70519c2ee047549b6c50ee16161b04 - - default default] 10.0.0.29 "GET /v2.0/security-groups?id=d1452424-d264-4aec-8066-05824a2ea9f6&fields=id&fields=name HTTP/1.1" status: 200 len: 286 time: 0.0443895
2026-05-31 07:00:30.939 9 WARNING neutron_lib.context [None req-1c50adcb-2ee1-4074-a917-fba5cefd0013 bb3a06d0417344849b56d7454da90606 a88befd51b4143008447071c6dd45288 - - default default] Method 'is_advsvc' is deprecated since 2023.2 release (neutron-lib 3.8.0) and will be removed once support for the old RBAC API policies will be removed from Neutron. Please use method 'is_service_role' instead.
2026-05-31 07:00:31.064 10 INFO neutron.db.ovn_revision_numbers_db [None req-f4a37c44-8818-4c91-945a-ac9e5a7c495d 8b9c7af5d8ee4db9bf808d1c36836326 728873e09eee41428abfc01bbfb1bc64 - - default default] Successfully bumped revision number for resource d7550fa4-8b57-4336-b594-21c6117f50f2 (type: security_groups) to 1
2026-05-31 07:00:31.079 10 INFO neutron.db.ovn_revision_numbers_db [None req-f4a37c44-8818-4c91-945a-ac9e5a7c495d 8b9c7af5d8ee4db9bf808d1c36836326 728873e09eee41428abfc01bbfb1bc64 - - default default] Successfully bumped revision number for resource 15d2c776-595c-4a35-948a-173560da0f3f (type: security_group_rules) to 0
2026-05-31 07:00:31.098 10 INFO neutron.db.ovn_revision_numbers_db [None req-f4a37c44-8818-4c91-945a-ac9e5a7c495d 8b9c7af5d8ee4db9bf808d1c36836326 728873e09eee41428abfc01bbfb1bc64 - - default default] Successfully bumped revision number for resource 4f258e0a-f2f4-47d4-bcda-4549f1c2ab44 (type: security_group_rules) to 0
2026-05-31 07:00:31.111 10 INFO neutron.db.ovn_revision_numbers_db [None req-f4a37c44-8818-4c91-945a-ac9e5a7c495d 8b9c7af5d8ee4db9bf808d1c36836326 728873e09eee41428abfc01bbfb1bc64 - - default default] Successfully bumped revision number for resource 5fe2f734-a47a-4989-b042-a680271bd83f (type: security_group_rules) to 0
2026-05-31 07:00:31.138 10 INFO neutron.db.ovn_revision_numbers_db [None req-f4a37c44-8818-4c91-945a-ac9e5a7c495d 8b9c7af5d8ee4db9bf808d1c36836326 728873e09eee41428abfc01bbfb1bc64 - - default default] Successfully bumped revision number for resource a92909cb-f80b-4b10-91bc-007de09483d9 (type: security_group_rules) to 0
2026-05-31 07:00:31.159 10 INFO neutron.wsgi [None req-f4a37c44-8818-4c91-945a-ac9e5a7c495d 8b9c7af5d8ee4db9bf808d1c36836326 728873e09eee41428abfc01bbfb1bc64 - - default default] 10.0.0.132 "GET /v2.0/security-groups?tenant_id=7e87736bce214d7c963c3f139846adb0&name=default HTTP/1.1" status: 200 len: 3120 time: 0.3508298
2026-05-31 07:00:31.159 9 INFO neutron.db.ovn_revision_numbers_db [None req-ebe4529b-592c-4dbc-ad6a-d241d23c5ac1 eaf3f295eb4c449b88575bc7e70083ab 9a6f6d9fd9194c79ab1fce5bd162cc99 - - default default] Successfully bumped revision number for resource 125da2f5-4ed8-4676-9625-7d5a87cbccbb (type: floatingips) to -1
2026-05-31 07:00:31.162 9 INFO neutron.db.ovn_revision_numbers_db [None req-1c50adcb-2ee1-4074-a917-fba5cefd0013 bb3a06d0417344849b56d7454da90606 a88befd51b4143008447071c6dd45288 - - default default] Successfully bumped revision number for resource ecaa4fc2-01a9-49be-acf2-d572a92decb5 (type: security_groups) to 1
2026-05-31 07:00:31.196 9 INFO neutron.db.ovn_revision_numbers_db [None req-1c50adcb-2ee1-4074-a917-fba5cefd0013 bb3a06d0417344849b56d7454da90606 a88befd51b4143008447071c6dd45288 - - default default] Successfully bumped revision number for resource 3f82f4af-4cb8-46e7-8b03-6d53558e47e4 (type: security_group_rules) to 0
2026-05-31 07:00:31.219 9 INFO neutron.db.ovn_revision_numbers_db [None req-1c50adcb-2ee1-4074-a917-fba5cefd0013 bb3a06d0417344849b56d7454da90606 a88befd51b4143008447071c6dd45288 - - default default] Successfully bumped revision number for resource 9cc8dfb5-f89f-49f0-967d-34411b503cf6 (type: security_group_rules) to 0
2026-05-31 07:00:31.235 9 INFO neutron.db.ovn_revision_numbers_db [None req-1c50adcb-2ee1-4074-a917-fba5cefd0013 bb3a06d0417344849b56d7454da90606 a88befd51b4143008447071c6dd45288 - - default default] Successfully bumped revision number for resource d4392bf5-2b72-4e4d-a7e6-0a1bbf6f0fa3 (type: security_group_rules) to 0
2026-05-31 07:00:31.264 9 INFO neutron.db.ovn_revision_numbers_db [None req-1c50adcb-2ee1-4074-a917-fba5cefd0013 bb3a06d0417344849b56d7454da90606 a88befd51b4143008447071c6dd45288 - - default default] Successfully bumped revision number for resource e7f9f340-93ad-4105-bc8a-ca88bc16e352 (type: security_group_rules) to 0
2026-05-31 07:00:31.310 9 INFO neutron.db.ovn_revision_numbers_db [None req-ebe4529b-592c-4dbc-ad6a-d241d23c5ac1 eaf3f295eb4c449b88575bc7e70083ab 9a6f6d9fd9194c79ab1fce5bd162cc99 - - default default] Successfully bumped revision number for resource 125da2f5-4ed8-4676-9625-7d5a87cbccbb (type: floatingips) to 1
2026-05-31 07:00:31.311 9 INFO neutron.db.l3_db [None req-ebe4529b-592c-4dbc-ad6a-d241d23c5ac1 eaf3f295eb4c449b88575bc7e70083ab 9a6f6d9fd9194c79ab1fce5bd162cc99 - - default default] Floating IP 125da2f5-4ed8-4676-9625-7d5a87cbccbb associated. External IP: 10.96.250.219, port: 9caf8a21-dcfb-4555-bf57-ee461f3aa074.
2026-05-31 07:00:31.332 9 INFO neutron.db.segments_db [None req-1c50adcb-2ee1-4074-a917-fba5cefd0013 bb3a06d0417344849b56d7454da90606 a88befd51b4143008447071c6dd45288 - - default default] Added segment c0c2ff07-069d-4420-ad1f-5e27dd6b67a4 of type geneve for network e6ecd80d-fb73-4e9d-8b96-95ade2ab3e88
2026-05-31 07:00:31.375 9 INFO neutron.wsgi [None req-ebe4529b-592c-4dbc-ad6a-d241d23c5ac1 eaf3f295eb4c449b88575bc7e70083ab 9a6f6d9fd9194c79ab1fce5bd162cc99 - - default default] 10.0.0.132 "POST /v2.0/floatingips HTTP/1.1" status: 201 len: 1040 time: 1.4014804
2026-05-31 07:00:31.377 10 INFO neutron.wsgi [None req-b37407b5-e1f9-4a76-be61-956c24f336c7 8b9c7af5d8ee4db9bf808d1c36836326 728873e09eee41428abfc01bbfb1bc64 - - default default] 10.0.0.132 "DELETE /v2.0/security-groups/d7550fa4-8b57-4336-b594-21c6117f50f2 HTTP/1.1" status: 204 len: 168 time: 0.2115200
2026-05-31 07:00:31.590 10 INFO neutron.db.ovn_revision_numbers_db [None req-d81d5b3b-93a7-4e33-a8fe-afc11103c769 eaf3f295eb4c449b88575bc7e70083ab 9a6f6d9fd9194c79ab1fce5bd162cc99 - - default default] Successfully bumped revision number for resource 125da2f5-4ed8-4676-9625-7d5a87cbccbb (type: floatingips) to 2
2026-05-31 07:00:31.660 10 INFO neutron.wsgi [-] 10.0.0.96 "GET / HTTP/1.1" status: 200 len: 246 time: 0.0023172
2026-05-31 07:00:31.662 10 INFO neutron.wsgi [-] 10.0.0.96 "GET / HTTP/1.1" status: 200 len: 246 time: 0.0015991
2026-05-31 07:00:31.663 10 INFO neutron.db.l3_db [None req-d81d5b3b-93a7-4e33-a8fe-afc11103c769 eaf3f295eb4c449b88575bc7e70083ab 9a6f6d9fd9194c79ab1fce5bd162cc99 - - default default] Floating IP 125da2f5-4ed8-4676-9625-7d5a87cbccbb disassociated. External IP: 10.96.250.219, port: 9caf8a21-dcfb-4555-bf57-ee461f3aa074.
2026-05-31 07:00:31.700 10 INFO neutron.wsgi [None req-d81d5b3b-93a7-4e33-a8fe-afc11103c769 eaf3f295eb4c449b88575bc7e70083ab 9a6f6d9fd9194c79ab1fce5bd162cc99 - - default default] 10.0.0.132 "PUT /v2.0/floatingips/125da2f5-4ed8-4676-9625-7d5a87cbccbb HTTP/1.1" status: 200 len: 748 time: 0.3182704
2026-05-31 07:00:31.700 10 INFO neutron.db.ovn_revision_numbers_db [None req-74a4bd0f-c989-436b-ade8-85f041bff10a 8b9c7af5d8ee4db9bf808d1c36836326 728873e09eee41428abfc01bbfb1bc64 - - default default] Successfully bumped revision number for resource 1105b58c-c1c1-44f9-af6e-b8e2c5a7b468 (type: security_groups) to 1
2026-05-31 07:00:31.736 10 INFO neutron.db.ovn_revision_numbers_db [None req-74a4bd0f-c989-436b-ade8-85f041bff10a 8b9c7af5d8ee4db9bf808d1c36836326 728873e09eee41428abfc01bbfb1bc64 - - default default] Successfully bumped revision number for resource 20c0451c-f996-45a5-9b19-55f44177b91e (type: security_group_rules) to 0
2026-05-31 07:00:31.776 10 INFO neutron.db.ovn_revision_numbers_db [None req-74a4bd0f-c989-436b-ade8-85f041bff10a 8b9c7af5d8ee4db9bf808d1c36836326 728873e09eee41428abfc01bbfb1bc64 - - default default] Successfully bumped revision number for resource 286f80d5-36a2-4cea-8cfb-a45a728688e2 (type: security_group_rules) to 0
2026-05-31 07:00:31.790 9 INFO neutron.db.ovn_revision_numbers_db [None req-1c50adcb-2ee1-4074-a917-fba5cefd0013 bb3a06d0417344849b56d7454da90606 a88befd51b4143008447071c6dd45288 - - default default] Successfully bumped revision number for resource e6ecd80d-fb73-4e9d-8b96-95ade2ab3e88 (type: networks) to 1
2026-05-31 07:00:31.809 10 INFO neutron.db.ovn_revision_numbers_db [None req-74a4bd0f-c989-436b-ade8-85f041bff10a 8b9c7af5d8ee4db9bf808d1c36836326 728873e09eee41428abfc01bbfb1bc64 - - default default] Successfully bumped revision number for resource 4bfde41a-215b-4661-93bf-e19e233d3a88 (type: security_group_rules) to 0
2026-05-31 07:00:31.829 10 INFO neutron.wsgi [req-86da870b-06d8-4a6a-aa45-0727a4d9c60e req-19dc100f-10b6-4d5b-8d14-f7b0b7617c8a 40b21858db354b219b718cd1bf56658d ef70519c2ee047549b6c50ee16161b04 - - default default] 10.0.0.29 "GET /v2.0/ports?device_id=3924c20a-ef37-43bf-8b10-a4cfc66720cb HTTP/1.1" status: 200 len: 1172 time: 0.0648179
2026-05-31 07:00:31.840 10 INFO neutron.db.ovn_revision_numbers_db [None req-74a4bd0f-c989-436b-ade8-85f041bff10a 8b9c7af5d8ee4db9bf808d1c36836326 728873e09eee41428abfc01bbfb1bc64 - - default default] Successfully bumped revision number for resource dca289eb-a24a-47d5-b10b-8b4d3e6e7f66 (type: security_group_rules) to 0
2026-05-31 07:00:31.873 10 INFO neutron.wsgi [None req-74a4bd0f-c989-436b-ade8-85f041bff10a 8b9c7af5d8ee4db9bf808d1c36836326 728873e09eee41428abfc01bbfb1bc64 - - default default] 10.0.0.132 "GET /v2.0/security-groups?tenant_id=f9e8fa979fdb46d5859acffb8be22701&name=default HTTP/1.1" status: 200 len: 3120 time: 0.3893218
2026-05-31 07:00:31.933 10 INFO neutron.wsgi [req-86da870b-06d8-4a6a-aa45-0727a4d9c60e req-a5070c33-b2c6-4fa4-8ba8-092bd5b65149 40b21858db354b219b718cd1bf56658d ef70519c2ee047549b6c50ee16161b04 - - default default] 10.0.0.29 "GET /v2.0/security-groups?id=d1452424-d264-4aec-8066-05824a2ea9f6&fields=id&fields=name HTTP/1.1" status: 200 len: 286 time: 0.1001849
2026-05-31 07:00:31.990 9 WARNING neutron.scheduler.dhcp_agent_scheduler [None req-1c50adcb-2ee1-4074-a917-fba5cefd0013 bb3a06d0417344849b56d7454da90606 a88befd51b4143008447071c6dd45288 - - default default] No more DHCP agents
2026-05-31 07:00:31.992 9 WARNING neutron.api.rpc.agentnotifiers.dhcp_rpc_agent_api [None req-1c50adcb-2ee1-4074-a917-fba5cefd0013 bb3a06d0417344849b56d7454da90606 a88befd51b4143008447071c6dd45288 - - default default] Unable to schedule network e6ecd80d-fb73-4e9d-8b96-95ade2ab3e88: no agents available; will retry on subsequent port and subnet creation events.
2026-05-31 07:00:32.080 9 INFO neutron.db.ovn_revision_numbers_db [None req-1c50adcb-2ee1-4074-a917-fba5cefd0013 bb3a06d0417344849b56d7454da90606 a88befd51b4143008447071c6dd45288 - - default default] Successfully bumped revision number for resource bc706656-2161-49f8-9bde-4c7f6c0da424 (type: ports) to 1
2026-05-31 07:00:32.101 9 INFO neutron.wsgi [None req-1c50adcb-2ee1-4074-a917-fba5cefd0013 bb3a06d0417344849b56d7454da90606 a88befd51b4143008447071c6dd45288 - - default default] 10.0.0.132 "POST /v2.0/networks HTTP/1.1" status: 201 len: 844 time: 1.3794885
2026-05-31 07:00:32.111 9 WARNING neutron_lib.context [None req-5cac2d90-fc5c-4684-9f7c-89cb007d7385 bb3a06d0417344849b56d7454da90606 a88befd51b4143008447071c6dd45288 - - default default] Method 'is_advsvc' is deprecated since 2023.2 release (neutron-lib 3.8.0) and will be removed once support for the old RBAC API policies will be removed from Neutron. Please use method 'is_service_role' instead.
2026-05-31 07:00:32.185 10 INFO neutron.wsgi [None req-d83ed405-9a67-4d63-9846-6f2c3e77a496 8b9c7af5d8ee4db9bf808d1c36836326 728873e09eee41428abfc01bbfb1bc64 - - default default] 10.0.0.132 "DELETE /v2.0/security-groups/1105b58c-c1c1-44f9-af6e-b8e2c5a7b468 HTTP/1.1" status: 204 len: 168 time: 0.3050070
2026-05-31 07:00:32.211 10 INFO neutron.wsgi [None req-5ec8cbd8-e116-4d44-9778-4bed369300b7 eaf3f295eb4c449b88575bc7e70083ab 9a6f6d9fd9194c79ab1fce5bd162cc99 - - default default] 10.0.0.132 "DELETE /v2.0/floatingips/125da2f5-4ed8-4676-9625-7d5a87cbccbb HTTP/1.1" status: 204 len: 168 time: 0.5047498
2026-05-31 07:00:32.223 10 WARNING neutron_lib.context [None req-a8ab265c-557e-4cad-800f-ea82f4996591 eaf3f295eb4c449b88575bc7e70083ab 9a6f6d9fd9194c79ab1fce5bd162cc99 - - default default] Method 'is_advsvc' is deprecated since 2023.2 release (neutron-lib 3.8.0) and will be removed once support for the old RBAC API policies will be removed from Neutron. Please use method 'is_service_role' instead.
2026-05-31 07:00:32.386 9 WARNING neutron.scheduler.dhcp_agent_scheduler [None req-5cac2d90-fc5c-4684-9f7c-89cb007d7385 bb3a06d0417344849b56d7454da90606 a88befd51b4143008447071c6dd45288 - - default default] No more DHCP agents
2026-05-31 07:00:32.389 9 WARNING neutron.api.rpc.agentnotifiers.dhcp_rpc_agent_api [None req-5cac2d90-fc5c-4684-9f7c-89cb007d7385 bb3a06d0417344849b56d7454da90606 a88befd51b4143008447071c6dd45288 - - default default] Unable to schedule network e6ecd80d-fb73-4e9d-8b96-95ade2ab3e88: no agents available; will retry on subsequent port and subnet creation events.
2026-05-31 07:00:32.465 9 INFO neutron.db.ovn_revision_numbers_db [None req-5cac2d90-fc5c-4684-9f7c-89cb007d7385 bb3a06d0417344849b56d7454da90606 a88befd51b4143008447071c6dd45288 - - default default] Successfully bumped revision number for resource 43a83ee6-9a38-437f-92c8-0b7300fc925b (type: ports) to 1
2026-05-31 07:00:32.484 10 WARNING neutron.scheduler.dhcp_agent_scheduler [None req-a8ab265c-557e-4cad-800f-ea82f4996591 eaf3f295eb4c449b88575bc7e70083ab 9a6f6d9fd9194c79ab1fce5bd162cc99 - - default default] No more DHCP agents
2026-05-31 07:00:32.485 9 INFO neutron.wsgi [None req-5cac2d90-fc5c-4684-9f7c-89cb007d7385 bb3a06d0417344849b56d7454da90606 a88befd51b4143008447071c6dd45288 - - default default] 10.0.0.132 "POST /v2.0/ports HTTP/1.1" status: 201 len: 974 time: 0.3795176
2026-05-31 07:00:32.486 10 WARNING neutron.api.rpc.agentnotifiers.dhcp_rpc_agent_api [None req-a8ab265c-557e-4cad-800f-ea82f4996591 eaf3f295eb4c449b88575bc7e70083ab 9a6f6d9fd9194c79ab1fce5bd162cc99 - - default default] Unable to schedule network f0e613b5-6772-4521-99fb-04ec7a1b5090: no agents available; will retry on subsequent port and subnet creation events. /var/lib/openstack/lib/python3.10/site-packages/pycadf/identifier.py:71: UserWarning: Invalid uuid: neutron. To ensure interoperability, identifiers should be a valid uuid. warnings.warn(('Invalid uuid: %s. To ensure interoperability, '
