2026-04-12 21:51:12.859 10 INFO neutron.api.wsgi [req-becb647a-8793-4a55-9650-23d13d215230 req-393339f0-5b07-432b-842e-a6b870f149fc caa67bfb76fd4febb0e3a2d63c3f8db8 e313c1cc6dd5405d81753afeacdb22c9 - - default default] 10.0.0.69 "GET /v2.0/ports?device_id=70d28329-600c-417c-aac7-ac23503205e0 HTTP/1.1" status: 200 len: 1168 time: 0.0355098
2026-04-12 21:51:12.905 10 INFO neutron.api.wsgi [req-becb647a-8793-4a55-9650-23d13d215230 req-03ca23af-8a3c-4db1-aaa3-d979260ec081 caa67bfb76fd4febb0e3a2d63c3f8db8 e313c1cc6dd5405d81753afeacdb22c9 - - default default] 10.0.0.69 "GET /v2.0/security-groups?id=830a1c0f-2401-4fa1-a15a-bc496cc52e27&fields=id&fields=name HTTP/1.1" status: 200 len: 313 time: 0.0389204
2026-04-12 21:51:12.970 9 INFO neutron.notifiers.nova [-] Nova event matching ['req-c9272538-972e-46f5-a4b2-5884adb6debc'] response: {'server_uuid': '70d28329-600c-417c-aac7-ac23503205e0', 'name': 'network-vif-unplugged', 'status': 'completed', 'tag': 'c06de231-eaaf-42d6-850f-12c23ae0ddba', 'code': 200}
2026-04-12 21:51:12.970 9 INFO neutron.notifiers.nova [-] Nova event matching ['req-c9272538-972e-46f5-a4b2-5884adb6debc'] response: {'server_uuid': '70d28329-600c-417c-aac7-ac23503205e0', 'name': 'network-vif-unplugged', 'status': 'completed', 'tag': 'c06de231-eaaf-42d6-850f-12c23ae0ddba', 'code': 200}
2026-04-12 21:51:12.989 9 INFO neutron.db.ovn_revision_numbers_db [None req-4e3ea0cb-ef00-43b6-9d2c-d67080cb837c - - - - - -] Successfully bumped revision number for resource 4f279323-062f-4907-86e4-45d748425c9c (type: ports) to 5
2026-04-12 21:51:13.165 9 INFO neutron.plugins.ml2.drivers.ovn.mech_driver.mech_driver [None req-e7fde158-27e2-463e-b6ac-805368f63180 - - - - - -] OVN reports status up for port: 71b87fcf-25c2-41db-afff-62d29e286334
2026-04-12 21:51:13.176 9 INFO neutron.plugins.ml2.plugin [None req-e7fde158-27e2-463e-b6ac-805368f63180 - - - - - -] Attempt 1 to provision port 71b87fcf-25c2-41db-afff-62d29e286334
2026-04-12 21:51:13.197 10 INFO neutron.api.wsgi [req-1547d4b8-0977-477a-bf30-4ba9ebec9db2 req-b8e39294-e3fc-4b3a-93d2-acac146188ba 4b40f74b9ac549d7aa9124e65b8f2057 4125b6f5b33d46a9988e90db2d3d806d - - default default] 10.0.0.69 "GET /v2.0/ports?device_id=33c6e2ab-c159-40ae-b03a-b6e95924f59e HTTP/1.1" status: 200 len: 210 time: 0.0377672
2026-04-12 21:51:13.217 10 INFO neutron.db.ovn_revision_numbers_db [None req-fa391dfc-22ee-4593-bc01-96538042437d a567ec0a27104407b95cbb39e5809502 8a4ca2cca7574d2289ce86cc5ffab9bc - - default default] Successfully bumped revision number for resource 71b87fcf-25c2-41db-afff-62d29e286334 (type: ports) to 1
2026-04-12 21:51:13.288 10 WARNING neutron.scheduler.dhcp_agent_scheduler [None req-fa391dfc-22ee-4593-bc01-96538042437d a567ec0a27104407b95cbb39e5809502 8a4ca2cca7574d2289ce86cc5ffab9bc - - default default] No more DHCP agents
2026-04-12 21:51:13.289 10 WARNING neutron.api.rpc.agentnotifiers.dhcp_rpc_agent_api [None req-fa391dfc-22ee-4593-bc01-96538042437d a567ec0a27104407b95cbb39e5809502 8a4ca2cca7574d2289ce86cc5ffab9bc - - default default] Unable to schedule network 9021c46f-849d-4203-b273-66003e007f98: no agents available; will retry on subsequent port and subnet creation events. /var/lib/openstack/lib/python3.12/site-packages/pycadf/identifier.py:71: UserWarning: Invalid uuid: neutron. To ensure interoperability, identifiers should be a valid uuid. warnings.warn(('Invalid uuid: %s. To ensure interoperability, '
2026-04-12 21:51:13.370 10 INFO neutron.notifiers.nova [-] Nova event matching ['req-93fd4dfa-d09f-4036-8ad1-c676e0c343d6'] response: {'server_uuid': '33c6e2ab-c159-40ae-b03a-b6e95924f59e', 'name': 'network-vif-deleted', 'tag': 'e1e3ed7c-20b1-447b-800f-2d8de5817db1', 'status': 'completed', 'code': 200}
2026-04-12 21:51:13.421 9 INFO neutron.api.wsgi [req-e8e745db-84ec-4d30-a8a7-d19b927f9e19 req-62f3b746-2201-4bc7-bfe6-351af5bb53d4 caa67bfb76fd4febb0e3a2d63c3f8db8 e313c1cc6dd5405d81753afeacdb22c9 - - default default] 199.204.45.244 "GET /v2.0/ports?device_id=70d28329-600c-417c-aac7-ac23503205e0 HTTP/1.1" status: 200 len: 1168 time: 0.0851157
2026-04-12 21:51:13.572 9 INFO neutron.db.ovn_revision_numbers_db [None req-e7fde158-27e2-463e-b6ac-805368f63180 - - - - - -] Successfully bumped revision number for resource 71b87fcf-25c2-41db-afff-62d29e286334 (type: ports) to 2
2026-04-12 21:51:13.998 10 INFO neutron.api.wsgi [req-6b0fc7dd-9e50-4a99-84ea-944bfefdd46b req-1eaf17ee-b674-45c6-b0cb-552a6acebd2b caa67bfb76fd4febb0e3a2d63c3f8db8 e313c1cc6dd5405d81753afeacdb22c9 - - default default] 10.0.0.69 "GET /v2.0/ports?device_id=70d28329-600c-417c-aac7-ac23503205e0 HTTP/1.1" status: 200 len: 1168 time: 0.0371561
2026-04-12 21:51:14.010 10 INFO neutron.db.ovn_revision_numbers_db [None req-fa391dfc-22ee-4593-bc01-96538042437d a567ec0a27104407b95cbb39e5809502 8a4ca2cca7574d2289ce86cc5ffab9bc - - default default] Successfully bumped revision number for resource 71b87fcf-25c2-41db-afff-62d29e286334 (type: router_ports) to 1
2026-04-12 21:51:14.019 10 INFO neutron.api.wsgi [None req-fa391dfc-22ee-4593-bc01-96538042437d a567ec0a27104407b95cbb39e5809502 8a4ca2cca7574d2289ce86cc5ffab9bc - - default default] 10.0.0.252 "PUT /v2.0/routers/64fa47af-05d3-4fb4-82ef-8b9a26d3e330/add_router_interface HTTP/1.1" status: 200 len: 503 time: 1.9046247
2026-04-12 21:51:14.039 10 INFO neutron.api.wsgi [req-6b0fc7dd-9e50-4a99-84ea-944bfefdd46b req-23bf73cc-af89-4622-b0a3-b4d7a991fece caa67bfb76fd4febb0e3a2d63c3f8db8 e313c1cc6dd5405d81753afeacdb22c9 - - default default] 10.0.0.69 "GET /v2.0/security-groups?id=830a1c0f-2401-4fa1-a15a-bc496cc52e27&fields=id&fields=name HTTP/1.1" status: 200 len: 313 time: 0.0350280
2026-04-12 21:51:14.091 9 INFO neutron.db.l3_db [req-e8e745db-84ec-4d30-a8a7-d19b927f9e19 req-c963c545-6569-42c4-9bbc-8cc5042d2a8b caa67bfb76fd4febb0e3a2d63c3f8db8 e313c1cc6dd5405d81753afeacdb22c9 - - default default] Floating IP eb311102-4ebf-440f-8032-429fc340dc42 disassociated. External IP: 10.96.250.219, port: c06de231-eaaf-42d6-850f-12c23ae0ddba.
2026-04-12 21:51:14.189 9 INFO neutron.api.wsgi [req-e8e745db-84ec-4d30-a8a7-d19b927f9e19 req-c963c545-6569-42c4-9bbc-8cc5042d2a8b caa67bfb76fd4febb0e3a2d63c3f8db8 e313c1cc6dd5405d81753afeacdb22c9 - - default default] 199.204.45.244 "DELETE /v2.0/ports/c06de231-eaaf-42d6-850f-12c23ae0ddba HTTP/1.1" status: 204 len: 173 time: 0.7636120
2026-04-12 21:51:14.437 9 INFO neutron.api.wsgi [req-3c6ace61-c1f4-4aa0-88ea-1c838a9c68fe req-c9bb1777-8e1d-4ca9-a558-4977f58ac22e 4b40f74b9ac549d7aa9124e65b8f2057 4125b6f5b33d46a9988e90db2d3d806d - - default default] 10.0.0.69 "GET /v2.0/ports?device_id=33c6e2ab-c159-40ae-b03a-b6e95924f59e HTTP/1.1" status: 200 len: 210 time: 0.0213909
2026-04-12 21:51:14.539 9 WARNING neutron_lib.context [None req-d44c03c8-533c-4ad8-a51e-451d975d72c9 99a9055131ef4ee7932d6781e858e35d e23e294df29a44ca81de9a6f31bca14e - - default default] Method 'is_advsvc' is deprecated since 2023.2 release (neutron-lib 3.8.0) and will be removed once support for the old RBAC API policies will be removed from Neutron. Please use method 'is_service_role' instead.
2026-04-12 21:51:14.643 9 INFO neutron.db.ovn_revision_numbers_db [None req-d44c03c8-533c-4ad8-a51e-451d975d72c9 99a9055131ef4ee7932d6781e858e35d e23e294df29a44ca81de9a6f31bca14e - - default default] Successfully bumped revision number for resource 401c6779-e6e9-4021-a2fa-7dec37051e65 (type: security_groups) to 1
2026-04-12 21:51:14.654 9 INFO neutron.db.ovn_revision_numbers_db [None req-d44c03c8-533c-4ad8-a51e-451d975d72c9 99a9055131ef4ee7932d6781e858e35d e23e294df29a44ca81de9a6f31bca14e - - default default] Successfully bumped revision number for resource 7be2b593-ffbf-44d0-b494-9b86e2ac6e66 (type: security_group_rules) to 0
2026-04-12 21:51:14.664 9 INFO neutron.db.ovn_revision_numbers_db [None req-d44c03c8-533c-4ad8-a51e-451d975d72c9 99a9055131ef4ee7932d6781e858e35d e23e294df29a44ca81de9a6f31bca14e - - default default] Successfully bumped revision number for resource a8e4223f-14fc-4fe1-9aa5-939dd7b835a5 (type: security_group_rules) to 0
2026-04-12 21:51:14.697 9 INFO neutron.api.wsgi [None req-d44c03c8-533c-4ad8-a51e-451d975d72c9 99a9055131ef4ee7932d6781e858e35d e23e294df29a44ca81de9a6f31bca14e - - default default] 10.0.0.252 "POST /v2.0/security-groups HTTP/1.1" status: 201 len: 1860 time: 0.1652277
2026-04-12 21:51:14.706 9 WARNING neutron_lib.context [None req-b2f75f68-e234-4f2b-abb8-4b6f21fb42c6 99a9055131ef4ee7932d6781e858e35d e23e294df29a44ca81de9a6f31bca14e - - default default] Method 'is_advsvc' is deprecated since 2023.2 release (neutron-lib 3.8.0) and will be removed once support for the old RBAC API policies will be removed from Neutron. Please use method 'is_service_role' instead.
2026-04-12 21:51:14.825 9 INFO neutron.db.ovn_revision_numbers_db [None req-b2f75f68-e234-4f2b-abb8-4b6f21fb42c6 99a9055131ef4ee7932d6781e858e35d e23e294df29a44ca81de9a6f31bca14e - - default default] Successfully bumped revision number for resource 5b92d809-2f39-4022-a408-c76733ee8508 (type: security_group_rules) to 0
2026-04-12 21:51:14.860 9 INFO neutron.api.wsgi [None req-b2f75f68-e234-4f2b-abb8-4b6f21fb42c6 99a9055131ef4ee7932d6781e858e35d e23e294df29a44ca81de9a6f31bca14e - - default default] 10.0.0.252 "POST /v2.0/security-group-rules HTTP/1.1" status: 201 len: 796 time: 0.1576579
2026-04-12 21:51:14.869 9 WARNING neutron_lib.context [None req-7af9197c-1292-4829-80a4-169ee5a72812 99a9055131ef4ee7932d6781e858e35d e23e294df29a44ca81de9a6f31bca14e - - default default] Method 'is_advsvc' is deprecated since 2023.2 release (neutron-lib 3.8.0) and will be removed once support for the old RBAC API policies will be removed from Neutron. Please use method 'is_service_role' instead.
2026-04-12 21:51:14.983 9 INFO neutron.db.ovn_revision_numbers_db [None req-7af9197c-1292-4829-80a4-169ee5a72812 99a9055131ef4ee7932d6781e858e35d e23e294df29a44ca81de9a6f31bca14e - - default default] Successfully bumped revision number for resource 32a9f62d-1835-490c-9322-2afcb333d213 (type: security_group_rules) to 0
2026-04-12 21:51:14.998 9 INFO neutron.notifiers.nova [-] Nova event matching ['req-cd120e55-d624-4c6f-8165-def4376e8919'] response: {'server_uuid': '70d28329-600c-417c-aac7-ac23503205e0', 'name': 'network-vif-deleted', 'tag': 'c06de231-eaaf-42d6-850f-12c23ae0ddba', 'status': 'completed', 'code': 200}
2026-04-12 21:51:15.013 9 INFO neutron.api.wsgi [None req-7af9197c-1292-4829-80a4-169ee5a72812 99a9055131ef4ee7932d6781e858e35d e23e294df29a44ca81de9a6f31bca14e - - default default] 10.0.0.252 "POST /v2.0/security-group-rules HTTP/1.1" status: 201 len: 801 time: 0.1487360
2026-04-12 21:51:15.024 9 WARNING neutron_lib.context [None req-5b817098-c75b-4ed9-bf85-4892afd8ef6a 99a9055131ef4ee7932d6781e858e35d e23e294df29a44ca81de9a6f31bca14e - - default default] Method 'is_advsvc' is deprecated since 2023.2 release (neutron-lib 3.8.0) and will be removed once support for the old RBAC API policies will be removed from Neutron. Please use method 'is_service_role' instead. /var/lib/openstack/lib/python3.12/site-packages/pycadf/identifier.py:71: UserWarning: Invalid uuid: neutron. To ensure interoperability, identifiers should be a valid uuid. warnings.warn(('Invalid uuid: %s. To ensure interoperability, '
2026-04-12 21:51:15.118 10 INFO neutron.api.wsgi [req-c85f3d5b-abc4-4d2a-b2e5-93417d72cd93 req-279b632e-f5b2-47ca-9215-0a8d6f80dcdd caa67bfb76fd4febb0e3a2d63c3f8db8 e313c1cc6dd5405d81753afeacdb22c9 - - default default] 10.0.0.69 "GET /v2.0/ports?device_id=70d28329-600c-417c-aac7-ac23503205e0 HTTP/1.1" status: 200 len: 210 time: 0.0246429
2026-04-12 21:51:15.227 9 WARNING neutron.scheduler.dhcp_agent_scheduler [None req-5b817098-c75b-4ed9-bf85-4892afd8ef6a 99a9055131ef4ee7932d6781e858e35d e23e294df29a44ca81de9a6f31bca14e - - default default] No more DHCP agents
2026-04-12 21:51:15.229 9 WARNING neutron.api.rpc.agentnotifiers.dhcp_rpc_agent_api [None req-5b817098-c75b-4ed9-bf85-4892afd8ef6a 99a9055131ef4ee7932d6781e858e35d e23e294df29a44ca81de9a6f31bca14e - - default default] Unable to schedule network 6d18557e-50d3-4cad-9577-6f78d88df79d: no agents available; will retry on subsequent port and subnet creation events.
2026-04-12 21:51:15.514 9 INFO neutron.api.wsgi [None req-5b817098-c75b-4ed9-bf85-4892afd8ef6a 99a9055131ef4ee7932d6781e858e35d e23e294df29a44ca81de9a6f31bca14e - - default default] 10.0.0.252 "POST /v2.0/floatingips HTTP/1.1" status: 201 len: 751 time: 0.4943833
2026-04-12 21:51:15.656 9 INFO neutron.api.wsgi [None req-3b6e5dd1-7f7c-4a57-b39f-7cb8dedd9e5c 4b40f74b9ac549d7aa9124e65b8f2057 4125b6f5b33d46a9988e90db2d3d806d - - default default] 10.0.0.252 "DELETE /v2.0/security-groups/a9fc0849-c808-4dff-aaf1-b1d8647644ca HTTP/1.1" status: 204 len: 168 time: 0.1328933
2026-04-12 21:51:15.670 9 INFO neutron.api.v2.resource [None req-15b27082-74ae-464a-b1dd-ad6a880f8b30 4b40f74b9ac549d7aa9124e65b8f2057 4125b6f5b33d46a9988e90db2d3d806d - - default default] show failed (client error): The resource could not be found.
2026-04-12 21:51:15.671 9 INFO neutron.api.wsgi [None req-15b27082-74ae-464a-b1dd-ad6a880f8b30 4b40f74b9ac549d7aa9124e65b8f2057 4125b6f5b33d46a9988e90db2d3d806d - - default default] 10.0.0.252 "GET /v2.0/security-groups/a9fc0849-c808-4dff-aaf1-b1d8647644ca HTTP/1.1" status: 404 len: 347 time: 0.0097876
2026-04-12 21:51:15.910 10 INFO neutron.api.wsgi [req-218fc6eb-500d-4761-bbba-07f6faf5e4b3 req-06efb756-d871-4557-a214-c02e3138330c 99a9055131ef4ee7932d6781e858e35d e23e294df29a44ca81de9a6f31bca14e - - default default] 10.0.0.69 "GET /v2.0/security-groups?name=tempest-securitygroup--209245293&fields=id&tenant_id=e23e294df29a44ca81de9a6f31bca14e HTTP/1.1" status: 200 len: 267 time: 0.0309670
2026-04-12 21:51:15.962 9 INFO neutron.api.wsgi [None req-f28c9ece-d2c6-47b5-9bef-14141038f98b 4b40f74b9ac549d7aa9124e65b8f2057 4125b6f5b33d46a9988e90db2d3d806d - - default default] 10.0.0.252 "DELETE /v2.0/floatingips/aac7ca84-e6db-4ed1-804c-4e7608e6e287 HTTP/1.1" status: 204 len: 168 time: 0.2828410
2026-04-12 21:51:15.965 10 INFO neutron.api.wsgi [req-218fc6eb-500d-4761-bbba-07f6faf5e4b3 req-065291a5-f0d2-4f34-a446-5b364b5392a3 99a9055131ef4ee7932d6781e858e35d e23e294df29a44ca81de9a6f31bca14e - - default default] 10.0.0.69 "GET /v2.0/networks?id=9021c46f-849d-4203-b273-66003e007f98 HTTP/1.1" status: 200 len: 882 time: 0.0474217
2026-04-12 21:51:15.978 10 INFO neutron.api.wsgi [req-218fc6eb-500d-4761-bbba-07f6faf5e4b3 req-8f0a70ed-f17e-4429-9517-5103aafd193d 99a9055131ef4ee7932d6781e858e35d e23e294df29a44ca81de9a6f31bca14e - - default default] 10.0.0.69 "GET /v2.0/quotas/e23e294df29a44ca81de9a6f31bca14e HTTP/1.1" status: 200 len: 491 time: 0.0070252
2026-04-12 21:51:16.046 10 INFO neutron.api.wsgi [req-218fc6eb-500d-4761-bbba-07f6faf5e4b3 req-8a99ad6f-baf5-4429-adc0-e56edc2cf6b3 99a9055131ef4ee7932d6781e858e35d e23e294df29a44ca81de9a6f31bca14e - - default default] 10.0.0.69 "GET /v2.0/ports?tenant_id=e23e294df29a44ca81de9a6f31bca14e&fields=id HTTP/1.1" status: 200 len: 302 time: 0.0635090
2026-04-12 21:51:16.096 10 INFO neutron.api.wsgi [req-218fc6eb-500d-4761-bbba-07f6faf5e4b3 req-77ce628f-dd2d-4044-bf0a-99c6d62e161f 69f8ad1a45954b309f99a02f0823d47e 5fe509aa54f84f9daa5dfe279dd8521a - - f26d5f8b5eea4776bdf6fce6462c9921 f26d5f8b5eea4776bdf6fce6462c9921] 10.0.0.69 "GET /v2.0/networks/9021c46f-849d-4203-b273-66003e007f98?fields=segments HTTP/1.1" status: 200 len: 212 time: 0.0386744
2026-04-12 21:51:16.137 10 INFO neutron.api.wsgi [req-218fc6eb-500d-4761-bbba-07f6faf5e4b3 req-232a8538-5deb-4457-abde-b54d4d91ba89 69f8ad1a45954b309f99a02f0823d47e 5fe509aa54f84f9daa5dfe279dd8521a - - f26d5f8b5eea4776bdf6fce6462c9921 f26d5f8b5eea4776bdf6fce6462c9921] 10.0.0.69 "GET /v2.0/networks/9021c46f-849d-4203-b273-66003e007f98?fields=provider%3Aphysical_network&fields=provider%3Anetwork_type HTTP/1.1" status: 200 len: 277 time: 0.0362449
2026-04-12 21:51:16.198 9 INFO neutron.api.wsgi [req-ed43b2d2-ae54-4086-9803-07ebbff51320 req-99be78ef-bb45-4723-bcfd-f169766804a1 caa67bfb76fd4febb0e3a2d63c3f8db8 e313c1cc6dd5405d81753afeacdb22c9 - - default default] 10.0.0.69 "GET /v2.0/ports?device_id=70d28329-600c-417c-aac7-ac23503205e0 HTTP/1.1" status: 200 len: 210 time: 0.0163803
2026-04-12 21:51:16.270 9 INFO neutron.api.wsgi [req-e7092378-c763-4971-8c7d-b954fe10fcf4 req-24489205-17ab-4354-a566-f5956c89ef05 99a9055131ef4ee7932d6781e858e35d e23e294df29a44ca81de9a6f31bca14e - - default default] 10.0.0.69 "GET /v2.0/ports?device_id=f50226e2-38b9-4e1e-b8d2-bf32e494e997 HTTP/1.1" status: 200 len: 210 time: 0.0188854
2026-04-12 21:51:17.092 9 INFO neutron.api.wsgi [None req-4ccb8b76-d526-451b-8f17-40d108ad1ee1 a567ec0a27104407b95cbb39e5809502 8a4ca2cca7574d2289ce86cc5ffab9bc - - default default] 10.0.0.252 "PUT /v2.0/routers/aefbd5ce-b49c-4759-914e-4c5722acd8a9/remove_router_interface HTTP/1.1" status: 200 len: 503 time: 1.1250026 /var/lib/openstack/lib/python3.12/site-packages/pycadf/identifier.py:71: UserWarning: Invalid uuid: neutron. To ensure interoperability, identifiers should be a valid uuid. warnings.warn(('Invalid uuid: %s. To ensure interoperability, '
2026-04-12 21:51:17.289 10 INFO neutron.api.wsgi [req-e42faf47-8e0d-4fbb-a16d-b15d59342669 req-a6a38fd1-2791-46b8-a81e-47199c736f06 caa67bfb76fd4febb0e3a2d63c3f8db8 e313c1cc6dd5405d81753afeacdb22c9 - - default default] 10.0.0.69 "GET /v2.0/ports?device_id=70d28329-600c-417c-aac7-ac23503205e0 HTTP/1.1" status: 200 len: 210 time: 0.0168722
2026-04-12 21:51:17.367 9 INFO neutron.api.wsgi [req-cf7c0dce-5c5c-49fc-b613-73650ef4a1fb req-eb85048b-97ad-4911-8758-06533ff8a25b 99a9055131ef4ee7932d6781e858e35d e23e294df29a44ca81de9a6f31bca14e - - default default] 10.0.0.69 "GET /v2.0/ports?device_id=f50226e2-38b9-4e1e-b8d2-bf32e494e997 HTTP/1.1" status: 200 len: 210 time: 0.0250285
2026-04-12 21:51:17.568 9 INFO neutron.api.wsgi [req-c64a2407-b623-4821-b5c8-7ac0705b9709 req-da149df7-79ec-440a-a078-b3435d079ea1 69f8ad1a45954b309f99a02f0823d47e 5fe509aa54f84f9daa5dfe279dd8521a - - f26d5f8b5eea4776bdf6fce6462c9921 f26d5f8b5eea4776bdf6fce6462c9921] 10.0.0.43 "GET /v2.0/ports?device_id=cba31653-1ba4-4d44-a110-a252915ecdeb HTTP/1.1" status: 200 len: 1409 time: 0.1026263
2026-04-12 21:51:17.637 9 INFO neutron.api.wsgi [req-c64a2407-b623-4821-b5c8-7ac0705b9709 req-a1809fbc-0e01-4bd3-bcc5-0786673e42f7 69f8ad1a45954b309f99a02f0823d47e 5fe509aa54f84f9daa5dfe279dd8521a - - f26d5f8b5eea4776bdf6fce6462c9921 f26d5f8b5eea4776bdf6fce6462c9921] 10.0.0.43 "GET /v2.0/security-groups?id=9ee2e65f-d91e-469f-96f9-fdf5cc0d4ed1&fields=id&fields=name HTTP/1.1" status: 200 len: 313 time: 0.0476232
2026-04-12 21:51:17.753 9 INFO neutron.api.wsgi [None req-c4a48039-5166-43d5-9d42-11708079cdbe a567ec0a27104407b95cbb39e5809502 8a4ca2cca7574d2289ce86cc5ffab9bc - - default default] 10.0.0.252 "DELETE /v2.0/routers/aefbd5ce-b49c-4759-914e-4c5722acd8a9 HTTP/1.1" status: 204 len: 168 time: 0.6571634
2026-04-12 21:51:17.935 10 INFO neutron.api.wsgi [None req-111c90fe-84cd-4b4b-b7a5-673c108bfaf4 a567ec0a27104407b95cbb39e5809502 8a4ca2cca7574d2289ce86cc5ffab9bc - - default default] 10.0.0.252 "DELETE /v2.0/subnets/05b58b68-4823-4103-b08c-f3c0417009d1 HTTP/1.1" status: 204 len: 168 time: 0.1768558
2026-04-12 21:51:18.265 9 INFO neutron.api.wsgi [req-62808481-e700-452e-a48b-6d3f493f9503 req-03ebc725-906e-4311-9b25-d21bc7d547fb 69f8ad1a45954b309f99a02f0823d47e 5fe509aa54f84f9daa5dfe279dd8521a - - f26d5f8b5eea4776bdf6fce6462c9921 f26d5f8b5eea4776bdf6fce6462c9921] 199.204.45.244 "GET /v2.0/ports?device_id=cba31653-1ba4-4d44-a110-a252915ecdeb&fields=binding%3Ahost_id&fields=binding%3Avif_type HTTP/1.1" status: 200 len: 265 time: 0.0271540
2026-04-12 21:51:18.433 10 INFO neutron.api.wsgi [req-6d710637-d8c5-43be-abb7-e6adbe628b9f req-b600f003-ba74-4a35-9cd8-d93bebd324b4 caa67bfb76fd4febb0e3a2d63c3f8db8 e313c1cc6dd5405d81753afeacdb22c9 - - default default] 10.0.0.69 "GET /v2.0/ports?device_id=70d28329-600c-417c-aac7-ac23503205e0 HTTP/1.1" status: 200 len: 210 time: 0.0288730
2026-04-12 21:51:18.452 9 INFO neutron.api.wsgi [req-630ba6d1-990d-4fb8-9715-c50db69c47b1 req-7c299182-d792-438b-9ff1-636bfb2675e9 99a9055131ef4ee7932d6781e858e35d e23e294df29a44ca81de9a6f31bca14e - - default default] 10.0.0.69 "GET /v2.0/ports?device_id=f50226e2-38b9-4e1e-b8d2-bf32e494e997 HTTP/1.1" status: 200 len: 210 time: 0.0198014
2026-04-12 21:51:18.468 10 INFO neutron.api.wsgi [None req-0d8d7ca2-920a-4671-9629-f7a2b7c1a0f4 a567ec0a27104407b95cbb39e5809502 8a4ca2cca7574d2289ce86cc5ffab9bc - - default default] 10.0.0.252 "DELETE /v2.0/networks/a1a8ddf6-813a-4293-aa37-5c4fad35f746 HTTP/1.1" status: 204 len: 168 time: 0.5278313
2026-04-12 21:51:18.609 9 INFO neutron.api.wsgi [None req-2a319ca9-a969-4797-879d-0a6513bed66b a567ec0a27104407b95cbb39e5809502 8a4ca2cca7574d2289ce86cc5ffab9bc - - default default] 10.0.0.252 "GET /v2.0/security-groups?tenant_id=4125b6f5b33d46a9988e90db2d3d806d&name=default HTTP/1.1" status: 200 len: 3116 time: 0.0271559
2026-04-12 21:51:18.812 9 INFO neutron.api.wsgi [None req-1d117b9e-5952-4f43-bb4d-1e23e1f803ae a567ec0a27104407b95cbb39e5809502 8a4ca2cca7574d2289ce86cc5ffab9bc - - default default] 10.0.0.252 "DELETE /v2.0/security-groups/2ec2c425-130a-486c-ad6f-38cf92e38127 HTTP/1.1" status: 204 len: 168 time: 0.1962473
2026-04-12 21:51:18.878 10 INFO neutron.services.segments.plugin [-] Segment f330a438-8dff-4ae2-baf5-bb9716b1a432 resource provider aggregate not found
2026-04-12 21:51:18.883 10 INFO neutron.services.segments.plugin [-] Segment f330a438-8dff-4ae2-baf5-bb9716b1a432 resource provider aggregate not found
2026-04-12 21:51:18.888 10 INFO neutron.services.segments.plugin [-] Segment f330a438-8dff-4ae2-baf5-bb9716b1a432 resource provider not found; error: Placement Client Error (4xx): {"errors": [{"status": 404, "title": "Not Found", "detail": "The resource could not be found.\n\n No resource provider with uuid f330a438-8dff-4ae2-baf5-bb9716b1a432 found for delete ", "request_id": "req-4b38c4d3-21dc-4a85-b554-aa0297d7fe97"}]}
2026-04-12 21:51:18.894 10 INFO neutron.services.segments.plugin [-] Segment f330a438-8dff-4ae2-baf5-bb9716b1a432 resource provider not found; error: Placement Client Error (4xx): {"errors": [{"status": 404, "title": "Not Found", "detail": "The resource could not be found.\n\n No resource provider with uuid f330a438-8dff-4ae2-baf5-bb9716b1a432 found for delete ", "request_id": "req-bbb66de1-2a74-4ab2-aa1d-e30d27f835c6"}]}
2026-04-12 21:51:19.113 9 WARNING neutron.plugins.ml2.drivers.ovn.mech_driver.ovsdb.ovn_client [None req-478909c3-7188-4e68-af91-0f08aefc3b8f - - - - - -] No hosting information found for port 71b87fcf-25c2-41db-afff-62d29e286334: RuntimeError: No hosting information found for port 71b87fcf-25c2-41db-afff-62d29e286334
2026-04-12 21:51:19.177 9 INFO neutron.db.ovn_revision_numbers_db [None req-478909c3-7188-4e68-af91-0f08aefc3b8f - - - - - -] Successfully bumped revision number for resource 71b87fcf-25c2-41db-afff-62d29e286334 (type: router_ports) to 2
2026-04-12 21:51:19.314 9 INFO neutron.api.wsgi [req-62808481-e700-452e-a48b-6d3f493f9503 req-52061efc-f18a-4baa-b3bb-51411321bca6 69f8ad1a45954b309f99a02f0823d47e 5fe509aa54f84f9daa5dfe279dd8521a - - f26d5f8b5eea4776bdf6fce6462c9921 f26d5f8b5eea4776bdf6fce6462c9921] 199.204.45.244 "GET /v2.0/ports?tenant_id=4b8b337872df46cd98f1ee50e7ce4401&device_id=cba31653-1ba4-4d44-a110-a252915ecdeb HTTP/1.1" status: 200 len: 1409 time: 0.0350776
2026-04-12 21:51:19.330 9 INFO neutron.api.wsgi [-] 10.0.0.92 "GET / HTTP/1.1" status: 200 len: 247 time: 0.0024624
2026-04-12 21:51:19.330 10 INFO neutron.api.wsgi [-] 10.0.0.92 "GET / HTTP/1.1" status: 200 len: 247 time: 0.0029998
2026-04-12 21:51:19.536 9 INFO neutron.api.wsgi [req-126399b0-ff0e-45fe-99aa-eb54e2637d0a req-64a5374b-a577-467b-881f-96450b8c836f 99a9055131ef4ee7932d6781e858e35d e23e294df29a44ca81de9a6f31bca14e - - default default] 10.0.0.69 "GET /v2.0/ports?device_id=f50226e2-38b9-4e1e-b8d2-bf32e494e997 HTTP/1.1" status: 200 len: 210 time: 0.0214720
2026-04-12 21:51:19.652 9 INFO neutron.api.wsgi [None req-2b3ba018-31cc-41cb-a873-a2e2f0b2b364 caa67bfb76fd4febb0e3a2d63c3f8db8 e313c1cc6dd5405d81753afeacdb22c9 - - default default] 10.0.0.252 "DELETE /v2.0/security-groups/830a1c0f-2401-4fa1-a15a-bc496cc52e27 HTTP/1.1" status: 204 len: 168 time: 0.1381657
2026-04-12 21:51:19.666 9 INFO neutron.api.v2.resource [None req-e24ab0b4-8c83-4d5c-b83c-0da70782952e caa67bfb76fd4febb0e3a2d63c3f8db8 e313c1cc6dd5405d81753afeacdb22c9 - - default default] show failed (client error): The resource could not be found.
2026-04-12 21:51:19.667 9 INFO neutron.api.wsgi [None req-e24ab0b4-8c83-4d5c-b83c-0da70782952e caa67bfb76fd4febb0e3a2d63c3f8db8 e313c1cc6dd5405d81753afeacdb22c9 - - default default] 10.0.0.252 "GET /v2.0/security-groups/830a1c0f-2401-4fa1-a15a-bc496cc52e27 HTTP/1.1" status: 404 len: 347 time: 0.0104892
2026-04-12 21:51:19.870 9 INFO neutron.api.wsgi [req-62808481-e700-452e-a48b-6d3f493f9503 req-8af0db40-ea7d-4bf3-b7f4-27392c042edb 69f8ad1a45954b309f99a02f0823d47e 5fe509aa54f84f9daa5dfe279dd8521a - - f26d5f8b5eea4776bdf6fce6462c9921 f26d5f8b5eea4776bdf6fce6462c9921] 199.204.45.244 "GET /v2.0/networks?id=6df4a87b-00e0-4573-af2e-51c48b14d3fd HTTP/1.1" status: 200 len: 974 time: 0.0486069
2026-04-12 21:51:19.920 9 INFO neutron.api.wsgi [req-62808481-e700-452e-a48b-6d3f493f9503 req-b2868a6c-0e6e-4d9d-8355-39a88b3bf6ea 69f8ad1a45954b309f99a02f0823d47e 5fe509aa54f84f9daa5dfe279dd8521a - - f26d5f8b5eea4776bdf6fce6462c9921 f26d5f8b5eea4776bdf6fce6462c9921] 199.204.45.244 "GET /v2.0/floatingips?fixed_ip_address=10.100.0.6&port_id=e9c69e07-96f1-4b43-96a4-8f098640b0f2 HTTP/1.1" status: 200 len: 1059 time: 0.0454609
2026-04-12 21:51:19.949 9 INFO neutron.api.wsgi [req-62808481-e700-452e-a48b-6d3f493f9503 req-052b774d-d2b0-43b9-99b5-5bf010029708 69f8ad1a45954b309f99a02f0823d47e 5fe509aa54f84f9daa5dfe279dd8521a - - f26d5f8b5eea4776bdf6fce6462c9921 f26d5f8b5eea4776bdf6fce6462c9921] 199.204.45.244 "GET /v2.0/subnets?id=cbeabbbb-df09-4939-a85f-108e84db0ce8 HTTP/1.1" status: 200 len: 893 time: 0.0246518
2026-04-12 21:51:19.967 9 INFO neutron.api.wsgi [req-62808481-e700-452e-a48b-6d3f493f9503 req-f8d8d32a-02ef-4d0d-9dd3-5eace71412ec 69f8ad1a45954b309f99a02f0823d47e 5fe509aa54f84f9daa5dfe279dd8521a - - f26d5f8b5eea4776bdf6fce6462c9921 f26d5f8b5eea4776bdf6fce6462c9921] 199.204.45.244 "GET /v2.0/ports?network_id=6df4a87b-00e0-4573-af2e-51c48b14d3fd&device_owner=network%3Adhcp HTTP/1.1" status: 200 len: 210 time: 0.0152016
2026-04-12 21:51:19.979 9 INFO neutron.api.wsgi [None req-7c607608-0c8a-4a82-8a77-d78cc530fe0d caa67bfb76fd4febb0e3a2d63c3f8db8 e313c1cc6dd5405d81753afeacdb22c9 - - default default] 10.0.0.252 "DELETE /v2.0/floatingips/eb311102-4ebf-440f-8032-429fc340dc42 HTTP/1.1" status: 204 len: 168 time: 0.3079500
2026-04-12 21:51:20.041 9 INFO neutron.api.wsgi [req-62808481-e700-452e-a48b-6d3f493f9503 req-1e6dcb31-bfce-41f4-bbc4-82ce9bea8493 69f8ad1a45954b309f99a02f0823d47e 5fe509aa54f84f9daa5dfe279dd8521a - - f26d5f8b5eea4776bdf6fce6462c9921 f26d5f8b5eea4776bdf6fce6462c9921] 199.204.45.244 "GET /v2.0/networks/6df4a87b-00e0-4573-af2e-51c48b14d3fd?fields=segments HTTP/1.1" status: 200 len: 212 time: 0.0700352
2026-04-12 21:51:20.087 9 INFO neutron.api.wsgi [req-62808481-e700-452e-a48b-6d3f493f9503 req-748aaa31-cebe-42f1-8795-b8474830d454 69f8ad1a45954b309f99a02f0823d47e 5fe509aa54f84f9daa5dfe279dd8521a - - f26d5f8b5eea4776bdf6fce6462c9921 f26d5f8b5eea4776bdf6fce6462c9921] 199.204.45.244 "GET /v2.0/networks/6df4a87b-00e0-4573-af2e-51c48b14d3fd?fields=provider%3Aphysical_network&fields=provider%3Anetwork_type HTTP/1.1" status: 200 len: 277 time: 0.0420699
2026-04-12 21:51:20.545 9 INFO neutron.api.wsgi [req-218fc6eb-500d-4761-bbba-07f6faf5e4b3 req-7fbb3a03-5e5a-4a68-92ae-c68ee99f678a 99a9055131ef4ee7932d6781e858e35d e23e294df29a44ca81de9a6f31bca14e - - default default] 199.204.45.244 "GET /v2.0/networks?id=9021c46f-849d-4203-b273-66003e007f98 HTTP/1.1" status: 200 len: 882 time: 0.0472062
2026-04-12 21:51:20.591 9 INFO neutron.api.wsgi [req-218fc6eb-500d-4761-bbba-07f6faf5e4b3 req-f830cf1b-f0f4-4a37-9148-83484ebe66ed 99a9055131ef4ee7932d6781e858e35d e23e294df29a44ca81de9a6f31bca14e - - default default] 199.204.45.244 "GET /v2.0/security-groups?fields=id&fields=name&tenant_id=e23e294df29a44ca81de9a6f31bca14e HTTP/1.1" status: 200 len: 379 time: 0.0407259
2026-04-12 21:51:20.606 9 WARNING neutron_lib.context [req-218fc6eb-500d-4761-bbba-07f6faf5e4b3 req-415b36c3-4ed2-4bce-aeb1-e76037f8e8ec 99a9055131ef4ee7932d6781e858e35d e23e294df29a44ca81de9a6f31bca14e - - default default] Method 'is_advsvc' is deprecated since 2023.2 release (neutron-lib 3.8.0) and will be removed once support for the old RBAC API policies will be removed from Neutron. Please use method 'is_service_role' instead.
2026-04-12 21:51:20.613 10 INFO neutron.api.wsgi [req-270c2c42-6234-46c6-adeb-6000b70df438 req-05eae8df-0aff-4825-bd88-21b7177ab9ab 99a9055131ef4ee7932d6781e858e35d e23e294df29a44ca81de9a6f31bca14e - - default default] 10.0.0.69 "GET /v2.0/ports?device_id=f50226e2-38b9-4e1e-b8d2-bf32e494e997 HTTP/1.1" status: 200 len: 210 time: 0.0173631
2026-04-12 21:51:20.905 9 WARNING neutron.scheduler.dhcp_agent_scheduler [req-218fc6eb-500d-4761-bbba-07f6faf5e4b3 req-415b36c3-4ed2-4bce-aeb1-e76037f8e8ec 99a9055131ef4ee7932d6781e858e35d e23e294df29a44ca81de9a6f31bca14e - - default default] No more DHCP agents
2026-04-12 21:51:20.906 9 WARNING neutron.api.rpc.agentnotifiers.dhcp_rpc_agent_api [req-218fc6eb-500d-4761-bbba-07f6faf5e4b3 req-415b36c3-4ed2-4bce-aeb1-e76037f8e8ec 99a9055131ef4ee7932d6781e858e35d e23e294df29a44ca81de9a6f31bca14e - - default default] Unable to schedule network 9021c46f-849d-4203-b273-66003e007f98: no agents available; will retry on subsequent port and subnet creation events.
2026-04-12 21:51:21.061 9 INFO neutron.db.ovn_revision_numbers_db [req-218fc6eb-500d-4761-bbba-07f6faf5e4b3 req-415b36c3-4ed2-4bce-aeb1-e76037f8e8ec 99a9055131ef4ee7932d6781e858e35d e23e294df29a44ca81de9a6f31bca14e - - default default] Successfully bumped revision number for resource bae28cbe-0c0f-4643-bbf1-3fd3f8354edf (type: ports) to 1
2026-04-12 21:51:21.070 9 INFO neutron.api.wsgi [None req-ca98aa17-a5c4-4829-a6af-63c40755479f a567ec0a27104407b95cbb39e5809502 8a4ca2cca7574d2289ce86cc5ffab9bc - - default default] 10.0.0.252 "PUT /v2.0/routers/6659b55a-cb98-4a61-aeb7-5335597d1cab/remove_router_interface HTTP/1.1" status: 200 len: 503 time: 1.0853517 /var/lib/openstack/lib/python3.12/site-packages/pycadf/identifier.py:71: UserWarning: Invalid uuid: neutron. To ensure interoperability, identifiers should be a valid uuid. warnings.warn(('Invalid uuid: %s. To ensure interoperability, '
2026-04-12 21:51:21.100 9 INFO neutron.api.wsgi [req-218fc6eb-500d-4761-bbba-07f6faf5e4b3 req-415b36c3-4ed2-4bce-aeb1-e76037f8e8ec 99a9055131ef4ee7932d6781e858e35d e23e294df29a44ca81de9a6f31bca14e - - default default] 199.204.45.244 "POST /v2.0/ports HTTP/1.1" status: 201 len: 1162 time: 0.5012527
2026-04-12 21:51:21.112 10 INFO neutron.api.wsgi [req-0c768d7b-e0aa-4721-8d6b-2f6bb0d28e25 req-d6c7685d-90b7-489b-a8e8-fb09ca7a7b16 b78005a27a48480eb930a93c78963691 4b8b337872df46cd98f1ee50e7ce4401 - - default default] 10.0.0.69 "GET /v2.0/ports?device_id=cba31653-1ba4-4d44-a110-a252915ecdeb HTTP/1.1" status: 200 len: 1170 time: 0.0759456
2026-04-12 21:51:21.147 10 INFO neutron.api.wsgi [req-0c768d7b-e0aa-4721-8d6b-2f6bb0d28e25 req-ffc02c62-82d0-4d9d-b2be-1426422b8f69 b78005a27a48480eb930a93c78963691 4b8b337872df46cd98f1ee50e7ce4401 - - default default] 10.0.0.69 "GET /v2.0/security-groups?id=9ee2e65f-d91e-469f-96f9-fdf5cc0d4ed1&fields=id&fields=name HTTP/1.1" status: 200 len: 313 time: 0.0304606
2026-04-12 21:51:21.529 9 INFO neutron.api.wsgi [req-2f020c79-2eb9-4ccd-b8a2-43b15ce76325 req-9e7df84b-ab9b-4e9f-9f3d-1fe39bd17ab6 b78005a27a48480eb930a93c78963691 4b8b337872df46cd98f1ee50e7ce4401 - - default default] 10.0.0.69 "GET /v2.0/ports?device_id=cba31653-1ba4-4d44-a110-a252915ecdeb HTTP/1.1" status: 200 len: 1170 time: 0.3119261
2026-04-12 21:51:21.581 9 INFO neutron.api.wsgi [req-2f020c79-2eb9-4ccd-b8a2-43b15ce76325 req-09835c98-11d4-47d0-8b23-ce4b0856f02d b78005a27a48480eb930a93c78963691 4b8b337872df46cd98f1ee50e7ce4401 - - default default] 10.0.0.69 "GET /v2.0/security-groups?id=9ee2e65f-d91e-469f-96f9-fdf5cc0d4ed1&fields=id&fields=name HTTP/1.1" status: 200 len: 313 time: 0.0443158
2026-04-12 21:51:21.758 9 INFO neutron.db.ovn_revision_numbers_db [req-218fc6eb-500d-4761-bbba-07f6faf5e4b3 req-9c1218cf-3bef-4b8e-86a3-38005035c038 69f8ad1a45954b309f99a02f0823d47e 5fe509aa54f84f9daa5dfe279dd8521a - - f26d5f8b5eea4776bdf6fce6462c9921 f26d5f8b5eea4776bdf6fce6462c9921] Successfully bumped revision number for resource bae28cbe-0c0f-4643-bbf1-3fd3f8354edf (type: ports) to 2
2026-04-12 21:51:21.773 10 INFO neutron.api.wsgi [req-a305d15e-17d1-41ae-9770-2d95bd968695 req-9043666e-ae8c-4186-b4f2-0c270f430950 99a9055131ef4ee7932d6781e858e35d e23e294df29a44ca81de9a6f31bca14e - - default default] 10.0.0.69 "GET /v2.0/ports?device_id=f50226e2-38b9-4e1e-b8d2-bf32e494e997 HTTP/1.1" status: 200 len: 1172 time: 0.0819535
2026-04-12 21:51:21.816 10 INFO neutron.api.wsgi [req-a305d15e-17d1-41ae-9770-2d95bd968695 req-0ab510fd-0f5d-4a85-a00d-12a007294eb7 99a9055131ef4ee7932d6781e858e35d e23e294df29a44ca81de9a6f31bca14e - - default default] 10.0.0.69 "GET /v2.0/security-groups?id=401c6779-e6e9-4021-a2fa-7dec37051e65&fields=id&fields=name HTTP/1.1" status: 200 len: 312 time: 0.0364132
2026-04-12 21:51:21.816 10 INFO neutron.db.ovn_revision_numbers_db [None req-cea6056c-342c-4dde-943a-7e221d92ff67 a567ec0a27104407b95cbb39e5809502 8a4ca2cca7574d2289ce86cc5ffab9bc - - default default] Successfully bumped revision number for resource bf1e98ac-b4b0-4f46-9d76-4116462115d9 (type: security_groups) to 1
2026-04-12 21:51:21.853 10 INFO neutron.db.ovn_revision_numbers_db [None req-cea6056c-342c-4dde-943a-7e221d92ff67 a567ec0a27104407b95cbb39e5809502 8a4ca2cca7574d2289ce86cc5ffab9bc - - default default] Successfully bumped revision number for resource 00ad0495-4801-4372-aa52-585c6cecfcd1 (type: security_group_rules) to 0
2026-04-12 21:51:21.874 10 INFO neutron.db.ovn_revision_numbers_db [None req-cea6056c-342c-4dde-943a-7e221d92ff67 a567ec0a27104407b95cbb39e5809502 8a4ca2cca7574d2289ce86cc5ffab9bc - - default default] Successfully bumped revision number for resource 7c2e5810-ebbd-425e-a8f5-f922eec7ddc3 (type: security_group_rules) to 0
2026-04-12 21:51:21.888 10 INFO neutron.db.ovn_revision_numbers_db [None req-cea6056c-342c-4dde-943a-7e221d92ff67 a567ec0a27104407b95cbb39e5809502 8a4ca2cca7574d2289ce86cc5ffab9bc - - default default] Successfully bumped revision number for resource 97f13488-2a88-4e0d-bd67-390dfa114282 (type: security_group_rules) to 0
2026-04-12 21:51:21.907 10 INFO neutron.db.ovn_revision_numbers_db [None req-cea6056c-342c-4dde-943a-7e221d92ff67 a567ec0a27104407b95cbb39e5809502 8a4ca2cca7574d2289ce86cc5ffab9bc - - default default] Successfully bumped revision number for resource d3cd8c03-ed2d-4b2a-8d2b-a7f4f6b0e0d0 (type: security_group_rules) to 0
2026-04-12 21:51:21.955 10 INFO neutron.api.wsgi [None req-cea6056c-342c-4dde-943a-7e221d92ff67 a567ec0a27104407b95cbb39e5809502 8a4ca2cca7574d2289ce86cc5ffab9bc - - default default] 10.0.0.252 "GET /v2.0/security-groups?tenant_id=6fd63fd212a9432ca03d702213133034&name=default HTTP/1.1" status: 200 len: 3120 time: 0.5131273
2026-04-12 21:51:22.035 9 INFO neutron.api.wsgi [None req-bf09b59f-8aa0-46e1-acb4-1a16bb2f44b6 a567ec0a27104407b95cbb39e5809502 8a4ca2cca7574d2289ce86cc5ffab9bc - - default default] 10.0.0.252 "DELETE /v2.0/routers/6659b55a-cb98-4a61-aeb7-5335597d1cab HTTP/1.1" status: 204 len: 168 time: 0.9572139 /var/lib/openstack/lib/python3.12/site-packages/pycadf/identifier.py:71: UserWarning: Invalid uuid: neutron. To ensure interoperability, identifiers should be a valid uuid. warnings.warn(('Invalid uuid: %s. To ensure interoperability, '
2026-04-12 21:51:22.058 9 INFO neutron.db.ovn_revision_numbers_db [req-218fc6eb-500d-4761-bbba-07f6faf5e4b3 req-9c1218cf-3bef-4b8e-86a3-38005035c038 69f8ad1a45954b309f99a02f0823d47e 5fe509aa54f84f9daa5dfe279dd8521a - - f26d5f8b5eea4776bdf6fce6462c9921 f26d5f8b5eea4776bdf6fce6462c9921] Successfully bumped revision number for resource bae28cbe-0c0f-4643-bbf1-3fd3f8354edf (type: ports) to 4
2026-04-12 21:51:22.076 9 INFO neutron.api.wsgi [req-218fc6eb-500d-4761-bbba-07f6faf5e4b3 req-9c1218cf-3bef-4b8e-86a3-38005035c038 69f8ad1a45954b309f99a02f0823d47e 5fe509aa54f84f9daa5dfe279dd8521a - - f26d5f8b5eea4776bdf6fce6462c9921 f26d5f8b5eea4776bdf6fce6462c9921] 199.204.45.244 "PUT /v2.0/ports/bae28cbe-0c0f-4643-bbf1-3fd3f8354edf HTTP/1.1" status: 200 len: 1408 time: 0.9692502
2026-04-12 21:51:22.110 10 INFO neutron.api.wsgi [req-37aade41-1611-420e-8bcd-5754b44a7784 req-f00b39c5-f3c2-4a69-868d-7f460260fc5e b78005a27a48480eb930a93c78963691 4b8b337872df46cd98f1ee50e7ce4401 - - default default] 10.0.0.69 "GET /v2.0/ports?device_id=cba31653-1ba4-4d44-a110-a252915ecdeb HTTP/1.1" status: 200 len: 1170 time: 0.0385926
2026-04-12 21:51:22.111 9 INFO neutron.notifiers.nova [-] Nova event matching ['req-a5fd147e-e2fb-4474-b0d7-c05af8e8481c'] response: {'name': 'network-changed', 'server_uuid': 'f50226e2-38b9-4e1e-b8d2-bf32e494e997', 'tag': 'bae28cbe-0c0f-4643-bbf1-3fd3f8354edf', 'status': 'completed', 'code': 200}
2026-04-12 21:51:22.146 10 INFO neutron.api.wsgi [req-37aade41-1611-420e-8bcd-5754b44a7784 req-988eb258-1163-42f6-81b1-2cb22fe5cebb b78005a27a48480eb930a93c78963691 4b8b337872df46cd98f1ee50e7ce4401 - - default default] 10.0.0.69 "GET /v2.0/security-groups?id=9ee2e65f-d91e-469f-96f9-fdf5cc0d4ed1&fields=id&fields=name HTTP/1.1" status: 200 len: 313 time: 0.0312986
2026-04-12 21:51:22.184 10 INFO neutron.api.wsgi [None req-b26d9c4c-338e-44e1-83f3-e6c1a582dcbd a567ec0a27104407b95cbb39e5809502 8a4ca2cca7574d2289ce86cc5ffab9bc - - default default] 10.0.0.252 "DELETE /v2.0/security-groups/bf1e98ac-b4b0-4f46-9d76-4116462115d9 HTTP/1.1" status: 204 len: 168 time: 0.2226157
2026-04-12 21:51:22.186 9 INFO neutron.api.wsgi [None req-777edc69-f539-467c-9035-301753eb047b a567ec0a27104407b95cbb39e5809502 8a4ca2cca7574d2289ce86cc5ffab9bc - - default default] 10.0.0.252 "DELETE /v2.0/subnets/dc615689-deee-4f39-a741-0d121ff12f3b HTTP/1.1" status: 204 len: 168 time: 0.1440589
2026-04-12 21:51:22.532 10 INFO neutron.services.segments.plugin [-] Segment 02bd9d03-c97e-46bf-98bd-1e0158aeb966 resource provider aggregate not found
2026-04-12 21:51:22.536 10 INFO neutron.services.segments.plugin [-] Segment 02bd9d03-c97e-46bf-98bd-1e0158aeb966 resource provider aggregate not found
2026-04-12 21:51:22.557 10 INFO neutron.services.segments.plugin [-] Segment 02bd9d03-c97e-46bf-98bd-1e0158aeb966 resource provider not found; error: Placement Client Error (4xx): {"errors": [{"status": 404, "title": "Not Found", "detail": "The resource could not be found.\n\n No resource provider with uuid 02bd9d03-c97e-46bf-98bd-1e0158aeb966 found for delete ", "request_id": "req-41db6192-9ed0-41b6-8921-71bc1ee4127e"}]}
2026-04-12 21:51:22.560 10 INFO neutron.api.wsgi [None req-e5591728-76d7-4864-ac42-430df8834392 a567ec0a27104407b95cbb39e5809502 8a4ca2cca7574d2289ce86cc5ffab9bc - - default default] 10.0.0.252 "DELETE /v2.0/networks/fa502eb7-033a-45a9-bce6-c7f51d56211c HTTP/1.1" status: 204 len: 168 time: 0.3705196
2026-04-12 21:51:22.565 10 INFO neutron.services.segments.plugin [-] Segment 02bd9d03-c97e-46bf-98bd-1e0158aeb966 resource provider not found; error: Placement Client Error (4xx): {"errors": [{"status": 404, "title": "Not Found", "detail": "The resource could not be found.\n\n No resource provider with uuid 02bd9d03-c97e-46bf-98bd-1e0158aeb966 found for delete ", "request_id": "req-aea9fc58-9b66-43e1-b590-8ad71adce651"}]}
2026-04-12 21:51:22.647 9 INFO neutron.api.wsgi [req-1d64a3f7-16bd-479f-a639-814d38299103 req-67b649d6-04d6-4175-93ea-df53389518c2 69f8ad1a45954b309f99a02f0823d47e 5fe509aa54f84f9daa5dfe279dd8521a - - f26d5f8b5eea4776bdf6fce6462c9921 f26d5f8b5eea4776bdf6fce6462c9921] 199.204.45.244 "GET /v2.0/ports?tenant_id=e23e294df29a44ca81de9a6f31bca14e&device_id=f50226e2-38b9-4e1e-b8d2-bf32e494e997 HTTP/1.1" status: 200 len: 1411 time: 0.0278804
2026-04-12 21:51:22.692 9 INFO neutron.api.wsgi [req-1d64a3f7-16bd-479f-a639-814d38299103 req-068bbf03-7df0-4850-9f12-cb111b1ed4e6 69f8ad1a45954b309f99a02f0823d47e 5fe509aa54f84f9daa5dfe279dd8521a - - f26d5f8b5eea4776bdf6fce6462c9921 f26d5f8b5eea4776bdf6fce6462c9921] 199.204.45.244 "GET /v2.0/networks?tenant_id=e23e294df29a44ca81de9a6f31bca14e&shared=False HTTP/1.1" status: 200 len: 981 time: 0.0383191
2026-04-12 21:51:22.739 9 INFO neutron.api.wsgi [req-1d64a3f7-16bd-479f-a639-814d38299103 req-4f2217c6-2968-44e3-bc0e-64995d29c184 69f8ad1a45954b309f99a02f0823d47e 5fe509aa54f84f9daa5dfe279dd8521a - - f26d5f8b5eea4776bdf6fce6462c9921 f26d5f8b5eea4776bdf6fce6462c9921] 199.204.45.244 "GET /v2.0/networks?shared=True HTTP/1.1" status: 200 len: 952 time: 0.0355482
2026-04-12 21:51:22.750 10 INFO neutron.api.wsgi [None req-54c4d69c-ed22-43cf-976e-823133ee29d3 a567ec0a27104407b95cbb39e5809502 8a4ca2cca7574d2289ce86cc5ffab9bc - - default default] 10.0.0.252 "GET /v2.0/security-groups?tenant_id=e313c1cc6dd5405d81753afeacdb22c9&name=default HTTP/1.1" status: 200 len: 3116 time: 0.0309439
2026-04-12 21:51:22.967 10 INFO neutron.api.wsgi [None req-aa38fe53-89fc-464b-9b4a-24c259be3f08 a567ec0a27104407b95cbb39e5809502 8a4ca2cca7574d2289ce86cc5ffab9bc - - default default] 10.0.0.252 "DELETE /v2.0/security-groups/d85fdd59-7a95-40f4-80e6-87a9dc1dc4f2 HTTP/1.1" status: 204 len: 168 time: 0.2124262
2026-04-12 21:51:22.993 9 INFO neutron.api.wsgi [req-6abd1c1b-7f7d-47b9-84ff-9054b13b88c1 req-c23de134-4324-414c-a4cf-9a910a5187cc 99a9055131ef4ee7932d6781e858e35d e23e294df29a44ca81de9a6f31bca14e - - default default] 10.0.0.69 "GET /v2.0/ports?device_id=f50226e2-38b9-4e1e-b8d2-bf32e494e997 HTTP/1.1" status: 200 len: 1172 time: 0.1235073
2026-04-12 21:51:23.056 9 INFO neutron.api.wsgi [req-6abd1c1b-7f7d-47b9-84ff-9054b13b88c1 req-6a72bb41-119f-45b1-8c44-9177f81e0d59 99a9055131ef4ee7932d6781e858e35d e23e294df29a44ca81de9a6f31bca14e - - default default] 10.0.0.69 "GET /v2.0/security-groups?id=401c6779-e6e9-4021-a2fa-7dec37051e65&fields=id&fields=name HTTP/1.1" status: 200 len: 312 time: 0.0575895
2026-04-12 21:51:23.232 10 INFO neutron.api.wsgi [req-f9252fac-b9f8-49bd-a6d7-b9c7de46ec3f req-1d945eb1-2467-491b-b0e1-50a30867c50d b78005a27a48480eb930a93c78963691 4b8b337872df46cd98f1ee50e7ce4401 - - default default] 10.0.0.69 "GET /v2.0/ports?device_id=cba31653-1ba4-4d44-a110-a252915ecdeb HTTP/1.1" status: 200 len: 1170 time: 0.0326843
2026-04-12 21:51:23.265 10 INFO neutron.api.wsgi [req-f9252fac-b9f8-49bd-a6d7-b9c7de46ec3f req-761f4304-3fe0-4ee3-8cbf-9f4e187f2645 b78005a27a48480eb930a93c78963691 4b8b337872df46cd98f1ee50e7ce4401 - - default default] 10.0.0.69 "GET /v2.0/security-groups?id=9ee2e65f-d91e-469f-96f9-fdf5cc0d4ed1&fields=id&fields=name HTTP/1.1" status: 200 len: 313 time: 0.0270016
2026-04-12 21:51:23.506 9 INFO neutron.api.wsgi [req-a0f74f78-2829-407e-8da1-0445d0966b25 req-15bfe767-de7d-467e-9ec1-32ce19b6273e 69f8ad1a45954b309f99a02f0823d47e 5fe509aa54f84f9daa5dfe279dd8521a - - f26d5f8b5eea4776bdf6fce6462c9921 f26d5f8b5eea4776bdf6fce6462c9921] 199.204.45.244 "GET /v2.0/ports?tenant_id=4b8b337872df46cd98f1ee50e7ce4401&device_id=cba31653-1ba4-4d44-a110-a252915ecdeb HTTP/1.1" status: 200 len: 1409 time: 0.0424697
2026-04-12 21:51:23.555 9 INFO neutron.api.wsgi [req-a0f74f78-2829-407e-8da1-0445d0966b25 req-53cdba49-136d-4d56-8335-636b535bcf27 69f8ad1a45954b309f99a02f0823d47e 5fe509aa54f84f9daa5dfe279dd8521a - - f26d5f8b5eea4776bdf6fce6462c9921 f26d5f8b5eea4776bdf6fce6462c9921] 199.204.45.244 "GET /v2.0/networks?id=6df4a87b-00e0-4573-af2e-51c48b14d3fd HTTP/1.1" status: 200 len: 974 time: 0.0439823
2026-04-12 21:51:23.614 9 INFO neutron.api.wsgi [req-a0f74f78-2829-407e-8da1-0445d0966b25 req-5f995d63-ab11-4950-a2ec-c517dc1f7f0c 69f8ad1a45954b309f99a02f0823d47e 5fe509aa54f84f9daa5dfe279dd8521a - - f26d5f8b5eea4776bdf6fce6462c9921 f26d5f8b5eea4776bdf6fce6462c9921] 199.204.45.244 "GET /v2.0/floatingips?fixed_ip_address=10.100.0.6&port_id=e9c69e07-96f1-4b43-96a4-8f098640b0f2 HTTP/1.1" status: 200 len: 1059 time: 0.0463052
2026-04-12 21:51:23.638 9 INFO neutron.api.wsgi [req-a0f74f78-2829-407e-8da1-0445d0966b25 req-1b533ab2-474c-4ec0-a6cc-2d6964e20209 69f8ad1a45954b309f99a02f0823d47e 5fe509aa54f84f9daa5dfe279dd8521a - - f26d5f8b5eea4776bdf6fce6462c9921 f26d5f8b5eea4776bdf6fce6462c9921] 199.204.45.244 "GET /v2.0/subnets?id=cbeabbbb-df09-4939-a85f-108e84db0ce8 HTTP/1.1" status: 200 len: 893 time: 0.0210793
2026-04-12 21:51:23.658 9 INFO neutron.api.wsgi [req-a0f74f78-2829-407e-8da1-0445d0966b25 req-31f78435-8301-4679-94c0-9af1e361c4ec 69f8ad1a45954b309f99a02f0823d47e 5fe509aa54f84f9daa5dfe279dd8521a - - f26d5f8b5eea4776bdf6fce6462c9921 f26d5f8b5eea4776bdf6fce6462c9921] 199.204.45.244 "GET /v2.0/ports?network_id=6df4a87b-00e0-4573-af2e-51c48b14d3fd&device_owner=network%3Adhcp HTTP/1.1" status: 200 len: 210 time: 0.0153918
2026-04-12 21:51:23.698 9 INFO neutron.api.wsgi [req-a0f74f78-2829-407e-8da1-0445d0966b25 req-cf6a4372-93af-47ba-aa30-97e619ee80a6 69f8ad1a45954b309f99a02f0823d47e 5fe509aa54f84f9daa5dfe279dd8521a - - f26d5f8b5eea4776bdf6fce6462c9921 f26d5f8b5eea4776bdf6fce6462c9921] 199.204.45.244 "GET /v2.0/networks/6df4a87b-00e0-4573-af2e-51c48b14d3fd?fields=segments HTTP/1.1" status: 200 len: 212 time: 0.0344422
2026-04-12 21:51:23.745 9 INFO neutron.api.wsgi [req-a0f74f78-2829-407e-8da1-0445d0966b25 req-f98c964e-388b-4dac-acab-b79ba2d54f04 69f8ad1a45954b309f99a02f0823d47e 5fe509aa54f84f9daa5dfe279dd8521a - - f26d5f8b5eea4776bdf6fce6462c9921 f26d5f8b5eea4776bdf6fce6462c9921] 199.204.45.244 "GET /v2.0/networks/6df4a87b-00e0-4573-af2e-51c48b14d3fd?fields=provider%3Aphysical_network&fields=provider%3Anetwork_type HTTP/1.1" status: 200 len: 277 time: 0.0411553
2026-04-12 21:51:23.799 9 INFO neutron.api.wsgi [req-218fc6eb-500d-4761-bbba-07f6faf5e4b3 req-c12688d5-4654-44bf-b647-3528d1b9b424 69f8ad1a45954b309f99a02f0823d47e 5fe509aa54f84f9daa5dfe279dd8521a - - f26d5f8b5eea4776bdf6fce6462c9921 f26d5f8b5eea4776bdf6fce6462c9921] 199.204.45.244 "GET /v2.0/ports?tenant_id=e23e294df29a44ca81de9a6f31bca14e&device_id=f50226e2-38b9-4e1e-b8d2-bf32e494e997 HTTP/1.1" status: 200 len: 1411 time: 0.0338433
2026-04-12 21:51:23.827 9 INFO neutron.api.wsgi [req-218fc6eb-500d-4761-bbba-07f6faf5e4b3 req-c1b63503-07da-428a-af57-22ba2b02e7ef 69f8ad1a45954b309f99a02f0823d47e 5fe509aa54f84f9daa5dfe279dd8521a - - f26d5f8b5eea4776bdf6fce6462c9921 f26d5f8b5eea4776bdf6fce6462c9921] 199.204.45.244 "GET /v2.0/floatingips?fixed_ip_address=10.100.0.12&port_id=bae28cbe-0c0f-4643-bbf1-3fd3f8354edf HTTP/1.1" status: 200 len: 217 time: 0.0198984
2026-04-12 21:51:23.856 9 INFO neutron.api.wsgi [req-218fc6eb-500d-4761-bbba-07f6faf5e4b3 req-f3117121-2903-4817-8110-d6185b6c9f34 69f8ad1a45954b309f99a02f0823d47e 5fe509aa54f84f9daa5dfe279dd8521a - - f26d5f8b5eea4776bdf6fce6462c9921 f26d5f8b5eea4776bdf6fce6462c9921] 199.204.45.244 "GET /v2.0/subnets?id=3926a655-9592-4e5a-995f-eb12394e90df HTTP/1.1" status: 200 len: 900 time: 0.0232913
2026-04-12 21:51:23.873 9 INFO neutron.api.wsgi [req-218fc6eb-500d-4761-bbba-07f6faf5e4b3 req-f74ebfeb-d7f0-44cc-9bdd-614d021ec5e7 69f8ad1a45954b309f99a02f0823d47e 5fe509aa54f84f9daa5dfe279dd8521a - - f26d5f8b5eea4776bdf6fce6462c9921 f26d5f8b5eea4776bdf6fce6462c9921] 199.204.45.244 "GET /v2.0/ports?network_id=9021c46f-849d-4203-b273-66003e007f98&device_owner=network%3Adhcp HTTP/1.1" status: 200 len: 210 time: 0.0138774
2026-04-12 21:51:23.915 9 INFO neutron.api.wsgi [req-218fc6eb-500d-4761-bbba-07f6faf5e4b3 req-89ed601f-a2ef-4070-9dea-bcfe4199a403 69f8ad1a45954b309f99a02f0823d47e 5fe509aa54f84f9daa5dfe279dd8521a - - f26d5f8b5eea4776bdf6fce6462c9921 f26d5f8b5eea4776bdf6fce6462c9921] 199.204.45.244 "GET /v2.0/networks/9021c46f-849d-4203-b273-66003e007f98?fields=segments HTTP/1.1" status: 200 len: 212 time: 0.0369287
2026-04-12 21:51:23.960 9 INFO neutron.api.wsgi [req-218fc6eb-500d-4761-bbba-07f6faf5e4b3 req-384c6847-58e5-4ec4-8dfd-f5a65baeaa85 69f8ad1a45954b309f99a02f0823d47e 5fe509aa54f84f9daa5dfe279dd8521a - - f26d5f8b5eea4776bdf6fce6462c9921 f26d5f8b5eea4776bdf6fce6462c9921] 199.204.45.244 "GET /v2.0/networks/9021c46f-849d-4203-b273-66003e007f98?fields=provider%3Aphysical_network&fields=provider%3Anetwork_type HTTP/1.1" status: 200 len: 277 time: 0.0390267
2026-04-12 21:51:24.146 9 INFO neutron.api.wsgi [req-5f0ea39c-9745-425e-80c2-6e42ab5cde89 req-a3e7d061-bd54-4f88-b3b2-f3b8c80133d3 99a9055131ef4ee7932d6781e858e35d e23e294df29a44ca81de9a6f31bca14e - - default default] 10.0.0.69 "GET /v2.0/ports?device_id=f50226e2-38b9-4e1e-b8d2-bf32e494e997 HTTP/1.1" status: 200 len: 1172 time: 0.0315535
2026-04-12 21:51:24.181 9 INFO neutron.api.wsgi [req-5f0ea39c-9745-425e-80c2-6e42ab5cde89 req-69ac20ea-020f-4736-bbaf-1b2a49e2e440 99a9055131ef4ee7932d6781e858e35d e23e294df29a44ca81de9a6f31bca14e - - default default] 10.0.0.69 "GET /v2.0/security-groups?id=401c6779-e6e9-4021-a2fa-7dec37051e65&fields=id&fields=name HTTP/1.1" status: 200 len: 312 time: 0.0291409
2026-04-12 21:51:24.357 10 INFO neutron.api.wsgi [req-a67a9533-0351-480f-a523-d4482f4de5f1 req-f3ec39bd-6e2d-4aa0-b428-daa5b8477a84 b78005a27a48480eb930a93c78963691 4b8b337872df46cd98f1ee50e7ce4401 - - default default] 10.0.0.69 "GET /v2.0/ports?device_id=cba31653-1ba4-4d44-a110-a252915ecdeb HTTP/1.1" status: 200 len: 1170 time: 0.0296338
2026-04-12 21:51:24.394 10 INFO neutron.api.wsgi [req-a67a9533-0351-480f-a523-d4482f4de5f1 req-c7edc208-b2bd-4d58-8dd5-874e652dc16e b78005a27a48480eb930a93c78963691 4b8b337872df46cd98f1ee50e7ce4401 - - default default] 10.0.0.69 "GET /v2.0/security-groups?id=9ee2e65f-d91e-469f-96f9-fdf5cc0d4ed1&fields=id&fields=name HTTP/1.1" status: 200 len: 313 time: 0.0307937
