2026-04-12 21:52:17.974 10 INFO neutron.services.segments.plugin [-] Segment 9227a3af-6fb9-44f4-a6b0-c578cdfa2a7d resource provider not found; error: Placement Client Error (4xx): {"errors": [{"status": 404, "title": "Not Found", "detail": "The resource could not be found.\n\n No resource provider with uuid 9227a3af-6fb9-44f4-a6b0-c578cdfa2a7d found for delete ", "request_id": "req-2c2ecea8-6b7b-431b-8c44-9babf01f760f"}]}
2026-04-12 21:52:17.976 10 INFO neutron.services.segments.plugin [-] Segment 9227a3af-6fb9-44f4-a6b0-c578cdfa2a7d resource provider not found; error: Placement Client Error (4xx): {"errors": [{"status": 404, "title": "Not Found", "detail": "The resource could not be found.\n\n No resource provider with uuid 9227a3af-6fb9-44f4-a6b0-c578cdfa2a7d found for delete ", "request_id": "req-1b6218ca-8950-4ef3-a4f5-d10dc6fc2827"}]}
2026-04-12 21:52:17.978 10 INFO neutron.pecan_wsgi.hooks.translation [None req-0f2e3955-af5f-4cef-8589-15e70d94b1f9 2e6d81cb0ef74091a31b8e3812cf32bc 252d9dbfdc01479c88c6a9d41fd40cc3 - - default default] GET failed (client error): The resource could not be found.
2026-04-12 21:52:17.980 10 INFO neutron.api.wsgi [None req-0f2e3955-af5f-4cef-8589-15e70d94b1f9 2e6d81cb0ef74091a31b8e3812cf32bc 252d9dbfdc01479c88c6a9d41fd40cc3 - - default default] 10.0.0.252 "GET /v2.0/ports/7e547d2b-7c5c-40c0-9590-cd16b85bc7ae HTTP/1.1" status: 404 len: 333 time: 0.0402381
2026-04-12 21:52:17.987 10 INFO neutron.api.wsgi [None req-76752b7e-3699-42e6-8f0c-54256ec52065 63ae78335bf84efdab7172a0e7477aa7 60d471415751486e9fcd0f642c23a5af - - default default] 10.0.0.252 "POST /v2.0/networks HTTP/1.1" status: 201 len: 829 time: 0.9634902
2026-04-12 21:52:17.993 10 INFO neutron.api.wsgi [req-4123bfe5-a714-4c76-92c7-aee089c7b01d req-a4d0c163-ce4b-4b15-8a3f-7099fc246241 30794d6833da41ed88b90da7122226b9 ad83dd11aa1e4e8984d9d710aac72dbe - - default default] 10.0.0.69 "GET /v2.0/ports?device_id=38648ffa-084a-42d8-95e1-8aa5930bbea8 HTTP/1.1" status: 200 len: 1168 time: 0.0637231
2026-04-12 21:52:17.996 10 WARNING neutron_lib.context [None req-b22785a2-0efa-4dc9-8e01-957e3c62a2c8 63ae78335bf84efdab7172a0e7477aa7 60d471415751486e9fcd0f642c23a5af - - default default] Method 'is_advsvc' is deprecated since 2023.2 release (neutron-lib 3.8.0) and will be removed once support for the old RBAC API policies will be removed from Neutron. Please use method 'is_service_role' instead.
2026-04-12 21:52:18.027 9 INFO neutron.api.wsgi [None req-6e25fd42-60dc-4b2a-a08b-e73360039145 2e6d81cb0ef74091a31b8e3812cf32bc 252d9dbfdc01479c88c6a9d41fd40cc3 - - default default] 10.0.0.252 "GET /v2.0/ports HTTP/1.1" status: 200 len: 1728 time: 0.0382607
2026-04-12 21:52:18.032 10 INFO neutron.api.wsgi [req-4123bfe5-a714-4c76-92c7-aee089c7b01d req-ce409663-d5a5-4fb8-8052-db6627f9b0ec 30794d6833da41ed88b90da7122226b9 ad83dd11aa1e4e8984d9d710aac72dbe - - default default] 10.0.0.69 "GET /v2.0/security-groups?id=d9f93054-2139-4db4-89ab-003291766402&fields=id&fields=name HTTP/1.1" status: 200 len: 286 time: 0.0342784
2026-04-12 21:52:18.079 9 WARNING neutron.scheduler.dhcp_agent_scheduler [None req-95dee43d-de31-47da-836c-67b8d4125b08 28edef03f9114182bfa8f473a6f28121 9b082cc0136f4cd8b1a7fe6f2fc66439 - - default default] No more DHCP agents
2026-04-12 21:52:18.080 9 WARNING neutron.api.rpc.agentnotifiers.dhcp_rpc_agent_api [None req-95dee43d-de31-47da-836c-67b8d4125b08 28edef03f9114182bfa8f473a6f28121 9b082cc0136f4cd8b1a7fe6f2fc66439 - - default default] Unable to schedule network 348a7ac1-e8ca-4d0b-afe1-5293e61cdfef: no agents available; will retry on subsequent port and subnet creation events.
2026-04-12 21:52:18.081 10 INFO neutron.db.segments_db [None req-b22785a2-0efa-4dc9-8e01-957e3c62a2c8 63ae78335bf84efdab7172a0e7477aa7 60d471415751486e9fcd0f642c23a5af - - default default] Added segment ebb07a54-9954-4df1-bd31-449b9e6441c3 of type geneve for network 19102fee-3340-4364-82af-6c4fe8042bcb
2026-04-12 21:52:18.089 10 INFO neutron.api.wsgi [None req-11b8507c-9bcf-4fd6-b11f-0324b87508f0 2e6d81cb0ef74091a31b8e3812cf32bc 252d9dbfdc01479c88c6a9d41fd40cc3 - - default default] 10.0.0.252 "GET /v2.0/ports/88f7d7e8-1ee4-4155-9d20-fb5ae7f1f403 HTTP/1.1" status: 200 len: 968 time: 0.0513036
2026-04-12 21:52:18.108 10 INFO neutron.pecan_wsgi.hooks.translation [None req-2acacf34-fdd7-4847-8c68-075833d06c25 2e6d81cb0ef74091a31b8e3812cf32bc 252d9dbfdc01479c88c6a9d41fd40cc3 - - default default] DELETE failed (client error): The resource could not be found.
2026-04-12 21:52:18.110 10 INFO neutron.api.wsgi [None req-2acacf34-fdd7-4847-8c68-075833d06c25 2e6d81cb0ef74091a31b8e3812cf32bc 252d9dbfdc01479c88c6a9d41fd40cc3 - - default default] 10.0.0.252 "DELETE /v2.0/ports/4a4eed01-1748-452b-9419-87e9f287ec04 HTTP/1.1" status: 404 len: 333 time: 0.0151165
2026-04-12 21:52:18.128 10 INFO neutron.pecan_wsgi.hooks.translation [None req-596cff6c-6872-46c9-90a6-5fe8bc9efce2 2e6d81cb0ef74091a31b8e3812cf32bc 252d9dbfdc01479c88c6a9d41fd40cc3 - - default default] DELETE failed (client error): The resource could not be found.
2026-04-12 21:52:18.130 10 INFO neutron.api.wsgi [None req-596cff6c-6872-46c9-90a6-5fe8bc9efce2 2e6d81cb0ef74091a31b8e3812cf32bc 252d9dbfdc01479c88c6a9d41fd40cc3 - - default default] 10.0.0.252 "DELETE /v2.0/subnets/220b9339-50f4-4022-9930-6d0ea747f012 HTTP/1.1" status: 404 len: 337 time: 0.0149465
2026-04-12 21:52:18.148 9 INFO neutron.pecan_wsgi.hooks.translation [None req-9404dcc7-e71b-4499-98cc-a4fb2ed47480 2e6d81cb0ef74091a31b8e3812cf32bc 252d9dbfdc01479c88c6a9d41fd40cc3 - - default default] DELETE failed (client error): The resource could not be found.
2026-04-12 21:52:18.150 9 INFO neutron.api.wsgi [None req-9404dcc7-e71b-4499-98cc-a4fb2ed47480 2e6d81cb0ef74091a31b8e3812cf32bc 252d9dbfdc01479c88c6a9d41fd40cc3 - - default default] 10.0.0.252 "DELETE /v2.0/subnets/8a18193f-ca6e-400c-a06c-c2b0a565ab26 HTTP/1.1" status: 404 len: 337 time: 0.0151086
2026-04-12 21:52:18.162 9 INFO neutron.db.ovn_revision_numbers_db [None req-95dee43d-de31-47da-836c-67b8d4125b08 28edef03f9114182bfa8f473a6f28121 9b082cc0136f4cd8b1a7fe6f2fc66439 - - default default] Successfully bumped revision number for resource 0317f47a-e923-472a-b851-f95f4a6945d0 (type: ports) to 1
2026-04-12 21:52:18.190 9 INFO neutron.api.wsgi [None req-95dee43d-de31-47da-836c-67b8d4125b08 28edef03f9114182bfa8f473a6f28121 9b082cc0136f4cd8b1a7fe6f2fc66439 - - default default] 10.0.0.252 "POST /v2.0/networks HTTP/1.1" status: 201 len: 847 time: 0.7553391
2026-04-12 21:52:18.204 10 INFO neutron.db.ovn_revision_numbers_db [None req-b22785a2-0efa-4dc9-8e01-957e3c62a2c8 63ae78335bf84efdab7172a0e7477aa7 60d471415751486e9fcd0f642c23a5af - - default default] Successfully bumped revision number for resource 19102fee-3340-4364-82af-6c4fe8042bcb (type: networks) to 1
2026-04-12 21:52:18.339 9 INFO neutron.api.wsgi [None req-cb8b24c8-a29b-4dba-9d1e-60574d4c740c 2e6d81cb0ef74091a31b8e3812cf32bc 252d9dbfdc01479c88c6a9d41fd40cc3 - - default default] 10.0.0.252 "DELETE /v2.0/ports/88f7d7e8-1ee4-4155-9d20-fb5ae7f1f403 HTTP/1.1" status: 204 len: 168 time: 0.1833673
2026-04-12 21:52:18.357 10 WARNING neutron.scheduler.dhcp_agent_scheduler [None req-b22785a2-0efa-4dc9-8e01-957e3c62a2c8 63ae78335bf84efdab7172a0e7477aa7 60d471415751486e9fcd0f642c23a5af - - default default] No more DHCP agents
2026-04-12 21:52:18.358 10 WARNING neutron.api.rpc.agentnotifiers.dhcp_rpc_agent_api [None req-b22785a2-0efa-4dc9-8e01-957e3c62a2c8 63ae78335bf84efdab7172a0e7477aa7 60d471415751486e9fcd0f642c23a5af - - default default] Unable to schedule network 19102fee-3340-4364-82af-6c4fe8042bcb: no agents available; will retry on subsequent port and subnet creation events.
2026-04-12 21:52:18.438 10 INFO neutron.db.ovn_revision_numbers_db [None req-b22785a2-0efa-4dc9-8e01-957e3c62a2c8 63ae78335bf84efdab7172a0e7477aa7 60d471415751486e9fcd0f642c23a5af - - default default] Successfully bumped revision number for resource 4a1e7eb9-2173-4ce7-909b-c3593e94d520 (type: ports) to 1
2026-04-12 21:52:18.456 10 INFO neutron.api.wsgi [None req-b22785a2-0efa-4dc9-8e01-957e3c62a2c8 63ae78335bf84efdab7172a0e7477aa7 60d471415751486e9fcd0f642c23a5af - - default default] 10.0.0.252 "POST /v2.0/networks HTTP/1.1" status: 201 len: 828 time: 0.4630024
2026-04-12 21:52:18.466 9 WARNING neutron_lib.context [None req-bea00666-e295-409b-9390-2e8d9420a18e 63ae78335bf84efdab7172a0e7477aa7 60d471415751486e9fcd0f642c23a5af - - default default] Method 'is_advsvc' is deprecated since 2023.2 release (neutron-lib 3.8.0) and will be removed once support for the old RBAC API policies will be removed from Neutron. Please use method 'is_service_role' instead.
2026-04-12 21:52:18.648 9 INFO neutron.services.segments.plugin [-] Segment 1a52108c-008e-47eb-ae1f-a0832e22d5c4 resource provider aggregate not found
2026-04-12 21:52:18.651 9 INFO neutron.services.segments.plugin [-] Segment 1a52108c-008e-47eb-ae1f-a0832e22d5c4 resource provider aggregate not found
2026-04-12 21:52:18.665 9 INFO neutron.services.segments.plugin [-] Segment 1a52108c-008e-47eb-ae1f-a0832e22d5c4 resource provider not found; error: Placement Client Error (4xx): {"errors": [{"status": 404, "title": "Not Found", "detail": "The resource could not be found.\n\n No resource provider with uuid 1a52108c-008e-47eb-ae1f-a0832e22d5c4 found for delete ", "request_id": "req-4aa26103-120a-4733-b154-1a19cfa1292a"}]}
2026-04-12 21:52:18.667 10 WARNING neutron_lib.context [None req-4e601ddd-aa9d-4605-b2fa-6a843830797b 28edef03f9114182bfa8f473a6f28121 9b082cc0136f4cd8b1a7fe6f2fc66439 - - default default] Method 'is_advsvc' is deprecated since 2023.2 release (neutron-lib 3.8.0) and will be removed once support for the old RBAC API policies will be removed from Neutron. Please use method 'is_service_role' instead.
2026-04-12 21:52:18.669 9 INFO neutron.services.segments.plugin [-] Segment 1a52108c-008e-47eb-ae1f-a0832e22d5c4 resource provider not found; error: Placement Client Error (4xx): {"errors": [{"status": 404, "title": "Not Found", "detail": "The resource could not be found.\n\n No resource provider with uuid 1a52108c-008e-47eb-ae1f-a0832e22d5c4 found for delete ", "request_id": "req-2cb7f51c-0f35-41bc-b4c7-2b9a731aa1ff"}]}
2026-04-12 21:52:18.679 9 WARNING neutron.scheduler.dhcp_agent_scheduler [None req-bea00666-e295-409b-9390-2e8d9420a18e 63ae78335bf84efdab7172a0e7477aa7 60d471415751486e9fcd0f642c23a5af - - default default] No more DHCP agents
2026-04-12 21:52:18.681 9 WARNING neutron.api.rpc.agentnotifiers.dhcp_rpc_agent_api [None req-bea00666-e295-409b-9390-2e8d9420a18e 63ae78335bf84efdab7172a0e7477aa7 60d471415751486e9fcd0f642c23a5af - - default default] Unable to schedule network 2d2f6dd5-0b9c-4320-9edb-8086dd5f40e4: no agents available; will retry on subsequent port and subnet creation events.
2026-04-12 21:52:18.710 9 INFO neutron.api.wsgi [None req-20398489-6470-4946-8a27-0105f6859fcc 2e6d81cb0ef74091a31b8e3812cf32bc 252d9dbfdc01479c88c6a9d41fd40cc3 - - default default] 10.0.0.252 "DELETE /v2.0/networks/68fc5e34-6742-48f8-a15e-e7e7d09a4fe6 HTTP/1.1" status: 204 len: 168 time: 0.3649733
2026-04-12 21:52:18.850 10 WARNING neutron.scheduler.dhcp_agent_scheduler [None req-4e601ddd-aa9d-4605-b2fa-6a843830797b 28edef03f9114182bfa8f473a6f28121 9b082cc0136f4cd8b1a7fe6f2fc66439 - - default default] No more DHCP agents
2026-04-12 21:52:18.851 10 WARNING neutron.api.rpc.agentnotifiers.dhcp_rpc_agent_api [None req-4e601ddd-aa9d-4605-b2fa-6a843830797b 28edef03f9114182bfa8f473a6f28121 9b082cc0136f4cd8b1a7fe6f2fc66439 - - default default] Unable to schedule network 348a7ac1-e8ca-4d0b-afe1-5293e61cdfef: no agents available; will retry on subsequent port and subnet creation events.
2026-04-12 21:52:18.876 10 INFO neutron.db.ovn_revision_numbers_db [None req-4e601ddd-aa9d-4605-b2fa-6a843830797b 28edef03f9114182bfa8f473a6f28121 9b082cc0136f4cd8b1a7fe6f2fc66439 - - default default] Successfully bumped revision number for resource 3da4bf37-910d-490f-8668-f47a3b09ec97 (type: subnets) to 0
2026-04-12 21:52:18.892 10 INFO neutron.api.wsgi [None req-4e601ddd-aa9d-4605-b2fa-6a843830797b 28edef03f9114182bfa8f473a6f28121 9b082cc0136f4cd8b1a7fe6f2fc66439 - - default default] 10.0.0.252 "POST /v2.0/subnets HTTP/1.1" status: 201 len: 872 time: 0.2301717
2026-04-12 21:52:18.902 10 WARNING neutron_lib.context [None req-44f57515-6bb7-4ecf-a436-c812adcf4a68 28edef03f9114182bfa8f473a6f28121 9b082cc0136f4cd8b1a7fe6f2fc66439 - - default default] Method 'is_advsvc' is deprecated since 2023.2 release (neutron-lib 3.8.0) and will be removed once support for the old RBAC API policies will be removed from Neutron. Please use method 'is_service_role' instead.
2026-04-12 21:52:18.983 10 INFO neutron.db.segments_db [None req-44f57515-6bb7-4ecf-a436-c812adcf4a68 28edef03f9114182bfa8f473a6f28121 9b082cc0136f4cd8b1a7fe6f2fc66439 - - default default] Added segment be18ce0f-127c-4af2-9c4a-73b6c1462ea3 of type geneve for network 7b87f57b-add8-4420-bb76-75e7e51e8705
2026-04-12 21:52:19.045 10 INFO neutron.plugins.ml2.drivers.ovn.mech_driver.mech_driver [None req-bb42bfa8-7a5e-448d-a76b-b2f637c3ea71 - - - - - -] OVN reports status up for port: 52a11019-b7bc-4809-89ae-e9bf1a250e3f
2026-04-12 21:52:19.067 10 INFO neutron.plugins.ml2.plugin [None req-bb42bfa8-7a5e-448d-a76b-b2f637c3ea71 - - - - - -] Attempt 1 to provision port 52a11019-b7bc-4809-89ae-e9bf1a250e3f
2026-04-12 21:52:19.141 9 INFO neutron.api.wsgi [req-9c05cf22-3aa6-44c0-9f2e-923abcfd9970 req-18420b43-56f9-46a0-8933-b5371f6401bf 30794d6833da41ed88b90da7122226b9 ad83dd11aa1e4e8984d9d710aac72dbe - - default default] 10.0.0.69 "GET /v2.0/ports?device_id=38648ffa-084a-42d8-95e1-8aa5930bbea8 HTTP/1.1" status: 200 len: 1168 time: 0.0338998
2026-04-12 21:52:19.155 10 INFO neutron.db.ovn_revision_numbers_db [None req-44f57515-6bb7-4ecf-a436-c812adcf4a68 28edef03f9114182bfa8f473a6f28121 9b082cc0136f4cd8b1a7fe6f2fc66439 - - default default] Successfully bumped revision number for resource 7b87f57b-add8-4420-bb76-75e7e51e8705 (type: networks) to 1
2026-04-12 21:52:19.180 9 INFO neutron.api.wsgi [req-9c05cf22-3aa6-44c0-9f2e-923abcfd9970 req-213e0b86-7411-4ced-b3ab-3a1c5e71e9a0 30794d6833da41ed88b90da7122226b9 ad83dd11aa1e4e8984d9d710aac72dbe - - default default] 10.0.0.69 "GET /v2.0/security-groups?id=d9f93054-2139-4db4-89ab-003291766402&fields=id&fields=name HTTP/1.1" status: 200 len: 286 time: 0.0322950
2026-04-12 21:52:19.227 10 INFO neutron.notifiers.nova [-] Nova event matching ['req-ed0b1d95-0e51-4b31-ae3d-ce3b4b36c336'] response: {'server_uuid': '38648ffa-084a-42d8-95e1-8aa5930bbea8', 'name': 'network-vif-plugged', 'status': 'completed', 'tag': '52a11019-b7bc-4809-89ae-e9bf1a250e3f', 'code': 200}
2026-04-12 21:52:19.289 9 INFO neutron.db.ovn_revision_numbers_db [None req-024fa7f5-3637-47a5-8d88-42d1957360b9 - - - - - -] Successfully bumped revision number for resource 22581493-1701-40d4-a14b-1e5a26147905 (type: ports) to 2
2026-04-12 21:52:19.323 9 INFO neutron.api.wsgi [None req-19237888-d37f-4c61-bc01-c608f1b62e25 a567ec0a27104407b95cbb39e5809502 8a4ca2cca7574d2289ce86cc5ffab9bc - - default default] 10.0.0.252 "GET /v2.0/security-groups?tenant_id=252d9dbfdc01479c88c6a9d41fd40cc3&name=default HTTP/1.1" status: 200 len: 3120 time: 0.1174743
2026-04-12 21:52:19.324 9 INFO neutron.db.ovn_revision_numbers_db [None req-024fa7f5-3637-47a5-8d88-42d1957360b9 - - - - - -] Successfully bumped revision number for resource be202fbf-e297-41e6-b20f-7201d6021a26 (type: subnets) to 0
2026-04-12 21:52:19.328 9 INFO neutron.api.wsgi [-] 10.0.0.92 "GET / HTTP/1.1" status: 200 len: 247 time: 0.0011153
2026-04-12 21:52:19.329 9 INFO neutron.api.wsgi [-] 10.0.0.92 "GET / HTTP/1.1" status: 200 len: 247 time: 0.0008628
2026-04-12 21:52:19.337 9 INFO neutron.api.wsgi [None req-bea00666-e295-409b-9390-2e8d9420a18e 63ae78335bf84efdab7172a0e7477aa7 60d471415751486e9fcd0f642c23a5af - - default default] 10.0.0.252 "POST /v2.0/subnets HTTP/1.1" status: 201 len: 825 time: 0.8756227
2026-04-12 21:52:19.350 9 WARNING neutron_lib.context [None req-a1a46027-6276-4017-8835-9f0c0d20afd2 63ae78335bf84efdab7172a0e7477aa7 60d471415751486e9fcd0f642c23a5af - - default default] Method 'is_advsvc' is deprecated since 2023.2 release (neutron-lib 3.8.0) and will be removed once support for the old RBAC API policies will be removed from Neutron. Please use method 'is_service_role' instead.
2026-04-12 21:52:19.370 10 WARNING neutron.scheduler.dhcp_agent_scheduler [None req-44f57515-6bb7-4ecf-a436-c812adcf4a68 28edef03f9114182bfa8f473a6f28121 9b082cc0136f4cd8b1a7fe6f2fc66439 - - default default] No more DHCP agents
2026-04-12 21:52:19.373 10 WARNING neutron.api.rpc.agentnotifiers.dhcp_rpc_agent_api [None req-44f57515-6bb7-4ecf-a436-c812adcf4a68 28edef03f9114182bfa8f473a6f28121 9b082cc0136f4cd8b1a7fe6f2fc66439 - - default default] Unable to schedule network 7b87f57b-add8-4420-bb76-75e7e51e8705: no agents available; will retry on subsequent port and subnet creation events.
2026-04-12 21:52:19.422 10 INFO neutron.db.ovn_revision_numbers_db [None req-bb42bfa8-7a5e-448d-a76b-b2f637c3ea71 - - - - - -] Successfully bumped revision number for resource 52a11019-b7bc-4809-89ae-e9bf1a250e3f (type: ports) to 5
2026-04-12 21:52:19.477 9 WARNING neutron.scheduler.dhcp_agent_scheduler [None req-a1a46027-6276-4017-8835-9f0c0d20afd2 63ae78335bf84efdab7172a0e7477aa7 60d471415751486e9fcd0f642c23a5af - - default default] No more DHCP agents
2026-04-12 21:52:19.478 9 WARNING neutron.api.rpc.agentnotifiers.dhcp_rpc_agent_api [None req-a1a46027-6276-4017-8835-9f0c0d20afd2 63ae78335bf84efdab7172a0e7477aa7 60d471415751486e9fcd0f642c23a5af - - default default] Unable to schedule network 19102fee-3340-4364-82af-6c4fe8042bcb: no agents available; will retry on subsequent port and subnet creation events.
2026-04-12 21:52:19.479 10 INFO neutron.db.ovn_revision_numbers_db [None req-44f57515-6bb7-4ecf-a436-c812adcf4a68 28edef03f9114182bfa8f473a6f28121 9b082cc0136f4cd8b1a7fe6f2fc66439 - - default default] Successfully bumped revision number for resource 7747dfc6-f639-405f-b00c-c1d91e3d935b (type: ports) to 1
2026-04-12 21:52:19.511 10 INFO neutron.api.wsgi [None req-44f57515-6bb7-4ecf-a436-c812adcf4a68 28edef03f9114182bfa8f473a6f28121 9b082cc0136f4cd8b1a7fe6f2fc66439 - - default default] 10.0.0.252 "POST /v2.0/networks HTTP/1.1" status: 201 len: 847 time: 0.6127901 /var/lib/openstack/lib/python3.12/site-packages/pycadf/identifier.py:71: UserWarning: Invalid uuid: neutron. To ensure interoperability, identifiers should be a valid uuid. warnings.warn(('Invalid uuid: %s. To ensure interoperability, '
2026-04-12 21:52:19.589 10 INFO neutron.api.wsgi [None req-0d2c94bf-5aa4-42ea-b8e7-3cd0bcd47fb9 a567ec0a27104407b95cbb39e5809502 8a4ca2cca7574d2289ce86cc5ffab9bc - - default default] 10.0.0.252 "DELETE /v2.0/security-groups/3692e00d-4bfc-41bf-977d-020784cb0c59 HTTP/1.1" status: 204 len: 168 time: 0.2603545
2026-04-12 21:52:19.672 10 INFO neutron.db.ovn_revision_numbers_db [None req-5d2eef39-a04d-4940-9915-161f14f53f67 28edef03f9114182bfa8f473a6f28121 9b082cc0136f4cd8b1a7fe6f2fc66439 - - default default] Successfully bumped revision number for resource 7b87f57b-add8-4420-bb76-75e7e51e8705 (type: networks) to 2
2026-04-12 21:52:19.676 10 INFO neutron.api.wsgi [None req-5d2eef39-a04d-4940-9915-161f14f53f67 28edef03f9114182bfa8f473a6f28121 9b082cc0136f4cd8b1a7fe6f2fc66439 - - default default] 10.0.0.252 "PUT /v2.0/networks/7b87f57b-add8-4420-bb76-75e7e51e8705 HTTP/1.1" status: 200 len: 792 time: 0.1567698
2026-04-12 21:52:19.686 10 WARNING neutron_lib.context [None req-4c877a35-5172-46a7-bf2d-7453b21c6f39 28edef03f9114182bfa8f473a6f28121 9b082cc0136f4cd8b1a7fe6f2fc66439 - - default default] Method 'is_advsvc' is deprecated since 2023.2 release (neutron-lib 3.8.0) and will be removed once support for the old RBAC API policies will be removed from Neutron. Please use method 'is_service_role' instead.
2026-04-12 21:52:19.858 9 INFO neutron.db.ovn_revision_numbers_db [None req-ad9ad3d3-fdfb-43b7-bf8f-13ca2595d7bf - - - - - -] Successfully bumped revision number for resource 4a1e7eb9-2173-4ce7-909b-c3593e94d520 (type: ports) to 2
2026-04-12 21:52:19.883 10 WARNING neutron.scheduler.dhcp_agent_scheduler [None req-4c877a35-5172-46a7-bf2d-7453b21c6f39 28edef03f9114182bfa8f473a6f28121 9b082cc0136f4cd8b1a7fe6f2fc66439 - - default default] No more DHCP agents
2026-04-12 21:52:19.885 10 WARNING neutron.api.rpc.agentnotifiers.dhcp_rpc_agent_api [None req-4c877a35-5172-46a7-bf2d-7453b21c6f39 28edef03f9114182bfa8f473a6f28121 9b082cc0136f4cd8b1a7fe6f2fc66439 - - default default] Unable to schedule network 7b87f57b-add8-4420-bb76-75e7e51e8705: no agents available; will retry on subsequent port and subnet creation events.
2026-04-12 21:52:19.888 9 INFO neutron.db.ovn_revision_numbers_db [None req-ad9ad3d3-fdfb-43b7-bf8f-13ca2595d7bf - - - - - -] Successfully bumped revision number for resource cd5d3616-b442-402a-9d76-87c2b700d048 (type: subnets) to 0
2026-04-12 21:52:19.904 9 INFO neutron.api.wsgi [None req-a1a46027-6276-4017-8835-9f0c0d20afd2 63ae78335bf84efdab7172a0e7477aa7 60d471415751486e9fcd0f642c23a5af - - default default] 10.0.0.252 "POST /v2.0/subnets HTTP/1.1" status: 201 len: 825 time: 0.5574925
2026-04-12 21:52:19.913 9 WARNING neutron_lib.context [None req-0f7d69aa-6d0a-42cf-a6b8-b43f6f98d5c2 63ae78335bf84efdab7172a0e7477aa7 60d471415751486e9fcd0f642c23a5af - - default default] Method 'is_advsvc' is deprecated since 2023.2 release (neutron-lib 3.8.0) and will be removed once support for the old RBAC API policies will be removed from Neutron. Please use method 'is_service_role' instead.
2026-04-12 21:52:19.916 10 INFO neutron.db.ovn_revision_numbers_db [None req-4c877a35-5172-46a7-bf2d-7453b21c6f39 28edef03f9114182bfa8f473a6f28121 9b082cc0136f4cd8b1a7fe6f2fc66439 - - default default] Successfully bumped revision number for resource dd3dffe4-b7fc-4856-9599-8503b250ecb7 (type: subnets) to 0
2026-04-12 21:52:19.935 10 INFO neutron.api.wsgi [None req-4c877a35-5172-46a7-bf2d-7453b21c6f39 28edef03f9114182bfa8f473a6f28121 9b082cc0136f4cd8b1a7fe6f2fc66439 - - default default] 10.0.0.252 "POST /v2.0/subnets HTTP/1.1" status: 201 len: 845 time: 0.2541304
2026-04-12 21:52:20.012 9 INFO neutron.db.ovn_revision_numbers_db [None req-0f7d69aa-6d0a-42cf-a6b8-b43f6f98d5c2 63ae78335bf84efdab7172a0e7477aa7 60d471415751486e9fcd0f642c23a5af - - default default] Successfully bumped revision number for resource 85883209-2daa-431f-babc-7343dbb2f8ad (type: routers) to 1
2026-04-12 21:52:20.026 9 INFO neutron.api.wsgi [None req-0f7d69aa-6d0a-42cf-a6b8-b43f6f98d5c2 63ae78335bf84efdab7172a0e7477aa7 60d471415751486e9fcd0f642c23a5af - - default default] 10.0.0.252 "POST /v2.0/routers HTTP/1.1" status: 201 len: 802 time: 0.1167638
2026-04-12 21:52:20.268 9 INFO neutron.api.wsgi [req-37bab95c-64dd-40a1-915e-abfb578374ae req-b9262387-ea67-4321-9db6-5a2fe353d8b5 30794d6833da41ed88b90da7122226b9 ad83dd11aa1e4e8984d9d710aac72dbe - - default default] 10.0.0.69 "GET /v2.0/ports?device_id=38648ffa-084a-42d8-95e1-8aa5930bbea8 HTTP/1.1" status: 200 len: 1170 time: 0.0353944
2026-04-12 21:52:20.307 9 INFO neutron.api.wsgi [req-37bab95c-64dd-40a1-915e-abfb578374ae req-9ae6c49b-e1b2-4a79-91ec-47d6aa287174 30794d6833da41ed88b90da7122226b9 ad83dd11aa1e4e8984d9d710aac72dbe - - default default] 10.0.0.69 "GET /v2.0/security-groups?id=d9f93054-2139-4db4-89ab-003291766402&fields=id&fields=name HTTP/1.1" status: 200 len: 286 time: 0.0296860
2026-04-12 21:52:20.405 10 WARNING neutron.scheduler.dhcp_agent_scheduler [None req-0c841d5c-524c-4d3b-804c-b63c20d5ea08 63ae78335bf84efdab7172a0e7477aa7 60d471415751486e9fcd0f642c23a5af - - default default] No more DHCP agents
2026-04-12 21:52:20.407 10 WARNING neutron.api.rpc.agentnotifiers.dhcp_rpc_agent_api [None req-0c841d5c-524c-4d3b-804c-b63c20d5ea08 63ae78335bf84efdab7172a0e7477aa7 60d471415751486e9fcd0f642c23a5af - - default default] Unable to schedule network 2d2f6dd5-0b9c-4320-9edb-8086dd5f40e4: no agents available; will retry on subsequent port and subnet creation events.
2026-04-12 21:52:20.545 10 INFO neutron.db.ovn_revision_numbers_db [None req-0c841d5c-524c-4d3b-804c-b63c20d5ea08 63ae78335bf84efdab7172a0e7477aa7 60d471415751486e9fcd0f642c23a5af - - default default] Successfully bumped revision number for resource 9b9d7b71-a1ae-4f27-98b6-a53c19fc3aa5 (type: ports) to 1
2026-04-12 21:52:20.644 10 INFO neutron.db.ovn_revision_numbers_db [None req-8b60fa95-2893-4dd2-8264-6d75af983bc8 - - - - - -] Successfully bumped revision number for resource 7747dfc6-f639-405f-b00c-c1d91e3d935b (type: ports) to 2
2026-04-12 21:52:20.687 10 INFO neutron.db.ovn_revision_numbers_db [None req-8b60fa95-2893-4dd2-8264-6d75af983bc8 - - - - - -] Successfully bumped revision number for resource dd3dffe4-b7fc-4856-9599-8503b250ecb7 (type: subnets) to 1
2026-04-12 21:52:20.689 10 INFO neutron.api.wsgi [None req-a20cdab1-1646-47eb-91ad-7460a47bd580 28edef03f9114182bfa8f473a6f28121 9b082cc0136f4cd8b1a7fe6f2fc66439 - - default default] 10.0.0.252 "PUT /v2.0/subnets/dd3dffe4-b7fc-4856-9599-8503b250ecb7 HTTP/1.1" status: 200 len: 850 time: 0.7484362
2026-04-12 21:52:21.036 10 INFO neutron.plugins.ml2.drivers.ovn.mech_driver.mech_driver [None req-6a33f1b9-a7f1-4d36-bf82-e8b2104884a5 - - - - - -] OVN reports status up for port: 9b9d7b71-a1ae-4f27-98b6-a53c19fc3aa5
2026-04-12 21:52:21.046 10 INFO neutron.plugins.ml2.plugin [None req-6a33f1b9-a7f1-4d36-bf82-e8b2104884a5 - - - - - -] Attempt 1 to provision port 9b9d7b71-a1ae-4f27-98b6-a53c19fc3aa5
2026-04-12 21:52:21.060 10 INFO neutron.db.ovn_revision_numbers_db [None req-0c841d5c-524c-4d3b-804c-b63c20d5ea08 63ae78335bf84efdab7172a0e7477aa7 60d471415751486e9fcd0f642c23a5af - - default default] Successfully bumped revision number for resource 9b9d7b71-a1ae-4f27-98b6-a53c19fc3aa5 (type: ports) to 1
2026-04-12 21:52:21.124 10 WARNING neutron.scheduler.dhcp_agent_scheduler [None req-0c841d5c-524c-4d3b-804c-b63c20d5ea08 63ae78335bf84efdab7172a0e7477aa7 60d471415751486e9fcd0f642c23a5af - - default default] No more DHCP agents
2026-04-12 21:52:21.126 10 WARNING neutron.api.rpc.agentnotifiers.dhcp_rpc_agent_api [None req-0c841d5c-524c-4d3b-804c-b63c20d5ea08 63ae78335bf84efdab7172a0e7477aa7 60d471415751486e9fcd0f642c23a5af - - default default] Unable to schedule network 2d2f6dd5-0b9c-4320-9edb-8086dd5f40e4: no agents available; will retry on subsequent port and subnet creation events.
2026-04-12 21:52:21.217 10 INFO neutron.services.segments.plugin [-] Segment be18ce0f-127c-4af2-9c4a-73b6c1462ea3 resource provider aggregate not found
2026-04-12 21:52:21.220 10 INFO neutron.services.segments.plugin [-] Segment be18ce0f-127c-4af2-9c4a-73b6c1462ea3 resource provider aggregate not found
2026-04-12 21:52:21.235 10 INFO neutron.services.segments.plugin [-] Segment be18ce0f-127c-4af2-9c4a-73b6c1462ea3 resource provider not found; error: Placement Client Error (4xx): {"errors": [{"status": 404, "title": "Not Found", "detail": "The resource could not be found.\n\n No resource provider with uuid be18ce0f-127c-4af2-9c4a-73b6c1462ea3 found for delete ", "request_id": "req-f6edb624-5b78-41e7-95fd-3ff91facf3fe"}]}
2026-04-12 21:52:21.237 10 INFO neutron.services.segments.plugin [-] Segment be18ce0f-127c-4af2-9c4a-73b6c1462ea3 resource provider not found; error: Placement Client Error (4xx): {"errors": [{"status": 404, "title": "Not Found", "detail": "The resource could not be found.\n\n No resource provider with uuid be18ce0f-127c-4af2-9c4a-73b6c1462ea3 found for delete ", "request_id": "req-66a65f93-4e80-4918-b49f-0784c3a40afe"}]}
2026-04-12 21:52:21.272 10 INFO neutron.notifiers.nova [-] Nova event matching ['req-2ba6c372-0371-4b99-bbfb-86697c0bc15c'] response: {'server_uuid': '38648ffa-084a-42d8-95e1-8aa5930bbea8', 'name': 'network-vif-plugged', 'status': 'completed', 'tag': '52a11019-b7bc-4809-89ae-e9bf1a250e3f', 'code': 200}
2026-04-12 21:52:21.303 10 INFO neutron.api.wsgi [None req-40bac9ba-c1e4-4e17-ae87-cdab916042b0 28edef03f9114182bfa8f473a6f28121 9b082cc0136f4cd8b1a7fe6f2fc66439 - - default default] 10.0.0.252 "DELETE /v2.0/networks/7b87f57b-add8-4420-bb76-75e7e51e8705 HTTP/1.1" status: 204 len: 168 time: 0.6071057
2026-04-12 21:52:21.320 9 INFO neutron.pecan_wsgi.hooks.translation [None req-e0feee09-86b3-4a10-a06d-ad5ee3317bbb 28edef03f9114182bfa8f473a6f28121 9b082cc0136f4cd8b1a7fe6f2fc66439 - - default default] DELETE failed (client error): The resource could not be found.
2026-04-12 21:52:21.322 9 INFO neutron.api.wsgi [None req-e0feee09-86b3-4a10-a06d-ad5ee3317bbb 28edef03f9114182bfa8f473a6f28121 9b082cc0136f4cd8b1a7fe6f2fc66439 - - default default] 10.0.0.252 "DELETE /v2.0/networks/7b87f57b-add8-4420-bb76-75e7e51e8705 HTTP/1.1" status: 404 len: 339 time: 0.0139637
2026-04-12 21:52:21.410 9 INFO neutron.api.wsgi [None req-a7c96ada-66ea-4618-af71-4aa777cc7ce9 28edef03f9114182bfa8f473a6f28121 9b082cc0136f4cd8b1a7fe6f2fc66439 - - default default] 10.0.0.252 "GET /v2.0/networks?router%3Aexternal=True HTTP/1.1" status: 200 len: 845 time: 0.0794458
2026-04-12 21:52:21.412 10 INFO neutron.db.ovn_revision_numbers_db [None req-0c841d5c-524c-4d3b-804c-b63c20d5ea08 63ae78335bf84efdab7172a0e7477aa7 60d471415751486e9fcd0f642c23a5af - - default default] Successfully bumped revision number for resource 9b9d7b71-a1ae-4f27-98b6-a53c19fc3aa5 (type: router_ports) to 1
2026-04-12 21:52:21.415 9 INFO neutron.api.wsgi [req-2e439643-e423-4257-93b2-8db9a867f26a req-f39b9802-532f-4cdc-9000-ce0083cddb4c 30794d6833da41ed88b90da7122226b9 ad83dd11aa1e4e8984d9d710aac72dbe - - default default] 10.0.0.69 "GET /v2.0/ports?device_id=38648ffa-084a-42d8-95e1-8aa5930bbea8 HTTP/1.1" status: 200 len: 1170 time: 0.0514550
2026-04-12 21:52:21.416 10 INFO neutron.api.wsgi [None req-0c841d5c-524c-4d3b-804c-b63c20d5ea08 63ae78335bf84efdab7172a0e7477aa7 60d471415751486e9fcd0f642c23a5af - - default default] 10.0.0.252 "PUT /v2.0/routers/85883209-2daa-431f-babc-7343dbb2f8ad/add_router_interface HTTP/1.1" status: 200 len: 503 time: 1.3850124
2026-04-12 21:52:21.465 9 INFO neutron.api.wsgi [None req-228f7cfc-77a4-4d36-a671-4cd843a8f004 28edef03f9114182bfa8f473a6f28121 9b082cc0136f4cd8b1a7fe6f2fc66439 - - default default] 10.0.0.252 "GET /v2.0/subnets?network_id=6d18557e-50d3-4cad-9577-6f78d88df79d HTTP/1.1" status: 200 len: 843 time: 0.0493903
2026-04-12 21:52:21.491 9 INFO neutron.api.wsgi [None req-38902f55-f190-43e4-a860-039b579388bf 63ae78335bf84efdab7172a0e7477aa7 60d471415751486e9fcd0f642c23a5af - - default default] 10.0.0.252 "GET /v2.0/ports/9b9d7b71-a1ae-4f27-98b6-a53c19fc3aa5 HTTP/1.1" status: 200 len: 1137 time: 0.0657163
2026-04-12 21:52:21.492 10 INFO neutron.api.wsgi [None req-74b90f79-4852-493c-938f-3c5bdbcac9c1 28edef03f9114182bfa8f473a6f28121 9b082cc0136f4cd8b1a7fe6f2fc66439 - - default default] 10.0.0.252 "GET /v2.0/extensions HTTP/1.1" status: 200 len: 19293 time: 0.0144212
2026-04-12 21:52:21.501 9 INFO neutron.api.wsgi [req-2e439643-e423-4257-93b2-8db9a867f26a req-dddf6455-a380-4435-a886-c30ea1b1f9f0 30794d6833da41ed88b90da7122226b9 ad83dd11aa1e4e8984d9d710aac72dbe - - default default] 10.0.0.69 "GET /v2.0/security-groups?id=d9f93054-2139-4db4-89ab-003291766402&fields=id&fields=name HTTP/1.1" status: 200 len: 286 time: 0.0777044
2026-04-12 21:52:21.554 9 INFO neutron.api.wsgi [None req-79404699-2ce5-4495-afac-eccec62079fb 28edef03f9114182bfa8f473a6f28121 9b082cc0136f4cd8b1a7fe6f2fc66439 - - default default] 10.0.0.252 "GET /v2.0/networks HTTP/1.1" status: 200 len: 1508 time: 0.0520751
2026-04-12 21:52:21.590 10 INFO neutron.db.ovn_revision_numbers_db [None req-6a33f1b9-a7f1-4d36-bf82-e8b2104884a5 - - - - - -] Successfully bumped revision number for resource 9b9d7b71-a1ae-4f27-98b6-a53c19fc3aa5 (type: ports) to 2
2026-04-12 21:52:21.590 9 INFO neutron.api.wsgi [None req-d92c41c1-d9c9-40ad-bbd3-d1fe2e421283 28edef03f9114182bfa8f473a6f28121 9b082cc0136f4cd8b1a7fe6f2fc66439 - - default default] 10.0.0.252 "GET /v2.0/subnets HTTP/1.1" status: 200 len: 1507 time: 0.0314980
2026-04-12 21:52:21.677 10 INFO neutron.api.wsgi [None req-de474578-fd20-4384-b509-e4a59ffc7948 28edef03f9114182bfa8f473a6f28121 9b082cc0136f4cd8b1a7fe6f2fc66439 - - default default] 10.0.0.252 "GET /v2.0/networks/348a7ac1-e8ca-4d0b-afe1-5293e61cdfef HTTP/1.1" status: 200 len: 867 time: 0.0796411
2026-04-12 21:52:21.732 10 INFO neutron.api.wsgi [None req-c9df77e4-51ef-4c10-b038-860a04f44e86 28edef03f9114182bfa8f473a6f28121 9b082cc0136f4cd8b1a7fe6f2fc66439 - - default default] 10.0.0.252 "GET /v2.0/subnets/3da4bf37-910d-490f-8668-f47a3b09ec97 HTTP/1.1" status: 200 len: 867 time: 0.0482459
2026-04-12 21:52:21.755 9 INFO neutron.pecan_wsgi.hooks.translation [None req-38cb8e49-8349-46a6-ba2c-517951ee5917 28edef03f9114182bfa8f473a6f28121 9b082cc0136f4cd8b1a7fe6f2fc66439 - - default default] DELETE failed (client error): The resource could not be found.
2026-04-12 21:52:21.758 9 INFO neutron.api.wsgi [None req-38cb8e49-8349-46a6-ba2c-517951ee5917 28edef03f9114182bfa8f473a6f28121 9b082cc0136f4cd8b1a7fe6f2fc66439 - - default default] 10.0.0.252 "DELETE /v2.0/subnets/dd3dffe4-b7fc-4856-9599-8503b250ecb7 HTTP/1.1" status: 404 len: 337 time: 0.0169859
2026-04-12 21:52:21.777 9 INFO neutron.pecan_wsgi.hooks.translation [None req-5a73bff1-2db3-4cd2-9dfb-3d769ab3b018 28edef03f9114182bfa8f473a6f28121 9b082cc0136f4cd8b1a7fe6f2fc66439 - - default default] DELETE failed (client error): The resource could not be found.
2026-04-12 21:52:21.780 9 INFO neutron.api.wsgi [None req-5a73bff1-2db3-4cd2-9dfb-3d769ab3b018 28edef03f9114182bfa8f473a6f28121 9b082cc0136f4cd8b1a7fe6f2fc66439 - - default default] 10.0.0.252 "DELETE /v2.0/networks/7b87f57b-add8-4420-bb76-75e7e51e8705 HTTP/1.1" status: 404 len: 339 time: 0.0180612
2026-04-12 21:52:21.893 10 INFO neutron.api.wsgi [req-d936bdb9-93d8-48f1-9cb6-7638938d38a2 req-dd228d35-a6e9-499b-b492-076b7efddce3 30794d6833da41ed88b90da7122226b9 ad83dd11aa1e4e8984d9d710aac72dbe - - default default] 10.0.0.69 "GET /v2.0/ports?device_id=38648ffa-084a-42d8-95e1-8aa5930bbea8 HTTP/1.1" status: 200 len: 1170 time: 0.0916271
2026-04-12 21:52:21.941 10 INFO neutron.api.wsgi [req-d936bdb9-93d8-48f1-9cb6-7638938d38a2 req-b169a940-8294-4fe0-abae-3ac203c542be 30794d6833da41ed88b90da7122226b9 ad83dd11aa1e4e8984d9d710aac72dbe - - default default] 10.0.0.69 "GET /v2.0/security-groups?id=d9f93054-2139-4db4-89ab-003291766402&fields=id&fields=name HTTP/1.1" status: 200 len: 286 time: 0.0405712
2026-04-12 21:52:22.030 10 INFO neutron.api.wsgi [None req-03a2db36-b9d3-4652-a2f1-f1d2f8e64db7 28edef03f9114182bfa8f473a6f28121 9b082cc0136f4cd8b1a7fe6f2fc66439 - - default default] 10.0.0.252 "DELETE /v2.0/subnets/3da4bf37-910d-490f-8668-f47a3b09ec97 HTTP/1.1" status: 204 len: 168 time: 0.2381482
2026-04-12 21:52:22.049 10 WARNING neutron.scheduler.dhcp_agent_scheduler [None req-872ff278-be3d-4475-96cb-dbc228d4bc6d 63ae78335bf84efdab7172a0e7477aa7 60d471415751486e9fcd0f642c23a5af - - default default] No more DHCP agents
2026-04-12 21:52:22.050 10 WARNING neutron.api.rpc.agentnotifiers.dhcp_rpc_agent_api [None req-872ff278-be3d-4475-96cb-dbc228d4bc6d 63ae78335bf84efdab7172a0e7477aa7 60d471415751486e9fcd0f642c23a5af - - default default] Unable to schedule network 19102fee-3340-4364-82af-6c4fe8042bcb: no agents available; will retry on subsequent port and subnet creation events.
2026-04-12 21:52:22.179 10 INFO neutron.db.ovn_revision_numbers_db [None req-872ff278-be3d-4475-96cb-dbc228d4bc6d 63ae78335bf84efdab7172a0e7477aa7 60d471415751486e9fcd0f642c23a5af - - default default] Successfully bumped revision number for resource fee74912-de11-4180-ba4b-b16150bb6ef8 (type: ports) to 1
2026-04-12 21:52:22.331 9 INFO neutron.services.segments.plugin [-] Segment 6112797d-ada7-481b-9a32-c358f2fc4f83 resource provider aggregate not found
2026-04-12 21:52:22.336 9 INFO neutron.services.segments.plugin [-] Segment 6112797d-ada7-481b-9a32-c358f2fc4f83 resource provider aggregate not found
2026-04-12 21:52:22.341 9 INFO neutron.services.segments.plugin [-] Segment 6112797d-ada7-481b-9a32-c358f2fc4f83 resource provider not found; error: Placement Client Error (4xx): {"errors": [{"status": 404, "title": "Not Found", "detail": "The resource could not be found.\n\n No resource provider with uuid 6112797d-ada7-481b-9a32-c358f2fc4f83 found for delete ", "request_id": "req-6c004dc2-f5dd-4f59-ab98-13c1b56f324b"}]}
2026-04-12 21:52:22.355 9 INFO neutron.services.segments.plugin [-] Segment 6112797d-ada7-481b-9a32-c358f2fc4f83 resource provider not found; error: Placement Client Error (4xx): {"errors": [{"status": 404, "title": "Not Found", "detail": "The resource could not be found.\n\n No resource provider with uuid 6112797d-ada7-481b-9a32-c358f2fc4f83 found for delete ", "request_id": "req-e170e6ae-1a8e-43cb-b793-7f25af0c4e44"}]}
2026-04-12 21:52:22.373 9 INFO neutron.api.wsgi [None req-bcccbd48-3cde-4f13-a1c3-fa3310e1520f 28edef03f9114182bfa8f473a6f28121 9b082cc0136f4cd8b1a7fe6f2fc66439 - - default default] 10.0.0.252 "DELETE /v2.0/networks/348a7ac1-e8ca-4d0b-afe1-5293e61cdfef HTTP/1.1" status: 204 len: 168 time: 0.3383641
2026-04-12 21:52:22.703 10 INFO neutron.db.ovn_revision_numbers_db [None req-872ff278-be3d-4475-96cb-dbc228d4bc6d 63ae78335bf84efdab7172a0e7477aa7 60d471415751486e9fcd0f642c23a5af - - default default] Successfully bumped revision number for resource fee74912-de11-4180-ba4b-b16150bb6ef8 (type: ports) to 1
2026-04-12 21:52:22.742 10 WARNING neutron.scheduler.dhcp_agent_scheduler [None req-872ff278-be3d-4475-96cb-dbc228d4bc6d 63ae78335bf84efdab7172a0e7477aa7 60d471415751486e9fcd0f642c23a5af - - default default] No more DHCP agents
2026-04-12 21:52:22.743 10 WARNING neutron.api.rpc.agentnotifiers.dhcp_rpc_agent_api [None req-872ff278-be3d-4475-96cb-dbc228d4bc6d 63ae78335bf84efdab7172a0e7477aa7 60d471415751486e9fcd0f642c23a5af - - default default] Unable to schedule network 19102fee-3340-4364-82af-6c4fe8042bcb: no agents available; will retry on subsequent port and subnet creation events.
2026-04-12 21:52:22.966 10 INFO neutron.db.ovn_revision_numbers_db [None req-872ff278-be3d-4475-96cb-dbc228d4bc6d 63ae78335bf84efdab7172a0e7477aa7 60d471415751486e9fcd0f642c23a5af - - default default] Successfully bumped revision number for resource fee74912-de11-4180-ba4b-b16150bb6ef8 (type: router_ports) to 1
2026-04-12 21:52:22.972 10 INFO neutron.api.wsgi [None req-872ff278-be3d-4475-96cb-dbc228d4bc6d 63ae78335bf84efdab7172a0e7477aa7 60d471415751486e9fcd0f642c23a5af - - default default] 10.0.0.252 "PUT /v2.0/routers/85883209-2daa-431f-babc-7343dbb2f8ad/add_router_interface HTTP/1.1" status: 200 len: 503 time: 1.4749911
2026-04-12 21:52:23.030 10 INFO neutron.api.wsgi [None req-3126a51f-5e54-469c-97f0-437a9ada5962 a567ec0a27104407b95cbb39e5809502 8a4ca2cca7574d2289ce86cc5ffab9bc - - default default] 10.0.0.252 "GET /v2.0/security-groups?tenant_id=9b082cc0136f4cd8b1a7fe6f2fc66439&name=default HTTP/1.1" status: 200 len: 3120 time: 0.1528938
2026-04-12 21:52:23.065 10 INFO neutron.api.wsgi [None req-b69b307e-cf2a-4724-84d0-e2a27ffde43b 63ae78335bf84efdab7172a0e7477aa7 60d471415751486e9fcd0f642c23a5af - - default default] 10.0.0.252 "GET /v2.0/ports/fee74912-de11-4180-ba4b-b16150bb6ef8 HTTP/1.1" status: 200 len: 1135 time: 0.0881891
2026-04-12 21:52:23.093 9 INFO neutron.api.wsgi [req-683fe0ed-e6fb-4c2b-9021-76d7908bbd55 req-4f5eca3c-3b51-49d0-8150-160781d00a43 30794d6833da41ed88b90da7122226b9 ad83dd11aa1e4e8984d9d710aac72dbe - - default default] 10.0.0.69 "GET /v2.0/ports?device_id=38648ffa-084a-42d8-95e1-8aa5930bbea8 HTTP/1.1" status: 200 len: 1170 time: 0.0990174
2026-04-12 21:52:23.110 9 INFO neutron.api.wsgi [None req-9aeeed6a-a03a-479c-816d-4a350f28cb4e 63ae78335bf84efdab7172a0e7477aa7 60d471415751486e9fcd0f642c23a5af - - default default] 10.0.0.252 "GET /v2.0/ports/fee74912-de11-4180-ba4b-b16150bb6ef8 HTTP/1.1" status: 200 len: 1135 time: 0.0375443
2026-04-12 21:52:23.135 9 INFO neutron.api.wsgi [req-683fe0ed-e6fb-4c2b-9021-76d7908bbd55 req-7c9ab75f-7105-48db-a069-ad67c1b7a9ff 30794d6833da41ed88b90da7122226b9 ad83dd11aa1e4e8984d9d710aac72dbe - - default default] 10.0.0.69 "GET /v2.0/security-groups?id=d9f93054-2139-4db4-89ab-003291766402&fields=id&fields=name HTTP/1.1" status: 200 len: 286 time: 0.0352626
2026-04-12 21:52:23.253 10 INFO neutron.api.wsgi [None req-9f4e975c-5186-4f5c-b656-103b2890d054 a567ec0a27104407b95cbb39e5809502 8a4ca2cca7574d2289ce86cc5ffab9bc - - default default] 10.0.0.252 "DELETE /v2.0/security-groups/5fbdef3c-c2cd-422a-aaf5-09bfb26bedf5 HTTP/1.1" status: 204 len: 168 time: 0.2174668
2026-04-12 21:52:23.552 10 INFO neutron.api.wsgi [req-a9d8fd08-7762-4e29-a866-5c7f59262acb req-53ef6249-28c7-4d79-9f54-b6095bf43b2a 30794d6833da41ed88b90da7122226b9 ad83dd11aa1e4e8984d9d710aac72dbe - - default default] 199.204.45.244 "GET /v2.0/ports?device_id=38648ffa-084a-42d8-95e1-8aa5930bbea8 HTTP/1.1" status: 200 len: 1170 time: 0.0340033
2026-04-12 21:52:23.792 10 INFO neutron.api.wsgi [req-a9d8fd08-7762-4e29-a866-5c7f59262acb req-d03bec5d-832f-49cb-9dc9-8a9d528c9b8e 30794d6833da41ed88b90da7122226b9 ad83dd11aa1e4e8984d9d710aac72dbe - - default default] 199.204.45.244 "DELETE /v2.0/ports/52a11019-b7bc-4809-89ae-e9bf1a250e3f HTTP/1.1" status: 204 len: 173 time: 0.2359064
2026-04-12 21:52:23.830 10 INFO neutron.notifiers.nova [-] Nova event matching ['req-e72b912e-5c44-4540-9571-07f444ae3900'] response: {'server_uuid': '38648ffa-084a-42d8-95e1-8aa5930bbea8', 'name': 'network-vif-deleted', 'tag': '52a11019-b7bc-4809-89ae-e9bf1a250e3f', 'status': 'completed', 'code': 200}
2026-04-12 21:52:24.150 9 INFO neutron.api.wsgi [None req-e3140f3f-e440-485c-8f38-c7b6dc98afd1 63ae78335bf84efdab7172a0e7477aa7 60d471415751486e9fcd0f642c23a5af - - default default] 10.0.0.252 "GET /v2.0/ports/fee74912-de11-4180-ba4b-b16150bb6ef8 HTTP/1.1" status: 200 len: 1135 time: 0.0335162
2026-04-12 21:52:24.212 9 INFO neutron.api.wsgi [req-4b4f457b-7fd9-4d48-9044-a398159cd6e7 req-3d756d0a-0498-4764-b2a4-b7c8d6ea9da6 30794d6833da41ed88b90da7122226b9 ad83dd11aa1e4e8984d9d710aac72dbe - - default default] 10.0.0.69 "GET /v2.0/ports?device_id=38648ffa-084a-42d8-95e1-8aa5930bbea8 HTTP/1.1" status: 200 len: 210 time: 0.0183959
2026-04-12 21:52:25.069 9 WARNING neutron_lib.context [None req-4d45b508-3013-4fd8-8065-7f1b914bac83 622dfc4b55b646099e38b89adf49a589 7d330557fbe8469bb3792352806d4b7f - - default default] Method 'is_advsvc' is deprecated since 2023.2 release (neutron-lib 3.8.0) and will be removed once support for the old RBAC API policies will be removed from Neutron. Please use method 'is_service_role' instead.
2026-04-12 21:52:25.138 9 INFO neutron.db.ovn_revision_numbers_db [None req-54410773-35a3-4aac-9326-a4ca7461f37e a567ec0a27104407b95cbb39e5809502 8a4ca2cca7574d2289ce86cc5ffab9bc - - default default] Successfully bumped revision number for resource 6673a744-39dd-4f5d-89aa-0fa04c3b2669 (type: security_groups) to 1
2026-04-12 21:52:25.152 9 INFO neutron.db.ovn_revision_numbers_db [None req-54410773-35a3-4aac-9326-a4ca7461f37e a567ec0a27104407b95cbb39e5809502 8a4ca2cca7574d2289ce86cc5ffab9bc - - default default] Successfully bumped revision number for resource 7bdb6867-3934-4da8-b31a-d0e3d8e26884 (type: security_group_rules) to 0
2026-04-12 21:52:25.164 9 INFO neutron.db.ovn_revision_numbers_db [None req-54410773-35a3-4aac-9326-a4ca7461f37e a567ec0a27104407b95cbb39e5809502 8a4ca2cca7574d2289ce86cc5ffab9bc - - default default] Successfully bumped revision number for resource c7fa8ddb-fbe7-4f86-92f9-483eb266a239 (type: security_group_rules) to 0
2026-04-12 21:52:25.181 9 INFO neutron.db.ovn_revision_numbers_db [None req-54410773-35a3-4aac-9326-a4ca7461f37e a567ec0a27104407b95cbb39e5809502 8a4ca2cca7574d2289ce86cc5ffab9bc - - default default] Successfully bumped revision number for resource cf034233-35de-45ba-9fd0-8add09b1ed06 (type: security_group_rules) to 0
2026-04-12 21:52:25.188 10 INFO neutron.api.wsgi [None req-65ee4139-2eda-41d0-8d56-7ad82a974ecd 63ae78335bf84efdab7172a0e7477aa7 60d471415751486e9fcd0f642c23a5af - - default default] 10.0.0.252 "GET /v2.0/ports/fee74912-de11-4180-ba4b-b16150bb6ef8 HTTP/1.1" status: 200 len: 1135 time: 0.0313313
2026-04-12 21:52:25.190 9 INFO neutron.db.ovn_revision_numbers_db [None req-4d45b508-3013-4fd8-8065-7f1b914bac83 622dfc4b55b646099e38b89adf49a589 7d330557fbe8469bb3792352806d4b7f - - default default] Successfully bumped revision number for resource 329bea5b-92e0-4786-8a0e-d53f93e4aeb1 (type: security_groups) to 1
2026-04-12 21:52:25.192 9 INFO neutron.db.ovn_revision_numbers_db [None req-54410773-35a3-4aac-9326-a4ca7461f37e a567ec0a27104407b95cbb39e5809502 8a4ca2cca7574d2289ce86cc5ffab9bc - - default default] Successfully bumped revision number for resource ef618606-96ee-4628-adf1-94586830c328 (type: security_group_rules) to 0
2026-04-12 21:52:25.205 9 INFO neutron.db.ovn_revision_numbers_db [None req-4d45b508-3013-4fd8-8065-7f1b914bac83 622dfc4b55b646099e38b89adf49a589 7d330557fbe8469bb3792352806d4b7f - - default default] Successfully bumped revision number for resource 5b457696-5a77-43c8-b364-149e59f5beaa (type: security_group_rules) to 0
2026-04-12 21:52:25.219 9 INFO neutron.db.ovn_revision_numbers_db [None req-4d45b508-3013-4fd8-8065-7f1b914bac83 622dfc4b55b646099e38b89adf49a589 7d330557fbe8469bb3792352806d4b7f - - default default] Successfully bumped revision number for resource 6a827de5-6c41-4767-8296-81cfcedf80a1 (type: security_group_rules) to 0
2026-04-12 21:52:25.222 9 INFO neutron.api.wsgi [None req-54410773-35a3-4aac-9326-a4ca7461f37e a567ec0a27104407b95cbb39e5809502 8a4ca2cca7574d2289ce86cc5ffab9bc - - default default] 10.0.0.252 "GET /v2.0/security-groups?tenant_id=753a6e4846614a1f93bbb5da1ccdb45b&name=default HTTP/1.1" status: 200 len: 3120 time: 0.4225233
2026-04-12 21:52:25.231 9 INFO neutron.db.ovn_revision_numbers_db [None req-4d45b508-3013-4fd8-8065-7f1b914bac83 622dfc4b55b646099e38b89adf49a589 7d330557fbe8469bb3792352806d4b7f - - default default] Successfully bumped revision number for resource bd54a7f0-4031-4e58-a40b-5b0fbe989f2d (type: security_group_rules) to 0
2026-04-12 21:52:25.244 9 INFO neutron.db.ovn_revision_numbers_db [None req-4d45b508-3013-4fd8-8065-7f1b914bac83 622dfc4b55b646099e38b89adf49a589 7d330557fbe8469bb3792352806d4b7f - - default default] Successfully bumped revision number for resource ca5c2139-7f58-4cfb-8ed8-dd14b5667afe (type: security_group_rules) to 0
2026-04-12 21:52:25.322 9 INFO neutron.db.segments_db [None req-4d45b508-3013-4fd8-8065-7f1b914bac83 622dfc4b55b646099e38b89adf49a589 7d330557fbe8469bb3792352806d4b7f - - default default] Added segment c3ab6623-dc4c-498d-8960-4cb622d1b6c5 of type geneve for network 6dc3b14b-f660-4cce-852e-c503c772317d
2026-04-12 21:52:25.420 9 INFO neutron.api.wsgi [None req-f10aa056-d1f2-4360-96da-743613dc13b5 a567ec0a27104407b95cbb39e5809502 8a4ca2cca7574d2289ce86cc5ffab9bc - - default default] 10.0.0.252 "DELETE /v2.0/security-groups/6673a744-39dd-4f5d-89aa-0fa04c3b2669 HTTP/1.1" status: 204 len: 168 time: 0.1924338
2026-04-12 21:52:25.428 9 INFO neutron.db.ovn_revision_numbers_db [None req-4d45b508-3013-4fd8-8065-7f1b914bac83 622dfc4b55b646099e38b89adf49a589 7d330557fbe8469bb3792352806d4b7f - - default default] Successfully bumped revision number for resource 6dc3b14b-f660-4cce-852e-c503c772317d (type: networks) to 1
2026-04-12 21:52:25.518 10 INFO neutron.api.wsgi [req-91ce1fb2-444b-420c-a6dd-eba9172b0a74 req-569e58cb-f3e0-455f-b05b-750214e12f84 30794d6833da41ed88b90da7122226b9 ad83dd11aa1e4e8984d9d710aac72dbe - - default default] 10.0.0.69 "GET /v2.0/ports?device_id=38648ffa-084a-42d8-95e1-8aa5930bbea8 HTTP/1.1" status: 200 len: 210 time: 0.2421181
2026-04-12 21:52:25.610 9 WARNING neutron.scheduler.dhcp_agent_scheduler [None req-4d45b508-3013-4fd8-8065-7f1b914bac83 622dfc4b55b646099e38b89adf49a589 7d330557fbe8469bb3792352806d4b7f - - default default] No more DHCP agents
2026-04-12 21:52:25.611 9 WARNING neutron.api.rpc.agentnotifiers.dhcp_rpc_agent_api [None req-4d45b508-3013-4fd8-8065-7f1b914bac83 622dfc4b55b646099e38b89adf49a589 7d330557fbe8469bb3792352806d4b7f - - default default] Unable to schedule network 6dc3b14b-f660-4cce-852e-c503c772317d: no agents available; will retry on subsequent port and subnet creation events.
2026-04-12 21:52:25.649 9 INFO neutron.db.ovn_revision_numbers_db [None req-29d21883-7e08-4f6e-8050-bf4a0c4bd2fb a567ec0a27104407b95cbb39e5809502 8a4ca2cca7574d2289ce86cc5ffab9bc - - default default] Successfully bumped revision number for resource 21cb8524-4225-479b-a430-23c6388ab86e (type: security_groups) to 1
2026-04-12 21:52:25.667 9 INFO neutron.db.ovn_revision_numbers_db [None req-29d21883-7e08-4f6e-8050-bf4a0c4bd2fb a567ec0a27104407b95cbb39e5809502 8a4ca2cca7574d2289ce86cc5ffab9bc - - default default] Successfully bumped revision number for resource 0793ee28-9dcc-45bb-a314-d9b6bf7d4a41 (type: security_group_rules) to 0
2026-04-12 21:52:25.681 9 INFO neutron.db.ovn_revision_numbers_db [None req-29d21883-7e08-4f6e-8050-bf4a0c4bd2fb a567ec0a27104407b95cbb39e5809502 8a4ca2cca7574d2289ce86cc5ffab9bc - - default default] Successfully bumped revision number for resource 7e831628-ab2f-4296-9d15-af5d530e2092 (type: security_group_rules) to 0
2026-04-12 21:52:25.685 9 INFO neutron.db.ovn_revision_numbers_db [None req-4d45b508-3013-4fd8-8065-7f1b914bac83 622dfc4b55b646099e38b89adf49a589 7d330557fbe8469bb3792352806d4b7f - - default default] Successfully bumped revision number for resource 19954837-ded2-4881-b48e-c4a62f48c323 (type: ports) to 1
2026-04-12 21:52:25.694 9 INFO neutron.db.ovn_revision_numbers_db [None req-29d21883-7e08-4f6e-8050-bf4a0c4bd2fb a567ec0a27104407b95cbb39e5809502 8a4ca2cca7574d2289ce86cc5ffab9bc - - default default] Successfully bumped revision number for resource 8a98fcdf-6490-4cd0-8b7b-7b6747fb151e (type: security_group_rules) to 0
