2026-04-12 21:53:20.191 9 WARNING neutron.api.rpc.agentnotifiers.dhcp_rpc_agent_api [None req-f38c7efa-fbd4-4174-831a-667dae59307b 637d2de6155145eeadcf20b5765e635b af87b112e2ba4a6f96170f1032e1027d - - default default] Unable to schedule network 0e635c6a-f12c-43a9-902f-9f655f7ba728: no agents available; will retry on subsequent port and subnet creation events.
2026-04-12 21:53:20.427 9 INFO neutron.db.ovn_revision_numbers_db [None req-f38c7efa-fbd4-4174-831a-667dae59307b 637d2de6155145eeadcf20b5765e635b af87b112e2ba4a6f96170f1032e1027d - - default default] Successfully bumped revision number for resource c4c085b1-6721-42f0-85b2-4d2839b6aff7 (type: router_ports) to 1
2026-04-12 21:53:20.431 9 INFO neutron.api.wsgi [None req-f38c7efa-fbd4-4174-831a-667dae59307b 637d2de6155145eeadcf20b5765e635b af87b112e2ba4a6f96170f1032e1027d - - default default] 10.0.0.252 "PUT /v2.0/routers/dbd0f00b-cde9-4af6-966d-c120b7576d2d/add_router_interface HTTP/1.1" status: 200 len: 503 time: 1.2533741
2026-04-12 21:53:20.466 9 INFO neutron.api.wsgi [None req-d963fcf4-e0ec-441d-9551-d0f9178116aa 637d2de6155145eeadcf20b5765e635b af87b112e2ba4a6f96170f1032e1027d - - default default] 10.0.0.252 "GET /v2.0/ports/c4c085b1-6721-42f0-85b2-4d2839b6aff7 HTTP/1.1" status: 200 len: 1141 time: 0.0294931
2026-04-12 21:53:20.476 9 INFO neutron.db.ovn_revision_numbers_db [None req-e19f5f39-fba0-4134-9a05-75e084ae2146 - - - - - -] Successfully bumped revision number for resource c4c085b1-6721-42f0-85b2-4d2839b6aff7 (type: ports) to 2
2026-04-12 21:53:20.499 9 INFO neutron.api.wsgi [None req-46edd6f4-1dc6-4ab0-8c39-78c0b6fea11c 637d2de6155145eeadcf20b5765e635b af87b112e2ba4a6f96170f1032e1027d - - default default] 10.0.0.252 "GET /v2.0/ports/c4c085b1-6721-42f0-85b2-4d2839b6aff7 HTTP/1.1" status: 200 len: 1141 time: 0.0282714
2026-04-12 21:53:20.736 9 INFO neutron.api.wsgi [req-c83a9d0a-e3c0-4544-88fc-c8ee14abb534 req-d7d8174a-609c-4fb1-8f33-70d73ca89796 69f8ad1a45954b309f99a02f0823d47e 5fe509aa54f84f9daa5dfe279dd8521a - - f26d5f8b5eea4776bdf6fce6462c9921 f26d5f8b5eea4776bdf6fce6462c9921] 199.204.45.244 "GET /v2.0/ports?tenant_id=5cfda2ceb8fb498d9907d4357fc20923&device_id=e4e4c788-abee-4f68-af72-df58ff5cd516 HTTP/1.1" status: 200 len: 1448 time: 0.0311327
2026-04-12 21:53:21.053 10 INFO neutron.api.wsgi [None req-654fb2e1-32c6-43b1-8f20-b3cc9b34ca7b 637d2de6155145eeadcf20b5765e635b af87b112e2ba4a6f96170f1032e1027d - - default default] 10.0.0.252 "PUT /v2.0/routers/dbd0f00b-cde9-4af6-966d-c120b7576d2d/remove_router_interface HTTP/1.1" status: 200 len: 503 time: 0.5492227 /var/lib/openstack/lib/python3.12/site-packages/pycadf/identifier.py:71: UserWarning: Invalid uuid: neutron. To ensure interoperability, identifiers should be a valid uuid. warnings.warn(('Invalid uuid: %s. To ensure interoperability, '
2026-04-12 21:53:21.073 10 INFO neutron.api.wsgi [None req-92b42b27-c23a-4e54-a0b7-a28525fef89b 637d2de6155145eeadcf20b5765e635b af87b112e2ba4a6f96170f1032e1027d - - default default] 10.0.0.252 "GET /v2.0/ports?device_id=dbd0f00b-cde9-4af6-966d-c120b7576d2d HTTP/1.1" status: 200 len: 205 time: 0.0136805
2026-04-12 21:53:21.319 9 INFO neutron.api.wsgi [req-c83a9d0a-e3c0-4544-88fc-c8ee14abb534 req-92d411d6-6fb7-489f-ba0b-80187adfeb33 69f8ad1a45954b309f99a02f0823d47e 5fe509aa54f84f9daa5dfe279dd8521a - - f26d5f8b5eea4776bdf6fce6462c9921 f26d5f8b5eea4776bdf6fce6462c9921] 199.204.45.244 "GET /v2.0/networks?id=450dfc94-5d45-4800-8373-84643d23c40d HTTP/1.1" status: 200 len: 970 time: 0.0718534
2026-04-12 21:53:21.357 9 INFO neutron.api.wsgi [req-c83a9d0a-e3c0-4544-88fc-c8ee14abb534 req-317f832f-d873-4adf-adbb-d466943e1f2b 69f8ad1a45954b309f99a02f0823d47e 5fe509aa54f84f9daa5dfe279dd8521a - - f26d5f8b5eea4776bdf6fce6462c9921 f26d5f8b5eea4776bdf6fce6462c9921] 199.204.45.244 "GET /v2.0/floatingips?fixed_ip_address=10.100.0.7&port_id=7fc17f5f-ce26-4cf7-bcfe-8f423089bcd1 HTTP/1.1" status: 200 len: 1059 time: 0.0324106
2026-04-12 21:53:21.389 9 INFO neutron.api.wsgi [req-c83a9d0a-e3c0-4544-88fc-c8ee14abb534 req-f3189524-4e3c-418a-86e5-0b666b9dd5d5 69f8ad1a45954b309f99a02f0823d47e 5fe509aa54f84f9daa5dfe279dd8521a - - f26d5f8b5eea4776bdf6fce6462c9921 f26d5f8b5eea4776bdf6fce6462c9921] 199.204.45.244 "GET /v2.0/subnets?id=15edbe59-c19e-4929-bd17-1048af701eac HTTP/1.1" status: 200 len: 889 time: 0.0264506
2026-04-12 21:53:21.404 10 WARNING neutron.plugins.ml2.drivers.ovn.mech_driver.ovsdb.ovn_client [None req-5df6b0c8-9e2d-41a4-b2d4-734ec409ffde - - - - - -] No port found with ID 833b87ec-5e2b-4b05-a363-bbd2dabc7bac: RuntimeError: No port found with ID 833b87ec-5e2b-4b05-a363-bbd2dabc7bac
2026-04-12 21:53:21.410 9 INFO neutron.api.wsgi [req-c83a9d0a-e3c0-4544-88fc-c8ee14abb534 req-2383647f-3dd5-41a9-b4ce-17487c156e6c 69f8ad1a45954b309f99a02f0823d47e 5fe509aa54f84f9daa5dfe279dd8521a - - f26d5f8b5eea4776bdf6fce6462c9921 f26d5f8b5eea4776bdf6fce6462c9921] 199.204.45.244 "GET /v2.0/ports?network_id=450dfc94-5d45-4800-8373-84643d23c40d&device_owner=network%3Adhcp HTTP/1.1" status: 200 len: 210 time: 0.0144725
2026-04-12 21:53:21.459 9 INFO neutron.api.wsgi [req-c83a9d0a-e3c0-4544-88fc-c8ee14abb534 req-82020911-4459-4f5c-9521-1ba63a1079d8 69f8ad1a45954b309f99a02f0823d47e 5fe509aa54f84f9daa5dfe279dd8521a - - f26d5f8b5eea4776bdf6fce6462c9921 f26d5f8b5eea4776bdf6fce6462c9921] 199.204.45.244 "GET /v2.0/networks/450dfc94-5d45-4800-8373-84643d23c40d?fields=segments HTTP/1.1" status: 200 len: 212 time: 0.0429502
2026-04-12 21:53:21.483 10 INFO neutron.api.wsgi [None req-47661fab-8d56-4aab-8e90-efbf690ec77e 637d2de6155145eeadcf20b5765e635b af87b112e2ba4a6f96170f1032e1027d - - default default] 10.0.0.252 "DELETE /v2.0/routers/dbd0f00b-cde9-4af6-966d-c120b7576d2d HTTP/1.1" status: 204 len: 168 time: 0.4055336
2026-04-12 21:53:21.536 9 INFO neutron.api.wsgi [req-c83a9d0a-e3c0-4544-88fc-c8ee14abb534 req-51625673-30d5-4fe4-9a84-68db0015f93c 69f8ad1a45954b309f99a02f0823d47e 5fe509aa54f84f9daa5dfe279dd8521a - - f26d5f8b5eea4776bdf6fce6462c9921 f26d5f8b5eea4776bdf6fce6462c9921] 199.204.45.244 "GET /v2.0/networks/450dfc94-5d45-4800-8373-84643d23c40d?fields=provider%3Aphysical_network&fields=provider%3Anetwork_type HTTP/1.1" status: 200 len: 277 time: 0.0738194 /var/lib/openstack/lib/python3.12/site-packages/pycadf/identifier.py:71: UserWarning: Invalid uuid: neutron. To ensure interoperability, identifiers should be a valid uuid. warnings.warn(('Invalid uuid: %s. To ensure interoperability, '
2026-04-12 21:53:21.696 9 INFO neutron.api.wsgi [None req-6d27e2b5-aa2d-4a70-ab6e-2c5d4f1bda4f 637d2de6155145eeadcf20b5765e635b af87b112e2ba4a6f96170f1032e1027d - - default default] 10.0.0.252 "DELETE /v2.0/subnets/b807cea8-692c-4ccc-8f3e-faff803d440f HTTP/1.1" status: 204 len: 168 time: 0.2083130
2026-04-12 21:53:21.718 10 INFO neutron.api.wsgi [None req-1b536df0-bd72-4414-acc2-d64f428c37a5 8f20d97abcf3452bbd30ec0a7b5a32ff c1ab2085162e49daa44f84cf0e011ada - - default default] 10.0.0.252 "POST /v2.0/qos/policies HTTP/1.1" status: 201 len: 558 time: 0.1369421
2026-04-12 21:53:21.760 10 INFO neutron.api.wsgi [None req-e56e3462-cc12-4f3e-80b1-826a38f63385 8f20d97abcf3452bbd30ec0a7b5a32ff c1ab2085162e49daa44f84cf0e011ada - - default default] 10.0.0.252 "PUT /v2.0/policies/54f789b7-3135-4524-a2e5-3ac7c05c78a0/tags HTTP/1.1" status: 200 len: 218 time: 0.0331855
2026-04-12 21:53:21.795 9 INFO neutron.api.wsgi [None req-29570375-b41d-46cb-81a1-488efd0127e3 8f20d97abcf3452bbd30ec0a7b5a32ff c1ab2085162e49daa44f84cf0e011ada - - default default] 10.0.0.252 "GET /v2.0/policies/54f789b7-3135-4524-a2e5-3ac7c05c78a0/tags HTTP/1.1" status: 200 len: 218 time: 0.0312190
2026-04-12 21:53:21.824 10 INFO neutron.api.wsgi [None req-14d82908-8d7e-419d-9d86-d97f58d06de5 8f20d97abcf3452bbd30ec0a7b5a32ff c1ab2085162e49daa44f84cf0e011ada - - default default] 10.0.0.252 "PUT /v2.0/policies/54f789b7-3135-4524-a2e5-3ac7c05c78a0/tags/green HTTP/1.1" status: 201 len: 201 time: 0.0243559
2026-04-12 21:53:21.849 10 INFO neutron.api.wsgi [None req-69ecef5b-04ef-422e-ad51-d322c3f03d47 8f20d97abcf3452bbd30ec0a7b5a32ff c1ab2085162e49daa44f84cf0e011ada - - default default] 10.0.0.252 "GET /v2.0/policies/54f789b7-3135-4524-a2e5-3ac7c05c78a0/tags HTTP/1.1" status: 200 len: 227 time: 0.0188088
2026-04-12 21:53:21.872 10 INFO neutron.api.wsgi [None req-b685e641-5f67-4d07-8bcd-64042b6c4e9d 8f20d97abcf3452bbd30ec0a7b5a32ff c1ab2085162e49daa44f84cf0e011ada - - default default] 10.0.0.252 "PUT /v2.0/policies/54f789b7-3135-4524-a2e5-3ac7c05c78a0/tags/red HTTP/1.1" status: 201 len: 201 time: 0.0197694
2026-04-12 21:53:21.905 10 INFO neutron.api.wsgi [None req-d6ba1d57-8ffc-47b0-97e0-437216142982 8f20d97abcf3452bbd30ec0a7b5a32ff c1ab2085162e49daa44f84cf0e011ada - - default default] 10.0.0.252 "GET /v2.0/policies/54f789b7-3135-4524-a2e5-3ac7c05c78a0/tags HTTP/1.1" status: 200 len: 227 time: 0.0277402
2026-04-12 21:53:21.946 10 INFO neutron.api.wsgi [None req-13e4d84d-9770-48c8-87a8-b73692ccbc96 8f20d97abcf3452bbd30ec0a7b5a32ff c1ab2085162e49daa44f84cf0e011ada - - default default] 10.0.0.252 "PUT /v2.0/policies/54f789b7-3135-4524-a2e5-3ac7c05c78a0/tags/black.or.white HTTP/1.1" status: 201 len: 201 time: 0.0383441
2026-04-12 21:53:21.980 10 INFO neutron.api.wsgi [None req-5de5efcf-8f85-4b06-9a1f-7cb56c14ccfb 8f20d97abcf3452bbd30ec0a7b5a32ff c1ab2085162e49daa44f84cf0e011ada - - default default] 10.0.0.252 "GET /v2.0/policies/54f789b7-3135-4524-a2e5-3ac7c05c78a0/tags HTTP/1.1" status: 200 len: 245 time: 0.0292897
2026-04-12 21:53:22.017 10 INFO neutron.api.wsgi [None req-916e1345-9baf-4c1a-aea6-001043aaffc1 8f20d97abcf3452bbd30ec0a7b5a32ff c1ab2085162e49daa44f84cf0e011ada - - default default] 10.0.0.252 "PUT /v2.0/policies/54f789b7-3135-4524-a2e5-3ac7c05c78a0/tags HTTP/1.1" status: 200 len: 230 time: 0.0327175
2026-04-12 21:53:22.034 10 INFO neutron.api.wsgi [None req-500f6376-ec46-41d9-ac0a-2503934e910f 8f20d97abcf3452bbd30ec0a7b5a32ff c1ab2085162e49daa44f84cf0e011ada - - default default] 10.0.0.252 "GET /v2.0/policies/54f789b7-3135-4524-a2e5-3ac7c05c78a0/tags HTTP/1.1" status: 200 len: 230 time: 0.0135963
2026-04-12 21:53:22.054 10 INFO neutron.api.wsgi [None req-e4ad3c55-d3ba-4cd2-ac5d-a7f418ceaa10 8f20d97abcf3452bbd30ec0a7b5a32ff c1ab2085162e49daa44f84cf0e011ada - - default default] 10.0.0.252 "GET /v2.0/policies/54f789b7-3135-4524-a2e5-3ac7c05c78a0/tags/red HTTP/1.1" status: 204 len: 168 time: 0.0139887
2026-04-12 21:53:22.071 10 INFO neutron.api.v2.resource [None req-bd80bb48-1924-487f-8f49-aa77a2169560 8f20d97abcf3452bbd30ec0a7b5a32ff c1ab2085162e49daa44f84cf0e011ada - - default default] show failed (client error): The resource could not be found.
2026-04-12 21:53:22.072 10 INFO neutron.api.wsgi [None req-bd80bb48-1924-487f-8f49-aa77a2169560 8f20d97abcf3452bbd30ec0a7b5a32ff c1ab2085162e49daa44f84cf0e011ada - - default default] 10.0.0.252 "GET /v2.0/policies/54f789b7-3135-4524-a2e5-3ac7c05c78a0/tags/green HTTP/1.1" status: 404 len: 299 time: 0.0132887
2026-04-12 21:53:22.106 9 INFO neutron.services.segments.plugin [-] Segment f18e3b41-3cb7-41b8-8b18-a7147b48627f resource provider aggregate not found
2026-04-12 21:53:22.111 9 INFO neutron.services.segments.plugin [-] Segment f18e3b41-3cb7-41b8-8b18-a7147b48627f resource provider aggregate not found
2026-04-12 21:53:22.121 10 INFO neutron.api.wsgi [None req-23f53b55-ade6-4fc5-82d0-20b08751257d 8f20d97abcf3452bbd30ec0a7b5a32ff c1ab2085162e49daa44f84cf0e011ada - - default default] 10.0.0.252 "DELETE /v2.0/policies/54f789b7-3135-4524-a2e5-3ac7c05c78a0/tags/red HTTP/1.1" status: 204 len: 168 time: 0.0400569
2026-04-12 21:53:22.123 9 INFO neutron.services.segments.plugin [-] Segment f18e3b41-3cb7-41b8-8b18-a7147b48627f resource provider not found; error: Placement Client Error (4xx): {"errors": [{"status": 404, "title": "Not Found", "detail": "The resource could not be found.\n\n No resource provider with uuid f18e3b41-3cb7-41b8-8b18-a7147b48627f found for delete ", "request_id": "req-7db2cbc8-02ad-485d-91f1-d5144cd52f0a"}]}
2026-04-12 21:53:22.123 9 INFO neutron.services.segments.plugin [-] Segment f18e3b41-3cb7-41b8-8b18-a7147b48627f resource provider not found; error: Placement Client Error (4xx): {"errors": [{"status": 404, "title": "Not Found", "detail": "The resource could not be found.\n\n No resource provider with uuid f18e3b41-3cb7-41b8-8b18-a7147b48627f found for delete ", "request_id": "req-a6366c6c-21af-41c0-8b71-1da653627a7b"}]}
2026-04-12 21:53:22.146 9 INFO neutron.api.wsgi [None req-6ebcce8c-8656-4c25-80e9-62cf4c425e44 637d2de6155145eeadcf20b5765e635b af87b112e2ba4a6f96170f1032e1027d - - default default] 10.0.0.252 "DELETE /v2.0/networks/0e635c6a-f12c-43a9-902f-9f655f7ba728 HTTP/1.1" status: 204 len: 168 time: 0.4422052
2026-04-12 21:53:22.147 10 INFO neutron.api.wsgi [None req-71ac3607-057c-4584-963c-5600c0adf344 8f20d97abcf3452bbd30ec0a7b5a32ff c1ab2085162e49daa44f84cf0e011ada - - default default] 10.0.0.252 "GET /v2.0/policies/54f789b7-3135-4524-a2e5-3ac7c05c78a0/tags HTTP/1.1" status: 200 len: 223 time: 0.0196636
2026-04-12 21:53:22.157 10 WARNING neutron_lib.context [None req-70bfb60a-2b8b-453a-b47c-f9e63ae41e10 637d2de6155145eeadcf20b5765e635b af87b112e2ba4a6f96170f1032e1027d - - default default] Method 'is_advsvc' is deprecated since 2023.2 release (neutron-lib 3.8.0) and will be removed once support for the old RBAC API policies will be removed from Neutron. Please use method 'is_service_role' instead.
2026-04-12 21:53:22.173 9 INFO neutron.api.v2.resource [None req-6afdfcae-2d1e-42a0-8918-4a6b25c57ab3 8f20d97abcf3452bbd30ec0a7b5a32ff c1ab2085162e49daa44f84cf0e011ada - - default default] delete failed (client error): The resource could not be found.
2026-04-12 21:53:22.174 9 INFO neutron.api.wsgi [None req-6afdfcae-2d1e-42a0-8918-4a6b25c57ab3 8f20d97abcf3452bbd30ec0a7b5a32ff c1ab2085162e49daa44f84cf0e011ada - - default default] 10.0.0.252 "DELETE /v2.0/policies/54f789b7-3135-4524-a2e5-3ac7c05c78a0/tags/green HTTP/1.1" status: 404 len: 299 time: 0.0210025
2026-04-12 21:53:22.220 9 INFO neutron.api.wsgi [None req-867ec2e2-2a0e-4116-85fc-8429776f15be 8f20d97abcf3452bbd30ec0a7b5a32ff c1ab2085162e49daa44f84cf0e011ada - - default default] 10.0.0.252 "DELETE /v2.0/policies/54f789b7-3135-4524-a2e5-3ac7c05c78a0/tags HTTP/1.1" status: 204 len: 168 time: 0.0431621
2026-04-12 21:53:22.241 9 INFO neutron.api.wsgi [None req-d4453d8e-c446-4cf0-9099-5cd77ab82065 8f20d97abcf3452bbd30ec0a7b5a32ff c1ab2085162e49daa44f84cf0e011ada - - default default] 10.0.0.252 "GET /v2.0/policies/54f789b7-3135-4524-a2e5-3ac7c05c78a0/tags HTTP/1.1" status: 200 len: 205 time: 0.0147579
2026-04-12 21:53:22.295 9 INFO neutron.api.wsgi [None req-eb98dc67-e706-43a5-be82-d271204e5554 8f20d97abcf3452bbd30ec0a7b5a32ff c1ab2085162e49daa44f84cf0e011ada - - default default] 10.0.0.252 "DELETE /v2.0/qos/policies/54f789b7-3135-4524-a2e5-3ac7c05c78a0 HTTP/1.1" status: 204 len: 168 time: 0.0468221
2026-04-12 21:53:22.537 10 WARNING neutron.scheduler.dhcp_agent_scheduler [None req-70bfb60a-2b8b-453a-b47c-f9e63ae41e10 637d2de6155145eeadcf20b5765e635b af87b112e2ba4a6f96170f1032e1027d - - default default] No more DHCP agents
2026-04-12 21:53:22.539 10 WARNING neutron.api.rpc.agentnotifiers.dhcp_rpc_agent_api [None req-70bfb60a-2b8b-453a-b47c-f9e63ae41e10 637d2de6155145eeadcf20b5765e635b af87b112e2ba4a6f96170f1032e1027d - - default default] Unable to schedule network 6d18557e-50d3-4cad-9577-6f78d88df79d: no agents available; will retry on subsequent port and subnet creation events.
2026-04-12 21:53:22.582 9 INFO neutron.api.wsgi [req-b8c084b1-ff73-4f6e-aa00-16395e5ba3cc req-fe09d496-12a8-457f-b958-5e2ab5e39381 69f8ad1a45954b309f99a02f0823d47e 5fe509aa54f84f9daa5dfe279dd8521a - - f26d5f8b5eea4776bdf6fce6462c9921 f26d5f8b5eea4776bdf6fce6462c9921] 199.204.45.244 "GET /v2.0/ports?tenant_id=5cfda2ceb8fb498d9907d4357fc20923&device_id=e4e4c788-abee-4f68-af72-df58ff5cd516 HTTP/1.1" status: 200 len: 1448 time: 0.0317719
2026-04-12 21:53:22.635 9 INFO neutron.api.wsgi [req-b8c084b1-ff73-4f6e-aa00-16395e5ba3cc req-772b89a1-15d3-42b2-80b2-93b5be3a7e3f 69f8ad1a45954b309f99a02f0823d47e 5fe509aa54f84f9daa5dfe279dd8521a - - f26d5f8b5eea4776bdf6fce6462c9921 f26d5f8b5eea4776bdf6fce6462c9921] 199.204.45.244 "GET /v2.0/networks?id=450dfc94-5d45-4800-8373-84643d23c40d HTTP/1.1" status: 200 len: 970 time: 0.0472741
2026-04-12 21:53:22.642 10 INFO neutron.db.ovn_revision_numbers_db [None req-70bfb60a-2b8b-453a-b47c-f9e63ae41e10 637d2de6155145eeadcf20b5765e635b af87b112e2ba4a6f96170f1032e1027d - - default default] Successfully bumped revision number for resource 82e14763-a6e7-43da-9ff4-6ca9bf46e506 (type: ports) to 1
2026-04-12 21:53:22.674 9 INFO neutron.api.wsgi [req-b8c084b1-ff73-4f6e-aa00-16395e5ba3cc req-e9854884-70de-4310-92b2-4363c0276aaa 69f8ad1a45954b309f99a02f0823d47e 5fe509aa54f84f9daa5dfe279dd8521a - - f26d5f8b5eea4776bdf6fce6462c9921 f26d5f8b5eea4776bdf6fce6462c9921] 199.204.45.244 "GET /v2.0/floatingips?fixed_ip_address=10.100.0.7&port_id=7fc17f5f-ce26-4cf7-bcfe-8f423089bcd1 HTTP/1.1" status: 200 len: 1059 time: 0.0325072
2026-04-12 21:53:22.697 9 INFO neutron.api.wsgi [req-b8c084b1-ff73-4f6e-aa00-16395e5ba3cc req-855f37ad-e0a6-4b76-be3b-bd47e6d5327e 69f8ad1a45954b309f99a02f0823d47e 5fe509aa54f84f9daa5dfe279dd8521a - - f26d5f8b5eea4776bdf6fce6462c9921 f26d5f8b5eea4776bdf6fce6462c9921] 199.204.45.244 "GET /v2.0/subnets?id=15edbe59-c19e-4929-bd17-1048af701eac HTTP/1.1" status: 200 len: 889 time: 0.0194538
2026-04-12 21:53:22.715 9 INFO neutron.api.wsgi [req-b8c084b1-ff73-4f6e-aa00-16395e5ba3cc req-9ab40bb3-e813-4854-8a07-36904d9e6a5d 69f8ad1a45954b309f99a02f0823d47e 5fe509aa54f84f9daa5dfe279dd8521a - - f26d5f8b5eea4776bdf6fce6462c9921 f26d5f8b5eea4776bdf6fce6462c9921] 199.204.45.244 "GET /v2.0/ports?network_id=450dfc94-5d45-4800-8373-84643d23c40d&device_owner=network%3Adhcp HTTP/1.1" status: 200 len: 210 time: 0.0122566
2026-04-12 21:53:22.768 9 INFO neutron.api.wsgi [req-b8c084b1-ff73-4f6e-aa00-16395e5ba3cc req-3c69548d-8c98-4fb0-8af8-0a731f35957c 69f8ad1a45954b309f99a02f0823d47e 5fe509aa54f84f9daa5dfe279dd8521a - - f26d5f8b5eea4776bdf6fce6462c9921 f26d5f8b5eea4776bdf6fce6462c9921] 199.204.45.244 "GET /v2.0/networks/450dfc94-5d45-4800-8373-84643d23c40d?fields=segments HTTP/1.1" status: 200 len: 212 time: 0.0479891
2026-04-12 21:53:22.806 9 INFO neutron.api.wsgi [req-b8c084b1-ff73-4f6e-aa00-16395e5ba3cc req-636e0a30-a8fc-41d2-86ab-e84992b59ade 69f8ad1a45954b309f99a02f0823d47e 5fe509aa54f84f9daa5dfe279dd8521a - - f26d5f8b5eea4776bdf6fce6462c9921 f26d5f8b5eea4776bdf6fce6462c9921] 199.204.45.244 "GET /v2.0/networks/450dfc94-5d45-4800-8373-84643d23c40d?fields=provider%3Aphysical_network&fields=provider%3Anetwork_type HTTP/1.1" status: 200 len: 277 time: 0.0342629
2026-04-12 21:53:23.185 10 INFO neutron.db.ovn_revision_numbers_db [None req-752a3f14-dcd1-4171-8559-d1ae5eb5ebfb a567ec0a27104407b95cbb39e5809502 8a4ca2cca7574d2289ce86cc5ffab9bc - - default default] Successfully bumped revision number for resource 4153f2fd-e8bf-4c69-8a1f-baeafcd804e0 (type: security_groups) to 1
2026-04-12 21:53:23.203 10 INFO neutron.db.ovn_revision_numbers_db [None req-752a3f14-dcd1-4171-8559-d1ae5eb5ebfb a567ec0a27104407b95cbb39e5809502 8a4ca2cca7574d2289ce86cc5ffab9bc - - default default] Successfully bumped revision number for resource 07f3974d-9733-41d1-8ae5-63580358d14c (type: security_group_rules) to 0
2026-04-12 21:53:23.224 10 INFO neutron.db.ovn_revision_numbers_db [None req-752a3f14-dcd1-4171-8559-d1ae5eb5ebfb a567ec0a27104407b95cbb39e5809502 8a4ca2cca7574d2289ce86cc5ffab9bc - - default default] Successfully bumped revision number for resource 4ddd970d-886d-4a22-8f34-0d0c1f8ccbc0 (type: security_group_rules) to 0
2026-04-12 21:53:23.236 10 INFO neutron.plugins.ml2.drivers.ovn.mech_driver.ovsdb.commands [None req-bf1ba29b-1617-4ed2-aa50-a502d7f2eced - - - - - -] Schedule LRP lrp-82e14763-a6e7-43da-9ff4-6ca9bf46e506 on gateway 0bc1e388-1492-4620-851c-d00b3e8fa188 with priority 1
2026-04-12 21:53:23.245 10 INFO neutron.plugins.ml2.drivers.ovn.mech_driver.mech_driver [None req-5df6b0c8-9e2d-41a4-b2d4-734ec409ffde - - - - - -] OVN reports status up for port: 82e14763-a6e7-43da-9ff4-6ca9bf46e506
2026-04-12 21:53:23.248 10 INFO neutron.db.ovn_revision_numbers_db [None req-752a3f14-dcd1-4171-8559-d1ae5eb5ebfb a567ec0a27104407b95cbb39e5809502 8a4ca2cca7574d2289ce86cc5ffab9bc - - default default] Successfully bumped revision number for resource 593401c7-4a9b-4fd6-b175-3b90455dfe7f (type: security_group_rules) to 0
2026-04-12 21:53:23.268 10 INFO neutron.plugins.ml2.plugin [None req-5df6b0c8-9e2d-41a4-b2d4-734ec409ffde - - - - - -] Attempt 1 to provision port 82e14763-a6e7-43da-9ff4-6ca9bf46e506
2026-04-12 21:53:23.275 10 INFO neutron.db.ovn_revision_numbers_db [None req-752a3f14-dcd1-4171-8559-d1ae5eb5ebfb a567ec0a27104407b95cbb39e5809502 8a4ca2cca7574d2289ce86cc5ffab9bc - - default default] Successfully bumped revision number for resource c1de1295-c262-4e6a-89a9-3cab46e42b91 (type: security_group_rules) to 0
2026-04-12 21:53:23.299 10 INFO neutron.db.ovn_revision_numbers_db [None req-70bfb60a-2b8b-453a-b47c-f9e63ae41e10 637d2de6155145eeadcf20b5765e635b af87b112e2ba4a6f96170f1032e1027d - - default default] Successfully bumped revision number for resource 82e14763-a6e7-43da-9ff4-6ca9bf46e506 (type: router_ports) to 1
2026-04-12 21:53:23.329 10 INFO neutron.api.wsgi [None req-752a3f14-dcd1-4171-8559-d1ae5eb5ebfb a567ec0a27104407b95cbb39e5809502 8a4ca2cca7574d2289ce86cc5ffab9bc - - default default] 10.0.0.252 "GET /v2.0/security-groups?tenant_id=c1ab2085162e49daa44f84cf0e011ada&name=default HTTP/1.1" status: 200 len: 3120 time: 0.3971920
2026-04-12 21:53:23.370 10 INFO neutron.db.ovn_revision_numbers_db [None req-70bfb60a-2b8b-453a-b47c-f9e63ae41e10 637d2de6155145eeadcf20b5765e635b af87b112e2ba4a6f96170f1032e1027d - - default default] Successfully bumped revision number for resource 46aead57-9b44-47b4-8006-1ddcdbb5b957 (type: routers) to 2
2026-04-12 21:53:23.386 10 INFO neutron.api.wsgi [None req-70bfb60a-2b8b-453a-b47c-f9e63ae41e10 637d2de6155145eeadcf20b5765e635b af87b112e2ba4a6f96170f1032e1027d - - default default] 10.0.0.252 "POST /v2.0/routers HTTP/1.1" status: 201 len: 1150 time: 1.2327719
2026-04-12 21:53:23.449 10 INFO neutron.api.wsgi [None req-301dcb12-cfd0-47e4-bb2b-4f86ac14ae73 637d2de6155145eeadcf20b5765e635b af87b112e2ba4a6f96170f1032e1027d - - default default] 10.0.0.252 "GET /v2.0/routers/46aead57-9b44-47b4-8006-1ddcdbb5b957 HTTP/1.1" status: 200 len: 1151 time: 0.0583999
2026-04-12 21:53:23.504 10 INFO neutron.api.wsgi [None req-d7931a65-3ebf-4810-8060-36c007c1d7ef 637d2de6155145eeadcf20b5765e635b af87b112e2ba4a6f96170f1032e1027d - - default default] 10.0.0.252 "GET /v2.0/routers HTTP/1.1" status: 200 len: 1154 time: 0.0506113
2026-04-12 21:53:23.553 9 INFO neutron.api.wsgi [None req-b8a2d4d3-8247-4c4a-a34c-a2ebf3bd91b3 a567ec0a27104407b95cbb39e5809502 8a4ca2cca7574d2289ce86cc5ffab9bc - - default default] 10.0.0.252 "DELETE /v2.0/security-groups/4153f2fd-e8bf-4c69-8a1f-baeafcd804e0 HTTP/1.1" status: 204 len: 168 time: 0.2185562
2026-04-12 21:53:23.740 10 INFO neutron.db.ovn_revision_numbers_db [None req-ff7a8969-f99f-4167-ad65-ac3549572465 a567ec0a27104407b95cbb39e5809502 8a4ca2cca7574d2289ce86cc5ffab9bc - - default default] Successfully bumped revision number for resource 4a6a9218-df78-4d3a-85af-72ca7ed75bd3 (type: security_groups) to 1
2026-04-12 21:53:23.758 10 INFO neutron.db.ovn_revision_numbers_db [None req-ff7a8969-f99f-4167-ad65-ac3549572465 a567ec0a27104407b95cbb39e5809502 8a4ca2cca7574d2289ce86cc5ffab9bc - - default default] Successfully bumped revision number for resource 2b450a83-bc07-4822-8888-e1a8c23bf917 (type: security_group_rules) to 0
2026-04-12 21:53:23.772 10 INFO neutron.db.ovn_revision_numbers_db [None req-ff7a8969-f99f-4167-ad65-ac3549572465 a567ec0a27104407b95cbb39e5809502 8a4ca2cca7574d2289ce86cc5ffab9bc - - default default] Successfully bumped revision number for resource 4fe533b7-6d52-4aba-b8bd-c37b3f15dfb5 (type: security_group_rules) to 0
2026-04-12 21:53:23.783 10 INFO neutron.db.ovn_revision_numbers_db [None req-ff7a8969-f99f-4167-ad65-ac3549572465 a567ec0a27104407b95cbb39e5809502 8a4ca2cca7574d2289ce86cc5ffab9bc - - default default] Successfully bumped revision number for resource c4a74be6-9fc1-4a7e-b22f-e26007b54d30 (type: security_group_rules) to 0
2026-04-12 21:53:23.794 10 INFO neutron.db.ovn_revision_numbers_db [None req-ff7a8969-f99f-4167-ad65-ac3549572465 a567ec0a27104407b95cbb39e5809502 8a4ca2cca7574d2289ce86cc5ffab9bc - - default default] Successfully bumped revision number for resource f708144b-687e-47ed-87a6-e7387a5e97ec (type: security_group_rules) to 0
2026-04-12 21:53:23.828 10 INFO neutron.api.wsgi [None req-ff7a8969-f99f-4167-ad65-ac3549572465 a567ec0a27104407b95cbb39e5809502 8a4ca2cca7574d2289ce86cc5ffab9bc - - default default] 10.0.0.252 "GET /v2.0/security-groups?tenant_id=f1a62b8266bd44a5bd91ba99e93f4cc0&name=default HTTP/1.1" status: 200 len: 3120 time: 0.2033679
2026-04-12 21:53:24.016 10 INFO neutron.api.wsgi [None req-b8a9a248-7c08-4ce5-a61a-183c1de68d64 a567ec0a27104407b95cbb39e5809502 8a4ca2cca7574d2289ce86cc5ffab9bc - - default default] 10.0.0.252 "DELETE /v2.0/security-groups/4a6a9218-df78-4d3a-85af-72ca7ed75bd3 HTTP/1.1" status: 204 len: 168 time: 0.1834033
2026-04-12 21:53:24.161 9 INFO neutron.db.ovn_revision_numbers_db [None req-2af82f95-e5c0-464a-b0b1-26584632f816 637d2de6155145eeadcf20b5765e635b af87b112e2ba4a6f96170f1032e1027d - - default default] Successfully bumped revision number for resource 46aead57-9b44-47b4-8006-1ddcdbb5b957 (type: routers) to 3
2026-04-12 21:53:24.165 9 INFO neutron.api.wsgi [None req-2af82f95-e5c0-464a-b0b1-26584632f816 637d2de6155145eeadcf20b5765e635b af87b112e2ba4a6f96170f1032e1027d - - default default] 10.0.0.252 "PUT /v2.0/routers/46aead57-9b44-47b4-8006-1ddcdbb5b957 HTTP/1.1" status: 200 len: 1158 time: 0.6570599
2026-04-12 21:53:24.224 9 INFO neutron.api.wsgi [None req-2a891117-7380-4e65-a842-15f11b94d559 637d2de6155145eeadcf20b5765e635b af87b112e2ba4a6f96170f1032e1027d - - default default] 10.0.0.252 "GET /v2.0/routers/46aead57-9b44-47b4-8006-1ddcdbb5b957 HTTP/1.1" status: 200 len: 1158 time: 0.0537939
2026-04-12 21:53:24.245 10 INFO neutron.api.wsgi [None req-b85939d2-bf4e-43dd-90a5-a9e069f1781a 637d2de6155145eeadcf20b5765e635b af87b112e2ba4a6f96170f1032e1027d - - default default] 10.0.0.252 "GET /v2.0/ports?device_id=46aead57-9b44-47b4-8006-1ddcdbb5b957 HTTP/1.1" status: 200 len: 205 time: 0.0162904
2026-04-12 21:53:24.882 10 INFO neutron.api.wsgi [None req-d71a3116-4acd-4e8a-bc34-1cf2149cf0f0 637d2de6155145eeadcf20b5765e635b af87b112e2ba4a6f96170f1032e1027d - - default default] 10.0.0.252 "DELETE /v2.0/routers/46aead57-9b44-47b4-8006-1ddcdbb5b957 HTTP/1.1" status: 204 len: 168 time: 0.6318164
2026-04-12 21:53:24.904 10 INFO neutron.api.wsgi [None req-8f9f28b0-3a25-46de-a6b5-8062c168f4bc 637d2de6155145eeadcf20b5765e635b af87b112e2ba4a6f96170f1032e1027d - - default default] 10.0.0.252 "GET /v2.0/ports?device_id=46aead57-9b44-47b4-8006-1ddcdbb5b957 HTTP/1.1" status: 200 len: 205 time: 0.0161333
2026-04-12 21:53:24.925 10 INFO neutron.api.v2.resource [None req-eda5137d-2a4b-4a2e-844b-ec8a8ab8237e 637d2de6155145eeadcf20b5765e635b af87b112e2ba4a6f96170f1032e1027d - - default default] delete failed (client error): The resource could not be found.
2026-04-12 21:53:24.927 10 INFO neutron.api.wsgi [None req-eda5137d-2a4b-4a2e-844b-ec8a8ab8237e 637d2de6155145eeadcf20b5765e635b af87b112e2ba4a6f96170f1032e1027d - - default default] 10.0.0.252 "DELETE /v2.0/routers/46aead57-9b44-47b4-8006-1ddcdbb5b957 HTTP/1.1" status: 404 len: 336 time: 0.0188386
2026-04-12 21:53:24.953 10 INFO neutron.api.wsgi [None req-29399fb5-1eab-435d-8111-f4c6ace84aa4 637d2de6155145eeadcf20b5765e635b af87b112e2ba4a6f96170f1032e1027d - - default default] 10.0.0.252 "GET /v2.0/ports?device_id=dbd0f00b-cde9-4af6-966d-c120b7576d2d HTTP/1.1" status: 200 len: 205 time: 0.0220120
2026-04-12 21:53:24.972 9 INFO neutron.api.v2.resource [None req-4dab282a-142f-45fb-9b4e-e88778c94cb5 637d2de6155145eeadcf20b5765e635b af87b112e2ba4a6f96170f1032e1027d - - default default] delete failed (client error): The resource could not be found.
2026-04-12 21:53:24.973 9 INFO neutron.api.wsgi [None req-4dab282a-142f-45fb-9b4e-e88778c94cb5 637d2de6155145eeadcf20b5765e635b af87b112e2ba4a6f96170f1032e1027d - - default default] 10.0.0.252 "DELETE /v2.0/routers/dbd0f00b-cde9-4af6-966d-c120b7576d2d HTTP/1.1" status: 404 len: 336 time: 0.0155594
2026-04-12 21:53:24.985 9 INFO neutron.pecan_wsgi.hooks.translation [None req-dcb2217c-c237-43c2-bce2-9546647020d1 637d2de6155145eeadcf20b5765e635b af87b112e2ba4a6f96170f1032e1027d - - default default] DELETE failed (client error): The resource could not be found.
2026-04-12 21:53:24.988 9 INFO neutron.api.wsgi [None req-dcb2217c-c237-43c2-bce2-9546647020d1 637d2de6155145eeadcf20b5765e635b af87b112e2ba4a6f96170f1032e1027d - - default default] 10.0.0.252 "DELETE /v2.0/subnets/b807cea8-692c-4ccc-8f3e-faff803d440f HTTP/1.1" status: 404 len: 337 time: 0.0113368
2026-04-12 21:53:25.008 9 INFO neutron.api.wsgi [None req-89f882bb-e65f-4256-9178-938cd2f702b2 637d2de6155145eeadcf20b5765e635b af87b112e2ba4a6f96170f1032e1027d - - default default] 10.0.0.252 "GET /v2.0/ports?device_id=cd3cac88-740a-4b82-8e10-dce8a53760f7 HTTP/1.1" status: 200 len: 205 time: 0.0158291
2026-04-12 21:53:25.025 9 INFO neutron.api.v2.resource [None req-3d2bd7a0-be8b-4ff3-9a4d-53e8a3508c3a 637d2de6155145eeadcf20b5765e635b af87b112e2ba4a6f96170f1032e1027d - - default default] delete failed (client error): The resource could not be found.
2026-04-12 21:53:25.026 9 INFO neutron.api.wsgi [None req-3d2bd7a0-be8b-4ff3-9a4d-53e8a3508c3a 637d2de6155145eeadcf20b5765e635b af87b112e2ba4a6f96170f1032e1027d - - default default] 10.0.0.252 "DELETE /v2.0/routers/cd3cac88-740a-4b82-8e10-dce8a53760f7 HTTP/1.1" status: 404 len: 336 time: 0.0152254
2026-04-12 21:53:25.038 9 INFO neutron.pecan_wsgi.hooks.translation [None req-a05c7e57-a7ba-4d42-9866-cfcdeedd6468 637d2de6155145eeadcf20b5765e635b af87b112e2ba4a6f96170f1032e1027d - - default default] DELETE failed (client error): The resource could not be found.
2026-04-12 21:53:25.041 9 INFO neutron.api.wsgi [None req-a05c7e57-a7ba-4d42-9866-cfcdeedd6468 637d2de6155145eeadcf20b5765e635b af87b112e2ba4a6f96170f1032e1027d - - default default] 10.0.0.252 "DELETE /v2.0/subnets/030ac08c-4cd7-4f8a-ad09-a93d3e341f4f HTTP/1.1" status: 404 len: 337 time: 0.0105717
2026-04-12 21:53:25.060 10 INFO neutron.api.wsgi [None req-ceb46c7c-ccc4-496a-addd-43c7f0426ca1 637d2de6155145eeadcf20b5765e635b af87b112e2ba4a6f96170f1032e1027d - - default default] 10.0.0.252 "GET /v2.0/ports?device_id=4ff3e538-2eaa-40b4-83cf-3b6620d3d795 HTTP/1.1" status: 200 len: 205 time: 0.0160770
2026-04-12 21:53:25.076 10 INFO neutron.api.v2.resource [None req-27091618-7584-4432-bc80-a429cc602f7f 637d2de6155145eeadcf20b5765e635b af87b112e2ba4a6f96170f1032e1027d - - default default] delete failed (client error): The resource could not be found.
2026-04-12 21:53:25.077 10 INFO neutron.api.wsgi [None req-27091618-7584-4432-bc80-a429cc602f7f 637d2de6155145eeadcf20b5765e635b af87b112e2ba4a6f96170f1032e1027d - - default default] 10.0.0.252 "DELETE /v2.0/routers/4ff3e538-2eaa-40b4-83cf-3b6620d3d795 HTTP/1.1" status: 404 len: 336 time: 0.0125301
2026-04-12 21:53:25.091 10 INFO neutron.pecan_wsgi.hooks.translation [None req-cd6ef358-5ad1-4880-9c6f-dc2a226d3b22 637d2de6155145eeadcf20b5765e635b af87b112e2ba4a6f96170f1032e1027d - - default default] DELETE failed (client error): The resource could not be found.
2026-04-12 21:53:25.093 10 INFO neutron.api.wsgi [None req-cd6ef358-5ad1-4880-9c6f-dc2a226d3b22 637d2de6155145eeadcf20b5765e635b af87b112e2ba4a6f96170f1032e1027d - - default default] 10.0.0.252 "DELETE /v2.0/subnets/748b86d3-4c1c-496d-bbd8-b6b178d13670 HTTP/1.1" status: 404 len: 337 time: 0.0129764
2026-04-12 21:53:25.107 10 INFO neutron.pecan_wsgi.hooks.translation [None req-0711bc4e-ec47-4830-b49a-e7a23002db23 637d2de6155145eeadcf20b5765e635b af87b112e2ba4a6f96170f1032e1027d - - default default] DELETE failed (client error): The resource could not be found.
2026-04-12 21:53:25.109 10 INFO neutron.api.wsgi [None req-0711bc4e-ec47-4830-b49a-e7a23002db23 637d2de6155145eeadcf20b5765e635b af87b112e2ba4a6f96170f1032e1027d - - default default] 10.0.0.252 "DELETE /v2.0/subnets/ced55bc9-f9c4-400d-ab95-55198ff38e60 HTTP/1.1" status: 404 len: 337 time: 0.0120406
2026-04-12 21:53:25.605 9 WARNING neutron.plugins.ml2.drivers.ovn.mech_driver.ovsdb.ovn_client [None req-c9d4bf8f-4ed3-429c-8caf-8980a837fb32 - - - - - -] No port found with ID c4c085b1-6721-42f0-85b2-4d2839b6aff7: RuntimeError: No port found with ID c4c085b1-6721-42f0-85b2-4d2839b6aff7
2026-04-12 21:53:25.752 10 INFO neutron.api.wsgi [None req-02a9b1c1-c970-4e2e-8909-3a5e04453db4 a567ec0a27104407b95cbb39e5809502 8a4ca2cca7574d2289ce86cc5ffab9bc - - default default] 10.0.0.252 "GET /v2.0/security-groups?tenant_id=af87b112e2ba4a6f96170f1032e1027d&name=default HTTP/1.1" status: 200 len: 3120 time: 0.1920156
2026-04-12 21:53:25.967 10 INFO neutron.api.wsgi [None req-af25d4b6-9025-4003-98d6-5264d8e810af a567ec0a27104407b95cbb39e5809502 8a4ca2cca7574d2289ce86cc5ffab9bc - - default default] 10.0.0.252 "DELETE /v2.0/security-groups/eed30e5e-4503-4d8f-a2e5-c0a752c90cdb HTTP/1.1" status: 204 len: 168 time: 0.2107718
2026-04-12 21:53:27.383 9 WARNING neutron_lib.context [None req-2c6f4c25-282a-4ccf-9e3e-81826cef0882 f91ff44d11cf4f1fb1c9f70d46f2ca9b 22dcbf54d4d544a2b323c2db0286ed26 - - default default] Method 'is_advsvc' is deprecated since 2023.2 release (neutron-lib 3.8.0) and will be removed once support for the old RBAC API policies will be removed from Neutron. Please use method 'is_service_role' instead.
2026-04-12 21:53:27.442 9 INFO neutron.api.wsgi [None req-2c6f4c25-282a-4ccf-9e3e-81826cef0882 f91ff44d11cf4f1fb1c9f70d46f2ca9b 22dcbf54d4d544a2b323c2db0286ed26 - - default default] 10.0.0.252 "POST /v2.0/subnetpools HTTP/1.1" status: 201 len: 715 time: 0.2453523
2026-04-12 21:53:27.482 10 INFO neutron.api.wsgi [None req-fa37e26e-2b69-499d-b5d7-91f335cae680 f91ff44d11cf4f1fb1c9f70d46f2ca9b 22dcbf54d4d544a2b323c2db0286ed26 - - default default] 10.0.0.252 "PUT /v2.0/subnetpools/ed1eecd0-63ee-4dd9-b4c7-82983d410d3a/tags HTTP/1.1" status: 200 len: 218 time: 0.0341985
2026-04-12 21:53:27.500 9 INFO neutron.db.ovn_revision_numbers_db [None req-43342b27-463e-4db8-9832-63e6e5f4a943 a567ec0a27104407b95cbb39e5809502 8a4ca2cca7574d2289ce86cc5ffab9bc - - default default] Successfully bumped revision number for resource 8ffb2a82-2e51-4a3a-8dcb-acfb08a4aa6f (type: security_groups) to 1
2026-04-12 21:53:27.507 10 INFO neutron.api.wsgi [None req-fc13c087-03db-4829-9086-73d4eceac2d1 f91ff44d11cf4f1fb1c9f70d46f2ca9b 22dcbf54d4d544a2b323c2db0286ed26 - - default default] 10.0.0.252 "GET /v2.0/subnetpools/ed1eecd0-63ee-4dd9-b4c7-82983d410d3a/tags HTTP/1.1" status: 200 len: 218 time: 0.0195222
2026-04-12 21:53:27.511 9 INFO neutron.db.ovn_revision_numbers_db [None req-43342b27-463e-4db8-9832-63e6e5f4a943 a567ec0a27104407b95cbb39e5809502 8a4ca2cca7574d2289ce86cc5ffab9bc - - default default] Successfully bumped revision number for resource 757a8174-e23d-4fa1-91fd-a3450c608088 (type: security_group_rules) to 0
2026-04-12 21:53:27.524 9 INFO neutron.db.ovn_revision_numbers_db [None req-43342b27-463e-4db8-9832-63e6e5f4a943 a567ec0a27104407b95cbb39e5809502 8a4ca2cca7574d2289ce86cc5ffab9bc - - default default] Successfully bumped revision number for resource 8b69d67c-5ced-4182-8d61-2e464c56f957 (type: security_group_rules) to 0
2026-04-12 21:53:27.535 9 INFO neutron.db.ovn_revision_numbers_db [None req-43342b27-463e-4db8-9832-63e6e5f4a943 a567ec0a27104407b95cbb39e5809502 8a4ca2cca7574d2289ce86cc5ffab9bc - - default default] Successfully bumped revision number for resource cbb3caaa-e7c8-46d5-8ece-a592db058a2f (type: security_group_rules) to 0
2026-04-12 21:53:27.539 10 INFO neutron.api.wsgi [None req-38948b3a-40e3-4305-a0bc-dbef00ce0782 f91ff44d11cf4f1fb1c9f70d46f2ca9b 22dcbf54d4d544a2b323c2db0286ed26 - - default default] 10.0.0.252 "PUT /v2.0/subnetpools/ed1eecd0-63ee-4dd9-b4c7-82983d410d3a/tags/green HTTP/1.1" status: 201 len: 201 time: 0.0276129
2026-04-12 21:53:27.548 9 INFO neutron.db.ovn_revision_numbers_db [None req-43342b27-463e-4db8-9832-63e6e5f4a943 a567ec0a27104407b95cbb39e5809502 8a4ca2cca7574d2289ce86cc5ffab9bc - - default default] Successfully bumped revision number for resource e8ca8a16-3825-4754-b543-a824cc572b40 (type: security_group_rules) to 0
2026-04-12 21:53:27.561 10 INFO neutron.api.wsgi [None req-2a170870-b9c7-43ba-8d18-93d72d8e7e3d f91ff44d11cf4f1fb1c9f70d46f2ca9b 22dcbf54d4d544a2b323c2db0286ed26 - - default default] 10.0.0.252 "GET /v2.0/subnetpools/ed1eecd0-63ee-4dd9-b4c7-82983d410d3a/tags HTTP/1.1" status: 200 len: 227 time: 0.0173557
2026-04-12 21:53:27.577 9 INFO neutron.api.wsgi [None req-43342b27-463e-4db8-9832-63e6e5f4a943 a567ec0a27104407b95cbb39e5809502 8a4ca2cca7574d2289ce86cc5ffab9bc - - default default] 10.0.0.252 "GET /v2.0/security-groups?tenant_id=047802a910614a739af306ac19dbcba5&name=default HTTP/1.1" status: 200 len: 3120 time: 0.3684421
2026-04-12 21:53:27.579 10 WARNING neutron.plugins.ml2.drivers.ovn.mech_driver.ovsdb.ovn_client [None req-5df6b0c8-9e2d-41a4-b2d4-734ec409ffde - - - - - -] No port found with ID 82e14763-a6e7-43da-9ff4-6ca9bf46e506: RuntimeError: No port found with ID 82e14763-a6e7-43da-9ff4-6ca9bf46e506
2026-04-12 21:53:27.586 10 INFO neutron.api.wsgi [None req-601514e0-9b5d-4497-8f69-f7c09c0d11fe f91ff44d11cf4f1fb1c9f70d46f2ca9b 22dcbf54d4d544a2b323c2db0286ed26 - - default default] 10.0.0.252 "PUT /v2.0/subnetpools/ed1eecd0-63ee-4dd9-b4c7-82983d410d3a/tags/red HTTP/1.1" status: 201 len: 201 time: 0.0210080
2026-04-12 21:53:27.616 10 INFO neutron.api.wsgi [None req-ffa7cb1b-1923-4016-8bcd-db52345be246 f91ff44d11cf4f1fb1c9f70d46f2ca9b 22dcbf54d4d544a2b323c2db0286ed26 - - default default] 10.0.0.252 "GET /v2.0/subnetpools/ed1eecd0-63ee-4dd9-b4c7-82983d410d3a/tags HTTP/1.1" status: 200 len: 227 time: 0.0244138
2026-04-12 21:53:27.649 10 INFO neutron.api.wsgi [None req-1fbbf77e-42d6-45f7-b956-728ccba56411 f91ff44d11cf4f1fb1c9f70d46f2ca9b 22dcbf54d4d544a2b323c2db0286ed26 - - default default] 10.0.0.252 "PUT /v2.0/subnetpools/ed1eecd0-63ee-4dd9-b4c7-82983d410d3a/tags/black.or.white HTTP/1.1" status: 201 len: 201 time: 0.0291753
2026-04-12 21:53:27.654 9 WARNING neutron_lib.context [None req-e0d82dca-da3f-4cac-bf0e-dcfac88adb28 b2d43a4bc81b412a8422945fb017b227 dd524aae65c843c6862dc7acdb2b8698 - - default default] Method 'is_advsvc' is deprecated since 2023.2 release (neutron-lib 3.8.0) and will be removed once support for the old RBAC API policies will be removed from Neutron. Please use method 'is_service_role' instead.
2026-04-12 21:53:27.669 10 INFO neutron.api.wsgi [None req-3b224836-7254-410c-9b23-51ab3707d9e4 f91ff44d11cf4f1fb1c9f70d46f2ca9b 22dcbf54d4d544a2b323c2db0286ed26 - - default default] 10.0.0.252 "GET /v2.0/subnetpools/ed1eecd0-63ee-4dd9-b4c7-82983d410d3a/tags HTTP/1.1" status: 200 len: 245 time: 0.0157561
2026-04-12 21:53:27.704 10 INFO neutron.api.wsgi [None req-df28ae91-ac8d-4749-abf0-399aafd4f353 f91ff44d11cf4f1fb1c9f70d46f2ca9b 22dcbf54d4d544a2b323c2db0286ed26 - - default default] 10.0.0.252 "PUT /v2.0/subnetpools/ed1eecd0-63ee-4dd9-b4c7-82983d410d3a/tags HTTP/1.1" status: 200 len: 230 time: 0.0299370
2026-04-12 21:53:27.715 9 INFO neutron.api.wsgi [None req-e0d82dca-da3f-4cac-bf0e-dcfac88adb28 b2d43a4bc81b412a8422945fb017b227 dd524aae65c843c6862dc7acdb2b8698 - - default default] 10.0.0.252 "POST /v2.0/subnetpools HTTP/1.1" status: 201 len: 747 time: 0.0947797
2026-04-12 21:53:27.736 10 INFO neutron.api.wsgi [None req-af14fb1b-b61b-4c19-b9a6-85ee3ee23bb4 f91ff44d11cf4f1fb1c9f70d46f2ca9b 22dcbf54d4d544a2b323c2db0286ed26 - - default default] 10.0.0.252 "GET /v2.0/subnetpools/ed1eecd0-63ee-4dd9-b4c7-82983d410d3a/tags HTTP/1.1" status: 200 len: 230 time: 0.0278189
2026-04-12 21:53:27.740 10 INFO neutron.api.wsgi [None req-b8f64c0d-d420-4428-a67a-8a99b71d7d87 b2d43a4bc81b412a8422945fb017b227 dd524aae65c843c6862dc7acdb2b8698 - - default default] 10.0.0.252 "GET /v2.0/subnetpools/993493c0-55ae-4da2-abcb-50acece1dfd3 HTTP/1.1" status: 200 len: 742 time: 0.0197935
2026-04-12 21:53:27.754 10 INFO neutron.api.wsgi [None req-19b05862-7572-4206-b732-1e8884bc9d06 f91ff44d11cf4f1fb1c9f70d46f2ca9b 22dcbf54d4d544a2b323c2db0286ed26 - - default default] 10.0.0.252 "GET /v2.0/subnetpools/ed1eecd0-63ee-4dd9-b4c7-82983d410d3a/tags/red HTTP/1.1" status: 204 len: 168 time: 0.0123782
2026-04-12 21:53:27.774 10 INFO neutron.api.v2.resource [None req-8e1f275a-5cf7-47b0-bea3-24d7e8aa98b0 f91ff44d11cf4f1fb1c9f70d46f2ca9b 22dcbf54d4d544a2b323c2db0286ed26 - - default default] show failed (client error): The resource could not be found.
2026-04-12 21:53:27.775 10 INFO neutron.api.wsgi [None req-8e1f275a-5cf7-47b0-bea3-24d7e8aa98b0 f91ff44d11cf4f1fb1c9f70d46f2ca9b 22dcbf54d4d544a2b323c2db0286ed26 - - default default] 10.0.0.252 "GET /v2.0/subnetpools/ed1eecd0-63ee-4dd9-b4c7-82983d410d3a/tags/green HTTP/1.1" status: 404 len: 299 time: 0.0166156
2026-04-12 21:53:27.791 9 INFO neutron.api.wsgi [None req-44dfb4df-25b1-4b19-adbc-3db035cb01b0 a567ec0a27104407b95cbb39e5809502 8a4ca2cca7574d2289ce86cc5ffab9bc - - default default] 10.0.0.252 "DELETE /v2.0/security-groups/8ffb2a82-2e51-4a3a-8dcb-acfb08a4aa6f HTTP/1.1" status: 204 len: 168 time: 0.2093084
2026-04-12 21:53:27.808 9 INFO neutron.api.wsgi [None req-49f9e92b-288d-4815-babd-aa17590827c1 b2d43a4bc81b412a8422945fb017b227 dd524aae65c843c6862dc7acdb2b8698 - - default default] 10.0.0.252 "PUT /v2.0/subnetpools/993493c0-55ae-4da2-abcb-50acece1dfd3 HTTP/1.1" status: 200 len: 695 time: 0.0632532
2026-04-12 21:53:27.812 10 INFO neutron.api.wsgi [None req-a5e0a8fc-8fc5-47c4-b1d2-c8658685827b f91ff44d11cf4f1fb1c9f70d46f2ca9b 22dcbf54d4d544a2b323c2db0286ed26 - - default default] 10.0.0.252 "DELETE /v2.0/subnetpools/ed1eecd0-63ee-4dd9-b4c7-82983d410d3a/tags/red HTTP/1.1" status: 204 len: 168 time: 0.0320227
2026-04-12 21:53:27.833 10 INFO neutron.api.wsgi [None req-00fffa99-0192-444e-ad9f-de97513108e7 f91ff44d11cf4f1fb1c9f70d46f2ca9b 22dcbf54d4d544a2b323c2db0286ed26 - - default default] 10.0.0.252 "GET /v2.0/subnetpools/ed1eecd0-63ee-4dd9-b4c7-82983d410d3a/tags HTTP/1.1" status: 200 len: 223 time: 0.0167272
2026-04-12 21:53:27.858 9 INFO neutron.api.wsgi [None req-6cca7cbf-5046-4865-9203-4291f3834783 b2d43a4bc81b412a8422945fb017b227 dd524aae65c843c6862dc7acdb2b8698 - - default default] 10.0.0.252 "DELETE /v2.0/subnetpools/993493c0-55ae-4da2-abcb-50acece1dfd3 HTTP/1.1" status: 204 len: 168 time: 0.0456157
2026-04-12 21:53:27.860 10 INFO neutron.api.v2.resource [None req-e81f7362-49f7-48c0-9610-9ae4a41e0d97 f91ff44d11cf4f1fb1c9f70d46f2ca9b 22dcbf54d4d544a2b323c2db0286ed26 - - default default] delete failed (client error): The resource could not be found.
2026-04-12 21:53:27.861 10 INFO neutron.api.wsgi [None req-e81f7362-49f7-48c0-9610-9ae4a41e0d97 f91ff44d11cf4f1fb1c9f70d46f2ca9b 22dcbf54d4d544a2b323c2db0286ed26 - - default default] 10.0.0.252 "DELETE /v2.0/subnetpools/ed1eecd0-63ee-4dd9-b4c7-82983d410d3a/tags/green HTTP/1.1" status: 404 len: 299 time: 0.0242574
2026-04-12 21:53:27.870 9 INFO neutron.api.v2.resource [None req-fb076ba7-e351-4f08-bb9d-5c939531e14c b2d43a4bc81b412a8422945fb017b227 dd524aae65c843c6862dc7acdb2b8698 - - default default] show failed (client error): The resource could not be found.
2026-04-12 21:53:27.872 9 INFO neutron.api.wsgi [None req-fb076ba7-e351-4f08-bb9d-5c939531e14c b2d43a4bc81b412a8422945fb017b227 dd524aae65c843c6862dc7acdb2b8698 - - default default] 10.0.0.252 "GET /v2.0/subnetpools/993493c0-55ae-4da2-abcb-50acece1dfd3 HTTP/1.1" status: 404 len: 346 time: 0.0097444
2026-04-12 21:53:27.883 9 INFO neutron.api.v2.resource [None req-426ef0e7-56c4-42f2-9175-a3c917e1eeb5 b2d43a4bc81b412a8422945fb017b227 dd524aae65c843c6862dc7acdb2b8698 - - default default] delete failed (client error): The resource could not be found.
2026-04-12 21:53:27.884 9 INFO neutron.api.wsgi [None req-426ef0e7-56c4-42f2-9175-a3c917e1eeb5 b2d43a4bc81b412a8422945fb017b227 dd524aae65c843c6862dc7acdb2b8698 - - default default] 10.0.0.252 "DELETE /v2.0/subnetpools/993493c0-55ae-4da2-abcb-50acece1dfd3 HTTP/1.1" status: 404 len: 346 time: 0.0092924
2026-04-12 21:53:27.901 10 INFO neutron.api.wsgi [None req-282ed59d-773d-40b8-91b3-21f7193d7ff3 f91ff44d11cf4f1fb1c9f70d46f2ca9b 22dcbf54d4d544a2b323c2db0286ed26 - - default default] 10.0.0.252 "DELETE /v2.0/subnetpools/ed1eecd0-63ee-4dd9-b4c7-82983d410d3a/tags HTTP/1.1" status: 204 len: 168 time: 0.0347333
2026-04-12 21:53:27.921 10 INFO neutron.api.wsgi [None req-b412fd5c-26c8-452a-b8c6-aca8dc8cc989 f91ff44d11cf4f1fb1c9f70d46f2ca9b 22dcbf54d4d544a2b323c2db0286ed26 - - default default] 10.0.0.252 "GET /v2.0/subnetpools/ed1eecd0-63ee-4dd9-b4c7-82983d410d3a/tags HTTP/1.1" status: 200 len: 205 time: 0.0169582
2026-04-12 21:53:27.993 10 INFO neutron.api.wsgi [None req-46fb7f19-d283-4edd-9df9-34d8d5032b51 f91ff44d11cf4f1fb1c9f70d46f2ca9b 22dcbf54d4d544a2b323c2db0286ed26 - - default default] 10.0.0.252 "DELETE /v2.0/subnetpools/ed1eecd0-63ee-4dd9-b4c7-82983d410d3a HTTP/1.1" status: 204 len: 168 time: 0.0506067
2026-04-12 21:53:28.547 10 INFO neutron.db.ovn_revision_numbers_db [None req-4460ed43-46be-494e-9838-7f551ca02de7 a567ec0a27104407b95cbb39e5809502 8a4ca2cca7574d2289ce86cc5ffab9bc - - default default] Successfully bumped revision number for resource 9024be93-3856-441e-ba25-8db47644fac1 (type: security_groups) to 1
2026-04-12 21:53:28.560 10 INFO neutron.db.ovn_revision_numbers_db [None req-4460ed43-46be-494e-9838-7f551ca02de7 a567ec0a27104407b95cbb39e5809502 8a4ca2cca7574d2289ce86cc5ffab9bc - - default default] Successfully bumped revision number for resource 13058360-8172-4979-8fb7-20283f6ef869 (type: security_group_rules) to 0
2026-04-12 21:53:28.575 10 INFO neutron.db.ovn_revision_numbers_db [None req-4460ed43-46be-494e-9838-7f551ca02de7 a567ec0a27104407b95cbb39e5809502 8a4ca2cca7574d2289ce86cc5ffab9bc - - default default] Successfully bumped revision number for resource 8720e2d3-0851-4706-9529-5da20512034f (type: security_group_rules) to 0
2026-04-12 21:53:28.593 10 INFO neutron.db.ovn_revision_numbers_db [None req-4460ed43-46be-494e-9838-7f551ca02de7 a567ec0a27104407b95cbb39e5809502 8a4ca2cca7574d2289ce86cc5ffab9bc - - default default] Successfully bumped revision number for resource d555f378-3ec9-47cf-9bc5-ab3c7303b8a7 (type: security_group_rules) to 0
2026-04-12 21:53:28.611 10 INFO neutron.db.ovn_revision_numbers_db [None req-4460ed43-46be-494e-9838-7f551ca02de7 a567ec0a27104407b95cbb39e5809502 8a4ca2cca7574d2289ce86cc5ffab9bc - - default default] Successfully bumped revision number for resource f334a8e0-a40e-4391-a394-a8d362b3a05d (type: security_group_rules) to 0
2026-04-12 21:53:28.650 10 INFO neutron.api.wsgi [None req-4460ed43-46be-494e-9838-7f551ca02de7 a567ec0a27104407b95cbb39e5809502 8a4ca2cca7574d2289ce86cc5ffab9bc - - default default] 10.0.0.252 "GET /v2.0/security-groups?tenant_id=dd524aae65c843c6862dc7acdb2b8698&name=default HTTP/1.1" status: 200 len: 3120 time: 0.2924111
2026-04-12 21:53:28.713 10 INFO neutron.db.ovn_revision_numbers_db [None req-5bc2dedb-56cd-4ac9-9a6a-f5dcaf9f0d3d a567ec0a27104407b95cbb39e5809502 8a4ca2cca7574d2289ce86cc5ffab9bc - - default default] Successfully bumped revision number for resource 7ee0dad2-4c41-4be3-b635-d32fcb459db2 (type: security_groups) to 1
2026-04-12 21:53:28.727 10 INFO neutron.db.ovn_revision_numbers_db [None req-5bc2dedb-56cd-4ac9-9a6a-f5dcaf9f0d3d a567ec0a27104407b95cbb39e5809502 8a4ca2cca7574d2289ce86cc5ffab9bc - - default default] Successfully bumped revision number for resource 71430845-cd33-42c1-a9fa-eebd58931b87 (type: security_group_rules) to 0
2026-04-12 21:53:28.740 10 INFO neutron.db.ovn_revision_numbers_db [None req-5bc2dedb-56cd-4ac9-9a6a-f5dcaf9f0d3d a567ec0a27104407b95cbb39e5809502 8a4ca2cca7574d2289ce86cc5ffab9bc - - default default] Successfully bumped revision number for resource aa32e846-b456-4866-b0a0-ef1a33eb52fc (type: security_group_rules) to 0
2026-04-12 21:53:28.755 10 INFO neutron.db.ovn_revision_numbers_db [None req-5bc2dedb-56cd-4ac9-9a6a-f5dcaf9f0d3d a567ec0a27104407b95cbb39e5809502 8a4ca2cca7574d2289ce86cc5ffab9bc - - default default] Successfully bumped revision number for resource b7a50212-8575-4e82-8114-60d122a784b9 (type: security_group_rules) to 0
2026-04-12 21:53:28.767 10 INFO neutron.db.ovn_revision_numbers_db [None req-5bc2dedb-56cd-4ac9-9a6a-f5dcaf9f0d3d a567ec0a27104407b95cbb39e5809502 8a4ca2cca7574d2289ce86cc5ffab9bc - - default default] Successfully bumped revision number for resource cf1b139f-8df1-46ad-8bfb-8678aeb43c7a (type: security_group_rules) to 0
2026-04-12 21:53:28.804 10 INFO neutron.api.wsgi [None req-5bc2dedb-56cd-4ac9-9a6a-f5dcaf9f0d3d a567ec0a27104407b95cbb39e5809502 8a4ca2cca7574d2289ce86cc5ffab9bc - - default default] 10.0.0.252 "GET /v2.0/security-groups?tenant_id=c108280107a547c6845397ad665c4dae&name=default HTTP/1.1" status: 200 len: 3120 time: 0.2288389
2026-04-12 21:53:28.895 9 INFO neutron.api.wsgi [None req-245daba6-2046-4e96-81b8-cf1caed78d59 a567ec0a27104407b95cbb39e5809502 8a4ca2cca7574d2289ce86cc5ffab9bc - - default default] 10.0.0.252 "DELETE /v2.0/security-groups/9024be93-3856-441e-ba25-8db47644fac1 HTTP/1.1" status: 204 len: 168 time: 0.2381699
2026-04-12 21:53:29.009 10 INFO neutron.api.wsgi [None req-de9a497d-3a37-45aa-b99f-2378080865a0 a567ec0a27104407b95cbb39e5809502 8a4ca2cca7574d2289ce86cc5ffab9bc - - default default] 10.0.0.252 "DELETE /v2.0/security-groups/7ee0dad2-4c41-4be3-b635-d32fcb459db2 HTTP/1.1" status: 204 len: 168 time: 0.1982636
