2026-04-12 21:54:43.259 9 INFO neutron.api.wsgi [None req-75c8a23f-4d21-4da6-a30d-6fe700750e61 7864563d9fc643eca749621413fcb7bb 28f5f3b9f6e44673adbdc1403f84fa24 - - default default] 10.0.0.252 "GET /v2.0/networks/a3bb7a97-bb13-4750-ae12-02bf21ee8f67/tags HTTP/1.1" status: 200 len: 227 time: 0.0276840
2026-04-12 21:54:43.300 9 INFO neutron.api.wsgi [None req-5455d522-7893-4d10-a9a6-49f43a129431 7864563d9fc643eca749621413fcb7bb 28f5f3b9f6e44673adbdc1403f84fa24 - - default default] 10.0.0.252 "PUT /v2.0/networks/a3bb7a97-bb13-4750-ae12-02bf21ee8f67/tags/black.or.white HTTP/1.1" status: 201 len: 201 time: 0.0370672
2026-04-12 21:54:43.330 9 INFO neutron.api.wsgi [None req-d8ab3ce4-44ac-468a-9ac8-8f398b1339de 7864563d9fc643eca749621413fcb7bb 28f5f3b9f6e44673adbdc1403f84fa24 - - default default] 10.0.0.252 "GET /v2.0/networks/a3bb7a97-bb13-4750-ae12-02bf21ee8f67/tags HTTP/1.1" status: 200 len: 245 time: 0.0256562
2026-04-12 21:54:43.371 9 INFO neutron.api.wsgi [None req-e29b9b28-3e10-41b7-80fa-2234fc2c3a8f 7864563d9fc643eca749621413fcb7bb 28f5f3b9f6e44673adbdc1403f84fa24 - - default default] 10.0.0.252 "PUT /v2.0/networks/a3bb7a97-bb13-4750-ae12-02bf21ee8f67/tags HTTP/1.1" status: 200 len: 230 time: 0.0356991
2026-04-12 21:54:43.402 9 INFO neutron.api.wsgi [None req-2f99cc42-334a-4dd2-b39c-47bea8ac3b26 7864563d9fc643eca749621413fcb7bb 28f5f3b9f6e44673adbdc1403f84fa24 - - default default] 10.0.0.252 "GET /v2.0/networks/a3bb7a97-bb13-4750-ae12-02bf21ee8f67/tags HTTP/1.1" status: 200 len: 230 time: 0.0258563
2026-04-12 21:54:43.432 9 INFO neutron.api.wsgi [None req-f1f5d1be-8d18-446f-bccb-724596a1de8b 7864563d9fc643eca749621413fcb7bb 28f5f3b9f6e44673adbdc1403f84fa24 - - default default] 10.0.0.252 "GET /v2.0/networks/a3bb7a97-bb13-4750-ae12-02bf21ee8f67/tags/red HTTP/1.1" status: 204 len: 168 time: 0.0249310
2026-04-12 21:54:43.460 9 INFO neutron.api.v2.resource [None req-f2057afb-61d2-4da4-bbc7-d5c5620ef9a3 7864563d9fc643eca749621413fcb7bb 28f5f3b9f6e44673adbdc1403f84fa24 - - default default] show failed (client error): The resource could not be found.
2026-04-12 21:54:43.462 9 INFO neutron.api.wsgi [None req-f2057afb-61d2-4da4-bbc7-d5c5620ef9a3 7864563d9fc643eca749621413fcb7bb 28f5f3b9f6e44673adbdc1403f84fa24 - - default default] 10.0.0.252 "GET /v2.0/networks/a3bb7a97-bb13-4750-ae12-02bf21ee8f67/tags/green HTTP/1.1" status: 404 len: 299 time: 0.0245473
2026-04-12 21:54:43.505 9 INFO neutron.api.wsgi [None req-c9785d55-fbd7-4120-b9eb-8262a326b30f 7864563d9fc643eca749621413fcb7bb 28f5f3b9f6e44673adbdc1403f84fa24 - - default default] 10.0.0.252 "DELETE /v2.0/networks/a3bb7a97-bb13-4750-ae12-02bf21ee8f67/tags/red HTTP/1.1" status: 204 len: 168 time: 0.0379202
2026-04-12 21:54:43.531 9 INFO neutron.api.wsgi [None req-ca230c6b-3b4a-4ef9-9beb-d7a76b4f455a 7864563d9fc643eca749621413fcb7bb 28f5f3b9f6e44673adbdc1403f84fa24 - - default default] 10.0.0.252 "GET /v2.0/networks/a3bb7a97-bb13-4750-ae12-02bf21ee8f67/tags HTTP/1.1" status: 200 len: 223 time: 0.0206230
2026-04-12 21:54:43.562 9 INFO neutron.api.v2.resource [None req-71ef45a0-59e6-41e3-8c99-9ceb582694c3 7864563d9fc643eca749621413fcb7bb 28f5f3b9f6e44673adbdc1403f84fa24 - - default default] delete failed (client error): The resource could not be found.
2026-04-12 21:54:43.563 9 INFO neutron.api.wsgi [None req-71ef45a0-59e6-41e3-8c99-9ceb582694c3 7864563d9fc643eca749621413fcb7bb 28f5f3b9f6e44673adbdc1403f84fa24 - - default default] 10.0.0.252 "DELETE /v2.0/networks/a3bb7a97-bb13-4750-ae12-02bf21ee8f67/tags/green HTTP/1.1" status: 404 len: 299 time: 0.0275013
2026-04-12 21:54:43.606 9 INFO neutron.api.wsgi [None req-0d3ca46e-87c0-4ca4-9d4f-38630e6eebd7 7864563d9fc643eca749621413fcb7bb 28f5f3b9f6e44673adbdc1403f84fa24 - - default default] 10.0.0.252 "DELETE /v2.0/networks/a3bb7a97-bb13-4750-ae12-02bf21ee8f67/tags HTTP/1.1" status: 204 len: 168 time: 0.0375266
2026-04-12 21:54:43.611 10 INFO neutron.db.ovn_revision_numbers_db [None req-095fed8c-ac5c-46f5-a37b-83c3b458a657 1d54908506944a66a206602c330c01a4 fdec41f78e314bb2b4037c05e4868182 - - default default] Successfully bumped revision number for resource a6d155fd-e489-4f9e-8153-c2e12b94cd96 (type: routers) to 7
2026-04-12 21:54:43.629 9 INFO neutron.api.wsgi [None req-14ceca25-9544-4886-bc60-705b95da8ea5 7864563d9fc643eca749621413fcb7bb 28f5f3b9f6e44673adbdc1403f84fa24 - - default default] 10.0.0.252 "GET /v2.0/networks/a3bb7a97-bb13-4750-ae12-02bf21ee8f67/tags HTTP/1.1" status: 200 len: 205 time: 0.0192688
2026-04-12 21:54:43.631 10 INFO neutron.api.wsgi [None req-095fed8c-ac5c-46f5-a37b-83c3b458a657 1d54908506944a66a206602c330c01a4 fdec41f78e314bb2b4037c05e4868182 - - default default] 10.0.0.252 "DELETE /v2.0/vpn/ipsec-site-connections/4b9fb110-1d17-49bd-98f5-b5bb8d117074 HTTP/1.1" status: 204 len: 168 time: 0.5024924
2026-04-12 21:54:43.646 10 INFO neutron.api.wsgi [None req-dcea7084-b604-4462-ac64-9e79267ead97 1d54908506944a66a206602c330c01a4 fdec41f78e314bb2b4037c05e4868182 - - default default] 10.0.0.252 "GET /v2.0/vpn/ipsec-site-connections HTTP/1.1" status: 200 len: 1000 time: 0.0107546
2026-04-12 21:54:43.661 10 INFO neutron.api.v2.resource [None req-1106665a-9ab2-44c6-9c9e-3293766424c8 1d54908506944a66a206602c330c01a4 fdec41f78e314bb2b4037c05e4868182 - - default default] delete failed (client error): The resource could not be found.
2026-04-12 21:54:43.662 10 INFO neutron.api.wsgi [None req-1106665a-9ab2-44c6-9c9e-3293766424c8 1d54908506944a66a206602c330c01a4 fdec41f78e314bb2b4037c05e4868182 - - default default] 10.0.0.252 "DELETE /v2.0/vpn/ipsec-site-connections/4b9fb110-1d17-49bd-98f5-b5bb8d117074 HTTP/1.1" status: 404 len: 355 time: 0.0086460
2026-04-12 21:54:43.678 10 INFO neutron.api.wsgi [None req-ace28138-ceaf-489e-a3f8-33d1e622e60c 1d54908506944a66a206602c330c01a4 fdec41f78e314bb2b4037c05e4868182 - - default default] 10.0.0.252 "GET /v2.0/vpn/endpoint-groups HTTP/1.1" status: 200 len: 1383 time: 0.0113652
2026-04-12 21:54:43.713 10 INFO neutron.api.wsgi [None req-bc0b0597-9e93-4b2d-955a-c7755c97aa86 1d54908506944a66a206602c330c01a4 fdec41f78e314bb2b4037c05e4868182 - - default default] 10.0.0.252 "DELETE /v2.0/vpn/endpoint-groups/b35a379f-8760-4d92-85f5-e9214070455f HTTP/1.1" status: 204 len: 168 time: 0.0222802
2026-04-12 21:54:43.730 10 INFO neutron.api.wsgi [None req-32c22b5a-fc64-46c1-9754-87b6f1a79514 1d54908506944a66a206602c330c01a4 fdec41f78e314bb2b4037c05e4868182 - - default default] 10.0.0.252 "GET /v2.0/vpn/endpoint-groups HTTP/1.1" status: 200 len: 1099 time: 0.0089881
2026-04-12 21:54:43.748 10 INFO neutron.api.wsgi [None req-b663af5a-a4e0-4983-bbd7-aaf152fdf0d2 1d54908506944a66a206602c330c01a4 fdec41f78e314bb2b4037c05e4868182 - - default default] 10.0.0.252 "GET /v2.0/vpn/endpoint-groups HTTP/1.1" status: 200 len: 1099 time: 0.0099065
2026-04-12 21:54:43.770 10 INFO neutron.api.wsgi [None req-9c152b82-e015-42ae-a7ed-dd4ddb1260bd 1d54908506944a66a206602c330c01a4 fdec41f78e314bb2b4037c05e4868182 - - default default] 10.0.0.252 "DELETE /v2.0/vpn/endpoint-groups/e705b45e-8300-4509-bb15-b4a031ecd72a HTTP/1.1" status: 204 len: 168 time: 0.0180674
2026-04-12 21:54:43.788 10 INFO neutron.api.wsgi [None req-7080539f-017e-4228-b263-0b16495d83b8 1d54908506944a66a206602c330c01a4 fdec41f78e314bb2b4037c05e4868182 - - default default] 10.0.0.252 "GET /v2.0/vpn/endpoint-groups HTTP/1.1" status: 200 len: 828 time: 0.0121489
2026-04-12 21:54:43.803 10 WARNING neutron_lib.context [None req-6035db64-4873-4a45-b65a-164c9796ed6a 1d54908506944a66a206602c330c01a4 fdec41f78e314bb2b4037c05e4868182 - - default default] Method 'is_advsvc' is deprecated since 2023.2 release (neutron-lib 3.8.0) and will be removed once support for the old RBAC API policies will be removed from Neutron. Please use method 'is_service_role' instead.
2026-04-12 21:54:43.900 9 INFO neutron.services.segments.plugin [-] Segment b86ad7a2-b869-4948-96ef-ffa7be60ecc4 resource provider aggregate not found
2026-04-12 21:54:43.903 9 INFO neutron.services.segments.plugin [-] Segment b86ad7a2-b869-4948-96ef-ffa7be60ecc4 resource provider aggregate not found
2026-04-12 21:54:43.913 9 INFO neutron.services.segments.plugin [-] Segment b86ad7a2-b869-4948-96ef-ffa7be60ecc4 resource provider not found; error: Placement Client Error (4xx): {"errors": [{"status": 404, "title": "Not Found", "detail": "The resource could not be found.\n\n No resource provider with uuid b86ad7a2-b869-4948-96ef-ffa7be60ecc4 found for delete ", "request_id": "req-fb79c24e-2cf4-49ef-9757-19df09e4bb52"}]}
2026-04-12 21:54:43.915 9 INFO neutron.services.segments.plugin [-] Segment b86ad7a2-b869-4948-96ef-ffa7be60ecc4 resource provider not found; error: Placement Client Error (4xx): {"errors": [{"status": 404, "title": "Not Found", "detail": "The resource could not be found.\n\n No resource provider with uuid b86ad7a2-b869-4948-96ef-ffa7be60ecc4 found for delete ", "request_id": "req-3dd55872-9bc3-4d70-8d5b-e7eb621ef05c"}]}
2026-04-12 21:54:43.933 9 INFO neutron.api.wsgi [None req-a1781e8b-1379-491a-94c4-fe81f4691ee5 7864563d9fc643eca749621413fcb7bb 28f5f3b9f6e44673adbdc1403f84fa24 - - default default] 10.0.0.252 "DELETE /v2.0/networks/a3bb7a97-bb13-4750-ae12-02bf21ee8f67 HTTP/1.1" status: 204 len: 168 time: 0.2927082
2026-04-12 21:54:44.405 10 INFO neutron.db.ovn_revision_numbers_db [None req-6035db64-4873-4a45-b65a-164c9796ed6a 1d54908506944a66a206602c330c01a4 fdec41f78e314bb2b4037c05e4868182 - - default default] Successfully bumped revision number for resource a6d155fd-e489-4f9e-8153-c2e12b94cd96 (type: routers) to 8
2026-04-12 21:54:44.431 10 INFO neutron.api.wsgi [None req-6035db64-4873-4a45-b65a-164c9796ed6a 1d54908506944a66a206602c330c01a4 fdec41f78e314bb2b4037c05e4868182 - - default default] 10.0.0.252 "POST /v2.0/vpn/ipsec-site-connections HTTP/1.1" status: 201 len: 1004 time: 0.6355753
2026-04-12 21:54:44.723 10 INFO neutron.api.wsgi [None req-8b0f5213-9069-4d12-845b-f2671e418a32 a567ec0a27104407b95cbb39e5809502 8a4ca2cca7574d2289ce86cc5ffab9bc - - default default] 10.0.0.252 "GET /v2.0/security-groups?tenant_id=28f5f3b9f6e44673adbdc1403f84fa24&name=default HTTP/1.1" status: 200 len: 3124 time: 0.1602230
2026-04-12 21:54:44.970 10 INFO neutron.db.ovn_revision_numbers_db [None req-67a9cfb0-c3cf-482b-b1f6-6c62a294d258 1d54908506944a66a206602c330c01a4 fdec41f78e314bb2b4037c05e4868182 - - default default] Successfully bumped revision number for resource a6d155fd-e489-4f9e-8153-c2e12b94cd96 (type: routers) to 9
2026-04-12 21:54:44.974 10 INFO neutron.api.wsgi [None req-72e66c91-647e-4bc1-ac10-6742207f3058 a567ec0a27104407b95cbb39e5809502 8a4ca2cca7574d2289ce86cc5ffab9bc - - default default] 10.0.0.252 "DELETE /v2.0/security-groups/fe594d53-dd44-420c-a64a-4f3a46bdd8ae HTTP/1.1" status: 204 len: 168 time: 0.2481732
2026-04-12 21:54:44.987 10 INFO neutron.api.wsgi [None req-67a9cfb0-c3cf-482b-b1f6-6c62a294d258 1d54908506944a66a206602c330c01a4 fdec41f78e314bb2b4037c05e4868182 - - default default] 10.0.0.252 "DELETE /v2.0/vpn/ipsec-site-connections/30d3198f-b7f9-47bf-a713-d7b9a2a975bf HTTP/1.1" status: 204 len: 168 time: 0.5508959
2026-04-12 21:54:44.998 10 INFO neutron.api.wsgi [None req-81ef9dbd-0425-45fd-82b2-31ec79e56878 1d54908506944a66a206602c330c01a4 fdec41f78e314bb2b4037c05e4868182 - - default default] 10.0.0.252 "GET /v2.0/vpn/ipsec-site-connections HTTP/1.1" status: 200 len: 1000 time: 0.0069425
2026-04-12 21:54:45.008 10 INFO neutron.api.v2.resource [None req-642b6d08-9cbf-4d14-a2a4-65fa4ab7f76b 1d54908506944a66a206602c330c01a4 fdec41f78e314bb2b4037c05e4868182 - - default default] delete failed (client error): The resource could not be found.
2026-04-12 21:54:45.009 10 INFO neutron.api.wsgi [None req-642b6d08-9cbf-4d14-a2a4-65fa4ab7f76b 1d54908506944a66a206602c330c01a4 fdec41f78e314bb2b4037c05e4868182 - - default default] 10.0.0.252 "DELETE /v2.0/vpn/ipsec-site-connections/30d3198f-b7f9-47bf-a713-d7b9a2a975bf HTTP/1.1" status: 404 len: 355 time: 0.0072780
2026-04-12 21:54:45.021 9 WARNING neutron_lib.context [None req-76dc752a-ec92-4e17-93a4-6abb1ddf7030 1d54908506944a66a206602c330c01a4 fdec41f78e314bb2b4037c05e4868182 - - default default] Method 'is_advsvc' is deprecated since 2023.2 release (neutron-lib 3.8.0) and will be removed once support for the old RBAC API policies will be removed from Neutron. Please use method 'is_service_role' instead.
2026-04-12 21:54:45.062 9 INFO neutron.api.wsgi [None req-76dc752a-ec92-4e17-93a4-6abb1ddf7030 1d54908506944a66a206602c330c01a4 fdec41f78e314bb2b4037c05e4868182 - - default default] 10.0.0.252 "POST /v2.0/vpn/endpoint-groups HTTP/1.1" status: 201 len: 488 time: 0.0460665
2026-04-12 21:54:45.082 9 INFO neutron.api.wsgi [None req-cc9bda6e-d3ff-4129-8186-a399c93bdc84 1d54908506944a66a206602c330c01a4 fdec41f78e314bb2b4037c05e4868182 - - default default] 10.0.0.252 "PUT /v2.0/vpn/endpoint-groups/00f9d3a5-89f5-489c-af07-f9e587c0b17b HTTP/1.1" status: 200 len: 483 time: 0.0148954
2026-04-12 21:54:45.092 9 INFO neutron.api.wsgi [None req-6f1e3714-7749-41c9-88df-3d590ff5e740 1d54908506944a66a206602c330c01a4 fdec41f78e314bb2b4037c05e4868182 - - default default] 10.0.0.252 "GET /v2.0/vpn/endpoint-groups/00f9d3a5-89f5-489c-af07-f9e587c0b17b HTTP/1.1" status: 200 len: 483 time: 0.0065267
2026-04-12 21:54:45.115 9 INFO neutron.api.wsgi [None req-d34d6a28-da3c-4588-8b26-b9fe472cb24f 1d54908506944a66a206602c330c01a4 fdec41f78e314bb2b4037c05e4868182 - - default default] 10.0.0.252 "DELETE /v2.0/vpn/endpoint-groups/00f9d3a5-89f5-489c-af07-f9e587c0b17b HTTP/1.1" status: 204 len: 168 time: 0.0193491
2026-04-12 21:54:45.131 9 INFO neutron.api.wsgi [None req-3d9394f0-7b57-404d-8030-4b62529f1708 1d54908506944a66a206602c330c01a4 fdec41f78e314bb2b4037c05e4868182 - - default default] 10.0.0.252 "GET /v2.0/vpn/endpoint-groups HTTP/1.1" status: 200 len: 828 time: 0.0118566
2026-04-12 21:54:45.143 9 INFO neutron.api.wsgi [None req-a7d112be-fdb7-40c1-923a-8ce381d78a83 1d54908506944a66a206602c330c01a4 fdec41f78e314bb2b4037c05e4868182 - - default default] 10.0.0.252 "GET /v2.0/vpn/endpoint-groups HTTP/1.1" status: 200 len: 828 time: 0.0078847
2026-04-12 21:54:45.149 9 WARNING neutron_lib.context [None req-a5773fa0-d29f-4ce9-8bda-40fc41d7633c 1d54908506944a66a206602c330c01a4 fdec41f78e314bb2b4037c05e4868182 - - default default] Method 'is_advsvc' is deprecated since 2023.2 release (neutron-lib 3.8.0) and will be removed once support for the old RBAC API policies will be removed from Neutron. Please use method 'is_service_role' instead.
2026-04-12 21:54:45.179 9 INFO neutron.api.wsgi [None req-a5773fa0-d29f-4ce9-8bda-40fc41d7633c 1d54908506944a66a206602c330c01a4 fdec41f78e314bb2b4037c05e4868182 - - default default] 10.0.0.252 "POST /v2.0/vpn/ikepolicies HTTP/1.1" status: 201 len: 601 time: 0.0333421
2026-04-12 21:54:45.195 10 INFO neutron.db.ovn_revision_numbers_db [None req-db17e5df-dae7-4078-a136-4f41d2bad853 a567ec0a27104407b95cbb39e5809502 8a4ca2cca7574d2289ce86cc5ffab9bc - - default default] Successfully bumped revision number for resource 719429e5-558a-415b-a19e-feab5016281b (type: security_groups) to 1
2026-04-12 21:54:45.204 9 INFO neutron.api.wsgi [None req-9f721a02-476e-432d-8703-c5c49dd242dc 1d54908506944a66a206602c330c01a4 fdec41f78e314bb2b4037c05e4868182 - - default default] 10.0.0.252 "PUT /v2.0/vpn/ikepolicies/107541b0-b85a-408e-a433-c2d6f1d7b25f HTTP/1.1" status: 200 len: 612 time: 0.0200462
2026-04-12 21:54:45.207 10 INFO neutron.db.ovn_revision_numbers_db [None req-db17e5df-dae7-4078-a136-4f41d2bad853 a567ec0a27104407b95cbb39e5809502 8a4ca2cca7574d2289ce86cc5ffab9bc - - default default] Successfully bumped revision number for resource 4ea4074e-dba4-413a-bbc3-0b8fdb807a8e (type: security_group_rules) to 0
2026-04-12 21:54:45.217 9 INFO neutron.api.wsgi [None req-e624f881-9780-499a-9535-fcab6cddb326 1d54908506944a66a206602c330c01a4 fdec41f78e314bb2b4037c05e4868182 - - default default] 10.0.0.252 "GET /v2.0/vpn/ikepolicies/107541b0-b85a-408e-a433-c2d6f1d7b25f HTTP/1.1" status: 200 len: 612 time: 0.0093729
2026-04-12 21:54:45.226 10 INFO neutron.db.ovn_revision_numbers_db [None req-db17e5df-dae7-4078-a136-4f41d2bad853 a567ec0a27104407b95cbb39e5809502 8a4ca2cca7574d2289ce86cc5ffab9bc - - default default] Successfully bumped revision number for resource 6a31e232-4f2d-4ea3-a549-c52efa869aec (type: security_group_rules) to 0
2026-04-12 21:54:45.238 10 INFO neutron.db.ovn_revision_numbers_db [None req-db17e5df-dae7-4078-a136-4f41d2bad853 a567ec0a27104407b95cbb39e5809502 8a4ca2cca7574d2289ce86cc5ffab9bc - - default default] Successfully bumped revision number for resource c6bf9fba-c732-4277-9fea-25dcd421548b (type: security_group_rules) to 0
2026-04-12 21:54:45.244 9 INFO neutron.api.wsgi [None req-7e26b975-2e57-4cc9-ae78-0e60080a6f92 1d54908506944a66a206602c330c01a4 fdec41f78e314bb2b4037c05e4868182 - - default default] 10.0.0.252 "DELETE /v2.0/vpn/ikepolicies/107541b0-b85a-408e-a433-c2d6f1d7b25f HTTP/1.1" status: 204 len: 168 time: 0.0219746
2026-04-12 21:54:45.254 10 INFO neutron.db.ovn_revision_numbers_db [None req-db17e5df-dae7-4078-a136-4f41d2bad853 a567ec0a27104407b95cbb39e5809502 8a4ca2cca7574d2289ce86cc5ffab9bc - - default default] Successfully bumped revision number for resource cda4a4d6-85a5-4460-979c-896547580484 (type: security_group_rules) to 0
2026-04-12 21:54:45.263 10 INFO neutron.api.wsgi [None req-6c7def7e-8fe3-4588-b07d-33e812b114b9 1d54908506944a66a206602c330c01a4 fdec41f78e314bb2b4037c05e4868182 - - default default] 10.0.0.252 "GET /v2.0/vpn/ikepolicies HTTP/1.1" status: 200 len: 602 time: 0.0148516
2026-04-12 21:54:45.277 10 INFO neutron.api.wsgi [None req-6a33a258-d8b1-498f-96d4-f59f5e574310 1d54908506944a66a206602c330c01a4 fdec41f78e314bb2b4037c05e4868182 - - default default] 10.0.0.252 "GET /v2.0/vpn/ikepolicies HTTP/1.1" status: 200 len: 602 time: 0.0102975
2026-04-12 21:54:45.287 9 WARNING neutron_lib.context [None req-ef1f3091-38ef-497c-95ff-56ceb9fcd2ef 1d54908506944a66a206602c330c01a4 fdec41f78e314bb2b4037c05e4868182 - - default default] Method 'is_advsvc' is deprecated since 2023.2 release (neutron-lib 3.8.0) and will be removed once support for the old RBAC API policies will be removed from Neutron. Please use method 'is_service_role' instead.
2026-04-12 21:54:45.294 10 INFO neutron.api.wsgi [None req-db17e5df-dae7-4078-a136-4f41d2bad853 a567ec0a27104407b95cbb39e5809502 8a4ca2cca7574d2289ce86cc5ffab9bc - - default default] 10.0.0.252 "GET /v2.0/security-groups?tenant_id=5547c583ee544fb3ac2e3d3321d4bccb&name=default HTTP/1.1" status: 200 len: 3124 time: 0.2076631
2026-04-12 21:54:45.332 9 INFO neutron.api.wsgi [None req-ef1f3091-38ef-497c-95ff-56ceb9fcd2ef 1d54908506944a66a206602c330c01a4 fdec41f78e314bb2b4037c05e4868182 - - default default] 10.0.0.252 "POST /v2.0/vpn/ipsecpolicies HTTP/1.1" status: 201 len: 611 time: 0.0498717
2026-04-12 21:54:45.362 10 INFO neutron.api.wsgi [None req-7ddfdd8d-b2f5-4609-b943-d737a6c14cf2 1d54908506944a66a206602c330c01a4 fdec41f78e314bb2b4037c05e4868182 - - default default] 10.0.0.252 "PUT /v2.0/vpn/ipsecpolicies/17647a26-9bfc-4ead-ad48-e363810a17f3 HTTP/1.1" status: 200 len: 624 time: 0.0253866
2026-04-12 21:54:45.393 10 INFO neutron.api.wsgi [None req-63500be7-cb1d-46ab-8cfc-18ecb0e11100 1d54908506944a66a206602c330c01a4 fdec41f78e314bb2b4037c05e4868182 - - default default] 10.0.0.252 "DELETE /v2.0/vpn/ipsecpolicies/17647a26-9bfc-4ead-ad48-e363810a17f3 HTTP/1.1" status: 204 len: 168 time: 0.0265105
2026-04-12 21:54:45.403 10 INFO neutron.api.v2.resource [None req-6f764737-8970-41ef-914c-7e4518997ad7 1d54908506944a66a206602c330c01a4 fdec41f78e314bb2b4037c05e4868182 - - default default] delete failed (client error): The resource could not be found.
2026-04-12 21:54:45.404 10 INFO neutron.api.wsgi [None req-6f764737-8970-41ef-914c-7e4518997ad7 1d54908506944a66a206602c330c01a4 fdec41f78e314bb2b4037c05e4868182 - - default default] 10.0.0.252 "DELETE /v2.0/vpn/ipsecpolicies/17647a26-9bfc-4ead-ad48-e363810a17f3 HTTP/1.1" status: 404 len: 346 time: 0.0076094
2026-04-12 21:54:45.417 10 INFO neutron.api.v2.resource [None req-5d65c8aa-ac92-446c-8e01-23ca123cf6d6 1d54908506944a66a206602c330c01a4 fdec41f78e314bb2b4037c05e4868182 - - default default] delete failed (client error): The resource could not be found.
2026-04-12 21:54:45.417 9 INFO neutron.api.wsgi [req-ce92020d-4a08-43fb-a191-712c140f8b13 req-66382104-a141-47eb-b419-c9a6e6b1f8e4 69f8ad1a45954b309f99a02f0823d47e 5fe509aa54f84f9daa5dfe279dd8521a - - f26d5f8b5eea4776bdf6fce6462c9921 f26d5f8b5eea4776bdf6fce6462c9921] 10.0.0.43 "GET /v2.0/ports?device_id=f0eb7a28-4aba-443f-91af-9c3a4b3b7bc0 HTTP/1.1" status: 200 len: 1409 time: 0.1545684
2026-04-12 21:54:45.418 10 INFO neutron.api.wsgi [None req-5d65c8aa-ac92-446c-8e01-23ca123cf6d6 1d54908506944a66a206602c330c01a4 fdec41f78e314bb2b4037c05e4868182 - - default default] 10.0.0.252 "DELETE /v2.0/vpn/ipsecpolicies/17647a26-9bfc-4ead-ad48-e363810a17f3 HTTP/1.1" status: 404 len: 346 time: 0.0081887
2026-04-12 21:54:45.428 10 WARNING neutron_lib.context [None req-a39d6980-4046-450e-ba8c-11dc7b94d111 1d54908506944a66a206602c330c01a4 fdec41f78e314bb2b4037c05e4868182 - - default default] Method 'is_advsvc' is deprecated since 2023.2 release (neutron-lib 3.8.0) and will be removed once support for the old RBAC API policies will be removed from Neutron. Please use method 'is_service_role' instead.
2026-04-12 21:54:45.458 9 INFO neutron.api.wsgi [req-ce92020d-4a08-43fb-a191-712c140f8b13 req-a2fa075a-4868-4a84-9674-84a495dd9f66 69f8ad1a45954b309f99a02f0823d47e 5fe509aa54f84f9daa5dfe279dd8521a - - f26d5f8b5eea4776bdf6fce6462c9921 f26d5f8b5eea4776bdf6fce6462c9921] 10.0.0.43 "GET /v2.0/security-groups?id=b640054f-15c0-4a09-a5e8-0fbaa0b86324&fields=id&fields=name HTTP/1.1" status: 200 len: 312 time: 0.0324807
2026-04-12 21:54:45.524 9 INFO neutron.api.wsgi [None req-719abd5b-c962-418c-ab69-5bf66a3cd1dd a567ec0a27104407b95cbb39e5809502 8a4ca2cca7574d2289ce86cc5ffab9bc - - default default] 10.0.0.252 "DELETE /v2.0/security-groups/719429e5-558a-415b-a19e-feab5016281b HTTP/1.1" status: 204 len: 168 time: 0.2244761
2026-04-12 21:54:45.530 10 INFO neutron.db.segments_db [None req-a39d6980-4046-450e-ba8c-11dc7b94d111 1d54908506944a66a206602c330c01a4 fdec41f78e314bb2b4037c05e4868182 - - default default] Added segment 2209209b-8b42-437a-8b97-535a9b79c733 of type geneve for network 4222fcfd-6fa3-4a3c-96be-e3f65b955504
2026-04-12 21:54:45.654 10 INFO neutron.db.ovn_revision_numbers_db [None req-a39d6980-4046-450e-ba8c-11dc7b94d111 1d54908506944a66a206602c330c01a4 fdec41f78e314bb2b4037c05e4868182 - - default default] Successfully bumped revision number for resource 4222fcfd-6fa3-4a3c-96be-e3f65b955504 (type: networks) to 1
2026-04-12 21:54:45.819 10 WARNING neutron.scheduler.dhcp_agent_scheduler [None req-a39d6980-4046-450e-ba8c-11dc7b94d111 1d54908506944a66a206602c330c01a4 fdec41f78e314bb2b4037c05e4868182 - - default default] No more DHCP agents
2026-04-12 21:54:45.820 10 WARNING neutron.api.rpc.agentnotifiers.dhcp_rpc_agent_api [None req-a39d6980-4046-450e-ba8c-11dc7b94d111 1d54908506944a66a206602c330c01a4 fdec41f78e314bb2b4037c05e4868182 - - default default] Unable to schedule network 4222fcfd-6fa3-4a3c-96be-e3f65b955504: no agents available; will retry on subsequent port and subnet creation events.
2026-04-12 21:54:45.881 10 INFO neutron.db.ovn_revision_numbers_db [None req-a39d6980-4046-450e-ba8c-11dc7b94d111 1d54908506944a66a206602c330c01a4 fdec41f78e314bb2b4037c05e4868182 - - default default] Successfully bumped revision number for resource 5f0ee2c9-3abc-4e7d-95d4-b8651299609a (type: ports) to 1
2026-04-12 21:54:45.900 10 INFO neutron.api.wsgi [None req-a39d6980-4046-450e-ba8c-11dc7b94d111 1d54908506944a66a206602c330c01a4 fdec41f78e314bb2b4037c05e4868182 - - default default] 10.0.0.252 "POST /v2.0/networks HTTP/1.1" status: 201 len: 830 time: 0.4770532
2026-04-12 21:54:45.909 10 WARNING neutron_lib.context [None req-399e74f3-f4e5-467b-bd9e-877d53890864 1d54908506944a66a206602c330c01a4 fdec41f78e314bb2b4037c05e4868182 - - default default] Method 'is_advsvc' is deprecated since 2023.2 release (neutron-lib 3.8.0) and will be removed once support for the old RBAC API policies will be removed from Neutron. Please use method 'is_service_role' instead.
2026-04-12 21:54:46.092 10 WARNING neutron.scheduler.dhcp_agent_scheduler [None req-399e74f3-f4e5-467b-bd9e-877d53890864 1d54908506944a66a206602c330c01a4 fdec41f78e314bb2b4037c05e4868182 - - default default] No more DHCP agents
2026-04-12 21:54:46.093 10 WARNING neutron.api.rpc.agentnotifiers.dhcp_rpc_agent_api [None req-399e74f3-f4e5-467b-bd9e-877d53890864 1d54908506944a66a206602c330c01a4 fdec41f78e314bb2b4037c05e4868182 - - default default] Unable to schedule network 4222fcfd-6fa3-4a3c-96be-e3f65b955504: no agents available; will retry on subsequent port and subnet creation events.
2026-04-12 21:54:46.503 10 INFO neutron.db.ovn_revision_numbers_db [None req-def12cc7-9a25-4943-8e94-6bcb70e5446f - - - - - -] Successfully bumped revision number for resource 5f0ee2c9-3abc-4e7d-95d4-b8651299609a (type: ports) to 2
2026-04-12 21:54:46.548 10 INFO neutron.db.ovn_revision_numbers_db [None req-def12cc7-9a25-4943-8e94-6bcb70e5446f - - - - - -] Successfully bumped revision number for resource 43543870-18c9-4f25-ab81-614174731bdf (type: subnets) to 0
2026-04-12 21:54:46.572 10 INFO neutron.api.wsgi [None req-399e74f3-f4e5-467b-bd9e-877d53890864 1d54908506944a66a206602c330c01a4 fdec41f78e314bb2b4037c05e4868182 - - default default] 10.0.0.252 "POST /v2.0/subnets HTTP/1.1" status: 201 len: 828 time: 0.6666481
2026-04-12 21:54:46.579 10 WARNING neutron_lib.context [None req-7a260e70-917e-45c9-987c-d27c83ba416b 1d54908506944a66a206602c330c01a4 fdec41f78e314bb2b4037c05e4868182 - - default default] Method 'is_advsvc' is deprecated since 2023.2 release (neutron-lib 3.8.0) and will be removed once support for the old RBAC API policies will be removed from Neutron. Please use method 'is_service_role' instead.
2026-04-12 21:54:47.196 10 WARNING neutron.scheduler.dhcp_agent_scheduler [None req-7a260e70-917e-45c9-987c-d27c83ba416b 1d54908506944a66a206602c330c01a4 fdec41f78e314bb2b4037c05e4868182 - - default default] No more DHCP agents
2026-04-12 21:54:47.197 10 WARNING neutron.api.rpc.agentnotifiers.dhcp_rpc_agent_api [None req-7a260e70-917e-45c9-987c-d27c83ba416b 1d54908506944a66a206602c330c01a4 fdec41f78e314bb2b4037c05e4868182 - - default default] Unable to schedule network 6d18557e-50d3-4cad-9577-6f78d88df79d: no agents available; will retry on subsequent port and subnet creation events.
2026-04-12 21:54:47.307 10 INFO neutron.db.ovn_revision_numbers_db [None req-7a260e70-917e-45c9-987c-d27c83ba416b 1d54908506944a66a206602c330c01a4 fdec41f78e314bb2b4037c05e4868182 - - default default] Successfully bumped revision number for resource 8d05015f-a2e9-41a4-a26c-933ebf2144ef (type: ports) to 1
2026-04-12 21:54:47.550 9 INFO neutron.api.wsgi [req-9def7b73-11ea-4dfd-96f8-4cabf0bd58e9 req-be96beda-172a-4679-9787-42ab3d043569 a5fb04122c904f00a9745caa5d5f067e 4c0663b709e047fcaea8fa4606123d17 - - default default] 10.0.0.69 "GET /v2.0/ports?device_id=f0eb7a28-4aba-443f-91af-9c3a4b3b7bc0 HTTP/1.1" status: 200 len: 1170 time: 0.0684493
2026-04-12 21:54:47.587 9 INFO neutron.api.wsgi [req-9def7b73-11ea-4dfd-96f8-4cabf0bd58e9 req-f00e24dc-7142-402b-aea9-36f3fec3bea2 a5fb04122c904f00a9745caa5d5f067e 4c0663b709e047fcaea8fa4606123d17 - - default default] 10.0.0.69 "GET /v2.0/security-groups?id=b640054f-15c0-4a09-a5e8-0fbaa0b86324&fields=id&fields=name HTTP/1.1" status: 200 len: 312 time: 0.0311525
2026-04-12 21:54:47.858 10 INFO neutron.plugins.ml2.drivers.ovn.mech_driver.ovsdb.commands [None req-bf1ba29b-1617-4ed2-aa50-a502d7f2eced - - - - - -] Schedule LRP lrp-8d05015f-a2e9-41a4-a26c-933ebf2144ef on gateway 0bc1e388-1492-4620-851c-d00b3e8fa188 with priority 1
2026-04-12 21:54:47.872 10 INFO neutron.plugins.ml2.drivers.ovn.mech_driver.mech_driver [None req-2e9768a6-0f77-4e2d-a68a-245776c5d087 - - - - - -] OVN reports status up for port: 8d05015f-a2e9-41a4-a26c-933ebf2144ef
2026-04-12 21:54:47.888 10 INFO neutron.plugins.ml2.plugin [None req-2e9768a6-0f77-4e2d-a68a-245776c5d087 - - - - - -] Attempt 1 to provision port 8d05015f-a2e9-41a4-a26c-933ebf2144ef
2026-04-12 21:54:47.906 10 INFO neutron.db.ovn_revision_numbers_db [None req-7a260e70-917e-45c9-987c-d27c83ba416b 1d54908506944a66a206602c330c01a4 fdec41f78e314bb2b4037c05e4868182 - - default default] Successfully bumped revision number for resource 8d05015f-a2e9-41a4-a26c-933ebf2144ef (type: router_ports) to 1
2026-04-12 21:54:47.964 10 INFO neutron.db.ovn_revision_numbers_db [None req-7a260e70-917e-45c9-987c-d27c83ba416b 1d54908506944a66a206602c330c01a4 fdec41f78e314bb2b4037c05e4868182 - - default default] Successfully bumped revision number for resource d5e4409f-59e4-4672-b5e6-c6121917e30a (type: routers) to 2
2026-04-12 21:54:47.978 10 INFO neutron.api.wsgi [None req-7a260e70-917e-45c9-987c-d27c83ba416b 1d54908506944a66a206602c330c01a4 fdec41f78e314bb2b4037c05e4868182 - - default default] 10.0.0.252 "POST /v2.0/routers HTTP/1.1" status: 201 len: 1136 time: 1.4026687
2026-04-12 21:54:48.548 10 WARNING neutron.scheduler.dhcp_agent_scheduler [None req-b22bb990-be9e-45d8-abf5-9973fc9b71c8 1d54908506944a66a206602c330c01a4 fdec41f78e314bb2b4037c05e4868182 - - default default] No more DHCP agents
2026-04-12 21:54:48.550 10 WARNING neutron.api.rpc.agentnotifiers.dhcp_rpc_agent_api [None req-b22bb990-be9e-45d8-abf5-9973fc9b71c8 1d54908506944a66a206602c330c01a4 fdec41f78e314bb2b4037c05e4868182 - - default default] Unable to schedule network 4222fcfd-6fa3-4a3c-96be-e3f65b955504: no agents available; will retry on subsequent port and subnet creation events.
2026-04-12 21:54:48.685 10 INFO neutron.db.ovn_revision_numbers_db [None req-b22bb990-be9e-45d8-abf5-9973fc9b71c8 1d54908506944a66a206602c330c01a4 fdec41f78e314bb2b4037c05e4868182 - - default default] Successfully bumped revision number for resource d8b229de-9682-48d2-8d09-b4f7ea46f024 (type: ports) to 1
2026-04-12 21:54:48.731 10 INFO neutron.api.wsgi [req-0546e7dc-b0bf-40a4-bed5-e8d124aa4cf4 req-23a4b5ee-7489-4bae-ab57-813c54771dfb a5fb04122c904f00a9745caa5d5f067e 4c0663b709e047fcaea8fa4606123d17 - - default default] 10.0.0.69 "GET /v2.0/ports?device_id=f0eb7a28-4aba-443f-91af-9c3a4b3b7bc0 HTTP/1.1" status: 200 len: 1170 time: 0.0908771
2026-04-12 21:54:48.761 9 WARNING neutron_lib.context [None req-c49220eb-ed4e-4d6a-8394-f4c3cd957287 c113cce4eeec4fe7abfa9c8e8d682cfa cadc48ed5b3743fc97e0f524f9be92ea - - default default] Method 'is_advsvc' is deprecated since 2023.2 release (neutron-lib 3.8.0) and will be removed once support for the old RBAC API policies will be removed from Neutron. Please use method 'is_service_role' instead.
2026-04-12 21:54:48.788 10 INFO neutron.api.wsgi [req-0546e7dc-b0bf-40a4-bed5-e8d124aa4cf4 req-3fd0024d-09af-46d9-a727-39b64f3e7f81 a5fb04122c904f00a9745caa5d5f067e 4c0663b709e047fcaea8fa4606123d17 - - default default] 10.0.0.69 "GET /v2.0/security-groups?id=b640054f-15c0-4a09-a5e8-0fbaa0b86324&fields=id&fields=name HTTP/1.1" status: 200 len: 312 time: 0.0517924
2026-04-12 21:54:48.887 9 INFO neutron.db.ovn_revision_numbers_db [None req-c49220eb-ed4e-4d6a-8394-f4c3cd957287 c113cce4eeec4fe7abfa9c8e8d682cfa cadc48ed5b3743fc97e0f524f9be92ea - - default default] Successfully bumped revision number for resource 4bd99694-617b-465c-966b-67c5c08d0cc5 (type: security_groups) to 1
2026-04-12 21:54:48.900 9 INFO neutron.db.ovn_revision_numbers_db [None req-c49220eb-ed4e-4d6a-8394-f4c3cd957287 c113cce4eeec4fe7abfa9c8e8d682cfa cadc48ed5b3743fc97e0f524f9be92ea - - default default] Successfully bumped revision number for resource 0e5e571d-dc5c-40a1-a3bc-4d3544ab59ef (type: security_group_rules) to 0
2026-04-12 21:54:48.913 9 INFO neutron.db.ovn_revision_numbers_db [None req-c49220eb-ed4e-4d6a-8394-f4c3cd957287 c113cce4eeec4fe7abfa9c8e8d682cfa cadc48ed5b3743fc97e0f524f9be92ea - - default default] Successfully bumped revision number for resource 1da759a6-639a-4a72-96c2-23213aefd647 (type: security_group_rules) to 0
2026-04-12 21:54:48.927 9 INFO neutron.db.ovn_revision_numbers_db [None req-c49220eb-ed4e-4d6a-8394-f4c3cd957287 c113cce4eeec4fe7abfa9c8e8d682cfa cadc48ed5b3743fc97e0f524f9be92ea - - default default] Successfully bumped revision number for resource 9039f7f6-b080-4549-a571-46e1eb053c8c (type: security_group_rules) to 0
2026-04-12 21:54:48.939 9 INFO neutron.db.ovn_revision_numbers_db [None req-c49220eb-ed4e-4d6a-8394-f4c3cd957287 c113cce4eeec4fe7abfa9c8e8d682cfa cadc48ed5b3743fc97e0f524f9be92ea - - default default] Successfully bumped revision number for resource b2edb72a-3861-4f5b-8187-9453292f1309 (type: security_group_rules) to 0
2026-04-12 21:54:49.022 9 INFO neutron.db.segments_db [None req-c49220eb-ed4e-4d6a-8394-f4c3cd957287 c113cce4eeec4fe7abfa9c8e8d682cfa cadc48ed5b3743fc97e0f524f9be92ea - - default default] Added segment 65633b5a-f4bd-4d33-897d-564b21ce4ef2 of type geneve for network 97889ccf-1ea8-4308-83e7-111488cf6f9e
2026-04-12 21:54:49.132 9 INFO neutron.db.ovn_revision_numbers_db [None req-c49220eb-ed4e-4d6a-8394-f4c3cd957287 c113cce4eeec4fe7abfa9c8e8d682cfa cadc48ed5b3743fc97e0f524f9be92ea - - default default] Successfully bumped revision number for resource 97889ccf-1ea8-4308-83e7-111488cf6f9e (type: networks) to 1
2026-04-12 21:54:49.265 9 INFO neutron.api.wsgi [req-5e9c7e66-f4b3-420b-8894-d0ae01a4f069 req-ba900450-3afc-40a0-a006-0bcd4df0ebea a5fb04122c904f00a9745caa5d5f067e 4c0663b709e047fcaea8fa4606123d17 - - default default] 199.204.45.244 "GET /v2.0/ports?device_id=f0eb7a28-4aba-443f-91af-9c3a4b3b7bc0 HTTP/1.1" status: 200 len: 1170 time: 0.0346742
2026-04-12 21:54:49.287 9 WARNING neutron.scheduler.dhcp_agent_scheduler [None req-c49220eb-ed4e-4d6a-8394-f4c3cd957287 c113cce4eeec4fe7abfa9c8e8d682cfa cadc48ed5b3743fc97e0f524f9be92ea - - default default] No more DHCP agents
2026-04-12 21:54:49.288 9 WARNING neutron.api.rpc.agentnotifiers.dhcp_rpc_agent_api [None req-c49220eb-ed4e-4d6a-8394-f4c3cd957287 c113cce4eeec4fe7abfa9c8e8d682cfa cadc48ed5b3743fc97e0f524f9be92ea - - default default] Unable to schedule network 97889ccf-1ea8-4308-83e7-111488cf6f9e: no agents available; will retry on subsequent port and subnet creation events.
2026-04-12 21:54:49.295 10 INFO neutron.db.ovn_revision_numbers_db [None req-b22bb990-be9e-45d8-abf5-9973fc9b71c8 1d54908506944a66a206602c330c01a4 fdec41f78e314bb2b4037c05e4868182 - - default default] Successfully bumped revision number for resource d8b229de-9682-48d2-8d09-b4f7ea46f024 (type: ports) to 1
2026-04-12 21:54:49.333 9 INFO neutron.api.wsgi [-] 10.0.0.92 "GET / HTTP/1.1" status: 200 len: 247 time: 0.0011313
2026-04-12 21:54:49.334 9 INFO neutron.api.wsgi [-] 10.0.0.92 "GET / HTTP/1.1" status: 200 len: 247 time: 0.0008733
2026-04-12 21:54:49.353 10 WARNING neutron.scheduler.dhcp_agent_scheduler [None req-b22bb990-be9e-45d8-abf5-9973fc9b71c8 1d54908506944a66a206602c330c01a4 fdec41f78e314bb2b4037c05e4868182 - - default default] No more DHCP agents
2026-04-12 21:54:49.354 10 WARNING neutron.api.rpc.agentnotifiers.dhcp_rpc_agent_api [None req-b22bb990-be9e-45d8-abf5-9973fc9b71c8 1d54908506944a66a206602c330c01a4 fdec41f78e314bb2b4037c05e4868182 - - default default] Unable to schedule network 4222fcfd-6fa3-4a3c-96be-e3f65b955504: no agents available; will retry on subsequent port and subnet creation events.
2026-04-12 21:54:49.358 9 INFO neutron.db.ovn_revision_numbers_db [None req-c49220eb-ed4e-4d6a-8394-f4c3cd957287 c113cce4eeec4fe7abfa9c8e8d682cfa cadc48ed5b3743fc97e0f524f9be92ea - - default default] Successfully bumped revision number for resource a1d9f079-bca9-42d4-a784-34362d41c950 (type: ports) to 1
2026-04-12 21:54:49.385 9 INFO neutron.api.wsgi [None req-c49220eb-ed4e-4d6a-8394-f4c3cd957287 c113cce4eeec4fe7abfa9c8e8d682cfa cadc48ed5b3743fc97e0f524f9be92ea - - default default] 10.0.0.252 "POST /v2.0/networks HTTP/1.1" status: 201 len: 830 time: 0.7642567
2026-04-12 21:54:49.394 9 WARNING neutron_lib.context [None req-9d1dec61-4008-4a57-b27a-33d31a5d636d c113cce4eeec4fe7abfa9c8e8d682cfa cadc48ed5b3743fc97e0f524f9be92ea - - default default] Method 'is_advsvc' is deprecated since 2023.2 release (neutron-lib 3.8.0) and will be removed once support for the old RBAC API policies will be removed from Neutron. Please use method 'is_service_role' instead.
2026-04-12 21:54:49.655 9 INFO neutron.db.l3_db [req-5e9c7e66-f4b3-420b-8894-d0ae01a4f069 req-3ae21cd1-1b53-4b48-bc92-50b2050ffea0 a5fb04122c904f00a9745caa5d5f067e 4c0663b709e047fcaea8fa4606123d17 - - default default] Floating IP 3bd06b66-96ba-4a44-8624-08308506c14e disassociated. External IP: 10.96.250.216, port: de31bb48-4254-44e9-8d24-291c722f15c1.
2026-04-12 21:54:49.698 9 WARNING neutron.scheduler.dhcp_agent_scheduler [None req-9d1dec61-4008-4a57-b27a-33d31a5d636d c113cce4eeec4fe7abfa9c8e8d682cfa cadc48ed5b3743fc97e0f524f9be92ea - - default default] No more DHCP agents
2026-04-12 21:54:49.700 9 WARNING neutron.api.rpc.agentnotifiers.dhcp_rpc_agent_api [None req-9d1dec61-4008-4a57-b27a-33d31a5d636d c113cce4eeec4fe7abfa9c8e8d682cfa cadc48ed5b3743fc97e0f524f9be92ea - - default default] Unable to schedule network 97889ccf-1ea8-4308-83e7-111488cf6f9e: no agents available; will retry on subsequent port and subnet creation events.
2026-04-12 21:54:49.763 10 INFO neutron.db.ovn_revision_numbers_db [None req-b22bb990-be9e-45d8-abf5-9973fc9b71c8 1d54908506944a66a206602c330c01a4 fdec41f78e314bb2b4037c05e4868182 - - default default] Successfully bumped revision number for resource d8b229de-9682-48d2-8d09-b4f7ea46f024 (type: router_ports) to 1
2026-04-12 21:54:49.768 10 INFO neutron.api.wsgi [None req-b22bb990-be9e-45d8-abf5-9973fc9b71c8 1d54908506944a66a206602c330c01a4 fdec41f78e314bb2b4037c05e4868182 - - default default] 10.0.0.252 "PUT /v2.0/routers/d5e4409f-59e4-4672-b5e6-c6121917e30a/add_router_interface HTTP/1.1" status: 200 len: 503 time: 1.7845492
2026-04-12 21:54:49.776 10 WARNING neutron_lib.context [None req-c040d900-fd56-41a1-b8fa-53b7123b6c27 1d54908506944a66a206602c330c01a4 fdec41f78e314bb2b4037c05e4868182 - - default default] Method 'is_advsvc' is deprecated since 2023.2 release (neutron-lib 3.8.0) and will be removed once support for the old RBAC API policies will be removed from Neutron. Please use method 'is_service_role' instead.
2026-04-12 21:54:49.778 9 INFO neutron.api.wsgi [req-5e9c7e66-f4b3-420b-8894-d0ae01a4f069 req-3ae21cd1-1b53-4b48-bc92-50b2050ffea0 a5fb04122c904f00a9745caa5d5f067e 4c0663b709e047fcaea8fa4606123d17 - - default default] 199.204.45.244 "DELETE /v2.0/ports/de31bb48-4254-44e9-8d24-291c722f15c1 HTTP/1.1" status: 204 len: 173 time: 0.5069256
2026-04-12 21:54:49.817 9 INFO neutron.notifiers.nova [-] Nova event matching ['req-15c68d80-d1cf-44df-9f82-83a6c22c2562'] response: {'server_uuid': 'f0eb7a28-4aba-443f-91af-9c3a4b3b7bc0', 'name': 'network-vif-deleted', 'tag': 'de31bb48-4254-44e9-8d24-291c722f15c1', 'status': 'completed', 'code': 200}
2026-04-12 21:54:49.873 10 INFO neutron.api.wsgi [req-b4934720-ea61-4cd3-8345-314eaa55babd req-95f6aa9e-6cb3-42f4-b896-a33ada90b6f5 a5fb04122c904f00a9745caa5d5f067e 4c0663b709e047fcaea8fa4606123d17 - - default default] 10.0.0.69 "GET /v2.0/ports?device_id=f0eb7a28-4aba-443f-91af-9c3a4b3b7bc0 HTTP/1.1" status: 200 len: 210 time: 0.0211101
2026-04-12 21:54:50.121 9 INFO neutron.db.ovn_revision_numbers_db [None req-3c32e144-07a5-46d0-91c3-2b0aed90da82 - - - - - -] Successfully bumped revision number for resource a1d9f079-bca9-42d4-a784-34362d41c950 (type: ports) to 2
2026-04-12 21:54:50.149 9 INFO neutron.db.ovn_revision_numbers_db [None req-3c32e144-07a5-46d0-91c3-2b0aed90da82 - - - - - -] Successfully bumped revision number for resource e2ea4f07-8fab-4eb5-8e1f-6acb0ce9f57b (type: subnets) to 0
2026-04-12 21:54:50.163 9 INFO neutron.api.wsgi [None req-9d1dec61-4008-4a57-b27a-33d31a5d636d c113cce4eeec4fe7abfa9c8e8d682cfa cadc48ed5b3743fc97e0f524f9be92ea - - default default] 10.0.0.252 "POST /v2.0/subnets HTTP/1.1" status: 201 len: 825 time: 0.7738376
2026-04-12 21:54:50.199 9 INFO neutron.api.wsgi [None req-1ce60af6-41f8-46d9-8c54-a08954b416b2 c113cce4eeec4fe7abfa9c8e8d682cfa cadc48ed5b3743fc97e0f524f9be92ea - - default default] 10.0.0.252 "PUT /v2.0/subnets/e2ea4f07-8fab-4eb5-8e1f-6acb0ce9f57b/tags HTTP/1.1" status: 200 len: 218 time: 0.0295603
2026-04-12 21:54:50.221 10 WARNING neutron.scheduler.dhcp_agent_scheduler [None req-9ff2c067-0c1a-482f-9afc-da3ce1d32ef9 - - - - - -] No more DHCP agents
2026-04-12 21:54:50.224 10 WARNING neutron.api.rpc.agentnotifiers.dhcp_rpc_agent_api [None req-9ff2c067-0c1a-482f-9afc-da3ce1d32ef9 - - - - - -] Unable to schedule network 6d18557e-50d3-4cad-9577-6f78d88df79d: no agents available; will retry on subsequent port and subnet creation events.
2026-04-12 21:54:50.236 10 INFO neutron.api.wsgi [None req-322e5d1c-3d6d-4e34-9b65-4dc812e898dc c113cce4eeec4fe7abfa9c8e8d682cfa cadc48ed5b3743fc97e0f524f9be92ea - - default default] 10.0.0.252 "GET /v2.0/subnets/e2ea4f07-8fab-4eb5-8e1f-6acb0ce9f57b/tags HTTP/1.1" status: 200 len: 218 time: 0.0328712
2026-04-12 21:54:50.297 9 INFO neutron.api.wsgi [None req-bcbbba52-27ad-4645-89cb-2a70fc61f54f c113cce4eeec4fe7abfa9c8e8d682cfa cadc48ed5b3743fc97e0f524f9be92ea - - default default] 10.0.0.252 "PUT /v2.0/subnets/e2ea4f07-8fab-4eb5-8e1f-6acb0ce9f57b/tags/green HTTP/1.1" status: 201 len: 201 time: 0.0547116
2026-04-12 21:54:50.326 9 INFO neutron.api.wsgi [None req-3a8082c5-00a6-4356-9155-48f538f3c789 c113cce4eeec4fe7abfa9c8e8d682cfa cadc48ed5b3743fc97e0f524f9be92ea - - default default] 10.0.0.252 "GET /v2.0/subnets/e2ea4f07-8fab-4eb5-8e1f-6acb0ce9f57b/tags HTTP/1.1" status: 200 len: 227 time: 0.0242934
2026-04-12 21:54:50.355 10 INFO neutron.db.ovn_revision_numbers_db [None req-9ff2c067-0c1a-482f-9afc-da3ce1d32ef9 - - - - - -] Successfully bumped revision number for resource d59e6168-50b6-41ff-ae4a-bd46081ceb90 (type: ports) to 1
2026-04-12 21:54:50.374 10 INFO neutron.api.wsgi [None req-1e8c3601-d15a-4fcd-8d47-5ea04a068197 c113cce4eeec4fe7abfa9c8e8d682cfa cadc48ed5b3743fc97e0f524f9be92ea - - default default] 10.0.0.252 "PUT /v2.0/subnets/e2ea4f07-8fab-4eb5-8e1f-6acb0ce9f57b/tags/red HTTP/1.1" status: 201 len: 201 time: 0.0382714
2026-04-12 21:54:50.400 9 INFO neutron.api.wsgi [None req-fae03655-c80e-4d58-85c5-aee554198418 c113cce4eeec4fe7abfa9c8e8d682cfa cadc48ed5b3743fc97e0f524f9be92ea - - default default] 10.0.0.252 "GET /v2.0/subnets/e2ea4f07-8fab-4eb5-8e1f-6acb0ce9f57b/tags HTTP/1.1" status: 200 len: 227 time: 0.0222280
2026-04-12 21:54:50.447 9 INFO neutron.api.wsgi [None req-52acad76-e6e1-44c0-a015-0007d8d20a2b c113cce4eeec4fe7abfa9c8e8d682cfa cadc48ed5b3743fc97e0f524f9be92ea - - default default] 10.0.0.252 "PUT /v2.0/subnets/e2ea4f07-8fab-4eb5-8e1f-6acb0ce9f57b/tags/black.or.white HTTP/1.1" status: 201 len: 201 time: 0.0424676
2026-04-12 21:54:50.473 9 INFO neutron.api.wsgi [None req-af6cf950-4458-4205-b5eb-8e5f57f8aaad c113cce4eeec4fe7abfa9c8e8d682cfa cadc48ed5b3743fc97e0f524f9be92ea - - default default] 10.0.0.252 "GET /v2.0/subnets/e2ea4f07-8fab-4eb5-8e1f-6acb0ce9f57b/tags HTTP/1.1" status: 200 len: 245 time: 0.0220253
2026-04-12 21:54:50.511 9 INFO neutron.api.wsgi [None req-de5665eb-6d84-43e3-8bac-4c0648f16642 c113cce4eeec4fe7abfa9c8e8d682cfa cadc48ed5b3743fc97e0f524f9be92ea - - default default] 10.0.0.252 "PUT /v2.0/subnets/e2ea4f07-8fab-4eb5-8e1f-6acb0ce9f57b/tags HTTP/1.1" status: 200 len: 230 time: 0.0318594
2026-04-12 21:54:50.545 9 INFO neutron.api.wsgi [None req-6e2d247c-8b2d-462a-b768-3eecf83fcb73 c113cce4eeec4fe7abfa9c8e8d682cfa cadc48ed5b3743fc97e0f524f9be92ea - - default default] 10.0.0.252 "GET /v2.0/subnets/e2ea4f07-8fab-4eb5-8e1f-6acb0ce9f57b/tags HTTP/1.1" status: 200 len: 230 time: 0.0294156
2026-04-12 21:54:50.577 9 INFO neutron.api.wsgi [None req-e9517c36-b113-40d4-b292-1197be3d7923 c113cce4eeec4fe7abfa9c8e8d682cfa cadc48ed5b3743fc97e0f524f9be92ea - - default default] 10.0.0.252 "GET /v2.0/subnets/e2ea4f07-8fab-4eb5-8e1f-6acb0ce9f57b/tags/red HTTP/1.1" status: 204 len: 168 time: 0.0254230
2026-04-12 21:54:50.578 10 INFO neutron.db.ovn_revision_numbers_db [None req-9ff2c067-0c1a-482f-9afc-da3ce1d32ef9 - - - - - -] Successfully bumped revision number for resource d59e6168-50b6-41ff-ae4a-bd46081ceb90 (type: ports) to 3
2026-04-12 21:54:50.628 9 INFO neutron.api.v2.resource [None req-fa4e3f7a-a2de-40a0-a060-baac9aa65f47 c113cce4eeec4fe7abfa9c8e8d682cfa cadc48ed5b3743fc97e0f524f9be92ea - - default default] show failed (client error): The resource could not be found.
2026-04-12 21:54:50.629 9 INFO neutron.api.wsgi [None req-fa4e3f7a-a2de-40a0-a060-baac9aa65f47 c113cce4eeec4fe7abfa9c8e8d682cfa cadc48ed5b3743fc97e0f524f9be92ea - - default default] 10.0.0.252 "GET /v2.0/subnets/e2ea4f07-8fab-4eb5-8e1f-6acb0ce9f57b/tags/green HTTP/1.1" status: 404 len: 299 time: 0.0465190
2026-04-12 21:54:50.639 10 INFO neutron.db.segments_db [None req-9ff2c067-0c1a-482f-9afc-da3ce1d32ef9 - - - - - -] Added segment c047e91b-913c-4981-94df-1a785d14bac2 of type geneve for network e0fe3fbc-56b1-43f8-a442-6636d71e2d18
2026-04-12 21:54:50.675 9 INFO neutron.api.wsgi [None req-1c69228b-2cf4-4c94-b2c7-4f5e09e17d5e c113cce4eeec4fe7abfa9c8e8d682cfa cadc48ed5b3743fc97e0f524f9be92ea - - default default] 10.0.0.252 "DELETE /v2.0/subnets/e2ea4f07-8fab-4eb5-8e1f-6acb0ce9f57b/tags/red HTTP/1.1" status: 204 len: 168 time: 0.0395060
2026-04-12 21:54:50.705 9 INFO neutron.api.wsgi [None req-46f9e443-8087-45f6-9c8d-b41f919b9ad1 c113cce4eeec4fe7abfa9c8e8d682cfa cadc48ed5b3743fc97e0f524f9be92ea - - default default] 10.0.0.252 "GET /v2.0/subnets/e2ea4f07-8fab-4eb5-8e1f-6acb0ce9f57b/tags HTTP/1.1" status: 200 len: 223 time: 0.0229759
2026-04-12 21:54:50.738 9 INFO neutron.api.v2.resource [None req-f231e351-21f2-4475-b0d6-efd316f43a65 c113cce4eeec4fe7abfa9c8e8d682cfa cadc48ed5b3743fc97e0f524f9be92ea - - default default] delete failed (client error): The resource could not be found.
2026-04-12 21:54:50.739 9 INFO neutron.api.wsgi [None req-f231e351-21f2-4475-b0d6-efd316f43a65 c113cce4eeec4fe7abfa9c8e8d682cfa cadc48ed5b3743fc97e0f524f9be92ea - - default default] 10.0.0.252 "DELETE /v2.0/subnets/e2ea4f07-8fab-4eb5-8e1f-6acb0ce9f57b/tags/green HTTP/1.1" status: 404 len: 299 time: 0.0284865
2026-04-12 21:54:50.754 10 INFO neutron.db.ovn_revision_numbers_db [None req-694d3526-213d-4d3d-834e-d62d7db967dd - - - - - -] Successfully bumped revision number for resource e0fe3fbc-56b1-43f8-a442-6636d71e2d18 (type: networks) to 1
2026-04-12 21:54:50.796 9 INFO neutron.api.wsgi [None req-1440e63e-ca2f-443f-8327-8bc482a37109 c113cce4eeec4fe7abfa9c8e8d682cfa cadc48ed5b3743fc97e0f524f9be92ea - - default default] 10.0.0.252 "DELETE /v2.0/subnets/e2ea4f07-8fab-4eb5-8e1f-6acb0ce9f57b/tags HTTP/1.1" status: 204 len: 168 time: 0.0466776
2026-04-12 21:54:50.839 10 INFO neutron.api.wsgi [None req-97c53380-d833-4d9a-9caa-268133048829 c113cce4eeec4fe7abfa9c8e8d682cfa cadc48ed5b3743fc97e0f524f9be92ea - - default default] 10.0.0.252 "GET /v2.0/subnets/e2ea4f07-8fab-4eb5-8e1f-6acb0ce9f57b/tags HTTP/1.1" status: 200 len: 205 time: 0.0389259
2026-04-12 21:54:50.934 10 WARNING neutron.scheduler.dhcp_agent_scheduler [None req-694d3526-213d-4d3d-834e-d62d7db967dd - - - - - -] No more DHCP agents
2026-04-12 21:54:50.935 10 WARNING neutron.api.rpc.agentnotifiers.dhcp_rpc_agent_api [None req-694d3526-213d-4d3d-834e-d62d7db967dd - - - - - -] Unable to schedule network e0fe3fbc-56b1-43f8-a442-6636d71e2d18: no agents available; will retry on subsequent port and subnet creation events.
2026-04-12 21:54:50.986 9 INFO neutron.api.wsgi [req-2ef6cdf1-1e3c-4c73-a7a8-4427e54f1c74 req-05663925-f65d-4224-af4c-2074e5236242 a5fb04122c904f00a9745caa5d5f067e 4c0663b709e047fcaea8fa4606123d17 - - default default] 10.0.0.69 "GET /v2.0/ports?device_id=f0eb7a28-4aba-443f-91af-9c3a4b3b7bc0 HTTP/1.1" status: 200 len: 210 time: 0.0363293
2026-04-12 21:54:51.012 10 INFO neutron.db.ovn_revision_numbers_db [None req-694d3526-213d-4d3d-834e-d62d7db967dd - - - - - -] Successfully bumped revision number for resource 1ad64c9c-da81-482e-889f-b2e959962b45 (type: ports) to 1
2026-04-12 21:54:51.071 9 INFO neutron.api.wsgi [None req-9d18cd91-39ef-4658-9e18-541c7e6c882f c113cce4eeec4fe7abfa9c8e8d682cfa cadc48ed5b3743fc97e0f524f9be92ea - - default default] 10.0.0.252 "DELETE /v2.0/subnets/e2ea4f07-8fab-4eb5-8e1f-6acb0ce9f57b HTTP/1.1" status: 204 len: 168 time: 0.2225983
2026-04-12 21:54:51.123 10 WARNING neutron.scheduler.dhcp_agent_scheduler [None req-694d3526-213d-4d3d-834e-d62d7db967dd - - - - - -] No more DHCP agents
2026-04-12 21:54:51.124 10 WARNING neutron.api.rpc.agentnotifiers.dhcp_rpc_agent_api [None req-694d3526-213d-4d3d-834e-d62d7db967dd - - - - - -] Unable to schedule network e0fe3fbc-56b1-43f8-a442-6636d71e2d18: no agents available; will retry on subsequent port and subnet creation events.
2026-04-12 21:54:51.147 10 INFO neutron.db.ovn_revision_numbers_db [None req-694d3526-213d-4d3d-834e-d62d7db967dd - - - - - -] Successfully bumped revision number for resource a13cb2fd-0766-4144-80bf-c216e4a0d869 (type: subnets) to 0
2026-04-12 21:54:51.362 9 INFO neutron.services.segments.plugin [-] Segment 65633b5a-f4bd-4d33-897d-564b21ce4ef2 resource provider aggregate not found
2026-04-12 21:54:51.366 9 INFO neutron.services.segments.plugin [-] Segment 65633b5a-f4bd-4d33-897d-564b21ce4ef2 resource provider aggregate not found
2026-04-12 21:54:51.375 9 INFO neutron.services.segments.plugin [-] Segment 65633b5a-f4bd-4d33-897d-564b21ce4ef2 resource provider not found; error: Placement Client Error (4xx): {"errors": [{"status": 404, "title": "Not Found", "detail": "The resource could not be found.\n\n No resource provider with uuid 65633b5a-f4bd-4d33-897d-564b21ce4ef2 found for delete ", "request_id": "req-7fbe7d72-3bee-4c9f-8be2-f081324a56de"}]}
