2026-04-12 21:50:48.024 10 WARNING neutron_lib.context [None req-2e5a8d5e-885d-4396-a18b-5f682da5c49d b78005a27a48480eb930a93c78963691 4b8b337872df46cd98f1ee50e7ce4401 - - default default] Method 'is_advsvc' is deprecated since 2023.2 release (neutron-lib 3.8.0) and will be removed once support for the old RBAC API policies will be removed from Neutron. Please use method 'is_service_role' instead.
2026-04-12 21:50:48.072 9 INFO neutron.db.ovn_revision_numbers_db [None req-4f454d5f-335f-426c-90da-f0247a673a06 - - - - - -] Successfully bumped revision number for resource 3294b113-5942-41e0-9256-7826915fd040 (type: ports) to 1
2026-04-12 21:50:48.143 9 INFO neutron.db.ovn_revision_numbers_db [None req-4c8af1c4-b440-4817-b52c-93ca143e7bf1 4b40f74b9ac549d7aa9124e65b8f2057 4125b6f5b33d46a9988e90db2d3d806d - - default default] Successfully bumped revision number for resource bebd81cf-ac88-4efd-b453-6fddec454475 (type: security_group_rules) to 0
2026-04-12 21:50:48.198 9 INFO neutron.api.wsgi [None req-4c8af1c4-b440-4817-b52c-93ca143e7bf1 4b40f74b9ac549d7aa9124e65b8f2057 4125b6f5b33d46a9988e90db2d3d806d - - default default] 10.0.0.252 "POST /v2.0/security-group-rules HTTP/1.1" status: 201 len: 796 time: 0.2632990
2026-04-12 21:50:48.209 10 WARNING neutron_lib.context [None req-69b4730b-1147-414f-961d-d6a921b21f60 4b40f74b9ac549d7aa9124e65b8f2057 4125b6f5b33d46a9988e90db2d3d806d - - default default] Method 'is_advsvc' is deprecated since 2023.2 release (neutron-lib 3.8.0) and will be removed once support for the old RBAC API policies will be removed from Neutron. Please use method 'is_service_role' instead.
2026-04-12 21:50:48.216 10 WARNING neutron.scheduler.dhcp_agent_scheduler [None req-2e5a8d5e-885d-4396-a18b-5f682da5c49d b78005a27a48480eb930a93c78963691 4b8b337872df46cd98f1ee50e7ce4401 - - default default] No more DHCP agents
2026-04-12 21:50:48.217 10 WARNING neutron.api.rpc.agentnotifiers.dhcp_rpc_agent_api [None req-2e5a8d5e-885d-4396-a18b-5f682da5c49d b78005a27a48480eb930a93c78963691 4b8b337872df46cd98f1ee50e7ce4401 - - default default] Unable to schedule network 6d18557e-50d3-4cad-9577-6f78d88df79d: no agents available; will retry on subsequent port and subnet creation events.
2026-04-12 21:50:48.228 9 WARNING neutron.scheduler.dhcp_agent_scheduler [None req-4374999d-7c7f-4a7a-bfd5-6958a2c7f9ab a567ec0a27104407b95cbb39e5809502 8a4ca2cca7574d2289ce86cc5ffab9bc - - default default] No more DHCP agents
2026-04-12 21:50:48.230 9 WARNING neutron.api.rpc.agentnotifiers.dhcp_rpc_agent_api [None req-4374999d-7c7f-4a7a-bfd5-6958a2c7f9ab a567ec0a27104407b95cbb39e5809502 8a4ca2cca7574d2289ce86cc5ffab9bc - - default default] Unable to schedule network 106263e3-d3df-44fd-8c4f-e1ac83808c77: no agents available; will retry on subsequent port and subnet creation events.
2026-04-12 21:50:48.333 9 INFO neutron.db.ovn_revision_numbers_db [None req-4374999d-7c7f-4a7a-bfd5-6958a2c7f9ab a567ec0a27104407b95cbb39e5809502 8a4ca2cca7574d2289ce86cc5ffab9bc - - default default] Successfully bumped revision number for resource 066d98c2-4d6b-4fd7-9696-5c36ad4bafde (type: ports) to 1
2026-04-12 21:50:48.352 10 INFO neutron.db.ovn_revision_numbers_db [None req-69b4730b-1147-414f-961d-d6a921b21f60 4b40f74b9ac549d7aa9124e65b8f2057 4125b6f5b33d46a9988e90db2d3d806d - - default default] Successfully bumped revision number for resource b3072c12-6820-4ed8-9c05-67792da2721b (type: security_group_rules) to 0
2026-04-12 21:50:48.381 10 INFO neutron.api.wsgi [None req-69b4730b-1147-414f-961d-d6a921b21f60 4b40f74b9ac549d7aa9124e65b8f2057 4125b6f5b33d46a9988e90db2d3d806d - - default default] 10.0.0.252 "POST /v2.0/security-group-rules HTTP/1.1" status: 201 len: 801 time: 0.1758964
2026-04-12 21:50:48.397 9 WARNING neutron_lib.context [None req-0f076bf4-19d8-48e8-8b43-d73c720a24f7 4b40f74b9ac549d7aa9124e65b8f2057 4125b6f5b33d46a9988e90db2d3d806d - - default default] Method 'is_advsvc' is deprecated since 2023.2 release (neutron-lib 3.8.0) and will be removed once support for the old RBAC API policies will be removed from Neutron. Please use method 'is_service_role' instead.
2026-04-12 21:50:48.452 9 INFO neutron.db.ovn_revision_numbers_db [None req-4f454d5f-335f-426c-90da-f0247a673a06 - - - - - -] Successfully bumped revision number for resource 3294b113-5942-41e0-9256-7826915fd040 (type: ports) to 4
2026-04-12 21:50:48.483 10 INFO neutron.api.wsgi [None req-2e5a8d5e-885d-4396-a18b-5f682da5c49d b78005a27a48480eb930a93c78963691 4b8b337872df46cd98f1ee50e7ce4401 - - default default] 10.0.0.252 "POST /v2.0/floatingips HTTP/1.1" status: 201 len: 751 time: 0.4630382
2026-04-12 21:50:48.745 9 WARNING neutron.scheduler.dhcp_agent_scheduler [None req-0f076bf4-19d8-48e8-8b43-d73c720a24f7 4b40f74b9ac549d7aa9124e65b8f2057 4125b6f5b33d46a9988e90db2d3d806d - - default default] No more DHCP agents
2026-04-12 21:50:48.747 9 WARNING neutron.api.rpc.agentnotifiers.dhcp_rpc_agent_api [None req-0f076bf4-19d8-48e8-8b43-d73c720a24f7 4b40f74b9ac549d7aa9124e65b8f2057 4125b6f5b33d46a9988e90db2d3d806d - - default default] Unable to schedule network 6d18557e-50d3-4cad-9577-6f78d88df79d: no agents available; will retry on subsequent port and subnet creation events.
2026-04-12 21:50:48.971 9 INFO neutron.db.ovn_revision_numbers_db [None req-4f454d5f-335f-426c-90da-f0247a673a06 - - - - - -] Successfully bumped revision number for resource 3294b113-5942-41e0-9256-7826915fd040 (type: ports) to 5
2026-04-12 21:50:49.150 9 INFO neutron.db.ovn_revision_numbers_db [None req-4374999d-7c7f-4a7a-bfd5-6958a2c7f9ab a567ec0a27104407b95cbb39e5809502 8a4ca2cca7574d2289ce86cc5ffab9bc - - default default] Successfully bumped revision number for resource 066d98c2-4d6b-4fd7-9696-5c36ad4bafde (type: ports) to 1
2026-04-12 21:50:49.156 9 INFO neutron.api.wsgi [None req-0f076bf4-19d8-48e8-8b43-d73c720a24f7 4b40f74b9ac549d7aa9124e65b8f2057 4125b6f5b33d46a9988e90db2d3d806d - - default default] 10.0.0.252 "POST /v2.0/floatingips HTTP/1.1" status: 201 len: 751 time: 0.7680688
2026-04-12 21:50:49.192 9 WARNING neutron.scheduler.dhcp_agent_scheduler [None req-4374999d-7c7f-4a7a-bfd5-6958a2c7f9ab a567ec0a27104407b95cbb39e5809502 8a4ca2cca7574d2289ce86cc5ffab9bc - - default default] No more DHCP agents
2026-04-12 21:50:49.193 9 WARNING neutron.api.rpc.agentnotifiers.dhcp_rpc_agent_api [None req-4374999d-7c7f-4a7a-bfd5-6958a2c7f9ab a567ec0a27104407b95cbb39e5809502 8a4ca2cca7574d2289ce86cc5ffab9bc - - default default] Unable to schedule network 106263e3-d3df-44fd-8c4f-e1ac83808c77: no agents available; will retry on subsequent port and subnet creation events.
2026-04-12 21:50:49.275 9 INFO neutron.api.wsgi [req-c57d49b7-a167-4405-889c-5cfc03cec46a req-29459148-ea2f-4859-9312-949dfb44f93b b78005a27a48480eb930a93c78963691 4b8b337872df46cd98f1ee50e7ce4401 - - default default] 10.0.0.69 "GET /v2.0/security-groups?name=tempest-securitygroup--1237197372&fields=id&tenant_id=4b8b337872df46cd98f1ee50e7ce4401 HTTP/1.1" status: 200 len: 267 time: 0.0423009
2026-04-12 21:50:49.329 10 INFO neutron.api.wsgi [-] 10.0.0.92 "GET / HTTP/1.1" status: 200 len: 247 time: 0.0017231
2026-04-12 21:50:49.331 10 INFO neutron.api.wsgi [-] 10.0.0.92 "GET / HTTP/1.1" status: 200 len: 247 time: 0.0012574
2026-04-12 21:50:49.335 9 INFO neutron.api.wsgi [req-c57d49b7-a167-4405-889c-5cfc03cec46a req-a675bbc1-5c2f-4851-90d5-ca148c371e4a b78005a27a48480eb930a93c78963691 4b8b337872df46cd98f1ee50e7ce4401 - - default default] 10.0.0.69 "GET /v2.0/networks?id=6df4a87b-00e0-4573-af2e-51c48b14d3fd HTTP/1.1" status: 200 len: 875 time: 0.0516267
2026-04-12 21:50:49.355 9 INFO neutron.api.wsgi [req-c57d49b7-a167-4405-889c-5cfc03cec46a req-b07c3983-7a7d-44d8-8b09-4bdc4590c535 b78005a27a48480eb930a93c78963691 4b8b337872df46cd98f1ee50e7ce4401 - - default default] 10.0.0.69 "GET /v2.0/quotas/4b8b337872df46cd98f1ee50e7ce4401 HTTP/1.1" status: 200 len: 491 time: 0.0118041
2026-04-12 21:50:49.451 9 INFO neutron.api.wsgi [req-c57d49b7-a167-4405-889c-5cfc03cec46a req-e5e18bac-37e6-410f-9d7d-265f1c48b48d b78005a27a48480eb930a93c78963691 4b8b337872df46cd98f1ee50e7ce4401 - - default default] 10.0.0.69 "GET /v2.0/ports?tenant_id=4b8b337872df46cd98f1ee50e7ce4401&fields=id HTTP/1.1" status: 200 len: 302 time: 0.0909815
2026-04-12 21:50:49.817 9 INFO neutron.api.wsgi [req-c57d49b7-a167-4405-889c-5cfc03cec46a req-c4e10da4-1c4f-4fde-9e54-92d194d1a113 69f8ad1a45954b309f99a02f0823d47e 5fe509aa54f84f9daa5dfe279dd8521a - - f26d5f8b5eea4776bdf6fce6462c9921 f26d5f8b5eea4776bdf6fce6462c9921] 10.0.0.69 "GET /v2.0/extensions HTTP/1.1" status: 200 len: 19298 time: 0.0402098
2026-04-12 21:50:49.865 9 INFO neutron.api.wsgi [req-c57d49b7-a167-4405-889c-5cfc03cec46a req-d9b40dc5-bf4f-45ec-9950-be2abb4106b1 69f8ad1a45954b309f99a02f0823d47e 5fe509aa54f84f9daa5dfe279dd8521a - - f26d5f8b5eea4776bdf6fce6462c9921 f26d5f8b5eea4776bdf6fce6462c9921] 10.0.0.69 "GET /v2.0/networks/6df4a87b-00e0-4573-af2e-51c48b14d3fd?fields=segments HTTP/1.1" status: 200 len: 212 time: 0.0420372
2026-04-12 21:50:49.887 10 INFO neutron.api.wsgi [req-a9dffcff-27de-49d6-80f8-ca491770fe8c req-7d275ba1-598e-4ee2-a134-51fec61e0a43 4b40f74b9ac549d7aa9124e65b8f2057 4125b6f5b33d46a9988e90db2d3d806d - - default default] 10.0.0.69 "GET /v2.0/security-groups?name=tempest-securitygroup--1060589866&fields=id&tenant_id=4125b6f5b33d46a9988e90db2d3d806d HTTP/1.1" status: 200 len: 267 time: 0.0358737
2026-04-12 21:50:49.919 9 INFO neutron.api.wsgi [req-c57d49b7-a167-4405-889c-5cfc03cec46a req-b310584d-9d80-4399-8a4d-44d8afa3c399 69f8ad1a45954b309f99a02f0823d47e 5fe509aa54f84f9daa5dfe279dd8521a - - f26d5f8b5eea4776bdf6fce6462c9921 f26d5f8b5eea4776bdf6fce6462c9921] 10.0.0.69 "GET /v2.0/networks/6df4a87b-00e0-4573-af2e-51c48b14d3fd?fields=provider%3Aphysical_network&fields=provider%3Anetwork_type HTTP/1.1" status: 200 len: 277 time: 0.0492878
2026-04-12 21:50:49.951 10 INFO neutron.api.wsgi [req-a9dffcff-27de-49d6-80f8-ca491770fe8c req-b55092d6-329c-4ef1-8009-aac3ed8232a5 4b40f74b9ac549d7aa9124e65b8f2057 4125b6f5b33d46a9988e90db2d3d806d - - default default] 10.0.0.69 "GET /v2.0/networks?id=a1a8ddf6-813a-4293-aa37-5c4fad35f746 HTTP/1.1" status: 200 len: 875 time: 0.0564234
2026-04-12 21:50:49.983 9 INFO neutron.db.ovn_revision_numbers_db [None req-4374999d-7c7f-4a7a-bfd5-6958a2c7f9ab a567ec0a27104407b95cbb39e5809502 8a4ca2cca7574d2289ce86cc5ffab9bc - - default default] Successfully bumped revision number for resource 066d98c2-4d6b-4fd7-9696-5c36ad4bafde (type: router_ports) to 1
2026-04-12 21:50:49.987 10 INFO neutron.api.wsgi [req-a9dffcff-27de-49d6-80f8-ca491770fe8c req-32ac7f2f-d805-439c-b4f6-1078eb895fff 4b40f74b9ac549d7aa9124e65b8f2057 4125b6f5b33d46a9988e90db2d3d806d - - default default] 10.0.0.69 "GET /v2.0/quotas/4125b6f5b33d46a9988e90db2d3d806d HTTP/1.1" status: 200 len: 491 time: 0.0242891
2026-04-12 21:50:49.987 9 INFO neutron.api.wsgi [None req-4374999d-7c7f-4a7a-bfd5-6958a2c7f9ab a567ec0a27104407b95cbb39e5809502 8a4ca2cca7574d2289ce86cc5ffab9bc - - default default] 10.0.0.252 "PUT /v2.0/routers/ed8b0a1b-c62b-4ad3-b5f1-420cad2ec663/add_router_interface HTTP/1.1" status: 200 len: 503 time: 2.3084762
2026-04-12 21:50:50.069 10 INFO neutron.api.wsgi [req-a9dffcff-27de-49d6-80f8-ca491770fe8c req-aaacd437-8aec-4359-a679-95daddd0469c 4b40f74b9ac549d7aa9124e65b8f2057 4125b6f5b33d46a9988e90db2d3d806d - - default default] 10.0.0.69 "GET /v2.0/ports?tenant_id=4125b6f5b33d46a9988e90db2d3d806d&fields=id HTTP/1.1" status: 200 len: 302 time: 0.0759773
2026-04-12 21:50:50.103 9 INFO neutron.api.wsgi [req-3efd60c7-1642-4cac-8372-4b3c60f75baf req-3d95484b-b8a9-43b7-afb2-fef88ecf3dd7 b78005a27a48480eb930a93c78963691 4b8b337872df46cd98f1ee50e7ce4401 - - default default] 10.0.0.69 "GET /v2.0/ports?device_id=cba31653-1ba4-4d44-a110-a252915ecdeb HTTP/1.1" status: 200 len: 210 time: 0.0318019
2026-04-12 21:50:50.408 9 WARNING neutron_lib.context [req-4f9f8df7-3e55-429d-af0c-4a5c1b737e09 req-847b5d59-8dfb-4aab-9496-2fd17489cc93 a64f2c4d3a324d5d9f20cbe88959aa1b c5ccb6a12e7d4803a4b455fbf8e88a21 - - default default] Method 'is_advsvc' is deprecated since 2023.2 release (neutron-lib 3.8.0) and will be removed once support for the old RBAC API policies will be removed from Neutron. Please use method 'is_service_role' instead.
2026-04-12 21:50:50.423 10 INFO neutron.api.wsgi [req-a9dffcff-27de-49d6-80f8-ca491770fe8c req-22c96b28-8c08-465e-8128-13a5ddd44c3a 69f8ad1a45954b309f99a02f0823d47e 5fe509aa54f84f9daa5dfe279dd8521a - - f26d5f8b5eea4776bdf6fce6462c9921 f26d5f8b5eea4776bdf6fce6462c9921] 10.0.0.69 "GET /v2.0/extensions HTTP/1.1" status: 200 len: 19298 time: 0.0357511
2026-04-12 21:50:50.462 10 INFO neutron.api.wsgi [req-a9dffcff-27de-49d6-80f8-ca491770fe8c req-c8ab4473-df77-4a96-ac3f-93412db8a58d 69f8ad1a45954b309f99a02f0823d47e 5fe509aa54f84f9daa5dfe279dd8521a - - f26d5f8b5eea4776bdf6fce6462c9921 f26d5f8b5eea4776bdf6fce6462c9921] 10.0.0.69 "GET /v2.0/networks/a1a8ddf6-813a-4293-aa37-5c4fad35f746?fields=segments HTTP/1.1" status: 200 len: 212 time: 0.0319612
2026-04-12 21:50:50.505 10 INFO neutron.api.wsgi [req-a9dffcff-27de-49d6-80f8-ca491770fe8c req-4110042f-c3ca-4ae6-883a-2782181ed7fd 69f8ad1a45954b309f99a02f0823d47e 5fe509aa54f84f9daa5dfe279dd8521a - - f26d5f8b5eea4776bdf6fce6462c9921 f26d5f8b5eea4776bdf6fce6462c9921] 10.0.0.69 "GET /v2.0/networks/a1a8ddf6-813a-4293-aa37-5c4fad35f746?fields=provider%3Aphysical_network&fields=provider%3Anetwork_type HTTP/1.1" status: 200 len: 277 time: 0.0362496
2026-04-12 21:50:50.519 9 INFO neutron.db.ovn_revision_numbers_db [req-4f9f8df7-3e55-429d-af0c-4a5c1b737e09 req-847b5d59-8dfb-4aab-9496-2fd17489cc93 a64f2c4d3a324d5d9f20cbe88959aa1b c5ccb6a12e7d4803a4b455fbf8e88a21 - - default default] Successfully bumped revision number for resource eafc3a17-4b88-4ee0-bb0d-78337c26f773 (type: security_groups) to 1
2026-04-12 21:50:50.529 9 INFO neutron.db.ovn_revision_numbers_db [req-4f9f8df7-3e55-429d-af0c-4a5c1b737e09 req-847b5d59-8dfb-4aab-9496-2fd17489cc93 a64f2c4d3a324d5d9f20cbe88959aa1b c5ccb6a12e7d4803a4b455fbf8e88a21 - - default default] Successfully bumped revision number for resource 1719e0bd-c1ce-417b-a692-e562a04e3d54 (type: security_group_rules) to 0
2026-04-12 21:50:50.541 9 INFO neutron.db.ovn_revision_numbers_db [req-4f9f8df7-3e55-429d-af0c-4a5c1b737e09 req-847b5d59-8dfb-4aab-9496-2fd17489cc93 a64f2c4d3a324d5d9f20cbe88959aa1b c5ccb6a12e7d4803a4b455fbf8e88a21 - - default default] Successfully bumped revision number for resource ce8fe950-e942-4055-8268-ed49331d6bb8 (type: security_group_rules) to 0
2026-04-12 21:50:50.570 9 INFO neutron.api.wsgi [req-4f9f8df7-3e55-429d-af0c-4a5c1b737e09 req-847b5d59-8dfb-4aab-9496-2fd17489cc93 a64f2c4d3a324d5d9f20cbe88959aa1b c5ccb6a12e7d4803a4b455fbf8e88a21 - - default default] 10.0.0.69 "POST /v2.0/security-groups HTTP/1.1" status: 201 len: 1889 time: 0.1695457
2026-04-12 21:50:50.614 9 INFO neutron.api.wsgi [req-a92e1da6-e9b9-4224-b403-52d457bcfe42 req-8b29bc9f-e7ae-45bd-85d2-da9a7703e0f7 a64f2c4d3a324d5d9f20cbe88959aa1b c5ccb6a12e7d4803a4b455fbf8e88a21 - - default default] 10.0.0.69 "GET /v2.0/security-groups/eafc3a17-4b88-4ee0-bb0d-78337c26f773 HTTP/1.1" status: 200 len: 1884 time: 0.0206945
2026-04-12 21:50:50.626 9 WARNING neutron_lib.context [req-a92e1da6-e9b9-4224-b403-52d457bcfe42 req-2ba07413-4854-42de-80de-d642611caf27 a64f2c4d3a324d5d9f20cbe88959aa1b c5ccb6a12e7d4803a4b455fbf8e88a21 - - default default] Method 'is_advsvc' is deprecated since 2023.2 release (neutron-lib 3.8.0) and will be removed once support for the old RBAC API policies will be removed from Neutron. Please use method 'is_service_role' instead.
2026-04-12 21:50:50.711 10 INFO neutron.api.wsgi [req-12bd13e2-49ce-47f1-8397-5b0b241adf0e req-9f1fda2f-ffc2-4714-be6e-950949d0bde2 4b40f74b9ac549d7aa9124e65b8f2057 4125b6f5b33d46a9988e90db2d3d806d - - default default] 10.0.0.69 "GET /v2.0/ports?device_id=33c6e2ab-c159-40ae-b03a-b6e95924f59e HTTP/1.1" status: 200 len: 210 time: 0.0318317
2026-04-12 21:50:50.744 9 INFO neutron.db.ovn_revision_numbers_db [req-a92e1da6-e9b9-4224-b403-52d457bcfe42 req-2ba07413-4854-42de-80de-d642611caf27 a64f2c4d3a324d5d9f20cbe88959aa1b c5ccb6a12e7d4803a4b455fbf8e88a21 - - default default] Successfully bumped revision number for resource 1e678ba0-c5a5-4834-a503-6202257eaf6e (type: security_group_rules) to 0
2026-04-12 21:50:50.774 9 INFO neutron.api.wsgi [req-a92e1da6-e9b9-4224-b403-52d457bcfe42 req-2ba07413-4854-42de-80de-d642611caf27 a64f2c4d3a324d5d9f20cbe88959aa1b c5ccb6a12e7d4803a4b455fbf8e88a21 - - default default] 10.0.0.69 "POST /v2.0/security-group-rules HTTP/1.1" status: 201 len: 818 time: 0.1525209
2026-04-12 21:50:50.806 10 WARNING neutron_lib.context [req-575e570c-e1bf-416f-b7b6-056195ba4f29 req-b7995804-2822-4a48-b4ea-a409c9aa192c a64f2c4d3a324d5d9f20cbe88959aa1b c5ccb6a12e7d4803a4b455fbf8e88a21 - - default default] Method 'is_advsvc' is deprecated since 2023.2 release (neutron-lib 3.8.0) and will be removed once support for the old RBAC API policies will be removed from Neutron. Please use method 'is_service_role' instead.
2026-04-12 21:50:50.916 10 INFO neutron.db.ovn_revision_numbers_db [req-575e570c-e1bf-416f-b7b6-056195ba4f29 req-b7995804-2822-4a48-b4ea-a409c9aa192c a64f2c4d3a324d5d9f20cbe88959aa1b c5ccb6a12e7d4803a4b455fbf8e88a21 - - default default] Successfully bumped revision number for resource 469c32ec-4049-4a37-803d-f3350d436df1 (type: security_groups) to 1
2026-04-12 21:50:50.927 10 INFO neutron.db.ovn_revision_numbers_db [req-575e570c-e1bf-416f-b7b6-056195ba4f29 req-b7995804-2822-4a48-b4ea-a409c9aa192c a64f2c4d3a324d5d9f20cbe88959aa1b c5ccb6a12e7d4803a4b455fbf8e88a21 - - default default] Successfully bumped revision number for resource 17f70626-b7b2-4225-b2f6-a63738a7593d (type: security_group_rules) to 0
2026-04-12 21:50:50.940 10 INFO neutron.db.ovn_revision_numbers_db [req-575e570c-e1bf-416f-b7b6-056195ba4f29 req-b7995804-2822-4a48-b4ea-a409c9aa192c a64f2c4d3a324d5d9f20cbe88959aa1b c5ccb6a12e7d4803a4b455fbf8e88a21 - - default default] Successfully bumped revision number for resource b949bf7f-e48d-456f-9556-4a874ebb7751 (type: security_group_rules) to 0
2026-04-12 21:50:50.985 10 INFO neutron.api.wsgi [req-575e570c-e1bf-416f-b7b6-056195ba4f29 req-b7995804-2822-4a48-b4ea-a409c9aa192c a64f2c4d3a324d5d9f20cbe88959aa1b c5ccb6a12e7d4803a4b455fbf8e88a21 - - default default] 10.0.0.69 "POST /v2.0/security-groups HTTP/1.1" status: 201 len: 1889 time: 0.1869838
2026-04-12 21:50:51.030 9 INFO neutron.api.wsgi [req-fe22c977-70ad-4f7d-825b-c7f18e1081a8 req-860e7f4a-e9e2-4df8-8f59-96b560675daa a64f2c4d3a324d5d9f20cbe88959aa1b c5ccb6a12e7d4803a4b455fbf8e88a21 - - default default] 10.0.0.69 "GET /v2.0/security-groups/469c32ec-4049-4a37-803d-f3350d436df1 HTTP/1.1" status: 200 len: 1884 time: 0.0217474
2026-04-12 21:50:51.040 9 WARNING neutron_lib.context [req-fe22c977-70ad-4f7d-825b-c7f18e1081a8 req-862d14a1-f1a6-4526-88ee-55303f8df534 a64f2c4d3a324d5d9f20cbe88959aa1b c5ccb6a12e7d4803a4b455fbf8e88a21 - - default default] Method 'is_advsvc' is deprecated since 2023.2 release (neutron-lib 3.8.0) and will be removed once support for the old RBAC API policies will be removed from Neutron. Please use method 'is_service_role' instead.
2026-04-12 21:50:51.158 9 INFO neutron.db.ovn_revision_numbers_db [req-fe22c977-70ad-4f7d-825b-c7f18e1081a8 req-862d14a1-f1a6-4526-88ee-55303f8df534 a64f2c4d3a324d5d9f20cbe88959aa1b c5ccb6a12e7d4803a4b455fbf8e88a21 - - default default] Successfully bumped revision number for resource 25d3c324-6cff-4fd4-ba74-1752ec3416f1 (type: security_group_rules) to 0
2026-04-12 21:50:51.185 9 INFO neutron.api.wsgi [req-fe22c977-70ad-4f7d-825b-c7f18e1081a8 req-862d14a1-f1a6-4526-88ee-55303f8df534 a64f2c4d3a324d5d9f20cbe88959aa1b c5ccb6a12e7d4803a4b455fbf8e88a21 - - default default] 10.0.0.69 "POST /v2.0/security-group-rules HTTP/1.1" status: 201 len: 818 time: 0.1476059
2026-04-12 21:50:51.214 10 INFO neutron.api.wsgi [req-aa4a96f2-3a91-4f74-966c-ca056c6d05b3 req-d964eeec-b9e8-4e55-af27-3df577cad327 b78005a27a48480eb930a93c78963691 4b8b337872df46cd98f1ee50e7ce4401 - - default default] 10.0.0.69 "GET /v2.0/ports?device_id=cba31653-1ba4-4d44-a110-a252915ecdeb HTTP/1.1" status: 200 len: 210 time: 0.0171125
2026-04-12 21:50:51.240 9 INFO neutron.api.wsgi [req-a2c38462-7df7-42a3-bee0-4390dd67f55d req-d416a6e2-8583-4d09-a67d-76a328738fb3 a64f2c4d3a324d5d9f20cbe88959aa1b c5ccb6a12e7d4803a4b455fbf8e88a21 - - default default] 10.0.0.69 "GET /v2.0/security-groups/469c32ec-4049-4a37-803d-f3350d436df1 HTTP/1.1" status: 200 len: 2509 time: 0.0308588
2026-04-12 21:50:51.251 9 WARNING neutron_lib.context [req-a2c38462-7df7-42a3-bee0-4390dd67f55d req-7297f828-d6d7-4757-a34a-34ef9e2b9070 a64f2c4d3a324d5d9f20cbe88959aa1b c5ccb6a12e7d4803a4b455fbf8e88a21 - - default default] Method 'is_advsvc' is deprecated since 2023.2 release (neutron-lib 3.8.0) and will be removed once support for the old RBAC API policies will be removed from Neutron. Please use method 'is_service_role' instead.
2026-04-12 21:50:51.363 9 INFO neutron.db.ovn_revision_numbers_db [req-a2c38462-7df7-42a3-bee0-4390dd67f55d req-7297f828-d6d7-4757-a34a-34ef9e2b9070 a64f2c4d3a324d5d9f20cbe88959aa1b c5ccb6a12e7d4803a4b455fbf8e88a21 - - default default] Successfully bumped revision number for resource 0230f6b1-044a-4056-b5c7-80b626def379 (type: security_group_rules) to 0
2026-04-12 21:50:51.398 9 INFO neutron.api.wsgi [req-a2c38462-7df7-42a3-bee0-4390dd67f55d req-7297f828-d6d7-4757-a34a-34ef9e2b9070 a64f2c4d3a324d5d9f20cbe88959aa1b c5ccb6a12e7d4803a4b455fbf8e88a21 - - default default] 10.0.0.69 "POST /v2.0/security-group-rules HTTP/1.1" status: 201 len: 823 time: 0.1514444
2026-04-12 21:50:51.399 9 WARNING neutron.plugins.ml2.drivers.ovn.mech_driver.ovsdb.ovn_client [None req-86bdb3dc-e36d-4867-99bd-afb0b7c159a6 - - - - - -] No hosting information found for port e12190a8-90f0-4cef-ae50-202279fadcd2: RuntimeError: No hosting information found for port e12190a8-90f0-4cef-ae50-202279fadcd2
2026-04-12 21:50:51.450 10 INFO neutron.api.wsgi [req-1dd51407-ac95-41f3-bc35-b5d795972223 req-0ad12cf3-6fe2-43fa-881c-e6400ac5a6b3 a64f2c4d3a324d5d9f20cbe88959aa1b c5ccb6a12e7d4803a4b455fbf8e88a21 - - default default] 10.0.0.69 "GET /v2.0/security-groups/469c32ec-4049-4a37-803d-f3350d436df1 HTTP/1.1" status: 200 len: 3139 time: 0.0277224
2026-04-12 21:50:51.455 9 INFO neutron.plugins.ml2.drivers.ovn.mech_driver.mech_driver [None req-86bdb3dc-e36d-4867-99bd-afb0b7c159a6 - - - - - -] OVN reports status up for port: 3294b113-5942-41e0-9256-7826915fd040
2026-04-12 21:50:51.466 9 INFO neutron.plugins.ml2.plugin [None req-86bdb3dc-e36d-4867-99bd-afb0b7c159a6 - - - - - -] Attempt 1 to provision port 3294b113-5942-41e0-9256-7826915fd040
2026-04-12 21:50:51.493 9 INFO neutron.api.wsgi [req-2c7421f5-89a4-4011-b591-4ea2d8231667 req-ceb19ad5-a0b0-4845-89df-d0bbadedd6af a64f2c4d3a324d5d9f20cbe88959aa1b c5ccb6a12e7d4803a4b455fbf8e88a21 - - default default] 10.0.0.69 "GET /v2.0/security-group-rules/0230f6b1-044a-4056-b5c7-80b626def379 HTTP/1.1" status: 200 len: 815 time: 0.0176446
2026-04-12 21:50:51.529 9 INFO neutron.api.wsgi [req-2c7421f5-89a4-4011-b591-4ea2d8231667 req-9ad8c81a-c4c7-42ec-a787-a84360de1472 a64f2c4d3a324d5d9f20cbe88959aa1b c5ccb6a12e7d4803a4b455fbf8e88a21 - - default default] 10.0.0.69 "GET /v2.0/security-groups/469c32ec-4049-4a37-803d-f3350d436df1 HTTP/1.1" status: 200 len: 3139 time: 0.0304482
2026-04-12 21:50:51.680 9 INFO neutron.api.wsgi [req-2c7421f5-89a4-4011-b591-4ea2d8231667 req-86449f40-7448-4f6f-b2be-4befa11c6fe6 a64f2c4d3a324d5d9f20cbe88959aa1b c5ccb6a12e7d4803a4b455fbf8e88a21 - - default default] 10.0.0.69 "DELETE /v2.0/security-group-rules/0230f6b1-044a-4056-b5c7-80b626def379 HTTP/1.1" status: 204 len: 173 time: 0.1412778
2026-04-12 21:50:51.723 10 INFO neutron.api.wsgi [req-cdbb4166-c70c-49b8-9b71-d80de04a1d09 req-5c6fc95b-ad8c-4971-a921-7c688f78d34f a64f2c4d3a324d5d9f20cbe88959aa1b c5ccb6a12e7d4803a4b455fbf8e88a21 - - default default] 10.0.0.69 "GET /v2.0/security-groups/469c32ec-4049-4a37-803d-f3350d436df1 HTTP/1.1" status: 200 len: 2509 time: 0.0244327
2026-04-12 21:50:51.851 10 INFO neutron.api.wsgi [req-cdbb4166-c70c-49b8-9b71-d80de04a1d09 req-1f209384-1776-4b42-8962-ccd76ad302b2 a64f2c4d3a324d5d9f20cbe88959aa1b c5ccb6a12e7d4803a4b455fbf8e88a21 - - default default] 10.0.0.69 "DELETE /v2.0/security-groups/469c32ec-4049-4a37-803d-f3350d436df1 HTTP/1.1" status: 204 len: 173 time: 0.1244662
2026-04-12 21:50:51.853 9 INFO neutron.api.wsgi [req-21d65b5b-7092-43d9-90e6-740faa8867a2 req-539b137f-9545-48ea-bc0c-8ff7629a9905 4b40f74b9ac549d7aa9124e65b8f2057 4125b6f5b33d46a9988e90db2d3d806d - - default default] 10.0.0.69 "GET /v2.0/ports?device_id=33c6e2ab-c159-40ae-b03a-b6e95924f59e HTTP/1.1" status: 200 len: 210 time: 0.0226715
2026-04-12 21:50:51.890 10 INFO neutron.api.wsgi [req-024341a8-e7d2-413e-af87-f3c951579c88 req-ad077d2b-ad6d-42db-85f9-3ef63fa01bbe a64f2c4d3a324d5d9f20cbe88959aa1b c5ccb6a12e7d4803a4b455fbf8e88a21 - - default default] 10.0.0.69 "GET /v2.0/security-groups/eafc3a17-4b88-4ee0-bb0d-78337c26f773 HTTP/1.1" status: 200 len: 2509 time: 0.0231237
2026-04-12 21:50:51.989 10 INFO neutron.api.wsgi [req-024341a8-e7d2-413e-af87-f3c951579c88 req-652ed295-1d5f-4760-9473-e7ce2de30551 a64f2c4d3a324d5d9f20cbe88959aa1b c5ccb6a12e7d4803a4b455fbf8e88a21 - - default default] 10.0.0.69 "DELETE /v2.0/security-groups/eafc3a17-4b88-4ee0-bb0d-78337c26f773 HTTP/1.1" status: 204 len: 173 time: 0.0936096
2026-04-12 21:50:52.293 9 INFO neutron.api.wsgi [req-c8c51d70-cdb8-4845-b462-c097903a8079 req-26c1a2a1-97f6-45f4-b6f3-8a847dbe3160 b78005a27a48480eb930a93c78963691 4b8b337872df46cd98f1ee50e7ce4401 - - default default] 10.0.0.69 "GET /v2.0/ports?device_id=cba31653-1ba4-4d44-a110-a252915ecdeb HTTP/1.1" status: 200 len: 210 time: 0.0185473
2026-04-12 21:50:52.326 10 WARNING neutron.plugins.ml2.drivers.ovn.mech_driver.ovsdb.ovn_client [None req-d0c8e6dd-bda0-485f-bcbf-cbf0a7882e5e - - - - - -] No hosting information found for port 33e7a999-830c-4bbe-a15d-577299a13827: RuntimeError: No hosting information found for port 33e7a999-830c-4bbe-a15d-577299a13827
2026-04-12 21:50:52.496 10 INFO neutron.api.wsgi [req-585e0b62-4e37-4e9e-9414-b68fa68f79ce req-06c9d2ca-c38a-424e-93c4-e40314ca0f29 caa67bfb76fd4febb0e3a2d63c3f8db8 e313c1cc6dd5405d81753afeacdb22c9 - - default default] 10.0.0.69 "GET /v2.0/security-groups?name=tempest-securitygroup--1946540456&fields=id&tenant_id=e313c1cc6dd5405d81753afeacdb22c9 HTTP/1.1" status: 200 len: 267 time: 0.0490170
2026-04-12 21:50:52.547 10 INFO neutron.db.ovn_revision_numbers_db [None req-d0c8e6dd-bda0-485f-bcbf-cbf0a7882e5e - - - - - -] Successfully bumped revision number for resource 33e7a999-830c-4bbe-a15d-577299a13827 (type: router_ports) to 2
2026-04-12 21:50:52.547 10 INFO neutron.plugins.ml2.drivers.ovn.mech_driver.mech_driver [None req-d0c8e6dd-bda0-485f-bcbf-cbf0a7882e5e - - - - - -] OVN reports status up for port: df265b3a-29d8-418e-8c20-b38ba91cb024
2026-04-12 21:50:52.557 10 INFO neutron.plugins.ml2.plugin [None req-d0c8e6dd-bda0-485f-bcbf-cbf0a7882e5e - - - - - -] Attempt 1 to provision port df265b3a-29d8-418e-8c20-b38ba91cb024
2026-04-12 21:50:52.561 10 INFO neutron.api.wsgi [req-585e0b62-4e37-4e9e-9414-b68fa68f79ce req-2fbf0b11-e2f5-4e8c-903c-fa60e8203411 caa67bfb76fd4febb0e3a2d63c3f8db8 e313c1cc6dd5405d81753afeacdb22c9 - - default default] 10.0.0.69 "GET /v2.0/networks?id=fa502eb7-033a-45a9-bce6-c7f51d56211c HTTP/1.1" status: 200 len: 879 time: 0.0575655
2026-04-12 21:50:52.578 10 INFO neutron.api.wsgi [req-585e0b62-4e37-4e9e-9414-b68fa68f79ce req-679cb4f9-95d4-4d7a-9521-507345244402 caa67bfb76fd4febb0e3a2d63c3f8db8 e313c1cc6dd5405d81753afeacdb22c9 - - default default] 10.0.0.69 "GET /v2.0/quotas/e313c1cc6dd5405d81753afeacdb22c9 HTTP/1.1" status: 200 len: 491 time: 0.0102088
2026-04-12 21:50:52.662 10 INFO neutron.api.wsgi [req-585e0b62-4e37-4e9e-9414-b68fa68f79ce req-25984121-de22-460c-b807-2ce3af856d9c caa67bfb76fd4febb0e3a2d63c3f8db8 e313c1cc6dd5405d81753afeacdb22c9 - - default default] 10.0.0.69 "GET /v2.0/ports?tenant_id=e313c1cc6dd5405d81753afeacdb22c9&fields=id HTTP/1.1" status: 200 len: 302 time: 0.0775282
2026-04-12 21:50:52.754 10 INFO neutron.api.wsgi [req-585e0b62-4e37-4e9e-9414-b68fa68f79ce req-1cef61ac-917d-404e-89d1-0f6576d80c2d 69f8ad1a45954b309f99a02f0823d47e 5fe509aa54f84f9daa5dfe279dd8521a - - f26d5f8b5eea4776bdf6fce6462c9921 f26d5f8b5eea4776bdf6fce6462c9921] 10.0.0.69 "GET /v2.0/networks/fa502eb7-033a-45a9-bce6-c7f51d56211c?fields=segments HTTP/1.1" status: 200 len: 212 time: 0.0710142
2026-04-12 21:50:52.832 10 INFO neutron.api.wsgi [req-585e0b62-4e37-4e9e-9414-b68fa68f79ce req-04f0ee9d-d042-4287-a64d-5d8e201e9c90 69f8ad1a45954b309f99a02f0823d47e 5fe509aa54f84f9daa5dfe279dd8521a - - f26d5f8b5eea4776bdf6fce6462c9921 f26d5f8b5eea4776bdf6fce6462c9921] 10.0.0.69 "GET /v2.0/networks/fa502eb7-033a-45a9-bce6-c7f51d56211c?fields=provider%3Aphysical_network&fields=provider%3Anetwork_type HTTP/1.1" status: 200 len: 277 time: 0.0694790
2026-04-12 21:50:52.931 9 INFO neutron.api.wsgi [req-4b210681-5c8a-4ac7-8d1e-6feee876d3f4 req-f0401112-acc1-46d0-b3de-fc936a273683 4b40f74b9ac549d7aa9124e65b8f2057 4125b6f5b33d46a9988e90db2d3d806d - - default default] 10.0.0.69 "GET /v2.0/ports?device_id=33c6e2ab-c159-40ae-b03a-b6e95924f59e HTTP/1.1" status: 200 len: 210 time: 0.0182724
2026-04-12 21:50:53.052 10 INFO neutron.db.ovn_revision_numbers_db [None req-d0c8e6dd-bda0-485f-bcbf-cbf0a7882e5e - - - - - -] Successfully bumped revision number for resource df265b3a-29d8-418e-8c20-b38ba91cb024 (type: ports) to 2
2026-04-12 21:50:53.120 9 INFO neutron.api.wsgi [req-abef8f3f-0624-45fb-9cf7-a554c071a027 req-31c90c45-658b-4e4e-8967-8da4dcd808e8 caa67bfb76fd4febb0e3a2d63c3f8db8 e313c1cc6dd5405d81753afeacdb22c9 - - default default] 10.0.0.69 "GET /v2.0/ports?device_id=70d28329-600c-417c-aac7-ac23503205e0 HTTP/1.1" status: 200 len: 210 time: 0.0215385 /var/lib/openstack/lib/python3.12/site-packages/pycadf/identifier.py:71: UserWarning: Invalid uuid: neutron. To ensure interoperability, identifiers should be a valid uuid. warnings.warn(('Invalid uuid: %s. To ensure interoperability, '
2026-04-12 21:50:53.396 10 INFO neutron.api.wsgi [None req-4f8183ba-b0f7-476d-8007-bd1be9c0fddc a567ec0a27104407b95cbb39e5809502 8a4ca2cca7574d2289ce86cc5ffab9bc - - default default] 10.0.0.252 "PUT /v2.0/routers/ed8b0a1b-c62b-4ad3-b5f1-420cad2ec663/remove_router_interface HTTP/1.1" status: 200 len: 503 time: 1.4009242
2026-04-12 21:50:53.400 10 INFO neutron.api.wsgi [req-4fc53cfb-e348-4817-ac73-74092ae1cd90 req-10008abf-75b6-4839-b06f-83548147c0e9 b78005a27a48480eb930a93c78963691 4b8b337872df46cd98f1ee50e7ce4401 - - default default] 10.0.0.69 "GET /v2.0/ports?device_id=cba31653-1ba4-4d44-a110-a252915ecdeb HTTP/1.1" status: 200 len: 210 time: 0.0242584
2026-04-12 21:50:54.004 9 INFO neutron.api.wsgi [None req-b764acc2-174b-4e35-8610-f9f257d1d8e0 a567ec0a27104407b95cbb39e5809502 8a4ca2cca7574d2289ce86cc5ffab9bc - - default default] 10.0.0.252 "DELETE /v2.0/routers/ed8b0a1b-c62b-4ad3-b5f1-420cad2ec663 HTTP/1.1" status: 204 len: 168 time: 0.6031275
2026-04-12 21:50:54.035 9 INFO neutron.api.wsgi [req-3b4e7d4c-6c58-4a34-b499-c67e3599fd60 req-89d7c722-9987-43bf-bd5e-4e9f97664360 4b40f74b9ac549d7aa9124e65b8f2057 4125b6f5b33d46a9988e90db2d3d806d - - default default] 10.0.0.69 "GET /v2.0/ports?device_id=33c6e2ab-c159-40ae-b03a-b6e95924f59e HTTP/1.1" status: 200 len: 210 time: 0.0299222
2026-04-12 21:50:54.199 10 INFO neutron.api.wsgi [req-b5ec4f34-a8a0-4b79-874c-81b5ec73ea92 req-eed5c3ac-d254-4345-aff1-f208f60405c3 caa67bfb76fd4febb0e3a2d63c3f8db8 e313c1cc6dd5405d81753afeacdb22c9 - - default default] 10.0.0.69 "GET /v2.0/ports?device_id=70d28329-600c-417c-aac7-ac23503205e0 HTTP/1.1" status: 200 len: 210 time: 0.0197380
2026-04-12 21:50:54.326 9 INFO neutron.api.wsgi [None req-cf8601be-0945-47c3-9474-c5cc2df9fad4 a567ec0a27104407b95cbb39e5809502 8a4ca2cca7574d2289ce86cc5ffab9bc - - default default] 10.0.0.252 "DELETE /v2.0/subnets/3b58cd66-a9fd-46d9-952b-07bcd36566e6 HTTP/1.1" status: 204 len: 168 time: 0.3188894
2026-04-12 21:50:54.483 9 INFO neutron.api.wsgi [req-662fb4e3-450c-42e0-91e4-316ed736b88b req-538dc462-801c-4f2e-82cd-9529bdb49f1e b78005a27a48480eb930a93c78963691 4b8b337872df46cd98f1ee50e7ce4401 - - default default] 10.0.0.69 "GET /v2.0/ports?device_id=cba31653-1ba4-4d44-a110-a252915ecdeb HTTP/1.1" status: 200 len: 210 time: 0.0287023
2026-04-12 21:50:54.707 9 INFO neutron.api.wsgi [None req-9fa3233b-0dc0-4a96-890d-bc5c8ade213a a567ec0a27104407b95cbb39e5809502 8a4ca2cca7574d2289ce86cc5ffab9bc - - default default] 10.0.0.252 "DELETE /v2.0/networks/106263e3-d3df-44fd-8c4f-e1ac83808c77 HTTP/1.1" status: 204 len: 168 time: 0.3764801
2026-04-12 21:50:54.913 10 INFO neutron.api.wsgi [None req-f54c5cd8-6b29-43bb-bc43-c41f7a1d3116 a567ec0a27104407b95cbb39e5809502 8a4ca2cca7574d2289ce86cc5ffab9bc - - default default] 10.0.0.252 "GET /v2.0/security-groups?tenant_id=c5ccb6a12e7d4803a4b455fbf8e88a21&name=default HTTP/1.1" status: 200 len: 3116 time: 0.0387189
2026-04-12 21:50:55.117 10 INFO neutron.api.wsgi [req-c1c1ed32-1a73-4e66-837f-0f5d5befc983 req-c1c0dbf3-54db-454b-a05d-487434269cf4 4b40f74b9ac549d7aa9124e65b8f2057 4125b6f5b33d46a9988e90db2d3d806d - - default default] 10.0.0.69 "GET /v2.0/ports?device_id=33c6e2ab-c159-40ae-b03a-b6e95924f59e HTTP/1.1" status: 200 len: 210 time: 0.0197856
2026-04-12 21:50:55.169 9 INFO neutron.services.segments.plugin [-] Segment ee8f8712-6ffc-4783-af78-9ab55f475a31 resource provider aggregate not found
2026-04-12 21:50:55.169 10 INFO neutron.api.wsgi [None req-7056dd30-71bb-4526-bc3c-267018f596d4 a567ec0a27104407b95cbb39e5809502 8a4ca2cca7574d2289ce86cc5ffab9bc - - default default] 10.0.0.252 "DELETE /v2.0/security-groups/20c29574-5b83-4781-88a2-dea52532aad5 HTTP/1.1" status: 204 len: 168 time: 0.2509243
2026-04-12 21:50:55.181 9 INFO neutron.services.segments.plugin [-] Segment ee8f8712-6ffc-4783-af78-9ab55f475a31 resource provider aggregate not found
2026-04-12 21:50:55.194 9 INFO neutron.services.segments.plugin [-] Segment ee8f8712-6ffc-4783-af78-9ab55f475a31 resource provider not found; error: Placement Client Error (4xx): {"errors": [{"status": 404, "title": "Not Found", "detail": "The resource could not be found.\n\n No resource provider with uuid ee8f8712-6ffc-4783-af78-9ab55f475a31 found for delete ", "request_id": "req-c1d4e253-1f11-4ab6-baf2-323894e8de94"}]}
2026-04-12 21:50:55.201 9 INFO neutron.services.segments.plugin [-] Segment ee8f8712-6ffc-4783-af78-9ab55f475a31 resource provider not found; error: Placement Client Error (4xx): {"errors": [{"status": 404, "title": "Not Found", "detail": "The resource could not be found.\n\n No resource provider with uuid ee8f8712-6ffc-4783-af78-9ab55f475a31 found for delete ", "request_id": "req-99a9da99-e4d5-469d-a1cc-18c1162d597e"}]}
2026-04-12 21:50:55.222 9 INFO neutron.api.wsgi [req-c57d49b7-a167-4405-889c-5cfc03cec46a req-4739fdc1-b5ba-4094-aa39-1650604fcfdf b78005a27a48480eb930a93c78963691 4b8b337872df46cd98f1ee50e7ce4401 - - default default] 199.204.45.244 "GET /v2.0/networks?id=6df4a87b-00e0-4573-af2e-51c48b14d3fd HTTP/1.1" status: 200 len: 875 time: 0.2718759
2026-04-12 21:50:55.286 9 INFO neutron.api.wsgi [req-82413441-41e6-4d9c-a7fd-7dd1f97f1c97 req-1e305e0b-57e4-469e-9245-1d9641fa99b1 caa67bfb76fd4febb0e3a2d63c3f8db8 e313c1cc6dd5405d81753afeacdb22c9 - - default default] 10.0.0.69 "GET /v2.0/ports?device_id=70d28329-600c-417c-aac7-ac23503205e0 HTTP/1.1" status: 200 len: 210 time: 0.0196459
2026-04-12 21:50:55.303 9 INFO neutron.api.wsgi [req-c57d49b7-a167-4405-889c-5cfc03cec46a req-5aee57d3-8b12-4c22-8f36-30e5fb06e722 b78005a27a48480eb930a93c78963691 4b8b337872df46cd98f1ee50e7ce4401 - - default default] 199.204.45.244 "GET /v2.0/security-groups?fields=id&fields=name&tenant_id=4b8b337872df46cd98f1ee50e7ce4401 HTTP/1.1" status: 200 len: 380 time: 0.0624607
2026-04-12 21:50:55.310 9 WARNING neutron_lib.context [req-c57d49b7-a167-4405-889c-5cfc03cec46a req-b6aa992f-9209-4124-977a-d68f069b9d53 b78005a27a48480eb930a93c78963691 4b8b337872df46cd98f1ee50e7ce4401 - - default default] Method 'is_advsvc' is deprecated since 2023.2 release (neutron-lib 3.8.0) and will be removed once support for the old RBAC API policies will be removed from Neutron. Please use method 'is_service_role' instead.
2026-04-12 21:50:55.558 10 INFO neutron.api.wsgi [req-a6678f7d-f470-46a9-9923-400e7ff590b1 req-8d3a1be1-404c-4cbb-8378-44153ad08870 b78005a27a48480eb930a93c78963691 4b8b337872df46cd98f1ee50e7ce4401 - - default default] 10.0.0.69 "GET /v2.0/ports?device_id=cba31653-1ba4-4d44-a110-a252915ecdeb HTTP/1.1" status: 200 len: 210 time: 0.0187993
2026-04-12 21:50:55.604 9 WARNING neutron.scheduler.dhcp_agent_scheduler [req-c57d49b7-a167-4405-889c-5cfc03cec46a req-b6aa992f-9209-4124-977a-d68f069b9d53 b78005a27a48480eb930a93c78963691 4b8b337872df46cd98f1ee50e7ce4401 - - default default] No more DHCP agents
2026-04-12 21:50:55.605 9 WARNING neutron.api.rpc.agentnotifiers.dhcp_rpc_agent_api [req-c57d49b7-a167-4405-889c-5cfc03cec46a req-b6aa992f-9209-4124-977a-d68f069b9d53 b78005a27a48480eb930a93c78963691 4b8b337872df46cd98f1ee50e7ce4401 - - default default] Unable to schedule network 6df4a87b-00e0-4573-af2e-51c48b14d3fd: no agents available; will retry on subsequent port and subnet creation events.
2026-04-12 21:50:55.710 9 INFO neutron.db.ovn_revision_numbers_db [req-c57d49b7-a167-4405-889c-5cfc03cec46a req-b6aa992f-9209-4124-977a-d68f069b9d53 b78005a27a48480eb930a93c78963691 4b8b337872df46cd98f1ee50e7ce4401 - - default default] Successfully bumped revision number for resource e9c69e07-96f1-4b43-96a4-8f098640b0f2 (type: ports) to 1
2026-04-12 21:50:55.729 9 INFO neutron.api.wsgi [req-c57d49b7-a167-4405-889c-5cfc03cec46a req-b6aa992f-9209-4124-977a-d68f069b9d53 b78005a27a48480eb930a93c78963691 4b8b337872df46cd98f1ee50e7ce4401 - - default default] 199.204.45.244 "POST /v2.0/ports HTTP/1.1" status: 201 len: 1158 time: 0.4237049 /var/lib/openstack/lib/python3.12/site-packages/pycadf/identifier.py:71: UserWarning: Invalid uuid: neutron. To ensure interoperability, identifiers should be a valid uuid. warnings.warn(('Invalid uuid: %s. To ensure interoperability, '
2026-04-12 21:50:55.737 9 INFO neutron.api.wsgi [req-c57d49b7-a167-4405-889c-5cfc03cec46a req-667e3db8-b08d-4b0e-9323-22edcb7bb374 b78005a27a48480eb930a93c78963691 4b8b337872df46cd98f1ee50e7ce4401 - - default default] 199.204.45.244 "GET /v2.0/extensions HTTP/1.1" status: 200 len: 19298 time: 0.0051994
2026-04-12 21:50:56.194 9 INFO neutron.api.wsgi [req-7c232d33-9abf-4abc-a81c-d8789bb8a985 req-b4f8be15-b646-439a-b24d-757b6ac41028 4b40f74b9ac549d7aa9124e65b8f2057 4125b6f5b33d46a9988e90db2d3d806d - - default default] 10.0.0.69 "GET /v2.0/ports?device_id=33c6e2ab-c159-40ae-b03a-b6e95924f59e HTTP/1.1" status: 200 len: 210 time: 0.0166700
2026-04-12 21:50:56.366 10 INFO neutron.api.wsgi [req-f74be5b1-6013-4205-bf15-1a7cf2811a64 req-cb0dfab6-c6c9-42ad-88f0-a74ad9244d05 caa67bfb76fd4febb0e3a2d63c3f8db8 e313c1cc6dd5405d81753afeacdb22c9 - - default default] 10.0.0.69 "GET /v2.0/ports?device_id=70d28329-600c-417c-aac7-ac23503205e0 HTTP/1.1" status: 200 len: 210 time: 0.0167530
2026-04-12 21:50:56.523 9 INFO neutron.db.ovn_revision_numbers_db [req-c57d49b7-a167-4405-889c-5cfc03cec46a req-de6a1792-5aea-45e2-9ddb-0d13cf11a34d 69f8ad1a45954b309f99a02f0823d47e 5fe509aa54f84f9daa5dfe279dd8521a - - f26d5f8b5eea4776bdf6fce6462c9921 f26d5f8b5eea4776bdf6fce6462c9921] Successfully bumped revision number for resource e9c69e07-96f1-4b43-96a4-8f098640b0f2 (type: ports) to 2 /var/lib/openstack/lib/python3.12/site-packages/pycadf/identifier.py:71: UserWarning: Invalid uuid: neutron. To ensure interoperability, identifiers should be a valid uuid. warnings.warn(('Invalid uuid: %s. To ensure interoperability, '
2026-04-12 21:50:56.698 9 INFO neutron.api.wsgi [req-3e4a474d-4a59-43a9-81b5-179e3efb188d req-6e8f85d9-7cff-45da-96d3-73b0a6fc2c7d b78005a27a48480eb930a93c78963691 4b8b337872df46cd98f1ee50e7ce4401 - - default default] 10.0.0.69 "GET /v2.0/ports?device_id=cba31653-1ba4-4d44-a110-a252915ecdeb HTTP/1.1" status: 200 len: 1168 time: 0.0767689 /var/lib/openstack/lib/python3.12/site-packages/pycadf/identifier.py:71: UserWarning: Invalid uuid: neutron. To ensure interoperability, identifiers should be a valid uuid. warnings.warn(('Invalid uuid: %s. To ensure interoperability, '
2026-04-12 21:50:56.746 9 INFO neutron.db.ovn_revision_numbers_db [req-c57d49b7-a167-4405-889c-5cfc03cec46a req-de6a1792-5aea-45e2-9ddb-0d13cf11a34d 69f8ad1a45954b309f99a02f0823d47e 5fe509aa54f84f9daa5dfe279dd8521a - - f26d5f8b5eea4776bdf6fce6462c9921 f26d5f8b5eea4776bdf6fce6462c9921] Successfully bumped revision number for resource e9c69e07-96f1-4b43-96a4-8f098640b0f2 (type: ports) to 4
2026-04-12 21:50:56.763 9 INFO neutron.api.wsgi [req-3e4a474d-4a59-43a9-81b5-179e3efb188d req-6594c192-6119-4197-af23-954df513f11d b78005a27a48480eb930a93c78963691 4b8b337872df46cd98f1ee50e7ce4401 - - default default] 10.0.0.69 "GET /v2.0/security-groups?id=9ee2e65f-d91e-469f-96f9-fdf5cc0d4ed1&fields=id&fields=name HTTP/1.1" status: 200 len: 313 time: 0.0498462
2026-04-12 21:50:56.778 9 INFO neutron.api.wsgi [req-c57d49b7-a167-4405-889c-5cfc03cec46a req-de6a1792-5aea-45e2-9ddb-0d13cf11a34d 69f8ad1a45954b309f99a02f0823d47e 5fe509aa54f84f9daa5dfe279dd8521a - - f26d5f8b5eea4776bdf6fce6462c9921 f26d5f8b5eea4776bdf6fce6462c9921] 199.204.45.244 "PUT /v2.0/ports/e9c69e07-96f1-4b43-96a4-8f098640b0f2 HTTP/1.1" status: 200 len: 1404 time: 0.6908431
2026-04-12 21:50:56.805 10 INFO neutron.api.wsgi [req-a9dffcff-27de-49d6-80f8-ca491770fe8c req-5f54e662-2659-45e7-8838-191c9e28ea5d 4b40f74b9ac549d7aa9124e65b8f2057 4125b6f5b33d46a9988e90db2d3d806d - - default default] 199.204.45.244 "GET /v2.0/networks?id=a1a8ddf6-813a-4293-aa37-5c4fad35f746 HTTP/1.1" status: 200 len: 875 time: 0.0508893
2026-04-12 21:50:56.853 10 INFO neutron.api.wsgi [req-a9dffcff-27de-49d6-80f8-ca491770fe8c req-357e1b37-fb9c-474e-a0d6-c29d580ba6d1 4b40f74b9ac549d7aa9124e65b8f2057 4125b6f5b33d46a9988e90db2d3d806d - - default default] 199.204.45.244 "GET /v2.0/security-groups?fields=id&fields=name&tenant_id=4125b6f5b33d46a9988e90db2d3d806d HTTP/1.1" status: 200 len: 380 time: 0.0422084
2026-04-12 21:50:56.860 10 WARNING neutron_lib.context [req-a9dffcff-27de-49d6-80f8-ca491770fe8c req-b8a37cc1-42f2-4fec-95b3-e16d97c9682a 4b40f74b9ac549d7aa9124e65b8f2057 4125b6f5b33d46a9988e90db2d3d806d - - default default] Method 'is_advsvc' is deprecated since 2023.2 release (neutron-lib 3.8.0) and will be removed once support for the old RBAC API policies will be removed from Neutron. Please use method 'is_service_role' instead.
2026-04-12 21:50:57.167 9 INFO neutron.db.ovn_revision_numbers_db [None req-677e73ed-376d-4da1-94e4-85bf71840b33 a567ec0a27104407b95cbb39e5809502 8a4ca2cca7574d2289ce86cc5ffab9bc - - default default] Successfully bumped revision number for resource 0e250ddf-310f-4bf3-8a56-f0d6abe4695a (type: security_groups) to 1
2026-04-12 21:50:57.183 9 INFO neutron.db.ovn_revision_numbers_db [None req-677e73ed-376d-4da1-94e4-85bf71840b33 a567ec0a27104407b95cbb39e5809502 8a4ca2cca7574d2289ce86cc5ffab9bc - - default default] Successfully bumped revision number for resource 55c941c0-1333-47f3-bc4a-cb1fc008f0ae (type: security_group_rules) to 0
2026-04-12 21:50:57.198 9 INFO neutron.db.ovn_revision_numbers_db [None req-677e73ed-376d-4da1-94e4-85bf71840b33 a567ec0a27104407b95cbb39e5809502 8a4ca2cca7574d2289ce86cc5ffab9bc - - default default] Successfully bumped revision number for resource 69e06bf8-1464-4f6a-87f5-628649727796 (type: security_group_rules) to 0
2026-04-12 21:50:57.203 10 WARNING neutron.scheduler.dhcp_agent_scheduler [req-a9dffcff-27de-49d6-80f8-ca491770fe8c req-b8a37cc1-42f2-4fec-95b3-e16d97c9682a 4b40f74b9ac549d7aa9124e65b8f2057 4125b6f5b33d46a9988e90db2d3d806d - - default default] No more DHCP agents
2026-04-12 21:50:57.205 10 WARNING neutron.api.rpc.agentnotifiers.dhcp_rpc_agent_api [req-a9dffcff-27de-49d6-80f8-ca491770fe8c req-b8a37cc1-42f2-4fec-95b3-e16d97c9682a 4b40f74b9ac549d7aa9124e65b8f2057 4125b6f5b33d46a9988e90db2d3d806d - - default default] Unable to schedule network a1a8ddf6-813a-4293-aa37-5c4fad35f746: no agents available; will retry on subsequent port and subnet creation events.
2026-04-12 21:50:57.211 9 INFO neutron.db.ovn_revision_numbers_db [None req-677e73ed-376d-4da1-94e4-85bf71840b33 a567ec0a27104407b95cbb39e5809502 8a4ca2cca7574d2289ce86cc5ffab9bc - - default default] Successfully bumped revision number for resource 6e1abb1c-daab-4c4c-bc3c-006875d42a6d (type: security_group_rules) to 0
2026-04-12 21:50:57.225 9 INFO neutron.db.ovn_revision_numbers_db [None req-677e73ed-376d-4da1-94e4-85bf71840b33 a567ec0a27104407b95cbb39e5809502 8a4ca2cca7574d2289ce86cc5ffab9bc - - default default] Successfully bumped revision number for resource e95e1cfc-d496-40b4-ad2d-fb1a3552ca49 (type: security_group_rules) to 0
2026-04-12 21:50:57.262 9 INFO neutron.notifiers.nova [-] Nova event matching ['req-66ed6b77-f9e7-4402-a8b1-4ed569100d0d'] response: {'name': 'network-changed', 'server_uuid': 'cba31653-1ba4-4d44-a110-a252915ecdeb', 'tag': 'e9c69e07-96f1-4b43-96a4-8f098640b0f2', 'status': 'completed', 'code': 200}
2026-04-12 21:50:57.313 9 INFO neutron.db.segments_db [None req-677e73ed-376d-4da1-94e4-85bf71840b33 a567ec0a27104407b95cbb39e5809502 8a4ca2cca7574d2289ce86cc5ffab9bc - - default default] Added segment 3472232d-f1a7-4510-9793-744272db2c9b of type geneve for network 5820c311-f941-4671-a0ae-4f38b03a5490
2026-04-12 21:50:57.317 10 INFO neutron.db.ovn_revision_numbers_db [req-a9dffcff-27de-49d6-80f8-ca491770fe8c req-b8a37cc1-42f2-4fec-95b3-e16d97c9682a 4b40f74b9ac549d7aa9124e65b8f2057 4125b6f5b33d46a9988e90db2d3d806d - - default default] Successfully bumped revision number for resource e1e3ed7c-20b1-447b-800f-2d8de5817db1 (type: ports) to 1
2026-04-12 21:50:57.340 10 INFO neutron.api.wsgi [req-a9dffcff-27de-49d6-80f8-ca491770fe8c req-b8a37cc1-42f2-4fec-95b3-e16d97c9682a 4b40f74b9ac549d7aa9124e65b8f2057 4125b6f5b33d46a9988e90db2d3d806d - - default default] 199.204.45.244 "POST /v2.0/ports HTTP/1.1" status: 201 len: 1162 time: 0.4842477
2026-04-12 21:50:57.346 9 INFO neutron.api.wsgi [req-15ca1901-3b2f-4bc8-9345-ed19c669b1cd req-a5e690fe-8f31-4123-bd38-43ef40e3c5c4 4b40f74b9ac549d7aa9124e65b8f2057 4125b6f5b33d46a9988e90db2d3d806d - - default default] 10.0.0.69 "GET /v2.0/ports?device_id=33c6e2ab-c159-40ae-b03a-b6e95924f59e HTTP/1.1" status: 200 len: 1160 time: 0.0955694 /var/lib/openstack/lib/python3.12/site-packages/pycadf/identifier.py:71: UserWarning: Invalid uuid: neutron. To ensure interoperability, identifiers should be a valid uuid. warnings.warn(('Invalid uuid: %s. To ensure interoperability, '
2026-04-12 21:50:57.396 9 INFO neutron.api.wsgi [req-15ca1901-3b2f-4bc8-9345-ed19c669b1cd req-7abd473d-7f13-48a1-a61c-636cd302c7e9 4b40f74b9ac549d7aa9124e65b8f2057 4125b6f5b33d46a9988e90db2d3d806d - - default default] 10.0.0.69 "GET /v2.0/security-groups?id=a9fc0849-c808-4dff-aaf1-b1d8647644ca&fields=id&fields=name HTTP/1.1" status: 200 len: 313 time: 0.0453305
2026-04-12 21:50:57.442 9 INFO neutron.db.ovn_revision_numbers_db [None req-677e73ed-376d-4da1-94e4-85bf71840b33 a567ec0a27104407b95cbb39e5809502 8a4ca2cca7574d2289ce86cc5ffab9bc - - default default] Successfully bumped revision number for resource 5820c311-f941-4671-a0ae-4f38b03a5490 (type: networks) to 1
2026-04-12 21:50:57.457 10 INFO neutron.api.wsgi [req-26bd003d-aed9-47b5-967f-a8af49b872cd req-8389a8eb-472c-49e0-8eae-bcc5ddcf0cf7 caa67bfb76fd4febb0e3a2d63c3f8db8 e313c1cc6dd5405d81753afeacdb22c9 - - default default] 10.0.0.69 "GET /v2.0/ports?device_id=70d28329-600c-417c-aac7-ac23503205e0 HTTP/1.1" status: 200 len: 210 time: 0.0238438
2026-04-12 21:50:57.491 10 WARNING neutron.plugins.ml2.drivers.ovn.mech_driver.ovsdb.ovn_client [None req-5e8b0e76-d2cc-449f-b601-ed82ddab20c2 - - - - - -] No hosting information found for port df265b3a-29d8-418e-8c20-b38ba91cb024: RuntimeError: No hosting information found for port df265b3a-29d8-418e-8c20-b38ba91cb024
2026-04-12 21:50:57.566 9 WARNING neutron.scheduler.dhcp_agent_scheduler [None req-677e73ed-376d-4da1-94e4-85bf71840b33 a567ec0a27104407b95cbb39e5809502 8a4ca2cca7574d2289ce86cc5ffab9bc - - default default] No more DHCP agents
2026-04-12 21:50:57.567 9 WARNING neutron.api.rpc.agentnotifiers.dhcp_rpc_agent_api [None req-677e73ed-376d-4da1-94e4-85bf71840b33 a567ec0a27104407b95cbb39e5809502 8a4ca2cca7574d2289ce86cc5ffab9bc - - default default] Unable to schedule network 5820c311-f941-4671-a0ae-4f38b03a5490: no agents available; will retry on subsequent port and subnet creation events.
2026-04-12 21:50:57.614 10 INFO neutron.db.ovn_revision_numbers_db [None req-5e8b0e76-d2cc-449f-b601-ed82ddab20c2 - - - - - -] Successfully bumped revision number for resource df265b3a-29d8-418e-8c20-b38ba91cb024 (type: router_ports) to 2
2026-04-12 21:50:57.614 10 INFO neutron.plugins.ml2.drivers.ovn.mech_driver.mech_driver [None req-5e8b0e76-d2cc-449f-b601-ed82ddab20c2 - - - - - -] OVN reports status up for port: 066d98c2-4d6b-4fd7-9696-5c36ad4bafde
2026-04-12 21:50:57.631 9 INFO neutron.db.ovn_revision_numbers_db [None req-677e73ed-376d-4da1-94e4-85bf71840b33 a567ec0a27104407b95cbb39e5809502 8a4ca2cca7574d2289ce86cc5ffab9bc - - default default] Successfully bumped revision number for resource 79338dce-49cc-433e-9b42-949f55080991 (type: ports) to 1
2026-04-12 21:50:57.651 9 INFO neutron.api.wsgi [None req-677e73ed-376d-4da1-94e4-85bf71840b33 a567ec0a27104407b95cbb39e5809502 8a4ca2cca7574d2289ce86cc5ffab9bc - - default default] 10.0.0.252 "POST /v2.0/networks HTTP/1.1" status: 201 len: 947 time: 0.7846658
