2026-04-12 21:51:24.939 10 INFO neutron.db.ovn_revision_numbers_db [None req-d55cde1b-3946-424c-a53b-0f7995b39128 a567ec0a27104407b95cbb39e5809502 8a4ca2cca7574d2289ce86cc5ffab9bc - - default default] Successfully bumped revision number for resource 87da9d02-6a6e-4238-bb38-bf90155f55f0 (type: security_groups) to 1
2026-04-12 21:51:24.970 10 INFO neutron.db.ovn_revision_numbers_db [None req-d55cde1b-3946-424c-a53b-0f7995b39128 a567ec0a27104407b95cbb39e5809502 8a4ca2cca7574d2289ce86cc5ffab9bc - - default default] Successfully bumped revision number for resource 1e63c43b-2ae4-4a69-b9ca-d4e5a0540a86 (type: security_group_rules) to 0
2026-04-12 21:51:24.985 10 INFO neutron.db.ovn_revision_numbers_db [None req-d55cde1b-3946-424c-a53b-0f7995b39128 a567ec0a27104407b95cbb39e5809502 8a4ca2cca7574d2289ce86cc5ffab9bc - - default default] Successfully bumped revision number for resource 69db130e-f5ff-48a9-b289-701a9046952a (type: security_group_rules) to 0
2026-04-12 21:51:24.999 10 INFO neutron.db.ovn_revision_numbers_db [None req-d55cde1b-3946-424c-a53b-0f7995b39128 a567ec0a27104407b95cbb39e5809502 8a4ca2cca7574d2289ce86cc5ffab9bc - - default default] Successfully bumped revision number for resource c52606d1-7b4f-4ca9-aa31-92b4e9bdd913 (type: security_group_rules) to 0
2026-04-12 21:51:25.010 10 INFO neutron.db.ovn_revision_numbers_db [None req-d55cde1b-3946-424c-a53b-0f7995b39128 a567ec0a27104407b95cbb39e5809502 8a4ca2cca7574d2289ce86cc5ffab9bc - - default default] Successfully bumped revision number for resource cab874bf-0cea-439f-87b4-84176ff66877 (type: security_group_rules) to 0
2026-04-12 21:51:25.085 10 INFO neutron.db.segments_db [None req-d55cde1b-3946-424c-a53b-0f7995b39128 a567ec0a27104407b95cbb39e5809502 8a4ca2cca7574d2289ce86cc5ffab9bc - - default default] Added segment a2278cb8-918f-4f04-91e2-6130958a5c1d of type geneve for network 15693466-5c24-4eee-824a-914338f60e66
2026-04-12 21:51:25.206 10 INFO neutron.db.ovn_revision_numbers_db [None req-d55cde1b-3946-424c-a53b-0f7995b39128 a567ec0a27104407b95cbb39e5809502 8a4ca2cca7574d2289ce86cc5ffab9bc - - default default] Successfully bumped revision number for resource 15693466-5c24-4eee-824a-914338f60e66 (type: networks) to 1
2026-04-12 21:51:25.282 9 INFO neutron.api.wsgi [req-2f02319e-02bc-44bd-b2ad-2a28aff77da1 req-3edc1cdd-63df-4ad9-b987-cf6dbd4b9659 99a9055131ef4ee7932d6781e858e35d e23e294df29a44ca81de9a6f31bca14e - - default default] 10.0.0.69 "GET /v2.0/ports?device_id=f50226e2-38b9-4e1e-b8d2-bf32e494e997 HTTP/1.1" status: 200 len: 1172 time: 0.0327339
2026-04-12 21:51:25.324 9 INFO neutron.api.wsgi [req-2f02319e-02bc-44bd-b2ad-2a28aff77da1 req-76dd184e-dac4-4396-846b-1baa09a1b8cd 99a9055131ef4ee7932d6781e858e35d e23e294df29a44ca81de9a6f31bca14e - - default default] 10.0.0.69 "GET /v2.0/security-groups?id=401c6779-e6e9-4021-a2fa-7dec37051e65&fields=id&fields=name HTTP/1.1" status: 200 len: 312 time: 0.0341384
2026-04-12 21:51:25.334 10 WARNING neutron.scheduler.dhcp_agent_scheduler [None req-d55cde1b-3946-424c-a53b-0f7995b39128 a567ec0a27104407b95cbb39e5809502 8a4ca2cca7574d2289ce86cc5ffab9bc - - default default] No more DHCP agents
2026-04-12 21:51:25.335 10 WARNING neutron.api.rpc.agentnotifiers.dhcp_rpc_agent_api [None req-d55cde1b-3946-424c-a53b-0f7995b39128 a567ec0a27104407b95cbb39e5809502 8a4ca2cca7574d2289ce86cc5ffab9bc - - default default] Unable to schedule network 15693466-5c24-4eee-824a-914338f60e66: no agents available; will retry on subsequent port and subnet creation events.
2026-04-12 21:51:25.384 10 INFO neutron.plugins.ml2.drivers.ovn.mech_driver.mech_driver [None req-865a70b4-a337-47df-a85d-5e1b8bbcd8ff - - - - - -] OVN reports status down for port: e9c69e07-96f1-4b43-96a4-8f098640b0f2
2026-04-12 21:51:25.403 10 INFO neutron.db.ovn_revision_numbers_db [None req-d55cde1b-3946-424c-a53b-0f7995b39128 a567ec0a27104407b95cbb39e5809502 8a4ca2cca7574d2289ce86cc5ffab9bc - - default default] Successfully bumped revision number for resource a45fc12d-877d-4e37-949d-80824a3fb414 (type: ports) to 1
2026-04-12 21:51:25.425 10 INFO neutron.api.wsgi [None req-d55cde1b-3946-424c-a53b-0f7995b39128 a567ec0a27104407b95cbb39e5809502 8a4ca2cca7574d2289ce86cc5ffab9bc - - default default] 10.0.0.252 "POST /v2.0/networks HTTP/1.1" status: 201 len: 937 time: 0.8052673
2026-04-12 21:51:25.511 10 INFO neutron.api.wsgi [req-3891dae2-1191-49e8-9ad1-afe31e6124bf req-39d44c08-c2a9-49b0-9ad4-0dcfe6d3ed7f b78005a27a48480eb930a93c78963691 4b8b337872df46cd98f1ee50e7ce4401 - - default default] 10.0.0.69 "GET /v2.0/ports?device_id=cba31653-1ba4-4d44-a110-a252915ecdeb HTTP/1.1" status: 200 len: 1170 time: 0.0595922
2026-04-12 21:51:25.522 10 INFO neutron.notifiers.nova [-] Nova event matching ['req-993d9e0c-650a-4cb3-b060-e36b6d70a936'] response: {'server_uuid': 'cba31653-1ba4-4d44-a110-a252915ecdeb', 'name': 'network-vif-unplugged', 'status': 'completed', 'tag': 'e9c69e07-96f1-4b43-96a4-8f098640b0f2', 'code': 200}
2026-04-12 21:51:25.559 10 INFO neutron.api.wsgi [req-3891dae2-1191-49e8-9ad1-afe31e6124bf req-e4e74c12-4a20-4e95-b407-ee9511be96d2 b78005a27a48480eb930a93c78963691 4b8b337872df46cd98f1ee50e7ce4401 - - default default] 10.0.0.69 "GET /v2.0/security-groups?id=9ee2e65f-d91e-469f-96f9-fdf5cc0d4ed1&fields=id&fields=name HTTP/1.1" status: 200 len: 313 time: 0.0402260
2026-04-12 21:51:25.590 9 WARNING neutron.scheduler.dhcp_agent_scheduler [None req-6e36bf6b-34e2-4ad4-8ab9-a650ada65244 a567ec0a27104407b95cbb39e5809502 8a4ca2cca7574d2289ce86cc5ffab9bc - - default default] No more DHCP agents
2026-04-12 21:51:25.592 9 WARNING neutron.api.rpc.agentnotifiers.dhcp_rpc_agent_api [None req-6e36bf6b-34e2-4ad4-8ab9-a650ada65244 a567ec0a27104407b95cbb39e5809502 8a4ca2cca7574d2289ce86cc5ffab9bc - - default default] Unable to schedule network 15693466-5c24-4eee-824a-914338f60e66: no agents available; will retry on subsequent port and subnet creation events.
2026-04-12 21:51:25.636 10 INFO neutron.db.ovn_revision_numbers_db [None req-865a70b4-a337-47df-a85d-5e1b8bbcd8ff - - - - - -] Successfully bumped revision number for resource e9c69e07-96f1-4b43-96a4-8f098640b0f2 (type: ports) to 6
2026-04-12 21:51:25.991 9 INFO neutron.db.ovn_revision_numbers_db [None req-fb0ba22b-3c47-4edf-a0da-8c78d9513df3 - - - - - -] Successfully bumped revision number for resource a45fc12d-877d-4e37-949d-80824a3fb414 (type: ports) to 2
2026-04-12 21:51:26.023 9 INFO neutron.db.ovn_revision_numbers_db [None req-fb0ba22b-3c47-4edf-a0da-8c78d9513df3 - - - - - -] Successfully bumped revision number for resource 1911c604-1fd4-4067-845e-234325d9405d (type: subnets) to 0
2026-04-12 21:51:26.036 9 INFO neutron.api.wsgi [None req-6e36bf6b-34e2-4ad4-8ab9-a650ada65244 a567ec0a27104407b95cbb39e5809502 8a4ca2cca7574d2289ce86cc5ffab9bc - - default default] 10.0.0.252 "POST /v2.0/subnets HTTP/1.1" status: 201 len: 881 time: 0.6039433
2026-04-12 21:51:26.113 9 INFO neutron.plugins.ml2.drivers.ovn.mech_driver.mech_driver [None req-478909c3-7188-4e68-af91-0f08aefc3b8f - - - - - -] OVN reports status up for port: bae28cbe-0c0f-4643-bbf1-3fd3f8354edf
2026-04-12 21:51:26.126 9 INFO neutron.plugins.ml2.plugin [None req-478909c3-7188-4e68-af91-0f08aefc3b8f - - - - - -] Attempt 1 to provision port bae28cbe-0c0f-4643-bbf1-3fd3f8354edf
2026-04-12 21:51:26.275 9 INFO neutron.notifiers.nova [-] Nova event matching ['req-1b24d480-32a4-4827-acb4-604d98375755'] response: {'server_uuid': 'f50226e2-38b9-4e1e-b8d2-bf32e494e997', 'name': 'network-vif-plugged', 'status': 'completed', 'tag': 'bae28cbe-0c0f-4643-bbf1-3fd3f8354edf', 'code': 200} /var/lib/openstack/lib/python3.12/site-packages/pycadf/identifier.py:71: UserWarning: Invalid uuid: neutron. To ensure interoperability, identifiers should be a valid uuid. warnings.warn(('Invalid uuid: %s. To ensure interoperability, '
2026-04-12 21:51:26.405 9 INFO neutron.db.ovn_revision_numbers_db [None req-478909c3-7188-4e68-af91-0f08aefc3b8f - - - - - -] Successfully bumped revision number for resource bae28cbe-0c0f-4643-bbf1-3fd3f8354edf (type: ports) to 5
2026-04-12 21:51:26.429 10 INFO neutron.api.wsgi [req-c2da47a5-d623-41de-8321-64dcb9ef9209 req-97ea4694-61dd-4867-9854-0948b8e9a0d0 99a9055131ef4ee7932d6781e858e35d e23e294df29a44ca81de9a6f31bca14e - - default default] 10.0.0.69 "GET /v2.0/ports?device_id=f50226e2-38b9-4e1e-b8d2-bf32e494e997 HTTP/1.1" status: 200 len: 1174 time: 0.0399070
2026-04-12 21:51:26.468 10 INFO neutron.api.wsgi [req-c2da47a5-d623-41de-8321-64dcb9ef9209 req-533e6070-fce0-4b72-a4d7-f5f7b33d07a9 99a9055131ef4ee7932d6781e858e35d e23e294df29a44ca81de9a6f31bca14e - - default default] 10.0.0.69 "GET /v2.0/security-groups?id=401c6779-e6e9-4021-a2fa-7dec37051e65&fields=id&fields=name HTTP/1.1" status: 200 len: 312 time: 0.0330229
2026-04-12 21:51:26.480 9 WARNING neutron.scheduler.dhcp_agent_scheduler [None req-2079e5ca-c7e0-4fe1-a349-c49c32d265bd a567ec0a27104407b95cbb39e5809502 8a4ca2cca7574d2289ce86cc5ffab9bc - - default default] No more DHCP agents
2026-04-12 21:51:26.482 9 WARNING neutron.api.rpc.agentnotifiers.dhcp_rpc_agent_api [None req-2079e5ca-c7e0-4fe1-a349-c49c32d265bd a567ec0a27104407b95cbb39e5809502 8a4ca2cca7574d2289ce86cc5ffab9bc - - default default] Unable to schedule network 6d18557e-50d3-4cad-9577-6f78d88df79d: no agents available; will retry on subsequent port and subnet creation events.
2026-04-12 21:51:26.584 9 INFO neutron.db.ovn_revision_numbers_db [None req-2079e5ca-c7e0-4fe1-a349-c49c32d265bd a567ec0a27104407b95cbb39e5809502 8a4ca2cca7574d2289ce86cc5ffab9bc - - default default] Successfully bumped revision number for resource f6620dcb-fb1e-4fa0-af5c-9e43a3dd3ca1 (type: ports) to 1 /var/lib/openstack/lib/python3.12/site-packages/pycadf/identifier.py:71: UserWarning: Invalid uuid: neutron. To ensure interoperability, identifiers should be a valid uuid. warnings.warn(('Invalid uuid: %s. To ensure interoperability, '
2026-04-12 21:51:26.703 9 INFO neutron.api.wsgi [req-d1555fdb-5c87-488b-ad89-d95811130b08 req-27fad72b-dfd4-4793-8474-920ef034fed3 b78005a27a48480eb930a93c78963691 4b8b337872df46cd98f1ee50e7ce4401 - - default default] 10.0.0.69 "GET /v2.0/ports?device_id=cba31653-1ba4-4d44-a110-a252915ecdeb HTTP/1.1" status: 200 len: 1168 time: 0.0786655
2026-04-12 21:51:26.759 9 INFO neutron.api.wsgi [req-d1555fdb-5c87-488b-ad89-d95811130b08 req-45fdc070-b009-4367-b91e-07265b081acc b78005a27a48480eb930a93c78963691 4b8b337872df46cd98f1ee50e7ce4401 - - default default] 10.0.0.69 "GET /v2.0/security-groups?id=9ee2e65f-d91e-469f-96f9-fdf5cc0d4ed1&fields=id&fields=name HTTP/1.1" status: 200 len: 313 time: 0.0499845
2026-04-12 21:51:27.137 9 INFO neutron.plugins.ml2.drivers.ovn.mech_driver.ovsdb.commands [None req-9043cb80-e495-439d-ac66-a2fd63b8f52b - - - - - -] Schedule LRP lrp-f6620dcb-fb1e-4fa0-af5c-9e43a3dd3ca1 on gateway 0bc1e388-1492-4620-851c-d00b3e8fa188 with priority 1
2026-04-12 21:51:27.156 9 INFO neutron.plugins.ml2.drivers.ovn.mech_driver.mech_driver [None req-e75320fc-37df-4b44-8a16-9f354c62f521 - - - - - -] OVN reports status up for port: f6620dcb-fb1e-4fa0-af5c-9e43a3dd3ca1
2026-04-12 21:51:27.164 10 INFO neutron.plugins.ml2.drivers.ovn.mech_driver.ovsdb.ovsdb_monitor [None req-8104ef87-28c3-4bdc-8b5c-b30cdaab9c73 - - - - - -] Router e6b24c54-c377-4ba4-960b-adc259a7dfc7 is bound to host instance
2026-04-12 21:51:27.173 9 INFO neutron.plugins.ml2.plugin [None req-e75320fc-37df-4b44-8a16-9f354c62f521 - - - - - -] Attempt 1 to provision port f6620dcb-fb1e-4fa0-af5c-9e43a3dd3ca1
2026-04-12 21:51:27.192 9 INFO neutron.db.ovn_revision_numbers_db [None req-2079e5ca-c7e0-4fe1-a349-c49c32d265bd a567ec0a27104407b95cbb39e5809502 8a4ca2cca7574d2289ce86cc5ffab9bc - - default default] Successfully bumped revision number for resource f6620dcb-fb1e-4fa0-af5c-9e43a3dd3ca1 (type: router_ports) to 1
2026-04-12 21:51:27.268 9 INFO neutron.db.ovn_revision_numbers_db [None req-2079e5ca-c7e0-4fe1-a349-c49c32d265bd a567ec0a27104407b95cbb39e5809502 8a4ca2cca7574d2289ce86cc5ffab9bc - - default default] Successfully bumped revision number for resource e6b24c54-c377-4ba4-960b-adc259a7dfc7 (type: routers) to 2
2026-04-12 21:51:27.287 9 INFO neutron.api.wsgi [None req-2079e5ca-c7e0-4fe1-a349-c49c32d265bd a567ec0a27104407b95cbb39e5809502 8a4ca2cca7574d2289ce86cc5ffab9bc - - default default] 10.0.0.252 "POST /v2.0/routers HTTP/1.1" status: 201 len: 1159 time: 1.2457557
2026-04-12 21:51:27.550 10 INFO neutron.notifiers.nova [-] Nova event matching ['req-2ebb1063-d4b6-40fd-956d-3964f2637738'] response: {'server_uuid': 'cba31653-1ba4-4d44-a110-a252915ecdeb', 'name': 'network-vif-unplugged', 'status': 'completed', 'tag': 'e9c69e07-96f1-4b43-96a4-8f098640b0f2', 'code': 200}
2026-04-12 21:51:27.580 10 INFO neutron.db.ovn_revision_numbers_db [None req-78b97786-3ae9-4262-9a13-4fd33ad92866 - - - - - -] Successfully bumped revision number for resource f6620dcb-fb1e-4fa0-af5c-9e43a3dd3ca1 (type: ports) to 1
2026-04-12 21:51:27.581 9 INFO neutron.db.ovn_revision_numbers_db [None req-51ab46ec-afcb-4fb2-9233-1f233377b5fa a567ec0a27104407b95cbb39e5809502 8a4ca2cca7574d2289ce86cc5ffab9bc - - default default] Successfully bumped revision number for resource e8099644-0b91-43b2-8d8e-0dbb8e1e1741 (type: security_groups) to 1
2026-04-12 21:51:27.600 9 INFO neutron.db.ovn_revision_numbers_db [None req-51ab46ec-afcb-4fb2-9233-1f233377b5fa a567ec0a27104407b95cbb39e5809502 8a4ca2cca7574d2289ce86cc5ffab9bc - - default default] Successfully bumped revision number for resource 5aadb833-d0cb-423d-bf52-d22d2d8fff60 (type: security_group_rules) to 0
2026-04-12 21:51:27.603 10 INFO neutron.api.wsgi [req-7e2c3298-87ab-4601-8f00-49fff9b4119c req-7baf0979-d62f-4544-8f51-21b9db698750 99a9055131ef4ee7932d6781e858e35d e23e294df29a44ca81de9a6f31bca14e - - default default] 10.0.0.69 "GET /v2.0/ports?device_id=f50226e2-38b9-4e1e-b8d2-bf32e494e997 HTTP/1.1" status: 200 len: 1174 time: 0.0690384
2026-04-12 21:51:27.622 9 INFO neutron.db.ovn_revision_numbers_db [None req-51ab46ec-afcb-4fb2-9233-1f233377b5fa a567ec0a27104407b95cbb39e5809502 8a4ca2cca7574d2289ce86cc5ffab9bc - - default default] Successfully bumped revision number for resource 6b2dc6d8-ab72-4677-89ea-a14547c16893 (type: security_group_rules) to 0
2026-04-12 21:51:27.637 9 INFO neutron.db.ovn_revision_numbers_db [None req-51ab46ec-afcb-4fb2-9233-1f233377b5fa a567ec0a27104407b95cbb39e5809502 8a4ca2cca7574d2289ce86cc5ffab9bc - - default default] Successfully bumped revision number for resource a646dde9-8a14-49c8-b39d-67be72318cc1 (type: security_group_rules) to 0
2026-04-12 21:51:27.648 10 INFO neutron.api.wsgi [req-7e2c3298-87ab-4601-8f00-49fff9b4119c req-1e457c6d-e4a0-4507-833d-70b542309f32 99a9055131ef4ee7932d6781e858e35d e23e294df29a44ca81de9a6f31bca14e - - default default] 10.0.0.69 "GET /v2.0/security-groups?id=401c6779-e6e9-4021-a2fa-7dec37051e65&fields=id&fields=name HTTP/1.1" status: 200 len: 312 time: 0.0383062
2026-04-12 21:51:27.658 9 INFO neutron.db.ovn_revision_numbers_db [None req-51ab46ec-afcb-4fb2-9233-1f233377b5fa a567ec0a27104407b95cbb39e5809502 8a4ca2cca7574d2289ce86cc5ffab9bc - - default default] Successfully bumped revision number for resource cc11d7cd-d4d6-4f28-b217-c525e5e0d514 (type: security_group_rules) to 0
2026-04-12 21:51:27.722 9 INFO neutron.api.wsgi [None req-51ab46ec-afcb-4fb2-9233-1f233377b5fa a567ec0a27104407b95cbb39e5809502 8a4ca2cca7574d2289ce86cc5ffab9bc - - default default] 10.0.0.252 "GET /v2.0/security-groups?tenant_id=ae75618a87024c80880e9ef7606b3de0&name=default HTTP/1.1" status: 200 len: 3120 time: 0.4545188
2026-04-12 21:51:27.799 9 WARNING neutron.scheduler.dhcp_agent_scheduler [None req-7ed37ffa-6369-49ce-8d2b-e83937d5c3da a567ec0a27104407b95cbb39e5809502 8a4ca2cca7574d2289ce86cc5ffab9bc - - default default] No more DHCP agents
2026-04-12 21:51:27.802 9 WARNING neutron.api.rpc.agentnotifiers.dhcp_rpc_agent_api [None req-7ed37ffa-6369-49ce-8d2b-e83937d5c3da a567ec0a27104407b95cbb39e5809502 8a4ca2cca7574d2289ce86cc5ffab9bc - - default default] Unable to schedule network 15693466-5c24-4eee-824a-914338f60e66: no agents available; will retry on subsequent port and subnet creation events.
2026-04-12 21:51:27.877 9 INFO neutron.api.wsgi [req-446d2e3e-0394-4b75-9746-f87b717c48be req-11524944-bcb9-480f-933f-b468cf9a1a67 b78005a27a48480eb930a93c78963691 4b8b337872df46cd98f1ee50e7ce4401 - - default default] 10.0.0.69 "GET /v2.0/ports?device_id=cba31653-1ba4-4d44-a110-a252915ecdeb HTTP/1.1" status: 200 len: 1168 time: 0.0538440
2026-04-12 21:51:27.921 9 INFO neutron.api.wsgi [req-446d2e3e-0394-4b75-9746-f87b717c48be req-a7321941-f320-4566-b320-141bd5b6f431 b78005a27a48480eb930a93c78963691 4b8b337872df46cd98f1ee50e7ce4401 - - default default] 10.0.0.69 "GET /v2.0/security-groups?id=9ee2e65f-d91e-469f-96f9-fdf5cc0d4ed1&fields=id&fields=name HTTP/1.1" status: 200 len: 313 time: 0.0368190
2026-04-12 21:51:27.940 10 INFO neutron.db.ovn_revision_numbers_db [None req-78b97786-3ae9-4262-9a13-4fd33ad92866 - - - - - -] Successfully bumped revision number for resource f6620dcb-fb1e-4fa0-af5c-9e43a3dd3ca1 (type: ports) to 4
2026-04-12 21:51:27.960 10 INFO neutron.api.wsgi [None req-36f67178-2a0b-46bc-af82-b002c2972f99 a567ec0a27104407b95cbb39e5809502 8a4ca2cca7574d2289ce86cc5ffab9bc - - default default] 10.0.0.252 "DELETE /v2.0/security-groups/e8099644-0b91-43b2-8d8e-0dbb8e1e1741 HTTP/1.1" status: 204 len: 168 time: 0.2323089
2026-04-12 21:51:28.004 9 INFO neutron.db.ovn_revision_numbers_db [None req-7ed37ffa-6369-49ce-8d2b-e83937d5c3da a567ec0a27104407b95cbb39e5809502 8a4ca2cca7574d2289ce86cc5ffab9bc - - default default] Successfully bumped revision number for resource c2bbc2d1-4632-4754-ad13-cfebe9d7e1a7 (type: ports) to 1
2026-04-12 21:51:28.182 10 INFO neutron.db.ovn_revision_numbers_db [None req-b02824de-ef52-4664-b3dd-b163ac5796e4 a567ec0a27104407b95cbb39e5809502 8a4ca2cca7574d2289ce86cc5ffab9bc - - default default] Successfully bumped revision number for resource a9d60b57-5c75-400b-8e3c-731d4d473b9c (type: security_groups) to 1
2026-04-12 21:51:28.195 10 INFO neutron.db.ovn_revision_numbers_db [None req-b02824de-ef52-4664-b3dd-b163ac5796e4 a567ec0a27104407b95cbb39e5809502 8a4ca2cca7574d2289ce86cc5ffab9bc - - default default] Successfully bumped revision number for resource 0c2189c3-f6de-4ada-8386-14664af68f18 (type: security_group_rules) to 0
2026-04-12 21:51:28.207 10 INFO neutron.db.ovn_revision_numbers_db [None req-b02824de-ef52-4664-b3dd-b163ac5796e4 a567ec0a27104407b95cbb39e5809502 8a4ca2cca7574d2289ce86cc5ffab9bc - - default default] Successfully bumped revision number for resource 4f43bf72-561a-41b6-8373-0312102582c0 (type: security_group_rules) to 0
2026-04-12 21:51:28.211 10 INFO neutron.db.ovn_revision_numbers_db [None req-78b97786-3ae9-4262-9a13-4fd33ad92866 - - - - - -] Successfully bumped revision number for resource f6620dcb-fb1e-4fa0-af5c-9e43a3dd3ca1 (type: ports) to 5
2026-04-12 21:51:28.218 10 INFO neutron.db.ovn_revision_numbers_db [None req-b02824de-ef52-4664-b3dd-b163ac5796e4 a567ec0a27104407b95cbb39e5809502 8a4ca2cca7574d2289ce86cc5ffab9bc - - default default] Successfully bumped revision number for resource 5dda29cd-ec02-4b02-a39f-370f8a7a91b8 (type: security_group_rules) to 0
2026-04-12 21:51:28.232 10 INFO neutron.db.ovn_revision_numbers_db [None req-b02824de-ef52-4664-b3dd-b163ac5796e4 a567ec0a27104407b95cbb39e5809502 8a4ca2cca7574d2289ce86cc5ffab9bc - - default default] Successfully bumped revision number for resource 725ae51f-5662-437c-a00f-a569bbf8b893 (type: security_group_rules) to 0
2026-04-12 21:51:28.263 10 INFO neutron.api.wsgi [None req-b02824de-ef52-4664-b3dd-b163ac5796e4 a567ec0a27104407b95cbb39e5809502 8a4ca2cca7574d2289ce86cc5ffab9bc - - default default] 10.0.0.252 "GET /v2.0/security-groups?tenant_id=805920d9a5384d57bc896e4f74501c63&name=default HTTP/1.1" status: 200 len: 3120 time: 0.1976902
2026-04-12 21:51:28.317 9 INFO neutron.notifiers.nova [-] Nova event matching ['req-fa243f11-243e-4d38-b377-7c30c583ce44'] response: {'server_uuid': 'f50226e2-38b9-4e1e-b8d2-bf32e494e997', 'name': 'network-vif-plugged', 'status': 'completed', 'tag': 'bae28cbe-0c0f-4643-bbf1-3fd3f8354edf', 'code': 200}
2026-04-12 21:51:28.470 10 INFO neutron.plugins.ml2.drivers.ovn.mech_driver.mech_driver [None req-0d8e4bf8-5ef8-4038-a304-febd3d8c1596 - - - - - -] OVN reports status up for port: e9c69e07-96f1-4b43-96a4-8f098640b0f2
2026-04-12 21:51:28.499 10 INFO neutron.api.wsgi [None req-fb46e53b-7895-49c2-8a9e-c1c0bad21bee a567ec0a27104407b95cbb39e5809502 8a4ca2cca7574d2289ce86cc5ffab9bc - - default default] 10.0.0.252 "DELETE /v2.0/security-groups/a9d60b57-5c75-400b-8e3c-731d4d473b9c HTTP/1.1" status: 204 len: 168 time: 0.2292140
2026-04-12 21:51:28.505 10 INFO neutron.plugins.ml2.plugin [None req-0d8e4bf8-5ef8-4038-a304-febd3d8c1596 - - - - - -] Attempt 1 to provision port e9c69e07-96f1-4b43-96a4-8f098640b0f2
2026-04-12 21:51:28.643 9 INFO neutron.db.ovn_revision_numbers_db [None req-7ed37ffa-6369-49ce-8d2b-e83937d5c3da a567ec0a27104407b95cbb39e5809502 8a4ca2cca7574d2289ce86cc5ffab9bc - - default default] Successfully bumped revision number for resource c2bbc2d1-4632-4754-ad13-cfebe9d7e1a7 (type: ports) to 1
2026-04-12 21:51:28.687 9 WARNING neutron.scheduler.dhcp_agent_scheduler [None req-7ed37ffa-6369-49ce-8d2b-e83937d5c3da a567ec0a27104407b95cbb39e5809502 8a4ca2cca7574d2289ce86cc5ffab9bc - - default default] No more DHCP agents
2026-04-12 21:51:28.688 9 WARNING neutron.api.rpc.agentnotifiers.dhcp_rpc_agent_api [None req-7ed37ffa-6369-49ce-8d2b-e83937d5c3da a567ec0a27104407b95cbb39e5809502 8a4ca2cca7574d2289ce86cc5ffab9bc - - default default] Unable to schedule network 15693466-5c24-4eee-824a-914338f60e66: no agents available; will retry on subsequent port and subnet creation events.
2026-04-12 21:51:28.783 10 INFO neutron.db.ovn_revision_numbers_db [None req-0d8e4bf8-5ef8-4038-a304-febd3d8c1596 - - - - - -] Successfully bumped revision number for resource e9c69e07-96f1-4b43-96a4-8f098640b0f2 (type: ports) to 7
2026-04-12 21:51:28.811 9 INFO neutron.api.wsgi [req-6a6f8901-f231-4613-80bc-9520a4ef3633 req-65e2879b-e955-4546-a3d8-14787b88d47b 99a9055131ef4ee7932d6781e858e35d e23e294df29a44ca81de9a6f31bca14e - - default default] 10.0.0.69 "GET /v2.0/ports?device_id=f50226e2-38b9-4e1e-b8d2-bf32e494e997 HTTP/1.1" status: 200 len: 1174 time: 0.0905278
2026-04-12 21:51:28.843 10 INFO neutron.plugins.ml2.drivers.ovn.mech_driver.mech_driver [None req-a6bf3ab3-7311-4e83-b2a8-0bada1fb1f3d - - - - - -] OVN reports status up for port: c2bbc2d1-4632-4754-ad13-cfebe9d7e1a7
2026-04-12 21:51:28.854 10 INFO neutron.plugins.ml2.plugin [None req-a6bf3ab3-7311-4e83-b2a8-0bada1fb1f3d - - - - - -] Attempt 1 to provision port c2bbc2d1-4632-4754-ad13-cfebe9d7e1a7
2026-04-12 21:51:28.867 9 INFO neutron.api.wsgi [req-6a6f8901-f231-4613-80bc-9520a4ef3633 req-02f761fa-6cb3-478d-9c5d-ce1ccb0e5a97 99a9055131ef4ee7932d6781e858e35d e23e294df29a44ca81de9a6f31bca14e - - default default] 10.0.0.69 "GET /v2.0/security-groups?id=401c6779-e6e9-4021-a2fa-7dec37051e65&fields=id&fields=name HTTP/1.1" status: 200 len: 312 time: 0.0454180 /var/lib/openstack/lib/python3.12/site-packages/pycadf/identifier.py:71: UserWarning: Invalid uuid: neutron. To ensure interoperability, identifiers should be a valid uuid. warnings.warn(('Invalid uuid: %s. To ensure interoperability, '
2026-04-12 21:51:28.961 10 INFO neutron.api.wsgi [req-3459d9fa-a4c8-46ab-a905-95028b42fecc req-6354d0cd-12b8-4d00-9f60-5ad037044f99 99a9055131ef4ee7932d6781e858e35d e23e294df29a44ca81de9a6f31bca14e - - default default] 10.0.0.69 "GET /v2.0/ports?device_id=f50226e2-38b9-4e1e-b8d2-bf32e494e997 HTTP/1.1" status: 200 len: 1174 time: 0.0441971
2026-04-12 21:51:29.010 9 INFO neutron.api.wsgi [req-d2a58e19-27ef-4313-bc5b-c3000f6c6d77 req-5d5fa445-3d9c-4e72-b644-5f79a5206da1 b78005a27a48480eb930a93c78963691 4b8b337872df46cd98f1ee50e7ce4401 - - default default] 10.0.0.69 "GET /v2.0/ports?device_id=cba31653-1ba4-4d44-a110-a252915ecdeb HTTP/1.1" status: 200 len: 1170 time: 0.0316925
2026-04-12 21:51:29.052 9 INFO neutron.api.wsgi [req-d2a58e19-27ef-4313-bc5b-c3000f6c6d77 req-0b3a9f65-afce-4e3b-8748-c5183cd3cb79 b78005a27a48480eb930a93c78963691 4b8b337872df46cd98f1ee50e7ce4401 - - default default] 10.0.0.69 "GET /v2.0/security-groups?id=9ee2e65f-d91e-469f-96f9-fdf5cc0d4ed1&fields=id&fields=name HTTP/1.1" status: 200 len: 313 time: 0.0349710
2026-04-12 21:51:29.313 9 INFO neutron.db.ovn_revision_numbers_db [None req-7ed37ffa-6369-49ce-8d2b-e83937d5c3da a567ec0a27104407b95cbb39e5809502 8a4ca2cca7574d2289ce86cc5ffab9bc - - default default] Successfully bumped revision number for resource c2bbc2d1-4632-4754-ad13-cfebe9d7e1a7 (type: router_ports) to 1
2026-04-12 21:51:29.317 9 INFO neutron.api.wsgi [None req-7ed37ffa-6369-49ce-8d2b-e83937d5c3da a567ec0a27104407b95cbb39e5809502 8a4ca2cca7574d2289ce86cc5ffab9bc - - default default] 10.0.0.252 "PUT /v2.0/routers/e6b24c54-c377-4ba4-960b-adc259a7dfc7/add_router_interface HTTP/1.1" status: 200 len: 503 time: 2.0245819
2026-04-12 21:51:29.379 10 INFO neutron.db.ovn_revision_numbers_db [None req-a6bf3ab3-7311-4e83-b2a8-0bada1fb1f3d - - - - - -] Successfully bumped revision number for resource c2bbc2d1-4632-4754-ad13-cfebe9d7e1a7 (type: ports) to 2
2026-04-12 21:51:29.541 10 INFO neutron.db.ovn_revision_numbers_db [None req-75d19411-1581-4cb7-907d-8d6e043cecda 99a9055131ef4ee7932d6781e858e35d e23e294df29a44ca81de9a6f31bca14e - - default default] Successfully bumped revision number for resource 1587af1a-e9e6-476c-ad59-1ff4500f2bd8 (type: floatingips) to 1
2026-04-12 21:51:29.590 10 INFO neutron.notifiers.nova [-] Nova event matching ['req-a0a25a95-c8ca-4977-87b5-33666a5ed2f3'] response: {'server_uuid': 'cba31653-1ba4-4d44-a110-a252915ecdeb', 'name': 'network-vif-plugged', 'status': 'completed', 'tag': 'e9c69e07-96f1-4b43-96a4-8f098640b0f2', 'code': 200}
2026-04-12 21:51:29.590 10 INFO neutron.notifiers.nova [-] Nova event matching ['req-a0a25a95-c8ca-4977-87b5-33666a5ed2f3'] response: {'server_uuid': 'cba31653-1ba4-4d44-a110-a252915ecdeb', 'name': 'network-vif-plugged', 'status': 'completed', 'tag': 'e9c69e07-96f1-4b43-96a4-8f098640b0f2', 'code': 200}
2026-04-12 21:51:29.643 10 INFO neutron.db.ovn_revision_numbers_db [None req-75d19411-1581-4cb7-907d-8d6e043cecda 99a9055131ef4ee7932d6781e858e35d e23e294df29a44ca81de9a6f31bca14e - - default default] Successfully bumped revision number for resource 1587af1a-e9e6-476c-ad59-1ff4500f2bd8 (type: floatingips) to 2
2026-04-12 21:51:29.643 10 INFO neutron.db.l3_db [None req-75d19411-1581-4cb7-907d-8d6e043cecda 99a9055131ef4ee7932d6781e858e35d e23e294df29a44ca81de9a6f31bca14e - - default default] Floating IP 1587af1a-e9e6-476c-ad59-1ff4500f2bd8 associated. External IP: 10.96.250.202, port: bae28cbe-0c0f-4643-bbf1-3fd3f8354edf.
2026-04-12 21:51:29.673 10 INFO neutron.api.wsgi [None req-75d19411-1581-4cb7-907d-8d6e043cecda 99a9055131ef4ee7932d6781e858e35d e23e294df29a44ca81de9a6f31bca14e - - default default] 10.0.0.252 "PUT /v2.0/floatingips/1587af1a-e9e6-476c-ad59-1ff4500f2bd8 HTTP/1.1" status: 200 len: 1050 time: 0.7006290
2026-04-12 21:51:29.752 9 INFO neutron.api.wsgi [req-ce993039-1858-4e80-8e27-a4c76984c707 req-90761931-0b38-4157-8137-6c4f4ab6fb5d 99a9055131ef4ee7932d6781e858e35d e23e294df29a44ca81de9a6f31bca14e - - default default] 10.0.0.69 "GET /v2.0/ports?device_id=f50226e2-38b9-4e1e-b8d2-bf32e494e997 HTTP/1.1" status: 200 len: 1174 time: 0.0367105
2026-04-12 21:51:29.792 9 INFO neutron.api.wsgi [req-ce993039-1858-4e80-8e27-a4c76984c707 req-56c87ec8-825f-4e27-bb4d-3aed32f156c4 99a9055131ef4ee7932d6781e858e35d e23e294df29a44ca81de9a6f31bca14e - - default default] 10.0.0.69 "GET /v2.0/security-groups?id=401c6779-e6e9-4021-a2fa-7dec37051e65&fields=id&fields=name HTTP/1.1" status: 200 len: 312 time: 0.0348704
2026-04-12 21:51:29.930 10 WARNING neutron_lib.context [None req-7b36e93e-7eb0-4155-8b01-bd6583b5e0bb 40f3315478584d3b8a5db84ac6019029 f8a47502fcb44111af7d7ab7bf682445 - - default default] Method 'is_advsvc' is deprecated since 2023.2 release (neutron-lib 3.8.0) and will be removed once support for the old RBAC API policies will be removed from Neutron. Please use method 'is_service_role' instead.
2026-04-12 21:51:30.014 10 INFO neutron.db.ovn_revision_numbers_db [None req-7b36e93e-7eb0-4155-8b01-bd6583b5e0bb 40f3315478584d3b8a5db84ac6019029 f8a47502fcb44111af7d7ab7bf682445 - - default default] Successfully bumped revision number for resource d8e8bcfe-1678-4adf-8704-8f6cf10ea557 (type: security_groups) to 1
2026-04-12 21:51:30.024 10 INFO neutron.db.ovn_revision_numbers_db [None req-7b36e93e-7eb0-4155-8b01-bd6583b5e0bb 40f3315478584d3b8a5db84ac6019029 f8a47502fcb44111af7d7ab7bf682445 - - default default] Successfully bumped revision number for resource 0b70979d-1e7e-4473-9b8a-aa479d977e77 (type: security_group_rules) to 0
2026-04-12 21:51:30.036 10 INFO neutron.db.ovn_revision_numbers_db [None req-7b36e93e-7eb0-4155-8b01-bd6583b5e0bb 40f3315478584d3b8a5db84ac6019029 f8a47502fcb44111af7d7ab7bf682445 - - default default] Successfully bumped revision number for resource 2bd9070f-7f0d-47e0-b5c8-b65b89255ead (type: security_group_rules) to 0
2026-04-12 21:51:30.065 10 INFO neutron.api.wsgi [None req-7b36e93e-7eb0-4155-8b01-bd6583b5e0bb 40f3315478584d3b8a5db84ac6019029 f8a47502fcb44111af7d7ab7bf682445 - - default default] 10.0.0.252 "POST /v2.0/security-groups HTTP/1.1" status: 201 len: 1860 time: 0.1417780
2026-04-12 21:51:30.075 10 WARNING neutron_lib.context [None req-3b1de56a-5106-4570-a2b3-298b29a7270c 40f3315478584d3b8a5db84ac6019029 f8a47502fcb44111af7d7ab7bf682445 - - default default] Method 'is_advsvc' is deprecated since 2023.2 release (neutron-lib 3.8.0) and will be removed once support for the old RBAC API policies will be removed from Neutron. Please use method 'is_service_role' instead.
2026-04-12 21:51:30.152 9 INFO neutron.api.wsgi [req-e8b6e8d8-c6c6-4153-af82-da3f2511a301 req-c92ecaee-3ed2-4c68-956e-0c4845591c6b b78005a27a48480eb930a93c78963691 4b8b337872df46cd98f1ee50e7ce4401 - - default default] 10.0.0.69 "GET /v2.0/ports?device_id=cba31653-1ba4-4d44-a110-a252915ecdeb HTTP/1.1" status: 200 len: 1170 time: 0.0433173
2026-04-12 21:51:30.186 10 INFO neutron.db.ovn_revision_numbers_db [None req-3b1de56a-5106-4570-a2b3-298b29a7270c 40f3315478584d3b8a5db84ac6019029 f8a47502fcb44111af7d7ab7bf682445 - - default default] Successfully bumped revision number for resource 33c5ea69-89e4-47b6-9993-ed3bd8d28455 (type: security_group_rules) to 0
2026-04-12 21:51:30.206 9 INFO neutron.api.wsgi [req-e8b6e8d8-c6c6-4153-af82-da3f2511a301 req-525110e0-f165-4570-9188-461cf18087f5 b78005a27a48480eb930a93c78963691 4b8b337872df46cd98f1ee50e7ce4401 - - default default] 10.0.0.69 "GET /v2.0/security-groups?id=9ee2e65f-d91e-469f-96f9-fdf5cc0d4ed1&fields=id&fields=name HTTP/1.1" status: 200 len: 313 time: 0.0476358
2026-04-12 21:51:30.215 10 INFO neutron.api.wsgi [None req-3b1de56a-5106-4570-a2b3-298b29a7270c 40f3315478584d3b8a5db84ac6019029 f8a47502fcb44111af7d7ab7bf682445 - - default default] 10.0.0.252 "POST /v2.0/security-group-rules HTTP/1.1" status: 201 len: 796 time: 0.1444097
2026-04-12 21:51:30.227 9 WARNING neutron_lib.context [None req-0b1e933a-7452-46ac-bc3b-daf17dbd01cc 40f3315478584d3b8a5db84ac6019029 f8a47502fcb44111af7d7ab7bf682445 - - default default] Method 'is_advsvc' is deprecated since 2023.2 release (neutron-lib 3.8.0) and will be removed once support for the old RBAC API policies will be removed from Neutron. Please use method 'is_service_role' instead.
2026-04-12 21:51:30.375 9 INFO neutron.db.ovn_revision_numbers_db [None req-0b1e933a-7452-46ac-bc3b-daf17dbd01cc 40f3315478584d3b8a5db84ac6019029 f8a47502fcb44111af7d7ab7bf682445 - - default default] Successfully bumped revision number for resource 6696e70b-f39a-4ea9-9277-54e5d3f06c27 (type: security_group_rules) to 0
2026-04-12 21:51:30.412 9 INFO neutron.api.wsgi [None req-0b1e933a-7452-46ac-bc3b-daf17dbd01cc 40f3315478584d3b8a5db84ac6019029 f8a47502fcb44111af7d7ab7bf682445 - - default default] 10.0.0.252 "POST /v2.0/security-group-rules HTTP/1.1" status: 201 len: 801 time: 0.1919832
2026-04-12 21:51:30.421 9 WARNING neutron_lib.context [None req-24af5dda-a0ec-4b79-9c1b-e51e29ae650f 40f3315478584d3b8a5db84ac6019029 f8a47502fcb44111af7d7ab7bf682445 - - default default] Method 'is_advsvc' is deprecated since 2023.2 release (neutron-lib 3.8.0) and will be removed once support for the old RBAC API policies will be removed from Neutron. Please use method 'is_service_role' instead.
2026-04-12 21:51:30.608 9 WARNING neutron.scheduler.dhcp_agent_scheduler [None req-24af5dda-a0ec-4b79-9c1b-e51e29ae650f 40f3315478584d3b8a5db84ac6019029 f8a47502fcb44111af7d7ab7bf682445 - - default default] No more DHCP agents
2026-04-12 21:51:30.610 9 WARNING neutron.api.rpc.agentnotifiers.dhcp_rpc_agent_api [None req-24af5dda-a0ec-4b79-9c1b-e51e29ae650f 40f3315478584d3b8a5db84ac6019029 f8a47502fcb44111af7d7ab7bf682445 - - default default] Unable to schedule network 6d18557e-50d3-4cad-9577-6f78d88df79d: no agents available; will retry on subsequent port and subnet creation events.
2026-04-12 21:51:30.902 9 INFO neutron.api.wsgi [None req-24af5dda-a0ec-4b79-9c1b-e51e29ae650f 40f3315478584d3b8a5db84ac6019029 f8a47502fcb44111af7d7ab7bf682445 - - default default] 10.0.0.252 "POST /v2.0/floatingips HTTP/1.1" status: 201 len: 751 time: 0.4845164
2026-04-12 21:51:31.340 10 INFO neutron.api.wsgi [req-eafc6d7c-5249-4da8-92e5-51028d9e9f1f req-2c1312da-0497-44d2-95b6-310945b6ee52 40f3315478584d3b8a5db84ac6019029 f8a47502fcb44111af7d7ab7bf682445 - - default default] 10.0.0.69 "GET /v2.0/security-groups?name=tempest-securitygroup--2051690857&fields=id&tenant_id=f8a47502fcb44111af7d7ab7bf682445 HTTP/1.1" status: 200 len: 267 time: 0.0359590
2026-04-12 21:51:31.378 10 INFO neutron.api.wsgi [req-eafc6d7c-5249-4da8-92e5-51028d9e9f1f req-37625055-d9fa-4ddf-a128-5cc390709a3f 40f3315478584d3b8a5db84ac6019029 f8a47502fcb44111af7d7ab7bf682445 - - default default] 10.0.0.69 "GET /v2.0/networks?id=15693466-5c24-4eee-824a-914338f60e66 HTTP/1.1" status: 200 len: 866 time: 0.0348740
2026-04-12 21:51:31.388 10 INFO neutron.api.wsgi [req-eafc6d7c-5249-4da8-92e5-51028d9e9f1f req-a5d465ef-9539-4c3d-ae61-875c8d9bb3bf 40f3315478584d3b8a5db84ac6019029 f8a47502fcb44111af7d7ab7bf682445 - - default default] 10.0.0.69 "GET /v2.0/quotas/f8a47502fcb44111af7d7ab7bf682445 HTTP/1.1" status: 200 len: 491 time: 0.0062034
2026-04-12 21:51:31.468 10 INFO neutron.api.wsgi [req-eafc6d7c-5249-4da8-92e5-51028d9e9f1f req-acd18f27-7b64-45e8-807f-79714fe059a9 40f3315478584d3b8a5db84ac6019029 f8a47502fcb44111af7d7ab7bf682445 - - default default] 10.0.0.69 "GET /v2.0/ports?tenant_id=f8a47502fcb44111af7d7ab7bf682445&fields=id HTTP/1.1" status: 200 len: 302 time: 0.0767877
2026-04-12 21:51:31.531 10 INFO neutron.api.wsgi [req-eafc6d7c-5249-4da8-92e5-51028d9e9f1f req-56461e52-6e48-4f1b-ae0d-2bfd54c53bb5 69f8ad1a45954b309f99a02f0823d47e 5fe509aa54f84f9daa5dfe279dd8521a - - f26d5f8b5eea4776bdf6fce6462c9921 f26d5f8b5eea4776bdf6fce6462c9921] 10.0.0.69 "GET /v2.0/networks/15693466-5c24-4eee-824a-914338f60e66?fields=segments HTTP/1.1" status: 200 len: 212 time: 0.0541677
2026-04-12 21:51:31.579 10 INFO neutron.api.wsgi [req-eafc6d7c-5249-4da8-92e5-51028d9e9f1f req-8507071f-3f27-44c8-a73a-60cd51aba9c4 69f8ad1a45954b309f99a02f0823d47e 5fe509aa54f84f9daa5dfe279dd8521a - - f26d5f8b5eea4776bdf6fce6462c9921 f26d5f8b5eea4776bdf6fce6462c9921] 10.0.0.69 "GET /v2.0/networks/15693466-5c24-4eee-824a-914338f60e66?fields=provider%3Aphysical_network&fields=provider%3Anetwork_type HTTP/1.1" status: 200 len: 277 time: 0.0421553
2026-04-12 21:51:31.625 10 INFO neutron.notifiers.nova [-] Nova event matching ['req-85561b32-9fbe-4b05-b14c-7defba3c06f6'] response: {'name': 'network-changed', 'server_uuid': 'f50226e2-38b9-4e1e-b8d2-bf32e494e997', 'tag': 'bae28cbe-0c0f-4643-bbf1-3fd3f8354edf', 'status': 'completed', 'code': 200}
2026-04-12 21:51:31.735 9 INFO neutron.api.wsgi [req-d4e2fb21-1970-4c44-9ac8-12d14b6e1dc1 req-68720a38-98d3-46d4-9282-88d5cec09efc 40f3315478584d3b8a5db84ac6019029 f8a47502fcb44111af7d7ab7bf682445 - - default default] 10.0.0.69 "GET /v2.0/ports?device_id=f7d8d4ff-0b9d-401d-aa66-e36de6236d0b HTTP/1.1" status: 200 len: 210 time: 0.0226238
2026-04-12 21:51:32.163 9 INFO neutron.api.wsgi [req-6b2f9da4-2839-4743-93b0-ba6c3515323c req-9799b3bb-cd2f-4e50-9a78-20a045c81acb 69f8ad1a45954b309f99a02f0823d47e 5fe509aa54f84f9daa5dfe279dd8521a - - f26d5f8b5eea4776bdf6fce6462c9921 f26d5f8b5eea4776bdf6fce6462c9921] 199.204.45.244 "GET /v2.0/ports?tenant_id=e23e294df29a44ca81de9a6f31bca14e&device_id=f50226e2-38b9-4e1e-b8d2-bf32e494e997 HTTP/1.1" status: 200 len: 1413 time: 0.0306256
2026-04-12 21:51:32.202 9 INFO neutron.api.wsgi [req-6b2f9da4-2839-4743-93b0-ba6c3515323c req-ab4495c4-a1c7-4f11-801a-2f9a5d37638c 69f8ad1a45954b309f99a02f0823d47e 5fe509aa54f84f9daa5dfe279dd8521a - - f26d5f8b5eea4776bdf6fce6462c9921 f26d5f8b5eea4776bdf6fce6462c9921] 199.204.45.244 "GET /v2.0/networks?id=9021c46f-849d-4203-b273-66003e007f98 HTTP/1.1" status: 200 len: 981 time: 0.0339427
2026-04-12 21:51:32.232 9 INFO neutron.api.wsgi [req-6b2f9da4-2839-4743-93b0-ba6c3515323c req-1815d579-b029-4ed5-b550-1abc28f2524e 69f8ad1a45954b309f99a02f0823d47e 5fe509aa54f84f9daa5dfe279dd8521a - - f26d5f8b5eea4776bdf6fce6462c9921 f26d5f8b5eea4776bdf6fce6462c9921] 199.204.45.244 "GET /v2.0/floatingips?fixed_ip_address=10.100.0.12&port_id=bae28cbe-0c0f-4643-bbf1-3fd3f8354edf HTTP/1.1" status: 200 len: 1060 time: 0.0265739
2026-04-12 21:51:32.254 9 INFO neutron.api.wsgi [req-6b2f9da4-2839-4743-93b0-ba6c3515323c req-2285fb1d-847a-4e1f-bb38-9d43c0a9a582 69f8ad1a45954b309f99a02f0823d47e 5fe509aa54f84f9daa5dfe279dd8521a - - f26d5f8b5eea4776bdf6fce6462c9921 f26d5f8b5eea4776bdf6fce6462c9921] 199.204.45.244 "GET /v2.0/subnets?id=3926a655-9592-4e5a-995f-eb12394e90df HTTP/1.1" status: 200 len: 900 time: 0.0191674
2026-04-12 21:51:32.272 9 INFO neutron.api.wsgi [req-6b2f9da4-2839-4743-93b0-ba6c3515323c req-c31824d5-72ed-4503-971f-73eba22c697a 69f8ad1a45954b309f99a02f0823d47e 5fe509aa54f84f9daa5dfe279dd8521a - - f26d5f8b5eea4776bdf6fce6462c9921 f26d5f8b5eea4776bdf6fce6462c9921] 199.204.45.244 "GET /v2.0/ports?network_id=9021c46f-849d-4203-b273-66003e007f98&device_owner=network%3Adhcp HTTP/1.1" status: 200 len: 210 time: 0.0149059
2026-04-12 21:51:32.314 9 INFO neutron.api.wsgi [req-6b2f9da4-2839-4743-93b0-ba6c3515323c req-0a1f41db-38ea-430e-9779-f7306fcddc27 69f8ad1a45954b309f99a02f0823d47e 5fe509aa54f84f9daa5dfe279dd8521a - - f26d5f8b5eea4776bdf6fce6462c9921 f26d5f8b5eea4776bdf6fce6462c9921] 199.204.45.244 "GET /v2.0/networks/9021c46f-849d-4203-b273-66003e007f98?fields=segments HTTP/1.1" status: 200 len: 212 time: 0.0373890
2026-04-12 21:51:32.357 9 INFO neutron.api.wsgi [req-6b2f9da4-2839-4743-93b0-ba6c3515323c req-dd0fce34-dc0d-424f-973f-3ecd11f97c5b 69f8ad1a45954b309f99a02f0823d47e 5fe509aa54f84f9daa5dfe279dd8521a - - f26d5f8b5eea4776bdf6fce6462c9921 f26d5f8b5eea4776bdf6fce6462c9921] 199.204.45.244 "GET /v2.0/networks/9021c46f-849d-4203-b273-66003e007f98?fields=provider%3Aphysical_network&fields=provider%3Anetwork_type HTTP/1.1" status: 200 len: 277 time: 0.0405195
2026-04-12 21:51:32.812 10 INFO neutron.api.wsgi [req-c8988cd7-2c8c-4e38-8be0-e44cd512ffcb req-53cacc0d-2770-4158-8529-88d686792866 40f3315478584d3b8a5db84ac6019029 f8a47502fcb44111af7d7ab7bf682445 - - default default] 10.0.0.69 "GET /v2.0/ports?device_id=f7d8d4ff-0b9d-401d-aa66-e36de6236d0b HTTP/1.1" status: 200 len: 210 time: 0.0190184
2026-04-12 21:51:33.561 10 WARNING neutron.plugins.ml2.drivers.ovn.mech_driver.ovsdb.ovn_client [None req-d803302f-69d2-4fef-9dae-d0c3b266e742 - - - - - -] No hosting information found for port c2bbc2d1-4632-4754-ad13-cfebe9d7e1a7: RuntimeError: No hosting information found for port c2bbc2d1-4632-4754-ad13-cfebe9d7e1a7
2026-04-12 21:51:33.638 10 INFO neutron.db.ovn_revision_numbers_db [None req-d803302f-69d2-4fef-9dae-d0c3b266e742 - - - - - -] Successfully bumped revision number for resource c2bbc2d1-4632-4754-ad13-cfebe9d7e1a7 (type: router_ports) to 2
2026-04-12 21:51:33.881 9 INFO neutron.api.wsgi [req-f91a3c3b-2072-4484-af5a-c7a54f2da224 req-725946f2-598d-4731-afd0-7dd4617e5448 40f3315478584d3b8a5db84ac6019029 f8a47502fcb44111af7d7ab7bf682445 - - default default] 10.0.0.69 "GET /v2.0/ports?device_id=f7d8d4ff-0b9d-401d-aa66-e36de6236d0b HTTP/1.1" status: 200 len: 210 time: 0.0183744
2026-04-12 21:51:34.330 9 INFO neutron.api.wsgi [-] 10.0.0.92 "GET / HTTP/1.1" status: 200 len: 247 time: 0.0024493
2026-04-12 21:51:34.331 10 INFO neutron.api.wsgi [-] 10.0.0.92 "GET / HTTP/1.1" status: 200 len: 247 time: 0.0034263 /var/lib/openstack/lib/python3.12/site-packages/pycadf/identifier.py:71: UserWarning: Invalid uuid: neutron. To ensure interoperability, identifiers should be a valid uuid. warnings.warn(('Invalid uuid: %s. To ensure interoperability, '
2026-04-12 21:51:34.955 10 INFO neutron.api.wsgi [req-5049cae1-b06b-4621-abf5-552e98acfbc6 req-031584e3-d01d-4a91-ae8f-6c790e52c9bc 40f3315478584d3b8a5db84ac6019029 f8a47502fcb44111af7d7ab7bf682445 - - default default] 10.0.0.69 "GET /v2.0/ports?device_id=f7d8d4ff-0b9d-401d-aa66-e36de6236d0b HTTP/1.1" status: 200 len: 210 time: 0.0195491
2026-04-12 21:51:35.011 9 INFO neutron.db.ovn_revision_numbers_db [None req-8cdc1f19-daaa-4d84-8c12-c30c13dffeb4 a567ec0a27104407b95cbb39e5809502 8a4ca2cca7574d2289ce86cc5ffab9bc - - default default] Successfully bumped revision number for resource d70c5b51-5fcf-4a0a-99b7-c202d41dcfe3 (type: security_groups) to 1
2026-04-12 21:51:35.022 9 INFO neutron.db.ovn_revision_numbers_db [None req-8cdc1f19-daaa-4d84-8c12-c30c13dffeb4 a567ec0a27104407b95cbb39e5809502 8a4ca2cca7574d2289ce86cc5ffab9bc - - default default] Successfully bumped revision number for resource 2f2537a0-f5ca-4089-a354-80453448d083 (type: security_group_rules) to 0
2026-04-12 21:51:35.037 9 INFO neutron.db.ovn_revision_numbers_db [None req-8cdc1f19-daaa-4d84-8c12-c30c13dffeb4 a567ec0a27104407b95cbb39e5809502 8a4ca2cca7574d2289ce86cc5ffab9bc - - default default] Successfully bumped revision number for resource 5970ce37-fb28-4ae1-80bd-4ddc3f02b5dc (type: security_group_rules) to 0
2026-04-12 21:51:35.049 9 INFO neutron.db.ovn_revision_numbers_db [None req-8cdc1f19-daaa-4d84-8c12-c30c13dffeb4 a567ec0a27104407b95cbb39e5809502 8a4ca2cca7574d2289ce86cc5ffab9bc - - default default] Successfully bumped revision number for resource 7c0c2a3b-90e6-4bdd-bb66-c7c5c9282ea2 (type: security_group_rules) to 0
2026-04-12 21:51:35.061 9 INFO neutron.db.ovn_revision_numbers_db [None req-8cdc1f19-daaa-4d84-8c12-c30c13dffeb4 a567ec0a27104407b95cbb39e5809502 8a4ca2cca7574d2289ce86cc5ffab9bc - - default default] Successfully bumped revision number for resource aa31e4a7-88bd-4b10-a6cd-b6086fd767e9 (type: security_group_rules) to 0
2026-04-12 21:51:35.094 9 INFO neutron.api.wsgi [None req-8cdc1f19-daaa-4d84-8c12-c30c13dffeb4 a567ec0a27104407b95cbb39e5809502 8a4ca2cca7574d2289ce86cc5ffab9bc - - default default] 10.0.0.252 "GET /v2.0/security-groups?tenant_id=ee005f3f880743fc87be0a9b62ce442c&name=default HTTP/1.1" status: 200 len: 3120 time: 0.3256314
2026-04-12 21:51:35.290 9 INFO neutron.api.wsgi [None req-5353665f-d3bd-49fc-b19b-316d9131c51e a567ec0a27104407b95cbb39e5809502 8a4ca2cca7574d2289ce86cc5ffab9bc - - default default] 10.0.0.252 "DELETE /v2.0/security-groups/d70c5b51-5fcf-4a0a-99b7-c202d41dcfe3 HTTP/1.1" status: 204 len: 168 time: 0.1910257
2026-04-12 21:51:35.479 10 INFO neutron.db.ovn_revision_numbers_db [None req-36dce6e6-54b0-40e5-903e-d9972f70c6a2 a567ec0a27104407b95cbb39e5809502 8a4ca2cca7574d2289ce86cc5ffab9bc - - default default] Successfully bumped revision number for resource 613d7732-37b9-4b95-a46f-74e1c26f74aa (type: security_groups) to 1
2026-04-12 21:51:35.503 10 INFO neutron.db.ovn_revision_numbers_db [None req-36dce6e6-54b0-40e5-903e-d9972f70c6a2 a567ec0a27104407b95cbb39e5809502 8a4ca2cca7574d2289ce86cc5ffab9bc - - default default] Successfully bumped revision number for resource 1ec4387b-da99-461a-8feb-686a70bb9ca9 (type: security_group_rules) to 0
2026-04-12 21:51:35.543 10 INFO neutron.db.ovn_revision_numbers_db [None req-36dce6e6-54b0-40e5-903e-d9972f70c6a2 a567ec0a27104407b95cbb39e5809502 8a4ca2cca7574d2289ce86cc5ffab9bc - - default default] Successfully bumped revision number for resource 68a96960-8179-4298-9037-6e7eddb39bf7 (type: security_group_rules) to 0
2026-04-12 21:51:35.558 10 INFO neutron.db.ovn_revision_numbers_db [None req-36dce6e6-54b0-40e5-903e-d9972f70c6a2 a567ec0a27104407b95cbb39e5809502 8a4ca2cca7574d2289ce86cc5ffab9bc - - default default] Successfully bumped revision number for resource ba4cbce3-70a7-4422-a375-c0f8f26bf161 (type: security_group_rules) to 0
2026-04-12 21:51:35.571 10 INFO neutron.db.ovn_revision_numbers_db [None req-36dce6e6-54b0-40e5-903e-d9972f70c6a2 a567ec0a27104407b95cbb39e5809502 8a4ca2cca7574d2289ce86cc5ffab9bc - - default default] Successfully bumped revision number for resource e3745829-811e-4485-972b-00b4e86ac343 (type: security_group_rules) to 0
2026-04-12 21:51:35.615 10 INFO neutron.api.wsgi [None req-36dce6e6-54b0-40e5-903e-d9972f70c6a2 a567ec0a27104407b95cbb39e5809502 8a4ca2cca7574d2289ce86cc5ffab9bc - - default default] 10.0.0.252 "GET /v2.0/security-groups?tenant_id=a6ecb92f1c29473785210201f13d19f6&name=default HTTP/1.1" status: 200 len: 3120 time: 0.2282107
2026-04-12 21:51:35.825 9 INFO neutron.api.wsgi [None req-4231f20b-f498-4383-8860-2756b0b04e02 a567ec0a27104407b95cbb39e5809502 8a4ca2cca7574d2289ce86cc5ffab9bc - - default default] 10.0.0.252 "DELETE /v2.0/security-groups/613d7732-37b9-4b95-a46f-74e1c26f74aa HTTP/1.1" status: 204 len: 168 time: 0.1986172
2026-04-12 21:51:36.064 9 INFO neutron.api.wsgi [req-dbb2933f-2025-4d64-abd6-e8c148d1a056 req-014f161e-d649-4e42-bf2c-f4c5d4ba0843 40f3315478584d3b8a5db84ac6019029 f8a47502fcb44111af7d7ab7bf682445 - - default default] 10.0.0.69 "GET /v2.0/ports?device_id=f7d8d4ff-0b9d-401d-aa66-e36de6236d0b HTTP/1.1" status: 200 len: 210 time: 0.0296144
2026-04-12 21:51:36.070 9 INFO neutron.api.wsgi [req-eafc6d7c-5249-4da8-92e5-51028d9e9f1f req-c3e3e63f-bd82-4ab6-bc33-99ad18c96771 40f3315478584d3b8a5db84ac6019029 f8a47502fcb44111af7d7ab7bf682445 - - default default] 199.204.45.244 "GET /v2.0/networks?id=15693466-5c24-4eee-824a-914338f60e66 HTTP/1.1" status: 200 len: 866 time: 0.0732472
2026-04-12 21:51:36.116 9 INFO neutron.api.wsgi [req-eafc6d7c-5249-4da8-92e5-51028d9e9f1f req-6dcede4c-691f-4b90-b2d6-0b5031957964 40f3315478584d3b8a5db84ac6019029 f8a47502fcb44111af7d7ab7bf682445 - - default default] 199.204.45.244 "GET /v2.0/security-groups?fields=id&fields=name&tenant_id=f8a47502fcb44111af7d7ab7bf682445 HTTP/1.1" status: 200 len: 380 time: 0.0406978
2026-04-12 21:51:36.126 9 WARNING neutron_lib.context [req-eafc6d7c-5249-4da8-92e5-51028d9e9f1f req-0b400216-acc6-4411-9782-6b4b66da3e5c 40f3315478584d3b8a5db84ac6019029 f8a47502fcb44111af7d7ab7bf682445 - - default default] Method 'is_advsvc' is deprecated since 2023.2 release (neutron-lib 3.8.0) and will be removed once support for the old RBAC API policies will be removed from Neutron. Please use method 'is_service_role' instead.
2026-04-12 21:51:36.417 9 WARNING neutron.scheduler.dhcp_agent_scheduler [req-eafc6d7c-5249-4da8-92e5-51028d9e9f1f req-0b400216-acc6-4411-9782-6b4b66da3e5c 40f3315478584d3b8a5db84ac6019029 f8a47502fcb44111af7d7ab7bf682445 - - default default] No more DHCP agents
2026-04-12 21:51:36.418 9 WARNING neutron.api.rpc.agentnotifiers.dhcp_rpc_agent_api [req-eafc6d7c-5249-4da8-92e5-51028d9e9f1f req-0b400216-acc6-4411-9782-6b4b66da3e5c 40f3315478584d3b8a5db84ac6019029 f8a47502fcb44111af7d7ab7bf682445 - - default default] Unable to schedule network 15693466-5c24-4eee-824a-914338f60e66: no agents available; will retry on subsequent port and subnet creation events.
2026-04-12 21:51:36.546 9 INFO neutron.db.ovn_revision_numbers_db [req-eafc6d7c-5249-4da8-92e5-51028d9e9f1f req-0b400216-acc6-4411-9782-6b4b66da3e5c 40f3315478584d3b8a5db84ac6019029 f8a47502fcb44111af7d7ab7bf682445 - - default default] Successfully bumped revision number for resource c2c7a061-5639-45ef-bf6f-f79140e43651 (type: ports) to 1
2026-04-12 21:51:36.569 9 INFO neutron.api.wsgi [req-eafc6d7c-5249-4da8-92e5-51028d9e9f1f req-0b400216-acc6-4411-9782-6b4b66da3e5c 40f3315478584d3b8a5db84ac6019029 f8a47502fcb44111af7d7ab7bf682445 - - default default] 199.204.45.244 "POST /v2.0/ports HTTP/1.1" status: 201 len: 1158 time: 0.4484470 /var/lib/openstack/lib/python3.12/site-packages/pycadf/identifier.py:71: UserWarning: Invalid uuid: neutron. To ensure interoperability, identifiers should be a valid uuid. warnings.warn(('Invalid uuid: %s. To ensure interoperability, '
2026-04-12 21:51:36.907 9 INFO neutron.db.ovn_revision_numbers_db [req-eafc6d7c-5249-4da8-92e5-51028d9e9f1f req-ee4dc446-7319-420d-886c-682bdb202633 69f8ad1a45954b309f99a02f0823d47e 5fe509aa54f84f9daa5dfe279dd8521a - - f26d5f8b5eea4776bdf6fce6462c9921 f26d5f8b5eea4776bdf6fce6462c9921] Successfully bumped revision number for resource c2c7a061-5639-45ef-bf6f-f79140e43651 (type: ports) to 2
2026-04-12 21:51:37.089 9 INFO neutron.db.ovn_revision_numbers_db [req-eafc6d7c-5249-4da8-92e5-51028d9e9f1f req-ee4dc446-7319-420d-886c-682bdb202633 69f8ad1a45954b309f99a02f0823d47e 5fe509aa54f84f9daa5dfe279dd8521a - - f26d5f8b5eea4776bdf6fce6462c9921 f26d5f8b5eea4776bdf6fce6462c9921] Successfully bumped revision number for resource c2c7a061-5639-45ef-bf6f-f79140e43651 (type: ports) to 4
2026-04-12 21:51:37.107 9 INFO neutron.api.wsgi [req-eafc6d7c-5249-4da8-92e5-51028d9e9f1f req-ee4dc446-7319-420d-886c-682bdb202633 69f8ad1a45954b309f99a02f0823d47e 5fe509aa54f84f9daa5dfe279dd8521a - - f26d5f8b5eea4776bdf6fce6462c9921 f26d5f8b5eea4776bdf6fce6462c9921] 199.204.45.244 "PUT /v2.0/ports/c2c7a061-5639-45ef-bf6f-f79140e43651 HTTP/1.1" status: 200 len: 1404 time: 0.5345643
