2026-04-12 21:52:46.392 10 INFO neutron.db.ovn_revision_numbers_db [None req-682426d9-2044-4df2-81f3-46e03b7ec43f a567ec0a27104407b95cbb39e5809502 8a4ca2cca7574d2289ce86cc5ffab9bc - - default default] Successfully bumped revision number for resource 7c93a20d-9a5a-43da-98a7-9e2c30d1b875 (type: security_group_rules) to 0
2026-04-12 21:52:46.406 10 INFO neutron.db.ovn_revision_numbers_db [None req-682426d9-2044-4df2-81f3-46e03b7ec43f a567ec0a27104407b95cbb39e5809502 8a4ca2cca7574d2289ce86cc5ffab9bc - - default default] Successfully bumped revision number for resource 939d2563-e1b0-4a45-b054-0ef8709f87fe (type: security_group_rules) to 0
2026-04-12 21:52:46.409 9 INFO neutron.api.wsgi [None req-775e1d77-a2e9-4334-a52c-7094ba1e27ed b92e57b464894bfa993d227b1fa44ba3 8d6d21ca7e6c4783ac7092a3c10c3a28 - - default default] 10.0.0.252 "DELETE /v2.0/ports/ed84d8fc-ca0f-474e-906d-b00737450ccd HTTP/1.1" status: 204 len: 168 time: 0.5044060
2026-04-12 21:52:46.424 10 INFO neutron.db.ovn_revision_numbers_db [None req-682426d9-2044-4df2-81f3-46e03b7ec43f a567ec0a27104407b95cbb39e5809502 8a4ca2cca7574d2289ce86cc5ffab9bc - - default default] Successfully bumped revision number for resource 990b1034-5725-4f32-ab09-b4621c586865 (type: security_group_rules) to 0
2026-04-12 21:52:46.451 10 INFO neutron.db.ovn_revision_numbers_db [None req-682426d9-2044-4df2-81f3-46e03b7ec43f a567ec0a27104407b95cbb39e5809502 8a4ca2cca7574d2289ce86cc5ffab9bc - - default default] Successfully bumped revision number for resource b1e4369a-14ce-44b6-a25f-20fc30436d0b (type: security_group_rules) to 0
2026-04-12 21:52:46.654 9 INFO neutron.db.ovn_revision_numbers_db [None req-4edecb2c-d9a6-4a64-befe-46a233599301 - - - - - -] Successfully bumped revision number for resource 8ff4e9e8-e2d3-4e90-8d5a-3d1e0aa335e2 (type: ports) to 5
2026-04-12 21:52:46.720 10 INFO neutron.api.wsgi [None req-682426d9-2044-4df2-81f3-46e03b7ec43f a567ec0a27104407b95cbb39e5809502 8a4ca2cca7574d2289ce86cc5ffab9bc - - default default] 10.0.0.252 "GET /v2.0/security-groups?tenant_id=4ee9cd9bf95d4216ae391f0fb5f15ad4&name=default HTTP/1.1" status: 200 len: 3120 time: 0.5975840
2026-04-12 21:52:46.864 9 INFO neutron.plugins.ml2.drivers.ovn.mech_driver.ovsdb.commands [None req-9043cb80-e495-439d-ac66-a2fd63b8f52b - - - - - -] Schedule LRP lrp-26d9ffc1-063c-424d-a75f-1970a6d27e26 on gateway 0bc1e388-1492-4620-851c-d00b3e8fa188 with priority 1
2026-04-12 21:52:46.894 10 INFO neutron.plugins.ml2.drivers.ovn.mech_driver.ovsdb.ovsdb_monitor [None req-78b97786-3ae9-4262-9a13-4fd33ad92866 - - - - - -] Router 059cf26a-b612-4ce6-9118-e9094203c0a2 is bound to host instance
2026-04-12 21:52:46.899 9 INFO neutron.db.ovn_revision_numbers_db [None req-71ad15ca-0127-4930-82a6-46f2c3fcca5c a567ec0a27104407b95cbb39e5809502 8a4ca2cca7574d2289ce86cc5ffab9bc - - default default] Successfully bumped revision number for resource 26d9ffc1-063c-424d-a75f-1970a6d27e26 (type: router_ports) to 1
2026-04-12 21:52:46.953 9 INFO neutron.db.ovn_revision_numbers_db [None req-71ad15ca-0127-4930-82a6-46f2c3fcca5c a567ec0a27104407b95cbb39e5809502 8a4ca2cca7574d2289ce86cc5ffab9bc - - default default] Successfully bumped revision number for resource 059cf26a-b612-4ce6-9118-e9094203c0a2 (type: routers) to 2
2026-04-12 21:52:46.968 9 INFO neutron.api.wsgi [None req-71ad15ca-0127-4930-82a6-46f2c3fcca5c a567ec0a27104407b95cbb39e5809502 8a4ca2cca7574d2289ce86cc5ffab9bc - - default default] 10.0.0.252 "POST /v2.0/routers HTTP/1.1" status: 201 len: 1164 time: 1.6174369
2026-04-12 21:52:47.088 10 INFO neutron.api.wsgi [None req-2cf31a28-d413-4122-8144-e5827c7d7ad9 b92e57b464894bfa993d227b1fa44ba3 8d6d21ca7e6c4783ac7092a3c10c3a28 - - default default] 10.0.0.252 "DELETE /v2.0/ports/c24075ac-6e2c-4420-902b-5469d76c06ce HTTP/1.1" status: 204 len: 168 time: 0.6533773
2026-04-12 21:52:47.139 10 INFO neutron.db.ovn_revision_numbers_db [None req-0047a299-b7f2-4f44-853f-d842d08278f1 a567ec0a27104407b95cbb39e5809502 8a4ca2cca7574d2289ce86cc5ffab9bc - - default default] Successfully bumped revision number for resource e197d3e6-d749-4dbd-9e4e-d603472b1b2a (type: router_ports) to 1
2026-04-12 21:52:47.145 10 INFO neutron.api.wsgi [None req-0830d53c-6e02-4bbd-b8e8-de47688a59f2 a567ec0a27104407b95cbb39e5809502 8a4ca2cca7574d2289ce86cc5ffab9bc - - default default] 10.0.0.252 "DELETE /v2.0/security-groups/aedd932e-6ebd-4381-9918-401a90ae7d93 HTTP/1.1" status: 204 len: 168 time: 0.4190872
2026-04-12 21:52:47.148 10 INFO neutron.api.wsgi [None req-0047a299-b7f2-4f44-853f-d842d08278f1 a567ec0a27104407b95cbb39e5809502 8a4ca2cca7574d2289ce86cc5ffab9bc - - default default] 10.0.0.252 "PUT /v2.0/routers/c2c37e3c-488a-4576-bca3-68673b2af151/add_router_interface HTTP/1.1" status: 200 len: 503 time: 2.0957243
2026-04-12 21:52:47.192 10 INFO neutron.api.wsgi [None req-2404ccef-c0c1-4622-a160-22e142c85a7b b92e57b464894bfa993d227b1fa44ba3 8d6d21ca7e6c4783ac7092a3c10c3a28 - - default default] 10.0.0.252 "GET /v2.0/ports HTTP/1.1" status: 200 len: 1718 time: 0.0988297
2026-04-12 21:52:47.202 10 WARNING neutron_lib.context [None req-7695f9e9-e52d-4ee4-81ad-ed3209b88bb3 b92e57b464894bfa993d227b1fa44ba3 8d6d21ca7e6c4783ac7092a3c10c3a28 - - default default] Method 'is_advsvc' is deprecated since 2023.2 release (neutron-lib 3.8.0) and will be removed once support for the old RBAC API policies will be removed from Neutron. Please use method 'is_service_role' instead.
2026-04-12 21:52:47.286 10 INFO neutron.db.segments_db [None req-7695f9e9-e52d-4ee4-81ad-ed3209b88bb3 b92e57b464894bfa993d227b1fa44ba3 8d6d21ca7e6c4783ac7092a3c10c3a28 - - default default] Added segment b9251d1f-6a3e-4073-86ba-b75a26b9890c of type geneve for network f970c082-d71c-46f1-be2a-39cb622dcd08
2026-04-12 21:52:47.388 9 INFO neutron.db.ovn_revision_numbers_db [None req-89868cea-2cc6-490e-afff-f4661d9adf66 a567ec0a27104407b95cbb39e5809502 8a4ca2cca7574d2289ce86cc5ffab9bc - - default default] Successfully bumped revision number for resource b36ff807-6cbc-4939-bbb6-3f32645341fd (type: security_groups) to 1
2026-04-12 21:52:47.391 9 WARNING neutron.scheduler.dhcp_agent_scheduler [None req-80c1392e-e688-40d9-bee1-fcbb7a0e768c a567ec0a27104407b95cbb39e5809502 8a4ca2cca7574d2289ce86cc5ffab9bc - - default default] No more DHCP agents
2026-04-12 21:52:47.393 9 WARNING neutron.api.rpc.agentnotifiers.dhcp_rpc_agent_api [None req-80c1392e-e688-40d9-bee1-fcbb7a0e768c a567ec0a27104407b95cbb39e5809502 8a4ca2cca7574d2289ce86cc5ffab9bc - - default default] Unable to schedule network 450dfc94-5d45-4800-8373-84643d23c40d: no agents available; will retry on subsequent port and subnet creation events.
2026-04-12 21:52:47.398 10 INFO neutron.db.ovn_revision_numbers_db [None req-7695f9e9-e52d-4ee4-81ad-ed3209b88bb3 b92e57b464894bfa993d227b1fa44ba3 8d6d21ca7e6c4783ac7092a3c10c3a28 - - default default] Successfully bumped revision number for resource f970c082-d71c-46f1-be2a-39cb622dcd08 (type: networks) to 1
2026-04-12 21:52:47.406 9 INFO neutron.db.ovn_revision_numbers_db [None req-89868cea-2cc6-490e-afff-f4661d9adf66 a567ec0a27104407b95cbb39e5809502 8a4ca2cca7574d2289ce86cc5ffab9bc - - default default] Successfully bumped revision number for resource 60efeff0-08e1-4c0a-b770-abaa072cd7e4 (type: security_group_rules) to 0
2026-04-12 21:52:47.421 9 INFO neutron.db.ovn_revision_numbers_db [None req-89868cea-2cc6-490e-afff-f4661d9adf66 a567ec0a27104407b95cbb39e5809502 8a4ca2cca7574d2289ce86cc5ffab9bc - - default default] Successfully bumped revision number for resource 61785281-63c4-4995-b80a-41586a150c3b (type: security_group_rules) to 0
2026-04-12 21:52:47.435 9 INFO neutron.db.ovn_revision_numbers_db [None req-89868cea-2cc6-490e-afff-f4661d9adf66 a567ec0a27104407b95cbb39e5809502 8a4ca2cca7574d2289ce86cc5ffab9bc - - default default] Successfully bumped revision number for resource 8ace90c2-cb66-4cfa-90dc-b62579cc0678 (type: security_group_rules) to 0
2026-04-12 21:52:47.453 9 INFO neutron.db.ovn_revision_numbers_db [None req-89868cea-2cc6-490e-afff-f4661d9adf66 a567ec0a27104407b95cbb39e5809502 8a4ca2cca7574d2289ce86cc5ffab9bc - - default default] Successfully bumped revision number for resource e99641d7-2890-4b15-8ff9-693d8294841d (type: security_group_rules) to 0
2026-04-12 21:52:47.473 10 INFO neutron.db.ovn_revision_numbers_db [None req-e61b31a5-7399-4f2d-ade2-3db5ffc98df3 - - - - - -] Successfully bumped revision number for resource 26d9ffc1-063c-424d-a75f-1970a6d27e26 (type: ports) to 1
2026-04-12 21:52:47.492 9 INFO neutron.api.wsgi [None req-89868cea-2cc6-490e-afff-f4661d9adf66 a567ec0a27104407b95cbb39e5809502 8a4ca2cca7574d2289ce86cc5ffab9bc - - default default] 10.0.0.252 "GET /v2.0/security-groups?tenant_id=ae68a1b5930440139c2758bad61377d0&name=default HTTP/1.1" status: 200 len: 3120 time: 0.2630749
2026-04-12 21:52:47.542 9 INFO neutron.db.ovn_revision_numbers_db [None req-80c1392e-e688-40d9-bee1-fcbb7a0e768c a567ec0a27104407b95cbb39e5809502 8a4ca2cca7574d2289ce86cc5ffab9bc - - default default] Successfully bumped revision number for resource 28e63a82-0b8d-40cc-9884-5210138e0e77 (type: ports) to 1
2026-04-12 21:52:47.557 10 WARNING neutron.scheduler.dhcp_agent_scheduler [None req-7695f9e9-e52d-4ee4-81ad-ed3209b88bb3 b92e57b464894bfa993d227b1fa44ba3 8d6d21ca7e6c4783ac7092a3c10c3a28 - - default default] No more DHCP agents
2026-04-12 21:52:47.558 10 WARNING neutron.api.rpc.agentnotifiers.dhcp_rpc_agent_api [None req-7695f9e9-e52d-4ee4-81ad-ed3209b88bb3 b92e57b464894bfa993d227b1fa44ba3 8d6d21ca7e6c4783ac7092a3c10c3a28 - - default default] Unable to schedule network f970c082-d71c-46f1-be2a-39cb622dcd08: no agents available; will retry on subsequent port and subnet creation events.
2026-04-12 21:52:47.632 10 INFO neutron.db.ovn_revision_numbers_db [None req-7695f9e9-e52d-4ee4-81ad-ed3209b88bb3 b92e57b464894bfa993d227b1fa44ba3 8d6d21ca7e6c4783ac7092a3c10c3a28 - - default default] Successfully bumped revision number for resource 86aa6937-d988-47bc-9710-06d096cc03a0 (type: ports) to 1
2026-04-12 21:52:47.651 10 INFO neutron.api.wsgi [None req-7695f9e9-e52d-4ee4-81ad-ed3209b88bb3 b92e57b464894bfa993d227b1fa44ba3 8d6d21ca7e6c4783ac7092a3c10c3a28 - - default default] 10.0.0.252 "POST /v2.0/networks HTTP/1.1" status: 201 len: 853 time: 0.4539082
2026-04-12 21:52:47.662 10 WARNING neutron_lib.context [None req-2b7d7359-5e1f-4623-b9b4-4e4be26c5e31 b92e57b464894bfa993d227b1fa44ba3 8d6d21ca7e6c4783ac7092a3c10c3a28 - - default default] Method 'is_advsvc' is deprecated since 2023.2 release (neutron-lib 3.8.0) and will be removed once support for the old RBAC API policies will be removed from Neutron. Please use method 'is_service_role' instead.
2026-04-12 21:52:47.739 9 INFO neutron.api.wsgi [None req-cc0eb403-662f-4ab1-9c0d-200df0474fdc a567ec0a27104407b95cbb39e5809502 8a4ca2cca7574d2289ce86cc5ffab9bc - - default default] 10.0.0.252 "DELETE /v2.0/security-groups/b36ff807-6cbc-4939-bbb6-3f32645341fd HTTP/1.1" status: 204 len: 168 time: 0.2379048
2026-04-12 21:52:47.763 10 INFO neutron.db.segments_db [None req-2b7d7359-5e1f-4623-b9b4-4e4be26c5e31 b92e57b464894bfa993d227b1fa44ba3 8d6d21ca7e6c4783ac7092a3c10c3a28 - - default default] Added segment 77c93dbe-2037-49b3-a000-d32978c767e5 of type geneve for network 43520e64-6064-49fb-a156-068e98fd33b0
2026-04-12 21:52:47.822 10 INFO neutron.plugins.ml2.drivers.ovn.mech_driver.mech_driver [None req-992bb7a3-77d5-42f8-b002-f8a7307c1d7d - - - - - -] OVN reports status up for port: e197d3e6-d749-4dbd-9e4e-d603472b1b2a
2026-04-12 21:52:47.832 10 INFO neutron.plugins.ml2.plugin [None req-992bb7a3-77d5-42f8-b002-f8a7307c1d7d - - - - - -] Attempt 1 to provision port e197d3e6-d749-4dbd-9e4e-d603472b1b2a
2026-04-12 21:52:47.846 10 INFO neutron.db.ovn_revision_numbers_db [None req-e61b31a5-7399-4f2d-ade2-3db5ffc98df3 - - - - - -] Successfully bumped revision number for resource 26d9ffc1-063c-424d-a75f-1970a6d27e26 (type: ports) to 4
2026-04-12 21:52:47.903 10 INFO neutron.db.ovn_revision_numbers_db [None req-2b7d7359-5e1f-4623-b9b4-4e4be26c5e31 b92e57b464894bfa993d227b1fa44ba3 8d6d21ca7e6c4783ac7092a3c10c3a28 - - default default] Successfully bumped revision number for resource 43520e64-6064-49fb-a156-068e98fd33b0 (type: networks) to 1
2026-04-12 21:52:48.073 9 INFO neutron.plugins.ml2.drivers.ovn.mech_driver.mech_driver [None req-e42d95e1-80eb-40ed-a4c9-5a09d02a2bf5 - - - - - -] OVN reports status up for port: 28e63a82-0b8d-40cc-9884-5210138e0e77
2026-04-12 21:52:48.083 9 INFO neutron.plugins.ml2.plugin [None req-e42d95e1-80eb-40ed-a4c9-5a09d02a2bf5 - - - - - -] Attempt 1 to provision port 28e63a82-0b8d-40cc-9884-5210138e0e77
2026-04-12 21:52:48.092 9 INFO neutron.db.ovn_revision_numbers_db [None req-80c1392e-e688-40d9-bee1-fcbb7a0e768c a567ec0a27104407b95cbb39e5809502 8a4ca2cca7574d2289ce86cc5ffab9bc - - default default] Successfully bumped revision number for resource 28e63a82-0b8d-40cc-9884-5210138e0e77 (type: ports) to 1
2026-04-12 21:52:48.104 10 WARNING neutron.scheduler.dhcp_agent_scheduler [None req-2b7d7359-5e1f-4623-b9b4-4e4be26c5e31 b92e57b464894bfa993d227b1fa44ba3 8d6d21ca7e6c4783ac7092a3c10c3a28 - - default default] No more DHCP agents
2026-04-12 21:52:48.106 10 WARNING neutron.api.rpc.agentnotifiers.dhcp_rpc_agent_api [None req-2b7d7359-5e1f-4623-b9b4-4e4be26c5e31 b92e57b464894bfa993d227b1fa44ba3 8d6d21ca7e6c4783ac7092a3c10c3a28 - - default default] Unable to schedule network 43520e64-6064-49fb-a156-068e98fd33b0: no agents available; will retry on subsequent port and subnet creation events.
2026-04-12 21:52:48.146 9 WARNING neutron.scheduler.dhcp_agent_scheduler [None req-80c1392e-e688-40d9-bee1-fcbb7a0e768c a567ec0a27104407b95cbb39e5809502 8a4ca2cca7574d2289ce86cc5ffab9bc - - default default] No more DHCP agents
2026-04-12 21:52:48.149 9 WARNING neutron.api.rpc.agentnotifiers.dhcp_rpc_agent_api [None req-80c1392e-e688-40d9-bee1-fcbb7a0e768c a567ec0a27104407b95cbb39e5809502 8a4ca2cca7574d2289ce86cc5ffab9bc - - default default] Unable to schedule network 450dfc94-5d45-4800-8373-84643d23c40d: no agents available; will retry on subsequent port and subnet creation events.
2026-04-12 21:52:48.196 10 INFO neutron.db.ovn_revision_numbers_db [None req-2b7d7359-5e1f-4623-b9b4-4e4be26c5e31 b92e57b464894bfa993d227b1fa44ba3 8d6d21ca7e6c4783ac7092a3c10c3a28 - - default default] Successfully bumped revision number for resource d201e737-4572-4d7a-a926-33d2b6122e09 (type: ports) to 1
2026-04-12 21:52:48.230 10 INFO neutron.api.wsgi [None req-2b7d7359-5e1f-4623-b9b4-4e4be26c5e31 b92e57b464894bfa993d227b1fa44ba3 8d6d21ca7e6c4783ac7092a3c10c3a28 - - default default] 10.0.0.252 "POST /v2.0/networks HTTP/1.1" status: 201 len: 853 time: 0.5713632
2026-04-12 21:52:48.335 10 INFO neutron.db.ovn_revision_numbers_db [None req-992bb7a3-77d5-42f8-b002-f8a7307c1d7d - - - - - -] Successfully bumped revision number for resource e197d3e6-d749-4dbd-9e4e-d603472b1b2a (type: ports) to 2
2026-04-12 21:52:48.337 10 INFO neutron.db.ovn_revision_numbers_db [None req-e61b31a5-7399-4f2d-ade2-3db5ffc98df3 - - - - - -] Successfully bumped revision number for resource 26d9ffc1-063c-424d-a75f-1970a6d27e26 (type: ports) to 5
2026-04-12 21:52:48.479 9 INFO neutron.db.ovn_revision_numbers_db [None req-e42d95e1-80eb-40ed-a4c9-5a09d02a2bf5 - - - - - -] Successfully bumped revision number for resource 28e63a82-0b8d-40cc-9884-5210138e0e77 (type: ports) to 2
2026-04-12 21:52:48.677 10 WARNING neutron_lib.context [None req-27a75fa0-f8d9-410c-a7d9-4cd2dfc01be7 b92e57b464894bfa993d227b1fa44ba3 8d6d21ca7e6c4783ac7092a3c10c3a28 - - default default] Method 'is_advsvc' is deprecated since 2023.2 release (neutron-lib 3.8.0) and will be removed once support for the old RBAC API policies will be removed from Neutron. Please use method 'is_service_role' instead.
2026-04-12 21:52:48.700 10 WARNING neutron_lib.context [None req-27a75fa0-f8d9-410c-a7d9-4cd2dfc01be7 b92e57b464894bfa993d227b1fa44ba3 8d6d21ca7e6c4783ac7092a3c10c3a28 - - default default] Method 'is_advsvc' is deprecated since 2023.2 release (neutron-lib 3.8.0) and will be removed once support for the old RBAC API policies will be removed from Neutron. Please use method 'is_service_role' instead.
2026-04-12 21:52:48.748 9 INFO neutron.db.ovn_revision_numbers_db [None req-80c1392e-e688-40d9-bee1-fcbb7a0e768c a567ec0a27104407b95cbb39e5809502 8a4ca2cca7574d2289ce86cc5ffab9bc - - default default] Successfully bumped revision number for resource 28e63a82-0b8d-40cc-9884-5210138e0e77 (type: router_ports) to 1
2026-04-12 21:52:48.754 9 INFO neutron.api.wsgi [None req-80c1392e-e688-40d9-bee1-fcbb7a0e768c a567ec0a27104407b95cbb39e5809502 8a4ca2cca7574d2289ce86cc5ffab9bc - - default default] 10.0.0.252 "PUT /v2.0/routers/059cf26a-b612-4ce6-9118-e9094203c0a2/add_router_interface HTTP/1.1" status: 200 len: 503 time: 1.7822831
2026-04-12 21:52:48.983 10 WARNING neutron.scheduler.dhcp_agent_scheduler [None req-27a75fa0-f8d9-410c-a7d9-4cd2dfc01be7 b92e57b464894bfa993d227b1fa44ba3 8d6d21ca7e6c4783ac7092a3c10c3a28 - - default default] No more DHCP agents
2026-04-12 21:52:48.984 10 WARNING neutron.api.rpc.agentnotifiers.dhcp_rpc_agent_api [None req-27a75fa0-f8d9-410c-a7d9-4cd2dfc01be7 b92e57b464894bfa993d227b1fa44ba3 8d6d21ca7e6c4783ac7092a3c10c3a28 - - default default] Unable to schedule network f970c082-d71c-46f1-be2a-39cb622dcd08: no agents available; will retry on subsequent port and subnet creation events.
2026-04-12 21:52:49.013 10 INFO neutron.db.ovn_revision_numbers_db [None req-27a75fa0-f8d9-410c-a7d9-4cd2dfc01be7 b92e57b464894bfa993d227b1fa44ba3 8d6d21ca7e6c4783ac7092a3c10c3a28 - - default default] Successfully bumped revision number for resource 22183cb7-8c83-46df-a1e4-fabf7fab8aae (type: subnets) to 0
2026-04-12 21:52:49.050 10 WARNING neutron.scheduler.dhcp_agent_scheduler [None req-27a75fa0-f8d9-410c-a7d9-4cd2dfc01be7 b92e57b464894bfa993d227b1fa44ba3 8d6d21ca7e6c4783ac7092a3c10c3a28 - - default default] No more DHCP agents
2026-04-12 21:52:49.052 10 WARNING neutron.api.rpc.agentnotifiers.dhcp_rpc_agent_api [None req-27a75fa0-f8d9-410c-a7d9-4cd2dfc01be7 b92e57b464894bfa993d227b1fa44ba3 8d6d21ca7e6c4783ac7092a3c10c3a28 - - default default] Unable to schedule network 43520e64-6064-49fb-a156-068e98fd33b0: no agents available; will retry on subsequent port and subnet creation events.
2026-04-12 21:52:49.079 10 INFO neutron.db.ovn_revision_numbers_db [None req-27a75fa0-f8d9-410c-a7d9-4cd2dfc01be7 b92e57b464894bfa993d227b1fa44ba3 8d6d21ca7e6c4783ac7092a3c10c3a28 - - default default] Successfully bumped revision number for resource a79538af-cab0-48e0-9a75-6727260f5423 (type: subnets) to 0
2026-04-12 21:52:49.092 10 INFO neutron.api.wsgi [None req-27a75fa0-f8d9-410c-a7d9-4cd2dfc01be7 b92e57b464894bfa993d227b1fa44ba3 8d6d21ca7e6c4783ac7092a3c10c3a28 - - default default] 10.0.0.252 "POST /v2.0/subnets HTTP/1.1" status: 201 len: 1520 time: 0.4213669
2026-04-12 21:52:49.125 10 INFO neutron.api.wsgi [None req-af02acc2-62bb-4bc5-9d34-587d935e9b3b b92e57b464894bfa993d227b1fa44ba3 8d6d21ca7e6c4783ac7092a3c10c3a28 - - default default] 10.0.0.252 "GET /v2.0/subnets HTTP/1.1" status: 200 len: 2151 time: 0.0290253
2026-04-12 21:52:49.252 10 INFO neutron.api.wsgi [None req-d5268b77-7ba9-4535-be2d-5f9ce65b372d b92e57b464894bfa993d227b1fa44ba3 8d6d21ca7e6c4783ac7092a3c10c3a28 - - default default] 10.0.0.252 "DELETE /v2.0/subnets/22183cb7-8c83-46df-a1e4-fabf7fab8aae HTTP/1.1" status: 204 len: 168 time: 0.1178269
2026-04-12 21:52:49.328 10 INFO neutron.api.wsgi [-] 10.0.0.92 "GET / HTTP/1.1" status: 200 len: 247 time: 0.0012364
2026-04-12 21:52:49.330 10 INFO neutron.api.wsgi [-] 10.0.0.92 "GET / HTTP/1.1" status: 200 len: 247 time: 0.0009344
2026-04-12 21:52:49.391 10 INFO neutron.api.wsgi [None req-fe0f4bab-f89f-498c-ab01-b4733f803017 b92e57b464894bfa993d227b1fa44ba3 8d6d21ca7e6c4783ac7092a3c10c3a28 - - default default] 10.0.0.252 "DELETE /v2.0/subnets/a79538af-cab0-48e0-9a75-6727260f5423 HTTP/1.1" status: 204 len: 168 time: 0.1335402
2026-04-12 21:52:49.419 10 INFO neutron.api.wsgi [None req-e6f46eb0-9e6a-47dd-9569-a6a36642aa79 b92e57b464894bfa993d227b1fa44ba3 8d6d21ca7e6c4783ac7092a3c10c3a28 - - default default] 10.0.0.252 "GET /v2.0/subnets HTTP/1.1" status: 200 len: 843 time: 0.0230432
2026-04-12 21:52:49.724 10 INFO neutron.services.segments.plugin [-] Segment 77c93dbe-2037-49b3-a000-d32978c767e5 resource provider aggregate not found
2026-04-12 21:52:49.727 10 INFO neutron.services.segments.plugin [-] Segment 77c93dbe-2037-49b3-a000-d32978c767e5 resource provider aggregate not found
2026-04-12 21:52:49.738 10 INFO neutron.services.segments.plugin [-] Segment 77c93dbe-2037-49b3-a000-d32978c767e5 resource provider not found; error: Placement Client Error (4xx): {"errors": [{"status": 404, "title": "Not Found", "detail": "The resource could not be found.\n\n No resource provider with uuid 77c93dbe-2037-49b3-a000-d32978c767e5 found for delete ", "request_id": "req-b25e5d3f-adcd-4aab-895b-0721ba84b80f"}]}
2026-04-12 21:52:49.742 10 INFO neutron.api.wsgi [None req-d470c5cd-3da9-4020-9f5a-4c31342f6c24 b92e57b464894bfa993d227b1fa44ba3 8d6d21ca7e6c4783ac7092a3c10c3a28 - - default default] 10.0.0.252 "DELETE /v2.0/networks/43520e64-6064-49fb-a156-068e98fd33b0 HTTP/1.1" status: 204 len: 168 time: 0.3160946
2026-04-12 21:52:49.742 10 INFO neutron.services.segments.plugin [-] Segment 77c93dbe-2037-49b3-a000-d32978c767e5 resource provider not found; error: Placement Client Error (4xx): {"errors": [{"status": 404, "title": "Not Found", "detail": "The resource could not be found.\n\n No resource provider with uuid 77c93dbe-2037-49b3-a000-d32978c767e5 found for delete ", "request_id": "req-0ec82a16-50d4-4f13-b47a-a6c149cc0c2b"}]}
2026-04-12 21:52:49.806 9 INFO neutron.api.wsgi [req-154177dc-49d2-4b59-a399-db00ddab779f req-b99b245f-260d-414f-9af1-67af7b6c7071 81e922c92b4f4cb69e40077004cb5c39 4c245288e01344d2a42f7f9ee7b47fe0 - - default default] 10.0.0.69 "GET /v2.0/networks?id=a7601fee-e99e-4561-abbd-b5e4e031621f HTTP/1.1" status: 200 len: 871 time: 0.0653870
2026-04-12 21:52:49.822 9 INFO neutron.api.wsgi [req-154177dc-49d2-4b59-a399-db00ddab779f req-eb3a63d9-8c53-4bc7-a2d3-e73c98b31e2b 81e922c92b4f4cb69e40077004cb5c39 4c245288e01344d2a42f7f9ee7b47fe0 - - default default] 10.0.0.69 "GET /v2.0/quotas/4c245288e01344d2a42f7f9ee7b47fe0 HTTP/1.1" status: 200 len: 491 time: 0.0112557
2026-04-12 21:52:49.900 9 INFO neutron.api.wsgi [req-154177dc-49d2-4b59-a399-db00ddab779f req-63a30771-ddbd-417e-b1bf-7f74c2b9c962 81e922c92b4f4cb69e40077004cb5c39 4c245288e01344d2a42f7f9ee7b47fe0 - - default default] 10.0.0.69 "GET /v2.0/ports?tenant_id=4c245288e01344d2a42f7f9ee7b47fe0&fields=id HTTP/1.1" status: 200 len: 302 time: 0.0732574
2026-04-12 21:52:49.921 9 INFO neutron.db.ovn_revision_numbers_db [None req-3733d868-51cc-41f0-85c8-8c40e50918a0 a567ec0a27104407b95cbb39e5809502 8a4ca2cca7574d2289ce86cc5ffab9bc - - default default] Successfully bumped revision number for resource 26ef66e5-4144-4462-8b5b-666a37aaa44c (type: security_groups) to 1
2026-04-12 21:52:49.934 9 INFO neutron.db.ovn_revision_numbers_db [None req-3733d868-51cc-41f0-85c8-8c40e50918a0 a567ec0a27104407b95cbb39e5809502 8a4ca2cca7574d2289ce86cc5ffab9bc - - default default] Successfully bumped revision number for resource 5be817d0-3612-44e0-9735-e6b2d0de5f95 (type: security_group_rules) to 0
2026-04-12 21:52:49.945 9 INFO neutron.api.wsgi [req-154177dc-49d2-4b59-a399-db00ddab779f req-523dcea9-0ce9-406b-80a2-8c7bd45dc302 69f8ad1a45954b309f99a02f0823d47e 5fe509aa54f84f9daa5dfe279dd8521a - - f26d5f8b5eea4776bdf6fce6462c9921 f26d5f8b5eea4776bdf6fce6462c9921] 10.0.0.69 "GET /v2.0/networks/a7601fee-e99e-4561-abbd-b5e4e031621f?fields=segments HTTP/1.1" status: 200 len: 212 time: 0.0387309
2026-04-12 21:52:49.950 9 INFO neutron.db.ovn_revision_numbers_db [None req-3733d868-51cc-41f0-85c8-8c40e50918a0 a567ec0a27104407b95cbb39e5809502 8a4ca2cca7574d2289ce86cc5ffab9bc - - default default] Successfully bumped revision number for resource 5ef01af7-6bc8-4cbf-89b3-2563c497d11b (type: security_group_rules) to 0
2026-04-12 21:52:49.972 9 INFO neutron.db.ovn_revision_numbers_db [None req-3733d868-51cc-41f0-85c8-8c40e50918a0 a567ec0a27104407b95cbb39e5809502 8a4ca2cca7574d2289ce86cc5ffab9bc - - default default] Successfully bumped revision number for resource ec093596-ded7-4463-b037-d1fa30306859 (type: security_group_rules) to 0
2026-04-12 21:52:49.992 9 INFO neutron.api.wsgi [req-154177dc-49d2-4b59-a399-db00ddab779f req-447732cb-3d2e-43b5-bc4c-f3612cec6b93 69f8ad1a45954b309f99a02f0823d47e 5fe509aa54f84f9daa5dfe279dd8521a - - f26d5f8b5eea4776bdf6fce6462c9921 f26d5f8b5eea4776bdf6fce6462c9921] 10.0.0.69 "GET /v2.0/networks/a7601fee-e99e-4561-abbd-b5e4e031621f?fields=provider%3Aphysical_network&fields=provider%3Anetwork_type HTTP/1.1" status: 200 len: 277 time: 0.0399942
2026-04-12 21:52:49.995 9 INFO neutron.db.ovn_revision_numbers_db [None req-3733d868-51cc-41f0-85c8-8c40e50918a0 a567ec0a27104407b95cbb39e5809502 8a4ca2cca7574d2289ce86cc5ffab9bc - - default default] Successfully bumped revision number for resource f5333a8c-2654-46de-baaa-07ca8ebcc23d (type: security_group_rules) to 0
2026-04-12 21:52:50.017 10 INFO neutron.api.wsgi [None req-5e8c09d9-93be-44f3-831c-5b2fa5cadf04 b92e57b464894bfa993d227b1fa44ba3 8d6d21ca7e6c4783ac7092a3c10c3a28 - - default default] 10.0.0.252 "DELETE /v2.0/networks/f970c082-d71c-46f1-be2a-39cb622dcd08 HTTP/1.1" status: 204 len: 168 time: 0.2717855
2026-04-12 21:52:50.081 9 INFO neutron.db.segments_db [None req-3733d868-51cc-41f0-85c8-8c40e50918a0 a567ec0a27104407b95cbb39e5809502 8a4ca2cca7574d2289ce86cc5ffab9bc - - default default] Added segment 79f2e00b-2d79-4d7d-916b-c9f3cbd4f5d8 of type geneve for network 3cfd8697-0198-4439-a770-c9263a16628f
2026-04-12 21:52:50.115 10 INFO neutron.api.wsgi [req-93a6b420-c41d-430e-93b8-3148848ce464 req-6d08bb55-9865-4b54-b9b4-846eebc4dd08 81e922c92b4f4cb69e40077004cb5c39 4c245288e01344d2a42f7f9ee7b47fe0 - - default default] 10.0.0.69 "GET /v2.0/ports?device_id=c07a41ce-ffaa-4001-8d1d-1d47c99f21b9 HTTP/1.1" status: 200 len: 210 time: 0.0181963
2026-04-12 21:52:50.202 9 INFO neutron.db.ovn_revision_numbers_db [None req-3733d868-51cc-41f0-85c8-8c40e50918a0 a567ec0a27104407b95cbb39e5809502 8a4ca2cca7574d2289ce86cc5ffab9bc - - default default] Successfully bumped revision number for resource 3cfd8697-0198-4439-a770-c9263a16628f (type: networks) to 1
2026-04-12 21:52:50.346 9 INFO neutron.services.segments.plugin [-] Segment 7327b185-d3f9-4502-8819-1c7cb8139194 resource provider aggregate not found
2026-04-12 21:52:50.352 9 INFO neutron.services.segments.plugin [-] Segment 7327b185-d3f9-4502-8819-1c7cb8139194 resource provider aggregate not found
2026-04-12 21:52:50.368 9 INFO neutron.services.segments.plugin [-] Segment 7327b185-d3f9-4502-8819-1c7cb8139194 resource provider not found; error: Placement Client Error (4xx): {"errors": [{"status": 404, "title": "Not Found", "detail": "The resource could not be found.\n\n No resource provider with uuid 7327b185-d3f9-4502-8819-1c7cb8139194 found for delete ", "request_id": "req-0755301f-c57d-4cb3-8582-4b1ad1f5874d"}]}
2026-04-12 21:52:50.371 9 INFO neutron.services.segments.plugin [-] Segment 7327b185-d3f9-4502-8819-1c7cb8139194 resource provider not found; error: Placement Client Error (4xx): {"errors": [{"status": 404, "title": "Not Found", "detail": "The resource could not be found.\n\n No resource provider with uuid 7327b185-d3f9-4502-8819-1c7cb8139194 found for delete ", "request_id": "req-3d01a13d-6bd0-4cb3-8a91-e6c5911c4dff"}]}
2026-04-12 21:52:50.391 9 WARNING neutron.scheduler.dhcp_agent_scheduler [None req-3733d868-51cc-41f0-85c8-8c40e50918a0 a567ec0a27104407b95cbb39e5809502 8a4ca2cca7574d2289ce86cc5ffab9bc - - default default] No more DHCP agents
2026-04-12 21:52:50.394 9 WARNING neutron.api.rpc.agentnotifiers.dhcp_rpc_agent_api [None req-3733d868-51cc-41f0-85c8-8c40e50918a0 a567ec0a27104407b95cbb39e5809502 8a4ca2cca7574d2289ce86cc5ffab9bc - - default default] Unable to schedule network 3cfd8697-0198-4439-a770-c9263a16628f: no agents available; will retry on subsequent port and subnet creation events.
2026-04-12 21:52:50.401 9 INFO neutron.api.wsgi [None req-c845d72e-3e66-412f-9f5b-53f788f3f22c b92e57b464894bfa993d227b1fa44ba3 8d6d21ca7e6c4783ac7092a3c10c3a28 - - default default] 10.0.0.252 "DELETE /v2.0/networks/d249e96f-6807-49ee-905f-d4c21cb0e20a HTTP/1.1" status: 204 len: 168 time: 0.3786092
2026-04-12 21:52:50.465 9 INFO neutron.db.ovn_revision_numbers_db [None req-3733d868-51cc-41f0-85c8-8c40e50918a0 a567ec0a27104407b95cbb39e5809502 8a4ca2cca7574d2289ce86cc5ffab9bc - - default default] Successfully bumped revision number for resource 9cd60469-232b-4215-98a5-5970dd2ab87d (type: ports) to 1
2026-04-12 21:52:50.483 9 INFO neutron.api.wsgi [None req-3733d868-51cc-41f0-85c8-8c40e50918a0 a567ec0a27104407b95cbb39e5809502 8a4ca2cca7574d2289ce86cc5ffab9bc - - default default] 10.0.0.252 "POST /v2.0/networks HTTP/1.1" status: 201 len: 942 time: 0.7171919
2026-04-12 21:52:50.611 9 WARNING neutron.scheduler.dhcp_agent_scheduler [None req-3dfcc605-b20d-4181-8664-5de27823efd8 a567ec0a27104407b95cbb39e5809502 8a4ca2cca7574d2289ce86cc5ffab9bc - - default default] No more DHCP agents
2026-04-12 21:52:50.612 9 WARNING neutron.api.rpc.agentnotifiers.dhcp_rpc_agent_api [None req-3dfcc605-b20d-4181-8664-5de27823efd8 a567ec0a27104407b95cbb39e5809502 8a4ca2cca7574d2289ce86cc5ffab9bc - - default default] Unable to schedule network 3cfd8697-0198-4439-a770-c9263a16628f: no agents available; will retry on subsequent port and subnet creation events.
2026-04-12 21:52:50.707 10 INFO neutron.api.wsgi [None req-91091443-680a-47df-b561-25ea1ca531e1 b92e57b464894bfa993d227b1fa44ba3 8d6d21ca7e6c4783ac7092a3c10c3a28 - - default default] 10.0.0.252 "DELETE /v2.0/networks/a88b6829-144d-404f-acb9-304e9c020039 HTTP/1.1" status: 204 len: 168 time: 0.2996116
2026-04-12 21:52:50.953 9 INFO neutron.db.ovn_revision_numbers_db [None req-e9a74b4a-c61e-4c88-8bda-c524fee5dee0 - - - - - -] Successfully bumped revision number for resource 9cd60469-232b-4215-98a5-5970dd2ab87d (type: ports) to 2
2026-04-12 21:52:50.984 9 INFO neutron.db.ovn_revision_numbers_db [None req-e9a74b4a-c61e-4c88-8bda-c524fee5dee0 - - - - - -] Successfully bumped revision number for resource c045c1e7-aa67-42fa-8984-6c939274ccba (type: subnets) to 0
2026-04-12 21:52:50.998 9 INFO neutron.api.wsgi [None req-3dfcc605-b20d-4181-8664-5de27823efd8 a567ec0a27104407b95cbb39e5809502 8a4ca2cca7574d2289ce86cc5ffab9bc - - default default] 10.0.0.252 "POST /v2.0/subnets HTTP/1.1" status: 201 len: 886 time: 0.5091825
2026-04-12 21:52:51.208 9 INFO neutron.api.wsgi [req-28d0276b-6fcf-42af-8ec7-2392bcf4f536 req-736d9bb2-97cb-478d-ad91-5933d9717d30 81e922c92b4f4cb69e40077004cb5c39 4c245288e01344d2a42f7f9ee7b47fe0 - - default default] 10.0.0.69 "GET /v2.0/ports?device_id=c07a41ce-ffaa-4001-8d1d-1d47c99f21b9 HTTP/1.1" status: 200 len: 210 time: 0.0270779
2026-04-12 21:52:51.219 10 INFO neutron.db.ovn_revision_numbers_db [None req-cfa94aa1-cfe1-4dd4-b9b1-d61481e01fc9 a567ec0a27104407b95cbb39e5809502 8a4ca2cca7574d2289ce86cc5ffab9bc - - default default] Successfully bumped revision number for resource 7e08a735-71af-44c2-b879-d7646f7279e4 (type: security_groups) to 1
2026-04-12 21:52:51.237 10 INFO neutron.db.ovn_revision_numbers_db [None req-cfa94aa1-cfe1-4dd4-b9b1-d61481e01fc9 a567ec0a27104407b95cbb39e5809502 8a4ca2cca7574d2289ce86cc5ffab9bc - - default default] Successfully bumped revision number for resource 27c2a31e-ff5d-4210-ac71-781aa5733f53 (type: security_group_rules) to 0
2026-04-12 21:52:51.250 10 INFO neutron.api.wsgi [None req-d5dde784-fd96-4e36-a50b-079558bf26ec a567ec0a27104407b95cbb39e5809502 8a4ca2cca7574d2289ce86cc5ffab9bc - - default default] 10.0.0.252 "GET /v2.0/security-groups?tenant_id=8d6d21ca7e6c4783ac7092a3c10c3a28&name=default HTTP/1.1" status: 200 len: 3120 time: 0.1071515
2026-04-12 21:52:51.251 10 INFO neutron.db.ovn_revision_numbers_db [None req-cfa94aa1-cfe1-4dd4-b9b1-d61481e01fc9 a567ec0a27104407b95cbb39e5809502 8a4ca2cca7574d2289ce86cc5ffab9bc - - default default] Successfully bumped revision number for resource 53f9947a-8636-4fb2-ab96-6dba2fdcee94 (type: security_group_rules) to 0
2026-04-12 21:52:51.271 10 INFO neutron.db.ovn_revision_numbers_db [None req-cfa94aa1-cfe1-4dd4-b9b1-d61481e01fc9 a567ec0a27104407b95cbb39e5809502 8a4ca2cca7574d2289ce86cc5ffab9bc - - default default] Successfully bumped revision number for resource 68e80fb8-6508-420a-bfa4-9f88293b6876 (type: security_group_rules) to 0
2026-04-12 21:52:51.298 10 INFO neutron.db.ovn_revision_numbers_db [None req-cfa94aa1-cfe1-4dd4-b9b1-d61481e01fc9 a567ec0a27104407b95cbb39e5809502 8a4ca2cca7574d2289ce86cc5ffab9bc - - default default] Successfully bumped revision number for resource b2c5b518-53d0-44eb-a924-6744ef0e2d9e (type: security_group_rules) to 0
2026-04-12 21:52:51.335 10 INFO neutron.api.wsgi [None req-cfa94aa1-cfe1-4dd4-b9b1-d61481e01fc9 a567ec0a27104407b95cbb39e5809502 8a4ca2cca7574d2289ce86cc5ffab9bc - - default default] 10.0.0.252 "GET /v2.0/security-groups?tenant_id=9cf5021bb57145fb93439b0690ce2d3d&name=default HTTP/1.1" status: 200 len: 3120 time: 0.4103751
2026-04-12 21:52:51.378 9 WARNING neutron.scheduler.dhcp_agent_scheduler [None req-a8dc7c4d-c48a-4b59-b20e-ef9346fe211f a567ec0a27104407b95cbb39e5809502 8a4ca2cca7574d2289ce86cc5ffab9bc - - default default] No more DHCP agents
2026-04-12 21:52:51.379 9 WARNING neutron.api.rpc.agentnotifiers.dhcp_rpc_agent_api [None req-a8dc7c4d-c48a-4b59-b20e-ef9346fe211f a567ec0a27104407b95cbb39e5809502 8a4ca2cca7574d2289ce86cc5ffab9bc - - default default] Unable to schedule network 6d18557e-50d3-4cad-9577-6f78d88df79d: no agents available; will retry on subsequent port and subnet creation events.
2026-04-12 21:52:51.480 9 INFO neutron.db.ovn_revision_numbers_db [None req-a8dc7c4d-c48a-4b59-b20e-ef9346fe211f a567ec0a27104407b95cbb39e5809502 8a4ca2cca7574d2289ce86cc5ffab9bc - - default default] Successfully bumped revision number for resource 9e6b54cd-63cf-48ba-8e63-1a9dbc00ed10 (type: ports) to 1
2026-04-12 21:52:51.511 10 INFO neutron.api.wsgi [None req-46a06212-99a2-4754-8574-af53340c5092 a567ec0a27104407b95cbb39e5809502 8a4ca2cca7574d2289ce86cc5ffab9bc - - default default] 10.0.0.252 "DELETE /v2.0/security-groups/89ecd004-3537-47bf-8bae-bb2fa1a52c55 HTTP/1.1" status: 204 len: 168 time: 0.2558019
2026-04-12 21:52:51.559 10 INFO neutron.api.wsgi [None req-6f8d2c1e-8598-4dae-8c38-f10f7eedf7e5 a567ec0a27104407b95cbb39e5809502 8a4ca2cca7574d2289ce86cc5ffab9bc - - default default] 10.0.0.252 "DELETE /v2.0/security-groups/7e08a735-71af-44c2-b879-d7646f7279e4 HTTP/1.1" status: 204 len: 168 time: 0.2146640
2026-04-12 21:52:51.757 10 INFO neutron.services.segments.plugin [-] Segment b9251d1f-6a3e-4073-86ba-b75a26b9890c resource provider aggregate not found
2026-04-12 21:52:51.762 10 INFO neutron.services.segments.plugin [-] Segment b9251d1f-6a3e-4073-86ba-b75a26b9890c resource provider aggregate not found
2026-04-12 21:52:51.783 10 INFO neutron.services.segments.plugin [-] Segment b9251d1f-6a3e-4073-86ba-b75a26b9890c resource provider not found; error: Placement Client Error (4xx): {"errors": [{"status": 404, "title": "Not Found", "detail": "The resource could not be found.\n\n No resource provider with uuid b9251d1f-6a3e-4073-86ba-b75a26b9890c found for delete ", "request_id": "req-6a4787d8-8b55-4871-a666-8cb9fb17b7d1"}]}
2026-04-12 21:52:51.787 10 INFO neutron.services.segments.plugin [-] Segment b9251d1f-6a3e-4073-86ba-b75a26b9890c resource provider not found; error: Placement Client Error (4xx): {"errors": [{"status": 404, "title": "Not Found", "detail": "The resource could not be found.\n\n No resource provider with uuid b9251d1f-6a3e-4073-86ba-b75a26b9890c found for delete ", "request_id": "req-c265a270-c059-4f0d-9f2e-d4b83f2fd676"}]}
2026-04-12 21:52:51.793 10 INFO neutron.services.segments.plugin [-] Segment 64055c1e-3615-4479-b4af-cd878ecb93bc resource provider aggregate not found
2026-04-12 21:52:51.803 10 INFO neutron.services.segments.plugin [-] Segment 64055c1e-3615-4479-b4af-cd878ecb93bc resource provider aggregate not found
2026-04-12 21:52:51.807 10 INFO neutron.services.segments.plugin [-] Segment 64055c1e-3615-4479-b4af-cd878ecb93bc resource provider not found; error: Placement Client Error (4xx): {"errors": [{"status": 404, "title": "Not Found", "detail": "The resource could not be found.\n\n No resource provider with uuid 64055c1e-3615-4479-b4af-cd878ecb93bc found for delete ", "request_id": "req-13c6da55-ac74-4dbf-b12c-c4340fe25225"}]}
2026-04-12 21:52:51.819 10 INFO neutron.services.segments.plugin [-] Segment 64055c1e-3615-4479-b4af-cd878ecb93bc resource provider not found; error: Placement Client Error (4xx): {"errors": [{"status": 404, "title": "Not Found", "detail": "The resource could not be found.\n\n No resource provider with uuid 64055c1e-3615-4479-b4af-cd878ecb93bc found for delete ", "request_id": "req-d15a7a56-55f6-4f9a-ba3a-26b19e78d852"}]}
2026-04-12 21:52:52.097 9 INFO neutron.plugins.ml2.drivers.ovn.mech_driver.ovsdb.commands [None req-9043cb80-e495-439d-ac66-a2fd63b8f52b - - - - - -] Schedule LRP lrp-9e6b54cd-63cf-48ba-8e63-1a9dbc00ed10 on gateway 0bc1e388-1492-4620-851c-d00b3e8fa188 with priority 1
2026-04-12 21:52:52.138 9 INFO neutron.plugins.ml2.drivers.ovn.mech_driver.ovsdb.ovsdb_monitor [None req-4edecb2c-d9a6-4a64-befe-46a233599301 - - - - - -] Router e5912c98-faf4-41d8-8e47-19bb38bdfc4e is bound to host instance
2026-04-12 21:52:52.148 9 INFO neutron.db.ovn_revision_numbers_db [None req-a8dc7c4d-c48a-4b59-b20e-ef9346fe211f a567ec0a27104407b95cbb39e5809502 8a4ca2cca7574d2289ce86cc5ffab9bc - - default default] Successfully bumped revision number for resource 9e6b54cd-63cf-48ba-8e63-1a9dbc00ed10 (type: router_ports) to 1
2026-04-12 21:52:52.217 9 INFO neutron.db.ovn_revision_numbers_db [None req-a8dc7c4d-c48a-4b59-b20e-ef9346fe211f a567ec0a27104407b95cbb39e5809502 8a4ca2cca7574d2289ce86cc5ffab9bc - - default default] Successfully bumped revision number for resource e5912c98-faf4-41d8-8e47-19bb38bdfc4e (type: routers) to 2
2026-04-12 21:52:52.235 9 INFO neutron.api.wsgi [None req-a8dc7c4d-c48a-4b59-b20e-ef9346fe211f a567ec0a27104407b95cbb39e5809502 8a4ca2cca7574d2289ce86cc5ffab9bc - - default default] 10.0.0.252 "POST /v2.0/routers HTTP/1.1" status: 201 len: 1164 time: 1.2336810
2026-04-12 21:52:52.298 10 INFO neutron.api.wsgi [req-6c68ec27-39a5-4bf8-aafb-c2d8548737ef req-69ad25c5-6e1d-4bfd-93b4-5b614657b0dc 81e922c92b4f4cb69e40077004cb5c39 4c245288e01344d2a42f7f9ee7b47fe0 - - default default] 10.0.0.69 "GET /v2.0/ports?device_id=c07a41ce-ffaa-4001-8d1d-1d47c99f21b9 HTTP/1.1" status: 200 len: 210 time: 0.0276158
2026-04-12 21:52:52.522 9 INFO neutron.db.ovn_revision_numbers_db [None req-e179c2d3-f024-4b35-a61b-c3840047180d - - - - - -] Successfully bumped revision number for resource 9e6b54cd-63cf-48ba-8e63-1a9dbc00ed10 (type: ports) to 1
2026-04-12 21:52:52.637 10 WARNING neutron.scheduler.dhcp_agent_scheduler [None req-7440d38b-040e-4404-ade7-47c0d97e77bc a567ec0a27104407b95cbb39e5809502 8a4ca2cca7574d2289ce86cc5ffab9bc - - default default] No more DHCP agents
2026-04-12 21:52:52.638 10 WARNING neutron.api.rpc.agentnotifiers.dhcp_rpc_agent_api [None req-7440d38b-040e-4404-ade7-47c0d97e77bc a567ec0a27104407b95cbb39e5809502 8a4ca2cca7574d2289ce86cc5ffab9bc - - default default] Unable to schedule network 3cfd8697-0198-4439-a770-c9263a16628f: no agents available; will retry on subsequent port and subnet creation events.
2026-04-12 21:52:52.744 10 INFO neutron.db.ovn_revision_numbers_db [None req-7440d38b-040e-4404-ade7-47c0d97e77bc a567ec0a27104407b95cbb39e5809502 8a4ca2cca7574d2289ce86cc5ffab9bc - - default default] Successfully bumped revision number for resource f0c4b0ab-2e61-4ad1-b576-a94d66632078 (type: ports) to 1
2026-04-12 21:52:52.785 9 INFO neutron.db.ovn_revision_numbers_db [None req-e179c2d3-f024-4b35-a61b-c3840047180d - - - - - -] Successfully bumped revision number for resource 9e6b54cd-63cf-48ba-8e63-1a9dbc00ed10 (type: ports) to 4
2026-04-12 21:52:53.049 9 WARNING neutron.plugins.ml2.drivers.ovn.mech_driver.ovsdb.ovn_client [None req-de02d642-33d0-4ae4-aaef-5b0c0c8a938f - - - - - -] No hosting information found for port 28e63a82-0b8d-40cc-9884-5210138e0e77: RuntimeError: No hosting information found for port 28e63a82-0b8d-40cc-9884-5210138e0e77
2026-04-12 21:52:53.110 9 INFO neutron.db.ovn_revision_numbers_db [None req-e179c2d3-f024-4b35-a61b-c3840047180d - - - - - -] Successfully bumped revision number for resource 9e6b54cd-63cf-48ba-8e63-1a9dbc00ed10 (type: ports) to 5
2026-04-12 21:52:53.136 9 INFO neutron.db.ovn_revision_numbers_db [None req-de02d642-33d0-4ae4-aaef-5b0c0c8a938f - - - - - -] Successfully bumped revision number for resource 28e63a82-0b8d-40cc-9884-5210138e0e77 (type: router_ports) to 2
2026-04-12 21:52:53.290 9 WARNING neutron_lib.context [None req-5c87c146-b5aa-4c62-aab1-6bf457a0e7f7 32c348b8f44d4231b1d22c43a441af86 687129f909f44fd09c42a5e6f4cc098a - - default default] Method 'is_advsvc' is deprecated since 2023.2 release (neutron-lib 3.8.0) and will be removed once support for the old RBAC API policies will be removed from Neutron. Please use method 'is_service_role' instead.
2026-04-12 21:52:53.313 10 INFO neutron.db.ovn_revision_numbers_db [None req-7440d38b-040e-4404-ade7-47c0d97e77bc a567ec0a27104407b95cbb39e5809502 8a4ca2cca7574d2289ce86cc5ffab9bc - - default default] Successfully bumped revision number for resource f0c4b0ab-2e61-4ad1-b576-a94d66632078 (type: ports) to 1
2026-04-12 21:52:53.368 10 WARNING neutron.scheduler.dhcp_agent_scheduler [None req-7440d38b-040e-4404-ade7-47c0d97e77bc a567ec0a27104407b95cbb39e5809502 8a4ca2cca7574d2289ce86cc5ffab9bc - - default default] No more DHCP agents
2026-04-12 21:52:53.369 10 WARNING neutron.api.rpc.agentnotifiers.dhcp_rpc_agent_api [None req-7440d38b-040e-4404-ade7-47c0d97e77bc a567ec0a27104407b95cbb39e5809502 8a4ca2cca7574d2289ce86cc5ffab9bc - - default default] Unable to schedule network 3cfd8697-0198-4439-a770-c9263a16628f: no agents available; will retry on subsequent port and subnet creation events.
2026-04-12 21:52:53.391 9 INFO neutron.api.wsgi [req-8e17f765-bf25-40e6-a73d-9d715f4ee207 req-421d55cf-e19b-492a-a152-21779d3962d7 81e922c92b4f4cb69e40077004cb5c39 4c245288e01344d2a42f7f9ee7b47fe0 - - default default] 10.0.0.69 "GET /v2.0/ports?device_id=c07a41ce-ffaa-4001-8d1d-1d47c99f21b9 HTTP/1.1" status: 200 len: 210 time: 0.0173311
2026-04-12 21:52:53.422 9 INFO neutron.db.ovn_revision_numbers_db [None req-5c87c146-b5aa-4c62-aab1-6bf457a0e7f7 32c348b8f44d4231b1d22c43a441af86 687129f909f44fd09c42a5e6f4cc098a - - default default] Successfully bumped revision number for resource b4ac1860-fd7b-48c9-8447-22da7be7d71d (type: security_groups) to 1
2026-04-12 21:52:53.435 9 INFO neutron.db.ovn_revision_numbers_db [None req-5c87c146-b5aa-4c62-aab1-6bf457a0e7f7 32c348b8f44d4231b1d22c43a441af86 687129f909f44fd09c42a5e6f4cc098a - - default default] Successfully bumped revision number for resource 3daff2cd-d0b8-4e05-a8b2-3599b4e7fafa (type: security_group_rules) to 0
2026-04-12 21:52:53.449 9 INFO neutron.db.ovn_revision_numbers_db [None req-5c87c146-b5aa-4c62-aab1-6bf457a0e7f7 32c348b8f44d4231b1d22c43a441af86 687129f909f44fd09c42a5e6f4cc098a - - default default] Successfully bumped revision number for resource 5eff996f-885c-4e1e-812a-0e4a1e62e003 (type: security_group_rules) to 0
2026-04-12 21:52:53.461 9 INFO neutron.db.ovn_revision_numbers_db [None req-5c87c146-b5aa-4c62-aab1-6bf457a0e7f7 32c348b8f44d4231b1d22c43a441af86 687129f909f44fd09c42a5e6f4cc098a - - default default] Successfully bumped revision number for resource 9570afcd-eabe-4a74-a424-3a4ad390889b (type: security_group_rules) to 0
2026-04-12 21:52:53.471 9 INFO neutron.db.ovn_revision_numbers_db [None req-5c87c146-b5aa-4c62-aab1-6bf457a0e7f7 32c348b8f44d4231b1d22c43a441af86 687129f909f44fd09c42a5e6f4cc098a - - default default] Successfully bumped revision number for resource 9f3902e8-db60-4956-b458-3964b8696c5f (type: security_group_rules) to 0
2026-04-12 21:52:53.539 9 INFO neutron.db.segments_db [None req-5c87c146-b5aa-4c62-aab1-6bf457a0e7f7 32c348b8f44d4231b1d22c43a441af86 687129f909f44fd09c42a5e6f4cc098a - - default default] Added segment 9378af60-ab83-4378-a403-a04d0ee6a592 of type geneve for network d659385f-4b8a-4e88-b24b-89ac306e22ff
2026-04-12 21:52:53.579 10 WARNING neutron.plugins.ml2.drivers.ovn.mech_driver.ovsdb.ovn_client [None req-afcec447-eea7-4649-b1dd-e82f479d9692 - - - - - -] No hosting information found for port e197d3e6-d749-4dbd-9e4e-d603472b1b2a: RuntimeError: No hosting information found for port e197d3e6-d749-4dbd-9e4e-d603472b1b2a
2026-04-12 21:52:53.579 10 INFO neutron.plugins.ml2.drivers.ovn.mech_driver.mech_driver [None req-afcec447-eea7-4649-b1dd-e82f479d9692 - - - - - -] OVN reports status up for port: 26d9ffc1-063c-424d-a75f-1970a6d27e26
2026-04-12 21:52:53.593 10 INFO neutron.plugins.ml2.plugin [None req-afcec447-eea7-4649-b1dd-e82f479d9692 - - - - - -] Attempt 1 to provision port 26d9ffc1-063c-424d-a75f-1970a6d27e26
2026-04-12 21:52:53.652 9 INFO neutron.db.ovn_revision_numbers_db [None req-5c87c146-b5aa-4c62-aab1-6bf457a0e7f7 32c348b8f44d4231b1d22c43a441af86 687129f909f44fd09c42a5e6f4cc098a - - default default] Successfully bumped revision number for resource d659385f-4b8a-4e88-b24b-89ac306e22ff (type: networks) to 1
2026-04-12 21:52:53.781 10 INFO neutron.db.ovn_revision_numbers_db [None req-afcec447-eea7-4649-b1dd-e82f479d9692 - - - - - -] Successfully bumped revision number for resource e197d3e6-d749-4dbd-9e4e-d603472b1b2a (type: router_ports) to 2
2026-04-12 21:52:53.811 9 WARNING neutron.scheduler.dhcp_agent_scheduler [None req-5c87c146-b5aa-4c62-aab1-6bf457a0e7f7 32c348b8f44d4231b1d22c43a441af86 687129f909f44fd09c42a5e6f4cc098a - - default default] No more DHCP agents
2026-04-12 21:52:53.812 9 WARNING neutron.api.rpc.agentnotifiers.dhcp_rpc_agent_api [None req-5c87c146-b5aa-4c62-aab1-6bf457a0e7f7 32c348b8f44d4231b1d22c43a441af86 687129f909f44fd09c42a5e6f4cc098a - - default default] Unable to schedule network d659385f-4b8a-4e88-b24b-89ac306e22ff: no agents available; will retry on subsequent port and subnet creation events.
2026-04-12 21:52:53.825 10 INFO neutron.plugins.ml2.drivers.ovn.mech_driver.mech_driver [None req-afcec447-eea7-4649-b1dd-e82f479d9692 - - - - - -] OVN reports status up for port: 9e6b54cd-63cf-48ba-8e63-1a9dbc00ed10
2026-04-12 21:52:53.836 10 INFO neutron.plugins.ml2.plugin [None req-afcec447-eea7-4649-b1dd-e82f479d9692 - - - - - -] Attempt 1 to provision port 9e6b54cd-63cf-48ba-8e63-1a9dbc00ed10
2026-04-12 21:52:53.872 9 INFO neutron.db.ovn_revision_numbers_db [None req-5c87c146-b5aa-4c62-aab1-6bf457a0e7f7 32c348b8f44d4231b1d22c43a441af86 687129f909f44fd09c42a5e6f4cc098a - - default default] Successfully bumped revision number for resource 179d6132-756b-43da-8848-2c711bce7550 (type: ports) to 1
2026-04-12 21:52:53.894 9 INFO neutron.api.wsgi [None req-5c87c146-b5aa-4c62-aab1-6bf457a0e7f7 32c348b8f44d4231b1d22c43a441af86 687129f909f44fd09c42a5e6f4cc098a - - default default] 10.0.0.252 "POST /v2.0/networks HTTP/1.1" status: 201 len: 847 time: 0.7352667
2026-04-12 21:52:53.902 9 WARNING neutron_lib.context [None req-4141a895-ae6a-4a2c-b406-9880e8fa0891 32c348b8f44d4231b1d22c43a441af86 687129f909f44fd09c42a5e6f4cc098a - - default default] Method 'is_advsvc' is deprecated since 2023.2 release (neutron-lib 3.8.0) and will be removed once support for the old RBAC API policies will be removed from Neutron. Please use method 'is_service_role' instead.
2026-04-12 21:52:53.920 10 INFO neutron.plugins.ml2.drivers.ovn.mech_driver.mech_driver [None req-afcec447-eea7-4649-b1dd-e82f479d9692 - - - - - -] OVN reports status up for port: f0c4b0ab-2e61-4ad1-b576-a94d66632078
2026-04-12 21:52:53.927 10 INFO neutron.plugins.ml2.plugin [None req-afcec447-eea7-4649-b1dd-e82f479d9692 - - - - - -] Attempt 1 to provision port f0c4b0ab-2e61-4ad1-b576-a94d66632078
2026-04-12 21:52:54.001 9 INFO neutron.db.ovn_revision_numbers_db [None req-95bc087f-3a45-4edb-a9a4-0e8462ae5e21 a567ec0a27104407b95cbb39e5809502 8a4ca2cca7574d2289ce86cc5ffab9bc - - default default] Successfully bumped revision number for resource 9b37dc59-70dd-4874-9e7e-4c3daa4d09b2 (type: security_groups) to 1
2026-04-12 21:52:54.023 10 INFO neutron.db.ovn_revision_numbers_db [None req-7440d38b-040e-4404-ade7-47c0d97e77bc a567ec0a27104407b95cbb39e5809502 8a4ca2cca7574d2289ce86cc5ffab9bc - - default default] Successfully bumped revision number for resource f0c4b0ab-2e61-4ad1-b576-a94d66632078 (type: router_ports) to 1
2026-04-12 21:52:54.027 10 INFO neutron.api.wsgi [None req-7440d38b-040e-4404-ade7-47c0d97e77bc a567ec0a27104407b95cbb39e5809502 8a4ca2cca7574d2289ce86cc5ffab9bc - - default default] 10.0.0.252 "PUT /v2.0/routers/e5912c98-faf4-41d8-8e47-19bb38bdfc4e/add_router_interface HTTP/1.1" status: 200 len: 503 time: 1.7869792
2026-04-12 21:52:54.029 9 INFO neutron.db.ovn_revision_numbers_db [None req-95bc087f-3a45-4edb-a9a4-0e8462ae5e21 a567ec0a27104407b95cbb39e5809502 8a4ca2cca7574d2289ce86cc5ffab9bc - - default default] Successfully bumped revision number for resource 05f2d800-bebd-497b-9015-6552a4dfb6e7 (type: security_group_rules) to 0
2026-04-12 21:52:54.046 9 INFO neutron.db.ovn_revision_numbers_db [None req-95bc087f-3a45-4edb-a9a4-0e8462ae5e21 a567ec0a27104407b95cbb39e5809502 8a4ca2cca7574d2289ce86cc5ffab9bc - - default default] Successfully bumped revision number for resource 25d38b1d-3de4-4d56-859c-12284e5461e7 (type: security_group_rules) to 0
2026-04-12 21:52:54.060 9 INFO neutron.db.ovn_revision_numbers_db [None req-95bc087f-3a45-4edb-a9a4-0e8462ae5e21 a567ec0a27104407b95cbb39e5809502 8a4ca2cca7574d2289ce86cc5ffab9bc - - default default] Successfully bumped revision number for resource a336e357-377d-4ee9-a59c-77d2756a880f (type: security_group_rules) to 0
