2026-04-12 21:52:11.657 9 WARNING neutron_lib.context [None req-fdf299eb-9568-4b7a-b25f-b0fc43495c00 72525ba9787d4e7c8317075b7217283f 092392a9da894feab4a312685c6204af - - default default] Method 'is_advsvc' is deprecated since 2023.2 release (neutron-lib 3.8.0) and will be removed once support for the old RBAC API policies will be removed from Neutron. Please use method 'is_service_role' instead.
2026-04-12 21:52:11.687 9 WARNING neutron_lib.context [None req-fdf299eb-9568-4b7a-b25f-b0fc43495c00 72525ba9787d4e7c8317075b7217283f 092392a9da894feab4a312685c6204af - - default default] Method 'is_advsvc' is deprecated since 2023.2 release (neutron-lib 3.8.0) and will be removed once support for the old RBAC API policies will be removed from Neutron. Please use method 'is_service_role' instead.
2026-04-12 21:52:11.759 9 WARNING neutron.scheduler.dhcp_agent_scheduler [None req-534e9e21-567e-42ba-a336-2a2e55d2788a 2e6d81cb0ef74091a31b8e3812cf32bc 252d9dbfdc01479c88c6a9d41fd40cc3 - - default default] No more DHCP agents
2026-04-12 21:52:11.762 9 WARNING neutron.api.rpc.agentnotifiers.dhcp_rpc_agent_api [None req-534e9e21-567e-42ba-a336-2a2e55d2788a 2e6d81cb0ef74091a31b8e3812cf32bc 252d9dbfdc01479c88c6a9d41fd40cc3 - - default default] Unable to schedule network 3b6c55f6-8ab0-460b-89d7-c061d139e277: no agents available; will retry on subsequent port and subnet creation events.
2026-04-12 21:52:11.970 10 INFO neutron.api.wsgi [None req-832ccd79-c97c-4e68-92d0-957b97a320a4 4f5c88c766254906af050338332272cc b5116cd609df4e319230094a415c6d7a - - default default] 10.0.0.252 "DELETE /v2.0/ports/6386da36-c2c5-4b2b-8e5e-b3a418b0e9d8 HTTP/1.1" status: 204 len: 168 time: 0.3369780
2026-04-12 21:52:12.018 9 WARNING neutron.scheduler.dhcp_agent_scheduler [None req-fdf299eb-9568-4b7a-b25f-b0fc43495c00 72525ba9787d4e7c8317075b7217283f 092392a9da894feab4a312685c6204af - - default default] No more DHCP agents
2026-04-12 21:52:12.019 9 WARNING neutron.api.rpc.agentnotifiers.dhcp_rpc_agent_api [None req-fdf299eb-9568-4b7a-b25f-b0fc43495c00 72525ba9787d4e7c8317075b7217283f 092392a9da894feab4a312685c6204af - - default default] Unable to schedule network b8b181fb-c35e-4663-8e20-129c805d75a8: no agents available; will retry on subsequent port and subnet creation events.
2026-04-12 21:52:12.214 9 INFO neutron.db.ovn_revision_numbers_db [None req-39ccc889-e519-4ff6-a3e3-a260cab0c29d - - - - - -] Successfully bumped revision number for resource cdb57539-7942-4ea8-a0ce-9901c17f9b63 (type: ports) to 2
2026-04-12 21:52:12.222 10 INFO neutron.api.wsgi [None req-4f9a4f46-20c0-4269-8356-82426890ba80 4f5c88c766254906af050338332272cc b5116cd609df4e319230094a415c6d7a - - default default] 10.0.0.252 "DELETE /v2.0/ports/8b5d24db-4338-45ce-8738-73db94ef175a HTTP/1.1" status: 204 len: 168 time: 0.2477400
2026-04-12 21:52:12.246 9 INFO neutron.db.ovn_revision_numbers_db [None req-39ccc889-e519-4ff6-a3e3-a260cab0c29d - - - - - -] Successfully bumped revision number for resource 8a18193f-ca6e-400c-a06c-c2b0a565ab26 (type: subnets) to 0
2026-04-12 21:52:12.259 9 INFO neutron.api.wsgi [None req-534e9e21-567e-42ba-a336-2a2e55d2788a 2e6d81cb0ef74091a31b8e3812cf32bc 252d9dbfdc01479c88c6a9d41fd40cc3 - - default default] 10.0.0.252 "POST /v2.0/subnets HTTP/1.1" status: 201 len: 825 time: 0.7755761
2026-04-12 21:52:12.262 10 INFO neutron.api.wsgi [None req-6499304b-bf50-45c7-bf7a-6ed9a1b9f2a9 4f5c88c766254906af050338332272cc b5116cd609df4e319230094a415c6d7a - - default default] 10.0.0.252 "GET /v2.0/ports?device_id=0097c911-f57c-4091-b0c5-30222470d126 HTTP/1.1" status: 200 len: 1140 time: 0.0359979
2026-04-12 21:52:12.269 10 WARNING neutron_lib.context [None req-6502314a-ee25-47c9-b28e-7abc0e4559e4 2e6d81cb0ef74091a31b8e3812cf32bc 252d9dbfdc01479c88c6a9d41fd40cc3 - - default default] Method 'is_advsvc' is deprecated since 2023.2 release (neutron-lib 3.8.0) and will be removed once support for the old RBAC API policies will be removed from Neutron. Please use method 'is_service_role' instead.
2026-04-12 21:52:12.271 10 INFO neutron.api.wsgi [req-c9d4b2d9-d2eb-488f-8193-b20583bb355a req-6c859346-87cf-401e-809c-5855754ba125 30794d6833da41ed88b90da7122226b9 ad83dd11aa1e4e8984d9d710aac72dbe - - default default] 10.0.0.69 "GET /v2.0/ports?device_id=38648ffa-084a-42d8-95e1-8aa5930bbea8 HTTP/1.1" status: 200 len: 210 time: 0.0177789
2026-04-12 21:52:12.410 9 INFO neutron.db.ovn_revision_numbers_db [None req-785abc2e-2b0f-467b-be6e-a56d4a62f7e8 - - - - - -] Successfully bumped revision number for resource 5cbd40f5-026e-4b52-bbbf-609e236e6ddf (type: ports) to 2
2026-04-12 21:52:12.435 9 INFO neutron.db.ovn_revision_numbers_db [None req-785abc2e-2b0f-467b-be6e-a56d4a62f7e8 - - - - - -] Successfully bumped revision number for resource 42488baf-76bf-499b-95e7-abc61458f619 (type: subnets) to 0
2026-04-12 21:52:12.461 9 WARNING neutron.scheduler.dhcp_agent_scheduler [None req-fdf299eb-9568-4b7a-b25f-b0fc43495c00 72525ba9787d4e7c8317075b7217283f 092392a9da894feab4a312685c6204af - - default default] No more DHCP agents
2026-04-12 21:52:12.462 9 WARNING neutron.api.rpc.agentnotifiers.dhcp_rpc_agent_api [None req-fdf299eb-9568-4b7a-b25f-b0fc43495c00 72525ba9787d4e7c8317075b7217283f 092392a9da894feab4a312685c6204af - - default default] Unable to schedule network f8a3743d-38e7-45a1-95d6-bb182dd587a3: no agents available; will retry on subsequent port and subnet creation events.
2026-04-12 21:52:12.603 10 WARNING neutron.scheduler.dhcp_agent_scheduler [None req-6502314a-ee25-47c9-b28e-7abc0e4559e4 2e6d81cb0ef74091a31b8e3812cf32bc 252d9dbfdc01479c88c6a9d41fd40cc3 - - default default] No more DHCP agents
2026-04-12 21:52:12.605 10 WARNING neutron.api.rpc.agentnotifiers.dhcp_rpc_agent_api [None req-6502314a-ee25-47c9-b28e-7abc0e4559e4 2e6d81cb0ef74091a31b8e3812cf32bc 252d9dbfdc01479c88c6a9d41fd40cc3 - - default default] Unable to schedule network 3b6c55f6-8ab0-460b-89d7-c061d139e277: no agents available; will retry on subsequent port and subnet creation events.
2026-04-12 21:52:12.732 10 INFO neutron.db.ovn_revision_numbers_db [None req-6502314a-ee25-47c9-b28e-7abc0e4559e4 2e6d81cb0ef74091a31b8e3812cf32bc 252d9dbfdc01479c88c6a9d41fd40cc3 - - default default] Successfully bumped revision number for resource ce9d8c3c-0e6c-495e-8d77-a266ddcbf5b2 (type: ports) to 1
2026-04-12 21:52:12.756 10 INFO neutron.api.wsgi [None req-6502314a-ee25-47c9-b28e-7abc0e4559e4 2e6d81cb0ef74091a31b8e3812cf32bc 252d9dbfdc01479c88c6a9d41fd40cc3 - - default default] 10.0.0.252 "POST /v2.0/ports HTTP/1.1" status: 201 len: 1153 time: 0.4905145 /var/lib/openstack/lib/python3.12/site-packages/pycadf/identifier.py:71: UserWarning: Invalid uuid: neutron. To ensure interoperability, identifiers should be a valid uuid. warnings.warn(('Invalid uuid: %s. To ensure interoperability, '
2026-04-12 21:52:12.891 9 INFO neutron.db.ovn_revision_numbers_db [None req-d39cb400-50a7-40d0-9a46-170bb9d6b80c - - - - - -] Successfully bumped revision number for resource 95526fa5-a937-4c69-92f9-ce060fdd1757 (type: ports) to 2
2026-04-12 21:52:12.924 9 INFO neutron.db.ovn_revision_numbers_db [None req-d39cb400-50a7-40d0-9a46-170bb9d6b80c - - - - - -] Successfully bumped revision number for resource 4935dc8b-17b8-48e1-a544-c67a34c91e1a (type: subnets) to 0
2026-04-12 21:52:12.944 9 INFO neutron.api.wsgi [None req-fdf299eb-9568-4b7a-b25f-b0fc43495c00 72525ba9787d4e7c8317075b7217283f 092392a9da894feab4a312685c6204af - - default default] 10.0.0.252 "POST /v2.0/subnets HTTP/1.1" status: 201 len: 1473 time: 1.2982683
2026-04-12 21:52:13.000 9 INFO neutron.api.wsgi [None req-af730660-df02-4b81-8993-b6f4b9d13a46 72525ba9787d4e7c8317075b7217283f 092392a9da894feab4a312685c6204af - - default default] 10.0.0.252 "GET /v2.0/subnets HTTP/1.1" status: 200 len: 2104 time: 0.0499134
2026-04-12 21:52:13.130 10 INFO neutron.api.wsgi [None req-d4016e2c-d92b-4044-ab01-4b5a00de5ba6 4f5c88c766254906af050338332272cc b5116cd609df4e319230094a415c6d7a - - default default] 10.0.0.252 "PUT /v2.0/routers/0097c911-f57c-4091-b0c5-30222470d126/remove_router_interface HTTP/1.1" status: 200 len: 503 time: 0.8636487
2026-04-12 21:52:13.166 10 INFO neutron.api.wsgi [None req-490b8eb4-03b1-48a5-bf54-48d637983abd 2e6d81cb0ef74091a31b8e3812cf32bc 252d9dbfdc01479c88c6a9d41fd40cc3 - - default default] 10.0.0.252 "DELETE /v2.0/ports/ce9d8c3c-0e6c-495e-8d77-a266ddcbf5b2 HTTP/1.1" status: 204 len: 168 time: 0.4021182 /var/lib/openstack/lib/python3.12/site-packages/pycadf/identifier.py:71: UserWarning: Invalid uuid: neutron. To ensure interoperability, identifiers should be a valid uuid. warnings.warn(('Invalid uuid: %s. To ensure interoperability, '
2026-04-12 21:52:13.184 10 INFO neutron.pecan_wsgi.hooks.translation [None req-560d2d08-f9f9-4947-8f2f-33bc5b9cf4be 2e6d81cb0ef74091a31b8e3812cf32bc 252d9dbfdc01479c88c6a9d41fd40cc3 - - default default] DELETE failed (client error): The resource could not be found.
2026-04-12 21:52:13.186 10 INFO neutron.api.wsgi [None req-560d2d08-f9f9-4947-8f2f-33bc5b9cf4be 2e6d81cb0ef74091a31b8e3812cf32bc 252d9dbfdc01479c88c6a9d41fd40cc3 - - default default] 10.0.0.252 "DELETE /v2.0/ports/ce9d8c3c-0e6c-495e-8d77-a266ddcbf5b2 HTTP/1.1" status: 404 len: 333 time: 0.0154417
2026-04-12 21:52:13.194 9 INFO neutron.api.wsgi [None req-7a9d8e82-33a2-4267-826f-e30f93a4c138 72525ba9787d4e7c8317075b7217283f 092392a9da894feab4a312685c6204af - - default default] 10.0.0.252 "DELETE /v2.0/subnets/42488baf-76bf-499b-95e7-abc61458f619 HTTP/1.1" status: 204 len: 168 time: 0.1881151
2026-04-12 21:52:13.207 10 INFO neutron.pecan_wsgi.hooks.translation [None req-80c46e64-e188-4aa6-85c4-2131a4aae15b 2e6d81cb0ef74091a31b8e3812cf32bc 252d9dbfdc01479c88c6a9d41fd40cc3 - - default default] GET failed (client error): The resource could not be found.
2026-04-12 21:52:13.208 10 INFO neutron.api.wsgi [None req-80c46e64-e188-4aa6-85c4-2131a4aae15b 2e6d81cb0ef74091a31b8e3812cf32bc 252d9dbfdc01479c88c6a9d41fd40cc3 - - default default] 10.0.0.252 "GET /v2.0/ports/ce9d8c3c-0e6c-495e-8d77-a266ddcbf5b2 HTTP/1.1" status: 404 len: 333 time: 0.0177231
2026-04-12 21:52:13.307 10 INFO neutron.api.wsgi [req-8946b35d-5468-48bc-ae97-16c0d8b37f72 req-f0750d26-743b-4f88-bb3d-70a90182ba9f 30794d6833da41ed88b90da7122226b9 ad83dd11aa1e4e8984d9d710aac72dbe - - default default] 199.204.45.244 "GET /v2.0/networks?id=d1f2ca2d-7e04-4eb2-9ae8-6696cf6df5ea HTTP/1.1" status: 200 len: 876 time: 0.0473692
2026-04-12 21:52:13.314 10 WARNING neutron_lib.context [req-8946b35d-5468-48bc-ae97-16c0d8b37f72 req-8e6951ab-5d07-4650-8a71-131969b4ac8b 30794d6833da41ed88b90da7122226b9 ad83dd11aa1e4e8984d9d710aac72dbe - - default default] Method 'is_advsvc' is deprecated since 2023.2 release (neutron-lib 3.8.0) and will be removed once support for the old RBAC API policies will be removed from Neutron. Please use method 'is_service_role' instead.
2026-04-12 21:52:13.349 9 INFO neutron.api.wsgi [req-07e6d0a2-3dcd-416b-b7e2-1797a53ad871 req-82d88c44-c930-4399-adc2-ea97f271b22d 30794d6833da41ed88b90da7122226b9 ad83dd11aa1e4e8984d9d710aac72dbe - - default default] 10.0.0.69 "GET /v2.0/ports?device_id=38648ffa-084a-42d8-95e1-8aa5930bbea8 HTTP/1.1" status: 200 len: 210 time: 0.0191302
2026-04-12 21:52:13.366 10 INFO neutron.api.wsgi [None req-e0ea8734-5fa2-40f0-924d-8845fb50d0de 72525ba9787d4e7c8317075b7217283f 092392a9da894feab4a312685c6204af - - default default] 10.0.0.252 "DELETE /v2.0/subnets/4935dc8b-17b8-48e1-a544-c67a34c91e1a HTTP/1.1" status: 204 len: 168 time: 0.1680846
2026-04-12 21:52:13.403 9 INFO neutron.api.wsgi [None req-0cb39b0b-0edb-4832-883c-067f1a9309ca 72525ba9787d4e7c8317075b7217283f 092392a9da894feab4a312685c6204af - - default default] 10.0.0.252 "GET /v2.0/subnets HTTP/1.1" status: 200 len: 843 time: 0.0304120
2026-04-12 21:52:13.424 9 INFO neutron.api.wsgi [None req-2cdadfa9-b320-416b-add3-4426f12a4953 2e6d81cb0ef74091a31b8e3812cf32bc 252d9dbfdc01479c88c6a9d41fd40cc3 - - default default] 10.0.0.252 "DELETE /v2.0/subnets/8a18193f-ca6e-400c-a06c-c2b0a565ab26 HTTP/1.1" status: 204 len: 168 time: 0.2117155
2026-04-12 21:52:13.679 10 WARNING neutron.scheduler.dhcp_agent_scheduler [req-8946b35d-5468-48bc-ae97-16c0d8b37f72 req-8e6951ab-5d07-4650-8a71-131969b4ac8b 30794d6833da41ed88b90da7122226b9 ad83dd11aa1e4e8984d9d710aac72dbe - - default default] No more DHCP agents
2026-04-12 21:52:13.681 10 WARNING neutron.api.rpc.agentnotifiers.dhcp_rpc_agent_api [req-8946b35d-5468-48bc-ae97-16c0d8b37f72 req-8e6951ab-5d07-4650-8a71-131969b4ac8b 30794d6833da41ed88b90da7122226b9 ad83dd11aa1e4e8984d9d710aac72dbe - - default default] Unable to schedule network d1f2ca2d-7e04-4eb2-9ae8-6696cf6df5ea: no agents available; will retry on subsequent port and subnet creation events.
2026-04-12 21:52:13.816 9 INFO neutron.api.wsgi [None req-30233619-bd56-4633-b141-9e16d54fca50 4f5c88c766254906af050338332272cc b5116cd609df4e319230094a415c6d7a - - default default] 10.0.0.252 "DELETE /v2.0/routers/0097c911-f57c-4091-b0c5-30222470d126 HTTP/1.1" status: 204 len: 168 time: 0.6792521
2026-04-12 21:52:13.868 10 INFO neutron.services.segments.plugin [-] Segment 2586297d-0dd0-4c49-aff7-f696810d7cf0 resource provider aggregate not found
2026-04-12 21:52:13.876 10 INFO neutron.services.segments.plugin [-] Segment 2586297d-0dd0-4c49-aff7-f696810d7cf0 resource provider aggregate not found
2026-04-12 21:52:13.881 10 INFO neutron.db.ovn_revision_numbers_db [req-8946b35d-5468-48bc-ae97-16c0d8b37f72 req-8e6951ab-5d07-4650-8a71-131969b4ac8b 30794d6833da41ed88b90da7122226b9 ad83dd11aa1e4e8984d9d710aac72dbe - - default default] Successfully bumped revision number for resource 52a11019-b7bc-4809-89ae-e9bf1a250e3f (type: ports) to 1
2026-04-12 21:52:13.888 10 INFO neutron.services.segments.plugin [-] Segment 2586297d-0dd0-4c49-aff7-f696810d7cf0 resource provider not found; error: Placement Client Error (4xx): {"errors": [{"status": 404, "title": "Not Found", "detail": "The resource could not be found.\n\n No resource provider with uuid 2586297d-0dd0-4c49-aff7-f696810d7cf0 found for delete ", "request_id": "req-95042500-7397-4530-a14e-b234c64cd5be"}]}
2026-04-12 21:52:13.890 10 INFO neutron.services.segments.plugin [-] Segment 2586297d-0dd0-4c49-aff7-f696810d7cf0 resource provider not found; error: Placement Client Error (4xx): {"errors": [{"status": 404, "title": "Not Found", "detail": "The resource could not be found.\n\n No resource provider with uuid 2586297d-0dd0-4c49-aff7-f696810d7cf0 found for delete ", "request_id": "req-df11b535-2b87-474a-ac73-220a7759dea3"}]}
2026-04-12 21:52:13.907 10 INFO neutron.api.wsgi [None req-ab91c421-c41d-4a09-aaf8-6ca94b570e50 72525ba9787d4e7c8317075b7217283f 092392a9da894feab4a312685c6204af - - default default] 10.0.0.252 "DELETE /v2.0/networks/f8a3743d-38e7-45a1-95d6-bb182dd587a3 HTTP/1.1" status: 204 len: 168 time: 0.4968822
2026-04-12 21:52:13.910 10 INFO neutron.api.wsgi [req-8946b35d-5468-48bc-ae97-16c0d8b37f72 req-8e6951ab-5d07-4650-8a71-131969b4ac8b 30794d6833da41ed88b90da7122226b9 ad83dd11aa1e4e8984d9d710aac72dbe - - default default] 199.204.45.244 "POST /v2.0/ports HTTP/1.1" status: 201 len: 1158 time: 0.5993521
2026-04-12 21:52:13.913 10 INFO neutron.api.wsgi [None req-440d1117-8f0e-4646-b0e3-a713cd1bad31 2e6d81cb0ef74091a31b8e3812cf32bc 252d9dbfdc01479c88c6a9d41fd40cc3 - - default default] 10.0.0.252 "DELETE /v2.0/networks/3b6c55f6-8ab0-460b-89d7-c061d139e277 HTTP/1.1" status: 204 len: 168 time: 0.4830122 /var/lib/openstack/lib/python3.12/site-packages/pycadf/identifier.py:71: UserWarning: Invalid uuid: neutron. To ensure interoperability, identifiers should be a valid uuid. warnings.warn(('Invalid uuid: %s. To ensure interoperability, '
2026-04-12 21:52:13.926 9 WARNING neutron_lib.context [None req-bd8aa62f-114b-493a-a46c-2cdd812cd2f6 2e6d81cb0ef74091a31b8e3812cf32bc 252d9dbfdc01479c88c6a9d41fd40cc3 - - default default] Method 'is_advsvc' is deprecated since 2023.2 release (neutron-lib 3.8.0) and will be removed once support for the old RBAC API policies will be removed from Neutron. Please use method 'is_service_role' instead.
2026-04-12 21:52:13.964 9 INFO neutron.api.wsgi [None req-335d7dd6-e5e7-4400-9c15-5952914e2086 4f5c88c766254906af050338332272cc b5116cd609df4e319230094a415c6d7a - - default default] 10.0.0.252 "DELETE /v2.0/subnets/38337c7b-21f0-4fe6-8401-08aaf580d9f0 HTTP/1.1" status: 204 len: 168 time: 0.1395853
2026-04-12 21:52:14.025 9 INFO neutron.db.segments_db [None req-bd8aa62f-114b-493a-a46c-2cdd812cd2f6 2e6d81cb0ef74091a31b8e3812cf32bc 252d9dbfdc01479c88c6a9d41fd40cc3 - - default default] Added segment 9227a3af-6fb9-44f4-a6b0-c578cdfa2a7d of type geneve for network e7fd6a93-b7aa-432a-90cc-3b216079b885
2026-04-12 21:52:14.177 9 INFO neutron.db.ovn_revision_numbers_db [None req-bd8aa62f-114b-493a-a46c-2cdd812cd2f6 2e6d81cb0ef74091a31b8e3812cf32bc 252d9dbfdc01479c88c6a9d41fd40cc3 - - default default] Successfully bumped revision number for resource e7fd6a93-b7aa-432a-90cc-3b216079b885 (type: networks) to 1
2026-04-12 21:52:14.255 10 INFO neutron.db.ovn_revision_numbers_db [req-8946b35d-5468-48bc-ae97-16c0d8b37f72 req-15d44427-a2fe-40cb-9b8b-606b0070644c 69f8ad1a45954b309f99a02f0823d47e 5fe509aa54f84f9daa5dfe279dd8521a - - f26d5f8b5eea4776bdf6fce6462c9921 f26d5f8b5eea4776bdf6fce6462c9921] Successfully bumped revision number for resource 52a11019-b7bc-4809-89ae-e9bf1a250e3f (type: ports) to 2
2026-04-12 21:52:14.307 9 INFO neutron.services.segments.plugin [-] Segment 7cbc6943-3f0d-4f3c-9bb3-d822ec2411d1 resource provider aggregate not found
2026-04-12 21:52:14.312 9 INFO neutron.services.segments.plugin [-] Segment 7cbc6943-3f0d-4f3c-9bb3-d822ec2411d1 resource provider aggregate not found
2026-04-12 21:52:14.320 9 INFO neutron.services.segments.plugin [-] Segment 7cbc6943-3f0d-4f3c-9bb3-d822ec2411d1 resource provider not found; error: Placement Client Error (4xx): {"errors": [{"status": 404, "title": "Not Found", "detail": "The resource could not be found.\n\n No resource provider with uuid 7cbc6943-3f0d-4f3c-9bb3-d822ec2411d1 found for delete ", "request_id": "req-59694a4d-04b4-4511-815c-d5bf044601e7"}]}
2026-04-12 21:52:14.330 9 INFO neutron.services.segments.plugin [-] Segment 7cbc6943-3f0d-4f3c-9bb3-d822ec2411d1 resource provider not found; error: Placement Client Error (4xx): {"errors": [{"status": 404, "title": "Not Found", "detail": "The resource could not be found.\n\n No resource provider with uuid 7cbc6943-3f0d-4f3c-9bb3-d822ec2411d1 found for delete ", "request_id": "req-30dcbe36-48a0-436f-a9e0-836081eb87cf"}]}
2026-04-12 21:52:14.364 9 INFO neutron.api.wsgi [None req-389e398f-57d0-48e2-8e6e-8d80436af78b 72525ba9787d4e7c8317075b7217283f 092392a9da894feab4a312685c6204af - - default default] 10.0.0.252 "DELETE /v2.0/networks/b8b181fb-c35e-4663-8e20-129c805d75a8 HTTP/1.1" status: 204 len: 168 time: 0.4514027
2026-04-12 21:52:14.379 9 WARNING neutron.scheduler.dhcp_agent_scheduler [None req-bd8aa62f-114b-493a-a46c-2cdd812cd2f6 2e6d81cb0ef74091a31b8e3812cf32bc 252d9dbfdc01479c88c6a9d41fd40cc3 - - default default] No more DHCP agents
2026-04-12 21:52:14.383 9 WARNING neutron.api.rpc.agentnotifiers.dhcp_rpc_agent_api [None req-bd8aa62f-114b-493a-a46c-2cdd812cd2f6 2e6d81cb0ef74091a31b8e3812cf32bc 252d9dbfdc01479c88c6a9d41fd40cc3 - - default default] Unable to schedule network e7fd6a93-b7aa-432a-90cc-3b216079b885: no agents available; will retry on subsequent port and subnet creation events. /var/lib/openstack/lib/python3.12/site-packages/pycadf/identifier.py:71: UserWarning: Invalid uuid: neutron. To ensure interoperability, identifiers should be a valid uuid. warnings.warn(('Invalid uuid: %s. To ensure interoperability, '
2026-04-12 21:52:14.409 9 INFO neutron.api.wsgi [None req-332ea4b4-6922-484b-8f9c-d97c052c08b7 4f5c88c766254906af050338332272cc b5116cd609df4e319230094a415c6d7a - - default default] 10.0.0.252 "DELETE /v2.0/networks/1f9a9700-253d-4723-9894-3b88e71e3936 HTTP/1.1" status: 204 len: 168 time: 0.4383838
2026-04-12 21:52:14.455 9 INFO neutron.db.ovn_revision_numbers_db [None req-bd8aa62f-114b-493a-a46c-2cdd812cd2f6 2e6d81cb0ef74091a31b8e3812cf32bc 252d9dbfdc01479c88c6a9d41fd40cc3 - - default default] Successfully bumped revision number for resource 7c9e4311-a8d5-4fb3-8d1a-7a50274bd8e6 (type: ports) to 1
2026-04-12 21:52:14.467 10 INFO neutron.db.ovn_revision_numbers_db [req-8946b35d-5468-48bc-ae97-16c0d8b37f72 req-15d44427-a2fe-40cb-9b8b-606b0070644c 69f8ad1a45954b309f99a02f0823d47e 5fe509aa54f84f9daa5dfe279dd8521a - - f26d5f8b5eea4776bdf6fce6462c9921 f26d5f8b5eea4776bdf6fce6462c9921] Successfully bumped revision number for resource 52a11019-b7bc-4809-89ae-e9bf1a250e3f (type: ports) to 4
2026-04-12 21:52:14.475 10 INFO neutron.api.wsgi [req-c4970793-5c6a-4922-a312-0660c1eb4487 req-8c45f9e9-46f5-4f84-8543-c03a89a6d295 30794d6833da41ed88b90da7122226b9 ad83dd11aa1e4e8984d9d710aac72dbe - - default default] 10.0.0.69 "GET /v2.0/ports?device_id=38648ffa-084a-42d8-95e1-8aa5930bbea8 HTTP/1.1" status: 200 len: 1168 time: 0.0717070
2026-04-12 21:52:14.475 9 INFO neutron.api.wsgi [None req-bd8aa62f-114b-493a-a46c-2cdd812cd2f6 2e6d81cb0ef74091a31b8e3812cf32bc 252d9dbfdc01479c88c6a9d41fd40cc3 - - default default] 10.0.0.252 "POST /v2.0/networks HTTP/1.1" status: 201 len: 830 time: 0.5559011
2026-04-12 21:52:14.485 10 INFO neutron.api.wsgi [req-8946b35d-5468-48bc-ae97-16c0d8b37f72 req-15d44427-a2fe-40cb-9b8b-606b0070644c 69f8ad1a45954b309f99a02f0823d47e 5fe509aa54f84f9daa5dfe279dd8521a - - f26d5f8b5eea4776bdf6fce6462c9921 f26d5f8b5eea4776bdf6fce6462c9921] 199.204.45.244 "PUT /v2.0/ports/52a11019-b7bc-4809-89ae-e9bf1a250e3f HTTP/1.1" status: 200 len: 1404 time: 0.5692277
2026-04-12 21:52:14.493 10 WARNING neutron_lib.context [None req-5e6c0769-d546-438d-aaca-2420bda81303 2e6d81cb0ef74091a31b8e3812cf32bc 252d9dbfdc01479c88c6a9d41fd40cc3 - - default default] Method 'is_advsvc' is deprecated since 2023.2 release (neutron-lib 3.8.0) and will be removed once support for the old RBAC API policies will be removed from Neutron. Please use method 'is_service_role' instead.
2026-04-12 21:52:14.534 10 INFO neutron.api.wsgi [req-c4970793-5c6a-4922-a312-0660c1eb4487 req-26ef2038-686a-4641-9e85-6f565fbe797b 30794d6833da41ed88b90da7122226b9 ad83dd11aa1e4e8984d9d710aac72dbe - - default default] 10.0.0.69 "GET /v2.0/security-groups?id=d9f93054-2139-4db4-89ab-003291766402&fields=id&fields=name HTTP/1.1" status: 200 len: 286 time: 0.0477152
2026-04-12 21:52:14.535 10 INFO neutron.notifiers.nova [-] Nova event matching ['req-b764a0b1-208b-42e4-929e-02a2a2196848'] response: {'name': 'network-changed', 'server_uuid': '38648ffa-084a-42d8-95e1-8aa5930bbea8', 'tag': '52a11019-b7bc-4809-89ae-e9bf1a250e3f', 'status': 'completed', 'code': 200}
2026-04-12 21:52:14.667 9 INFO neutron.api.wsgi [None req-6e6409d8-8548-4a0a-82a8-563517023739 72525ba9787d4e7c8317075b7217283f 092392a9da894feab4a312685c6204af - - default default] 10.0.0.252 "DELETE /v2.0/networks/4d8db4f6-1d88-4232-9208-eb69ac73bc96 HTTP/1.1" status: 204 len: 168 time: 0.2973931
2026-04-12 21:52:14.679 10 WARNING neutron.scheduler.dhcp_agent_scheduler [None req-5e6c0769-d546-438d-aaca-2420bda81303 2e6d81cb0ef74091a31b8e3812cf32bc 252d9dbfdc01479c88c6a9d41fd40cc3 - - default default] No more DHCP agents
2026-04-12 21:52:14.680 10 WARNING neutron.api.rpc.agentnotifiers.dhcp_rpc_agent_api [None req-5e6c0769-d546-438d-aaca-2420bda81303 2e6d81cb0ef74091a31b8e3812cf32bc 252d9dbfdc01479c88c6a9d41fd40cc3 - - default default] Unable to schedule network e7fd6a93-b7aa-432a-90cc-3b216079b885: no agents available; will retry on subsequent port and subnet creation events.
2026-04-12 21:52:14.964 10 WARNING neutron.plugins.ml2.drivers.ovn.mech_driver.ovsdb.ovn_client [None req-bb42bfa8-7a5e-448d-a76b-b2f637c3ea71 - - - - - -] No hosting information found for port 89e774b9-3152-4c08-9b5d-2445465cf37a: RuntimeError: No hosting information found for port 89e774b9-3152-4c08-9b5d-2445465cf37a
2026-04-12 21:52:14.967 9 INFO neutron.api.wsgi [None req-cacb8c71-a931-4e7c-8b5a-4cc9c14a42c2 72525ba9787d4e7c8317075b7217283f 092392a9da894feab4a312685c6204af - - default default] 10.0.0.252 "DELETE /v2.0/networks/c5126120-a79d-49e6-85e0-95c11935e262 HTTP/1.1" status: 204 len: 168 time: 0.2956977
2026-04-12 21:52:15.037 10 INFO neutron.db.ovn_revision_numbers_db [None req-bb42bfa8-7a5e-448d-a76b-b2f637c3ea71 - - - - - -] Successfully bumped revision number for resource 89e774b9-3152-4c08-9b5d-2445465cf37a (type: router_ports) to 2 /var/lib/openstack/lib/python3.12/site-packages/pycadf/identifier.py:71: UserWarning: Invalid uuid: neutron. To ensure interoperability, identifiers should be a valid uuid. warnings.warn(('Invalid uuid: %s. To ensure interoperability, '
2026-04-12 21:52:15.177 10 INFO neutron.api.wsgi [req-b9ac8e34-7e43-442b-89d7-5629a00e4b2c req-877324c2-ef85-4fec-89d6-bd84e74c48f7 69f8ad1a45954b309f99a02f0823d47e 5fe509aa54f84f9daa5dfe279dd8521a - - f26d5f8b5eea4776bdf6fce6462c9921 f26d5f8b5eea4776bdf6fce6462c9921] 199.204.45.244 "GET /v2.0/ports?tenant_id=ad83dd11aa1e4e8984d9d710aac72dbe&device_id=38648ffa-084a-42d8-95e1-8aa5930bbea8 HTTP/1.1" status: 200 len: 1407 time: 0.1207736 /var/lib/openstack/lib/python3.12/site-packages/pycadf/identifier.py:71: UserWarning: Invalid uuid: neutron. To ensure interoperability, identifiers should be a valid uuid. warnings.warn(('Invalid uuid: %s. To ensure interoperability, '
2026-04-12 21:52:15.201 10 INFO neutron.api.wsgi [None req-88048ec3-f963-4bd1-9575-9fe663563a4f a567ec0a27104407b95cbb39e5809502 8a4ca2cca7574d2289ce86cc5ffab9bc - - default default] 10.0.0.252 "GET /v2.0/security-groups?tenant_id=b5116cd609df4e319230094a415c6d7a&name=default HTTP/1.1" status: 200 len: 3120 time: 0.2845099
2026-04-12 21:52:15.330 10 INFO neutron.api.wsgi [req-b9ac8e34-7e43-442b-89d7-5629a00e4b2c req-704396fd-9364-4ad6-bc4e-e9d7c9073f01 69f8ad1a45954b309f99a02f0823d47e 5fe509aa54f84f9daa5dfe279dd8521a - - f26d5f8b5eea4776bdf6fce6462c9921 f26d5f8b5eea4776bdf6fce6462c9921] 199.204.45.244 "GET /v2.0/networks?tenant_id=ad83dd11aa1e4e8984d9d710aac72dbe&shared=False HTTP/1.1" status: 200 len: 975 time: 0.1449118 /var/lib/openstack/lib/python3.12/site-packages/pycadf/identifier.py:71: UserWarning: Invalid uuid: neutron. To ensure interoperability, identifiers should be a valid uuid. warnings.warn(('Invalid uuid: %s. To ensure interoperability, '
2026-04-12 21:52:15.406 9 INFO neutron.api.wsgi [None req-1e2e0674-bc67-4cf6-a8b7-13cc267bed1a a567ec0a27104407b95cbb39e5809502 8a4ca2cca7574d2289ce86cc5ffab9bc - - default default] 10.0.0.252 "DELETE /v2.0/security-groups/057dfade-d65c-4a55-8db0-bd1d9692a865 HTTP/1.1" status: 204 len: 168 time: 0.1959329
2026-04-12 21:52:15.543 9 INFO neutron.api.wsgi [None req-4b44dcbc-b9d7-4567-8c40-3519e5b6122b a567ec0a27104407b95cbb39e5809502 8a4ca2cca7574d2289ce86cc5ffab9bc - - default default] 10.0.0.252 "GET /v2.0/security-groups?tenant_id=092392a9da894feab4a312685c6204af&name=default HTTP/1.1" status: 200 len: 3120 time: 0.1337535
2026-04-12 21:52:15.643 10 INFO neutron.api.wsgi [req-53d285e4-a1c9-46af-8872-d7d4215612cf req-0ea1e8a9-3399-4473-9d25-cda18ebce66a 30794d6833da41ed88b90da7122226b9 ad83dd11aa1e4e8984d9d710aac72dbe - - default default] 10.0.0.69 "GET /v2.0/ports?device_id=38648ffa-084a-42d8-95e1-8aa5930bbea8 HTTP/1.1" status: 200 len: 1168 time: 0.0504680
2026-04-12 21:52:15.649 10 INFO neutron.db.ovn_revision_numbers_db [None req-edf85003-7122-468c-a6dd-c5a1fd3511f9 - - - - - -] Successfully bumped revision number for resource 7c9e4311-a8d5-4fb3-8d1a-7a50274bd8e6 (type: ports) to 2
2026-04-12 21:52:15.668 10 INFO neutron.api.wsgi [req-b9ac8e34-7e43-442b-89d7-5629a00e4b2c req-aaa31f5e-f4d8-40dc-8485-f63f5d20e4fe 69f8ad1a45954b309f99a02f0823d47e 5fe509aa54f84f9daa5dfe279dd8521a - - f26d5f8b5eea4776bdf6fce6462c9921 f26d5f8b5eea4776bdf6fce6462c9921] 199.204.45.244 "GET /v2.0/networks?shared=True HTTP/1.1" status: 200 len: 952 time: 0.3280005
2026-04-12 21:52:15.689 10 INFO neutron.api.wsgi [req-53d285e4-a1c9-46af-8872-d7d4215612cf req-a06b7ce7-5b66-4d17-9f61-e5e802cea411 30794d6833da41ed88b90da7122226b9 ad83dd11aa1e4e8984d9d710aac72dbe - - default default] 10.0.0.69 "GET /v2.0/security-groups?id=d9f93054-2139-4db4-89ab-003291766402&fields=id&fields=name HTTP/1.1" status: 200 len: 286 time: 0.0379403
2026-04-12 21:52:15.690 10 INFO neutron.db.ovn_revision_numbers_db [None req-edf85003-7122-468c-a6dd-c5a1fd3511f9 - - - - - -] Successfully bumped revision number for resource 220b9339-50f4-4022-9930-6d0ea747f012 (type: subnets) to 0
2026-04-12 21:52:15.702 10 INFO neutron.api.wsgi [None req-5e6c0769-d546-438d-aaca-2420bda81303 2e6d81cb0ef74091a31b8e3812cf32bc 252d9dbfdc01479c88c6a9d41fd40cc3 - - default default] 10.0.0.252 "POST /v2.0/subnets HTTP/1.1" status: 201 len: 825 time: 1.2207806
2026-04-12 21:52:15.712 9 WARNING neutron_lib.context [None req-a1997b0a-c036-4a1f-9e17-6e677e63382f 2e6d81cb0ef74091a31b8e3812cf32bc 252d9dbfdc01479c88c6a9d41fd40cc3 - - default default] Method 'is_advsvc' is deprecated since 2023.2 release (neutron-lib 3.8.0) and will be removed once support for the old RBAC API policies will be removed from Neutron. Please use method 'is_service_role' instead.
2026-04-12 21:52:15.765 9 INFO neutron.api.wsgi [None req-ad5466c7-c657-4109-b32a-cb20b60466f8 a567ec0a27104407b95cbb39e5809502 8a4ca2cca7574d2289ce86cc5ffab9bc - - default default] 10.0.0.252 "DELETE /v2.0/security-groups/f7aba215-bb47-4ae2-bf9c-47b9f9f48c20 HTTP/1.1" status: 204 len: 168 time: 0.2117136
2026-04-12 21:52:15.905 10 INFO neutron.services.segments.plugin [-] Segment 0457be24-a151-4d15-8df3-b901cde158ec resource provider aggregate not found
2026-04-12 21:52:15.911 10 INFO neutron.services.segments.plugin [-] Segment 0457be24-a151-4d15-8df3-b901cde158ec resource provider aggregate not found
2026-04-12 21:52:15.926 10 INFO neutron.services.segments.plugin [-] Segment 0457be24-a151-4d15-8df3-b901cde158ec resource provider not found; error: Placement Client Error (4xx): {"errors": [{"status": 404, "title": "Not Found", "detail": "The resource could not be found.\n\n No resource provider with uuid 0457be24-a151-4d15-8df3-b901cde158ec found for delete ", "request_id": "req-ac58b3c0-f301-43b5-9bd4-962871d7c7dc"}]}
2026-04-12 21:52:15.927 10 INFO neutron.services.segments.plugin [-] Segment 0457be24-a151-4d15-8df3-b901cde158ec resource provider not found; error: Placement Client Error (4xx): {"errors": [{"status": 404, "title": "Not Found", "detail": "The resource could not be found.\n\n No resource provider with uuid 0457be24-a151-4d15-8df3-b901cde158ec found for delete ", "request_id": "req-5f2d5981-c8af-4df8-ad4f-0a0398789413"}]}
2026-04-12 21:52:15.987 9 WARNING neutron.scheduler.dhcp_agent_scheduler [None req-a1997b0a-c036-4a1f-9e17-6e677e63382f 2e6d81cb0ef74091a31b8e3812cf32bc 252d9dbfdc01479c88c6a9d41fd40cc3 - - default default] No more DHCP agents
2026-04-12 21:52:15.988 9 WARNING neutron.api.rpc.agentnotifiers.dhcp_rpc_agent_api [None req-a1997b0a-c036-4a1f-9e17-6e677e63382f 2e6d81cb0ef74091a31b8e3812cf32bc 252d9dbfdc01479c88c6a9d41fd40cc3 - - default default] Unable to schedule network e7fd6a93-b7aa-432a-90cc-3b216079b885: no agents available; will retry on subsequent port and subnet creation events.
2026-04-12 21:52:16.093 9 INFO neutron.db.ovn_revision_numbers_db [None req-a1997b0a-c036-4a1f-9e17-6e677e63382f 2e6d81cb0ef74091a31b8e3812cf32bc 252d9dbfdc01479c88c6a9d41fd40cc3 - - default default] Successfully bumped revision number for resource 4a4eed01-1748-452b-9419-87e9f287ec04 (type: ports) to 1
2026-04-12 21:52:16.114 9 INFO neutron.api.wsgi [None req-a1997b0a-c036-4a1f-9e17-6e677e63382f 2e6d81cb0ef74091a31b8e3812cf32bc 252d9dbfdc01479c88c6a9d41fd40cc3 - - default default] 10.0.0.252 "POST /v2.0/ports HTTP/1.1" status: 201 len: 1110 time: 0.4061253
2026-04-12 21:52:16.338 9 INFO neutron.services.segments.plugin [-] Segment b33829bb-d4ac-4a82-8660-a86c9dd2e72b resource provider aggregate not found
2026-04-12 21:52:16.348 9 INFO neutron.services.segments.plugin [-] Segment b33829bb-d4ac-4a82-8660-a86c9dd2e72b resource provider aggregate not found
2026-04-12 21:52:16.355 9 INFO neutron.services.segments.plugin [-] Segment b33829bb-d4ac-4a82-8660-a86c9dd2e72b resource provider not found; error: Placement Client Error (4xx): {"errors": [{"status": 404, "title": "Not Found", "detail": "The resource could not be found.\n\n No resource provider with uuid b33829bb-d4ac-4a82-8660-a86c9dd2e72b found for delete ", "request_id": "req-35d2a004-b036-4cc9-a080-80b7b1325fe6"}]}
2026-04-12 21:52:16.362 9 INFO neutron.services.segments.plugin [-] Segment b33829bb-d4ac-4a82-8660-a86c9dd2e72b resource provider not found; error: Placement Client Error (4xx): {"errors": [{"status": 404, "title": "Not Found", "detail": "The resource could not be found.\n\n No resource provider with uuid b33829bb-d4ac-4a82-8660-a86c9dd2e72b found for delete ", "request_id": "req-748285bf-0ca2-4624-b523-5265bbf978d7"}]}
2026-04-12 21:52:16.368 9 INFO neutron.services.segments.plugin [-] Segment 4a98ce93-d9e6-4de9-9e40-3327efa15571 resource provider aggregate not found
2026-04-12 21:52:16.374 9 INFO neutron.services.segments.plugin [-] Segment 4a98ce93-d9e6-4de9-9e40-3327efa15571 resource provider aggregate not found
2026-04-12 21:52:16.381 9 INFO neutron.services.segments.plugin [-] Segment 4a98ce93-d9e6-4de9-9e40-3327efa15571 resource provider not found; error: Placement Client Error (4xx): {"errors": [{"status": 404, "title": "Not Found", "detail": "The resource could not be found.\n\n No resource provider with uuid 4a98ce93-d9e6-4de9-9e40-3327efa15571 found for delete ", "request_id": "req-f764ddfd-5828-4a88-95cc-17142769929a"}]}
2026-04-12 21:52:16.388 9 INFO neutron.services.segments.plugin [-] Segment 4a98ce93-d9e6-4de9-9e40-3327efa15571 resource provider not found; error: Placement Client Error (4xx): {"errors": [{"status": 404, "title": "Not Found", "detail": "The resource could not be found.\n\n No resource provider with uuid 4a98ce93-d9e6-4de9-9e40-3327efa15571 found for delete ", "request_id": "req-1ef2d873-bdb1-41ad-b59e-1c6f304bc063"}]}
2026-04-12 21:52:16.398 9 INFO neutron.services.segments.plugin [-] Segment 3af20317-5bfb-469a-a98d-8f5ae38e0031 resource provider aggregate not found
2026-04-12 21:52:16.401 9 INFO neutron.services.segments.plugin [-] Segment 3af20317-5bfb-469a-a98d-8f5ae38e0031 resource provider aggregate not found
2026-04-12 21:52:16.409 9 INFO neutron.services.segments.plugin [-] Segment 3af20317-5bfb-469a-a98d-8f5ae38e0031 resource provider not found; error: Placement Client Error (4xx): {"errors": [{"status": 404, "title": "Not Found", "detail": "The resource could not be found.\n\n No resource provider with uuid 3af20317-5bfb-469a-a98d-8f5ae38e0031 found for delete ", "request_id": "req-f3f08d41-7367-47e4-877a-502dea57e67c"}]}
2026-04-12 21:52:16.416 9 INFO neutron.services.segments.plugin [-] Segment 3af20317-5bfb-469a-a98d-8f5ae38e0031 resource provider not found; error: Placement Client Error (4xx): {"errors": [{"status": 404, "title": "Not Found", "detail": "The resource could not be found.\n\n No resource provider with uuid 3af20317-5bfb-469a-a98d-8f5ae38e0031 found for delete ", "request_id": "req-877612a0-5c86-4a4c-9b08-2dbbddb86994"}]}
2026-04-12 21:52:16.468 9 INFO neutron.api.wsgi [None req-8444029e-57ee-4213-8c02-32a9d827b052 2e6d81cb0ef74091a31b8e3812cf32bc 252d9dbfdc01479c88c6a9d41fd40cc3 - - default default] 10.0.0.252 "DELETE /v2.0/ports/4a4eed01-1748-452b-9419-87e9f287ec04 HTTP/1.1" status: 204 len: 168 time: 0.3485742
2026-04-12 21:52:16.488 9 INFO neutron.pecan_wsgi.hooks.translation [None req-5c804fd0-95c8-4f95-bcd8-6683e05e3e5e 2e6d81cb0ef74091a31b8e3812cf32bc 252d9dbfdc01479c88c6a9d41fd40cc3 - - default default] GET failed (client error): The resource could not be found.
2026-04-12 21:52:16.490 9 INFO neutron.api.wsgi [None req-5c804fd0-95c8-4f95-bcd8-6683e05e3e5e 2e6d81cb0ef74091a31b8e3812cf32bc 252d9dbfdc01479c88c6a9d41fd40cc3 - - default default] 10.0.0.252 "GET /v2.0/ports/4a4eed01-1748-452b-9419-87e9f287ec04 HTTP/1.1" status: 404 len: 333 time: 0.0175264
2026-04-12 21:52:16.653 9 INFO neutron.api.wsgi [None req-95eb72cb-740e-4ded-8814-a2b469410238 2e6d81cb0ef74091a31b8e3812cf32bc 252d9dbfdc01479c88c6a9d41fd40cc3 - - default default] 10.0.0.252 "DELETE /v2.0/subnets/220b9339-50f4-4022-9930-6d0ea747f012 HTTP/1.1" status: 204 len: 168 time: 0.1593037
2026-04-12 21:52:16.712 10 INFO neutron.api.wsgi [req-8946b35d-5468-48bc-ae97-16c0d8b37f72 req-da3a4739-0d20-486e-9255-33ac76020af8 69f8ad1a45954b309f99a02f0823d47e 5fe509aa54f84f9daa5dfe279dd8521a - - f26d5f8b5eea4776bdf6fce6462c9921 f26d5f8b5eea4776bdf6fce6462c9921] 199.204.45.244 "GET /v2.0/ports?tenant_id=ad83dd11aa1e4e8984d9d710aac72dbe&device_id=38648ffa-084a-42d8-95e1-8aa5930bbea8 HTTP/1.1" status: 200 len: 1407 time: 0.0293279
2026-04-12 21:52:16.735 10 INFO neutron.api.wsgi [req-8946b35d-5468-48bc-ae97-16c0d8b37f72 req-474f5a85-0a9c-4404-b351-05d66e86383a 69f8ad1a45954b309f99a02f0823d47e 5fe509aa54f84f9daa5dfe279dd8521a - - f26d5f8b5eea4776bdf6fce6462c9921 f26d5f8b5eea4776bdf6fce6462c9921] 199.204.45.244 "GET /v2.0/floatingips?fixed_ip_address=10.100.0.4&port_id=52a11019-b7bc-4809-89ae-e9bf1a250e3f HTTP/1.1" status: 200 len: 217 time: 0.0171924
2026-04-12 21:52:16.763 10 INFO neutron.api.wsgi [req-8946b35d-5468-48bc-ae97-16c0d8b37f72 req-3173db09-2c3b-4b1e-a3c8-94a7b71acd0a 69f8ad1a45954b309f99a02f0823d47e 5fe509aa54f84f9daa5dfe279dd8521a - - f26d5f8b5eea4776bdf6fce6462c9921 f26d5f8b5eea4776bdf6fce6462c9921] 199.204.45.244 "GET /v2.0/subnets?id=fafa8623-fa92-40f3-ab44-1a7fe6b1ef9c HTTP/1.1" status: 200 len: 894 time: 0.0206974
2026-04-12 21:52:16.787 10 INFO neutron.api.wsgi [req-8946b35d-5468-48bc-ae97-16c0d8b37f72 req-5599698c-4e43-4406-9453-370841b2588d 69f8ad1a45954b309f99a02f0823d47e 5fe509aa54f84f9daa5dfe279dd8521a - - f26d5f8b5eea4776bdf6fce6462c9921 f26d5f8b5eea4776bdf6fce6462c9921] 199.204.45.244 "GET /v2.0/ports?network_id=d1f2ca2d-7e04-4eb2-9ae8-6696cf6df5ea&device_owner=network%3Adhcp HTTP/1.1" status: 200 len: 210 time: 0.0169599
2026-04-12 21:52:16.828 9 INFO neutron.api.wsgi [req-fd097011-57ac-43fb-8b82-6838928bd70d req-83de203a-0f33-460f-9d4a-ec5a2567f80a 30794d6833da41ed88b90da7122226b9 ad83dd11aa1e4e8984d9d710aac72dbe - - default default] 10.0.0.69 "GET /v2.0/ports?device_id=38648ffa-084a-42d8-95e1-8aa5930bbea8 HTTP/1.1" status: 200 len: 1168 time: 0.0694456
2026-04-12 21:52:16.840 10 INFO neutron.api.wsgi [req-8946b35d-5468-48bc-ae97-16c0d8b37f72 req-dc735b2c-b65d-41c9-81d2-8475ba51d326 69f8ad1a45954b309f99a02f0823d47e 5fe509aa54f84f9daa5dfe279dd8521a - - f26d5f8b5eea4776bdf6fce6462c9921 f26d5f8b5eea4776bdf6fce6462c9921] 199.204.45.244 "GET /v2.0/networks/d1f2ca2d-7e04-4eb2-9ae8-6696cf6df5ea?fields=segments HTTP/1.1" status: 200 len: 212 time: 0.0488229
2026-04-12 21:52:16.868 9 INFO neutron.api.wsgi [req-fd097011-57ac-43fb-8b82-6838928bd70d req-d63e42a6-30e2-49cf-a318-fc667690547d 30794d6833da41ed88b90da7122226b9 ad83dd11aa1e4e8984d9d710aac72dbe - - default default] 10.0.0.69 "GET /v2.0/security-groups?id=d9f93054-2139-4db4-89ab-003291766402&fields=id&fields=name HTTP/1.1" status: 200 len: 286 time: 0.0335019
2026-04-12 21:52:16.894 10 INFO neutron.api.wsgi [req-8946b35d-5468-48bc-ae97-16c0d8b37f72 req-6d6b28ef-93b2-4455-8190-6af30d8c4661 69f8ad1a45954b309f99a02f0823d47e 5fe509aa54f84f9daa5dfe279dd8521a - - f26d5f8b5eea4776bdf6fce6462c9921 f26d5f8b5eea4776bdf6fce6462c9921] 199.204.45.244 "GET /v2.0/networks/d1f2ca2d-7e04-4eb2-9ae8-6696cf6df5ea?fields=provider%3Aphysical_network&fields=provider%3Anetwork_type HTTP/1.1" status: 200 len: 277 time: 0.0483358
2026-04-12 21:52:17.040 10 INFO neutron.api.wsgi [None req-00b6666f-b81b-4444-8d29-55177c355014 2e6d81cb0ef74091a31b8e3812cf32bc 252d9dbfdc01479c88c6a9d41fd40cc3 - - default default] 10.0.0.252 "DELETE /v2.0/networks/e7fd6a93-b7aa-432a-90cc-3b216079b885 HTTP/1.1" status: 204 len: 168 time: 0.3803172
2026-04-12 21:52:17.047 10 WARNING neutron_lib.context [None req-5e94056e-db0c-4094-8b42-f8f9a4beb56e 2e6d81cb0ef74091a31b8e3812cf32bc 252d9dbfdc01479c88c6a9d41fd40cc3 - - default default] Method 'is_advsvc' is deprecated since 2023.2 release (neutron-lib 3.8.0) and will be removed once support for the old RBAC API policies will be removed from Neutron. Please use method 'is_service_role' instead.
2026-04-12 21:52:17.245 10 WARNING neutron.scheduler.dhcp_agent_scheduler [None req-5e94056e-db0c-4094-8b42-f8f9a4beb56e 2e6d81cb0ef74091a31b8e3812cf32bc 252d9dbfdc01479c88c6a9d41fd40cc3 - - default default] No more DHCP agents
2026-04-12 21:52:17.246 10 WARNING neutron.api.rpc.agentnotifiers.dhcp_rpc_agent_api [None req-5e94056e-db0c-4094-8b42-f8f9a4beb56e 2e6d81cb0ef74091a31b8e3812cf32bc 252d9dbfdc01479c88c6a9d41fd40cc3 - - default default] Unable to schedule network 68fc5e34-6742-48f8-a15e-e7e7d09a4fe6: no agents available; will retry on subsequent port and subnet creation events. /var/lib/openstack/lib/python3.12/site-packages/pycadf/identifier.py:71: UserWarning: Invalid uuid: neutron. To ensure interoperability, identifiers should be a valid uuid. warnings.warn(('Invalid uuid: %s. To ensure interoperability, '
2026-04-12 21:52:17.266 10 WARNING neutron_lib.context [None req-76752b7e-3699-42e6-8f0c-54256ec52065 63ae78335bf84efdab7172a0e7477aa7 60d471415751486e9fcd0f642c23a5af - - default default] Method 'is_advsvc' is deprecated since 2023.2 release (neutron-lib 3.8.0) and will be removed once support for the old RBAC API policies will be removed from Neutron. Please use method 'is_service_role' instead.
2026-04-12 21:52:17.322 10 INFO neutron.db.ovn_revision_numbers_db [None req-5e94056e-db0c-4094-8b42-f8f9a4beb56e 2e6d81cb0ef74091a31b8e3812cf32bc 252d9dbfdc01479c88c6a9d41fd40cc3 - - default default] Successfully bumped revision number for resource 7e547d2b-7c5c-40c0-9590-cd16b85bc7ae (type: ports) to 1
2026-04-12 21:52:17.344 10 INFO neutron.api.wsgi [None req-5e94056e-db0c-4094-8b42-f8f9a4beb56e 2e6d81cb0ef74091a31b8e3812cf32bc 252d9dbfdc01479c88c6a9d41fd40cc3 - - default default] 10.0.0.252 "POST /v2.0/ports HTTP/1.1" status: 201 len: 974 time: 0.2998223
2026-04-12 21:52:17.425 10 INFO neutron.db.ovn_revision_numbers_db [None req-76752b7e-3699-42e6-8f0c-54256ec52065 63ae78335bf84efdab7172a0e7477aa7 60d471415751486e9fcd0f642c23a5af - - default default] Successfully bumped revision number for resource 625c940e-0763-446f-8bca-4763fee03478 (type: security_groups) to 1
2026-04-12 21:52:17.443 10 INFO neutron.db.ovn_revision_numbers_db [None req-76752b7e-3699-42e6-8f0c-54256ec52065 63ae78335bf84efdab7172a0e7477aa7 60d471415751486e9fcd0f642c23a5af - - default default] Successfully bumped revision number for resource 29e42505-ea66-4c28-bf4e-439c9e10a5d7 (type: security_group_rules) to 0
2026-04-12 21:52:17.469 10 INFO neutron.db.ovn_revision_numbers_db [None req-76752b7e-3699-42e6-8f0c-54256ec52065 63ae78335bf84efdab7172a0e7477aa7 60d471415751486e9fcd0f642c23a5af - - default default] Successfully bumped revision number for resource 47fca18e-6e71-4216-9630-9d8d3ad36140 (type: security_group_rules) to 0
2026-04-12 21:52:17.483 10 INFO neutron.db.ovn_revision_numbers_db [None req-76752b7e-3699-42e6-8f0c-54256ec52065 63ae78335bf84efdab7172a0e7477aa7 60d471415751486e9fcd0f642c23a5af - - default default] Successfully bumped revision number for resource c1b1ebb2-a609-4038-b237-6797ae36632a (type: security_group_rules) to 0
2026-04-12 21:52:17.496 10 INFO neutron.db.ovn_revision_numbers_db [None req-76752b7e-3699-42e6-8f0c-54256ec52065 63ae78335bf84efdab7172a0e7477aa7 60d471415751486e9fcd0f642c23a5af - - default default] Successfully bumped revision number for resource e0dbbadd-5a31-4607-add0-941663cd5be4 (type: security_group_rules) to 0
2026-04-12 21:52:17.520 9 WARNING neutron_lib.context [None req-95dee43d-de31-47da-836c-67b8d4125b08 28edef03f9114182bfa8f473a6f28121 9b082cc0136f4cd8b1a7fe6f2fc66439 - - default default] Method 'is_advsvc' is deprecated since 2023.2 release (neutron-lib 3.8.0) and will be removed once support for the old RBAC API policies will be removed from Neutron. Please use method 'is_service_role' instead.
2026-04-12 21:52:17.573 10 INFO neutron.plugins.ml2.drivers.ovn.mech_driver.mech_driver [None req-bb42bfa8-7a5e-448d-a76b-b2f637c3ea71 - - - - - -] OVN reports status down for port: 7e547d2b-7c5c-40c0-9590-cd16b85bc7ae
2026-04-12 21:52:17.581 10 INFO neutron.db.segments_db [None req-76752b7e-3699-42e6-8f0c-54256ec52065 63ae78335bf84efdab7172a0e7477aa7 60d471415751486e9fcd0f642c23a5af - - default default] Added segment 809f363b-4d24-4521-bab5-0fa3c2dda6c5 of type geneve for network 2d2f6dd5-0b9c-4320-9edb-8086dd5f40e4
2026-04-12 21:52:17.616 10 INFO neutron.db.ovn_revision_numbers_db [None req-8a6a7ea0-0c8a-4b86-9d33-0d2c8fb71c1f 2e6d81cb0ef74091a31b8e3812cf32bc 252d9dbfdc01479c88c6a9d41fd40cc3 - - default default] Successfully bumped revision number for resource 7e547d2b-7c5c-40c0-9590-cd16b85bc7ae (type: ports) to 2
2026-04-12 21:52:17.635 9 INFO neutron.db.ovn_revision_numbers_db [None req-95dee43d-de31-47da-836c-67b8d4125b08 28edef03f9114182bfa8f473a6f28121 9b082cc0136f4cd8b1a7fe6f2fc66439 - - default default] Successfully bumped revision number for resource 5fbdef3c-c2cd-422a-aaf5-09bfb26bedf5 (type: security_groups) to 1
2026-04-12 21:52:17.642 10 INFO neutron.api.wsgi [None req-8a6a7ea0-0c8a-4b86-9d33-0d2c8fb71c1f 2e6d81cb0ef74091a31b8e3812cf32bc 252d9dbfdc01479c88c6a9d41fd40cc3 - - default default] 10.0.0.252 "PUT /v2.0/ports/7e547d2b-7c5c-40c0-9590-cd16b85bc7ae HTTP/1.1" status: 200 len: 946 time: 0.2929132
2026-04-12 21:52:17.647 9 INFO neutron.db.ovn_revision_numbers_db [None req-95dee43d-de31-47da-836c-67b8d4125b08 28edef03f9114182bfa8f473a6f28121 9b082cc0136f4cd8b1a7fe6f2fc66439 - - default default] Successfully bumped revision number for resource 113f7b24-5381-4f19-998e-8e244644143c (type: security_group_rules) to 0
2026-04-12 21:52:17.668 9 INFO neutron.db.ovn_revision_numbers_db [None req-95dee43d-de31-47da-836c-67b8d4125b08 28edef03f9114182bfa8f473a6f28121 9b082cc0136f4cd8b1a7fe6f2fc66439 - - default default] Successfully bumped revision number for resource 348aa0b1-cfcc-4033-8a67-f0d5cc86dafc (type: security_group_rules) to 0
2026-04-12 21:52:17.684 9 INFO neutron.db.ovn_revision_numbers_db [None req-95dee43d-de31-47da-836c-67b8d4125b08 28edef03f9114182bfa8f473a6f28121 9b082cc0136f4cd8b1a7fe6f2fc66439 - - default default] Successfully bumped revision number for resource 60534272-cb27-491b-97fa-3a41e0d91797 (type: security_group_rules) to 0
2026-04-12 21:52:17.696 10 INFO neutron.db.ovn_revision_numbers_db [None req-76752b7e-3699-42e6-8f0c-54256ec52065 63ae78335bf84efdab7172a0e7477aa7 60d471415751486e9fcd0f642c23a5af - - default default] Successfully bumped revision number for resource 2d2f6dd5-0b9c-4320-9edb-8086dd5f40e4 (type: networks) to 1
2026-04-12 21:52:17.697 9 INFO neutron.db.ovn_revision_numbers_db [None req-95dee43d-de31-47da-836c-67b8d4125b08 28edef03f9114182bfa8f473a6f28121 9b082cc0136f4cd8b1a7fe6f2fc66439 - - default default] Successfully bumped revision number for resource d0543c59-e118-479e-b1a1-2da8e524dd2d (type: security_group_rules) to 0
2026-04-12 21:52:17.771 9 INFO neutron.db.segments_db [None req-95dee43d-de31-47da-836c-67b8d4125b08 28edef03f9114182bfa8f473a6f28121 9b082cc0136f4cd8b1a7fe6f2fc66439 - - default default] Added segment 6112797d-ada7-481b-9a32-c358f2fc4f83 of type geneve for network 348a7ac1-e8ca-4d0b-afe1-5293e61cdfef
2026-04-12 21:52:17.864 10 WARNING neutron.scheduler.dhcp_agent_scheduler [None req-76752b7e-3699-42e6-8f0c-54256ec52065 63ae78335bf84efdab7172a0e7477aa7 60d471415751486e9fcd0f642c23a5af - - default default] No more DHCP agents
2026-04-12 21:52:17.865 10 WARNING neutron.api.rpc.agentnotifiers.dhcp_rpc_agent_api [None req-76752b7e-3699-42e6-8f0c-54256ec52065 63ae78335bf84efdab7172a0e7477aa7 60d471415751486e9fcd0f642c23a5af - - default default] Unable to schedule network 2d2f6dd5-0b9c-4320-9edb-8086dd5f40e4: no agents available; will retry on subsequent port and subnet creation events.
2026-04-12 21:52:17.888 9 INFO neutron.api.wsgi [None req-4efa8378-c352-4763-a6ef-e34970e092b1 2e6d81cb0ef74091a31b8e3812cf32bc 252d9dbfdc01479c88c6a9d41fd40cc3 - - default default] 10.0.0.252 "DELETE /v2.0/ports/7e547d2b-7c5c-40c0-9590-cd16b85bc7ae HTTP/1.1" status: 204 len: 168 time: 0.2391005
2026-04-12 21:52:17.908 9 INFO neutron.db.ovn_revision_numbers_db [None req-95dee43d-de31-47da-836c-67b8d4125b08 28edef03f9114182bfa8f473a6f28121 9b082cc0136f4cd8b1a7fe6f2fc66439 - - default default] Successfully bumped revision number for resource 348a7ac1-e8ca-4d0b-afe1-5293e61cdfef (type: networks) to 1
2026-04-12 21:52:17.924 10 INFO neutron.db.ovn_revision_numbers_db [None req-76752b7e-3699-42e6-8f0c-54256ec52065 63ae78335bf84efdab7172a0e7477aa7 60d471415751486e9fcd0f642c23a5af - - default default] Successfully bumped revision number for resource 22581493-1701-40d4-a14b-1e5a26147905 (type: ports) to 1
2026-04-12 21:52:17.933 9 INFO neutron.api.wsgi [None req-b2e01997-a1cb-4a26-82ab-2baf69c4582f 2e6d81cb0ef74091a31b8e3812cf32bc 252d9dbfdc01479c88c6a9d41fd40cc3 - - default default] 10.0.0.252 "GET /v2.0/ports HTTP/1.1" status: 200 len: 1728 time: 0.0406148 /var/lib/openstack/lib/python3.12/site-packages/pycadf/identifier.py:71: UserWarning: Invalid uuid: neutron. To ensure interoperability, identifiers should be a valid uuid. warnings.warn(('Invalid uuid: %s. To ensure interoperability, '
2026-04-12 21:52:17.952 10 INFO neutron.services.segments.plugin [-] Segment 9227a3af-6fb9-44f4-a6b0-c578cdfa2a7d resource provider aggregate not found
2026-04-12 21:52:17.956 10 INFO neutron.services.segments.plugin [-] Segment 9227a3af-6fb9-44f4-a6b0-c578cdfa2a7d resource provider aggregate not found
