2026-04-12 21:53:05.890 10 INFO neutron.api.wsgi [req-ff07ed81-d478-4c52-b8bc-91ac52833a6e req-7e8f273c-1f83-4f48-b5ab-b89e3182afc7 69f8ad1a45954b309f99a02f0823d47e 5fe509aa54f84f9daa5dfe279dd8521a - - f26d5f8b5eea4776bdf6fce6462c9921 f26d5f8b5eea4776bdf6fce6462c9921] 199.204.45.244 "GET /v2.0/networks/450dfc94-5d45-4800-8373-84643d23c40d?fields=provider%3Aphysical_network&fields=provider%3Anetwork_type HTTP/1.1" status: 200 len: 277 time: 0.0592444
2026-04-12 21:53:05.946 9 INFO neutron.api.wsgi [req-18883c20-53f1-43ec-9523-76802556db73 req-882da979-f16b-4653-b719-2b45cd4cdb6d 81e922c92b4f4cb69e40077004cb5c39 4c245288e01344d2a42f7f9ee7b47fe0 - - default default] 199.204.45.244 "GET /v2.0/ports?device_id=c07a41ce-ffaa-4001-8d1d-1d47c99f21b9 HTTP/1.1" status: 200 len: 1172 time: 0.0607567
2026-04-12 21:53:06.030 9 INFO neutron.plugins.ml2.drivers.ovn.mech_driver.mech_driver [None req-9dddeff3-3dd6-4b9c-865d-81abae06ae5c - - - - - -] OVN reports status up for port: cf9692b0-8b91-472c-8c65-d4ea81217c95
2026-04-12 21:53:06.047 9 INFO neutron.plugins.ml2.plugin [None req-9dddeff3-3dd6-4b9c-865d-81abae06ae5c - - - - - -] Attempt 1 to provision port cf9692b0-8b91-472c-8c65-d4ea81217c95
2026-04-12 21:53:06.047 10 INFO neutron.db.ovn_revision_numbers_db [None req-fe2cb30e-8edc-4868-a975-4b7c5630c15d 637d2de6155145eeadcf20b5765e635b af87b112e2ba4a6f96170f1032e1027d - - default default] Successfully bumped revision number for resource cf9692b0-8b91-472c-8c65-d4ea81217c95 (type: ports) to 1
2026-04-12 21:53:06.083 10 INFO neutron.api.wsgi [req-2d8074bd-1540-4006-bd32-b6cd643f14ed req-2a33ee60-7450-41d2-bdf5-ab0b87297f9b 2dbb56ab876848e0bca76101dea3fad8 5cfda2ceb8fb498d9907d4357fc20923 - - default default] 10.0.0.69 "GET /v2.0/ports?device_id=e4e4c788-abee-4f68-af72-df58ff5cd516 HTTP/1.1" status: 200 len: 1208 time: 0.0326967
2026-04-12 21:53:06.116 10 WARNING neutron.scheduler.dhcp_agent_scheduler [None req-fe2cb30e-8edc-4868-a975-4b7c5630c15d 637d2de6155145eeadcf20b5765e635b af87b112e2ba4a6f96170f1032e1027d - - default default] No more DHCP agents
2026-04-12 21:53:06.118 10 WARNING neutron.api.rpc.agentnotifiers.dhcp_rpc_agent_api [None req-fe2cb30e-8edc-4868-a975-4b7c5630c15d 637d2de6155145eeadcf20b5765e635b af87b112e2ba4a6f96170f1032e1027d - - default default] Unable to schedule network 85af5297-9eb4-4a20-a845-9409a4731fb0: no agents available; will retry on subsequent port and subnet creation events.
2026-04-12 21:53:06.123 10 INFO neutron.api.wsgi [req-2d8074bd-1540-4006-bd32-b6cd643f14ed req-66e39758-7d0d-4e7e-83b5-2a544a34f5df 2dbb56ab876848e0bca76101dea3fad8 5cfda2ceb8fb498d9907d4357fc20923 - - default default] 10.0.0.69 "GET /v2.0/security-groups?id=d4c4b423-3770-4adf-ab86-aa37d9034e4b&id=c9e3d684-5eff-492e-b52b-8008e1567f6b&fields=id&fields=name HTTP/1.1" status: 200 len: 405 time: 0.0331049
2026-04-12 21:53:06.271 10 INFO neutron.db.ovn_revision_numbers_db [None req-fe2cb30e-8edc-4868-a975-4b7c5630c15d 637d2de6155145eeadcf20b5765e635b af87b112e2ba4a6f96170f1032e1027d - - default default] Successfully bumped revision number for resource cf9692b0-8b91-472c-8c65-d4ea81217c95 (type: router_ports) to 1
2026-04-12 21:53:06.276 10 INFO neutron.api.wsgi [None req-fe2cb30e-8edc-4868-a975-4b7c5630c15d 637d2de6155145eeadcf20b5765e635b af87b112e2ba4a6f96170f1032e1027d - - default default] 10.0.0.252 "PUT /v2.0/routers/4ff3e538-2eaa-40b4-83cf-3b6620d3d795/add_router_interface HTTP/1.1" status: 200 len: 503 time: 1.1212523
2026-04-12 21:53:06.310 9 INFO neutron.api.wsgi [req-18883c20-53f1-43ec-9523-76802556db73 req-74d3348a-f136-4b2f-acb2-3d7f27d20277 81e922c92b4f4cb69e40077004cb5c39 4c245288e01344d2a42f7f9ee7b47fe0 - - default default] 199.204.45.244 "DELETE /v2.0/ports/6e84968c-a2af-4d79-a5a4-b7fcb6be81ca HTTP/1.1" status: 204 len: 173 time: 0.3609993
2026-04-12 21:53:06.347 10 INFO neutron.api.wsgi [None req-204e65ad-1942-4ced-99b9-e43c658a3e39 637d2de6155145eeadcf20b5765e635b af87b112e2ba4a6f96170f1032e1027d - - default default] 10.0.0.252 "GET /v2.0/ports/cf9692b0-8b91-472c-8c65-d4ea81217c95 HTTP/1.1" status: 200 len: 1141 time: 0.0630755
2026-04-12 21:53:06.432 9 INFO neutron.db.ovn_revision_numbers_db [None req-9dddeff3-3dd6-4b9c-865d-81abae06ae5c - - - - - -] Successfully bumped revision number for resource cf9692b0-8b91-472c-8c65-d4ea81217c95 (type: ports) to 2
2026-04-12 21:53:06.492 9 INFO neutron.api.wsgi [req-4c47be0a-eafb-4db0-aecc-d6e9ed3383ef req-ce3f5f28-4e55-47c4-92da-efdab97fc266 81e922c92b4f4cb69e40077004cb5c39 4c245288e01344d2a42f7f9ee7b47fe0 - - default default] 10.0.0.69 "GET /v2.0/ports?device_id=c07a41ce-ffaa-4001-8d1d-1d47c99f21b9 HTTP/1.1" status: 200 len: 210 time: 0.0150807
2026-04-12 21:53:06.733 10 WARNING neutron.scheduler.dhcp_agent_scheduler [None req-a7496080-a6b8-4e3e-bfda-cb558ad418a7 637d2de6155145eeadcf20b5765e635b af87b112e2ba4a6f96170f1032e1027d - - default default] No more DHCP agents
2026-04-12 21:53:06.734 10 WARNING neutron.api.rpc.agentnotifiers.dhcp_rpc_agent_api [None req-a7496080-a6b8-4e3e-bfda-cb558ad418a7 637d2de6155145eeadcf20b5765e635b af87b112e2ba4a6f96170f1032e1027d - - default default] Unable to schedule network f9fd6c93-5c88-4b03-a4db-b894ffb38d39: no agents available; will retry on subsequent port and subnet creation events.
2026-04-12 21:53:06.755 9 WARNING neutron_lib.context [None req-e15ea3c5-fe9c-4302-ba17-80b45e7175b5 c225094d80044dc8a80beb0e3ad702a3 15330a2bc22443e18c01e86f7b272eae - - default default] Method 'is_advsvc' is deprecated since 2023.2 release (neutron-lib 3.8.0) and will be removed once support for the old RBAC API policies will be removed from Neutron. Please use method 'is_service_role' instead.
2026-04-12 21:53:06.807 10 INFO neutron.db.ovn_revision_numbers_db [None req-a7496080-a6b8-4e3e-bfda-cb558ad418a7 637d2de6155145eeadcf20b5765e635b af87b112e2ba4a6f96170f1032e1027d - - default default] Successfully bumped revision number for resource 6a2450a2-7ca8-48ac-82c3-adf8a7e84551 (type: ports) to 1
2026-04-12 21:53:06.847 9 INFO neutron.notifiers.nova [-] Nova event matching ['req-498b81fd-9c89-4c71-b1ce-1ce55c510e9e'] response: {'server_uuid': 'c07a41ce-ffaa-4001-8d1d-1d47c99f21b9', 'name': 'network-vif-unplugged', 'status': 'completed', 'tag': '6e84968c-a2af-4d79-a5a4-b7fcb6be81ca', 'code': 200}
2026-04-12 21:53:06.848 9 INFO neutron.notifiers.nova [-] Nova event matching ['req-498b81fd-9c89-4c71-b1ce-1ce55c510e9e'] response: {'server_uuid': 'c07a41ce-ffaa-4001-8d1d-1d47c99f21b9', 'name': 'network-vif-deleted', 'tag': '6e84968c-a2af-4d79-a5a4-b7fcb6be81ca', 'status': 'completed', 'code': 200}
2026-04-12 21:53:06.883 9 INFO neutron.db.ovn_revision_numbers_db [None req-e15ea3c5-fe9c-4302-ba17-80b45e7175b5 c225094d80044dc8a80beb0e3ad702a3 15330a2bc22443e18c01e86f7b272eae - - default default] Successfully bumped revision number for resource 233936e3-2a9b-4a11-b3e8-230671a13a9a (type: security_groups) to 1
2026-04-12 21:53:06.896 9 INFO neutron.db.ovn_revision_numbers_db [None req-e15ea3c5-fe9c-4302-ba17-80b45e7175b5 c225094d80044dc8a80beb0e3ad702a3 15330a2bc22443e18c01e86f7b272eae - - default default] Successfully bumped revision number for resource 4a2dde12-439b-41b6-9629-ee37c4099e66 (type: security_group_rules) to 0
2026-04-12 21:53:06.909 9 INFO neutron.db.ovn_revision_numbers_db [None req-e15ea3c5-fe9c-4302-ba17-80b45e7175b5 c225094d80044dc8a80beb0e3ad702a3 15330a2bc22443e18c01e86f7b272eae - - default default] Successfully bumped revision number for resource bb1b092a-3639-48f5-ab03-7c331b44073a (type: security_group_rules) to 0
2026-04-12 21:53:06.922 9 INFO neutron.db.ovn_revision_numbers_db [None req-e15ea3c5-fe9c-4302-ba17-80b45e7175b5 c225094d80044dc8a80beb0e3ad702a3 15330a2bc22443e18c01e86f7b272eae - - default default] Successfully bumped revision number for resource bd44b959-6055-4c17-9de1-e9424a28a9df (type: security_group_rules) to 0
2026-04-12 21:53:06.935 9 INFO neutron.db.ovn_revision_numbers_db [None req-e15ea3c5-fe9c-4302-ba17-80b45e7175b5 c225094d80044dc8a80beb0e3ad702a3 15330a2bc22443e18c01e86f7b272eae - - default default] Successfully bumped revision number for resource d8c4b02d-699e-4b8c-ac6d-b752858d215e (type: security_group_rules) to 0
2026-04-12 21:53:07.001 9 INFO neutron.db.segments_db [None req-e15ea3c5-fe9c-4302-ba17-80b45e7175b5 c225094d80044dc8a80beb0e3ad702a3 15330a2bc22443e18c01e86f7b272eae - - default default] Added segment 434e27fc-47cc-4f7b-9a4c-6ece1b2088ac of type geneve for network 813b31d1-46af-4351-81b8-fdcaab7f429e
2026-04-12 21:53:07.107 9 INFO neutron.db.ovn_revision_numbers_db [None req-e15ea3c5-fe9c-4302-ba17-80b45e7175b5 c225094d80044dc8a80beb0e3ad702a3 15330a2bc22443e18c01e86f7b272eae - - default default] Successfully bumped revision number for resource 813b31d1-46af-4351-81b8-fdcaab7f429e (type: networks) to 1
2026-04-12 21:53:07.184 10 INFO neutron.db.ovn_revision_numbers_db [None req-a7496080-a6b8-4e3e-bfda-cb558ad418a7 637d2de6155145eeadcf20b5765e635b af87b112e2ba4a6f96170f1032e1027d - - default default] Successfully bumped revision number for resource 6a2450a2-7ca8-48ac-82c3-adf8a7e84551 (type: ports) to 1
2026-04-12 21:53:07.213 9 INFO neutron.api.wsgi [req-3d75d85b-f6a7-4e07-a66d-ff3e8457d554 req-4c7eba54-fe65-45ab-a649-9cf826cb8ad9 2dbb56ab876848e0bca76101dea3fad8 5cfda2ceb8fb498d9907d4357fc20923 - - default default] 10.0.0.69 "GET /v2.0/ports?device_id=e4e4c788-abee-4f68-af72-df58ff5cd516 HTTP/1.1" status: 200 len: 1208 time: 0.0358984
2026-04-12 21:53:07.227 10 WARNING neutron.scheduler.dhcp_agent_scheduler [None req-a7496080-a6b8-4e3e-bfda-cb558ad418a7 637d2de6155145eeadcf20b5765e635b af87b112e2ba4a6f96170f1032e1027d - - default default] No more DHCP agents
2026-04-12 21:53:07.228 10 WARNING neutron.api.rpc.agentnotifiers.dhcp_rpc_agent_api [None req-a7496080-a6b8-4e3e-bfda-cb558ad418a7 637d2de6155145eeadcf20b5765e635b af87b112e2ba4a6f96170f1032e1027d - - default default] Unable to schedule network f9fd6c93-5c88-4b03-a4db-b894ffb38d39: no agents available; will retry on subsequent port and subnet creation events.
2026-04-12 21:53:07.264 9 INFO neutron.api.wsgi [req-3d75d85b-f6a7-4e07-a66d-ff3e8457d554 req-40d9fc31-b6c8-4b33-8364-dd44c35a72dd 2dbb56ab876848e0bca76101dea3fad8 5cfda2ceb8fb498d9907d4357fc20923 - - default default] 10.0.0.69 "GET /v2.0/security-groups?id=d4c4b423-3770-4adf-ab86-aa37d9034e4b&id=c9e3d684-5eff-492e-b52b-8008e1567f6b&fields=id&fields=name HTTP/1.1" status: 200 len: 405 time: 0.0427701
2026-04-12 21:53:07.270 9 WARNING neutron.scheduler.dhcp_agent_scheduler [None req-e15ea3c5-fe9c-4302-ba17-80b45e7175b5 c225094d80044dc8a80beb0e3ad702a3 15330a2bc22443e18c01e86f7b272eae - - default default] No more DHCP agents
2026-04-12 21:53:07.270 9 WARNING neutron.api.rpc.agentnotifiers.dhcp_rpc_agent_api [None req-e15ea3c5-fe9c-4302-ba17-80b45e7175b5 c225094d80044dc8a80beb0e3ad702a3 15330a2bc22443e18c01e86f7b272eae - - default default] Unable to schedule network 813b31d1-46af-4351-81b8-fdcaab7f429e: no agents available; will retry on subsequent port and subnet creation events.
2026-04-12 21:53:07.330 9 INFO neutron.db.ovn_revision_numbers_db [None req-e15ea3c5-fe9c-4302-ba17-80b45e7175b5 c225094d80044dc8a80beb0e3ad702a3 15330a2bc22443e18c01e86f7b272eae - - default default] Successfully bumped revision number for resource 40cd5a26-06a5-4211-89f6-a1433561239b (type: ports) to 1
2026-04-12 21:53:07.352 9 INFO neutron.api.wsgi [None req-e15ea3c5-fe9c-4302-ba17-80b45e7175b5 c225094d80044dc8a80beb0e3ad702a3 15330a2bc22443e18c01e86f7b272eae - - default default] 10.0.0.252 "POST /v2.0/networks HTTP/1.1" status: 201 len: 831 time: 0.7176464
2026-04-12 21:53:07.368 9 WARNING neutron_lib.context [None req-6a2785ab-26d8-4f49-8425-faca69cf3901 c225094d80044dc8a80beb0e3ad702a3 15330a2bc22443e18c01e86f7b272eae - - default default] Method 'is_advsvc' is deprecated since 2023.2 release (neutron-lib 3.8.0) and will be removed once support for the old RBAC API policies will be removed from Neutron. Please use method 'is_service_role' instead.
2026-04-12 21:53:07.384 10 INFO neutron.db.ovn_revision_numbers_db [None req-a7496080-a6b8-4e3e-bfda-cb558ad418a7 637d2de6155145eeadcf20b5765e635b af87b112e2ba4a6f96170f1032e1027d - - default default] Successfully bumped revision number for resource 6a2450a2-7ca8-48ac-82c3-adf8a7e84551 (type: router_ports) to 1
2026-04-12 21:53:07.390 10 INFO neutron.api.wsgi [None req-a7496080-a6b8-4e3e-bfda-cb558ad418a7 637d2de6155145eeadcf20b5765e635b af87b112e2ba4a6f96170f1032e1027d - - default default] 10.0.0.252 "PUT /v2.0/routers/4ff3e538-2eaa-40b4-83cf-3b6620d3d795/add_router_interface HTTP/1.1" status: 200 len: 503 time: 1.0381923
2026-04-12 21:53:07.422 9 INFO neutron.api.wsgi [None req-974ad062-a654-47c9-8b54-1594e139a5d6 637d2de6155145eeadcf20b5765e635b af87b112e2ba4a6f96170f1032e1027d - - default default] 10.0.0.252 "GET /v2.0/ports/6a2450a2-7ca8-48ac-82c3-adf8a7e84551 HTTP/1.1" status: 200 len: 1147 time: 0.0277328
2026-04-12 21:53:07.503 10 INFO neutron.api.wsgi [None req-ec18bcd7-ce95-49c3-83a8-169b2405454d 637d2de6155145eeadcf20b5765e635b af87b112e2ba4a6f96170f1032e1027d - - default default] 10.0.0.252 "GET /v2.0/ports/6a2450a2-7ca8-48ac-82c3-adf8a7e84551 HTTP/1.1" status: 200 len: 1147 time: 0.0770881
2026-04-12 21:53:07.569 10 INFO neutron.api.wsgi [req-2b85e25a-4be8-4c2a-bbc7-5b91e0d40720 req-2522a88e-f7c0-4beb-8ae8-0c5dc3fdff36 81e922c92b4f4cb69e40077004cb5c39 4c245288e01344d2a42f7f9ee7b47fe0 - - default default] 10.0.0.69 "GET /v2.0/ports?device_id=c07a41ce-ffaa-4001-8d1d-1d47c99f21b9 HTTP/1.1" status: 200 len: 210 time: 0.0171943
2026-04-12 21:53:07.602 9 WARNING neutron.scheduler.dhcp_agent_scheduler [None req-6a2785ab-26d8-4f49-8425-faca69cf3901 c225094d80044dc8a80beb0e3ad702a3 15330a2bc22443e18c01e86f7b272eae - - default default] No more DHCP agents
2026-04-12 21:53:07.603 9 WARNING neutron.api.rpc.agentnotifiers.dhcp_rpc_agent_api [None req-6a2785ab-26d8-4f49-8425-faca69cf3901 c225094d80044dc8a80beb0e3ad702a3 15330a2bc22443e18c01e86f7b272eae - - default default] Unable to schedule network 813b31d1-46af-4351-81b8-fdcaab7f429e: no agents available; will retry on subsequent port and subnet creation events.
2026-04-12 21:53:07.662 9 INFO neutron.db.ovn_revision_numbers_db [None req-6a2785ab-26d8-4f49-8425-faca69cf3901 c225094d80044dc8a80beb0e3ad702a3 15330a2bc22443e18c01e86f7b272eae - - default default] Successfully bumped revision number for resource 6705ebee-d212-44e7-8246-424fbf62187d (type: ports) to 1
2026-04-12 21:53:07.682 9 INFO neutron.api.wsgi [None req-6a2785ab-26d8-4f49-8425-faca69cf3901 c225094d80044dc8a80beb0e3ad702a3 15330a2bc22443e18c01e86f7b272eae - - default default] 10.0.0.252 "POST /v2.0/ports HTTP/1.1" status: 201 len: 942 time: 0.3232918 /var/lib/openstack/lib/python3.12/site-packages/pycadf/identifier.py:71: UserWarning: Invalid uuid: neutron. To ensure interoperability, identifiers should be a valid uuid. warnings.warn(('Invalid uuid: %s. To ensure interoperability, '
2026-04-12 21:53:07.690 9 WARNING neutron_lib.context [None req-54e41a42-b556-450a-b80f-cb9c891b58c3 c225094d80044dc8a80beb0e3ad702a3 15330a2bc22443e18c01e86f7b272eae - - default default] Method 'is_advsvc' is deprecated since 2023.2 release (neutron-lib 3.8.0) and will be removed once support for the old RBAC API policies will be removed from Neutron. Please use method 'is_service_role' instead.
2026-04-12 21:53:07.886 9 INFO neutron.api.wsgi [None req-54e41a42-b556-450a-b80f-cb9c891b58c3 c225094d80044dc8a80beb0e3ad702a3 15330a2bc22443e18c01e86f7b272eae - - default default] 10.0.0.252 "POST /v2.0/trunks HTTP/1.1" status: 201 len: 608 time: 0.1990621
2026-04-12 21:53:07.894 9 WARNING neutron_lib.context [None req-6174e6c5-7f78-446b-a00f-4c0002c9e98f c225094d80044dc8a80beb0e3ad702a3 15330a2bc22443e18c01e86f7b272eae - - default default] Method 'is_advsvc' is deprecated since 2023.2 release (neutron-lib 3.8.0) and will be removed once support for the old RBAC API policies will be removed from Neutron. Please use method 'is_service_role' instead.
2026-04-12 21:53:07.971 9 INFO neutron.db.segments_db [None req-6174e6c5-7f78-446b-a00f-4c0002c9e98f c225094d80044dc8a80beb0e3ad702a3 15330a2bc22443e18c01e86f7b272eae - - default default] Added segment 6743c8b3-4c46-43dd-bb3f-dab1617ed2c2 of type geneve for network 4a8eecd3-a3de-41f7-be76-df4b3e78f7eb
2026-04-12 21:53:08.085 9 INFO neutron.db.ovn_revision_numbers_db [None req-6174e6c5-7f78-446b-a00f-4c0002c9e98f c225094d80044dc8a80beb0e3ad702a3 15330a2bc22443e18c01e86f7b272eae - - default default] Successfully bumped revision number for resource 4a8eecd3-a3de-41f7-be76-df4b3e78f7eb (type: networks) to 1
2026-04-12 21:53:08.230 9 WARNING neutron.scheduler.dhcp_agent_scheduler [None req-6174e6c5-7f78-446b-a00f-4c0002c9e98f c225094d80044dc8a80beb0e3ad702a3 15330a2bc22443e18c01e86f7b272eae - - default default] No more DHCP agents
2026-04-12 21:53:08.232 9 WARNING neutron.api.rpc.agentnotifiers.dhcp_rpc_agent_api [None req-6174e6c5-7f78-446b-a00f-4c0002c9e98f c225094d80044dc8a80beb0e3ad702a3 15330a2bc22443e18c01e86f7b272eae - - default default] Unable to schedule network 4a8eecd3-a3de-41f7-be76-df4b3e78f7eb: no agents available; will retry on subsequent port and subnet creation events.
2026-04-12 21:53:08.285 9 INFO neutron.db.ovn_revision_numbers_db [None req-6174e6c5-7f78-446b-a00f-4c0002c9e98f c225094d80044dc8a80beb0e3ad702a3 15330a2bc22443e18c01e86f7b272eae - - default default] Successfully bumped revision number for resource 230d3d9a-454e-453d-a537-5f9bbbb246c8 (type: ports) to 1
2026-04-12 21:53:08.305 9 INFO neutron.api.wsgi [None req-6174e6c5-7f78-446b-a00f-4c0002c9e98f c225094d80044dc8a80beb0e3ad702a3 15330a2bc22443e18c01e86f7b272eae - - default default] 10.0.0.252 "POST /v2.0/networks HTTP/1.1" status: 201 len: 831 time: 0.4145806
2026-04-12 21:53:08.313 9 WARNING neutron_lib.context [None req-2013ae6d-5a72-478f-aeb6-b45950127095 c225094d80044dc8a80beb0e3ad702a3 15330a2bc22443e18c01e86f7b272eae - - default default] Method 'is_advsvc' is deprecated since 2023.2 release (neutron-lib 3.8.0) and will be removed once support for the old RBAC API policies will be removed from Neutron. Please use method 'is_service_role' instead.
2026-04-12 21:53:08.358 9 INFO neutron.api.wsgi [req-0d9e87ed-7b8f-402e-af9f-fd6eee5fcc19 req-764ac988-0dd2-45d9-945d-083739a2d9df 2dbb56ab876848e0bca76101dea3fad8 5cfda2ceb8fb498d9907d4357fc20923 - - default default] 10.0.0.69 "GET /v2.0/ports?device_id=e4e4c788-abee-4f68-af72-df58ff5cd516 HTTP/1.1" status: 200 len: 1208 time: 0.0317683
2026-04-12 21:53:08.406 9 INFO neutron.api.wsgi [req-0d9e87ed-7b8f-402e-af9f-fd6eee5fcc19 req-47f7f0a9-43f2-4ec0-87c2-ad1bbc864721 2dbb56ab876848e0bca76101dea3fad8 5cfda2ceb8fb498d9907d4357fc20923 - - default default] 10.0.0.69 "GET /v2.0/security-groups?id=d4c4b423-3770-4adf-ab86-aa37d9034e4b&id=c9e3d684-5eff-492e-b52b-8008e1567f6b&fields=id&fields=name HTTP/1.1" status: 200 len: 405 time: 0.0410941
2026-04-12 21:53:08.530 9 INFO neutron.api.wsgi [req-23157451-3367-4636-a472-eb8ecf506408 req-4fff8647-bc6f-4174-a128-a56fb3c9eb06 69f8ad1a45954b309f99a02f0823d47e 5fe509aa54f84f9daa5dfe279dd8521a - - f26d5f8b5eea4776bdf6fce6462c9921 f26d5f8b5eea4776bdf6fce6462c9921] 199.204.45.244 "GET /v2.0/ports?device_id=e4e4c788-abee-4f68-af72-df58ff5cd516 HTTP/1.1" status: 200 len: 1446 time: 0.0525899 /var/lib/openstack/lib/python3.12/site-packages/pycadf/identifier.py:71: UserWarning: Invalid uuid: neutron. To ensure interoperability, identifiers should be a valid uuid. warnings.warn(('Invalid uuid: %s. To ensure interoperability, '
2026-04-12 21:53:08.540 10 INFO neutron.api.wsgi [None req-2005627d-262d-4960-9805-2304189b27f9 637d2de6155145eeadcf20b5765e635b af87b112e2ba4a6f96170f1032e1027d - - default default] 10.0.0.252 "GET /v2.0/ports/6a2450a2-7ca8-48ac-82c3-adf8a7e84551 HTTP/1.1" status: 200 len: 1147 time: 0.0307755
2026-04-12 21:53:08.571 9 INFO neutron.api.wsgi [req-23157451-3367-4636-a472-eb8ecf506408 req-27e369af-f7ab-4864-9592-086344edfc9a 69f8ad1a45954b309f99a02f0823d47e 5fe509aa54f84f9daa5dfe279dd8521a - - f26d5f8b5eea4776bdf6fce6462c9921 f26d5f8b5eea4776bdf6fce6462c9921] 199.204.45.244 "GET /v2.0/security-groups?id=c9e3d684-5eff-492e-b52b-8008e1567f6b&id=d4c4b423-3770-4adf-ab86-aa37d9034e4b&fields=id&fields=name HTTP/1.1" status: 200 len: 405 time: 0.0347066
2026-04-12 21:53:08.572 9 WARNING neutron.scheduler.dhcp_agent_scheduler [None req-2013ae6d-5a72-478f-aeb6-b45950127095 c225094d80044dc8a80beb0e3ad702a3 15330a2bc22443e18c01e86f7b272eae - - default default] No more DHCP agents
2026-04-12 21:53:08.573 9 WARNING neutron.api.rpc.agentnotifiers.dhcp_rpc_agent_api [None req-2013ae6d-5a72-478f-aeb6-b45950127095 c225094d80044dc8a80beb0e3ad702a3 15330a2bc22443e18c01e86f7b272eae - - default default] Unable to schedule network 4a8eecd3-a3de-41f7-be76-df4b3e78f7eb: no agents available; will retry on subsequent port and subnet creation events.
2026-04-12 21:53:08.637 9 INFO neutron.db.ovn_revision_numbers_db [None req-2013ae6d-5a72-478f-aeb6-b45950127095 c225094d80044dc8a80beb0e3ad702a3 15330a2bc22443e18c01e86f7b272eae - - default default] Successfully bumped revision number for resource 99679e3a-e98f-4c8a-af0e-aa739adb1b1f (type: ports) to 1
2026-04-12 21:53:08.664 9 INFO neutron.api.wsgi [None req-2013ae6d-5a72-478f-aeb6-b45950127095 c225094d80044dc8a80beb0e3ad702a3 15330a2bc22443e18c01e86f7b272eae - - default default] 10.0.0.252 "POST /v2.0/ports HTTP/1.1" status: 201 len: 942 time: 0.3548052
2026-04-12 21:53:08.666 10 INFO neutron.api.wsgi [req-6a19a775-a559-49eb-b2fb-55eeccdff416 req-9ab47d51-0d34-4dfe-9609-f5509f50c299 81e922c92b4f4cb69e40077004cb5c39 4c245288e01344d2a42f7f9ee7b47fe0 - - default default] 10.0.0.69 "GET /v2.0/ports?device_id=c07a41ce-ffaa-4001-8d1d-1d47c99f21b9 HTTP/1.1" status: 200 len: 210 time: 0.0307651 /var/lib/openstack/lib/python3.12/site-packages/pycadf/identifier.py:71: UserWarning: Invalid uuid: neutron. To ensure interoperability, identifiers should be a valid uuid. warnings.warn(('Invalid uuid: %s. To ensure interoperability, '
2026-04-12 21:53:08.674 9 WARNING neutron_lib.context [None req-7b6ef593-9bfc-46f2-9e16-c0bf512db2b8 c225094d80044dc8a80beb0e3ad702a3 15330a2bc22443e18c01e86f7b272eae - - default default] Method 'is_advsvc' is deprecated since 2023.2 release (neutron-lib 3.8.0) and will be removed once support for the old RBAC API policies will be removed from Neutron. Please use method 'is_service_role' instead.
2026-04-12 21:53:08.847 9 INFO neutron.api.wsgi [None req-7b6ef593-9bfc-46f2-9e16-c0bf512db2b8 c225094d80044dc8a80beb0e3ad702a3 15330a2bc22443e18c01e86f7b272eae - - default default] 10.0.0.252 "POST /v2.0/trunks HTTP/1.1" status: 201 len: 608 time: 0.1778259
2026-04-12 21:53:08.860 10 WARNING neutron_lib.context [None req-1f1fc9b7-b84b-4160-9bde-da9a0395bd9f c225094d80044dc8a80beb0e3ad702a3 15330a2bc22443e18c01e86f7b272eae - - default default] Method 'is_advsvc' is deprecated since 2023.2 release (neutron-lib 3.8.0) and will be removed once support for the old RBAC API policies will be removed from Neutron. Please use method 'is_service_role' instead.
2026-04-12 21:53:08.948 10 INFO neutron.db.segments_db [None req-1f1fc9b7-b84b-4160-9bde-da9a0395bd9f c225094d80044dc8a80beb0e3ad702a3 15330a2bc22443e18c01e86f7b272eae - - default default] Added segment aac60685-c89c-43a5-be08-8fc4cbbe611a of type geneve for network 1e8dc95e-8db3-422e-a3d1-9a9ba67a9d16
2026-04-12 21:53:09.059 10 INFO neutron.db.ovn_revision_numbers_db [None req-1f1fc9b7-b84b-4160-9bde-da9a0395bd9f c225094d80044dc8a80beb0e3ad702a3 15330a2bc22443e18c01e86f7b272eae - - default default] Successfully bumped revision number for resource 1e8dc95e-8db3-422e-a3d1-9a9ba67a9d16 (type: networks) to 1
2026-04-12 21:53:09.202 10 WARNING neutron.scheduler.dhcp_agent_scheduler [None req-1f1fc9b7-b84b-4160-9bde-da9a0395bd9f c225094d80044dc8a80beb0e3ad702a3 15330a2bc22443e18c01e86f7b272eae - - default default] No more DHCP agents
2026-04-12 21:53:09.203 10 WARNING neutron.api.rpc.agentnotifiers.dhcp_rpc_agent_api [None req-1f1fc9b7-b84b-4160-9bde-da9a0395bd9f c225094d80044dc8a80beb0e3ad702a3 15330a2bc22443e18c01e86f7b272eae - - default default] Unable to schedule network 1e8dc95e-8db3-422e-a3d1-9a9ba67a9d16: no agents available; will retry on subsequent port and subnet creation events.
2026-04-12 21:53:09.255 10 INFO neutron.db.ovn_revision_numbers_db [None req-1f1fc9b7-b84b-4160-9bde-da9a0395bd9f c225094d80044dc8a80beb0e3ad702a3 15330a2bc22443e18c01e86f7b272eae - - default default] Successfully bumped revision number for resource c6e1daf0-6474-421f-bfc9-055bc65679f1 (type: ports) to 1
2026-04-12 21:53:09.274 10 INFO neutron.api.wsgi [None req-1f1fc9b7-b84b-4160-9bde-da9a0395bd9f c225094d80044dc8a80beb0e3ad702a3 15330a2bc22443e18c01e86f7b272eae - - default default] 10.0.0.252 "POST /v2.0/networks HTTP/1.1" status: 201 len: 830 time: 0.4195631
2026-04-12 21:53:09.288 10 WARNING neutron_lib.context [None req-9ecd1644-4ece-43fc-be25-c4cbdce20d42 c225094d80044dc8a80beb0e3ad702a3 15330a2bc22443e18c01e86f7b272eae - - default default] Method 'is_advsvc' is deprecated since 2023.2 release (neutron-lib 3.8.0) and will be removed once support for the old RBAC API policies will be removed from Neutron. Please use method 'is_service_role' instead.
2026-04-12 21:53:09.492 10 WARNING neutron.scheduler.dhcp_agent_scheduler [None req-9ecd1644-4ece-43fc-be25-c4cbdce20d42 c225094d80044dc8a80beb0e3ad702a3 15330a2bc22443e18c01e86f7b272eae - - default default] No more DHCP agents
2026-04-12 21:53:09.493 10 WARNING neutron.api.rpc.agentnotifiers.dhcp_rpc_agent_api [None req-9ecd1644-4ece-43fc-be25-c4cbdce20d42 c225094d80044dc8a80beb0e3ad702a3 15330a2bc22443e18c01e86f7b272eae - - default default] Unable to schedule network 1e8dc95e-8db3-422e-a3d1-9a9ba67a9d16: no agents available; will retry on subsequent port and subnet creation events.
2026-04-12 21:53:09.537 9 INFO neutron.api.wsgi [req-198f9ce2-9ad3-43b0-9183-2020e3f1c689 req-d8331f1f-f32b-4dee-aa5f-c1e6032dec0d 2dbb56ab876848e0bca76101dea3fad8 5cfda2ceb8fb498d9907d4357fc20923 - - default default] 10.0.0.69 "GET /v2.0/ports?device_id=e4e4c788-abee-4f68-af72-df58ff5cd516 HTTP/1.1" status: 200 len: 1208 time: 0.0694926 /var/lib/openstack/lib/python3.12/site-packages/pycadf/identifier.py:71: UserWarning: Invalid uuid: neutron. To ensure interoperability, identifiers should be a valid uuid. warnings.warn(('Invalid uuid: %s. To ensure interoperability, '
2026-04-12 21:53:09.562 10 INFO neutron.db.ovn_revision_numbers_db [None req-9ecd1644-4ece-43fc-be25-c4cbdce20d42 c225094d80044dc8a80beb0e3ad702a3 15330a2bc22443e18c01e86f7b272eae - - default default] Successfully bumped revision number for resource 27968952-4d35-47cd-869f-4acefab7729d (type: ports) to 1
2026-04-12 21:53:09.574 9 INFO neutron.api.wsgi [req-198f9ce2-9ad3-43b0-9183-2020e3f1c689 req-0cb5a35d-4fe6-49a1-8f4b-30d4d69f89eb 2dbb56ab876848e0bca76101dea3fad8 5cfda2ceb8fb498d9907d4357fc20923 - - default default] 10.0.0.69 "GET /v2.0/security-groups?id=d4c4b423-3770-4adf-ab86-aa37d9034e4b&id=c9e3d684-5eff-492e-b52b-8008e1567f6b&fields=id&fields=name HTTP/1.1" status: 200 len: 405 time: 0.0308151
2026-04-12 21:53:09.575 10 INFO neutron.api.wsgi [None req-ea36cf1a-ac60-4d00-abe0-5aa4bb0f91f4 637d2de6155145eeadcf20b5765e635b af87b112e2ba4a6f96170f1032e1027d - - default default] 10.0.0.252 "GET /v2.0/ports/6a2450a2-7ca8-48ac-82c3-adf8a7e84551 HTTP/1.1" status: 200 len: 1147 time: 0.0291862
2026-04-12 21:53:09.588 10 INFO neutron.api.wsgi [None req-9ecd1644-4ece-43fc-be25-c4cbdce20d42 c225094d80044dc8a80beb0e3ad702a3 15330a2bc22443e18c01e86f7b272eae - - default default] 10.0.0.252 "POST /v2.0/ports HTTP/1.1" status: 201 len: 942 time: 0.3043447
2026-04-12 21:53:09.596 10 WARNING neutron_lib.context [None req-f52b87ab-704a-4bd5-ad79-97e6d9da6ce8 c225094d80044dc8a80beb0e3ad702a3 15330a2bc22443e18c01e86f7b272eae - - default default] Method 'is_advsvc' is deprecated since 2023.2 release (neutron-lib 3.8.0) and will be removed once support for the old RBAC API policies will be removed from Neutron. Please use method 'is_service_role' instead.
2026-04-12 21:53:09.815 10 INFO neutron.api.wsgi [None req-f52b87ab-704a-4bd5-ad79-97e6d9da6ce8 c225094d80044dc8a80beb0e3ad702a3 15330a2bc22443e18c01e86f7b272eae - - default default] 10.0.0.252 "POST /v2.0/trunks HTTP/1.1" status: 201 len: 608 time: 0.2226412
2026-04-12 21:53:09.822 10 WARNING neutron_lib.context [None req-6dbf2528-730a-47e5-b755-e6aa632f2c45 c225094d80044dc8a80beb0e3ad702a3 15330a2bc22443e18c01e86f7b272eae - - default default] Method 'is_advsvc' is deprecated since 2023.2 release (neutron-lib 3.8.0) and will be removed once support for the old RBAC API policies will be removed from Neutron. Please use method 'is_service_role' instead.
2026-04-12 21:53:09.906 10 INFO neutron.db.segments_db [None req-6dbf2528-730a-47e5-b755-e6aa632f2c45 c225094d80044dc8a80beb0e3ad702a3 15330a2bc22443e18c01e86f7b272eae - - default default] Added segment b2ce5f6a-3495-43f6-8d1e-1e8a347d888c of type geneve for network c7750542-12c1-43e2-b031-3115d2887981
2026-04-12 21:53:10.026 10 INFO neutron.db.ovn_revision_numbers_db [None req-6dbf2528-730a-47e5-b755-e6aa632f2c45 c225094d80044dc8a80beb0e3ad702a3 15330a2bc22443e18c01e86f7b272eae - - default default] Successfully bumped revision number for resource c7750542-12c1-43e2-b031-3115d2887981 (type: networks) to 1
2026-04-12 21:53:10.182 10 WARNING neutron.scheduler.dhcp_agent_scheduler [None req-6dbf2528-730a-47e5-b755-e6aa632f2c45 c225094d80044dc8a80beb0e3ad702a3 15330a2bc22443e18c01e86f7b272eae - - default default] No more DHCP agents
2026-04-12 21:53:10.183 10 WARNING neutron.api.rpc.agentnotifiers.dhcp_rpc_agent_api [None req-6dbf2528-730a-47e5-b755-e6aa632f2c45 c225094d80044dc8a80beb0e3ad702a3 15330a2bc22443e18c01e86f7b272eae - - default default] Unable to schedule network c7750542-12c1-43e2-b031-3115d2887981: no agents available; will retry on subsequent port and subnet creation events.
2026-04-12 21:53:10.236 10 INFO neutron.db.ovn_revision_numbers_db [None req-6dbf2528-730a-47e5-b755-e6aa632f2c45 c225094d80044dc8a80beb0e3ad702a3 15330a2bc22443e18c01e86f7b272eae - - default default] Successfully bumped revision number for resource bf84eb69-3318-4ee1-bbc1-6ab290471317 (type: ports) to 1
2026-04-12 21:53:10.254 10 INFO neutron.api.wsgi [None req-6dbf2528-730a-47e5-b755-e6aa632f2c45 c225094d80044dc8a80beb0e3ad702a3 15330a2bc22443e18c01e86f7b272eae - - default default] 10.0.0.252 "POST /v2.0/networks HTTP/1.1" status: 201 len: 830 time: 0.4350874
2026-04-12 21:53:10.262 10 WARNING neutron_lib.context [None req-9b46bce6-aa4d-4aa3-b5e1-d900da6dee52 c225094d80044dc8a80beb0e3ad702a3 15330a2bc22443e18c01e86f7b272eae - - default default] Method 'is_advsvc' is deprecated since 2023.2 release (neutron-lib 3.8.0) and will be removed once support for the old RBAC API policies will be removed from Neutron. Please use method 'is_service_role' instead.
2026-04-12 21:53:10.663 9 INFO neutron.api.wsgi [None req-6e49e220-710d-419b-bc01-429c5372221f 637d2de6155145eeadcf20b5765e635b af87b112e2ba4a6f96170f1032e1027d - - default default] 10.0.0.252 "GET /v2.0/ports/6a2450a2-7ca8-48ac-82c3-adf8a7e84551 HTTP/1.1" status: 200 len: 1147 time: 0.0800507
2026-04-12 21:53:10.669 9 INFO neutron.api.wsgi [req-620e6cdc-d174-4f86-abea-abfaaf307d68 req-c2903db8-2c3d-4ccd-a7a5-367f3abdf5ce 2dbb56ab876848e0bca76101dea3fad8 5cfda2ceb8fb498d9907d4357fc20923 - - default default] 10.0.0.69 "GET /v2.0/ports?device_id=e4e4c788-abee-4f68-af72-df58ff5cd516 HTTP/1.1" status: 200 len: 1208 time: 0.0414319
2026-04-12 21:53:10.687 10 WARNING neutron.scheduler.dhcp_agent_scheduler [None req-9b46bce6-aa4d-4aa3-b5e1-d900da6dee52 c225094d80044dc8a80beb0e3ad702a3 15330a2bc22443e18c01e86f7b272eae - - default default] No more DHCP agents
2026-04-12 21:53:10.689 10 WARNING neutron.api.rpc.agentnotifiers.dhcp_rpc_agent_api [None req-9b46bce6-aa4d-4aa3-b5e1-d900da6dee52 c225094d80044dc8a80beb0e3ad702a3 15330a2bc22443e18c01e86f7b272eae - - default default] Unable to schedule network c7750542-12c1-43e2-b031-3115d2887981: no agents available; will retry on subsequent port and subnet creation events.
2026-04-12 21:53:10.708 9 INFO neutron.api.wsgi [req-620e6cdc-d174-4f86-abea-abfaaf307d68 req-e24d2818-fe96-4e24-b07f-20566640099a 2dbb56ab876848e0bca76101dea3fad8 5cfda2ceb8fb498d9907d4357fc20923 - - default default] 10.0.0.69 "GET /v2.0/security-groups?id=d4c4b423-3770-4adf-ab86-aa37d9034e4b&id=c9e3d684-5eff-492e-b52b-8008e1567f6b&fields=id&fields=name HTTP/1.1" status: 200 len: 405 time: 0.0328684
2026-04-12 21:53:10.746 10 INFO neutron.db.ovn_revision_numbers_db [None req-9b46bce6-aa4d-4aa3-b5e1-d900da6dee52 c225094d80044dc8a80beb0e3ad702a3 15330a2bc22443e18c01e86f7b272eae - - default default] Successfully bumped revision number for resource adad3bbc-57ff-4ed6-986a-870da1a851d9 (type: ports) to 1
2026-04-12 21:53:10.764 10 INFO neutron.api.wsgi [None req-9b46bce6-aa4d-4aa3-b5e1-d900da6dee52 c225094d80044dc8a80beb0e3ad702a3 15330a2bc22443e18c01e86f7b272eae - - default default] 10.0.0.252 "POST /v2.0/ports HTTP/1.1" status: 201 len: 942 time: 0.5052869 /var/lib/openstack/lib/python3.12/site-packages/pycadf/identifier.py:71: UserWarning: Invalid uuid: neutron. To ensure interoperability, identifiers should be a valid uuid. warnings.warn(('Invalid uuid: %s. To ensure interoperability, '
2026-04-12 21:53:10.773 10 WARNING neutron_lib.context [None req-9e0d4fa5-3643-4fd3-ae98-1682020b8cf9 c225094d80044dc8a80beb0e3ad702a3 15330a2bc22443e18c01e86f7b272eae - - default default] Method 'is_advsvc' is deprecated since 2023.2 release (neutron-lib 3.8.0) and will be removed once support for the old RBAC API policies will be removed from Neutron. Please use method 'is_service_role' instead.
2026-04-12 21:53:10.929 10 INFO neutron.api.wsgi [None req-9e0d4fa5-3643-4fd3-ae98-1682020b8cf9 c225094d80044dc8a80beb0e3ad702a3 15330a2bc22443e18c01e86f7b272eae - - default default] 10.0.0.252 "POST /v2.0/trunks HTTP/1.1" status: 201 len: 608 time: 0.1604559
2026-04-12 21:53:10.938 10 WARNING neutron_lib.context [None req-de073a93-38ac-475b-91c7-26f2029a0ca6 c225094d80044dc8a80beb0e3ad702a3 15330a2bc22443e18c01e86f7b272eae - - default default] Method 'is_advsvc' is deprecated since 2023.2 release (neutron-lib 3.8.0) and will be removed once support for the old RBAC API policies will be removed from Neutron. Please use method 'is_service_role' instead.
2026-04-12 21:53:11.020 10 INFO neutron.db.segments_db [None req-de073a93-38ac-475b-91c7-26f2029a0ca6 c225094d80044dc8a80beb0e3ad702a3 15330a2bc22443e18c01e86f7b272eae - - default default] Added segment aca50523-14dc-49f6-bca2-cc788c954305 of type geneve for network cc248da4-f88c-4944-bd76-7bffbe64832d
2026-04-12 21:53:11.123 10 INFO neutron.db.ovn_revision_numbers_db [None req-de073a93-38ac-475b-91c7-26f2029a0ca6 c225094d80044dc8a80beb0e3ad702a3 15330a2bc22443e18c01e86f7b272eae - - default default] Successfully bumped revision number for resource cc248da4-f88c-4944-bd76-7bffbe64832d (type: networks) to 1
2026-04-12 21:53:11.266 10 WARNING neutron.scheduler.dhcp_agent_scheduler [None req-de073a93-38ac-475b-91c7-26f2029a0ca6 c225094d80044dc8a80beb0e3ad702a3 15330a2bc22443e18c01e86f7b272eae - - default default] No more DHCP agents
2026-04-12 21:53:11.267 10 WARNING neutron.api.rpc.agentnotifiers.dhcp_rpc_agent_api [None req-de073a93-38ac-475b-91c7-26f2029a0ca6 c225094d80044dc8a80beb0e3ad702a3 15330a2bc22443e18c01e86f7b272eae - - default default] Unable to schedule network cc248da4-f88c-4944-bd76-7bffbe64832d: no agents available; will retry on subsequent port and subnet creation events.
2026-04-12 21:53:11.319 10 INFO neutron.db.ovn_revision_numbers_db [None req-de073a93-38ac-475b-91c7-26f2029a0ca6 c225094d80044dc8a80beb0e3ad702a3 15330a2bc22443e18c01e86f7b272eae - - default default] Successfully bumped revision number for resource e51d3f58-6140-4838-9352-d115bfeb8be4 (type: ports) to 1
2026-04-12 21:53:11.338 10 INFO neutron.api.wsgi [None req-de073a93-38ac-475b-91c7-26f2029a0ca6 c225094d80044dc8a80beb0e3ad702a3 15330a2bc22443e18c01e86f7b272eae - - default default] 10.0.0.252 "POST /v2.0/networks HTTP/1.1" status: 201 len: 831 time: 0.4039772
2026-04-12 21:53:11.347 10 WARNING neutron_lib.context [None req-86951b1c-8987-4f37-bfa1-b9a967c6eb9d c225094d80044dc8a80beb0e3ad702a3 15330a2bc22443e18c01e86f7b272eae - - default default] Method 'is_advsvc' is deprecated since 2023.2 release (neutron-lib 3.8.0) and will be removed once support for the old RBAC API policies will be removed from Neutron. Please use method 'is_service_role' instead.
2026-04-12 21:53:11.386 9 WARNING neutron.plugins.ml2.drivers.ovn.mech_driver.ovsdb.ovn_client [None req-bb4fcfbc-13c3-4a1e-8e97-b451571db826 - - - - - -] No hosting information found for port cf9692b0-8b91-472c-8c65-d4ea81217c95: RuntimeError: No hosting information found for port cf9692b0-8b91-472c-8c65-d4ea81217c95
2026-04-12 21:53:11.475 9 INFO neutron.db.ovn_revision_numbers_db [None req-bb4fcfbc-13c3-4a1e-8e97-b451571db826 - - - - - -] Successfully bumped revision number for resource cf9692b0-8b91-472c-8c65-d4ea81217c95 (type: router_ports) to 2
2026-04-12 21:53:11.520 9 INFO neutron.plugins.ml2.drivers.ovn.mech_driver.mech_driver [None req-bb4fcfbc-13c3-4a1e-8e97-b451571db826 - - - - - -] OVN reports status up for port: 6a2450a2-7ca8-48ac-82c3-adf8a7e84551
2026-04-12 21:53:11.526 9 INFO neutron.plugins.ml2.plugin [None req-bb4fcfbc-13c3-4a1e-8e97-b451571db826 - - - - - -] Attempt 1 to provision port 6a2450a2-7ca8-48ac-82c3-adf8a7e84551
2026-04-12 21:53:11.561 10 WARNING neutron.scheduler.dhcp_agent_scheduler [None req-86951b1c-8987-4f37-bfa1-b9a967c6eb9d c225094d80044dc8a80beb0e3ad702a3 15330a2bc22443e18c01e86f7b272eae - - default default] No more DHCP agents
2026-04-12 21:53:11.562 10 WARNING neutron.api.rpc.agentnotifiers.dhcp_rpc_agent_api [None req-86951b1c-8987-4f37-bfa1-b9a967c6eb9d c225094d80044dc8a80beb0e3ad702a3 15330a2bc22443e18c01e86f7b272eae - - default default] Unable to schedule network cc248da4-f88c-4944-bd76-7bffbe64832d: no agents available; will retry on subsequent port and subnet creation events.
2026-04-12 21:53:11.613 10 INFO neutron.db.ovn_revision_numbers_db [None req-86951b1c-8987-4f37-bfa1-b9a967c6eb9d c225094d80044dc8a80beb0e3ad702a3 15330a2bc22443e18c01e86f7b272eae - - default default] Successfully bumped revision number for resource f7467593-9693-4954-a2f3-02033cf6f0c0 (type: ports) to 1
2026-04-12 21:53:11.631 10 INFO neutron.api.wsgi [None req-86951b1c-8987-4f37-bfa1-b9a967c6eb9d c225094d80044dc8a80beb0e3ad702a3 15330a2bc22443e18c01e86f7b272eae - - default default] 10.0.0.252 "POST /v2.0/ports HTTP/1.1" status: 201 len: 942 time: 0.2885036 /var/lib/openstack/lib/python3.12/site-packages/pycadf/identifier.py:71: UserWarning: Invalid uuid: neutron. To ensure interoperability, identifiers should be a valid uuid. warnings.warn(('Invalid uuid: %s. To ensure interoperability, '
2026-04-12 21:53:11.640 10 WARNING neutron_lib.context [None req-c9f5f348-718c-4b37-951e-e66802ac250f c225094d80044dc8a80beb0e3ad702a3 15330a2bc22443e18c01e86f7b272eae - - default default] Method 'is_advsvc' is deprecated since 2023.2 release (neutron-lib 3.8.0) and will be removed once support for the old RBAC API policies will be removed from Neutron. Please use method 'is_service_role' instead.
2026-04-12 21:53:11.711 10 INFO neutron.api.wsgi [None req-497f7b33-33e4-4796-b2f4-9fd6b559be5f 637d2de6155145eeadcf20b5765e635b af87b112e2ba4a6f96170f1032e1027d - - default default] 10.0.0.252 "GET /v2.0/ports/6a2450a2-7ca8-48ac-82c3-adf8a7e84551 HTTP/1.1" status: 200 len: 1149 time: 0.0402501
2026-04-12 21:53:11.831 10 INFO neutron.api.wsgi [None req-c9f5f348-718c-4b37-951e-e66802ac250f c225094d80044dc8a80beb0e3ad702a3 15330a2bc22443e18c01e86f7b272eae - - default default] 10.0.0.252 "POST /v2.0/trunks HTTP/1.1" status: 201 len: 608 time: 0.1953201
2026-04-12 21:53:11.840 10 INFO neutron.api.wsgi [req-4e23f507-9823-493d-bcf3-c1664c3a1f0b req-925e15de-2c81-4cf0-83e1-5c12943914e6 2dbb56ab876848e0bca76101dea3fad8 5cfda2ceb8fb498d9907d4357fc20923 - - default default] 10.0.0.69 "GET /v2.0/ports?device_id=e4e4c788-abee-4f68-af72-df58ff5cd516 HTTP/1.1" status: 200 len: 1208 time: 0.0701177
2026-04-12 21:53:11.883 10 INFO neutron.api.wsgi [req-4e23f507-9823-493d-bcf3-c1664c3a1f0b req-14394146-16fa-4f5f-ac60-1672313c882f 2dbb56ab876848e0bca76101dea3fad8 5cfda2ceb8fb498d9907d4357fc20923 - - default default] 10.0.0.69 "GET /v2.0/security-groups?id=d4c4b423-3770-4adf-ab86-aa37d9034e4b&id=c9e3d684-5eff-492e-b52b-8008e1567f6b&fields=id&fields=name HTTP/1.1" status: 200 len: 405 time: 0.0369425
2026-04-12 21:53:12.085 9 INFO neutron.api.wsgi [None req-b60145d5-65e1-4a1d-a872-0fe91f8c41d6 c225094d80044dc8a80beb0e3ad702a3 15330a2bc22443e18c01e86f7b272eae - - default default] 10.0.0.252 "PUT /v2.0/trunks/b39c79af-0b64-487a-8487-b2bf5832499f/tags HTTP/1.1" status: 200 len: 210 time: 0.2446389
2026-04-12 21:53:12.117 10 INFO neutron.api.wsgi [None req-fa142907-82b5-41d9-8431-9e82991a50d4 c225094d80044dc8a80beb0e3ad702a3 15330a2bc22443e18c01e86f7b272eae - - default default] 10.0.0.252 "PUT /v2.0/trunks/a06e7040-4ff1-47c3-a131-8f792a87d8ef/tags HTTP/1.1" status: 200 len: 218 time: 0.0260262
2026-04-12 21:53:12.149 10 INFO neutron.api.wsgi [None req-9c100805-d623-4b8f-808e-40ad8f712632 c225094d80044dc8a80beb0e3ad702a3 15330a2bc22443e18c01e86f7b272eae - - default default] 10.0.0.252 "PUT /v2.0/trunks/0add13c7-5000-4b72-8106-7075130747a2/tags HTTP/1.1" status: 200 len: 227 time: 0.0255740
2026-04-12 21:53:12.173 10 INFO neutron.api.wsgi [None req-6bf62843-90e9-42af-ad09-f0a5a5984707 c225094d80044dc8a80beb0e3ad702a3 15330a2bc22443e18c01e86f7b272eae - - default default] 10.0.0.252 "PUT /v2.0/trunks/06a2f84a-3692-431f-9bd7-12b980a49b35/tags HTTP/1.1" status: 200 len: 212 time: 0.0199203
2026-04-12 21:53:12.194 10 INFO neutron.api.wsgi [None req-5a75f025-6b33-465d-a882-6331ea72dd3b c225094d80044dc8a80beb0e3ad702a3 15330a2bc22443e18c01e86f7b272eae - - default default] 10.0.0.252 "GET /v2.0/trunks?tags=red HTTP/1.1" status: 200 len: 1447 time: 0.0152655
2026-04-12 21:53:12.201 9 INFO neutron.db.ovn_revision_numbers_db [None req-bb4fcfbc-13c3-4a1e-8e97-b451571db826 - - - - - -] Successfully bumped revision number for resource 6a2450a2-7ca8-48ac-82c3-adf8a7e84551 (type: ports) to 2
2026-04-12 21:53:12.215 10 INFO neutron.api.wsgi [None req-81fbb400-a0cd-428f-a4b8-61526056abdf c225094d80044dc8a80beb0e3ad702a3 15330a2bc22443e18c01e86f7b272eae - - default default] 10.0.0.252 "GET /v2.0/trunks?tags=red%2Cblue HTTP/1.1" status: 200 len: 1041 time: 0.0174022
2026-04-12 21:53:12.233 10 INFO neutron.api.wsgi [None req-800cdb18-d321-4f3e-bcda-26a0e8cfbc55 c225094d80044dc8a80beb0e3ad702a3 15330a2bc22443e18c01e86f7b272eae - - default default] 10.0.0.252 "GET /v2.0/trunks?tags-any=blue HTTP/1.1" status: 200 len: 1041 time: 0.0135846
2026-04-12 21:53:12.253 10 INFO neutron.api.wsgi [None req-8b5136b0-880e-4a9f-8420-7f51b4916be4 c225094d80044dc8a80beb0e3ad702a3 15330a2bc22443e18c01e86f7b272eae - - default default] 10.0.0.252 "GET /v2.0/trunks?tags-any=red%2Cblue HTTP/1.1" status: 200 len: 1447 time: 0.0158706
2026-04-12 21:53:12.273 10 INFO neutron.api.wsgi [None req-436b4737-042f-4214-8895-40e93769d15a c225094d80044dc8a80beb0e3ad702a3 15330a2bc22443e18c01e86f7b272eae - - default default] 10.0.0.252 "GET /v2.0/trunks?not-tags=red HTTP/1.1" status: 200 len: 1013 time: 0.0152769
2026-04-12 21:53:12.292 10 INFO neutron.api.wsgi [None req-14485d03-c030-4da4-9211-db675933cb79 c225094d80044dc8a80beb0e3ad702a3 15330a2bc22443e18c01e86f7b272eae - - default default] 10.0.0.252 "GET /v2.0/trunks?not-tags=red%2Cblue HTTP/1.1" status: 200 len: 1419 time: 0.0155549
2026-04-12 21:53:12.311 9 INFO neutron.api.wsgi [None req-f720a2d2-26e9-478e-84bf-76c0712eefb5 a567ec0a27104407b95cbb39e5809502 8a4ca2cca7574d2289ce86cc5ffab9bc - - default default] 10.0.0.252 "PUT /v2.0/routers/c2c37e3c-488a-4576-bca3-68673b2af151/remove_router_interface HTTP/1.1" status: 200 len: 503 time: 1.4269114
2026-04-12 21:53:12.319 10 INFO neutron.api.wsgi [None req-ae6ff350-4084-4296-98a3-3725e25b330b c225094d80044dc8a80beb0e3ad702a3 15330a2bc22443e18c01e86f7b272eae - - default default] 10.0.0.252 "GET /v2.0/trunks?not-tags-any=blue HTTP/1.1" status: 200 len: 1419 time: 0.0217741 /var/lib/openstack/lib/python3.12/site-packages/pycadf/identifier.py:71: UserWarning: Invalid uuid: neutron. To ensure interoperability, identifiers should be a valid uuid. warnings.warn(('Invalid uuid: %s. To ensure interoperability, '
2026-04-12 21:53:12.339 10 INFO neutron.api.wsgi [None req-edd61836-986d-4575-8f91-d86c13e9dcbc c225094d80044dc8a80beb0e3ad702a3 15330a2bc22443e18c01e86f7b272eae - - default default] 10.0.0.252 "GET /v2.0/trunks?not-tags-any=red%2Cblue HTTP/1.1" status: 200 len: 1013 time: 0.0141954
2026-04-12 21:53:12.354 10 INFO neutron.api.wsgi [None req-0b0041e3-0ad1-4783-8c97-35a94a8c1d33 c225094d80044dc8a80beb0e3ad702a3 15330a2bc22443e18c01e86f7b272eae - - default default] 10.0.0.252 "GET /v2.0/trunks/b39c79af-0b64-487a-8487-b2bf5832499f HTTP/1.1" status: 200 len: 608 time: 0.0083110
2026-04-12 21:53:12.431 10 INFO neutron.api.wsgi [None req-b38c0f59-5004-4244-bec7-8f1fa1c6146d c225094d80044dc8a80beb0e3ad702a3 15330a2bc22443e18c01e86f7b272eae - - default default] 10.0.0.252 "GET /v2.0/ports/6705ebee-d212-44e7-8246-424fbf62187d HTTP/1.1" status: 200 len: 1020 time: 0.0743833
2026-04-12 21:53:12.499 10 INFO neutron.api.wsgi [None req-eb6c333c-1ee0-4b2a-84a3-fad222755ad9 c225094d80044dc8a80beb0e3ad702a3 15330a2bc22443e18c01e86f7b272eae - - default default] 10.0.0.252 "DELETE /v2.0/trunks/b39c79af-0b64-487a-8487-b2bf5832499f HTTP/1.1" status: 204 len: 168 time: 0.0629869
2026-04-12 21:53:12.522 10 INFO neutron.api.wsgi [None req-0a763061-ed2c-4d40-be1d-cb5ca7aca522 c225094d80044dc8a80beb0e3ad702a3 15330a2bc22443e18c01e86f7b272eae - - default default] 10.0.0.252 "GET /v2.0/trunks/a06e7040-4ff1-47c3-a131-8f792a87d8ef HTTP/1.1" status: 200 len: 616 time: 0.0144954
2026-04-12 21:53:12.588 10 INFO neutron.api.wsgi [None req-56335989-5949-4b52-a562-09d5a397db90 c225094d80044dc8a80beb0e3ad702a3 15330a2bc22443e18c01e86f7b272eae - - default default] 10.0.0.252 "GET /v2.0/ports/99679e3a-e98f-4c8a-af0e-aa739adb1b1f HTTP/1.1" status: 200 len: 1020 time: 0.0645094
2026-04-12 21:53:12.648 10 INFO neutron.api.wsgi [None req-5be5dcf0-b42e-4f24-935e-1043ddb768a1 c225094d80044dc8a80beb0e3ad702a3 15330a2bc22443e18c01e86f7b272eae - - default default] 10.0.0.252 "DELETE /v2.0/trunks/a06e7040-4ff1-47c3-a131-8f792a87d8ef HTTP/1.1" status: 204 len: 168 time: 0.0553973
2026-04-12 21:53:12.666 9 INFO neutron.api.wsgi [None req-4f65832d-940b-4235-90b0-63ffd0b40c2a 637d2de6155145eeadcf20b5765e635b af87b112e2ba4a6f96170f1032e1027d - - default default] 10.0.0.252 "PUT /v2.0/routers/4ff3e538-2eaa-40b4-83cf-3b6620d3d795/remove_router_interface HTTP/1.1" status: 200 len: 503 time: 0.9493906
2026-04-12 21:53:12.667 10 INFO neutron.api.wsgi [None req-ffdb800e-5c16-4ec5-a83b-e5a2f3d85331 c225094d80044dc8a80beb0e3ad702a3 15330a2bc22443e18c01e86f7b272eae - - default default] 10.0.0.252 "GET /v2.0/trunks/0add13c7-5000-4b72-8106-7075130747a2 HTTP/1.1" status: 200 len: 625 time: 0.0143237 /var/lib/openstack/lib/python3.12/site-packages/pycadf/identifier.py:71: UserWarning: Invalid uuid: neutron. To ensure interoperability, identifiers should be a valid uuid. warnings.warn(('Invalid uuid: %s. To ensure interoperability, '
2026-04-12 21:53:12.731 10 INFO neutron.api.wsgi [None req-670eb296-368b-4e47-b17b-b041d956462d 637d2de6155145eeadcf20b5765e635b af87b112e2ba4a6f96170f1032e1027d - - default default] 10.0.0.252 "GET /v2.0/ports/cf9692b0-8b91-472c-8c65-d4ea81217c95 HTTP/1.1" status: 200 len: 1141 time: 0.0615621
2026-04-12 21:53:12.761 9 INFO neutron.api.wsgi [None req-dec7157d-08d1-4c5c-aba6-dcc5a0ff6b62 c225094d80044dc8a80beb0e3ad702a3 15330a2bc22443e18c01e86f7b272eae - - default default] 10.0.0.252 "GET /v2.0/ports/27968952-4d35-47cd-869f-4acefab7729d HTTP/1.1" status: 200 len: 1020 time: 0.0897794
2026-04-12 21:53:12.832 10 INFO neutron.api.wsgi [None req-6d2adc00-3016-4224-93e8-84938134d579 c225094d80044dc8a80beb0e3ad702a3 15330a2bc22443e18c01e86f7b272eae - - default default] 10.0.0.252 "DELETE /v2.0/trunks/0add13c7-5000-4b72-8106-7075130747a2 HTTP/1.1" status: 204 len: 168 time: 0.0657756
2026-04-12 21:53:12.847 10 INFO neutron.api.wsgi [None req-50226828-c3b2-41a3-91ff-5dbd4cc6258f c225094d80044dc8a80beb0e3ad702a3 15330a2bc22443e18c01e86f7b272eae - - default default] 10.0.0.252 "GET /v2.0/trunks/06a2f84a-3692-431f-9bd7-12b980a49b35 HTTP/1.1" status: 200 len: 610 time: 0.0114317
2026-04-12 21:53:12.924 9 INFO neutron.api.wsgi [None req-ec8fbd7f-b54d-4373-baf7-230d65f0518e c225094d80044dc8a80beb0e3ad702a3 15330a2bc22443e18c01e86f7b272eae - - default default] 10.0.0.252 "GET /v2.0/ports/adad3bbc-57ff-4ed6-986a-870da1a851d9 HTTP/1.1" status: 200 len: 1020 time: 0.0733674
2026-04-12 21:53:12.981 9 INFO neutron.api.wsgi [req-aad838da-9aed-4555-ab9b-4ba5618855ea req-b39c42d7-968a-461e-be5e-1b4bdea7742c 2dbb56ab876848e0bca76101dea3fad8 5cfda2ceb8fb498d9907d4357fc20923 - - default default] 10.0.0.69 "GET /v2.0/ports?device_id=e4e4c788-abee-4f68-af72-df58ff5cd516 HTTP/1.1" status: 200 len: 1208 time: 0.0406008
2026-04-12 21:53:13.004 10 INFO neutron.api.wsgi [None req-85c56f0b-1684-4b4d-bbda-e58d0621695b c225094d80044dc8a80beb0e3ad702a3 15330a2bc22443e18c01e86f7b272eae - - default default] 10.0.0.252 "DELETE /v2.0/trunks/06a2f84a-3692-431f-9bd7-12b980a49b35 HTTP/1.1" status: 204 len: 168 time: 0.0753305
2026-04-12 21:53:13.024 10 INFO neutron.api.wsgi [None req-5f07f607-5d4a-4e72-bff7-a23b3f67dc58 c225094d80044dc8a80beb0e3ad702a3 15330a2bc22443e18c01e86f7b272eae - - default default] 10.0.0.252 "GET /v2.0/trunks/83f65359-e24c-477b-aeec-7e28cc327f15 HTTP/1.1" status: 200 len: 603 time: 0.0144579
