2026-04-12 21:54:25.955 9 INFO neutron.db.ovn_revision_numbers_db [None req-d8b20925-a623-4c05-a2ac-6811aacc34e9 - - - - - -] Successfully bumped revision number for resource 8fc3bf56-cd6d-4363-bace-94b111737c17 (type: ports) to 2
2026-04-12 21:54:25.987 9 INFO neutron.db.ovn_revision_numbers_db [None req-d8b20925-a623-4c05-a2ac-6811aacc34e9 - - - - - -] Successfully bumped revision number for resource e2ae6fdd-fd3a-4e1d-983f-16f964221d90 (type: subnets) to 0
2026-04-12 21:54:26.003 9 INFO neutron.api.wsgi [None req-0b7e79e4-4f82-452b-ae8a-2fc31274fd7e aca4bc6977144feea7c338cbc1a76993 fa5fca9bcb874479a241c69da7d93ce8 - - default default] 10.0.0.252 "POST /v2.0/subnets HTTP/1.1" status: 201 len: 828 time: 0.6173055
2026-04-12 21:54:26.061 10 WARNING neutron.scheduler.dhcp_agent_scheduler [None req-94a3c84a-3c9e-4bcf-a03a-5aa9d1e1b918 - - - - - -] No more DHCP agents
2026-04-12 21:54:26.062 10 WARNING neutron.api.rpc.agentnotifiers.dhcp_rpc_agent_api [None req-94a3c84a-3c9e-4bcf-a03a-5aa9d1e1b918 - - - - - -] Unable to schedule network f558f802-75a6-45d3-af89-81b5818408f0: no agents available; will retry on subsequent port and subnet creation events.
2026-04-12 21:54:26.065 10 INFO neutron.api.wsgi [None req-c4fdf881-452f-4412-8cf5-c3215eb19dfd aca4bc6977144feea7c338cbc1a76993 fa5fca9bcb874479a241c69da7d93ce8 - - default default] 10.0.0.252 "PUT /v2.0/subnets/0bff7144-1cba-4c6a-94e3-61e7dd173b5f/tags HTTP/1.1" status: 200 len: 210 time: 0.0574257
2026-04-12 21:54:26.117 9 INFO neutron.api.wsgi [None req-2d3776e2-2e21-45a7-bd26-debd9e51318c aca4bc6977144feea7c338cbc1a76993 fa5fca9bcb874479a241c69da7d93ce8 - - default default] 10.0.0.252 "PUT /v2.0/subnets/2f40d3f5-04ff-4fca-bb0c-d7a19225e3be/tags HTTP/1.1" status: 200 len: 218 time: 0.0461564
2026-04-12 21:54:26.167 10 INFO neutron.api.wsgi [None req-60b5b39d-f503-4bb1-91fe-e74b98034b36 aca4bc6977144feea7c338cbc1a76993 fa5fca9bcb874479a241c69da7d93ce8 - - default default] 10.0.0.252 "PUT /v2.0/subnets/3b0e41bc-302a-477f-ac84-f034c4361dcc/tags HTTP/1.1" status: 200 len: 227 time: 0.0440440
2026-04-12 21:54:26.183 10 INFO neutron.db.ovn_revision_numbers_db [None req-94a3c84a-3c9e-4bcf-a03a-5aa9d1e1b918 - - - - - -] Successfully bumped revision number for resource 0db20b2d-9b95-4239-b945-d335000a79b2 (type: ports) to 1
2026-04-12 21:54:26.206 10 INFO neutron.api.wsgi [None req-933eabf1-dd46-49f4-9c38-15b519c154c3 aca4bc6977144feea7c338cbc1a76993 fa5fca9bcb874479a241c69da7d93ce8 - - default default] 10.0.0.252 "PUT /v2.0/subnets/b5d076ba-18cc-4108-a539-14da56a7e6f5/tags HTTP/1.1" status: 200 len: 212 time: 0.0343814
2026-04-12 21:54:26.261 10 INFO neutron.api.wsgi [None req-034dce1e-2788-4fbd-97ec-ae9cb533925d aca4bc6977144feea7c338cbc1a76993 fa5fca9bcb874479a241c69da7d93ce8 - - default default] 10.0.0.252 "GET /v2.0/subnets?tags=red HTTP/1.1" status: 200 len: 2099 time: 0.0499620
2026-04-12 21:54:26.304 9 INFO neutron.api.wsgi [None req-52497411-67b5-4efb-b588-95c196043b6e aca4bc6977144feea7c338cbc1a76993 fa5fca9bcb874479a241c69da7d93ce8 - - default default] 10.0.0.252 "GET /v2.0/subnets?tags=red%2Cblue HTTP/1.1" status: 200 len: 1478 time: 0.0364983
2026-04-12 21:54:26.342 10 INFO neutron.api.wsgi [None req-af283ad2-7ad1-480f-b502-0c11de66a907 aca4bc6977144feea7c338cbc1a76993 fa5fca9bcb874479a241c69da7d93ce8 - - default default] 10.0.0.252 "GET /v2.0/subnets?tags-any=blue HTTP/1.1" status: 200 len: 1478 time: 0.0332546
2026-04-12 21:54:26.387 9 INFO neutron.api.wsgi [None req-af62ed79-d667-4849-a304-bfa65113c26f aca4bc6977144feea7c338cbc1a76993 fa5fca9bcb874479a241c69da7d93ce8 - - default default] 10.0.0.252 "GET /v2.0/subnets?tags-any=red%2Cblue HTTP/1.1" status: 200 len: 2099 time: 0.0382178
2026-04-12 21:54:26.410 9 INFO neutron.api.wsgi [req-7d14931b-9634-43bb-89f7-c3b4cd05ad8b req-d7d78461-2efa-4fe3-ac12-f2099aada73a a5fb04122c904f00a9745caa5d5f067e 4c0663b709e047fcaea8fa4606123d17 - - default default] 10.0.0.69 "GET /v2.0/ports?device_id=f0eb7a28-4aba-443f-91af-9c3a4b3b7bc0 HTTP/1.1" status: 200 len: 1168 time: 0.0224071
2026-04-12 21:54:26.430 10 INFO neutron.api.wsgi [None req-4d0a4fc6-d9cb-4d59-ba33-bc567b76b01d aca4bc6977144feea7c338cbc1a76993 fa5fca9bcb874479a241c69da7d93ce8 - - default default] 10.0.0.252 "GET /v2.0/subnets?not-tags=red HTTP/1.1" status: 200 len: 2089 time: 0.0379162
2026-04-12 21:54:26.462 9 INFO neutron.api.wsgi [req-7d14931b-9634-43bb-89f7-c3b4cd05ad8b req-b9e4a5ab-f9ef-4ac9-b5f2-e48a04b8762d a5fb04122c904f00a9745caa5d5f067e 4c0663b709e047fcaea8fa4606123d17 - - default default] 10.0.0.69 "GET /v2.0/security-groups?id=b640054f-15c0-4a09-a5e8-0fbaa0b86324&fields=id&fields=name HTTP/1.1" status: 200 len: 312 time: 0.0448909
2026-04-12 21:54:26.474 9 INFO neutron.api.wsgi [None req-f6cf202a-287f-4ee3-bf5f-b1d9d2dc7bc4 aca4bc6977144feea7c338cbc1a76993 fa5fca9bcb874479a241c69da7d93ce8 - - default default] 10.0.0.252 "GET /v2.0/subnets?not-tags=red%2Cblue HTTP/1.1" status: 200 len: 2710 time: 0.0382814
2026-04-12 21:54:26.513 9 INFO neutron.api.wsgi [None req-1d39e01b-832f-4d2d-950b-981ffe6a7640 aca4bc6977144feea7c338cbc1a76993 fa5fca9bcb874479a241c69da7d93ce8 - - default default] 10.0.0.252 "GET /v2.0/subnets?not-tags-any=blue HTTP/1.1" status: 200 len: 2710 time: 0.0342991
2026-04-12 21:54:26.544 9 INFO neutron.api.wsgi [None req-75554e3e-a1ca-4d52-a9e2-82d120f66ec1 aca4bc6977144feea7c338cbc1a76993 fa5fca9bcb874479a241c69da7d93ce8 - - default default] 10.0.0.252 "GET /v2.0/subnets?not-tags-any=red%2Cblue HTTP/1.1" status: 200 len: 2089 time: 0.0265484
2026-04-12 21:54:26.711 9 INFO neutron.api.wsgi [None req-40850b39-16e6-4c0d-ab03-01e051f29cde aca4bc6977144feea7c338cbc1a76993 fa5fca9bcb874479a241c69da7d93ce8 - - default default] 10.0.0.252 "DELETE /v2.0/subnets/0bff7144-1cba-4c6a-94e3-61e7dd173b5f HTTP/1.1" status: 204 len: 168 time: 0.1605477
2026-04-12 21:54:26.870 9 INFO neutron.api.wsgi [None req-67d09bc7-bc8a-4997-9781-7205f4f8361e aca4bc6977144feea7c338cbc1a76993 fa5fca9bcb874479a241c69da7d93ce8 - - default default] 10.0.0.252 "DELETE /v2.0/subnets/2f40d3f5-04ff-4fca-bb0c-d7a19225e3be HTTP/1.1" status: 204 len: 168 time: 0.1540563
2026-04-12 21:54:27.012 9 INFO neutron.api.wsgi [None req-ac3127f5-0879-474c-8cd7-3d37e6fd474c aca4bc6977144feea7c338cbc1a76993 fa5fca9bcb874479a241c69da7d93ce8 - - default default] 10.0.0.252 "DELETE /v2.0/subnets/3b0e41bc-302a-477f-ac84-f034c4361dcc HTTP/1.1" status: 204 len: 168 time: 0.1365156
2026-04-12 21:54:27.109 10 INFO neutron.plugins.ml2.drivers.ovn.mech_driver.mech_driver [None req-a8ffca0b-a630-42c5-ac05-1319aa7e0f78 - - - - - -] OVN reports status up for port: 0db20b2d-9b95-4239-b945-d335000a79b2
2026-04-12 21:54:27.117 10 INFO neutron.plugins.ml2.plugin [None req-a8ffca0b-a630-42c5-ac05-1319aa7e0f78 - - - - - -] Attempt 1 to provision port 0db20b2d-9b95-4239-b945-d335000a79b2
2026-04-12 21:54:27.128 10 INFO neutron.db.ovn_revision_numbers_db [None req-94a3c84a-3c9e-4bcf-a03a-5aa9d1e1b918 - - - - - -] Successfully bumped revision number for resource 0db20b2d-9b95-4239-b945-d335000a79b2 (type: ports) to 1
2026-04-12 21:54:27.173 9 INFO neutron.api.wsgi [None req-92ddeb5b-76cf-4ce7-ade9-f727959039a6 aca4bc6977144feea7c338cbc1a76993 fa5fca9bcb874479a241c69da7d93ce8 - - default default] 10.0.0.252 "DELETE /v2.0/subnets/b5d076ba-18cc-4108-a539-14da56a7e6f5 HTTP/1.1" status: 204 len: 168 time: 0.1562486
2026-04-12 21:54:27.179 10 WARNING neutron.scheduler.dhcp_agent_scheduler [None req-94a3c84a-3c9e-4bcf-a03a-5aa9d1e1b918 - - - - - -] No more DHCP agents
2026-04-12 21:54:27.180 10 WARNING neutron.api.rpc.agentnotifiers.dhcp_rpc_agent_api [None req-94a3c84a-3c9e-4bcf-a03a-5aa9d1e1b918 - - - - - -] Unable to schedule network f558f802-75a6-45d3-af89-81b5818408f0: no agents available; will retry on subsequent port and subnet creation events.
2026-04-12 21:54:27.314 9 INFO neutron.api.wsgi [None req-d54182d1-86d8-4c7d-898c-df127ca32d08 aca4bc6977144feea7c338cbc1a76993 fa5fca9bcb874479a241c69da7d93ce8 - - default default] 10.0.0.252 "DELETE /v2.0/subnets/e2ae6fdd-fd3a-4e1d-983f-16f964221d90 HTTP/1.1" status: 204 len: 168 time: 0.1363657
2026-04-12 21:54:27.438 10 INFO neutron.db.ovn_revision_numbers_db [None req-a8ffca0b-a630-42c5-ac05-1319aa7e0f78 - - - - - -] Successfully bumped revision number for resource 0db20b2d-9b95-4239-b945-d335000a79b2 (type: ports) to 2
2026-04-12 21:54:27.582 10 INFO neutron.api.wsgi [req-63439b45-4c07-4a60-a967-402f4b20d645 req-b7a3a3e0-19ab-4f93-a243-1fae326eb78c a5fb04122c904f00a9745caa5d5f067e 4c0663b709e047fcaea8fa4606123d17 - - default default] 10.0.0.69 "GET /v2.0/ports?device_id=f0eb7a28-4aba-443f-91af-9c3a4b3b7bc0 HTTP/1.1" status: 200 len: 1168 time: 0.0533204
2026-04-12 21:54:27.606 9 INFO neutron.services.segments.plugin [-] Segment 1496dc29-7b08-4219-98b9-6780b910d431 resource provider aggregate not found
2026-04-12 21:54:27.613 9 INFO neutron.services.segments.plugin [-] Segment 1496dc29-7b08-4219-98b9-6780b910d431 resource provider aggregate not found
2026-04-12 21:54:27.623 9 INFO neutron.services.segments.plugin [-] Segment 1496dc29-7b08-4219-98b9-6780b910d431 resource provider not found; error: Placement Client Error (4xx): {"errors": [{"status": 404, "title": "Not Found", "detail": "The resource could not be found.\n\n No resource provider with uuid 1496dc29-7b08-4219-98b9-6780b910d431 found for delete ", "request_id": "req-f8b90bfe-5c6d-433a-8f4e-e538c9be388f"}]}
2026-04-12 21:54:27.631 9 INFO neutron.services.segments.plugin [-] Segment 1496dc29-7b08-4219-98b9-6780b910d431 resource provider not found; error: Placement Client Error (4xx): {"errors": [{"status": 404, "title": "Not Found", "detail": "The resource could not be found.\n\n No resource provider with uuid 1496dc29-7b08-4219-98b9-6780b910d431 found for delete ", "request_id": "req-4a4d8754-82c0-4258-a57e-bafab6462651"}]}
2026-04-12 21:54:27.632 10 INFO neutron.api.wsgi [req-63439b45-4c07-4a60-a967-402f4b20d645 req-e6b7dc8b-ad3e-4bf7-a33b-a0294fe10dd3 a5fb04122c904f00a9745caa5d5f067e 4c0663b709e047fcaea8fa4606123d17 - - default default] 10.0.0.69 "GET /v2.0/security-groups?id=b640054f-15c0-4a09-a5e8-0fbaa0b86324&fields=id&fields=name HTTP/1.1" status: 200 len: 312 time: 0.0419967
2026-04-12 21:54:27.649 9 INFO neutron.api.wsgi [None req-d7622809-8dd4-493c-aa65-f55df16ca553 aca4bc6977144feea7c338cbc1a76993 fa5fca9bcb874479a241c69da7d93ce8 - - default default] 10.0.0.252 "DELETE /v2.0/networks/f2c57582-c80c-4523-8b12-c2df80e84767 HTTP/1.1" status: 204 len: 168 time: 0.3305972
2026-04-12 21:54:27.821 10 INFO neutron.db.ovn_revision_numbers_db [None req-94a3c84a-3c9e-4bcf-a03a-5aa9d1e1b918 - - - - - -] Successfully bumped revision number for resource 0db20b2d-9b95-4239-b945-d335000a79b2 (type: router_ports) to 1
2026-04-12 21:54:27.960 9 INFO neutron.api.wsgi [None req-ec671f70-c5e0-40ca-b9f7-cd2a0ff2e6e2 aca4bc6977144feea7c338cbc1a76993 fa5fca9bcb874479a241c69da7d93ce8 - - default default] 10.0.0.252 "DELETE /v2.0/networks/ea538ac4-c9f1-4057-9e5b-ded09033feef HTTP/1.1" status: 204 len: 168 time: 0.3072603
2026-04-12 21:54:28.038 10 WARNING neutron.scheduler.dhcp_agent_scheduler [None req-94a3c84a-3c9e-4bcf-a03a-5aa9d1e1b918 - - - - - -] No more DHCP agents
2026-04-12 21:54:28.041 10 WARNING neutron.api.rpc.agentnotifiers.dhcp_rpc_agent_api [None req-94a3c84a-3c9e-4bcf-a03a-5aa9d1e1b918 - - - - - -] Unable to schedule network f558f802-75a6-45d3-af89-81b5818408f0: no agents available; will retry on subsequent port and subnet creation events.
2026-04-12 21:54:28.169 10 INFO neutron.db.ovn_revision_numbers_db [None req-94a3c84a-3c9e-4bcf-a03a-5aa9d1e1b918 - - - - - -] Successfully bumped revision number for resource df230002-781a-488e-ba09-dc1fb562d7ca (type: ports) to 1
2026-04-12 21:54:28.227 9 WARNING neutron.plugins.ml2.drivers.ovn.mech_driver.ovsdb.ovn_client [None req-7efc3d1b-70bb-4238-b33b-a96082918134 - - - - - -] No hosting information found for port 6e7ed768-7c2e-43ed-8924-a73865607f0e: RuntimeError: No hosting information found for port 6e7ed768-7c2e-43ed-8924-a73865607f0e
2026-04-12 21:54:28.227 9 INFO neutron.plugins.ml2.drivers.ovn.mech_driver.mech_driver [None req-7efc3d1b-70bb-4238-b33b-a96082918134 - - - - - -] OVN reports status up for port: a51e7b9d-7f67-4cdc-b834-77743559af2d
2026-04-12 21:54:28.238 9 INFO neutron.plugins.ml2.plugin [None req-7efc3d1b-70bb-4238-b33b-a96082918134 - - - - - -] Attempt 1 to provision port a51e7b9d-7f67-4cdc-b834-77743559af2d
2026-04-12 21:54:28.271 10 INFO neutron.services.segments.plugin [-] Segment 6e95e0fb-aea6-4b51-be54-1cb5cdf370c0 resource provider aggregate not found
2026-04-12 21:54:28.275 10 INFO neutron.services.segments.plugin [-] Segment 6e95e0fb-aea6-4b51-be54-1cb5cdf370c0 resource provider aggregate not found
2026-04-12 21:54:28.284 10 INFO neutron.services.segments.plugin [-] Segment 6e95e0fb-aea6-4b51-be54-1cb5cdf370c0 resource provider not found; error: Placement Client Error (4xx): {"errors": [{"status": 404, "title": "Not Found", "detail": "The resource could not be found.\n\n No resource provider with uuid 6e95e0fb-aea6-4b51-be54-1cb5cdf370c0 found for delete ", "request_id": "req-02885ea3-6eb2-4b61-8ee7-6b59fe01a056"}]}
2026-04-12 21:54:28.287 10 INFO neutron.services.segments.plugin [-] Segment 6e95e0fb-aea6-4b51-be54-1cb5cdf370c0 resource provider not found; error: Placement Client Error (4xx): {"errors": [{"status": 404, "title": "Not Found", "detail": "The resource could not be found.\n\n No resource provider with uuid 6e95e0fb-aea6-4b51-be54-1cb5cdf370c0 found for delete ", "request_id": "req-0b3b24e6-f536-41cb-9337-5be445abfdce"}]}
2026-04-12 21:54:28.304 10 INFO neutron.api.wsgi [None req-751221b6-0f09-429c-9625-dde1f6539c63 aca4bc6977144feea7c338cbc1a76993 fa5fca9bcb874479a241c69da7d93ce8 - - default default] 10.0.0.252 "DELETE /v2.0/networks/18909033-de1c-4cb3-92d9-d0ff28f3bc00 HTTP/1.1" status: 204 len: 168 time: 0.3404257
2026-04-12 21:54:28.408 10 INFO neutron.db.ovn_revision_numbers_db [None req-94a3c84a-3c9e-4bcf-a03a-5aa9d1e1b918 - - - - - -] Successfully bumped revision number for resource df230002-781a-488e-ba09-dc1fb562d7ca (type: ports) to 3
2026-04-12 21:54:28.601 9 INFO neutron.db.ovn_revision_numbers_db [None req-7efc3d1b-70bb-4238-b33b-a96082918134 - - - - - -] Successfully bumped revision number for resource a51e7b9d-7f67-4cdc-b834-77743559af2d (type: ports) to 2
2026-04-12 21:54:28.625 10 INFO neutron.api.wsgi [None req-cb3c291c-09e5-47bd-9814-78ca184f8ac6 1d54908506944a66a206602c330c01a4 fdec41f78e314bb2b4037c05e4868182 - - default default] 10.0.0.252 "POST /v2.0/vpn/vpnservices HTTP/1.1" status: 201 len: 657 time: 4.3479016
2026-04-12 21:54:28.643 9 WARNING neutron_lib.context [None req-04b8c569-cf19-4606-a89b-c8c1914caece 1d54908506944a66a206602c330c01a4 fdec41f78e314bb2b4037c05e4868182 - - default default] Method 'is_advsvc' is deprecated since 2023.2 release (neutron-lib 3.8.0) and will be removed once support for the old RBAC API policies will be removed from Neutron. Please use method 'is_service_role' instead.
2026-04-12 21:54:28.687 10 INFO neutron.api.wsgi [None req-242489de-23da-4033-8274-04905beb41a1 aca4bc6977144feea7c338cbc1a76993 fa5fca9bcb874479a241c69da7d93ce8 - - default default] 10.0.0.252 "DELETE /v2.0/networks/1292e279-5979-46b8-9461-1d8666cad0be HTTP/1.1" status: 204 len: 168 time: 0.3773828
2026-04-12 21:54:28.813 9 INFO neutron.api.wsgi [req-162ce754-2509-40b0-aef9-2bc6726b3a7a req-4783b4d6-3c96-4632-a4ed-e013655532bd a5fb04122c904f00a9745caa5d5f067e 4c0663b709e047fcaea8fa4606123d17 - - default default] 10.0.0.69 "GET /v2.0/ports?device_id=f0eb7a28-4aba-443f-91af-9c3a4b3b7bc0 HTTP/1.1" status: 200 len: 1168 time: 0.1341782
2026-04-12 21:54:28.896 9 INFO neutron.api.wsgi [req-162ce754-2509-40b0-aef9-2bc6726b3a7a req-72e099ea-35c2-4d65-85b0-e31dfe9f151d a5fb04122c904f00a9745caa5d5f067e 4c0663b709e047fcaea8fa4606123d17 - - default default] 10.0.0.69 "GET /v2.0/security-groups?id=b640054f-15c0-4a09-a5e8-0fbaa0b86324&fields=id&fields=name HTTP/1.1" status: 200 len: 312 time: 0.0773678
2026-04-12 21:54:28.996 10 INFO neutron.api.wsgi [None req-bf8f40c8-2e30-47a3-9dfc-31b3ca1f0624 aca4bc6977144feea7c338cbc1a76993 fa5fca9bcb874479a241c69da7d93ce8 - - default default] 10.0.0.252 "DELETE /v2.0/networks/b0fff7d9-ee2f-41bd-917f-ca72d6282af6 HTTP/1.1" status: 204 len: 168 time: 0.3042641
2026-04-12 21:54:29.093 9 INFO neutron.api.wsgi [None req-04b8c569-cf19-4606-a89b-c8c1914caece 1d54908506944a66a206602c330c01a4 fdec41f78e314bb2b4037c05e4868182 - - default default] 10.0.0.252 "POST /v2.0/vpn/vpnservices HTTP/1.1" status: 201 len: 622 time: 0.4624622
2026-04-12 21:54:29.104 9 WARNING neutron_lib.context [None req-bfdb0688-223e-4956-8959-d888b9f8771a 1d54908506944a66a206602c330c01a4 fdec41f78e314bb2b4037c05e4868182 - - default default] Method 'is_advsvc' is deprecated since 2023.2 release (neutron-lib 3.8.0) and will be removed once support for the old RBAC API policies will be removed from Neutron. Please use method 'is_service_role' instead.
2026-04-12 21:54:29.140 9 INFO neutron.api.wsgi [None req-bfdb0688-223e-4956-8959-d888b9f8771a 1d54908506944a66a206602c330c01a4 fdec41f78e314bb2b4037c05e4868182 - - default default] 10.0.0.252 "POST /v2.0/vpn/ikepolicies HTTP/1.1" status: 201 len: 603 time: 0.0413198
2026-04-12 21:54:29.148 9 WARNING neutron_lib.context [None req-8ab132c8-ef47-4ad0-ad2c-bda2c9097740 1d54908506944a66a206602c330c01a4 fdec41f78e314bb2b4037c05e4868182 - - default default] Method 'is_advsvc' is deprecated since 2023.2 release (neutron-lib 3.8.0) and will be removed once support for the old RBAC API policies will be removed from Neutron. Please use method 'is_service_role' instead.
2026-04-12 21:54:29.180 9 INFO neutron.api.wsgi [None req-8ab132c8-ef47-4ad0-ad2c-bda2c9097740 1d54908506944a66a206602c330c01a4 fdec41f78e314bb2b4037c05e4868182 - - default default] 10.0.0.252 "POST /v2.0/vpn/ipsecpolicies HTTP/1.1" status: 201 len: 612 time: 0.0356543
2026-04-12 21:54:29.188 9 WARNING neutron_lib.context [None req-6e2a19da-304c-4602-a96d-6b0834492f2a 1d54908506944a66a206602c330c01a4 fdec41f78e314bb2b4037c05e4868182 - - default default] Method 'is_advsvc' is deprecated since 2023.2 release (neutron-lib 3.8.0) and will be removed once support for the old RBAC API policies will be removed from Neutron. Please use method 'is_service_role' instead.
2026-04-12 21:54:29.236 9 INFO neutron.api.wsgi [None req-6e2a19da-304c-4602-a96d-6b0834492f2a 1d54908506944a66a206602c330c01a4 fdec41f78e314bb2b4037c05e4868182 - - default default] 10.0.0.252 "POST /v2.0/vpn/endpoint-groups HTTP/1.1" status: 201 len: 528 time: 0.0518315
2026-04-12 21:54:29.246 10 WARNING neutron_lib.context [None req-d18c9232-c575-430e-8b3e-f574c41ee15c 1d54908506944a66a206602c330c01a4 fdec41f78e314bb2b4037c05e4868182 - - default default] Method 'is_advsvc' is deprecated since 2023.2 release (neutron-lib 3.8.0) and will be removed once support for the old RBAC API policies will be removed from Neutron. Please use method 'is_service_role' instead.
2026-04-12 21:54:29.281 10 INFO neutron.api.wsgi [None req-d18c9232-c575-430e-8b3e-f574c41ee15c 1d54908506944a66a206602c330c01a4 fdec41f78e314bb2b4037c05e4868182 - - default default] 10.0.0.252 "POST /v2.0/vpn/endpoint-groups HTTP/1.1" status: 201 len: 519 time: 0.0392885
2026-04-12 21:54:29.292 10 WARNING neutron_lib.context [None req-7aa4baf8-a43b-4244-8f18-b6631605e01a 1d54908506944a66a206602c330c01a4 fdec41f78e314bb2b4037c05e4868182 - - default default] Method 'is_advsvc' is deprecated since 2023.2 release (neutron-lib 3.8.0) and will be removed once support for the old RBAC API policies will be removed from Neutron. Please use method 'is_service_role' instead.
2026-04-12 21:54:29.639 9 INFO neutron.services.segments.plugin [-] Segment 4112eeda-cc6f-406b-977c-340a97106160 resource provider aggregate not found
2026-04-12 21:54:29.649 9 INFO neutron.services.segments.plugin [-] Segment 4112eeda-cc6f-406b-977c-340a97106160 resource provider aggregate not found
2026-04-12 21:54:29.653 9 INFO neutron.services.segments.plugin [-] Segment 4112eeda-cc6f-406b-977c-340a97106160 resource provider not found; error: Placement Client Error (4xx): {"errors": [{"status": 404, "title": "Not Found", "detail": "The resource could not be found.\n\n No resource provider with uuid 4112eeda-cc6f-406b-977c-340a97106160 found for delete ", "request_id": "req-98e357d0-e21d-470d-a9ee-0219aed282c9"}]}
2026-04-12 21:54:29.661 9 INFO neutron.services.segments.plugin [-] Segment 4112eeda-cc6f-406b-977c-340a97106160 resource provider not found; error: Placement Client Error (4xx): {"errors": [{"status": 404, "title": "Not Found", "detail": "The resource could not be found.\n\n No resource provider with uuid 4112eeda-cc6f-406b-977c-340a97106160 found for delete ", "request_id": "req-82aafd3a-616b-4632-8389-5fdd9efb0ec3"}]}
2026-04-12 21:54:29.902 10 INFO neutron.db.ovn_revision_numbers_db [None req-7aa4baf8-a43b-4244-8f18-b6631605e01a 1d54908506944a66a206602c330c01a4 fdec41f78e314bb2b4037c05e4868182 - - default default] Successfully bumped revision number for resource a6d155fd-e489-4f9e-8153-c2e12b94cd96 (type: routers) to 5
2026-04-12 21:54:29.905 10 INFO neutron.api.wsgi [None req-0f522449-6302-4011-8f11-067b91516d4e a567ec0a27104407b95cbb39e5809502 8a4ca2cca7574d2289ce86cc5ffab9bc - - default default] 10.0.0.252 "GET /v2.0/security-groups?tenant_id=fa5fca9bcb874479a241c69da7d93ce8&name=default HTTP/1.1" status: 200 len: 3120 time: 0.1815941
2026-04-12 21:54:29.932 10 INFO neutron.api.wsgi [None req-7aa4baf8-a43b-4244-8f18-b6631605e01a 1d54908506944a66a206602c330c01a4 fdec41f78e314bb2b4037c05e4868182 - - default default] 10.0.0.252 "POST /v2.0/vpn/ipsec-site-connections HTTP/1.1" status: 201 len: 1002 time: 0.6458068
2026-04-12 21:54:29.942 10 WARNING neutron_lib.context [None req-45837f00-1010-4fdb-99b6-2e2dbba963d2 1d54908506944a66a206602c330c01a4 fdec41f78e314bb2b4037c05e4868182 - - default default] Method 'is_advsvc' is deprecated since 2023.2 release (neutron-lib 3.8.0) and will be removed once support for the old RBAC API policies will be removed from Neutron. Please use method 'is_service_role' instead.
2026-04-12 21:54:29.982 10 INFO neutron.api.wsgi [None req-45837f00-1010-4fdb-99b6-2e2dbba963d2 1d54908506944a66a206602c330c01a4 fdec41f78e314bb2b4037c05e4868182 - - default default] 10.0.0.252 "POST /v2.0/vpn/endpoint-groups HTTP/1.1" status: 201 len: 488 time: 0.0439692
2026-04-12 21:54:29.989 10 INFO neutron.api.wsgi [req-3eaadc24-bc27-43ea-8bdf-188431654b2b req-1de396de-7901-4192-89b3-dc2f215f09ef a5fb04122c904f00a9745caa5d5f067e 4c0663b709e047fcaea8fa4606123d17 - - default default] 10.0.0.69 "GET /v2.0/ports?device_id=f0eb7a28-4aba-443f-91af-9c3a4b3b7bc0 HTTP/1.1" status: 200 len: 1168 time: 0.0319188
2026-04-12 21:54:30.017 9 INFO neutron.api.wsgi [None req-8393a48f-0d06-496c-80dc-2b51b741fb45 1d54908506944a66a206602c330c01a4 fdec41f78e314bb2b4037c05e4868182 - - default default] 10.0.0.252 "DELETE /v2.0/vpn/endpoint-groups/008cc44b-d2eb-4195-aaa2-40110e008255 HTTP/1.1" status: 204 len: 168 time: 0.0300455
2026-04-12 21:54:30.030 10 INFO neutron.api.wsgi [req-3eaadc24-bc27-43ea-8bdf-188431654b2b req-86d66cde-916c-4e53-bef9-01dd08ab9ee9 a5fb04122c904f00a9745caa5d5f067e 4c0663b709e047fcaea8fa4606123d17 - - default default] 10.0.0.69 "GET /v2.0/security-groups?id=b640054f-15c0-4a09-a5e8-0fbaa0b86324&fields=id&fields=name HTTP/1.1" status: 200 len: 312 time: 0.0352325
2026-04-12 21:54:30.053 9 INFO neutron.api.wsgi [None req-452622a6-59ac-4468-8a82-d6215b88b0b5 1d54908506944a66a206602c330c01a4 fdec41f78e314bb2b4037c05e4868182 - - default default] 10.0.0.252 "GET /v2.0/vpn/endpoint-groups HTTP/1.1" status: 200 len: 828 time: 0.0318170
2026-04-12 21:54:30.072 10 INFO neutron.api.wsgi [None req-d77ec60c-b4fe-46c2-8585-1bb53983c7d2 1d54908506944a66a206602c330c01a4 fdec41f78e314bb2b4037c05e4868182 - - default default] 10.0.0.252 "GET /v2.0/vpn/endpoint-groups HTTP/1.1" status: 200 len: 828 time: 0.0128834
2026-04-12 21:54:30.141 9 INFO neutron.api.wsgi [None req-610abb17-a85b-4f88-89bd-d48f11b62dc3 a567ec0a27104407b95cbb39e5809502 8a4ca2cca7574d2289ce86cc5ffab9bc - - default default] 10.0.0.252 "DELETE /v2.0/security-groups/0b5a6f77-caf7-4da8-9dc6-43126b6854f7 HTTP/1.1" status: 204 len: 168 time: 0.2303741
2026-04-12 21:54:30.301 10 INFO neutron.services.segments.plugin [-] Segment a7b33750-34c4-4a36-bc85-507f9189f826 resource provider aggregate not found
2026-04-12 21:54:30.310 10 INFO neutron.services.segments.plugin [-] Segment a7b33750-34c4-4a36-bc85-507f9189f826 resource provider aggregate not found
2026-04-12 21:54:30.314 10 INFO neutron.services.segments.plugin [-] Segment a7b33750-34c4-4a36-bc85-507f9189f826 resource provider not found; error: Placement Client Error (4xx): {"errors": [{"status": 404, "title": "Not Found", "detail": "The resource could not be found.\n\n No resource provider with uuid a7b33750-34c4-4a36-bc85-507f9189f826 found for delete ", "request_id": "req-755af561-0dd6-4d1d-a6d2-4468cb047075"}]}
2026-04-12 21:54:30.323 10 INFO neutron.services.segments.plugin [-] Segment a7b33750-34c4-4a36-bc85-507f9189f826 resource provider not found; error: Placement Client Error (4xx): {"errors": [{"status": 404, "title": "Not Found", "detail": "The resource could not be found.\n\n No resource provider with uuid a7b33750-34c4-4a36-bc85-507f9189f826 found for delete ", "request_id": "req-81f1fbc3-9863-499f-81f2-3be6a48cfc69"}]}
2026-04-12 21:54:30.333 10 INFO neutron.services.segments.plugin [-] Segment 46ef645c-eaf2-4d6b-8f03-05472d6f9bf2 resource provider aggregate not found
2026-04-12 21:54:30.339 10 INFO neutron.services.segments.plugin [-] Segment 46ef645c-eaf2-4d6b-8f03-05472d6f9bf2 resource provider aggregate not found
2026-04-12 21:54:30.350 10 INFO neutron.services.segments.plugin [-] Segment 46ef645c-eaf2-4d6b-8f03-05472d6f9bf2 resource provider not found; error: Placement Client Error (4xx): {"errors": [{"status": 404, "title": "Not Found", "detail": "The resource could not be found.\n\n No resource provider with uuid 46ef645c-eaf2-4d6b-8f03-05472d6f9bf2 found for delete ", "request_id": "req-a73f76f0-4d9c-46c9-85b2-4b1b98168a5b"}]}
2026-04-12 21:54:30.352 10 INFO neutron.services.segments.plugin [-] Segment 46ef645c-eaf2-4d6b-8f03-05472d6f9bf2 resource provider not found; error: Placement Client Error (4xx): {"errors": [{"status": 404, "title": "Not Found", "detail": "The resource could not be found.\n\n No resource provider with uuid 46ef645c-eaf2-4d6b-8f03-05472d6f9bf2 found for delete ", "request_id": "req-994635e1-2025-4704-ac4d-0a14f248e5a7"}]}
2026-04-12 21:54:30.359 10 INFO neutron.db.ovn_revision_numbers_db [None req-38cab25f-99aa-498b-a53d-897f091b3bc3 a567ec0a27104407b95cbb39e5809502 8a4ca2cca7574d2289ce86cc5ffab9bc - - default default] Successfully bumped revision number for resource 6cfbb5ff-d617-4098-af5a-a14c96fa95bd (type: security_groups) to 1
2026-04-12 21:54:30.373 10 INFO neutron.db.ovn_revision_numbers_db [None req-38cab25f-99aa-498b-a53d-897f091b3bc3 a567ec0a27104407b95cbb39e5809502 8a4ca2cca7574d2289ce86cc5ffab9bc - - default default] Successfully bumped revision number for resource 4b658298-4ed5-4082-826e-fb5eb7347be8 (type: security_group_rules) to 0
2026-04-12 21:54:30.382 10 INFO neutron.db.ovn_revision_numbers_db [None req-38cab25f-99aa-498b-a53d-897f091b3bc3 a567ec0a27104407b95cbb39e5809502 8a4ca2cca7574d2289ce86cc5ffab9bc - - default default] Successfully bumped revision number for resource 5f8a48c3-1ab3-4384-a722-23e5bd315a93 (type: security_group_rules) to 0
2026-04-12 21:54:30.394 10 INFO neutron.db.ovn_revision_numbers_db [None req-38cab25f-99aa-498b-a53d-897f091b3bc3 a567ec0a27104407b95cbb39e5809502 8a4ca2cca7574d2289ce86cc5ffab9bc - - default default] Successfully bumped revision number for resource a8b4de90-1eb2-49ae-9658-7c0410fe5232 (type: security_group_rules) to 0
2026-04-12 21:54:30.408 10 INFO neutron.db.ovn_revision_numbers_db [None req-38cab25f-99aa-498b-a53d-897f091b3bc3 a567ec0a27104407b95cbb39e5809502 8a4ca2cca7574d2289ce86cc5ffab9bc - - default default] Successfully bumped revision number for resource b662c467-6b68-4ffa-b875-7334cdd2de50 (type: security_group_rules) to 0
2026-04-12 21:54:30.440 10 INFO neutron.api.wsgi [None req-38cab25f-99aa-498b-a53d-897f091b3bc3 a567ec0a27104407b95cbb39e5809502 8a4ca2cca7574d2289ce86cc5ffab9bc - - default default] 10.0.0.252 "GET /v2.0/security-groups?tenant_id=3d60a5cc93dd4fc5aa9a71cb348f955b&name=default HTTP/1.1" status: 200 len: 3124 time: 0.2173994
2026-04-12 21:54:30.581 9 INFO neutron.api.wsgi [None req-78e8e179-e1c0-4d91-973f-aca8f96cd163 f530813848364edd851fb8e38103eff6 aea2c11808594f27acc60d0b78fb3327 - - default default] 10.0.0.252 "POST /v2.0/vpn/ikepolicies HTTP/1.1" status: 201 len: 601 time: 0.1248777
2026-04-12 21:54:30.596 10 INFO neutron.api.wsgi [None req-3dba7046-3a83-407f-a7b6-e4732ebd210e 1d54908506944a66a206602c330c01a4 fdec41f78e314bb2b4037c05e4868182 - - default default] 10.0.0.252 "GET /v2.0/vpn/ikepolicies HTTP/1.1" status: 200 len: 991 time: 0.0104969
2026-04-12 21:54:30.632 9 INFO neutron.api.wsgi [None req-30481330-4d23-42ae-a327-036a32401c94 f530813848364edd851fb8e38103eff6 aea2c11808594f27acc60d0b78fb3327 - - default default] 10.0.0.252 "DELETE /v2.0/vpn/ikepolicies/28e5c3a1-2831-4318-beba-ddad31b2d5a5 HTTP/1.1" status: 204 len: 168 time: 0.0316806
2026-04-12 21:54:30.651 10 INFO neutron.api.wsgi [None req-2339459b-dd90-4f73-85e7-0e11eb19385b a567ec0a27104407b95cbb39e5809502 8a4ca2cca7574d2289ce86cc5ffab9bc - - default default] 10.0.0.252 "DELETE /v2.0/security-groups/6cfbb5ff-d617-4098-af5a-a14c96fa95bd HTTP/1.1" status: 204 len: 168 time: 0.2062585
2026-04-12 21:54:30.679 10 INFO neutron.api.wsgi [None req-e9d7d4ef-bb72-4bc0-9ad6-68499ddcbf73 f530813848364edd851fb8e38103eff6 aea2c11808594f27acc60d0b78fb3327 - - default default] 10.0.0.252 "POST /v2.0/vpn/ipsecpolicies HTTP/1.1" status: 201 len: 611 time: 0.0403357
2026-04-12 21:54:30.692 10 INFO neutron.api.wsgi [None req-f57d90d5-9eff-4e89-b54f-4e1ffe76b552 1d54908506944a66a206602c330c01a4 fdec41f78e314bb2b4037c05e4868182 - - default default] 10.0.0.252 "GET /v2.0/vpn/ipsecpolicies HTTP/1.1" status: 200 len: 1008 time: 0.0092032
2026-04-12 21:54:30.721 10 INFO neutron.api.wsgi [None req-e924b715-ab33-4ab6-b1af-9dbd1fe488f2 f530813848364edd851fb8e38103eff6 aea2c11808594f27acc60d0b78fb3327 - - default default] 10.0.0.252 "DELETE /v2.0/vpn/ipsecpolicies/b10f3af3-d81a-44ed-9eac-054e1778a974 HTTP/1.1" status: 204 len: 168 time: 0.0256846
2026-04-12 21:54:30.732 10 WARNING neutron_lib.context [None req-655de31b-c067-429f-b1dc-40c8619ca6d2 1d54908506944a66a206602c330c01a4 fdec41f78e314bb2b4037c05e4868182 - - default default] Method 'is_advsvc' is deprecated since 2023.2 release (neutron-lib 3.8.0) and will be removed once support for the old RBAC API policies will be removed from Neutron. Please use method 'is_service_role' instead.
2026-04-12 21:54:30.824 10 INFO neutron.db.segments_db [None req-655de31b-c067-429f-b1dc-40c8619ca6d2 1d54908506944a66a206602c330c01a4 fdec41f78e314bb2b4037c05e4868182 - - default default] Added segment 37ee0f9a-1c7a-4575-b783-2e5a87fa726c of type geneve for network d300b8d2-35f6-43fe-901c-279ff8e29a59
2026-04-12 21:54:30.885 10 INFO neutron.db.ovn_revision_numbers_db [None req-81b22562-ca3d-45bc-9343-02dabe8bc124 a567ec0a27104407b95cbb39e5809502 8a4ca2cca7574d2289ce86cc5ffab9bc - - default default] Successfully bumped revision number for resource 1a64f803-8ea0-478a-af99-3e0bf43fb143 (type: security_groups) to 1
2026-04-12 21:54:30.905 10 INFO neutron.db.ovn_revision_numbers_db [None req-81b22562-ca3d-45bc-9343-02dabe8bc124 a567ec0a27104407b95cbb39e5809502 8a4ca2cca7574d2289ce86cc5ffab9bc - - default default] Successfully bumped revision number for resource 2512d3b7-4079-4cff-8d64-f643ab35307d (type: security_group_rules) to 0
2026-04-12 21:54:30.920 10 INFO neutron.db.ovn_revision_numbers_db [None req-81b22562-ca3d-45bc-9343-02dabe8bc124 a567ec0a27104407b95cbb39e5809502 8a4ca2cca7574d2289ce86cc5ffab9bc - - default default] Successfully bumped revision number for resource a6ebf443-7fc2-46d4-8060-ad0da71bae05 (type: security_group_rules) to 0
2026-04-12 21:54:30.936 10 INFO neutron.db.ovn_revision_numbers_db [None req-81b22562-ca3d-45bc-9343-02dabe8bc124 a567ec0a27104407b95cbb39e5809502 8a4ca2cca7574d2289ce86cc5ffab9bc - - default default] Successfully bumped revision number for resource b86af669-bf41-4568-acbd-99c39a7e6780 (type: security_group_rules) to 0
2026-04-12 21:54:30.940 10 INFO neutron.db.ovn_revision_numbers_db [None req-655de31b-c067-429f-b1dc-40c8619ca6d2 1d54908506944a66a206602c330c01a4 fdec41f78e314bb2b4037c05e4868182 - - default default] Successfully bumped revision number for resource d300b8d2-35f6-43fe-901c-279ff8e29a59 (type: networks) to 1
2026-04-12 21:54:30.956 10 INFO neutron.db.ovn_revision_numbers_db [None req-81b22562-ca3d-45bc-9343-02dabe8bc124 a567ec0a27104407b95cbb39e5809502 8a4ca2cca7574d2289ce86cc5ffab9bc - - default default] Successfully bumped revision number for resource c40f4fff-8acf-4c39-b3c3-183bc6205597 (type: security_group_rules) to 0
2026-04-12 21:54:30.994 10 INFO neutron.api.wsgi [None req-81b22562-ca3d-45bc-9343-02dabe8bc124 a567ec0a27104407b95cbb39e5809502 8a4ca2cca7574d2289ce86cc5ffab9bc - - default default] 10.0.0.252 "GET /v2.0/security-groups?tenant_id=397afe50d1894a32875b08537d4f3e9a&name=default HTTP/1.1" status: 200 len: 3124 time: 0.2246244
2026-04-12 21:54:31.122 10 WARNING neutron.scheduler.dhcp_agent_scheduler [None req-655de31b-c067-429f-b1dc-40c8619ca6d2 1d54908506944a66a206602c330c01a4 fdec41f78e314bb2b4037c05e4868182 - - default default] No more DHCP agents
2026-04-12 21:54:31.123 9 INFO neutron.api.wsgi [req-394819ff-5b01-4994-983e-318fbf1b56f0 req-2614c7d2-2f6d-4f9e-83c8-c49511757fea a5fb04122c904f00a9745caa5d5f067e 4c0663b709e047fcaea8fa4606123d17 - - default default] 10.0.0.69 "GET /v2.0/ports?device_id=f0eb7a28-4aba-443f-91af-9c3a4b3b7bc0 HTTP/1.1" status: 200 len: 1168 time: 0.0389125
2026-04-12 21:54:31.125 10 WARNING neutron.api.rpc.agentnotifiers.dhcp_rpc_agent_api [None req-655de31b-c067-429f-b1dc-40c8619ca6d2 1d54908506944a66a206602c330c01a4 fdec41f78e314bb2b4037c05e4868182 - - default default] Unable to schedule network d300b8d2-35f6-43fe-901c-279ff8e29a59: no agents available; will retry on subsequent port and subnet creation events.
2026-04-12 21:54:31.174 9 INFO neutron.api.wsgi [req-394819ff-5b01-4994-983e-318fbf1b56f0 req-5df4d17f-9e87-494e-980b-c59d0c7c665f a5fb04122c904f00a9745caa5d5f067e 4c0663b709e047fcaea8fa4606123d17 - - default default] 10.0.0.69 "GET /v2.0/security-groups?id=b640054f-15c0-4a09-a5e8-0fbaa0b86324&fields=id&fields=name HTTP/1.1" status: 200 len: 312 time: 0.0446348
2026-04-12 21:54:31.191 10 INFO neutron.db.ovn_revision_numbers_db [None req-655de31b-c067-429f-b1dc-40c8619ca6d2 1d54908506944a66a206602c330c01a4 fdec41f78e314bb2b4037c05e4868182 - - default default] Successfully bumped revision number for resource c57c0310-39d5-4591-a727-e2adc1afc2fd (type: ports) to 1
2026-04-12 21:54:31.220 10 INFO neutron.api.wsgi [None req-655de31b-c067-429f-b1dc-40c8619ca6d2 1d54908506944a66a206602c330c01a4 fdec41f78e314bb2b4037c05e4868182 - - default default] 10.0.0.252 "POST /v2.0/networks HTTP/1.1" status: 201 len: 831 time: 0.4933045
2026-04-12 21:54:31.224 10 INFO neutron.api.wsgi [None req-6b830dab-38df-4ff1-b0d1-70d97e33fda1 a567ec0a27104407b95cbb39e5809502 8a4ca2cca7574d2289ce86cc5ffab9bc - - default default] 10.0.0.252 "DELETE /v2.0/security-groups/1a64f803-8ea0-478a-af99-3e0bf43fb143 HTTP/1.1" status: 204 len: 168 time: 0.2242627
2026-04-12 21:54:31.229 9 WARNING neutron_lib.context [None req-aa144f3f-b167-422b-83f5-21b0fa9877d2 1d54908506944a66a206602c330c01a4 fdec41f78e314bb2b4037c05e4868182 - - default default] Method 'is_advsvc' is deprecated since 2023.2 release (neutron-lib 3.8.0) and will be removed once support for the old RBAC API policies will be removed from Neutron. Please use method 'is_service_role' instead.
2026-04-12 21:54:31.398 9 WARNING neutron.scheduler.dhcp_agent_scheduler [None req-aa144f3f-b167-422b-83f5-21b0fa9877d2 1d54908506944a66a206602c330c01a4 fdec41f78e314bb2b4037c05e4868182 - - default default] No more DHCP agents
2026-04-12 21:54:31.399 9 WARNING neutron.api.rpc.agentnotifiers.dhcp_rpc_agent_api [None req-aa144f3f-b167-422b-83f5-21b0fa9877d2 1d54908506944a66a206602c330c01a4 fdec41f78e314bb2b4037c05e4868182 - - default default] Unable to schedule network d300b8d2-35f6-43fe-901c-279ff8e29a59: no agents available; will retry on subsequent port and subnet creation events.
2026-04-12 21:54:31.809 9 INFO neutron.db.ovn_revision_numbers_db [None req-bca0794c-8ff0-40fa-aa37-e2e8954bd30e - - - - - -] Successfully bumped revision number for resource c57c0310-39d5-4591-a727-e2adc1afc2fd (type: ports) to 2
2026-04-12 21:54:31.835 9 INFO neutron.db.ovn_revision_numbers_db [None req-bca0794c-8ff0-40fa-aa37-e2e8954bd30e - - - - - -] Successfully bumped revision number for resource edc7a7c1-44d4-4e3a-9ca7-4bb33f182a03 (type: subnets) to 0
2026-04-12 21:54:31.849 9 INFO neutron.api.wsgi [None req-aa144f3f-b167-422b-83f5-21b0fa9877d2 1d54908506944a66a206602c330c01a4 fdec41f78e314bb2b4037c05e4868182 - - default default] 10.0.0.252 "POST /v2.0/subnets HTTP/1.1" status: 201 len: 828 time: 0.6251318
2026-04-12 21:54:31.858 9 WARNING neutron_lib.context [None req-b683b9aa-b964-4580-865f-bd416d8d892e 1d54908506944a66a206602c330c01a4 fdec41f78e314bb2b4037c05e4868182 - - default default] Method 'is_advsvc' is deprecated since 2023.2 release (neutron-lib 3.8.0) and will be removed once support for the old RBAC API policies will be removed from Neutron. Please use method 'is_service_role' instead.
2026-04-12 21:54:32.222 9 WARNING neutron.scheduler.dhcp_agent_scheduler [None req-b683b9aa-b964-4580-865f-bd416d8d892e 1d54908506944a66a206602c330c01a4 fdec41f78e314bb2b4037c05e4868182 - - default default] No more DHCP agents
2026-04-12 21:54:32.223 9 WARNING neutron.api.rpc.agentnotifiers.dhcp_rpc_agent_api [None req-b683b9aa-b964-4580-865f-bd416d8d892e 1d54908506944a66a206602c330c01a4 fdec41f78e314bb2b4037c05e4868182 - - default default] Unable to schedule network 6d18557e-50d3-4cad-9577-6f78d88df79d: no agents available; will retry on subsequent port and subnet creation events.
2026-04-12 21:54:32.320 10 INFO neutron.api.wsgi [req-08605889-3985-4c8c-98ac-21f6460165b7 req-70f7f8bd-b1f2-4051-9f18-3af27d5f770d a5fb04122c904f00a9745caa5d5f067e 4c0663b709e047fcaea8fa4606123d17 - - default default] 10.0.0.69 "GET /v2.0/ports?device_id=f0eb7a28-4aba-443f-91af-9c3a4b3b7bc0 HTTP/1.1" status: 200 len: 1168 time: 0.0840502
2026-04-12 21:54:32.331 9 INFO neutron.db.ovn_revision_numbers_db [None req-b683b9aa-b964-4580-865f-bd416d8d892e 1d54908506944a66a206602c330c01a4 fdec41f78e314bb2b4037c05e4868182 - - default default] Successfully bumped revision number for resource 9b4f7e5d-2fb8-441c-93d6-d3884c4051c7 (type: ports) to 1
2026-04-12 21:54:32.359 10 INFO neutron.api.wsgi [req-08605889-3985-4c8c-98ac-21f6460165b7 req-1f1d6ad6-4120-4ac2-a994-dbf40955b2f0 a5fb04122c904f00a9745caa5d5f067e 4c0663b709e047fcaea8fa4606123d17 - - default default] 10.0.0.69 "GET /v2.0/security-groups?id=b640054f-15c0-4a09-a5e8-0fbaa0b86324&fields=id&fields=name HTTP/1.1" status: 200 len: 312 time: 0.0323989
2026-04-12 21:54:32.731 10 WARNING neutron.plugins.ml2.drivers.ovn.mech_driver.ovsdb.ovn_client [None req-bbfdc0e0-0822-416a-8fb9-91922b57a3f1 - - - - - -] No hosting information found for port 0db20b2d-9b95-4239-b945-d335000a79b2: RuntimeError: No hosting information found for port 0db20b2d-9b95-4239-b945-d335000a79b2
2026-04-12 21:54:32.731 10 INFO neutron.plugins.ml2.drivers.ovn.mech_driver.mech_driver [None req-bbfdc0e0-0822-416a-8fb9-91922b57a3f1 - - - - - -] OVN reports status up for port: de31bb48-4254-44e9-8d24-291c722f15c1
2026-04-12 21:54:32.744 10 INFO neutron.plugins.ml2.plugin [None req-bbfdc0e0-0822-416a-8fb9-91922b57a3f1 - - - - - -] Attempt 1 to provision port de31bb48-4254-44e9-8d24-291c722f15c1
2026-04-12 21:54:32.842 9 INFO neutron.plugins.ml2.drivers.ovn.mech_driver.ovsdb.commands [None req-9043cb80-e495-439d-ac66-a2fd63b8f52b - - - - - -] Schedule LRP lrp-9b4f7e5d-2fb8-441c-93d6-d3884c4051c7 on gateway 0bc1e388-1492-4620-851c-d00b3e8fa188 with priority 1
2026-04-12 21:54:32.864 10 INFO neutron.notifiers.nova [-] Nova event matching ['req-d32838ec-06f0-45ba-8945-689919053e8e'] response: {'server_uuid': 'f0eb7a28-4aba-443f-91af-9c3a4b3b7bc0', 'name': 'network-vif-plugged', 'status': 'completed', 'tag': 'de31bb48-4254-44e9-8d24-291c722f15c1', 'code': 200}
2026-04-12 21:54:32.887 9 INFO neutron.db.ovn_revision_numbers_db [None req-b683b9aa-b964-4580-865f-bd416d8d892e 1d54908506944a66a206602c330c01a4 fdec41f78e314bb2b4037c05e4868182 - - default default] Successfully bumped revision number for resource 9b4f7e5d-2fb8-441c-93d6-d3884c4051c7 (type: router_ports) to 1
2026-04-12 21:54:32.956 9 INFO neutron.db.ovn_revision_numbers_db [None req-b683b9aa-b964-4580-865f-bd416d8d892e 1d54908506944a66a206602c330c01a4 fdec41f78e314bb2b4037c05e4868182 - - default default] Successfully bumped revision number for resource a8cf1073-7d41-4c7e-a8c8-14dc53f10fc7 (type: routers) to 2
2026-04-12 21:54:32.983 9 INFO neutron.api.wsgi [None req-b683b9aa-b964-4580-865f-bd416d8d892e 1d54908506944a66a206602c330c01a4 fdec41f78e314bb2b4037c05e4868182 - - default default] 10.0.0.252 "POST /v2.0/routers HTTP/1.1" status: 201 len: 1136 time: 1.1285102
2026-04-12 21:54:32.986 10 INFO neutron.db.ovn_revision_numbers_db [None req-bbfdc0e0-0822-416a-8fb9-91922b57a3f1 - - - - - -] Successfully bumped revision number for resource de31bb48-4254-44e9-8d24-291c722f15c1 (type: ports) to 5
2026-04-12 21:54:33.120 10 INFO neutron.db.ovn_revision_numbers_db [None req-19a5ffac-7b6b-44a9-9c54-51b1c0e84fe4 - - - - - -] Successfully bumped revision number for resource 0db20b2d-9b95-4239-b945-d335000a79b2 (type: router_ports) to 2 /var/lib/openstack/lib/python3.12/site-packages/pycadf/identifier.py:71: UserWarning: Invalid uuid: neutron. To ensure interoperability, identifiers should be a valid uuid. warnings.warn(('Invalid uuid: %s. To ensure interoperability, '
2026-04-12 21:54:33.459 10 INFO neutron.api.wsgi [req-7de541f2-f1cf-40e3-8417-edfbc194c90e req-e00cee73-5911-4b41-a416-574fbb2dffd3 a5fb04122c904f00a9745caa5d5f067e 4c0663b709e047fcaea8fa4606123d17 - - default default] 10.0.0.69 "GET /v2.0/ports?device_id=f0eb7a28-4aba-443f-91af-9c3a4b3b7bc0 HTTP/1.1" status: 200 len: 1170 time: 0.0373511
2026-04-12 21:54:33.498 10 INFO neutron.api.wsgi [req-7de541f2-f1cf-40e3-8417-edfbc194c90e req-8a4d39cb-4cf8-4916-adb6-d81c42f9a0b4 a5fb04122c904f00a9745caa5d5f067e 4c0663b709e047fcaea8fa4606123d17 - - default default] 10.0.0.69 "GET /v2.0/security-groups?id=b640054f-15c0-4a09-a5e8-0fbaa0b86324&fields=id&fields=name HTTP/1.1" status: 200 len: 312 time: 0.0322390
2026-04-12 21:54:33.526 9 WARNING neutron.scheduler.dhcp_agent_scheduler [None req-4f86e22a-5c73-45b4-b510-7c0b0e1a12f9 1d54908506944a66a206602c330c01a4 fdec41f78e314bb2b4037c05e4868182 - - default default] No more DHCP agents
2026-04-12 21:54:33.528 9 WARNING neutron.api.rpc.agentnotifiers.dhcp_rpc_agent_api [None req-4f86e22a-5c73-45b4-b510-7c0b0e1a12f9 1d54908506944a66a206602c330c01a4 fdec41f78e314bb2b4037c05e4868182 - - default default] Unable to schedule network d300b8d2-35f6-43fe-901c-279ff8e29a59: no agents available; will retry on subsequent port and subnet creation events.
2026-04-12 21:54:33.573 9 WARNING neutron.plugins.ml2.drivers.ovn.mech_driver.ovsdb.ovn_client [None req-54ecca66-9553-417f-adbb-7bc16402e823 - - - - - -] No hosting information found for port a51e7b9d-7f67-4cdc-b834-77743559af2d: RuntimeError: No hosting information found for port a51e7b9d-7f67-4cdc-b834-77743559af2d
2026-04-12 21:54:33.992 9 INFO neutron.db.ovn_revision_numbers_db [None req-54ecca66-9553-417f-adbb-7bc16402e823 - - - - - -] Successfully bumped revision number for resource a51e7b9d-7f67-4cdc-b834-77743559af2d (type: router_ports) to 2
2026-04-12 21:54:34.012 9 INFO neutron.db.ovn_revision_numbers_db [None req-4f86e22a-5c73-45b4-b510-7c0b0e1a12f9 1d54908506944a66a206602c330c01a4 fdec41f78e314bb2b4037c05e4868182 - - default default] Successfully bumped revision number for resource c2595ae1-96b8-4c38-a99e-e7be879f32cb (type: ports) to 1
2026-04-12 21:54:34.032 9 INFO neutron.plugins.ml2.drivers.ovn.mech_driver.mech_driver [None req-54ecca66-9553-417f-adbb-7bc16402e823 - - - - - -] OVN reports status up for port: 9b4f7e5d-2fb8-441c-93d6-d3884c4051c7
2026-04-12 21:54:34.038 9 INFO neutron.plugins.ml2.plugin [None req-54ecca66-9553-417f-adbb-7bc16402e823 - - - - - -] Attempt 1 to provision port 9b4f7e5d-2fb8-441c-93d6-d3884c4051c7
2026-04-12 21:54:34.330 10 INFO neutron.api.wsgi [-] 10.0.0.92 "GET / HTTP/1.1" status: 200 len: 247 time: 0.0029285
2026-04-12 21:54:34.333 10 INFO neutron.api.wsgi [-] 10.0.0.92 "GET / HTTP/1.1" status: 200 len: 247 time: 0.0014453
2026-04-12 21:54:34.567 10 INFO neutron.plugins.ml2.drivers.ovn.mech_driver.mech_driver [None req-19a5ffac-7b6b-44a9-9c54-51b1c0e84fe4 - - - - - -] OVN reports status up for port: c2595ae1-96b8-4c38-a99e-e7be879f32cb
2026-04-12 21:54:34.574 10 INFO neutron.plugins.ml2.plugin [None req-19a5ffac-7b6b-44a9-9c54-51b1c0e84fe4 - - - - - -] Attempt 1 to provision port c2595ae1-96b8-4c38-a99e-e7be879f32cb
2026-04-12 21:54:34.595 9 INFO neutron.db.ovn_revision_numbers_db [None req-4f86e22a-5c73-45b4-b510-7c0b0e1a12f9 1d54908506944a66a206602c330c01a4 fdec41f78e314bb2b4037c05e4868182 - - default default] Successfully bumped revision number for resource c2595ae1-96b8-4c38-a99e-e7be879f32cb (type: ports) to 1
2026-04-12 21:54:34.643 9 INFO neutron.api.wsgi [req-29c48340-a5e3-4836-a304-eded4641df72 req-fc733977-b9a0-44a5-b535-6c70e21f7da4 a5fb04122c904f00a9745caa5d5f067e 4c0663b709e047fcaea8fa4606123d17 - - default default] 10.0.0.69 "GET /v2.0/ports?device_id=f0eb7a28-4aba-443f-91af-9c3a4b3b7bc0 HTTP/1.1" status: 200 len: 1170 time: 0.0854108
2026-04-12 21:54:34.692 9 WARNING neutron.scheduler.dhcp_agent_scheduler [None req-4f86e22a-5c73-45b4-b510-7c0b0e1a12f9 1d54908506944a66a206602c330c01a4 fdec41f78e314bb2b4037c05e4868182 - - default default] No more DHCP agents
2026-04-12 21:54:34.693 9 WARNING neutron.api.rpc.agentnotifiers.dhcp_rpc_agent_api [None req-4f86e22a-5c73-45b4-b510-7c0b0e1a12f9 1d54908506944a66a206602c330c01a4 fdec41f78e314bb2b4037c05e4868182 - - default default] Unable to schedule network d300b8d2-35f6-43fe-901c-279ff8e29a59: no agents available; will retry on subsequent port and subnet creation events.
2026-04-12 21:54:34.712 9 INFO neutron.api.wsgi [req-29c48340-a5e3-4836-a304-eded4641df72 req-0897205a-4483-41d4-bf06-e3d3e2b70553 a5fb04122c904f00a9745caa5d5f067e 4c0663b709e047fcaea8fa4606123d17 - - default default] 10.0.0.69 "GET /v2.0/security-groups?id=b640054f-15c0-4a09-a5e8-0fbaa0b86324&fields=id&fields=name HTTP/1.1" status: 200 len: 312 time: 0.0608919
2026-04-12 21:54:34.807 10 INFO neutron.api.wsgi [req-57073254-6811-44c1-a2fd-d65b92133bb4 req-38d4f55b-9284-4f62-8067-f2142cca030a a5fb04122c904f00a9745caa5d5f067e 4c0663b709e047fcaea8fa4606123d17 - - default default] 10.0.0.69 "GET /v2.0/ports?device_id=f0eb7a28-4aba-443f-91af-9c3a4b3b7bc0 HTTP/1.1" status: 200 len: 1170 time: 0.0377810
2026-04-12 21:54:34.854 10 INFO neutron.api.wsgi [req-57073254-6811-44c1-a2fd-d65b92133bb4 req-9b9975aa-1e11-46cd-8f8f-7847a0a0be35 a5fb04122c904f00a9745caa5d5f067e 4c0663b709e047fcaea8fa4606123d17 - - default default] 10.0.0.69 "GET /v2.0/security-groups?id=b640054f-15c0-4a09-a5e8-0fbaa0b86324&fields=id&fields=name HTTP/1.1" status: 200 len: 312 time: 0.0405178
2026-04-12 21:54:34.896 10 INFO neutron.notifiers.nova [-] Nova event matching ['req-54c425ec-c75c-48c7-ba7e-a05c34df6541'] response: {'server_uuid': 'f0eb7a28-4aba-443f-91af-9c3a4b3b7bc0', 'name': 'network-vif-plugged', 'status': 'completed', 'tag': 'de31bb48-4254-44e9-8d24-291c722f15c1', 'code': 200}
2026-04-12 21:54:34.932 10 INFO neutron.api.wsgi [None req-cd613b85-d951-4f1a-a046-880c79117d50 dc2b72c66e5f49d1a7732f2fbc50f6ee ec42ba3c38d44e70873516908b8425ee - - default default] 10.0.0.252 "GET /v2.0/ports?device_id=f0eb7a28-4aba-443f-91af-9c3a4b3b7bc0 HTTP/1.1" status: 200 len: 1404 time: 0.0545995
2026-04-12 21:54:34.991 10 INFO neutron.db.ovn_revision_numbers_db [None req-19a5ffac-7b6b-44a9-9c54-51b1c0e84fe4 - - - - - -] Successfully bumped revision number for resource c2595ae1-96b8-4c38-a99e-e7be879f32cb (type: ports) to 2
2026-04-12 21:54:35.012 9 INFO neutron.db.ovn_revision_numbers_db [None req-4f86e22a-5c73-45b4-b510-7c0b0e1a12f9 1d54908506944a66a206602c330c01a4 fdec41f78e314bb2b4037c05e4868182 - - default default] Successfully bumped revision number for resource c2595ae1-96b8-4c38-a99e-e7be879f32cb (type: router_ports) to 1
2026-04-12 21:54:35.018 9 INFO neutron.api.wsgi [None req-4f86e22a-5c73-45b4-b510-7c0b0e1a12f9 1d54908506944a66a206602c330c01a4 fdec41f78e314bb2b4037c05e4868182 - - default default] 10.0.0.252 "PUT /v2.0/routers/a8cf1073-7d41-4c7e-a8c8-14dc53f10fc7/add_router_interface HTTP/1.1" status: 200 len: 503 time: 2.0283029
2026-04-12 21:54:35.535 10 WARNING neutron_lib.context [None req-3b3da215-8c32-4718-bb99-609df9641128 72d09712207b415c9081a16329707b75 faee95523029474c9f63d1dc368e4ed0 - - default default] Method 'is_advsvc' is deprecated since 2023.2 release (neutron-lib 3.8.0) and will be removed once support for the old RBAC API policies will be removed from Neutron. Please use method 'is_service_role' instead.
2026-04-12 21:54:35.633 9 WARNING neutron.scheduler.dhcp_agent_scheduler [None req-5041d27b-ed3b-4549-b0fc-95a67104e6d1 - - - - - -] No more DHCP agents
