2026-04-12 21:50:41.192 9 INFO neutron.db.ovn_revision_numbers_db [None req-7a8bc2bc-6f24-4306-83ab-88436e9a3d8d a567ec0a27104407b95cbb39e5809502 8a4ca2cca7574d2289ce86cc5ffab9bc - - default default] Successfully bumped revision number for resource 2ec2c425-130a-486c-ad6f-38cf92e38127 (type: security_groups) to 1
2026-04-12 21:50:41.196 10 INFO neutron.db.ovn_revision_numbers_db [None req-e373a2df-c36b-4241-b19b-b3376080f9fd a567ec0a27104407b95cbb39e5809502 8a4ca2cca7574d2289ce86cc5ffab9bc - - default default] Successfully bumped revision number for resource c8211fb7-ca12-493c-9252-7405a4dc0ca1 (type: security_group_rules) to 0
2026-04-12 21:50:41.203 9 INFO neutron.db.ovn_revision_numbers_db [None req-7a8bc2bc-6f24-4306-83ab-88436e9a3d8d a567ec0a27104407b95cbb39e5809502 8a4ca2cca7574d2289ce86cc5ffab9bc - - default default] Successfully bumped revision number for resource 03b23018-f789-4128-afac-7a05b68cbfc7 (type: security_group_rules) to 0
2026-04-12 21:50:41.224 9 INFO neutron.db.ovn_revision_numbers_db [None req-7a8bc2bc-6f24-4306-83ab-88436e9a3d8d a567ec0a27104407b95cbb39e5809502 8a4ca2cca7574d2289ce86cc5ffab9bc - - default default] Successfully bumped revision number for resource 6bc6d797-120b-496c-ac00-53368e0f96bd (type: security_group_rules) to 0
2026-04-12 21:50:41.234 9 INFO neutron.db.ovn_revision_numbers_db [None req-7a8bc2bc-6f24-4306-83ab-88436e9a3d8d a567ec0a27104407b95cbb39e5809502 8a4ca2cca7574d2289ce86cc5ffab9bc - - default default] Successfully bumped revision number for resource 7a8a4491-ef9b-4a34-98ae-05b56cfaa85b (type: security_group_rules) to 0
2026-04-12 21:50:41.250 9 INFO neutron.db.ovn_revision_numbers_db [None req-7a8bc2bc-6f24-4306-83ab-88436e9a3d8d a567ec0a27104407b95cbb39e5809502 8a4ca2cca7574d2289ce86cc5ffab9bc - - default default] Successfully bumped revision number for resource e80b7a20-0d94-40d8-b77d-015d99bb96be (type: security_group_rules) to 0
2026-04-12 21:50:41.279 10 INFO neutron.db.segments_db [None req-a12898da-2a0b-40e5-b640-8e3aa1b6bf92 a567ec0a27104407b95cbb39e5809502 8a4ca2cca7574d2289ce86cc5ffab9bc - - default default] Added segment 02bd9d03-c97e-46bf-98bd-1e0158aeb966 of type geneve for network fa502eb7-033a-45a9-bce6-c7f51d56211c
2026-04-12 21:50:41.294 10 INFO neutron.db.segments_db [None req-e373a2df-c36b-4241-b19b-b3376080f9fd a567ec0a27104407b95cbb39e5809502 8a4ca2cca7574d2289ce86cc5ffab9bc - - default default] Added segment e828ad69-4131-4471-84c5-193c2ae8407a of type geneve for network 6df4a87b-00e0-4573-af2e-51c48b14d3fd
2026-04-12 21:50:41.341 9 INFO neutron.db.segments_db [None req-7a8bc2bc-6f24-4306-83ab-88436e9a3d8d a567ec0a27104407b95cbb39e5809502 8a4ca2cca7574d2289ce86cc5ffab9bc - - default default] Added segment f330a438-8dff-4ae2-baf5-bb9716b1a432 of type geneve for network a1a8ddf6-813a-4293-aa37-5c4fad35f746
2026-04-12 21:50:41.390 10 INFO neutron.db.ovn_revision_numbers_db [None req-a12898da-2a0b-40e5-b640-8e3aa1b6bf92 a567ec0a27104407b95cbb39e5809502 8a4ca2cca7574d2289ce86cc5ffab9bc - - default default] Successfully bumped revision number for resource fa502eb7-033a-45a9-bce6-c7f51d56211c (type: networks) to 1
2026-04-12 21:50:41.424 10 INFO neutron.db.ovn_revision_numbers_db [None req-e373a2df-c36b-4241-b19b-b3376080f9fd a567ec0a27104407b95cbb39e5809502 8a4ca2cca7574d2289ce86cc5ffab9bc - - default default] Successfully bumped revision number for resource 6df4a87b-00e0-4573-af2e-51c48b14d3fd (type: networks) to 1
2026-04-12 21:50:41.469 9 INFO neutron.db.ovn_revision_numbers_db [None req-7a8bc2bc-6f24-4306-83ab-88436e9a3d8d a567ec0a27104407b95cbb39e5809502 8a4ca2cca7574d2289ce86cc5ffab9bc - - default default] Successfully bumped revision number for resource a1a8ddf6-813a-4293-aa37-5c4fad35f746 (type: networks) to 1
2026-04-12 21:50:41.544 10 WARNING neutron.scheduler.dhcp_agent_scheduler [None req-a12898da-2a0b-40e5-b640-8e3aa1b6bf92 a567ec0a27104407b95cbb39e5809502 8a4ca2cca7574d2289ce86cc5ffab9bc - - default default] No more DHCP agents
2026-04-12 21:50:41.545 10 WARNING neutron.api.rpc.agentnotifiers.dhcp_rpc_agent_api [None req-a12898da-2a0b-40e5-b640-8e3aa1b6bf92 a567ec0a27104407b95cbb39e5809502 8a4ca2cca7574d2289ce86cc5ffab9bc - - default default] Unable to schedule network fa502eb7-033a-45a9-bce6-c7f51d56211c: no agents available; will retry on subsequent port and subnet creation events.
2026-04-12 21:50:41.569 10 WARNING neutron.scheduler.dhcp_agent_scheduler [None req-e373a2df-c36b-4241-b19b-b3376080f9fd a567ec0a27104407b95cbb39e5809502 8a4ca2cca7574d2289ce86cc5ffab9bc - - default default] No more DHCP agents
2026-04-12 21:50:41.570 10 WARNING neutron.api.rpc.agentnotifiers.dhcp_rpc_agent_api [None req-e373a2df-c36b-4241-b19b-b3376080f9fd a567ec0a27104407b95cbb39e5809502 8a4ca2cca7574d2289ce86cc5ffab9bc - - default default] Unable to schedule network 6df4a87b-00e0-4573-af2e-51c48b14d3fd: no agents available; will retry on subsequent port and subnet creation events.
2026-04-12 21:50:41.600 10 INFO neutron.db.ovn_revision_numbers_db [None req-a12898da-2a0b-40e5-b640-8e3aa1b6bf92 a567ec0a27104407b95cbb39e5809502 8a4ca2cca7574d2289ce86cc5ffab9bc - - default default] Successfully bumped revision number for resource 5d57f9e4-6b43-430a-8262-7fd9a25228ed (type: ports) to 1
2026-04-12 21:50:41.628 10 INFO neutron.api.wsgi [None req-a12898da-2a0b-40e5-b640-8e3aa1b6bf92 a567ec0a27104407b95cbb39e5809502 8a4ca2cca7574d2289ce86cc5ffab9bc - - default default] 10.0.0.252 "POST /v2.0/networks HTTP/1.1" status: 201 len: 950 time: 0.7777071
2026-04-12 21:50:41.629 10 INFO neutron.db.ovn_revision_numbers_db [None req-e373a2df-c36b-4241-b19b-b3376080f9fd a567ec0a27104407b95cbb39e5809502 8a4ca2cca7574d2289ce86cc5ffab9bc - - default default] Successfully bumped revision number for resource c2133734-e6ba-45e5-a48f-b5a77037a627 (type: ports) to 1
2026-04-12 21:50:41.637 9 WARNING neutron.scheduler.dhcp_agent_scheduler [None req-7a8bc2bc-6f24-4306-83ab-88436e9a3d8d a567ec0a27104407b95cbb39e5809502 8a4ca2cca7574d2289ce86cc5ffab9bc - - default default] No more DHCP agents
2026-04-12 21:50:41.638 9 WARNING neutron.api.rpc.agentnotifiers.dhcp_rpc_agent_api [None req-7a8bc2bc-6f24-4306-83ab-88436e9a3d8d a567ec0a27104407b95cbb39e5809502 8a4ca2cca7574d2289ce86cc5ffab9bc - - default default] Unable to schedule network a1a8ddf6-813a-4293-aa37-5c4fad35f746: no agents available; will retry on subsequent port and subnet creation events.
2026-04-12 21:50:41.641 9 INFO neutron.db.ovn_revision_numbers_db [None req-19c92a09-0c21-4303-aebb-7c06519c2e7e a567ec0a27104407b95cbb39e5809502 8a4ca2cca7574d2289ce86cc5ffab9bc - - default default] Successfully bumped revision number for resource b82f45bd-8396-4f76-8f6d-6d045cc7989a (type: security_groups) to 1
2026-04-12 21:50:41.646 10 INFO neutron.api.wsgi [None req-e373a2df-c36b-4241-b19b-b3376080f9fd a567ec0a27104407b95cbb39e5809502 8a4ca2cca7574d2289ce86cc5ffab9bc - - default default] 10.0.0.252 "POST /v2.0/networks HTTP/1.1" status: 201 len: 946 time: 0.7036693
2026-04-12 21:50:41.655 9 INFO neutron.db.ovn_revision_numbers_db [None req-19c92a09-0c21-4303-aebb-7c06519c2e7e a567ec0a27104407b95cbb39e5809502 8a4ca2cca7574d2289ce86cc5ffab9bc - - default default] Successfully bumped revision number for resource 191559af-b8db-4b5d-b8ff-0979ca0d8934 (type: security_group_rules) to 0
2026-04-12 21:50:41.667 9 INFO neutron.db.ovn_revision_numbers_db [None req-19c92a09-0c21-4303-aebb-7c06519c2e7e a567ec0a27104407b95cbb39e5809502 8a4ca2cca7574d2289ce86cc5ffab9bc - - default default] Successfully bumped revision number for resource 38609a0d-1ee4-4cd9-b9cf-8d83c88262f5 (type: security_group_rules) to 0
2026-04-12 21:50:41.682 9 INFO neutron.db.ovn_revision_numbers_db [None req-19c92a09-0c21-4303-aebb-7c06519c2e7e a567ec0a27104407b95cbb39e5809502 8a4ca2cca7574d2289ce86cc5ffab9bc - - default default] Successfully bumped revision number for resource 7603a573-3589-4a95-ac64-83e9918d7157 (type: security_group_rules) to 0
2026-04-12 21:50:41.696 9 INFO neutron.db.ovn_revision_numbers_db [None req-7a8bc2bc-6f24-4306-83ab-88436e9a3d8d a567ec0a27104407b95cbb39e5809502 8a4ca2cca7574d2289ce86cc5ffab9bc - - default default] Successfully bumped revision number for resource 9a34c2d3-9ce3-4102-91d5-470be87d1d95 (type: ports) to 1
2026-04-12 21:50:41.698 9 INFO neutron.db.ovn_revision_numbers_db [None req-19c92a09-0c21-4303-aebb-7c06519c2e7e a567ec0a27104407b95cbb39e5809502 8a4ca2cca7574d2289ce86cc5ffab9bc - - default default] Successfully bumped revision number for resource 95776443-4d39-45c6-977b-e0c8df3639c7 (type: security_group_rules) to 0
2026-04-12 21:50:41.720 9 INFO neutron.api.wsgi [None req-7a8bc2bc-6f24-4306-83ab-88436e9a3d8d a567ec0a27104407b95cbb39e5809502 8a4ca2cca7574d2289ce86cc5ffab9bc - - default default] 10.0.0.252 "POST /v2.0/networks HTTP/1.1" status: 201 len: 946 time: 0.8403263
2026-04-12 21:50:41.745 9 INFO neutron.api.wsgi [None req-19c92a09-0c21-4303-aebb-7c06519c2e7e a567ec0a27104407b95cbb39e5809502 8a4ca2cca7574d2289ce86cc5ffab9bc - - default default] 10.0.0.252 "GET /v2.0/security-groups?tenant_id=322215fabff941258761ff1a20429fdc&name=default HTTP/1.1" status: 200 len: 3116 time: 0.3440323
2026-04-12 21:50:41.788 10 WARNING neutron.scheduler.dhcp_agent_scheduler [None req-9821d2d1-dfff-4952-866b-e94277f58396 a567ec0a27104407b95cbb39e5809502 8a4ca2cca7574d2289ce86cc5ffab9bc - - default default] No more DHCP agents
2026-04-12 21:50:41.789 10 WARNING neutron.scheduler.dhcp_agent_scheduler [None req-7e5caefa-2805-46bd-a8b9-be84cd10127f a567ec0a27104407b95cbb39e5809502 8a4ca2cca7574d2289ce86cc5ffab9bc - - default default] No more DHCP agents
2026-04-12 21:50:41.790 10 WARNING neutron.api.rpc.agentnotifiers.dhcp_rpc_agent_api [None req-9821d2d1-dfff-4952-866b-e94277f58396 a567ec0a27104407b95cbb39e5809502 8a4ca2cca7574d2289ce86cc5ffab9bc - - default default] Unable to schedule network fa502eb7-033a-45a9-bce6-c7f51d56211c: no agents available; will retry on subsequent port and subnet creation events.
2026-04-12 21:50:41.793 10 WARNING neutron.api.rpc.agentnotifiers.dhcp_rpc_agent_api [None req-7e5caefa-2805-46bd-a8b9-be84cd10127f a567ec0a27104407b95cbb39e5809502 8a4ca2cca7574d2289ce86cc5ffab9bc - - default default] Unable to schedule network 6df4a87b-00e0-4573-af2e-51c48b14d3fd: no agents available; will retry on subsequent port and subnet creation events.
2026-04-12 21:50:41.869 9 WARNING neutron.scheduler.dhcp_agent_scheduler [None req-5e3d3124-2911-4ee7-ae9e-8da6b50fc14b a567ec0a27104407b95cbb39e5809502 8a4ca2cca7574d2289ce86cc5ffab9bc - - default default] No more DHCP agents
2026-04-12 21:50:41.871 9 WARNING neutron.api.rpc.agentnotifiers.dhcp_rpc_agent_api [None req-5e3d3124-2911-4ee7-ae9e-8da6b50fc14b a567ec0a27104407b95cbb39e5809502 8a4ca2cca7574d2289ce86cc5ffab9bc - - default default] Unable to schedule network a1a8ddf6-813a-4293-aa37-5c4fad35f746: no agents available; will retry on subsequent port and subnet creation events.
2026-04-12 21:50:42.113 10 INFO neutron.api.wsgi [None req-078d7573-ac13-4118-87c8-4bce0b47a3d8 a567ec0a27104407b95cbb39e5809502 8a4ca2cca7574d2289ce86cc5ffab9bc - - default default] 10.0.0.252 "DELETE /v2.0/security-groups/b82f45bd-8396-4f76-8f6d-6d045cc7989a HTTP/1.1" status: 204 len: 168 time: 0.3587077
2026-04-12 21:50:42.237 9 INFO neutron.db.ovn_revision_numbers_db [None req-545c9228-5b88-4561-9c75-b2c9a279210a - - - - - -] Successfully bumped revision number for resource 9a34c2d3-9ce3-4102-91d5-470be87d1d95 (type: ports) to 2
2026-04-12 21:50:42.265 9 INFO neutron.db.ovn_revision_numbers_db [None req-545c9228-5b88-4561-9c75-b2c9a279210a - - - - - -] Successfully bumped revision number for resource 05b58b68-4823-4103-b08c-f3c0417009d1 (type: subnets) to 0
2026-04-12 21:50:42.269 10 INFO neutron.db.ovn_revision_numbers_db [None req-554f60ab-b248-44b3-94ea-d36583e189f9 - - - - - -] Successfully bumped revision number for resource c2133734-e6ba-45e5-a48f-b5a77037a627 (type: ports) to 2
2026-04-12 21:50:42.276 9 INFO neutron.api.wsgi [None req-5e3d3124-2911-4ee7-ae9e-8da6b50fc14b a567ec0a27104407b95cbb39e5809502 8a4ca2cca7574d2289ce86cc5ffab9bc - - default default] 10.0.0.252 "POST /v2.0/subnets HTTP/1.1" status: 201 len: 890 time: 0.5511472
2026-04-12 21:50:42.298 10 INFO neutron.db.ovn_revision_numbers_db [None req-554f60ab-b248-44b3-94ea-d36583e189f9 - - - - - -] Successfully bumped revision number for resource cbeabbbb-df09-4939-a85f-108e84db0ce8 (type: subnets) to 0
2026-04-12 21:50:42.304 10 INFO neutron.db.ovn_revision_numbers_db [None req-1bab26da-71ef-438d-a545-6c96a404aa6f - - - - - -] Successfully bumped revision number for resource 5d57f9e4-6b43-430a-8262-7fd9a25228ed (type: ports) to 2
2026-04-12 21:50:42.309 10 INFO neutron.api.wsgi [None req-7e5caefa-2805-46bd-a8b9-be84cd10127f a567ec0a27104407b95cbb39e5809502 8a4ca2cca7574d2289ce86cc5ffab9bc - - default default] 10.0.0.252 "POST /v2.0/subnets HTTP/1.1" status: 201 len: 890 time: 0.6592693
2026-04-12 21:50:42.339 10 INFO neutron.db.ovn_revision_numbers_db [None req-1bab26da-71ef-438d-a545-6c96a404aa6f - - - - - -] Successfully bumped revision number for resource dc615689-deee-4f39-a741-0d121ff12f3b (type: subnets) to 0
2026-04-12 21:50:42.353 10 INFO neutron.api.wsgi [None req-9821d2d1-dfff-4952-866b-e94277f58396 a567ec0a27104407b95cbb39e5809502 8a4ca2cca7574d2289ce86cc5ffab9bc - - default default] 10.0.0.252 "POST /v2.0/subnets HTTP/1.1" status: 201 len: 894 time: 0.7190120
2026-04-12 21:50:42.816 10 WARNING neutron.scheduler.dhcp_agent_scheduler [None req-5b824c76-b470-452e-8008-cb0e34903219 a567ec0a27104407b95cbb39e5809502 8a4ca2cca7574d2289ce86cc5ffab9bc - - default default] No more DHCP agents
2026-04-12 21:50:42.817 10 WARNING neutron.api.rpc.agentnotifiers.dhcp_rpc_agent_api [None req-5b824c76-b470-452e-8008-cb0e34903219 a567ec0a27104407b95cbb39e5809502 8a4ca2cca7574d2289ce86cc5ffab9bc - - default default] Unable to schedule network 6d18557e-50d3-4cad-9577-6f78d88df79d: no agents available; will retry on subsequent port and subnet creation events.
2026-04-12 21:50:42.862 9 WARNING neutron.scheduler.dhcp_agent_scheduler [None req-2fe5847f-e996-4b29-8ace-09c3240b894f a567ec0a27104407b95cbb39e5809502 8a4ca2cca7574d2289ce86cc5ffab9bc - - default default] No more DHCP agents
2026-04-12 21:50:42.863 9 WARNING neutron.api.rpc.agentnotifiers.dhcp_rpc_agent_api [None req-2fe5847f-e996-4b29-8ace-09c3240b894f a567ec0a27104407b95cbb39e5809502 8a4ca2cca7574d2289ce86cc5ffab9bc - - default default] Unable to schedule network 6d18557e-50d3-4cad-9577-6f78d88df79d: no agents available; will retry on subsequent port and subnet creation events.
2026-04-12 21:50:42.880 9 WARNING neutron.scheduler.dhcp_agent_scheduler [None req-ead1f869-e3b8-4231-bfc7-620ca07c3e69 a567ec0a27104407b95cbb39e5809502 8a4ca2cca7574d2289ce86cc5ffab9bc - - default default] No more DHCP agents
2026-04-12 21:50:42.881 9 WARNING neutron.api.rpc.agentnotifiers.dhcp_rpc_agent_api [None req-ead1f869-e3b8-4231-bfc7-620ca07c3e69 a567ec0a27104407b95cbb39e5809502 8a4ca2cca7574d2289ce86cc5ffab9bc - - default default] Unable to schedule network 6d18557e-50d3-4cad-9577-6f78d88df79d: no agents available; will retry on subsequent port and subnet creation events.
2026-04-12 21:50:42.921 10 INFO neutron.db.ovn_revision_numbers_db [None req-5b824c76-b470-452e-8008-cb0e34903219 a567ec0a27104407b95cbb39e5809502 8a4ca2cca7574d2289ce86cc5ffab9bc - - default default] Successfully bumped revision number for resource 8c534691-a58f-4732-a773-631428f4bcdd (type: ports) to 1
2026-04-12 21:50:42.975 9 INFO neutron.db.ovn_revision_numbers_db [None req-2fe5847f-e996-4b29-8ace-09c3240b894f a567ec0a27104407b95cbb39e5809502 8a4ca2cca7574d2289ce86cc5ffab9bc - - default default] Successfully bumped revision number for resource ef842163-8d2d-45d7-b201-bbd857923c3e (type: ports) to 1
2026-04-12 21:50:43.002 9 INFO neutron.db.ovn_revision_numbers_db [None req-ead1f869-e3b8-4231-bfc7-620ca07c3e69 a567ec0a27104407b95cbb39e5809502 8a4ca2cca7574d2289ce86cc5ffab9bc - - default default] Successfully bumped revision number for resource b6eed3c0-456f-4833-bdc2-b9abdf3da9e5 (type: ports) to 1
2026-04-12 21:50:43.197 10 INFO neutron.plugins.ml2.drivers.ovn.mech_driver.ovsdb.extensions.qos [None req-5b824c76-b470-452e-8008-cb0e34903219 a567ec0a27104407b95cbb39e5809502 8a4ca2cca7574d2289ce86cc5ffab9bc - - default default] Starting OVNClientQosExtension
2026-04-12 21:50:43.275 9 INFO neutron.plugins.ml2.drivers.ovn.mech_driver.ovsdb.extensions.qos [None req-2fe5847f-e996-4b29-8ace-09c3240b894f a567ec0a27104407b95cbb39e5809502 8a4ca2cca7574d2289ce86cc5ffab9bc - - default default] Starting OVNClientQosExtension
2026-04-12 21:50:43.540 10 INFO neutron.plugins.ml2.drivers.ovn.mech_driver.ovsdb.commands [None req-bf1ba29b-1617-4ed2-aa50-a502d7f2eced - - - - - -] Schedule LRP lrp-8c534691-a58f-4732-a773-631428f4bcdd on gateway 0bc1e388-1492-4620-851c-d00b3e8fa188 with priority 1
2026-04-12 21:50:43.548 10 INFO neutron.plugins.ml2.drivers.ovn.mech_driver.mech_driver [None req-d97aa230-0770-4aa1-b57f-525acca4f61a - - - - - -] OVN reports status up for port: 8c534691-a58f-4732-a773-631428f4bcdd
2026-04-12 21:50:43.559 9 INFO neutron.plugins.ml2.drivers.ovn.mech_driver.ovsdb.ovsdb_monitor [-] Router e48f4411-418c-4d68-b24b-e506c87d76c3 is bound to host instance
2026-04-12 21:50:43.563 10 INFO neutron.plugins.ml2.plugin [None req-d97aa230-0770-4aa1-b57f-525acca4f61a - - - - - -] Attempt 1 to provision port 8c534691-a58f-4732-a773-631428f4bcdd
2026-04-12 21:50:43.580 10 INFO neutron.db.ovn_revision_numbers_db [None req-5b824c76-b470-452e-8008-cb0e34903219 a567ec0a27104407b95cbb39e5809502 8a4ca2cca7574d2289ce86cc5ffab9bc - - default default] Successfully bumped revision number for resource 8c534691-a58f-4732-a773-631428f4bcdd (type: router_ports) to 1
2026-04-12 21:50:43.645 10 INFO neutron.db.ovn_revision_numbers_db [None req-5b824c76-b470-452e-8008-cb0e34903219 a567ec0a27104407b95cbb39e5809502 8a4ca2cca7574d2289ce86cc5ffab9bc - - default default] Successfully bumped revision number for resource e48f4411-418c-4d68-b24b-e506c87d76c3 (type: routers) to 2
2026-04-12 21:50:43.660 10 INFO neutron.api.wsgi [None req-5b824c76-b470-452e-8008-cb0e34903219 a567ec0a27104407b95cbb39e5809502 8a4ca2cca7574d2289ce86cc5ffab9bc - - default default] 10.0.0.252 "POST /v2.0/routers HTTP/1.1" status: 201 len: 1168 time: 1.3450537
2026-04-12 21:50:43.661 9 INFO neutron.plugins.ml2.drivers.ovn.mech_driver.ovsdb.commands [None req-9043cb80-e495-439d-ac66-a2fd63b8f52b - - - - - -] Schedule LRP lrp-ef842163-8d2d-45d7-b201-bbd857923c3e on gateway 0bc1e388-1492-4620-851c-d00b3e8fa188 with priority 1
2026-04-12 21:50:43.689 9 INFO neutron.plugins.ml2.drivers.ovn.mech_driver.ovsdb.commands [None req-9043cb80-e495-439d-ac66-a2fd63b8f52b - - - - - -] Schedule LRP lrp-b6eed3c0-456f-4833-bdc2-b9abdf3da9e5 on gateway 0bc1e388-1492-4620-851c-d00b3e8fa188 with priority 1
2026-04-12 21:50:43.772 10 INFO neutron.plugins.ml2.drivers.ovn.mech_driver.ovsdb.ovsdb_monitor [-] Router 6659b55a-cb98-4a61-aeb7-5335597d1cab is bound to host instance
2026-04-12 21:50:43.802 9 INFO neutron.db.ovn_revision_numbers_db [None req-2fe5847f-e996-4b29-8ace-09c3240b894f a567ec0a27104407b95cbb39e5809502 8a4ca2cca7574d2289ce86cc5ffab9bc - - default default] Successfully bumped revision number for resource ef842163-8d2d-45d7-b201-bbd857923c3e (type: router_ports) to 1
2026-04-12 21:50:43.821 9 INFO neutron.db.ovn_revision_numbers_db [None req-ead1f869-e3b8-4231-bfc7-620ca07c3e69 a567ec0a27104407b95cbb39e5809502 8a4ca2cca7574d2289ce86cc5ffab9bc - - default default] Successfully bumped revision number for resource b6eed3c0-456f-4833-bdc2-b9abdf3da9e5 (type: router_ports) to 1
2026-04-12 21:50:43.894 9 INFO neutron.db.ovn_revision_numbers_db [None req-2fe5847f-e996-4b29-8ace-09c3240b894f a567ec0a27104407b95cbb39e5809502 8a4ca2cca7574d2289ce86cc5ffab9bc - - default default] Successfully bumped revision number for resource aefbd5ce-b49c-4759-914e-4c5722acd8a9 (type: routers) to 2
2026-04-12 21:50:43.902 9 INFO neutron.db.ovn_revision_numbers_db [None req-ead1f869-e3b8-4231-bfc7-620ca07c3e69 a567ec0a27104407b95cbb39e5809502 8a4ca2cca7574d2289ce86cc5ffab9bc - - default default] Successfully bumped revision number for resource 6659b55a-cb98-4a61-aeb7-5335597d1cab (type: routers) to 2
2026-04-12 21:50:43.913 9 INFO neutron.api.wsgi [None req-2fe5847f-e996-4b29-8ace-09c3240b894f a567ec0a27104407b95cbb39e5809502 8a4ca2cca7574d2289ce86cc5ffab9bc - - default default] 10.0.0.252 "POST /v2.0/routers HTTP/1.1" status: 201 len: 1168 time: 1.6314614
2026-04-12 21:50:43.929 9 INFO neutron.api.wsgi [None req-ead1f869-e3b8-4231-bfc7-620ca07c3e69 a567ec0a27104407b95cbb39e5809502 8a4ca2cca7574d2289ce86cc5ffab9bc - - default default] 10.0.0.252 "POST /v2.0/routers HTTP/1.1" status: 201 len: 1172 time: 1.5679770
2026-04-12 21:50:44.164 9 INFO neutron.db.ovn_revision_numbers_db [None req-18e42490-2dcc-4a6a-a2aa-6ab09c6421d6 - - - - - -] Successfully bumped revision number for resource 8c534691-a58f-4732-a773-631428f4bcdd (type: ports) to 1
2026-04-12 21:50:44.165 10 INFO neutron.db.ovn_revision_numbers_db [None req-50c55bc4-7a43-436e-8613-fcf8a938b050 a567ec0a27104407b95cbb39e5809502 8a4ca2cca7574d2289ce86cc5ffab9bc - - default default] Successfully bumped revision number for resource 20c29574-5b83-4781-88a2-dea52532aad5 (type: security_groups) to 1
2026-04-12 21:50:44.192 10 INFO neutron.db.ovn_revision_numbers_db [None req-50c55bc4-7a43-436e-8613-fcf8a938b050 a567ec0a27104407b95cbb39e5809502 8a4ca2cca7574d2289ce86cc5ffab9bc - - default default] Successfully bumped revision number for resource 474a639a-33fc-4114-aed0-0b38da5a361a (type: security_group_rules) to 0
2026-04-12 21:50:44.216 10 INFO neutron.db.ovn_revision_numbers_db [None req-50c55bc4-7a43-436e-8613-fcf8a938b050 a567ec0a27104407b95cbb39e5809502 8a4ca2cca7574d2289ce86cc5ffab9bc - - default default] Successfully bumped revision number for resource af09b9ad-d101-4303-bdb8-7ff58029d227 (type: security_group_rules) to 0
2026-04-12 21:50:44.254 10 INFO neutron.db.ovn_revision_numbers_db [None req-50c55bc4-7a43-436e-8613-fcf8a938b050 a567ec0a27104407b95cbb39e5809502 8a4ca2cca7574d2289ce86cc5ffab9bc - - default default] Successfully bumped revision number for resource b365d381-71a5-43b4-a19f-0b5fa48a9ce3 (type: security_group_rules) to 0
2026-04-12 21:50:44.289 10 INFO neutron.db.ovn_revision_numbers_db [None req-50c55bc4-7a43-436e-8613-fcf8a938b050 a567ec0a27104407b95cbb39e5809502 8a4ca2cca7574d2289ce86cc5ffab9bc - - default default] Successfully bumped revision number for resource f055dcd1-4be3-4be4-a024-6c2a30bced6f (type: security_group_rules) to 0
2026-04-12 21:50:44.351 9 WARNING neutron.scheduler.dhcp_agent_scheduler [None req-a9e28c54-8bac-4004-8b02-1a1fdbfb6efb a567ec0a27104407b95cbb39e5809502 8a4ca2cca7574d2289ce86cc5ffab9bc - - default default] No more DHCP agents
2026-04-12 21:50:44.353 9 WARNING neutron.api.rpc.agentnotifiers.dhcp_rpc_agent_api [None req-a9e28c54-8bac-4004-8b02-1a1fdbfb6efb a567ec0a27104407b95cbb39e5809502 8a4ca2cca7574d2289ce86cc5ffab9bc - - default default] Unable to schedule network fa502eb7-033a-45a9-bce6-c7f51d56211c: no agents available; will retry on subsequent port and subnet creation events.
2026-04-12 21:50:44.390 10 INFO neutron.db.segments_db [None req-50c55bc4-7a43-436e-8613-fcf8a938b050 a567ec0a27104407b95cbb39e5809502 8a4ca2cca7574d2289ce86cc5ffab9bc - - default default] Added segment ee8f8712-6ffc-4783-af78-9ab55f475a31 of type geneve for network 106263e3-d3df-44fd-8c4f-e1ac83808c77
2026-04-12 21:50:44.443 10 WARNING neutron.scheduler.dhcp_agent_scheduler [None req-84e395ae-3efd-4184-997e-e058745e94c3 a567ec0a27104407b95cbb39e5809502 8a4ca2cca7574d2289ce86cc5ffab9bc - - default default] No more DHCP agents
2026-04-12 21:50:44.450 10 WARNING neutron.api.rpc.agentnotifiers.dhcp_rpc_agent_api [None req-84e395ae-3efd-4184-997e-e058745e94c3 a567ec0a27104407b95cbb39e5809502 8a4ca2cca7574d2289ce86cc5ffab9bc - - default default] Unable to schedule network 6df4a87b-00e0-4573-af2e-51c48b14d3fd: no agents available; will retry on subsequent port and subnet creation events.
2026-04-12 21:50:44.456 9 INFO neutron.db.ovn_revision_numbers_db [None req-a9e28c54-8bac-4004-8b02-1a1fdbfb6efb a567ec0a27104407b95cbb39e5809502 8a4ca2cca7574d2289ce86cc5ffab9bc - - default default] Successfully bumped revision number for resource 33e7a999-830c-4bbe-a15d-577299a13827 (type: ports) to 1
2026-04-12 21:50:44.480 9 INFO neutron.db.ovn_revision_numbers_db [None req-18e42490-2dcc-4a6a-a2aa-6ab09c6421d6 - - - - - -] Successfully bumped revision number for resource 8c534691-a58f-4732-a773-631428f4bcdd (type: ports) to 4
2026-04-12 21:50:44.480 10 INFO neutron.db.ovn_revision_numbers_db [None req-6d822c28-fb20-41af-8519-0d0df23e6719 - - - - - -] Successfully bumped revision number for resource b6eed3c0-456f-4833-bdc2-b9abdf3da9e5 (type: ports) to 1
2026-04-12 21:50:44.625 10 INFO neutron.db.ovn_revision_numbers_db [None req-50c55bc4-7a43-436e-8613-fcf8a938b050 a567ec0a27104407b95cbb39e5809502 8a4ca2cca7574d2289ce86cc5ffab9bc - - default default] Successfully bumped revision number for resource 106263e3-d3df-44fd-8c4f-e1ac83808c77 (type: networks) to 1
2026-04-12 21:50:44.690 10 INFO neutron.db.ovn_revision_numbers_db [None req-84e395ae-3efd-4184-997e-e058745e94c3 a567ec0a27104407b95cbb39e5809502 8a4ca2cca7574d2289ce86cc5ffab9bc - - default default] Successfully bumped revision number for resource e12190a8-90f0-4cef-ae50-202279fadcd2 (type: ports) to 1
2026-04-12 21:50:44.737 10 WARNING neutron.scheduler.dhcp_agent_scheduler [None req-8405dbbe-8db3-4227-a7aa-da5db8e06bc4 a567ec0a27104407b95cbb39e5809502 8a4ca2cca7574d2289ce86cc5ffab9bc - - default default] No more DHCP agents
2026-04-12 21:50:44.743 10 WARNING neutron.api.rpc.agentnotifiers.dhcp_rpc_agent_api [None req-8405dbbe-8db3-4227-a7aa-da5db8e06bc4 a567ec0a27104407b95cbb39e5809502 8a4ca2cca7574d2289ce86cc5ffab9bc - - default default] Unable to schedule network a1a8ddf6-813a-4293-aa37-5c4fad35f746: no agents available; will retry on subsequent port and subnet creation events.
2026-04-12 21:50:44.936 9 INFO neutron.db.ovn_revision_numbers_db [None req-18e42490-2dcc-4a6a-a2aa-6ab09c6421d6 - - - - - -] Successfully bumped revision number for resource 8c534691-a58f-4732-a773-631428f4bcdd (type: ports) to 5
2026-04-12 21:50:44.995 9 INFO neutron.plugins.ml2.drivers.ovn.mech_driver.ovsdb.ovsdb_monitor [None req-18e42490-2dcc-4a6a-a2aa-6ab09c6421d6 - - - - - -] Router aefbd5ce-b49c-4759-914e-4c5722acd8a9 is bound to host instance
2026-04-12 21:50:45.050 10 WARNING neutron.scheduler.dhcp_agent_scheduler [None req-50c55bc4-7a43-436e-8613-fcf8a938b050 a567ec0a27104407b95cbb39e5809502 8a4ca2cca7574d2289ce86cc5ffab9bc - - default default] No more DHCP agents
2026-04-12 21:50:45.056 10 WARNING neutron.api.rpc.agentnotifiers.dhcp_rpc_agent_api [None req-50c55bc4-7a43-436e-8613-fcf8a938b050 a567ec0a27104407b95cbb39e5809502 8a4ca2cca7574d2289ce86cc5ffab9bc - - default default] Unable to schedule network 106263e3-d3df-44fd-8c4f-e1ac83808c77: no agents available; will retry on subsequent port and subnet creation events.
2026-04-12 21:50:45.076 10 INFO neutron.db.ovn_revision_numbers_db [None req-8405dbbe-8db3-4227-a7aa-da5db8e06bc4 a567ec0a27104407b95cbb39e5809502 8a4ca2cca7574d2289ce86cc5ffab9bc - - default default] Successfully bumped revision number for resource df265b3a-29d8-418e-8c20-b38ba91cb024 (type: ports) to 1
2026-04-12 21:50:45.130 9 INFO neutron.db.ovn_revision_numbers_db [None req-a9e28c54-8bac-4004-8b02-1a1fdbfb6efb a567ec0a27104407b95cbb39e5809502 8a4ca2cca7574d2289ce86cc5ffab9bc - - default default] Successfully bumped revision number for resource 33e7a999-830c-4bbe-a15d-577299a13827 (type: ports) to 1
2026-04-12 21:50:45.181 10 INFO neutron.db.ovn_revision_numbers_db [None req-50c55bc4-7a43-436e-8613-fcf8a938b050 a567ec0a27104407b95cbb39e5809502 8a4ca2cca7574d2289ce86cc5ffab9bc - - default default] Successfully bumped revision number for resource 0e895169-2913-4ae4-9c68-0f7e855663fd (type: ports) to 1
2026-04-12 21:50:45.186 9 WARNING neutron.scheduler.dhcp_agent_scheduler [None req-a9e28c54-8bac-4004-8b02-1a1fdbfb6efb a567ec0a27104407b95cbb39e5809502 8a4ca2cca7574d2289ce86cc5ffab9bc - - default default] No more DHCP agents
2026-04-12 21:50:45.188 9 WARNING neutron.api.rpc.agentnotifiers.dhcp_rpc_agent_api [None req-a9e28c54-8bac-4004-8b02-1a1fdbfb6efb a567ec0a27104407b95cbb39e5809502 8a4ca2cca7574d2289ce86cc5ffab9bc - - default default] Unable to schedule network fa502eb7-033a-45a9-bce6-c7f51d56211c: no agents available; will retry on subsequent port and subnet creation events.
2026-04-12 21:50:45.205 10 INFO neutron.db.ovn_revision_numbers_db [None req-6d822c28-fb20-41af-8519-0d0df23e6719 - - - - - -] Successfully bumped revision number for resource b6eed3c0-456f-4833-bdc2-b9abdf3da9e5 (type: ports) to 4
2026-04-12 21:50:45.217 10 INFO neutron.api.wsgi [None req-50c55bc4-7a43-436e-8613-fcf8a938b050 a567ec0a27104407b95cbb39e5809502 8a4ca2cca7574d2289ce86cc5ffab9bc - - default default] 10.0.0.252 "POST /v2.0/networks HTTP/1.1" status: 201 len: 951 time: 1.4531198
2026-04-12 21:50:45.441 9 INFO neutron.db.ovn_revision_numbers_db [None req-e52091da-c0b5-415d-8386-d15501010f5c - - - - - -] Successfully bumped revision number for resource ef842163-8d2d-45d7-b201-bbd857923c3e (type: ports) to 1
2026-04-12 21:50:45.489 10 WARNING neutron.scheduler.dhcp_agent_scheduler [None req-234228fb-4287-4ec9-9702-2f2beabc2439 a567ec0a27104407b95cbb39e5809502 8a4ca2cca7574d2289ce86cc5ffab9bc - - default default] No more DHCP agents
2026-04-12 21:50:45.492 10 WARNING neutron.api.rpc.agentnotifiers.dhcp_rpc_agent_api [None req-234228fb-4287-4ec9-9702-2f2beabc2439 a567ec0a27104407b95cbb39e5809502 8a4ca2cca7574d2289ce86cc5ffab9bc - - default default] Unable to schedule network 106263e3-d3df-44fd-8c4f-e1ac83808c77: no agents available; will retry on subsequent port and subnet creation events.
2026-04-12 21:50:45.738 9 INFO neutron.plugins.ml2.drivers.ovn.mech_driver.mech_driver [None req-7f560209-62b4-438e-9eae-97b28358de99 - - - - - -] OVN reports status up for port: e12190a8-90f0-4cef-ae50-202279fadcd2
2026-04-12 21:50:45.748 9 INFO neutron.plugins.ml2.plugin [None req-7f560209-62b4-438e-9eae-97b28358de99 - - - - - -] Attempt 1 to provision port e12190a8-90f0-4cef-ae50-202279fadcd2
2026-04-12 21:50:45.783 10 INFO neutron.db.ovn_revision_numbers_db [None req-6d822c28-fb20-41af-8519-0d0df23e6719 - - - - - -] Successfully bumped revision number for resource b6eed3c0-456f-4833-bdc2-b9abdf3da9e5 (type: ports) to 5
2026-04-12 21:50:45.789 10 INFO neutron.db.ovn_revision_numbers_db [None req-84e395ae-3efd-4184-997e-e058745e94c3 a567ec0a27104407b95cbb39e5809502 8a4ca2cca7574d2289ce86cc5ffab9bc - - default default] Successfully bumped revision number for resource e12190a8-90f0-4cef-ae50-202279fadcd2 (type: ports) to 1
2026-04-12 21:50:45.822 9 INFO neutron.db.ovn_revision_numbers_db [None req-e52091da-c0b5-415d-8386-d15501010f5c - - - - - -] Successfully bumped revision number for resource ef842163-8d2d-45d7-b201-bbd857923c3e (type: ports) to 4
2026-04-12 21:50:45.847 9 INFO neutron.db.ovn_revision_numbers_db [None req-a9e28c54-8bac-4004-8b02-1a1fdbfb6efb a567ec0a27104407b95cbb39e5809502 8a4ca2cca7574d2289ce86cc5ffab9bc - - default default] Successfully bumped revision number for resource 33e7a999-830c-4bbe-a15d-577299a13827 (type: router_ports) to 1
2026-04-12 21:50:45.851 9 INFO neutron.api.wsgi [None req-a9e28c54-8bac-4004-8b02-1a1fdbfb6efb a567ec0a27104407b95cbb39e5809502 8a4ca2cca7574d2289ce86cc5ffab9bc - - default default] 10.0.0.252 "PUT /v2.0/routers/6659b55a-cb98-4a61-aeb7-5335597d1cab/add_router_interface HTTP/1.1" status: 200 len: 503 time: 1.9173176
2026-04-12 21:50:45.928 10 WARNING neutron.scheduler.dhcp_agent_scheduler [None req-84e395ae-3efd-4184-997e-e058745e94c3 a567ec0a27104407b95cbb39e5809502 8a4ca2cca7574d2289ce86cc5ffab9bc - - default default] No more DHCP agents
2026-04-12 21:50:45.931 10 WARNING neutron.api.rpc.agentnotifiers.dhcp_rpc_agent_api [None req-84e395ae-3efd-4184-997e-e058745e94c3 a567ec0a27104407b95cbb39e5809502 8a4ca2cca7574d2289ce86cc5ffab9bc - - default default] Unable to schedule network 6df4a87b-00e0-4573-af2e-51c48b14d3fd: no agents available; will retry on subsequent port and subnet creation events.
2026-04-12 21:50:46.064 10 INFO neutron.db.ovn_revision_numbers_db [None req-8405dbbe-8db3-4227-a7aa-da5db8e06bc4 a567ec0a27104407b95cbb39e5809502 8a4ca2cca7574d2289ce86cc5ffab9bc - - default default] Successfully bumped revision number for resource df265b3a-29d8-418e-8c20-b38ba91cb024 (type: ports) to 1
2026-04-12 21:50:46.187 9 INFO neutron.db.ovn_revision_numbers_db [None req-7f560209-62b4-438e-9eae-97b28358de99 - - - - - -] Successfully bumped revision number for resource e12190a8-90f0-4cef-ae50-202279fadcd2 (type: ports) to 2
2026-04-12 21:50:46.205 9 INFO neutron.db.ovn_revision_numbers_db [None req-e52091da-c0b5-415d-8386-d15501010f5c - - - - - -] Successfully bumped revision number for resource ef842163-8d2d-45d7-b201-bbd857923c3e (type: ports) to 5
2026-04-12 21:50:46.235 10 INFO neutron.plugins.ml2.drivers.ovn.mech_driver.mech_driver [None req-d97aa230-0770-4aa1-b57f-525acca4f61a - - - - - -] OVN reports status up for port: ef842163-8d2d-45d7-b201-bbd857923c3e
2026-04-12 21:50:46.246 10 WARNING neutron.scheduler.dhcp_agent_scheduler [None req-8405dbbe-8db3-4227-a7aa-da5db8e06bc4 a567ec0a27104407b95cbb39e5809502 8a4ca2cca7574d2289ce86cc5ffab9bc - - default default] No more DHCP agents
2026-04-12 21:50:46.248 10 INFO neutron.plugins.ml2.plugin [None req-d97aa230-0770-4aa1-b57f-525acca4f61a - - - - - -] Attempt 1 to provision port ef842163-8d2d-45d7-b201-bbd857923c3e
2026-04-12 21:50:46.250 10 WARNING neutron.api.rpc.agentnotifiers.dhcp_rpc_agent_api [None req-8405dbbe-8db3-4227-a7aa-da5db8e06bc4 a567ec0a27104407b95cbb39e5809502 8a4ca2cca7574d2289ce86cc5ffab9bc - - default default] Unable to schedule network a1a8ddf6-813a-4293-aa37-5c4fad35f746: no agents available; will retry on subsequent port and subnet creation events.
2026-04-12 21:50:46.252 10 INFO neutron.db.ovn_revision_numbers_db [None req-6a5b9b17-c3a5-484d-96db-18a6e946da47 - - - - - -] Successfully bumped revision number for resource 0e895169-2913-4ae4-9c68-0f7e855663fd (type: ports) to 2
2026-04-12 21:50:46.311 10 INFO neutron.db.ovn_revision_numbers_db [None req-6a5b9b17-c3a5-484d-96db-18a6e946da47 - - - - - -] Successfully bumped revision number for resource 3b58cd66-a9fd-46d9-952b-07bcd36566e6 (type: subnets) to 0
2026-04-12 21:50:46.335 9 WARNING neutron_lib.context [None req-3822a0a6-79ec-477a-904f-8048305813bb caa67bfb76fd4febb0e3a2d63c3f8db8 e313c1cc6dd5405d81753afeacdb22c9 - - default default] Method 'is_advsvc' is deprecated since 2023.2 release (neutron-lib 3.8.0) and will be removed once support for the old RBAC API policies will be removed from Neutron. Please use method 'is_service_role' instead.
2026-04-12 21:50:46.352 10 INFO neutron.api.wsgi [None req-234228fb-4287-4ec9-9702-2f2beabc2439 a567ec0a27104407b95cbb39e5809502 8a4ca2cca7574d2289ce86cc5ffab9bc - - default default] 10.0.0.252 "POST /v2.0/subnets HTTP/1.1" status: 201 len: 895 time: 1.1284018
2026-04-12 21:50:46.398 10 INFO neutron.plugins.ml2.drivers.ovn.mech_driver.mech_driver [None req-d97aa230-0770-4aa1-b57f-525acca4f61a - - - - - -] OVN reports status up for port: b6eed3c0-456f-4833-bdc2-b9abdf3da9e5
2026-04-12 21:50:46.416 10 INFO neutron.plugins.ml2.plugin [None req-d97aa230-0770-4aa1-b57f-525acca4f61a - - - - - -] Attempt 1 to provision port b6eed3c0-456f-4833-bdc2-b9abdf3da9e5
2026-04-12 21:50:46.469 9 INFO neutron.db.ovn_revision_numbers_db [None req-3822a0a6-79ec-477a-904f-8048305813bb caa67bfb76fd4febb0e3a2d63c3f8db8 e313c1cc6dd5405d81753afeacdb22c9 - - default default] Successfully bumped revision number for resource 830a1c0f-2401-4fa1-a15a-bc496cc52e27 (type: security_groups) to 1
2026-04-12 21:50:46.481 9 INFO neutron.db.ovn_revision_numbers_db [None req-3822a0a6-79ec-477a-904f-8048305813bb caa67bfb76fd4febb0e3a2d63c3f8db8 e313c1cc6dd5405d81753afeacdb22c9 - - default default] Successfully bumped revision number for resource 7bae6d69-ace4-4335-8370-69d3c62436a5 (type: security_group_rules) to 0
2026-04-12 21:50:46.498 9 INFO neutron.db.ovn_revision_numbers_db [None req-3822a0a6-79ec-477a-904f-8048305813bb caa67bfb76fd4febb0e3a2d63c3f8db8 e313c1cc6dd5405d81753afeacdb22c9 - - default default] Successfully bumped revision number for resource 8dcf6773-7c4f-428e-9a58-89d1b699938b (type: security_group_rules) to 0
2026-04-12 21:50:46.524 10 INFO neutron.plugins.ml2.drivers.ovn.mech_driver.mech_driver [None req-d97aa230-0770-4aa1-b57f-525acca4f61a - - - - - -] OVN reports status up for port: 33e7a999-830c-4bbe-a15d-577299a13827
2026-04-12 21:50:46.537 9 INFO neutron.api.wsgi [None req-3822a0a6-79ec-477a-904f-8048305813bb caa67bfb76fd4febb0e3a2d63c3f8db8 e313c1cc6dd5405d81753afeacdb22c9 - - default default] 10.0.0.252 "POST /v2.0/security-groups HTTP/1.1" status: 201 len: 1861 time: 0.2054214
2026-04-12 21:50:46.539 10 INFO neutron.plugins.ml2.plugin [None req-d97aa230-0770-4aa1-b57f-525acca4f61a - - - - - -] Attempt 1 to provision port 33e7a999-830c-4bbe-a15d-577299a13827
2026-04-12 21:50:46.550 10 WARNING neutron_lib.context [None req-0f7fde6e-43c9-4d9e-bff7-426bb850dbc3 caa67bfb76fd4febb0e3a2d63c3f8db8 e313c1cc6dd5405d81753afeacdb22c9 - - default default] Method 'is_advsvc' is deprecated since 2023.2 release (neutron-lib 3.8.0) and will be removed once support for the old RBAC API policies will be removed from Neutron. Please use method 'is_service_role' instead.
2026-04-12 21:50:46.708 9 WARNING neutron.scheduler.dhcp_agent_scheduler [None req-35449b13-11b1-42d3-85bb-9751fb8a22d7 a567ec0a27104407b95cbb39e5809502 8a4ca2cca7574d2289ce86cc5ffab9bc - - default default] No more DHCP agents
2026-04-12 21:50:46.710 9 WARNING neutron.api.rpc.agentnotifiers.dhcp_rpc_agent_api [None req-35449b13-11b1-42d3-85bb-9751fb8a22d7 a567ec0a27104407b95cbb39e5809502 8a4ca2cca7574d2289ce86cc5ffab9bc - - default default] Unable to schedule network 6d18557e-50d3-4cad-9577-6f78d88df79d: no agents available; will retry on subsequent port and subnet creation events.
2026-04-12 21:50:46.795 10 INFO neutron.db.ovn_revision_numbers_db [None req-0f7fde6e-43c9-4d9e-bff7-426bb850dbc3 caa67bfb76fd4febb0e3a2d63c3f8db8 e313c1cc6dd5405d81753afeacdb22c9 - - default default] Successfully bumped revision number for resource 337e7435-7b09-4613-8afd-1c4ac286d075 (type: security_group_rules) to 0
2026-04-12 21:50:46.796 9 INFO neutron.db.ovn_revision_numbers_db [None req-35449b13-11b1-42d3-85bb-9751fb8a22d7 a567ec0a27104407b95cbb39e5809502 8a4ca2cca7574d2289ce86cc5ffab9bc - - default default] Successfully bumped revision number for resource 3294b113-5942-41e0-9256-7826915fd040 (type: ports) to 1
2026-04-12 21:50:46.859 10 INFO neutron.api.wsgi [None req-0f7fde6e-43c9-4d9e-bff7-426bb850dbc3 caa67bfb76fd4febb0e3a2d63c3f8db8 e313c1cc6dd5405d81753afeacdb22c9 - - default default] 10.0.0.252 "POST /v2.0/security-group-rules HTTP/1.1" status: 201 len: 796 time: 0.3159425
2026-04-12 21:50:46.867 9 WARNING neutron_lib.context [None req-08e8701f-6484-4312-b6a8-f861435137ef caa67bfb76fd4febb0e3a2d63c3f8db8 e313c1cc6dd5405d81753afeacdb22c9 - - default default] Method 'is_advsvc' is deprecated since 2023.2 release (neutron-lib 3.8.0) and will be removed once support for the old RBAC API policies will be removed from Neutron. Please use method 'is_service_role' instead.
2026-04-12 21:50:46.981 10 INFO neutron.db.ovn_revision_numbers_db [None req-84e395ae-3efd-4184-997e-e058745e94c3 a567ec0a27104407b95cbb39e5809502 8a4ca2cca7574d2289ce86cc5ffab9bc - - default default] Successfully bumped revision number for resource e12190a8-90f0-4cef-ae50-202279fadcd2 (type: router_ports) to 2
2026-04-12 21:50:46.986 10 INFO neutron.api.wsgi [None req-84e395ae-3efd-4184-997e-e058745e94c3 a567ec0a27104407b95cbb39e5809502 8a4ca2cca7574d2289ce86cc5ffab9bc - - default default] 10.0.0.252 "PUT /v2.0/routers/e48f4411-418c-4d68-b24b-e506c87d76c3/add_router_interface HTTP/1.1" status: 200 len: 503 time: 3.3176227
2026-04-12 21:50:47.063 9 INFO neutron.db.ovn_revision_numbers_db [None req-08e8701f-6484-4312-b6a8-f861435137ef caa67bfb76fd4febb0e3a2d63c3f8db8 e313c1cc6dd5405d81753afeacdb22c9 - - default default] Successfully bumped revision number for resource d11173fb-64ac-4b51-b5f5-3b3666ed4285 (type: security_group_rules) to 0
2026-04-12 21:50:47.097 9 INFO neutron.api.wsgi [None req-08e8701f-6484-4312-b6a8-f861435137ef caa67bfb76fd4febb0e3a2d63c3f8db8 e313c1cc6dd5405d81753afeacdb22c9 - - default default] 10.0.0.252 "POST /v2.0/security-group-rules HTTP/1.1" status: 201 len: 801 time: 0.2323124
2026-04-12 21:50:47.110 9 WARNING neutron_lib.context [None req-77cd9a49-ebc8-4ef9-bffe-fce8bd810e5d caa67bfb76fd4febb0e3a2d63c3f8db8 e313c1cc6dd5405d81753afeacdb22c9 - - default default] Method 'is_advsvc' is deprecated since 2023.2 release (neutron-lib 3.8.0) and will be removed once support for the old RBAC API policies will be removed from Neutron. Please use method 'is_service_role' instead.
2026-04-12 21:50:47.132 10 INFO neutron.db.ovn_revision_numbers_db [None req-d97aa230-0770-4aa1-b57f-525acca4f61a - - - - - -] Successfully bumped revision number for resource 33e7a999-830c-4bbe-a15d-577299a13827 (type: ports) to 2
2026-04-12 21:50:47.186 10 INFO neutron.db.ovn_revision_numbers_db [None req-8405dbbe-8db3-4227-a7aa-da5db8e06bc4 a567ec0a27104407b95cbb39e5809502 8a4ca2cca7574d2289ce86cc5ffab9bc - - default default] Successfully bumped revision number for resource df265b3a-29d8-418e-8c20-b38ba91cb024 (type: router_ports) to 1
2026-04-12 21:50:47.190 10 INFO neutron.api.wsgi [None req-8405dbbe-8db3-4227-a7aa-da5db8e06bc4 a567ec0a27104407b95cbb39e5809502 8a4ca2cca7574d2289ce86cc5ffab9bc - - default default] 10.0.0.252 "PUT /v2.0/routers/aefbd5ce-b49c-4759-914e-4c5722acd8a9/add_router_interface HTTP/1.1" status: 200 len: 503 time: 3.2718649
2026-04-12 21:50:47.328 9 WARNING neutron.scheduler.dhcp_agent_scheduler [None req-77cd9a49-ebc8-4ef9-bffe-fce8bd810e5d caa67bfb76fd4febb0e3a2d63c3f8db8 e313c1cc6dd5405d81753afeacdb22c9 - - default default] No more DHCP agents
2026-04-12 21:50:47.328 9 WARNING neutron.api.rpc.agentnotifiers.dhcp_rpc_agent_api [None req-77cd9a49-ebc8-4ef9-bffe-fce8bd810e5d caa67bfb76fd4febb0e3a2d63c3f8db8 e313c1cc6dd5405d81753afeacdb22c9 - - default default] Unable to schedule network 6d18557e-50d3-4cad-9577-6f78d88df79d: no agents available; will retry on subsequent port and subnet creation events.
2026-04-12 21:50:47.377 9 INFO neutron.plugins.ml2.drivers.ovn.mech_driver.ovsdb.commands [None req-9043cb80-e495-439d-ac66-a2fd63b8f52b - - - - - -] Schedule LRP lrp-3294b113-5942-41e0-9256-7826915fd040 on gateway 0bc1e388-1492-4620-851c-d00b3e8fa188 with priority 1
2026-04-12 21:50:47.412 9 INFO neutron.plugins.ml2.drivers.ovn.mech_driver.ovsdb.ovsdb_monitor [None req-e52091da-c0b5-415d-8386-d15501010f5c - - - - - -] Router ed8b0a1b-c62b-4ad3-b5f1-420cad2ec663 is bound to host instance
2026-04-12 21:50:47.459 10 WARNING neutron_lib.context [None req-4be0fa27-763c-4be0-8246-370892de0537 b78005a27a48480eb930a93c78963691 4b8b337872df46cd98f1ee50e7ce4401 - - default default] Method 'is_advsvc' is deprecated since 2023.2 release (neutron-lib 3.8.0) and will be removed once support for the old RBAC API policies will be removed from Neutron. Please use method 'is_service_role' instead.
2026-04-12 21:50:47.556 9 INFO neutron.db.ovn_revision_numbers_db [None req-35449b13-11b1-42d3-85bb-9751fb8a22d7 a567ec0a27104407b95cbb39e5809502 8a4ca2cca7574d2289ce86cc5ffab9bc - - default default] Successfully bumped revision number for resource 3294b113-5942-41e0-9256-7826915fd040 (type: router_ports) to 1
2026-04-12 21:50:47.557 10 INFO neutron.db.ovn_revision_numbers_db [None req-4be0fa27-763c-4be0-8246-370892de0537 b78005a27a48480eb930a93c78963691 4b8b337872df46cd98f1ee50e7ce4401 - - default default] Successfully bumped revision number for resource 9ee2e65f-d91e-469f-96f9-fdf5cc0d4ed1 (type: security_groups) to 1
2026-04-12 21:50:47.567 10 INFO neutron.db.ovn_revision_numbers_db [None req-4be0fa27-763c-4be0-8246-370892de0537 b78005a27a48480eb930a93c78963691 4b8b337872df46cd98f1ee50e7ce4401 - - default default] Successfully bumped revision number for resource 099133c1-d820-4efa-a3fa-c5544df73413 (type: security_group_rules) to 0
2026-04-12 21:50:47.576 10 INFO neutron.db.ovn_revision_numbers_db [None req-4be0fa27-763c-4be0-8246-370892de0537 b78005a27a48480eb930a93c78963691 4b8b337872df46cd98f1ee50e7ce4401 - - default default] Successfully bumped revision number for resource 0fd33a39-0857-4049-ba55-b358fa849e3f (type: security_group_rules) to 0
2026-04-12 21:50:47.607 10 INFO neutron.api.wsgi [None req-4be0fa27-763c-4be0-8246-370892de0537 b78005a27a48480eb930a93c78963691 4b8b337872df46cd98f1ee50e7ce4401 - - default default] 10.0.0.252 "POST /v2.0/security-groups HTTP/1.1" status: 201 len: 1861 time: 0.1554222
2026-04-12 21:50:47.615 10 WARNING neutron_lib.context [None req-d052b0ff-fb4a-46db-8439-5da99c2c80cd b78005a27a48480eb930a93c78963691 4b8b337872df46cd98f1ee50e7ce4401 - - default default] Method 'is_advsvc' is deprecated since 2023.2 release (neutron-lib 3.8.0) and will be removed once support for the old RBAC API policies will be removed from Neutron. Please use method 'is_service_role' instead.
2026-04-12 21:50:47.632 10 WARNING neutron_lib.context [None req-5a24b0aa-fa2e-4934-8c14-d55fc5e01f6a 4b40f74b9ac549d7aa9124e65b8f2057 4125b6f5b33d46a9988e90db2d3d806d - - default default] Method 'is_advsvc' is deprecated since 2023.2 release (neutron-lib 3.8.0) and will be removed once support for the old RBAC API policies will be removed from Neutron. Please use method 'is_service_role' instead.
2026-04-12 21:50:47.650 9 INFO neutron.db.ovn_revision_numbers_db [None req-35449b13-11b1-42d3-85bb-9751fb8a22d7 a567ec0a27104407b95cbb39e5809502 8a4ca2cca7574d2289ce86cc5ffab9bc - - default default] Successfully bumped revision number for resource ed8b0a1b-c62b-4ad3-b5f1-420cad2ec663 (type: routers) to 2
2026-04-12 21:50:47.674 9 INFO neutron.api.wsgi [None req-35449b13-11b1-42d3-85bb-9751fb8a22d7 a567ec0a27104407b95cbb39e5809502 8a4ca2cca7574d2289ce86cc5ffab9bc - - default default] 10.0.0.252 "POST /v2.0/routers HTTP/1.1" status: 201 len: 1173 time: 1.3156970
2026-04-12 21:50:47.825 10 INFO neutron.db.ovn_revision_numbers_db [None req-d052b0ff-fb4a-46db-8439-5da99c2c80cd b78005a27a48480eb930a93c78963691 4b8b337872df46cd98f1ee50e7ce4401 - - default default] Successfully bumped revision number for resource ee9485b0-4a0a-4d78-988d-878787a8eec8 (type: security_group_rules) to 0
2026-04-12 21:50:47.826 9 INFO neutron.api.wsgi [None req-77cd9a49-ebc8-4ef9-bffe-fce8bd810e5d caa67bfb76fd4febb0e3a2d63c3f8db8 e313c1cc6dd5405d81753afeacdb22c9 - - default default] 10.0.0.252 "POST /v2.0/floatingips HTTP/1.1" status: 201 len: 751 time: 0.7207854
2026-04-12 21:50:47.848 10 INFO neutron.db.ovn_revision_numbers_db [None req-5a24b0aa-fa2e-4934-8c14-d55fc5e01f6a 4b40f74b9ac549d7aa9124e65b8f2057 4125b6f5b33d46a9988e90db2d3d806d - - default default] Successfully bumped revision number for resource a9fc0849-c808-4dff-aaf1-b1d8647644ca (type: security_groups) to 1
2026-04-12 21:50:47.857 10 INFO neutron.api.wsgi [None req-d052b0ff-fb4a-46db-8439-5da99c2c80cd b78005a27a48480eb930a93c78963691 4b8b337872df46cd98f1ee50e7ce4401 - - default default] 10.0.0.252 "POST /v2.0/security-group-rules HTTP/1.1" status: 201 len: 796 time: 0.2470598
2026-04-12 21:50:47.865 10 WARNING neutron_lib.context [None req-c4581a2a-e167-46a9-ac01-b7605a3c1944 b78005a27a48480eb930a93c78963691 4b8b337872df46cd98f1ee50e7ce4401 - - default default] Method 'is_advsvc' is deprecated since 2023.2 release (neutron-lib 3.8.0) and will be removed once support for the old RBAC API policies will be removed from Neutron. Please use method 'is_service_role' instead.
2026-04-12 21:50:47.867 10 INFO neutron.db.ovn_revision_numbers_db [None req-5a24b0aa-fa2e-4934-8c14-d55fc5e01f6a 4b40f74b9ac549d7aa9124e65b8f2057 4125b6f5b33d46a9988e90db2d3d806d - - default default] Successfully bumped revision number for resource 83c7121f-650d-4b34-8ef3-31782dc7945a (type: security_group_rules) to 0
2026-04-12 21:50:47.891 10 INFO neutron.db.ovn_revision_numbers_db [None req-5a24b0aa-fa2e-4934-8c14-d55fc5e01f6a 4b40f74b9ac549d7aa9124e65b8f2057 4125b6f5b33d46a9988e90db2d3d806d - - default default] Successfully bumped revision number for resource a99539e1-fc3c-430b-a421-4d91bad635ed (type: security_group_rules) to 0
2026-04-12 21:50:47.930 10 INFO neutron.api.wsgi [None req-5a24b0aa-fa2e-4934-8c14-d55fc5e01f6a 4b40f74b9ac549d7aa9124e65b8f2057 4125b6f5b33d46a9988e90db2d3d806d - - default default] 10.0.0.252 "POST /v2.0/security-groups HTTP/1.1" status: 201 len: 1861 time: 0.3009484
2026-04-12 21:50:47.941 9 WARNING neutron_lib.context [None req-4c8af1c4-b440-4817-b52c-93ca143e7bf1 4b40f74b9ac549d7aa9124e65b8f2057 4125b6f5b33d46a9988e90db2d3d806d - - default default] Method 'is_advsvc' is deprecated since 2023.2 release (neutron-lib 3.8.0) and will be removed once support for the old RBAC API policies will be removed from Neutron. Please use method 'is_service_role' instead.
2026-04-12 21:50:47.986 10 INFO neutron.db.ovn_revision_numbers_db [None req-c4581a2a-e167-46a9-ac01-b7605a3c1944 b78005a27a48480eb930a93c78963691 4b8b337872df46cd98f1ee50e7ce4401 - - default default] Successfully bumped revision number for resource 6db0037e-9b9e-4644-bacd-05166a0044ef (type: security_group_rules) to 0
2026-04-12 21:50:48.014 10 INFO neutron.api.wsgi [None req-c4581a2a-e167-46a9-ac01-b7605a3c1944 b78005a27a48480eb930a93c78963691 4b8b337872df46cd98f1ee50e7ce4401 - - default default] 10.0.0.252 "POST /v2.0/security-group-rules HTTP/1.1" status: 201 len: 801 time: 0.1521728
