2026-04-12 21:51:03.839 9 INFO neutron.api.wsgi [req-a43b7e5a-6f89-4679-afbb-646aee846600 req-629c540d-152a-4e5f-b503-d2851fdfe8c5 66a947eadab0423a84c8db0622af07af 1668dc3212de493abfedbec05b00b571 - - default default] 10.0.0.69 "GET /v2.0/security-groups/0e250ddf-310f-4bf3-8a56-f0d6abe4695a HTTP/1.1" status: 200 len: 3122 time: 0.0321946
2026-04-12 21:51:03.871 10 INFO neutron.plugins.ml2.drivers.ovn.mech_driver.mech_driver [None req-5e8b0e76-d2cc-449f-b601-ed82ddab20c2 - - - - - -] OVN reports status up for port: e9c69e07-96f1-4b43-96a4-8f098640b0f2
2026-04-12 21:51:03.884 9 INFO neutron.api.v2.resource [req-48c50107-d4ee-4af1-a81b-180db1381ab1 req-9cddb54d-5a48-4632-922e-5d973b7bed43 66a947eadab0423a84c8db0622af07af 1668dc3212de493abfedbec05b00b571 - - default default] show failed (client error): The resource could not be found.
2026-04-12 21:51:03.885 9 INFO neutron.api.wsgi [req-48c50107-d4ee-4af1-a81b-180db1381ab1 req-9cddb54d-5a48-4632-922e-5d973b7bed43 66a947eadab0423a84c8db0622af07af 1668dc3212de493abfedbec05b00b571 - - default default] 10.0.0.69 "GET /v2.0/security-groups/7db882d4-77a8-459f-8f90-ac3a20e56f69 HTTP/1.1" status: 404 len: 352 time: 0.0142088
2026-04-12 21:51:03.889 10 INFO neutron.plugins.ml2.plugin [None req-5e8b0e76-d2cc-449f-b601-ed82ddab20c2 - - - - - -] Attempt 1 to provision port e9c69e07-96f1-4b43-96a4-8f098640b0f2
2026-04-12 21:51:03.914 9 INFO neutron.api.v2.resource [req-f12bcf65-1bfd-4b1e-96eb-22e7ca32d77f req-8015b8d5-b78b-4ab3-9a9f-9dac18bb2a25 66a947eadab0423a84c8db0622af07af 1668dc3212de493abfedbec05b00b571 - - default default] show failed (client error): The resource could not be found.
2026-04-12 21:51:03.915 9 INFO neutron.api.wsgi [req-f12bcf65-1bfd-4b1e-96eb-22e7ca32d77f req-8015b8d5-b78b-4ab3-9a9f-9dac18bb2a25 66a947eadab0423a84c8db0622af07af 1668dc3212de493abfedbec05b00b571 - - default default] 10.0.0.69 "GET /v2.0/security-groups/00dcd09c-2455-492c-acd8-ad066748b91f HTTP/1.1" status: 404 len: 352 time: 0.0145054
2026-04-12 21:51:03.918 10 INFO neutron.api.wsgi [req-75f0a45f-c468-49a3-97b4-06f18a82db61 req-9f5fe18d-a398-45d0-92c5-d48a8115064a b78005a27a48480eb930a93c78963691 4b8b337872df46cd98f1ee50e7ce4401 - - default default] 10.0.0.69 "GET /v2.0/security-groups?id=9ee2e65f-d91e-469f-96f9-fdf5cc0d4ed1&fields=id&fields=name HTTP/1.1" status: 200 len: 313 time: 0.0847933
2026-04-12 21:51:03.946 9 INFO neutron.api.v2.resource [req-d57b531f-d2c1-4fd5-819d-c2bf4fb7f931 req-cd561ad4-c27c-4d72-8ef4-f11c1e18a7c3 66a947eadab0423a84c8db0622af07af 1668dc3212de493abfedbec05b00b571 - - default default] show failed (client error): The resource could not be found.
2026-04-12 21:51:03.947 9 INFO neutron.api.wsgi [req-d57b531f-d2c1-4fd5-819d-c2bf4fb7f931 req-cd561ad4-c27c-4d72-8ef4-f11c1e18a7c3 66a947eadab0423a84c8db0622af07af 1668dc3212de493abfedbec05b00b571 - - default default] 10.0.0.69 "GET /v2.0/security-groups/39c124c7-8ba5-421b-95ef-e2b7562dc186 HTTP/1.1" status: 404 len: 352 time: 0.0183465
2026-04-12 21:51:04.023 10 INFO neutron.notifiers.nova [-] Nova event matching ['req-6239d1c0-b551-43e6-b8a2-a8a5fea2c5a6'] response: {'server_uuid': 'cba31653-1ba4-4d44-a110-a252915ecdeb', 'name': 'network-vif-plugged', 'status': 'completed', 'tag': 'e9c69e07-96f1-4b43-96a4-8f098640b0f2', 'code': 200}
2026-04-12 21:51:04.107 10 INFO neutron.db.ovn_revision_numbers_db [None req-5e8b0e76-d2cc-449f-b601-ed82ddab20c2 - - - - - -] Successfully bumped revision number for resource e9c69e07-96f1-4b43-96a4-8f098640b0f2 (type: ports) to 5
2026-04-12 21:51:04.329 10 INFO neutron.api.wsgi [-] 10.0.0.92 "GET / HTTP/1.1" status: 200 len: 247 time: 0.0018830
2026-04-12 21:51:04.333 10 INFO neutron.api.wsgi [-] 10.0.0.92 "GET / HTTP/1.1" status: 200 len: 247 time: 0.0009494
2026-04-12 21:51:04.387 9 INFO neutron.api.wsgi [req-defc4faf-76e0-49da-aa0c-04d7d35cb114 req-c558fd56-c7f4-4fc1-98a5-96d189e661e3 caa67bfb76fd4febb0e3a2d63c3f8db8 e313c1cc6dd5405d81753afeacdb22c9 - - default default] 10.0.0.69 "GET /v2.0/ports?device_id=70d28329-600c-417c-aac7-ac23503205e0 HTTP/1.1" status: 200 len: 1168 time: 0.0345664
2026-04-12 21:51:04.432 9 INFO neutron.api.wsgi [req-defc4faf-76e0-49da-aa0c-04d7d35cb114 req-ee20156e-848e-4cdd-a267-92e29d5a04f0 caa67bfb76fd4febb0e3a2d63c3f8db8 e313c1cc6dd5405d81753afeacdb22c9 - - default default] 10.0.0.69 "GET /v2.0/security-groups?id=830a1c0f-2401-4fa1-a15a-bc496cc52e27&fields=id&fields=name HTTP/1.1" status: 200 len: 313 time: 0.0371706 /var/lib/openstack/lib/python3.12/site-packages/pycadf/identifier.py:71: UserWarning: Invalid uuid: neutron. To ensure interoperability, identifiers should be a valid uuid. warnings.warn(('Invalid uuid: %s. To ensure interoperability, '
2026-04-12 21:51:04.539 10 INFO neutron.api.wsgi [req-f4526dc4-4ae3-432e-b96e-932bc297865c req-df90d3ad-901b-4607-b50d-547f537d776a 4b40f74b9ac549d7aa9124e65b8f2057 4125b6f5b33d46a9988e90db2d3d806d - - default default] 10.0.0.69 "GET /v2.0/ports?device_id=33c6e2ab-c159-40ae-b03a-b6e95924f59e HTTP/1.1" status: 200 len: 1172 time: 0.0388095
2026-04-12 21:51:04.580 10 INFO neutron.api.wsgi [req-f4526dc4-4ae3-432e-b96e-932bc297865c req-76edb912-a25e-4a56-9cdb-d18f4cf24ac9 4b40f74b9ac549d7aa9124e65b8f2057 4125b6f5b33d46a9988e90db2d3d806d - - default default] 10.0.0.69 "GET /v2.0/security-groups?id=a9fc0849-c808-4dff-aaf1-b1d8647644ca&fields=id&fields=name HTTP/1.1" status: 200 len: 313 time: 0.0335150
2026-04-12 21:51:05.006 9 INFO neutron.api.wsgi [req-a4a53111-f8a9-469a-b8d2-b94b6af35a37 req-bb7f43a4-faec-4bd0-8911-0949dcd91cf1 b78005a27a48480eb930a93c78963691 4b8b337872df46cd98f1ee50e7ce4401 - - default default] 10.0.0.69 "GET /v2.0/ports?device_id=cba31653-1ba4-4d44-a110-a252915ecdeb HTTP/1.1" status: 200 len: 1170 time: 0.0362012
2026-04-12 21:51:05.059 9 INFO neutron.api.wsgi [req-a4a53111-f8a9-469a-b8d2-b94b6af35a37 req-1552bbea-95dd-4b78-bfbf-188c3068fabb b78005a27a48480eb930a93c78963691 4b8b337872df46cd98f1ee50e7ce4401 - - default default] 10.0.0.69 "GET /v2.0/security-groups?id=9ee2e65f-d91e-469f-96f9-fdf5cc0d4ed1&fields=id&fields=name HTTP/1.1" status: 200 len: 313 time: 0.0469260
2026-04-12 21:51:05.414 9 INFO neutron.api.wsgi [None req-16048bcc-ed6c-49c0-af3f-5e619ac8dc20 a567ec0a27104407b95cbb39e5809502 8a4ca2cca7574d2289ce86cc5ffab9bc - - default default] 10.0.0.252 "PUT /v2.0/routers/743a6176-9b1a-420f-9869-2a78b5bec21e/remove_router_interface HTTP/1.1" status: 200 len: 503 time: 1.4469411 /var/lib/openstack/lib/python3.12/site-packages/pycadf/identifier.py:71: UserWarning: Invalid uuid: neutron. To ensure interoperability, identifiers should be a valid uuid. warnings.warn(('Invalid uuid: %s. To ensure interoperability, '
2026-04-12 21:51:05.528 10 INFO neutron.api.wsgi [req-20fe886b-8069-44bc-9896-3ca990ba783a req-74c12df6-cd40-4788-9551-59b6a7bc3d15 caa67bfb76fd4febb0e3a2d63c3f8db8 e313c1cc6dd5405d81753afeacdb22c9 - - default default] 10.0.0.69 "GET /v2.0/ports?device_id=70d28329-600c-417c-aac7-ac23503205e0 HTTP/1.1" status: 200 len: 1168 time: 0.0403452
2026-04-12 21:51:05.583 10 INFO neutron.api.wsgi [req-20fe886b-8069-44bc-9896-3ca990ba783a req-25f59693-c2ed-48b1-8983-d56e4edf2d0e caa67bfb76fd4febb0e3a2d63c3f8db8 e313c1cc6dd5405d81753afeacdb22c9 - - default default] 10.0.0.69 "GET /v2.0/security-groups?id=830a1c0f-2401-4fa1-a15a-bc496cc52e27&fields=id&fields=name HTTP/1.1" status: 200 len: 313 time: 0.0480797
2026-04-12 21:51:05.684 9 INFO neutron.api.wsgi [req-5b397587-2bab-4ca6-8c78-25e3edba6146 req-57a36272-9eff-4863-8690-d0c88b410954 4b40f74b9ac549d7aa9124e65b8f2057 4125b6f5b33d46a9988e90db2d3d806d - - default default] 10.0.0.69 "GET /v2.0/ports?device_id=33c6e2ab-c159-40ae-b03a-b6e95924f59e HTTP/1.1" status: 200 len: 1172 time: 0.0323000
2026-04-12 21:51:05.726 9 INFO neutron.api.wsgi [req-5b397587-2bab-4ca6-8c78-25e3edba6146 req-bff530ea-7997-4c18-9bca-afb0138649ea 4b40f74b9ac549d7aa9124e65b8f2057 4125b6f5b33d46a9988e90db2d3d806d - - default default] 10.0.0.69 "GET /v2.0/security-groups?id=a9fc0849-c808-4dff-aaf1-b1d8647644ca&fields=id&fields=name HTTP/1.1" status: 200 len: 313 time: 0.0344386
2026-04-12 21:51:06.056 10 INFO neutron.notifiers.nova [-] Nova event matching ['req-ad8a91b0-e086-40aa-acaf-c6d0bb63958c'] response: {'server_uuid': 'cba31653-1ba4-4d44-a110-a252915ecdeb', 'name': 'network-vif-plugged', 'status': 'completed', 'tag': 'e9c69e07-96f1-4b43-96a4-8f098640b0f2', 'code': 200}
2026-04-12 21:51:06.099 9 INFO neutron.api.wsgi [None req-852d076a-ef37-443a-b846-cbf440d8686c a567ec0a27104407b95cbb39e5809502 8a4ca2cca7574d2289ce86cc5ffab9bc - - default default] 10.0.0.252 "DELETE /v2.0/routers/743a6176-9b1a-420f-9869-2a78b5bec21e HTTP/1.1" status: 204 len: 168 time: 0.6791854
2026-04-12 21:51:06.187 9 INFO neutron.api.wsgi [req-33acc835-f3cc-4591-a5f7-f863fdf9490b req-8fc09006-5d0a-40ee-967c-53994391beca b78005a27a48480eb930a93c78963691 4b8b337872df46cd98f1ee50e7ce4401 - - default default] 10.0.0.69 "GET /v2.0/ports?device_id=cba31653-1ba4-4d44-a110-a252915ecdeb HTTP/1.1" status: 200 len: 1170 time: 0.0390401
2026-04-12 21:51:06.228 9 INFO neutron.api.wsgi [req-33acc835-f3cc-4591-a5f7-f863fdf9490b req-b96c037f-135a-4efe-bda0-9102fb6c5279 b78005a27a48480eb930a93c78963691 4b8b337872df46cd98f1ee50e7ce4401 - - default default] 10.0.0.69 "GET /v2.0/security-groups?id=9ee2e65f-d91e-469f-96f9-fdf5cc0d4ed1&fields=id&fields=name HTTP/1.1" status: 200 len: 313 time: 0.0349627
2026-04-12 21:51:06.283 9 INFO neutron.api.wsgi [None req-4bd666ef-5f43-43a9-a417-717a5860ec6b a567ec0a27104407b95cbb39e5809502 8a4ca2cca7574d2289ce86cc5ffab9bc - - default default] 10.0.0.252 "DELETE /v2.0/subnets/122bb6fc-61c7-43be-9257-476a1e4cb72a HTTP/1.1" status: 204 len: 168 time: 0.1785922
2026-04-12 21:51:06.342 10 INFO neutron.api.wsgi [req-b7fe2be6-3855-4168-85f1-523043f98fa5 req-c5d5deee-f915-4c6c-8d4e-8a48f556d1d2 b78005a27a48480eb930a93c78963691 4b8b337872df46cd98f1ee50e7ce4401 - - default default] 10.0.0.69 "GET /v2.0/ports?device_id=cba31653-1ba4-4d44-a110-a252915ecdeb HTTP/1.1" status: 200 len: 1170 time: 0.0369351
2026-04-12 21:51:06.624 9 INFO neutron.services.segments.plugin [-] Segment 3472232d-f1a7-4510-9793-744272db2c9b resource provider aggregate not found
2026-04-12 21:51:06.628 9 INFO neutron.services.segments.plugin [-] Segment 3472232d-f1a7-4510-9793-744272db2c9b resource provider aggregate not found
2026-04-12 21:51:06.634 9 INFO neutron.services.segments.plugin [-] Segment 3472232d-f1a7-4510-9793-744272db2c9b resource provider not found; error: Placement Client Error (4xx): {"errors": [{"status": 404, "title": "Not Found", "detail": "The resource could not be found.\n\n No resource provider with uuid 3472232d-f1a7-4510-9793-744272db2c9b found for delete ", "request_id": "req-3784b4b8-897c-4bfb-a50f-e789c23bcde0"}]}
2026-04-12 21:51:06.643 9 INFO neutron.services.segments.plugin [-] Segment 3472232d-f1a7-4510-9793-744272db2c9b resource provider not found; error: Placement Client Error (4xx): {"errors": [{"status": 404, "title": "Not Found", "detail": "The resource could not be found.\n\n No resource provider with uuid 3472232d-f1a7-4510-9793-744272db2c9b found for delete ", "request_id": "req-f901aef6-0b5b-405d-ba57-2a19225ebcc4"}]}
2026-04-12 21:51:06.679 9 INFO neutron.api.wsgi [None req-8dc42bf1-f8fc-42cf-ba4e-5b5123adb5a7 a567ec0a27104407b95cbb39e5809502 8a4ca2cca7574d2289ce86cc5ffab9bc - - default default] 10.0.0.252 "DELETE /v2.0/networks/5820c311-f941-4671-a0ae-4f38b03a5490 HTTP/1.1" status: 204 len: 168 time: 0.3881273
2026-04-12 21:51:06.700 9 WARNING neutron.plugins.ml2.drivers.ovn.mech_driver.ovsdb.ovn_client [None req-a74e9509-5166-4716-85ef-050bcf716eb1 - - - - - -] No port found with ID 7516384d-5c8c-43f0-82c7-9a8751b11f8e: RuntimeError: No port found with ID 7516384d-5c8c-43f0-82c7-9a8751b11f8e
2026-04-12 21:51:06.708 9 INFO neutron.plugins.ml2.drivers.ovn.mech_driver.mech_driver [None req-a74e9509-5166-4716-85ef-050bcf716eb1 - - - - - -] OVN reports status up for port: e1e3ed7c-20b1-447b-800f-2d8de5817db1
2026-04-12 21:51:06.721 9 INFO neutron.api.wsgi [req-e47473b6-a313-49a3-b812-9d422566c070 req-1f9315ac-6eb6-4fc8-a975-79f49f22374d caa67bfb76fd4febb0e3a2d63c3f8db8 e313c1cc6dd5405d81753afeacdb22c9 - - default default] 10.0.0.69 "GET /v2.0/ports?device_id=70d28329-600c-417c-aac7-ac23503205e0 HTTP/1.1" status: 200 len: 1168 time: 0.0775175
2026-04-12 21:51:06.722 9 INFO neutron.plugins.ml2.plugin [None req-a74e9509-5166-4716-85ef-050bcf716eb1 - - - - - -] Attempt 1 to provision port e1e3ed7c-20b1-447b-800f-2d8de5817db1
2026-04-12 21:51:06.766 9 INFO neutron.api.wsgi [req-e47473b6-a313-49a3-b812-9d422566c070 req-c9e128b8-3d0d-4dd7-b492-a323d1ff6765 caa67bfb76fd4febb0e3a2d63c3f8db8 e313c1cc6dd5405d81753afeacdb22c9 - - default default] 10.0.0.69 "GET /v2.0/security-groups?id=830a1c0f-2401-4fa1-a15a-bc496cc52e27&fields=id&fields=name HTTP/1.1" status: 200 len: 313 time: 0.0382783
2026-04-12 21:51:06.803 9 INFO neutron.api.wsgi [None req-a78a15b9-0b0c-4264-80a3-def874686fa3 a567ec0a27104407b95cbb39e5809502 8a4ca2cca7574d2289ce86cc5ffab9bc - - default default] 10.0.0.252 "GET /v2.0/security-groups?tenant_id=1668dc3212de493abfedbec05b00b571&name=default HTTP/1.1" status: 200 len: 3120 time: 0.0362959
2026-04-12 21:51:06.852 9 INFO neutron.notifiers.nova [-] Nova event matching ['req-eff90062-6b6c-49c6-8c49-ef6f11abc2f7'] response: {'server_uuid': '33c6e2ab-c159-40ae-b03a-b6e95924f59e', 'name': 'network-vif-plugged', 'status': 'completed', 'tag': 'e1e3ed7c-20b1-447b-800f-2d8de5817db1', 'code': 200}
2026-04-12 21:51:06.965 10 INFO neutron.api.wsgi [req-efc347c4-4539-4462-a789-b092d8c945d1 req-79ba5548-f854-404e-a9c9-d8870b7aec99 4b40f74b9ac549d7aa9124e65b8f2057 4125b6f5b33d46a9988e90db2d3d806d - - default default] 10.0.0.69 "GET /v2.0/ports?device_id=33c6e2ab-c159-40ae-b03a-b6e95924f59e HTTP/1.1" status: 200 len: 1174 time: 0.1474829
2026-04-12 21:51:06.985 9 INFO neutron.db.ovn_revision_numbers_db [None req-a74e9509-5166-4716-85ef-050bcf716eb1 - - - - - -] Successfully bumped revision number for resource e1e3ed7c-20b1-447b-800f-2d8de5817db1 (type: ports) to 5
2026-04-12 21:51:07.034 9 INFO neutron.api.wsgi [None req-fe56dff3-bdca-41a3-a2b3-8aea4b5faa0e a567ec0a27104407b95cbb39e5809502 8a4ca2cca7574d2289ce86cc5ffab9bc - - default default] 10.0.0.252 "DELETE /v2.0/security-groups/0e250ddf-310f-4bf3-8a56-f0d6abe4695a HTTP/1.1" status: 204 len: 168 time: 0.2262688
2026-04-12 21:51:07.036 10 INFO neutron.api.wsgi [req-efc347c4-4539-4462-a789-b092d8c945d1 req-54fae8e7-1752-4a73-9930-0a4190460b0e 4b40f74b9ac549d7aa9124e65b8f2057 4125b6f5b33d46a9988e90db2d3d806d - - default default] 10.0.0.69 "GET /v2.0/security-groups?id=a9fc0849-c808-4dff-aaf1-b1d8647644ca&fields=id&fields=name HTTP/1.1" status: 200 len: 313 time: 0.0658548
2026-04-12 21:51:07.153 9 INFO neutron.plugins.ml2.drivers.ovn.mech_driver.mech_driver [None req-1e1b864b-82b4-4415-bb10-af41684327b5 - - - - - -] OVN reports status up for port: c06de231-eaaf-42d6-850f-12c23ae0ddba
2026-04-12 21:51:07.169 9 INFO neutron.plugins.ml2.plugin [None req-1e1b864b-82b4-4415-bb10-af41684327b5 - - - - - -] Attempt 1 to provision port c06de231-eaaf-42d6-850f-12c23ae0ddba
2026-04-12 21:51:07.482 9 INFO neutron.db.ovn_revision_numbers_db [None req-1e1b864b-82b4-4415-bb10-af41684327b5 - - - - - -] Successfully bumped revision number for resource c06de231-eaaf-42d6-850f-12c23ae0ddba (type: ports) to 5
2026-04-12 21:51:07.487 10 INFO neutron.db.ovn_revision_numbers_db [None req-c2d8073b-4e86-4446-bb7d-f3f048105f31 b78005a27a48480eb930a93c78963691 4b8b337872df46cd98f1ee50e7ce4401 - - default default] Successfully bumped revision number for resource 778df18d-4a92-4cf2-a4d5-54f2061dba73 (type: floatingips) to 1
2026-04-12 21:51:07.622 10 INFO neutron.db.ovn_revision_numbers_db [None req-c2d8073b-4e86-4446-bb7d-f3f048105f31 b78005a27a48480eb930a93c78963691 4b8b337872df46cd98f1ee50e7ce4401 - - default default] Successfully bumped revision number for resource 778df18d-4a92-4cf2-a4d5-54f2061dba73 (type: floatingips) to 2
2026-04-12 21:51:07.623 10 INFO neutron.db.l3_db [None req-c2d8073b-4e86-4446-bb7d-f3f048105f31 b78005a27a48480eb930a93c78963691 4b8b337872df46cd98f1ee50e7ce4401 - - default default] Floating IP 778df18d-4a92-4cf2-a4d5-54f2061dba73 associated. External IP: 10.96.250.214, port: e9c69e07-96f1-4b43-96a4-8f098640b0f2.
2026-04-12 21:51:07.655 10 INFO neutron.api.wsgi [None req-c2d8073b-4e86-4446-bb7d-f3f048105f31 b78005a27a48480eb930a93c78963691 4b8b337872df46cd98f1ee50e7ce4401 - - default default] 10.0.0.252 "PUT /v2.0/floatingips/778df18d-4a92-4cf2-a4d5-54f2061dba73 HTTP/1.1" status: 200 len: 1049 time: 1.3031199 /var/lib/openstack/lib/python3.12/site-packages/pycadf/identifier.py:71: UserWarning: Invalid uuid: neutron. To ensure interoperability, identifiers should be a valid uuid. warnings.warn(('Invalid uuid: %s. To ensure interoperability, '
2026-04-12 21:51:07.888 9 INFO neutron.api.wsgi [req-ad4f81cb-c7e8-429a-85bf-349504f6a9fe req-81ead613-4c6d-460d-b67c-db945b4bfef4 caa67bfb76fd4febb0e3a2d63c3f8db8 e313c1cc6dd5405d81753afeacdb22c9 - - default default] 10.0.0.69 "GET /v2.0/ports?device_id=70d28329-600c-417c-aac7-ac23503205e0 HTTP/1.1" status: 200 len: 1170 time: 0.0628371
2026-04-12 21:51:07.937 9 INFO neutron.api.wsgi [req-ad4f81cb-c7e8-429a-85bf-349504f6a9fe req-b7d61e5f-7eb7-4989-9971-bc02f576ee65 caa67bfb76fd4febb0e3a2d63c3f8db8 e313c1cc6dd5405d81753afeacdb22c9 - - default default] 10.0.0.69 "GET /v2.0/security-groups?id=830a1c0f-2401-4fa1-a15a-bc496cc52e27&fields=id&fields=name HTTP/1.1" status: 200 len: 313 time: 0.0424109
2026-04-12 21:51:08.098 10 INFO neutron.notifiers.nova [-] Nova event matching ['req-22e48e5d-84f8-4d18-8cac-b16a5ff94a1a'] response: {'name': 'network-changed', 'server_uuid': 'cba31653-1ba4-4d44-a110-a252915ecdeb', 'tag': 'e9c69e07-96f1-4b43-96a4-8f098640b0f2', 'status': 'completed', 'code': 200} /var/lib/openstack/lib/python3.12/site-packages/pycadf/identifier.py:71: UserWarning: Invalid uuid: neutron. To ensure interoperability, identifiers should be a valid uuid. warnings.warn(('Invalid uuid: %s. To ensure interoperability, '
2026-04-12 21:51:08.139 10 INFO neutron.api.wsgi [req-e93ab4c4-bd78-4a78-a70e-6855610c9521 req-431bc7c3-e06f-4589-8c2e-13007025648f 4b40f74b9ac549d7aa9124e65b8f2057 4125b6f5b33d46a9988e90db2d3d806d - - default default] 10.0.0.69 "GET /v2.0/ports?device_id=33c6e2ab-c159-40ae-b03a-b6e95924f59e HTTP/1.1" status: 200 len: 1174 time: 0.0383847
2026-04-12 21:51:08.172 10 INFO neutron.api.wsgi [req-e93ab4c4-bd78-4a78-a70e-6855610c9521 req-fddd1c4c-5ad5-4855-9510-440db800828f 4b40f74b9ac549d7aa9124e65b8f2057 4125b6f5b33d46a9988e90db2d3d806d - - default default] 10.0.0.69 "GET /v2.0/security-groups?id=a9fc0849-c808-4dff-aaf1-b1d8647644ca&fields=id&fields=name HTTP/1.1" status: 200 len: 313 time: 0.0260708
2026-04-12 21:51:08.270 9 INFO neutron.api.wsgi [req-26823f90-2d08-4a9c-9145-ecc242648c8a req-08ca2532-a57d-4b9d-b2b3-dd4b0d8eba68 4b40f74b9ac549d7aa9124e65b8f2057 4125b6f5b33d46a9988e90db2d3d806d - - default default] 10.0.0.69 "GET /v2.0/ports?device_id=33c6e2ab-c159-40ae-b03a-b6e95924f59e HTTP/1.1" status: 200 len: 1174 time: 0.0293350
2026-04-12 21:51:08.648 10 INFO neutron.api.wsgi [req-97e27973-1aeb-4a01-8901-889a01b7b549 req-c0fb1974-6350-4d12-a1d6-c31b0034158a 69f8ad1a45954b309f99a02f0823d47e 5fe509aa54f84f9daa5dfe279dd8521a - - f26d5f8b5eea4776bdf6fce6462c9921 f26d5f8b5eea4776bdf6fce6462c9921] 199.204.45.244 "GET /v2.0/ports?tenant_id=4b8b337872df46cd98f1ee50e7ce4401&device_id=cba31653-1ba4-4d44-a110-a252915ecdeb HTTP/1.1" status: 200 len: 1409 time: 0.0352609
2026-04-12 21:51:08.697 10 INFO neutron.api.wsgi [req-97e27973-1aeb-4a01-8901-889a01b7b549 req-b634534a-ceb4-4198-a617-09f282647704 69f8ad1a45954b309f99a02f0823d47e 5fe509aa54f84f9daa5dfe279dd8521a - - f26d5f8b5eea4776bdf6fce6462c9921 f26d5f8b5eea4776bdf6fce6462c9921] 199.204.45.244 "GET /v2.0/networks?id=6df4a87b-00e0-4573-af2e-51c48b14d3fd HTTP/1.1" status: 200 len: 974 time: 0.0458214
2026-04-12 21:51:08.739 10 INFO neutron.api.wsgi [req-97e27973-1aeb-4a01-8901-889a01b7b549 req-6139011d-f3eb-46d6-9c87-6172b4add11f 69f8ad1a45954b309f99a02f0823d47e 5fe509aa54f84f9daa5dfe279dd8521a - - f26d5f8b5eea4776bdf6fce6462c9921 f26d5f8b5eea4776bdf6fce6462c9921] 199.204.45.244 "GET /v2.0/floatingips?fixed_ip_address=10.100.0.6&port_id=e9c69e07-96f1-4b43-96a4-8f098640b0f2 HTTP/1.1" status: 200 len: 1059 time: 0.0359819
2026-04-12 21:51:08.769 10 INFO neutron.api.wsgi [req-97e27973-1aeb-4a01-8901-889a01b7b549 req-433fb9ed-0360-494c-963d-0cf8c657c6e0 69f8ad1a45954b309f99a02f0823d47e 5fe509aa54f84f9daa5dfe279dd8521a - - f26d5f8b5eea4776bdf6fce6462c9921 f26d5f8b5eea4776bdf6fce6462c9921] 199.204.45.244 "GET /v2.0/subnets?id=cbeabbbb-df09-4939-a85f-108e84db0ce8 HTTP/1.1" status: 200 len: 893 time: 0.0252173
2026-04-12 21:51:08.785 10 INFO neutron.api.wsgi [req-97e27973-1aeb-4a01-8901-889a01b7b549 req-f79be6f2-b704-4479-bb97-69b68cb056ef 69f8ad1a45954b309f99a02f0823d47e 5fe509aa54f84f9daa5dfe279dd8521a - - f26d5f8b5eea4776bdf6fce6462c9921 f26d5f8b5eea4776bdf6fce6462c9921] 199.204.45.244 "GET /v2.0/ports?network_id=6df4a87b-00e0-4573-af2e-51c48b14d3fd&device_owner=network%3Adhcp HTTP/1.1" status: 200 len: 210 time: 0.0120685
2026-04-12 21:51:08.832 10 INFO neutron.api.wsgi [req-97e27973-1aeb-4a01-8901-889a01b7b549 req-700dfda2-60dc-4edc-9676-b42cfe43034a 69f8ad1a45954b309f99a02f0823d47e 5fe509aa54f84f9daa5dfe279dd8521a - - f26d5f8b5eea4776bdf6fce6462c9921 f26d5f8b5eea4776bdf6fce6462c9921] 199.204.45.244 "GET /v2.0/networks/6df4a87b-00e0-4573-af2e-51c48b14d3fd?fields=segments HTTP/1.1" status: 200 len: 212 time: 0.0419292
2026-04-12 21:51:08.874 10 INFO neutron.api.wsgi [req-97e27973-1aeb-4a01-8901-889a01b7b549 req-6ab1b9e9-92b5-49a6-80d4-ee4a75161a54 69f8ad1a45954b309f99a02f0823d47e 5fe509aa54f84f9daa5dfe279dd8521a - - f26d5f8b5eea4776bdf6fce6462c9921 f26d5f8b5eea4776bdf6fce6462c9921] 199.204.45.244 "GET /v2.0/networks/6df4a87b-00e0-4573-af2e-51c48b14d3fd?fields=provider%3Aphysical_network&fields=provider%3Anetwork_type HTTP/1.1" status: 200 len: 277 time: 0.0366559
2026-04-12 21:51:08.886 9 INFO neutron.notifiers.nova [-] Nova event matching ['req-d17b22e0-1211-4e77-a38a-545ccac6fb94'] response: {'server_uuid': '33c6e2ab-c159-40ae-b03a-b6e95924f59e', 'name': 'network-vif-plugged', 'status': 'completed', 'tag': 'e1e3ed7c-20b1-447b-800f-2d8de5817db1', 'code': 200}
2026-04-12 21:51:08.886 9 INFO neutron.notifiers.nova [-] Nova event matching ['req-d17b22e0-1211-4e77-a38a-545ccac6fb94'] response: {'server_uuid': '70d28329-600c-417c-aac7-ac23503205e0', 'name': 'network-vif-plugged', 'status': 'completed', 'tag': 'c06de231-eaaf-42d6-850f-12c23ae0ddba', 'code': 200}
2026-04-12 21:51:08.886 9 INFO neutron.notifiers.nova [-] Nova event matching ['req-d17b22e0-1211-4e77-a38a-545ccac6fb94'] response: {'server_uuid': '70d28329-600c-417c-aac7-ac23503205e0', 'name': 'network-vif-plugged', 'status': 'completed', 'tag': 'c06de231-eaaf-42d6-850f-12c23ae0ddba', 'code': 200} /var/lib/openstack/lib/python3.12/site-packages/pycadf/identifier.py:71: UserWarning: Invalid uuid: neutron. To ensure interoperability, identifiers should be a valid uuid. warnings.warn(('Invalid uuid: %s. To ensure interoperability, '
2026-04-12 21:51:09.072 9 INFO neutron.api.wsgi [req-1110c13a-c8b9-4374-b7aa-2e8a2bcbc413 req-c37c399b-884c-48be-971f-d9006c02d4ef caa67bfb76fd4febb0e3a2d63c3f8db8 e313c1cc6dd5405d81753afeacdb22c9 - - default default] 10.0.0.69 "GET /v2.0/ports?device_id=70d28329-600c-417c-aac7-ac23503205e0 HTTP/1.1" status: 200 len: 1170 time: 0.0514286
2026-04-12 21:51:09.084 9 INFO neutron.db.ovn_revision_numbers_db [None req-f927db0f-e3ed-46df-8a56-1518fc8fcac3 4b40f74b9ac549d7aa9124e65b8f2057 4125b6f5b33d46a9988e90db2d3d806d - - default default] Successfully bumped revision number for resource aac7ca84-e6db-4ed1-804c-4e7608e6e287 (type: floatingips) to 1
2026-04-12 21:51:09.140 9 INFO neutron.api.wsgi [req-1110c13a-c8b9-4374-b7aa-2e8a2bcbc413 req-a22ab127-3a21-440e-ad2c-3c8cc1810b41 caa67bfb76fd4febb0e3a2d63c3f8db8 e313c1cc6dd5405d81753afeacdb22c9 - - default default] 10.0.0.69 "GET /v2.0/security-groups?id=830a1c0f-2401-4fa1-a15a-bc496cc52e27&fields=id&fields=name HTTP/1.1" status: 200 len: 313 time: 0.0620046
2026-04-12 21:51:09.221 9 INFO neutron.db.ovn_revision_numbers_db [None req-f927db0f-e3ed-46df-8a56-1518fc8fcac3 4b40f74b9ac549d7aa9124e65b8f2057 4125b6f5b33d46a9988e90db2d3d806d - - default default] Successfully bumped revision number for resource aac7ca84-e6db-4ed1-804c-4e7608e6e287 (type: floatingips) to 2
2026-04-12 21:51:09.221 9 INFO neutron.db.l3_db [None req-f927db0f-e3ed-46df-8a56-1518fc8fcac3 4b40f74b9ac549d7aa9124e65b8f2057 4125b6f5b33d46a9988e90db2d3d806d - - default default] Floating IP aac7ca84-e6db-4ed1-804c-4e7608e6e287 associated. External IP: 10.96.250.207, port: e1e3ed7c-20b1-447b-800f-2d8de5817db1.
2026-04-12 21:51:09.222 9 INFO neutron.db.ovn_revision_numbers_db [None req-0a930b57-2b95-43e8-8173-6c7ca63a02df a567ec0a27104407b95cbb39e5809502 8a4ca2cca7574d2289ce86cc5ffab9bc - - default default] Successfully bumped revision number for resource 9ae6ba91-28b5-4e9e-85c4-20269ffb6479 (type: security_groups) to 1
2026-04-12 21:51:09.242 9 INFO neutron.db.ovn_revision_numbers_db [None req-0a930b57-2b95-43e8-8173-6c7ca63a02df a567ec0a27104407b95cbb39e5809502 8a4ca2cca7574d2289ce86cc5ffab9bc - - default default] Successfully bumped revision number for resource 6e09013c-0791-4ebe-b6f1-7c3457e3d485 (type: security_group_rules) to 0
2026-04-12 21:51:09.248 9 INFO neutron.api.wsgi [None req-f927db0f-e3ed-46df-8a56-1518fc8fcac3 4b40f74b9ac549d7aa9124e65b8f2057 4125b6f5b33d46a9988e90db2d3d806d - - default default] 10.0.0.252 "PUT /v2.0/floatingips/aac7ca84-e6db-4ed1-804c-4e7608e6e287 HTTP/1.1" status: 200 len: 1050 time: 0.9684961
2026-04-12 21:51:09.255 9 INFO neutron.db.ovn_revision_numbers_db [None req-0a930b57-2b95-43e8-8173-6c7ca63a02df a567ec0a27104407b95cbb39e5809502 8a4ca2cca7574d2289ce86cc5ffab9bc - - default default] Successfully bumped revision number for resource 80c45b21-6faa-4f9b-99e9-844c629c877b (type: security_group_rules) to 0
2026-04-12 21:51:09.266 9 INFO neutron.db.ovn_revision_numbers_db [None req-0a930b57-2b95-43e8-8173-6c7ca63a02df a567ec0a27104407b95cbb39e5809502 8a4ca2cca7574d2289ce86cc5ffab9bc - - default default] Successfully bumped revision number for resource d21d4f86-9f4f-410b-835a-de6197626661 (type: security_group_rules) to 0
2026-04-12 21:51:09.277 9 INFO neutron.db.ovn_revision_numbers_db [None req-0a930b57-2b95-43e8-8173-6c7ca63a02df a567ec0a27104407b95cbb39e5809502 8a4ca2cca7574d2289ce86cc5ffab9bc - - default default] Successfully bumped revision number for resource ef6a2059-8f56-4cca-b2a2-38913c2cf65a (type: security_group_rules) to 0
2026-04-12 21:51:09.325 10 INFO neutron.api.wsgi [req-180e186c-ea41-4068-a01d-2481d37d7cdf req-f0160c22-4cf6-4b35-a147-6cd06e2e957a 4b40f74b9ac549d7aa9124e65b8f2057 4125b6f5b33d46a9988e90db2d3d806d - - default default] 10.0.0.69 "GET /v2.0/ports?device_id=33c6e2ab-c159-40ae-b03a-b6e95924f59e HTTP/1.1" status: 200 len: 1174 time: 0.0374894
2026-04-12 21:51:09.344 9 INFO neutron.db.segments_db [None req-0a930b57-2b95-43e8-8173-6c7ca63a02df a567ec0a27104407b95cbb39e5809502 8a4ca2cca7574d2289ce86cc5ffab9bc - - default default] Added segment 7e7fd1de-47f8-4d54-a25c-98550fe97983 of type geneve for network 9021c46f-849d-4203-b273-66003e007f98
2026-04-12 21:51:09.367 10 INFO neutron.api.wsgi [req-180e186c-ea41-4068-a01d-2481d37d7cdf req-4d5ad51a-fd8c-4e61-8328-c8ee4eecc2ee 4b40f74b9ac549d7aa9124e65b8f2057 4125b6f5b33d46a9988e90db2d3d806d - - default default] 10.0.0.69 "GET /v2.0/security-groups?id=a9fc0849-c808-4dff-aaf1-b1d8647644ca&fields=id&fields=name HTTP/1.1" status: 200 len: 313 time: 0.0350513
2026-04-12 21:51:09.478 9 INFO neutron.db.ovn_revision_numbers_db [None req-0a930b57-2b95-43e8-8173-6c7ca63a02df a567ec0a27104407b95cbb39e5809502 8a4ca2cca7574d2289ce86cc5ffab9bc - - default default] Successfully bumped revision number for resource 9021c46f-849d-4203-b273-66003e007f98 (type: networks) to 1
2026-04-12 21:51:09.645 9 WARNING neutron.scheduler.dhcp_agent_scheduler [None req-0a930b57-2b95-43e8-8173-6c7ca63a02df a567ec0a27104407b95cbb39e5809502 8a4ca2cca7574d2289ce86cc5ffab9bc - - default default] No more DHCP agents
2026-04-12 21:51:09.647 9 WARNING neutron.api.rpc.agentnotifiers.dhcp_rpc_agent_api [None req-0a930b57-2b95-43e8-8173-6c7ca63a02df a567ec0a27104407b95cbb39e5809502 8a4ca2cca7574d2289ce86cc5ffab9bc - - default default] Unable to schedule network 9021c46f-849d-4203-b273-66003e007f98: no agents available; will retry on subsequent port and subnet creation events.
2026-04-12 21:51:09.737 9 INFO neutron.api.wsgi [req-755932e6-d23d-4c3e-a61b-0e786a0103cf req-57f8a02b-d7d9-4ac9-b840-10349da83dad 4b40f74b9ac549d7aa9124e65b8f2057 4125b6f5b33d46a9988e90db2d3d806d - - default default] 10.0.0.69 "GET /v2.0/ports?device_id=33c6e2ab-c159-40ae-b03a-b6e95924f59e HTTP/1.1" status: 200 len: 1174 time: 0.0812678
2026-04-12 21:51:09.740 9 INFO neutron.db.ovn_revision_numbers_db [None req-0a930b57-2b95-43e8-8173-6c7ca63a02df a567ec0a27104407b95cbb39e5809502 8a4ca2cca7574d2289ce86cc5ffab9bc - - default default] Successfully bumped revision number for resource 7f6732f0-dd21-489d-a466-383945a3e9cf (type: ports) to 1
2026-04-12 21:51:09.769 9 INFO neutron.api.wsgi [None req-0a930b57-2b95-43e8-8173-6c7ca63a02df a567ec0a27104407b95cbb39e5809502 8a4ca2cca7574d2289ce86cc5ffab9bc - - default default] 10.0.0.252 "POST /v2.0/networks HTTP/1.1" status: 201 len: 953 time: 0.9248271
2026-04-12 21:51:09.777 9 INFO neutron.api.wsgi [req-755932e6-d23d-4c3e-a61b-0e786a0103cf req-9f2efd42-cc77-4b06-b828-6e66e4d8c98d 4b40f74b9ac549d7aa9124e65b8f2057 4125b6f5b33d46a9988e90db2d3d806d - - default default] 10.0.0.69 "GET /v2.0/security-groups?id=a9fc0849-c808-4dff-aaf1-b1d8647644ca&fields=id&fields=name HTTP/1.1" status: 200 len: 313 time: 0.0330691
2026-04-12 21:51:09.937 10 WARNING neutron.scheduler.dhcp_agent_scheduler [None req-80a3b445-156d-4f17-a0fb-10962267de51 a567ec0a27104407b95cbb39e5809502 8a4ca2cca7574d2289ce86cc5ffab9bc - - default default] No more DHCP agents
2026-04-12 21:51:09.938 10 WARNING neutron.api.rpc.agentnotifiers.dhcp_rpc_agent_api [None req-80a3b445-156d-4f17-a0fb-10962267de51 a567ec0a27104407b95cbb39e5809502 8a4ca2cca7574d2289ce86cc5ffab9bc - - default default] Unable to schedule network 9021c46f-849d-4203-b273-66003e007f98: no agents available; will retry on subsequent port and subnet creation events.
2026-04-12 21:51:10.173 9 INFO neutron.plugins.ml2.drivers.ovn.mech_driver.mech_driver [None req-53e09cf5-b3fa-4918-85ec-1f7ae5c01b6e - - - - - -] OVN reports status down for port: e1e3ed7c-20b1-447b-800f-2d8de5817db1
2026-04-12 21:51:10.272 10 INFO neutron.api.wsgi [req-f2a98666-4ef6-4c66-913b-388888308404 req-5b93bade-9c11-44d3-b842-58372e399430 caa67bfb76fd4febb0e3a2d63c3f8db8 e313c1cc6dd5405d81753afeacdb22c9 - - default default] 10.0.0.69 "GET /v2.0/ports?device_id=70d28329-600c-417c-aac7-ac23503205e0 HTTP/1.1" status: 200 len: 1170 time: 0.0684633
2026-04-12 21:51:10.331 10 INFO neutron.api.wsgi [req-f2a98666-4ef6-4c66-913b-388888308404 req-088072bb-5e02-4642-872b-3ffa9ab144e4 caa67bfb76fd4febb0e3a2d63c3f8db8 e313c1cc6dd5405d81753afeacdb22c9 - - default default] 10.0.0.69 "GET /v2.0/security-groups?id=830a1c0f-2401-4fa1-a15a-bc496cc52e27&fields=id&fields=name HTTP/1.1" status: 200 len: 313 time: 0.0505612
2026-04-12 21:51:10.424 9 INFO neutron.api.wsgi [req-33d0b8bc-1d9e-4b48-afb2-d137e98b9ec0 req-02085375-2ac2-4aef-a2c0-637443767414 caa67bfb76fd4febb0e3a2d63c3f8db8 e313c1cc6dd5405d81753afeacdb22c9 - - default default] 10.0.0.69 "GET /v2.0/ports?device_id=70d28329-600c-417c-aac7-ac23503205e0 HTTP/1.1" status: 200 len: 1170 time: 0.0412040
2026-04-12 21:51:10.451 9 INFO neutron.db.ovn_revision_numbers_db [None req-53e09cf5-b3fa-4918-85ec-1f7ae5c01b6e - - - - - -] Successfully bumped revision number for resource e1e3ed7c-20b1-447b-800f-2d8de5817db1 (type: ports) to 6
2026-04-12 21:51:10.459 10 INFO neutron.db.ovn_revision_numbers_db [None req-8c493bdf-a84d-463d-acd5-61553ce3251d - - - - - -] Successfully bumped revision number for resource 7f6732f0-dd21-489d-a466-383945a3e9cf (type: ports) to 2
2026-04-12 21:51:10.493 10 INFO neutron.db.ovn_revision_numbers_db [None req-8c493bdf-a84d-463d-acd5-61553ce3251d - - - - - -] Successfully bumped revision number for resource 3926a655-9592-4e5a-995f-eb12394e90df (type: subnets) to 0
2026-04-12 21:51:10.506 10 INFO neutron.api.wsgi [None req-80a3b445-156d-4f17-a0fb-10962267de51 a567ec0a27104407b95cbb39e5809502 8a4ca2cca7574d2289ce86cc5ffab9bc - - default default] 10.0.0.252 "POST /v2.0/subnets HTTP/1.1" status: 201 len: 897 time: 0.7306578
2026-04-12 21:51:10.908 10 INFO neutron.api.wsgi [req-6acd8274-3d20-4c3e-83fe-c5393a4e7183 req-e38fc2dd-3d92-4bb8-ba2b-6a9ccbc4b3c3 4b40f74b9ac549d7aa9124e65b8f2057 4125b6f5b33d46a9988e90db2d3d806d - - default default] 10.0.0.69 "GET /v2.0/ports?device_id=33c6e2ab-c159-40ae-b03a-b6e95924f59e HTTP/1.1" status: 200 len: 1172 time: 0.0499730
2026-04-12 21:51:10.925 9 INFO neutron.notifiers.nova [-] Nova event matching ['req-920d36b6-9aff-40c6-918c-69fcc8063985'] response: {'name': 'network-changed', 'server_uuid': '33c6e2ab-c159-40ae-b03a-b6e95924f59e', 'tag': 'e1e3ed7c-20b1-447b-800f-2d8de5817db1', 'status': 'completed', 'code': 200}
2026-04-12 21:51:10.926 9 INFO neutron.notifiers.nova [-] Nova event matching ['req-920d36b6-9aff-40c6-918c-69fcc8063985'] response: {'server_uuid': '33c6e2ab-c159-40ae-b03a-b6e95924f59e', 'name': 'network-vif-unplugged', 'status': 'completed', 'tag': 'e1e3ed7c-20b1-447b-800f-2d8de5817db1', 'code': 200}
2026-04-12 21:51:10.926 9 INFO neutron.notifiers.nova [-] Nova event matching ['req-920d36b6-9aff-40c6-918c-69fcc8063985'] response: {'server_uuid': '33c6e2ab-c159-40ae-b03a-b6e95924f59e', 'name': 'network-vif-unplugged', 'status': 'completed', 'tag': 'e1e3ed7c-20b1-447b-800f-2d8de5817db1', 'code': 200} /var/lib/openstack/lib/python3.12/site-packages/pycadf/identifier.py:71: UserWarning: Invalid uuid: neutron. To ensure interoperability, identifiers should be a valid uuid. warnings.warn(('Invalid uuid: %s. To ensure interoperability, '
2026-04-12 21:51:10.978 10 WARNING neutron.scheduler.dhcp_agent_scheduler [None req-aeb6f106-f290-4e45-a6ea-5559539507e1 a567ec0a27104407b95cbb39e5809502 8a4ca2cca7574d2289ce86cc5ffab9bc - - default default] No more DHCP agents
2026-04-12 21:51:10.982 10 WARNING neutron.api.rpc.agentnotifiers.dhcp_rpc_agent_api [None req-aeb6f106-f290-4e45-a6ea-5559539507e1 a567ec0a27104407b95cbb39e5809502 8a4ca2cca7574d2289ce86cc5ffab9bc - - default default] Unable to schedule network 6d18557e-50d3-4cad-9577-6f78d88df79d: no agents available; will retry on subsequent port and subnet creation events.
2026-04-12 21:51:10.991 10 INFO neutron.db.ovn_revision_numbers_db [None req-7b54f0d5-9ed5-46a9-aaec-f6f5fbf0192f caa67bfb76fd4febb0e3a2d63c3f8db8 e313c1cc6dd5405d81753afeacdb22c9 - - default default] Successfully bumped revision number for resource eb311102-4ebf-440f-8032-429fc340dc42 (type: floatingips) to 1
2026-04-12 21:51:10.995 10 INFO neutron.api.wsgi [req-6acd8274-3d20-4c3e-83fe-c5393a4e7183 req-31dbd0d4-5e3d-45ac-ba0a-2c62d585955e 4b40f74b9ac549d7aa9124e65b8f2057 4125b6f5b33d46a9988e90db2d3d806d - - default default] 10.0.0.69 "GET /v2.0/security-groups?id=a9fc0849-c808-4dff-aaf1-b1d8647644ca&fields=id&fields=name HTTP/1.1" status: 200 len: 313 time: 0.0563576
2026-04-12 21:51:11.112 10 INFO neutron.db.ovn_revision_numbers_db [None req-7b54f0d5-9ed5-46a9-aaec-f6f5fbf0192f caa67bfb76fd4febb0e3a2d63c3f8db8 e313c1cc6dd5405d81753afeacdb22c9 - - default default] Successfully bumped revision number for resource eb311102-4ebf-440f-8032-429fc340dc42 (type: floatingips) to 2
2026-04-12 21:51:11.112 10 INFO neutron.db.l3_db [None req-7b54f0d5-9ed5-46a9-aaec-f6f5fbf0192f caa67bfb76fd4febb0e3a2d63c3f8db8 e313c1cc6dd5405d81753afeacdb22c9 - - default default] Floating IP eb311102-4ebf-440f-8032-429fc340dc42 associated. External IP: 10.96.250.219, port: c06de231-eaaf-42d6-850f-12c23ae0ddba.
2026-04-12 21:51:11.113 10 INFO neutron.db.ovn_revision_numbers_db [None req-aeb6f106-f290-4e45-a6ea-5559539507e1 a567ec0a27104407b95cbb39e5809502 8a4ca2cca7574d2289ce86cc5ffab9bc - - default default] Successfully bumped revision number for resource 4f279323-062f-4907-86e4-45d748425c9c (type: ports) to 1
2026-04-12 21:51:11.147 10 INFO neutron.api.wsgi [None req-7b54f0d5-9ed5-46a9-aaec-f6f5fbf0192f caa67bfb76fd4febb0e3a2d63c3f8db8 e313c1cc6dd5405d81753afeacdb22c9 - - default default] 10.0.0.252 "PUT /v2.0/floatingips/eb311102-4ebf-440f-8032-429fc340dc42 HTTP/1.1" status: 200 len: 1049 time: 0.7054837 /var/lib/openstack/lib/python3.12/site-packages/pycadf/identifier.py:71: UserWarning: Invalid uuid: neutron. To ensure interoperability, identifiers should be a valid uuid. warnings.warn(('Invalid uuid: %s. To ensure interoperability, '
2026-04-12 21:51:11.230 9 INFO neutron.api.wsgi [req-76abed4f-5840-46db-9bcb-bc859432120f req-260c20b2-01e3-43d1-983a-f0af5fc418c4 caa67bfb76fd4febb0e3a2d63c3f8db8 e313c1cc6dd5405d81753afeacdb22c9 - - default default] 10.0.0.69 "GET /v2.0/ports?device_id=70d28329-600c-417c-aac7-ac23503205e0 HTTP/1.1" status: 200 len: 1170 time: 0.0417891
2026-04-12 21:51:11.273 9 INFO neutron.api.wsgi [req-76abed4f-5840-46db-9bcb-bc859432120f req-7485d9ec-f119-4041-adae-fe60a6669fb4 caa67bfb76fd4febb0e3a2d63c3f8db8 e313c1cc6dd5405d81753afeacdb22c9 - - default default] 10.0.0.69 "GET /v2.0/security-groups?id=830a1c0f-2401-4fa1-a15a-bc496cc52e27&fields=id&fields=name HTTP/1.1" status: 200 len: 313 time: 0.0359061
2026-04-12 21:51:11.329 10 INFO neutron.notifiers.nova [-] Nova event matching ['req-bb4c5a03-0d42-4b64-abc3-36f7932d5fcb'] response: {'name': 'network-changed', 'server_uuid': '70d28329-600c-417c-aac7-ac23503205e0', 'tag': 'c06de231-eaaf-42d6-850f-12c23ae0ddba', 'status': 'completed', 'code': 200}
2026-04-12 21:51:11.431 10 INFO neutron.api.wsgi [req-0748493a-aa58-42c0-a985-e04ef4d8bedb req-ba9f54f7-269d-43d3-8dca-2e57401e900f 4b40f74b9ac549d7aa9124e65b8f2057 4125b6f5b33d46a9988e90db2d3d806d - - default default] 199.204.45.244 "GET /v2.0/ports?device_id=33c6e2ab-c159-40ae-b03a-b6e95924f59e HTTP/1.1" status: 200 len: 1172 time: 0.0296650
2026-04-12 21:51:11.481 9 INFO neutron.api.wsgi [req-4ae29311-15d7-458e-b3b9-c69bf642e46b req-0d9c4714-78b1-4eea-8a65-ce819ba976b3 69f8ad1a45954b309f99a02f0823d47e 5fe509aa54f84f9daa5dfe279dd8521a - - f26d5f8b5eea4776bdf6fce6462c9921 f26d5f8b5eea4776bdf6fce6462c9921] 199.204.45.244 "GET /v2.0/ports?tenant_id=4125b6f5b33d46a9988e90db2d3d806d&device_id=33c6e2ab-c159-40ae-b03a-b6e95924f59e HTTP/1.1" status: 200 len: 1411 time: 0.0518720
2026-04-12 21:51:11.530 9 INFO neutron.api.wsgi [req-4ae29311-15d7-458e-b3b9-c69bf642e46b req-41afefda-cfd9-4736-b470-132966964321 69f8ad1a45954b309f99a02f0823d47e 5fe509aa54f84f9daa5dfe279dd8521a - - f26d5f8b5eea4776bdf6fce6462c9921 f26d5f8b5eea4776bdf6fce6462c9921] 199.204.45.244 "GET /v2.0/networks?id=a1a8ddf6-813a-4293-aa37-5c4fad35f746 HTTP/1.1" status: 200 len: 974 time: 0.0431211
2026-04-12 21:51:11.580 9 INFO neutron.api.wsgi [req-4ae29311-15d7-458e-b3b9-c69bf642e46b req-10473133-cd69-4932-8b97-4b6054e6d796 69f8ad1a45954b309f99a02f0823d47e 5fe509aa54f84f9daa5dfe279dd8521a - - f26d5f8b5eea4776bdf6fce6462c9921 f26d5f8b5eea4776bdf6fce6462c9921] 199.204.45.244 "GET /v2.0/floatingips?fixed_ip_address=10.100.0.13&port_id=e1e3ed7c-20b1-447b-800f-2d8de5817db1 HTTP/1.1" status: 200 len: 1058 time: 0.0449636
2026-04-12 21:51:11.607 9 INFO neutron.api.wsgi [req-4ae29311-15d7-458e-b3b9-c69bf642e46b req-98809dc5-8d05-4997-af6b-f2cf0bc65695 69f8ad1a45954b309f99a02f0823d47e 5fe509aa54f84f9daa5dfe279dd8521a - - f26d5f8b5eea4776bdf6fce6462c9921 f26d5f8b5eea4776bdf6fce6462c9921] 199.204.45.244 "GET /v2.0/subnets?id=05b58b68-4823-4103-b08c-f3c0417009d1 HTTP/1.1" status: 200 len: 893 time: 0.0219424
2026-04-12 21:51:11.629 9 INFO neutron.api.wsgi [req-4ae29311-15d7-458e-b3b9-c69bf642e46b req-208d2ddf-5688-4086-9f23-397ae800dde4 69f8ad1a45954b309f99a02f0823d47e 5fe509aa54f84f9daa5dfe279dd8521a - - f26d5f8b5eea4776bdf6fce6462c9921 f26d5f8b5eea4776bdf6fce6462c9921] 199.204.45.244 "GET /v2.0/ports?network_id=a1a8ddf6-813a-4293-aa37-5c4fad35f746&device_owner=network%3Adhcp HTTP/1.1" status: 200 len: 210 time: 0.0166373
2026-04-12 21:51:11.677 9 INFO neutron.api.wsgi [req-4ae29311-15d7-458e-b3b9-c69bf642e46b req-cc651d31-56f7-4256-a770-b2996498dcab 69f8ad1a45954b309f99a02f0823d47e 5fe509aa54f84f9daa5dfe279dd8521a - - f26d5f8b5eea4776bdf6fce6462c9921 f26d5f8b5eea4776bdf6fce6462c9921] 199.204.45.244 "GET /v2.0/networks/a1a8ddf6-813a-4293-aa37-5c4fad35f746?fields=segments HTTP/1.1" status: 200 len: 212 time: 0.0416362
2026-04-12 21:51:11.678 10 INFO neutron.api.wsgi [req-d646b9b8-4110-4755-b4a9-8e7e67b9dda6 req-5e2ce738-cdd2-4634-8083-db0fcf5ac976 caa67bfb76fd4febb0e3a2d63c3f8db8 e313c1cc6dd5405d81753afeacdb22c9 - - default default] 10.0.0.69 "GET /v2.0/ports?device_id=70d28329-600c-417c-aac7-ac23503205e0 HTTP/1.1" status: 200 len: 1170 time: 0.0776162
2026-04-12 21:51:11.740 9 INFO neutron.api.wsgi [req-fccce461-0af6-4772-9442-6eba5695e000 req-19876a21-0cd8-4410-93e2-33725af35a21 69f8ad1a45954b309f99a02f0823d47e 5fe509aa54f84f9daa5dfe279dd8521a - - f26d5f8b5eea4776bdf6fce6462c9921 f26d5f8b5eea4776bdf6fce6462c9921] 199.204.45.244 "GET /v2.0/ports?tenant_id=e313c1cc6dd5405d81753afeacdb22c9&device_id=70d28329-600c-417c-aac7-ac23503205e0 HTTP/1.1" status: 200 len: 1409 time: 0.0295281
2026-04-12 21:51:11.765 10 INFO neutron.api.wsgi [req-d646b9b8-4110-4755-b4a9-8e7e67b9dda6 req-cb1a2785-f3a7-46a8-a734-0ea47344f903 caa67bfb76fd4febb0e3a2d63c3f8db8 e313c1cc6dd5405d81753afeacdb22c9 - - default default] 10.0.0.69 "GET /v2.0/security-groups?id=830a1c0f-2401-4fa1-a15a-bc496cc52e27&fields=id&fields=name HTTP/1.1" status: 200 len: 313 time: 0.0713561
2026-04-12 21:51:11.766 9 INFO neutron.api.wsgi [req-4ae29311-15d7-458e-b3b9-c69bf642e46b req-fa91f86f-0e1d-4d04-ab7e-f1f3c2c20c56 69f8ad1a45954b309f99a02f0823d47e 5fe509aa54f84f9daa5dfe279dd8521a - - f26d5f8b5eea4776bdf6fce6462c9921 f26d5f8b5eea4776bdf6fce6462c9921] 199.204.45.244 "GET /v2.0/networks/a1a8ddf6-813a-4293-aa37-5c4fad35f746?fields=provider%3Aphysical_network&fields=provider%3Anetwork_type HTTP/1.1" status: 200 len: 277 time: 0.0863841
2026-04-12 21:51:11.793 9 INFO neutron.api.wsgi [req-fccce461-0af6-4772-9442-6eba5695e000 req-c81a57e6-f981-4c97-a2c6-bacd5446304e 69f8ad1a45954b309f99a02f0823d47e 5fe509aa54f84f9daa5dfe279dd8521a - - f26d5f8b5eea4776bdf6fce6462c9921 f26d5f8b5eea4776bdf6fce6462c9921] 199.204.45.244 "GET /v2.0/networks?id=fa502eb7-033a-45a9-bce6-c7f51d56211c HTTP/1.1" status: 200 len: 978 time: 0.0486476
2026-04-12 21:51:11.855 10 INFO neutron.db.l3_db [req-0748493a-aa58-42c0-a985-e04ef4d8bedb req-29cd3a6e-b160-487d-8dc6-556ea51c8026 4b40f74b9ac549d7aa9124e65b8f2057 4125b6f5b33d46a9988e90db2d3d806d - - default default] Floating IP aac7ca84-e6db-4ed1-804c-4e7608e6e287 disassociated. External IP: 10.96.250.207, port: e1e3ed7c-20b1-447b-800f-2d8de5817db1.
2026-04-12 21:51:11.874 9 INFO neutron.api.wsgi [req-fccce461-0af6-4772-9442-6eba5695e000 req-f9fc5594-e986-4047-9474-e56d789ff7e1 69f8ad1a45954b309f99a02f0823d47e 5fe509aa54f84f9daa5dfe279dd8521a - - f26d5f8b5eea4776bdf6fce6462c9921 f26d5f8b5eea4776bdf6fce6462c9921] 199.204.45.244 "GET /v2.0/floatingips?fixed_ip_address=10.100.0.7&port_id=c06de231-eaaf-42d6-850f-12c23ae0ddba HTTP/1.1" status: 200 len: 1059 time: 0.0759184 /var/lib/openstack/lib/python3.12/site-packages/pycadf/identifier.py:71: UserWarning: Invalid uuid: neutron. To ensure interoperability, identifiers should be a valid uuid. warnings.warn(('Invalid uuid: %s. To ensure interoperability, '
2026-04-12 21:51:11.904 9 INFO neutron.api.wsgi [req-fccce461-0af6-4772-9442-6eba5695e000 req-fd3e9901-0974-4da1-8815-15ed284edcc9 69f8ad1a45954b309f99a02f0823d47e 5fe509aa54f84f9daa5dfe279dd8521a - - f26d5f8b5eea4776bdf6fce6462c9921 f26d5f8b5eea4776bdf6fce6462c9921] 199.204.45.244 "GET /v2.0/subnets?id=dc615689-deee-4f39-a741-0d121ff12f3b HTTP/1.1" status: 200 len: 897 time: 0.0246239
2026-04-12 21:51:11.929 9 INFO neutron.api.wsgi [req-fccce461-0af6-4772-9442-6eba5695e000 req-30fdcb57-f4df-43e0-851e-74c8cc685b4d 69f8ad1a45954b309f99a02f0823d47e 5fe509aa54f84f9daa5dfe279dd8521a - - f26d5f8b5eea4776bdf6fce6462c9921 f26d5f8b5eea4776bdf6fce6462c9921] 199.204.45.244 "GET /v2.0/ports?network_id=fa502eb7-033a-45a9-bce6-c7f51d56211c&device_owner=network%3Adhcp HTTP/1.1" status: 200 len: 210 time: 0.0175536
2026-04-12 21:51:11.972 9 INFO neutron.api.wsgi [req-fccce461-0af6-4772-9442-6eba5695e000 req-df35420c-4190-4e88-ab1b-6cce43d0bcb8 69f8ad1a45954b309f99a02f0823d47e 5fe509aa54f84f9daa5dfe279dd8521a - - f26d5f8b5eea4776bdf6fce6462c9921 f26d5f8b5eea4776bdf6fce6462c9921] 199.204.45.244 "GET /v2.0/networks/fa502eb7-033a-45a9-bce6-c7f51d56211c?fields=segments HTTP/1.1" status: 200 len: 212 time: 0.0371408
2026-04-12 21:51:11.980 10 INFO neutron.api.wsgi [req-0748493a-aa58-42c0-a985-e04ef4d8bedb req-29cd3a6e-b160-487d-8dc6-556ea51c8026 4b40f74b9ac549d7aa9124e65b8f2057 4125b6f5b33d46a9988e90db2d3d806d - - default default] 199.204.45.244 "DELETE /v2.0/ports/e1e3ed7c-20b1-447b-800f-2d8de5817db1 HTTP/1.1" status: 204 len: 173 time: 0.5459163
2026-04-12 21:51:11.990 10 INFO neutron.plugins.ml2.drivers.ovn.mech_driver.ovsdb.commands [None req-bf1ba29b-1617-4ed2-aa50-a502d7f2eced - - - - - -] Schedule LRP lrp-4f279323-062f-4907-86e4-45d748425c9c on gateway 0bc1e388-1492-4620-851c-d00b3e8fa188 with priority 1
2026-04-12 21:51:11.999 10 INFO neutron.plugins.ml2.drivers.ovn.mech_driver.mech_driver [None req-865a70b4-a337-47df-a85d-5e1b8bbcd8ff - - - - - -] OVN reports status up for port: 4f279323-062f-4907-86e4-45d748425c9c
2026-04-12 21:51:12.014 10 INFO neutron.plugins.ml2.plugin [None req-865a70b4-a337-47df-a85d-5e1b8bbcd8ff - - - - - -] Attempt 1 to provision port 4f279323-062f-4907-86e4-45d748425c9c
2026-04-12 21:51:12.018 9 INFO neutron.plugins.ml2.drivers.ovn.mech_driver.ovsdb.ovsdb_monitor [None req-4f454d5f-335f-426c-90da-f0247a673a06 - - - - - -] Router 64fa47af-05d3-4fb4-82ef-8b9a26d3e330 is bound to host instance
2026-04-12 21:51:12.034 10 INFO neutron.db.ovn_revision_numbers_db [None req-aeb6f106-f290-4e45-a6ea-5559539507e1 a567ec0a27104407b95cbb39e5809502 8a4ca2cca7574d2289ce86cc5ffab9bc - - default default] Successfully bumped revision number for resource 4f279323-062f-4907-86e4-45d748425c9c (type: router_ports) to 1
2026-04-12 21:51:12.047 9 INFO neutron.api.wsgi [req-fccce461-0af6-4772-9442-6eba5695e000 req-f84acddf-a70e-4efa-a4fd-c31a6330dca5 69f8ad1a45954b309f99a02f0823d47e 5fe509aa54f84f9daa5dfe279dd8521a - - f26d5f8b5eea4776bdf6fce6462c9921 f26d5f8b5eea4776bdf6fce6462c9921] 199.204.45.244 "GET /v2.0/networks/fa502eb7-033a-45a9-bce6-c7f51d56211c?fields=provider%3Aphysical_network&fields=provider%3Anetwork_type HTTP/1.1" status: 200 len: 277 time: 0.0703998
2026-04-12 21:51:12.091 9 INFO neutron.api.wsgi [req-9e7bd826-d905-4d0c-9849-a9322710c2c5 req-46f545d2-0ab7-4e8f-b4e2-72757a6c3d02 4b40f74b9ac549d7aa9124e65b8f2057 4125b6f5b33d46a9988e90db2d3d806d - - default default] 10.0.0.69 "GET /v2.0/ports?device_id=33c6e2ab-c159-40ae-b03a-b6e95924f59e HTTP/1.1" status: 200 len: 210 time: 0.0190926
2026-04-12 21:51:12.097 10 INFO neutron.db.ovn_revision_numbers_db [None req-aeb6f106-f290-4e45-a6ea-5559539507e1 a567ec0a27104407b95cbb39e5809502 8a4ca2cca7574d2289ce86cc5ffab9bc - - default default] Successfully bumped revision number for resource 64fa47af-05d3-4fb4-82ef-8b9a26d3e330 (type: routers) to 2
2026-04-12 21:51:12.111 10 INFO neutron.api.wsgi [None req-aeb6f106-f290-4e45-a6ea-5559539507e1 a567ec0a27104407b95cbb39e5809502 8a4ca2cca7574d2289ce86cc5ffab9bc - - default default] 10.0.0.252 "POST /v2.0/routers HTTP/1.1" status: 201 len: 1175 time: 1.6002741
2026-04-12 21:51:12.134 9 INFO neutron.plugins.ml2.drivers.ovn.mech_driver.mech_driver [None req-f11c4013-bcbe-4788-8c89-79f8691ae8d3 - - - - - -] OVN reports status down for port: c06de231-eaaf-42d6-850f-12c23ae0ddba
2026-04-12 21:51:12.380 9 INFO neutron.db.ovn_revision_numbers_db [None req-f11c4013-bcbe-4788-8c89-79f8691ae8d3 - - - - - -] Successfully bumped revision number for resource c06de231-eaaf-42d6-850f-12c23ae0ddba (type: ports) to 6
2026-04-12 21:51:12.475 9 INFO neutron.db.ovn_revision_numbers_db [None req-4e3ea0cb-ef00-43b6-9d2c-d67080cb837c - - - - - -] Successfully bumped revision number for resource 4f279323-062f-4907-86e4-45d748425c9c (type: ports) to 1
2026-04-12 21:51:12.534 10 WARNING neutron.scheduler.dhcp_agent_scheduler [None req-fa391dfc-22ee-4593-bc01-96538042437d a567ec0a27104407b95cbb39e5809502 8a4ca2cca7574d2289ce86cc5ffab9bc - - default default] No more DHCP agents
2026-04-12 21:51:12.535 10 WARNING neutron.api.rpc.agentnotifiers.dhcp_rpc_agent_api [None req-fa391dfc-22ee-4593-bc01-96538042437d a567ec0a27104407b95cbb39e5809502 8a4ca2cca7574d2289ce86cc5ffab9bc - - default default] Unable to schedule network 9021c46f-849d-4203-b273-66003e007f98: no agents available; will retry on subsequent port and subnet creation events.
2026-04-12 21:51:12.642 10 INFO neutron.db.ovn_revision_numbers_db [None req-fa391dfc-22ee-4593-bc01-96538042437d a567ec0a27104407b95cbb39e5809502 8a4ca2cca7574d2289ce86cc5ffab9bc - - default default] Successfully bumped revision number for resource 71b87fcf-25c2-41db-afff-62d29e286334 (type: ports) to 1
2026-04-12 21:51:12.739 9 INFO neutron.db.ovn_revision_numbers_db [None req-4e3ea0cb-ef00-43b6-9d2c-d67080cb837c - - - - - -] Successfully bumped revision number for resource 4f279323-062f-4907-86e4-45d748425c9c (type: ports) to 4
