2026-04-12 21:53:29.209 9 INFO neutron.db.ovn_revision_numbers_db [None req-fdfd6415-ef99-443f-8c2c-cd1f8e68e9ac a567ec0a27104407b95cbb39e5809502 8a4ca2cca7574d2289ce86cc5ffab9bc - - default default] Successfully bumped revision number for resource f80bf3d1-0240-4bfa-85d5-9e14013a36f4 (type: security_groups) to 1
2026-04-12 21:53:29.221 9 INFO neutron.db.ovn_revision_numbers_db [None req-fdfd6415-ef99-443f-8c2c-cd1f8e68e9ac a567ec0a27104407b95cbb39e5809502 8a4ca2cca7574d2289ce86cc5ffab9bc - - default default] Successfully bumped revision number for resource 243d2f54-764e-476b-b6b0-c64b28e63c91 (type: security_group_rules) to 0
2026-04-12 21:53:29.263 9 INFO neutron.db.ovn_revision_numbers_db [None req-fdfd6415-ef99-443f-8c2c-cd1f8e68e9ac a567ec0a27104407b95cbb39e5809502 8a4ca2cca7574d2289ce86cc5ffab9bc - - default default] Successfully bumped revision number for resource 29ba74d4-77db-4b85-95fc-dd6ee296caf0 (type: security_group_rules) to 0
2026-04-12 21:53:29.282 9 INFO neutron.db.ovn_revision_numbers_db [None req-fdfd6415-ef99-443f-8c2c-cd1f8e68e9ac a567ec0a27104407b95cbb39e5809502 8a4ca2cca7574d2289ce86cc5ffab9bc - - default default] Successfully bumped revision number for resource 719ad44f-f495-4a02-b525-97dd01ef40ec (type: security_group_rules) to 0
2026-04-12 21:53:29.294 9 INFO neutron.db.ovn_revision_numbers_db [None req-fdfd6415-ef99-443f-8c2c-cd1f8e68e9ac a567ec0a27104407b95cbb39e5809502 8a4ca2cca7574d2289ce86cc5ffab9bc - - default default] Successfully bumped revision number for resource c5a3b8ea-41e6-407a-983f-dd9ebf60ade7 (type: security_group_rules) to 0
2026-04-12 21:53:29.333 9 INFO neutron.api.wsgi [None req-fdfd6415-ef99-443f-8c2c-cd1f8e68e9ac a567ec0a27104407b95cbb39e5809502 8a4ca2cca7574d2289ce86cc5ffab9bc - - default default] 10.0.0.252 "GET /v2.0/security-groups?tenant_id=22dcbf54d4d544a2b323c2db0286ed26&name=default HTTP/1.1" status: 200 len: 3120 time: 0.2453811
2026-04-12 21:53:29.536 9 INFO neutron.api.wsgi [None req-ba1d7d99-0c45-4bf9-b758-96ce0206aad0 a567ec0a27104407b95cbb39e5809502 8a4ca2cca7574d2289ce86cc5ffab9bc - - default default] 10.0.0.252 "DELETE /v2.0/security-groups/f80bf3d1-0240-4bfa-85d5-9e14013a36f4 HTTP/1.1" status: 204 len: 168 time: 0.1980178
2026-04-12 21:53:30.533 9 INFO neutron.api.wsgi [-] 10.0.0.252 "GET / HTTP/1.1" status: 200 len: 279 time: 0.0023663
2026-04-12 21:53:30.681 9 INFO neutron.api.wsgi [None req-f9084d36-01b0-4e76-bd58-20669ee79eb5 a6dc73e520ac4d1da6390dba7e4c2dd8 42fadf4cb9ce43b88311102079ec4c49 - - default default] 10.0.0.252 "GET /v2.0/ HTTP/1.1" status: 200 len: 826 time: 0.1422276
2026-04-12 21:53:31.347 9 INFO neutron.db.ovn_revision_numbers_db [None req-7c1c559d-f8a8-488b-ac7e-6e93920bb0e2 a567ec0a27104407b95cbb39e5809502 8a4ca2cca7574d2289ce86cc5ffab9bc - - default default] Successfully bumped revision number for resource 08da23d6-ac10-4b7e-bc15-4327aacf1195 (type: security_groups) to 1
2026-04-12 21:53:31.364 9 INFO neutron.db.ovn_revision_numbers_db [None req-7c1c559d-f8a8-488b-ac7e-6e93920bb0e2 a567ec0a27104407b95cbb39e5809502 8a4ca2cca7574d2289ce86cc5ffab9bc - - default default] Successfully bumped revision number for resource 09eb0af8-526c-4654-a19b-4a134a53d261 (type: security_group_rules) to 0
2026-04-12 21:53:31.375 9 INFO neutron.db.ovn_revision_numbers_db [None req-7c1c559d-f8a8-488b-ac7e-6e93920bb0e2 a567ec0a27104407b95cbb39e5809502 8a4ca2cca7574d2289ce86cc5ffab9bc - - default default] Successfully bumped revision number for resource 4ba2e5fa-e54f-4b6c-b59f-5a91db47821b (type: security_group_rules) to 0
2026-04-12 21:53:31.386 9 INFO neutron.db.ovn_revision_numbers_db [None req-7c1c559d-f8a8-488b-ac7e-6e93920bb0e2 a567ec0a27104407b95cbb39e5809502 8a4ca2cca7574d2289ce86cc5ffab9bc - - default default] Successfully bumped revision number for resource 8299a29a-bb4e-45a1-9188-32a5f34a41e7 (type: security_group_rules) to 0
2026-04-12 21:53:31.403 9 INFO neutron.db.ovn_revision_numbers_db [None req-7c1c559d-f8a8-488b-ac7e-6e93920bb0e2 a567ec0a27104407b95cbb39e5809502 8a4ca2cca7574d2289ce86cc5ffab9bc - - default default] Successfully bumped revision number for resource c9fdc840-58e8-4842-9772-f3a2e10ab3c6 (type: security_group_rules) to 0
2026-04-12 21:53:31.434 9 INFO neutron.api.wsgi [None req-7c1c559d-f8a8-488b-ac7e-6e93920bb0e2 a567ec0a27104407b95cbb39e5809502 8a4ca2cca7574d2289ce86cc5ffab9bc - - default default] 10.0.0.252 "GET /v2.0/security-groups?tenant_id=42fadf4cb9ce43b88311102079ec4c49&name=default HTTP/1.1" status: 200 len: 3120 time: 0.2624795
2026-04-12 21:53:31.612 9 INFO neutron.api.wsgi [None req-0f2d9056-5d63-4ae2-a6f6-f87a84f61e2b a567ec0a27104407b95cbb39e5809502 8a4ca2cca7574d2289ce86cc5ffab9bc - - default default] 10.0.0.252 "DELETE /v2.0/security-groups/08da23d6-ac10-4b7e-bc15-4327aacf1195 HTTP/1.1" status: 204 len: 168 time: 0.1732531
2026-04-12 21:53:34.330 9 INFO neutron.api.wsgi [-] 10.0.0.92 "GET / HTTP/1.1" status: 200 len: 247 time: 0.0026147
2026-04-12 21:53:34.330 10 INFO neutron.api.wsgi [-] 10.0.0.92 "GET / HTTP/1.1" status: 200 len: 247 time: 0.0024834
2026-04-12 21:53:35.388 10 INFO neutron.api.wsgi [req-750f5e85-9898-4105-af76-7942b9241703 req-04a589b7-baad-4035-9d7e-b711fcad8542 2dbb56ab876848e0bca76101dea3fad8 5cfda2ceb8fb498d9907d4357fc20923 - - default default] 10.0.0.69 "GET /v2.0/ports?device_id=e4e4c788-abee-4f68-af72-df58ff5cd516 HTTP/1.1" status: 200 len: 1210 time: 0.0809422
2026-04-12 21:53:35.428 10 INFO neutron.api.wsgi [req-750f5e85-9898-4105-af76-7942b9241703 req-477fbaae-35f2-459b-b417-dc125f391efb 2dbb56ab876848e0bca76101dea3fad8 5cfda2ceb8fb498d9907d4357fc20923 - - default default] 10.0.0.69 "GET /v2.0/security-groups?id=d4c4b423-3770-4adf-ab86-aa37d9034e4b&id=c9e3d684-5eff-492e-b52b-8008e1567f6b&fields=id&fields=name HTTP/1.1" status: 200 len: 405 time: 0.0335698
2026-04-12 21:53:35.602 10 INFO neutron.api.wsgi [None req-0fafc801-f792-4608-bba5-ad1292cb4df0 76f1e308d608494fbd20e061a144e42e aca5ed73bb3044b5b69de5f91d4b3e76 - - default default] 10.0.0.252 "GET /v2.0/ports?device_id=e4e4c788-abee-4f68-af72-df58ff5cd516 HTTP/1.1" status: 200 len: 1443 time: 0.1521153
2026-04-12 21:53:35.653 10 INFO neutron.db.ovn_revision_numbers_db [None req-94eb863d-522b-4c51-9bdd-200e219e451f fbed7c60f6a141209a03bec5e2380362 426eddb772114dfaa356ce4a5fee54c1 - - default default] Successfully bumped revision number for resource a91d7710-2c61-43b9-a36f-1991041776f6 (type: security_groups) to 1
2026-04-12 21:53:35.660 10 INFO neutron.api.wsgi [None req-b4fcb627-5e2b-4ea2-9df4-fb5dc5e41765 2dbb56ab876848e0bca76101dea3fad8 5cfda2ceb8fb498d9907d4357fc20923 - - default default] 10.0.0.252 "GET /v2.0/floatingips?floating_network_id=6d18557e-50d3-4cad-9577-6f78d88df79d&port_id=7fc17f5f-ce26-4cf7-bcfe-8f423089bcd1 HTTP/1.1" status: 200 len: 1054 time: 0.0515461
2026-04-12 21:53:35.667 10 INFO neutron.db.ovn_revision_numbers_db [None req-94eb863d-522b-4c51-9bdd-200e219e451f fbed7c60f6a141209a03bec5e2380362 426eddb772114dfaa356ce4a5fee54c1 - - default default] Successfully bumped revision number for resource 24c2e5c6-a29c-4fd3-9241-6a1f5d376f0e (type: security_group_rules) to 0
2026-04-12 21:53:35.682 10 INFO neutron.db.ovn_revision_numbers_db [None req-94eb863d-522b-4c51-9bdd-200e219e451f fbed7c60f6a141209a03bec5e2380362 426eddb772114dfaa356ce4a5fee54c1 - - default default] Successfully bumped revision number for resource 52f67bfd-2cf3-4d34-8e64-64157b205628 (type: security_group_rules) to 0
2026-04-12 21:53:35.695 10 INFO neutron.db.ovn_revision_numbers_db [None req-94eb863d-522b-4c51-9bdd-200e219e451f fbed7c60f6a141209a03bec5e2380362 426eddb772114dfaa356ce4a5fee54c1 - - default default] Successfully bumped revision number for resource 82f4b583-97fa-4f67-a6e5-73f81828170f (type: security_group_rules) to 0
2026-04-12 21:53:35.706 10 INFO neutron.db.ovn_revision_numbers_db [None req-94eb863d-522b-4c51-9bdd-200e219e451f fbed7c60f6a141209a03bec5e2380362 426eddb772114dfaa356ce4a5fee54c1 - - default default] Successfully bumped revision number for resource ef8d29c8-7e96-4042-be72-642ec8dca7e4 (type: security_group_rules) to 0
2026-04-12 21:53:35.780 10 INFO neutron.db.segments_db [None req-94eb863d-522b-4c51-9bdd-200e219e451f fbed7c60f6a141209a03bec5e2380362 426eddb772114dfaa356ce4a5fee54c1 - - default default] Added segment 9355383b-3c0d-4782-b234-f7844d3ec41a of type geneve for network 20391b42-5ff6-44f2-bfd2-dddefa84e531
2026-04-12 21:53:35.899 10 INFO neutron.db.ovn_revision_numbers_db [None req-94eb863d-522b-4c51-9bdd-200e219e451f fbed7c60f6a141209a03bec5e2380362 426eddb772114dfaa356ce4a5fee54c1 - - default default] Successfully bumped revision number for resource 20391b42-5ff6-44f2-bfd2-dddefa84e531 (type: networks) to 1
2026-04-12 21:53:35.935 9 INFO neutron.api.wsgi [req-0dbcde6d-555a-40c2-bb61-c9912e0eed9b req-f985a85a-e2af-456b-b8ae-57c5742ee47d 69f8ad1a45954b309f99a02f0823d47e 5fe509aa54f84f9daa5dfe279dd8521a - - f26d5f8b5eea4776bdf6fce6462c9921 f26d5f8b5eea4776bdf6fce6462c9921] 10.0.0.43 "GET /v2.0/ports?device_id=e4e4c788-abee-4f68-af72-df58ff5cd516 HTTP/1.1" status: 200 len: 1448 time: 0.0353281
2026-04-12 21:53:35.978 9 INFO neutron.api.wsgi [req-0dbcde6d-555a-40c2-bb61-c9912e0eed9b req-ff3ac612-2217-408d-b869-ef18bb74c368 69f8ad1a45954b309f99a02f0823d47e 5fe509aa54f84f9daa5dfe279dd8521a - - f26d5f8b5eea4776bdf6fce6462c9921 f26d5f8b5eea4776bdf6fce6462c9921] 10.0.0.43 "GET /v2.0/security-groups?id=c9e3d684-5eff-492e-b52b-8008e1567f6b&id=d4c4b423-3770-4adf-ab86-aa37d9034e4b&fields=id&fields=name HTTP/1.1" status: 200 len: 405 time: 0.0380661
2026-04-12 21:53:36.055 10 WARNING neutron.scheduler.dhcp_agent_scheduler [None req-94eb863d-522b-4c51-9bdd-200e219e451f fbed7c60f6a141209a03bec5e2380362 426eddb772114dfaa356ce4a5fee54c1 - - default default] No more DHCP agents
2026-04-12 21:53:36.056 10 WARNING neutron.api.rpc.agentnotifiers.dhcp_rpc_agent_api [None req-94eb863d-522b-4c51-9bdd-200e219e451f fbed7c60f6a141209a03bec5e2380362 426eddb772114dfaa356ce4a5fee54c1 - - default default] Unable to schedule network 20391b42-5ff6-44f2-bfd2-dddefa84e531: no agents available; will retry on subsequent port and subnet creation events.
2026-04-12 21:53:36.127 10 INFO neutron.db.ovn_revision_numbers_db [None req-94eb863d-522b-4c51-9bdd-200e219e451f fbed7c60f6a141209a03bec5e2380362 426eddb772114dfaa356ce4a5fee54c1 - - default default] Successfully bumped revision number for resource 9e5e5b74-2724-4272-bd75-21b3449ed478 (type: ports) to 1
2026-04-12 21:53:36.146 10 INFO neutron.api.wsgi [None req-94eb863d-522b-4c51-9bdd-200e219e451f fbed7c60f6a141209a03bec5e2380362 426eddb772114dfaa356ce4a5fee54c1 - - default default] 10.0.0.252 "POST /v2.0/networks HTTP/1.1" status: 201 len: 927 time: 0.8399496
2026-04-12 21:53:36.279 10 WARNING neutron.scheduler.dhcp_agent_scheduler [None req-fbddda37-dba4-4f5c-b4e4-7766ddf047e5 fbed7c60f6a141209a03bec5e2380362 426eddb772114dfaa356ce4a5fee54c1 - - default default] No more DHCP agents
2026-04-12 21:53:36.280 10 WARNING neutron.api.rpc.agentnotifiers.dhcp_rpc_agent_api [None req-fbddda37-dba4-4f5c-b4e4-7766ddf047e5 fbed7c60f6a141209a03bec5e2380362 426eddb772114dfaa356ce4a5fee54c1 - - default default] Unable to schedule network 20391b42-5ff6-44f2-bfd2-dddefa84e531: no agents available; will retry on subsequent port and subnet creation events.
2026-04-12 21:53:36.657 10 INFO neutron.db.ovn_revision_numbers_db [None req-33a852cb-61c3-4a7d-9083-2ffa1afcfe46 - - - - - -] Successfully bumped revision number for resource 9e5e5b74-2724-4272-bd75-21b3449ed478 (type: ports) to 2
2026-04-12 21:53:36.683 10 INFO neutron.db.ovn_revision_numbers_db [None req-33a852cb-61c3-4a7d-9083-2ffa1afcfe46 - - - - - -] Successfully bumped revision number for resource 278f04c6-6b17-4c43-8788-a6bba78c7fbb (type: subnets) to 0
2026-04-12 21:53:36.697 10 INFO neutron.api.wsgi [None req-fbddda37-dba4-4f5c-b4e4-7766ddf047e5 fbed7c60f6a141209a03bec5e2380362 426eddb772114dfaa356ce4a5fee54c1 - - default default] 10.0.0.252 "POST /v2.0/subnets HTTP/1.1" status: 201 len: 843 time: 0.5454485
2026-04-12 21:53:36.707 10 WARNING neutron.api.v2.base [None req-6f48deff-a321-4eff-b226-902af4bda18e fbed7c60f6a141209a03bec5e2380362 426eddb772114dfaa356ce4a5fee54c1 - - default default] An exception happened while processing the request body. The exception message is [Invalid input for target_tenant. Reason: 'None' is not a valid string.].: webob.exc.HTTPBadRequest: Invalid input for target_tenant. Reason: 'None' is not a valid string.
2026-04-12 21:53:36.708 10 INFO neutron.api.v2.resource [None req-6f48deff-a321-4eff-b226-902af4bda18e fbed7c60f6a141209a03bec5e2380362 426eddb772114dfaa356ce4a5fee54c1 - - default default] create failed (client error): Invalid input for target_tenant. Reason: 'None' is not a valid string.
2026-04-12 21:53:36.709 10 INFO neutron.api.wsgi [None req-6f48deff-a321-4eff-b226-902af4bda18e fbed7c60f6a141209a03bec5e2380362 426eddb772114dfaa356ce4a5fee54c1 - - default default] 10.0.0.252 "POST /v2.0/rbac-policies HTTP/1.1" status: 400 len: 346 time: 0.0056033
2026-04-12 21:53:37.106 10 INFO neutron.services.segments.plugin [-] Segment 9355383b-3c0d-4782-b234-f7844d3ec41a resource provider aggregate not found
2026-04-12 21:53:37.109 10 INFO neutron.services.segments.plugin [-] Segment 9355383b-3c0d-4782-b234-f7844d3ec41a resource provider aggregate not found
2026-04-12 21:53:37.121 10 INFO neutron.services.segments.plugin [-] Segment 9355383b-3c0d-4782-b234-f7844d3ec41a resource provider not found; error: Placement Client Error (4xx): {"errors": [{"status": 404, "title": "Not Found", "detail": "The resource could not be found.\n\n No resource provider with uuid 9355383b-3c0d-4782-b234-f7844d3ec41a found for delete ", "request_id": "req-ad5afe5e-5937-4d89-9c4b-95455986eb2d"}]}
2026-04-12 21:53:37.124 10 INFO neutron.services.segments.plugin [-] Segment 9355383b-3c0d-4782-b234-f7844d3ec41a resource provider not found; error: Placement Client Error (4xx): {"errors": [{"status": 404, "title": "Not Found", "detail": "The resource could not be found.\n\n No resource provider with uuid 9355383b-3c0d-4782-b234-f7844d3ec41a found for delete ", "request_id": "req-f78eece8-f263-441e-ad87-1733abab8a28"}]}
2026-04-12 21:53:37.139 10 INFO neutron.api.wsgi [None req-6272e6da-e0ca-455a-b89d-b13950da0928 fbed7c60f6a141209a03bec5e2380362 426eddb772114dfaa356ce4a5fee54c1 - - default default] 10.0.0.252 "DELETE /v2.0/networks/20391b42-5ff6-44f2-bfd2-dddefa84e531 HTTP/1.1" status: 204 len: 168 time: 0.4260557
2026-04-12 21:53:37.214 10 INFO neutron.db.segments_db [None req-88809a8b-d4ea-4c8e-8a74-906c1bab17ca fbed7c60f6a141209a03bec5e2380362 426eddb772114dfaa356ce4a5fee54c1 - - default default] Added segment 0e55f4fc-a9fd-461a-9e0c-d5303c87bc2a of type geneve for network cd615944-d836-4f3f-97d1-6c3eff6ace48
2026-04-12 21:53:37.303 10 INFO neutron.db.ovn_revision_numbers_db [None req-88809a8b-d4ea-4c8e-8a74-906c1bab17ca fbed7c60f6a141209a03bec5e2380362 426eddb772114dfaa356ce4a5fee54c1 - - default default] Successfully bumped revision number for resource cd615944-d836-4f3f-97d1-6c3eff6ace48 (type: networks) to 1
2026-04-12 21:53:37.450 10 WARNING neutron.scheduler.dhcp_agent_scheduler [None req-88809a8b-d4ea-4c8e-8a74-906c1bab17ca fbed7c60f6a141209a03bec5e2380362 426eddb772114dfaa356ce4a5fee54c1 - - default default] No more DHCP agents
2026-04-12 21:53:37.452 10 WARNING neutron.api.rpc.agentnotifiers.dhcp_rpc_agent_api [None req-88809a8b-d4ea-4c8e-8a74-906c1bab17ca fbed7c60f6a141209a03bec5e2380362 426eddb772114dfaa356ce4a5fee54c1 - - default default] Unable to schedule network cd615944-d836-4f3f-97d1-6c3eff6ace48: no agents available; will retry on subsequent port and subnet creation events.
2026-04-12 21:53:37.523 10 INFO neutron.db.ovn_revision_numbers_db [None req-88809a8b-d4ea-4c8e-8a74-906c1bab17ca fbed7c60f6a141209a03bec5e2380362 426eddb772114dfaa356ce4a5fee54c1 - - default default] Successfully bumped revision number for resource 54426f5e-97b3-4910-82f6-fbfa4ae0bb1d (type: ports) to 1
2026-04-12 21:53:37.541 10 INFO neutron.api.wsgi [None req-88809a8b-d4ea-4c8e-8a74-906c1bab17ca fbed7c60f6a141209a03bec5e2380362 426eddb772114dfaa356ce4a5fee54c1 - - default default] 10.0.0.252 "POST /v2.0/networks HTTP/1.1" status: 201 len: 929 time: 0.3965375
2026-04-12 21:53:37.676 10 WARNING neutron.scheduler.dhcp_agent_scheduler [None req-8ffec43c-d3c3-479f-8ba3-2d0c48014468 fbed7c60f6a141209a03bec5e2380362 426eddb772114dfaa356ce4a5fee54c1 - - default default] No more DHCP agents
2026-04-12 21:53:37.678 10 WARNING neutron.api.rpc.agentnotifiers.dhcp_rpc_agent_api [None req-8ffec43c-d3c3-479f-8ba3-2d0c48014468 fbed7c60f6a141209a03bec5e2380362 426eddb772114dfaa356ce4a5fee54c1 - - default default] Unable to schedule network cd615944-d836-4f3f-97d1-6c3eff6ace48: no agents available; will retry on subsequent port and subnet creation events.
2026-04-12 21:53:37.743 9 INFO neutron.db.ovn_revision_numbers_db [None req-3eaa0745-3c6e-4dcc-a292-3635b0095ec8 a567ec0a27104407b95cbb39e5809502 8a4ca2cca7574d2289ce86cc5ffab9bc - - default default] Successfully bumped revision number for resource 770e15a2-6139-4be6-a768-3a546cdfe874 (type: security_groups) to 1
2026-04-12 21:53:37.783 9 INFO neutron.db.ovn_revision_numbers_db [None req-3eaa0745-3c6e-4dcc-a292-3635b0095ec8 a567ec0a27104407b95cbb39e5809502 8a4ca2cca7574d2289ce86cc5ffab9bc - - default default] Successfully bumped revision number for resource 1dcb3806-bd00-4c5c-836e-dafca5a9b84f (type: security_group_rules) to 0
2026-04-12 21:53:37.799 9 INFO neutron.db.ovn_revision_numbers_db [None req-3eaa0745-3c6e-4dcc-a292-3635b0095ec8 a567ec0a27104407b95cbb39e5809502 8a4ca2cca7574d2289ce86cc5ffab9bc - - default default] Successfully bumped revision number for resource 28385b65-0c34-463b-b470-f1b47bb4f80c (type: security_group_rules) to 0
2026-04-12 21:53:37.811 9 INFO neutron.db.ovn_revision_numbers_db [None req-3eaa0745-3c6e-4dcc-a292-3635b0095ec8 a567ec0a27104407b95cbb39e5809502 8a4ca2cca7574d2289ce86cc5ffab9bc - - default default] Successfully bumped revision number for resource 2a1fc601-76bd-4876-8f71-eb15176b0c8d (type: security_group_rules) to 0
2026-04-12 21:53:37.828 9 INFO neutron.db.ovn_revision_numbers_db [None req-3eaa0745-3c6e-4dcc-a292-3635b0095ec8 a567ec0a27104407b95cbb39e5809502 8a4ca2cca7574d2289ce86cc5ffab9bc - - default default] Successfully bumped revision number for resource 71aa3df8-12d2-4531-bf9e-06f036de410e (type: security_group_rules) to 0
2026-04-12 21:53:37.871 9 INFO neutron.api.wsgi [None req-3eaa0745-3c6e-4dcc-a292-3635b0095ec8 a567ec0a27104407b95cbb39e5809502 8a4ca2cca7574d2289ce86cc5ffab9bc - - default default] 10.0.0.252 "GET /v2.0/security-groups?tenant_id=422292e49181407ba4ccf63485a5b926&name=default HTTP/1.1" status: 200 len: 3120 time: 0.3697946
2026-04-12 21:53:38.081 10 INFO neutron.db.ovn_revision_numbers_db [None req-fd4efb1b-aa16-491d-ae61-ee934c10b4e4 - - - - - -] Successfully bumped revision number for resource 54426f5e-97b3-4910-82f6-fbfa4ae0bb1d (type: ports) to 2
2026-04-12 21:53:38.091 10 INFO neutron.api.wsgi [None req-ee6afe4e-36bf-490f-b688-f2ce122d71f4 a567ec0a27104407b95cbb39e5809502 8a4ca2cca7574d2289ce86cc5ffab9bc - - default default] 10.0.0.252 "DELETE /v2.0/security-groups/770e15a2-6139-4be6-a768-3a546cdfe874 HTTP/1.1" status: 204 len: 168 time: 0.2166362
2026-04-12 21:53:38.111 10 INFO neutron.db.ovn_revision_numbers_db [None req-fd4efb1b-aa16-491d-ae61-ee934c10b4e4 - - - - - -] Successfully bumped revision number for resource f5dc1c3a-fb82-4d55-be1f-97d7ef344431 (type: subnets) to 0
2026-04-12 21:53:38.127 10 INFO neutron.api.wsgi [None req-8ffec43c-d3c3-479f-8ba3-2d0c48014468 fbed7c60f6a141209a03bec5e2380362 426eddb772114dfaa356ce4a5fee54c1 - - default default] 10.0.0.252 "POST /v2.0/subnets HTTP/1.1" status: 201 len: 846 time: 0.5790446
2026-04-12 21:53:38.138 10 WARNING neutron.api.v2.base [None req-0052a065-6f57-4c23-af36-bc0ba9b5b1b4 fbed7c60f6a141209a03bec5e2380362 426eddb772114dfaa356ce4a5fee54c1 - - default default] An exception happened while processing the request body. The exception message is [Invalid input for target_tenant. Reason: '1234123412341234123412341234123412341234123412341234123412341234123412341234123412341234123412341234123412341234123412341234123412341234123412341234123412341234123412341234123412341234123412341234123412341234123412341234123412341234123412341234123412341234123412341234123412341234123412341234123412341234123412341234123412341234123412341234123412341234123412341234123412341234123412341234123412341234' exceeds maximum length of 255.].: webob.exc.HTTPBadRequest: Invalid input for target_tenant. Reason: '1234123412341234123412341234123412341234123412341234123412341234123412341234123412341234123412341234123412341234123412341234123412341234123412341234123412341234123412341234123412341234123412341234123412341234123412341234123412341234123412341234123412341234123412341234123412341234123412341234123412341234123412341234123412341234123412341234123412341234123412341234123412341234123412341234123412341234' exceeds maximum length of 255.
2026-04-12 21:53:38.140 10 INFO neutron.api.v2.resource [None req-0052a065-6f57-4c23-af36-bc0ba9b5b1b4 fbed7c60f6a141209a03bec5e2380362 426eddb772114dfaa356ce4a5fee54c1 - - default default] create failed (client error): Invalid input for target_tenant. Reason: '1234123412341234123412341234123412341234123412341234123412341234123412341234123412341234123412341234123412341234123412341234123412341234123412341234123412341234123412341234123412341234123412341234123412341234123412341234123412341234123412341234123412341234123412341234123412341234123412341234123412341234123412341234123412341234123412341234123412341234123412341234123412341234123412341234123412341234' exceeds maximum length of 255.
2026-04-12 21:53:38.142 10 INFO neutron.api.wsgi [None req-0052a065-6f57-4c23-af36-bc0ba9b5b1b4 fbed7c60f6a141209a03bec5e2380362 426eddb772114dfaa356ce4a5fee54c1 - - default default] 10.0.0.252 "POST /v2.0/rbac-policies HTTP/1.1" status: 400 len: 750 time: 0.0071211
2026-04-12 21:53:38.188 9 INFO neutron.api.wsgi [req-f3c7381d-60ca-4e2a-a101-ea2e087d5477 req-d75cb4e7-55a2-43a5-ab28-b38866cf3053 2dbb56ab876848e0bca76101dea3fad8 5cfda2ceb8fb498d9907d4357fc20923 - - default default] 10.0.0.69 "GET /v2.0/ports?device_id=e4e4c788-abee-4f68-af72-df58ff5cd516 HTTP/1.1" status: 200 len: 1210 time: 0.0696733
2026-04-12 21:53:38.227 9 INFO neutron.api.wsgi [req-f3c7381d-60ca-4e2a-a101-ea2e087d5477 req-aa731cc8-7b56-4ac4-8eca-a02eb8dbc618 2dbb56ab876848e0bca76101dea3fad8 5cfda2ceb8fb498d9907d4357fc20923 - - default default] 10.0.0.69 "GET /v2.0/security-groups?id=d4c4b423-3770-4adf-ab86-aa37d9034e4b&id=c9e3d684-5eff-492e-b52b-8008e1567f6b&fields=id&fields=name HTTP/1.1" status: 200 len: 405 time: 0.0324888
2026-04-12 21:53:38.572 10 INFO neutron.api.wsgi [None req-4821523e-957b-4ac0-92e4-08417603ab3b fbed7c60f6a141209a03bec5e2380362 426eddb772114dfaa356ce4a5fee54c1 - - default default] 10.0.0.252 "DELETE /v2.0/networks/cd615944-d836-4f3f-97d1-6c3eff6ace48 HTTP/1.1" status: 204 len: 168 time: 0.4253154
2026-04-12 21:53:38.667 9 INFO neutron.plugins.ml2.drivers.ovn.mech_driver.mech_driver [None req-c9d4bf8f-4ed3-429c-8caf-8980a837fb32 - - - - - -] OVN reports status down for port: 7fc17f5f-ce26-4cf7-bcfe-8f423089bcd1
2026-04-12 21:53:38.712 10 INFO neutron.db.segments_db [None req-43f7541f-11df-4ea1-a1e0-ee07faa97b68 fbed7c60f6a141209a03bec5e2380362 426eddb772114dfaa356ce4a5fee54c1 - - default default] Added segment d10e7b62-eb7a-4096-b616-52642f47c33b of type geneve for network 157aeb90-6e75-4a95-9514-319d6cb08e7e
2026-04-12 21:53:38.822 9 INFO neutron.notifiers.nova [-] Nova event matching ['req-bc50e680-f712-4b8b-ac6c-df6c3fd2a40e'] response: {'server_uuid': 'e4e4c788-abee-4f68-af72-df58ff5cd516', 'name': 'network-vif-unplugged', 'status': 'completed', 'tag': '7fc17f5f-ce26-4cf7-bcfe-8f423089bcd1', 'code': 200}
2026-04-12 21:53:38.834 10 INFO neutron.db.ovn_revision_numbers_db [None req-43f7541f-11df-4ea1-a1e0-ee07faa97b68 fbed7c60f6a141209a03bec5e2380362 426eddb772114dfaa356ce4a5fee54c1 - - default default] Successfully bumped revision number for resource 157aeb90-6e75-4a95-9514-319d6cb08e7e (type: networks) to 1
2026-04-12 21:53:38.928 9 INFO neutron.db.ovn_revision_numbers_db [None req-c9d4bf8f-4ed3-429c-8caf-8980a837fb32 - - - - - -] Successfully bumped revision number for resource 7fc17f5f-ce26-4cf7-bcfe-8f423089bcd1 (type: ports) to 6
2026-04-12 21:53:38.971 10 WARNING neutron.scheduler.dhcp_agent_scheduler [None req-43f7541f-11df-4ea1-a1e0-ee07faa97b68 fbed7c60f6a141209a03bec5e2380362 426eddb772114dfaa356ce4a5fee54c1 - - default default] No more DHCP agents
2026-04-12 21:53:38.972 10 WARNING neutron.api.rpc.agentnotifiers.dhcp_rpc_agent_api [None req-43f7541f-11df-4ea1-a1e0-ee07faa97b68 fbed7c60f6a141209a03bec5e2380362 426eddb772114dfaa356ce4a5fee54c1 - - default default] Unable to schedule network 157aeb90-6e75-4a95-9514-319d6cb08e7e: no agents available; will retry on subsequent port and subnet creation events.
2026-04-12 21:53:39.034 10 INFO neutron.db.ovn_revision_numbers_db [None req-43f7541f-11df-4ea1-a1e0-ee07faa97b68 fbed7c60f6a141209a03bec5e2380362 426eddb772114dfaa356ce4a5fee54c1 - - default default] Successfully bumped revision number for resource 0676059f-618f-4a11-ad38-03d455df074f (type: ports) to 1
2026-04-12 21:53:39.064 10 INFO neutron.api.wsgi [None req-43f7541f-11df-4ea1-a1e0-ee07faa97b68 fbed7c60f6a141209a03bec5e2380362 426eddb772114dfaa356ce4a5fee54c1 - - default default] 10.0.0.252 "POST /v2.0/networks HTTP/1.1" status: 201 len: 929 time: 0.4862604
2026-04-12 21:53:39.138 10 INFO neutron.services.segments.plugin [-] Segment 0e55f4fc-a9fd-461a-9e0c-d5303c87bc2a resource provider aggregate not found
2026-04-12 21:53:39.142 10 INFO neutron.services.segments.plugin [-] Segment 0e55f4fc-a9fd-461a-9e0c-d5303c87bc2a resource provider aggregate not found
2026-04-12 21:53:39.149 10 INFO neutron.services.segments.plugin [-] Segment 0e55f4fc-a9fd-461a-9e0c-d5303c87bc2a resource provider not found; error: Placement Client Error (4xx): {"errors": [{"status": 404, "title": "Not Found", "detail": "The resource could not be found.\n\n No resource provider with uuid 0e55f4fc-a9fd-461a-9e0c-d5303c87bc2a found for delete ", "request_id": "req-af594660-04b6-42ba-97f2-3b3ee95a3850"}]}
2026-04-12 21:53:39.151 10 INFO neutron.services.segments.plugin [-] Segment 0e55f4fc-a9fd-461a-9e0c-d5303c87bc2a resource provider not found; error: Placement Client Error (4xx): {"errors": [{"status": 404, "title": "Not Found", "detail": "The resource could not be found.\n\n No resource provider with uuid 0e55f4fc-a9fd-461a-9e0c-d5303c87bc2a found for delete ", "request_id": "req-4f7751a5-0ba0-4a85-8574-c6d8c7048006"}]}
2026-04-12 21:53:39.203 10 WARNING neutron.scheduler.dhcp_agent_scheduler [None req-4c593c2f-4dee-4d4c-8e84-24f65956c0e9 fbed7c60f6a141209a03bec5e2380362 426eddb772114dfaa356ce4a5fee54c1 - - default default] No more DHCP agents
2026-04-12 21:53:39.204 10 WARNING neutron.api.rpc.agentnotifiers.dhcp_rpc_agent_api [None req-4c593c2f-4dee-4d4c-8e84-24f65956c0e9 fbed7c60f6a141209a03bec5e2380362 426eddb772114dfaa356ce4a5fee54c1 - - default default] Unable to schedule network 157aeb90-6e75-4a95-9514-319d6cb08e7e: no agents available; will retry on subsequent port and subnet creation events. /var/lib/openstack/lib/python3.12/site-packages/pycadf/identifier.py:71: UserWarning: Invalid uuid: neutron. To ensure interoperability, identifiers should be a valid uuid. warnings.warn(('Invalid uuid: %s. To ensure interoperability, '
2026-04-12 21:53:39.327 9 INFO neutron.api.wsgi [req-f83ea60f-1e93-43f8-b0dd-1a5f38482a17 req-8fb8064b-482e-479c-9be4-ec2f93591c6f 2dbb56ab876848e0bca76101dea3fad8 5cfda2ceb8fb498d9907d4357fc20923 - - default default] 10.0.0.69 "GET /v2.0/ports?device_id=e4e4c788-abee-4f68-af72-df58ff5cd516 HTTP/1.1" status: 200 len: 1208 time: 0.0332577
2026-04-12 21:53:39.362 9 INFO neutron.api.wsgi [req-f83ea60f-1e93-43f8-b0dd-1a5f38482a17 req-e65b3946-d4ff-480d-845d-c72e0a0a4655 2dbb56ab876848e0bca76101dea3fad8 5cfda2ceb8fb498d9907d4357fc20923 - - default default] 10.0.0.69 "GET /v2.0/security-groups?id=d4c4b423-3770-4adf-ab86-aa37d9034e4b&id=c9e3d684-5eff-492e-b52b-8008e1567f6b&fields=id&fields=name HTTP/1.1" status: 200 len: 405 time: 0.0286796
2026-04-12 21:53:39.640 10 INFO neutron.db.ovn_revision_numbers_db [None req-df3bcac8-2924-416d-a331-85a42fc5318d - - - - - -] Successfully bumped revision number for resource 0676059f-618f-4a11-ad38-03d455df074f (type: ports) to 2
2026-04-12 21:53:39.664 10 INFO neutron.db.ovn_revision_numbers_db [None req-df3bcac8-2924-416d-a331-85a42fc5318d - - - - - -] Successfully bumped revision number for resource 75191efa-2f24-40a0-a010-17ee79799baf (type: subnets) to 0
2026-04-12 21:53:39.677 10 INFO neutron.api.wsgi [None req-4c593c2f-4dee-4d4c-8e84-24f65956c0e9 fbed7c60f6a141209a03bec5e2380362 426eddb772114dfaa356ce4a5fee54c1 - - default default] 10.0.0.252 "POST /v2.0/subnets HTTP/1.1" status: 201 len: 846 time: 0.6095433
2026-04-12 21:53:39.870 10 INFO neutron.api.wsgi [None req-ab3bf4be-f3ce-4128-9847-a1aa80804267 fbed7c60f6a141209a03bec5e2380362 426eddb772114dfaa356ce4a5fee54c1 - - default default] 10.0.0.252 "POST /v2.0/rbac-policies HTTP/1.1" status: 201 len: 523 time: 0.1889677
2026-04-12 21:53:39.897 9 INFO neutron.api.wsgi [req-f0009b5a-8541-4f8c-9281-aab9710158ac req-80462b46-1f94-4695-a562-85767da1e48c 2dbb56ab876848e0bca76101dea3fad8 5cfda2ceb8fb498d9907d4357fc20923 - - default default] 199.204.45.244 "GET /v2.0/ports?device_id=e4e4c788-abee-4f68-af72-df58ff5cd516 HTTP/1.1" status: 200 len: 1208 time: 0.0405557
2026-04-12 21:53:40.176 9 INFO neutron.db.l3_db [req-f0009b5a-8541-4f8c-9281-aab9710158ac req-3b12a0b2-9e57-4d17-9116-a8278a18afeb 2dbb56ab876848e0bca76101dea3fad8 5cfda2ceb8fb498d9907d4357fc20923 - - default default] Floating IP d8d334d7-cf45-4b61-b74b-32ea0f14edda disassociated. External IP: 10.96.250.201, port: 7fc17f5f-ce26-4cf7-bcfe-8f423089bcd1.
2026-04-12 21:53:40.295 9 INFO neutron.api.wsgi [req-f0009b5a-8541-4f8c-9281-aab9710158ac req-3b12a0b2-9e57-4d17-9116-a8278a18afeb 2dbb56ab876848e0bca76101dea3fad8 5cfda2ceb8fb498d9907d4357fc20923 - - default default] 199.204.45.244 "DELETE /v2.0/ports/7fc17f5f-ce26-4cf7-bcfe-8f423089bcd1 HTTP/1.1" status: 204 len: 173 time: 0.3940156
2026-04-12 21:53:40.393 9 INFO neutron.api.wsgi [None req-d0d8bbbb-01ba-4baa-932d-e4687b618bd1 41a927ceea4a4638b9a60a0edef3fd1b 5caa8d815cbe4c9b8443003e9b656ff6 - - default default] 10.0.0.252 "GET /v2.0/networks/157aeb90-6e75-4a95-9514-319d6cb08e7e HTTP/1.1" status: 200 len: 849 time: 0.1925623 /var/lib/openstack/lib/python3.12/site-packages/pycadf/identifier.py:71: UserWarning: Invalid uuid: neutron. To ensure interoperability, identifiers should be a valid uuid. warnings.warn(('Invalid uuid: %s. To ensure interoperability, '
2026-04-12 21:53:40.454 10 INFO neutron.api.wsgi [req-04384ddb-60ff-4e02-96e9-532be412d7d8 req-d98ce0ae-1a9d-4f31-93bd-caeb40ec3648 2dbb56ab876848e0bca76101dea3fad8 5cfda2ceb8fb498d9907d4357fc20923 - - default default] 10.0.0.69 "GET /v2.0/ports?device_id=e4e4c788-abee-4f68-af72-df58ff5cd516 HTTP/1.1" status: 200 len: 210 time: 0.0326977
2026-04-12 21:53:40.863 9 INFO neutron.notifiers.nova [-] Nova event matching ['req-57b8da96-04b4-4f48-9c28-25783efc61a1'] response: {'server_uuid': 'e4e4c788-abee-4f68-af72-df58ff5cd516', 'name': 'network-vif-unplugged', 'status': 'completed', 'tag': '7fc17f5f-ce26-4cf7-bcfe-8f423089bcd1', 'code': 200}
2026-04-12 21:53:40.863 9 INFO neutron.notifiers.nova [-] Nova event matching ['req-57b8da96-04b4-4f48-9c28-25783efc61a1'] response: {'server_uuid': 'e4e4c788-abee-4f68-af72-df58ff5cd516', 'name': 'network-vif-deleted', 'tag': '7fc17f5f-ce26-4cf7-bcfe-8f423089bcd1', 'status': 'completed', 'code': 200}
2026-04-12 21:53:40.912 9 INFO neutron.pecan_wsgi.hooks.translation [None req-343a3fa4-c993-44ed-a96b-e43f04a4b0b5 fff34efe0c164894934ae7ae5eb306f0 256aebbe57fc46fdb42a14f42cad85c7 - - default default] GET failed (client error): The resource could not be found.
2026-04-12 21:53:40.914 9 INFO neutron.api.wsgi [None req-343a3fa4-c993-44ed-a96b-e43f04a4b0b5 fff34efe0c164894934ae7ae5eb306f0 256aebbe57fc46fdb42a14f42cad85c7 - - default default] 10.0.0.252 "GET /v2.0/networks/157aeb90-6e75-4a95-9514-319d6cb08e7e HTTP/1.1" status: 404 len: 339 time: 0.1809871
2026-04-12 21:53:40.960 9 WARNING neutron_lib.context [None req-68d14805-eaba-46f0-8111-2970dc4d1600 a5fb04122c904f00a9745caa5d5f067e 4c0663b709e047fcaea8fa4606123d17 - - default default] Method 'is_advsvc' is deprecated since 2023.2 release (neutron-lib 3.8.0) and will be removed once support for the old RBAC API policies will be removed from Neutron. Please use method 'is_service_role' instead.
2026-04-12 21:53:41.098 9 INFO neutron.db.ovn_revision_numbers_db [None req-68d14805-eaba-46f0-8111-2970dc4d1600 a5fb04122c904f00a9745caa5d5f067e 4c0663b709e047fcaea8fa4606123d17 - - default default] Successfully bumped revision number for resource 398a6539-3750-4588-b146-d59fafddfed0 (type: security_groups) to 1
2026-04-12 21:53:41.116 9 INFO neutron.db.ovn_revision_numbers_db [None req-68d14805-eaba-46f0-8111-2970dc4d1600 a5fb04122c904f00a9745caa5d5f067e 4c0663b709e047fcaea8fa4606123d17 - - default default] Successfully bumped revision number for resource 2bbdf025-2fc1-4ad6-bf2d-3725c6c5e672 (type: security_group_rules) to 0
2026-04-12 21:53:41.131 9 INFO neutron.db.ovn_revision_numbers_db [None req-68d14805-eaba-46f0-8111-2970dc4d1600 a5fb04122c904f00a9745caa5d5f067e 4c0663b709e047fcaea8fa4606123d17 - - default default] Successfully bumped revision number for resource 3c8e5e36-293d-4915-9de9-d54251d17670 (type: security_group_rules) to 0
2026-04-12 21:53:41.149 9 INFO neutron.db.ovn_revision_numbers_db [None req-68d14805-eaba-46f0-8111-2970dc4d1600 a5fb04122c904f00a9745caa5d5f067e 4c0663b709e047fcaea8fa4606123d17 - - default default] Successfully bumped revision number for resource 7bbe00f5-4d28-4088-bd67-f96b6876ec80 (type: security_group_rules) to 0
2026-04-12 21:53:41.162 9 INFO neutron.db.ovn_revision_numbers_db [None req-68d14805-eaba-46f0-8111-2970dc4d1600 a5fb04122c904f00a9745caa5d5f067e 4c0663b709e047fcaea8fa4606123d17 - - default default] Successfully bumped revision number for resource ae93b264-f3ea-4c01-ac74-79f1a538a00d (type: security_group_rules) to 0
2026-04-12 21:53:41.236 9 INFO neutron.db.segments_db [None req-68d14805-eaba-46f0-8111-2970dc4d1600 a5fb04122c904f00a9745caa5d5f067e 4c0663b709e047fcaea8fa4606123d17 - - default default] Added segment 98233da4-6cbc-4b91-8f4d-bef45cec304f of type geneve for network 04559ef3-5ac3-4841-9eb2-5323e60354a2
2026-04-12 21:53:41.348 9 INFO neutron.services.segments.plugin [-] Segment d10e7b62-eb7a-4096-b616-52642f47c33b resource provider aggregate not found
2026-04-12 21:53:41.353 9 INFO neutron.services.segments.plugin [-] Segment d10e7b62-eb7a-4096-b616-52642f47c33b resource provider aggregate not found
2026-04-12 21:53:41.356 9 INFO neutron.db.ovn_revision_numbers_db [None req-68d14805-eaba-46f0-8111-2970dc4d1600 a5fb04122c904f00a9745caa5d5f067e 4c0663b709e047fcaea8fa4606123d17 - - default default] Successfully bumped revision number for resource 04559ef3-5ac3-4841-9eb2-5323e60354a2 (type: networks) to 1
2026-04-12 21:53:41.360 9 INFO neutron.services.segments.plugin [-] Segment d10e7b62-eb7a-4096-b616-52642f47c33b resource provider not found; error: Placement Client Error (4xx): {"errors": [{"status": 404, "title": "Not Found", "detail": "The resource could not be found.\n\n No resource provider with uuid d10e7b62-eb7a-4096-b616-52642f47c33b found for delete ", "request_id": "req-7ded5ab7-f052-40ac-bdc1-ac7dd6625c52"}]}
2026-04-12 21:53:41.364 9 INFO neutron.services.segments.plugin [-] Segment d10e7b62-eb7a-4096-b616-52642f47c33b resource provider not found; error: Placement Client Error (4xx): {"errors": [{"status": 404, "title": "Not Found", "detail": "The resource could not be found.\n\n No resource provider with uuid d10e7b62-eb7a-4096-b616-52642f47c33b found for delete ", "request_id": "req-c842a63e-397e-481a-8b48-5fb737aaf35f"}]}
2026-04-12 21:53:41.376 9 INFO neutron.api.wsgi [None req-43138a84-9bea-4933-81f7-c94b40150afb fbed7c60f6a141209a03bec5e2380362 426eddb772114dfaa356ce4a5fee54c1 - - default default] 10.0.0.252 "DELETE /v2.0/networks/157aeb90-6e75-4a95-9514-319d6cb08e7e HTTP/1.1" status: 204 len: 168 time: 0.4576523
2026-04-12 21:53:41.401 10 INFO neutron.pecan_wsgi.hooks.translation [None req-a506e6dc-7a0d-4c4f-89df-8b0ed32459df fbed7c60f6a141209a03bec5e2380362 426eddb772114dfaa356ce4a5fee54c1 - - default default] DELETE failed (client error): The resource could not be found.
2026-04-12 21:53:41.404 10 INFO neutron.api.wsgi [None req-a506e6dc-7a0d-4c4f-89df-8b0ed32459df fbed7c60f6a141209a03bec5e2380362 426eddb772114dfaa356ce4a5fee54c1 - - default default] 10.0.0.252 "DELETE /v2.0/subnets/278f04c6-6b17-4c43-8788-a6bba78c7fbb HTTP/1.1" status: 404 len: 337 time: 0.0191824
2026-04-12 21:53:41.417 10 INFO neutron.pecan_wsgi.hooks.translation [None req-2f12d106-caa1-4297-b6ad-cbb274108407 fbed7c60f6a141209a03bec5e2380362 426eddb772114dfaa356ce4a5fee54c1 - - default default] DELETE failed (client error): The resource could not be found.
2026-04-12 21:53:41.419 10 INFO neutron.api.wsgi [None req-2f12d106-caa1-4297-b6ad-cbb274108407 fbed7c60f6a141209a03bec5e2380362 426eddb772114dfaa356ce4a5fee54c1 - - default default] 10.0.0.252 "DELETE /v2.0/subnets/f5dc1c3a-fb82-4d55-be1f-97d7ef344431 HTTP/1.1" status: 404 len: 337 time: 0.0105603
2026-04-12 21:53:41.434 10 INFO neutron.pecan_wsgi.hooks.translation [None req-875c16fa-707e-40b7-8140-eb9d42327750 fbed7c60f6a141209a03bec5e2380362 426eddb772114dfaa356ce4a5fee54c1 - - default default] DELETE failed (client error): The resource could not be found.
2026-04-12 21:53:41.437 10 INFO neutron.api.wsgi [None req-875c16fa-707e-40b7-8140-eb9d42327750 fbed7c60f6a141209a03bec5e2380362 426eddb772114dfaa356ce4a5fee54c1 - - default default] 10.0.0.252 "DELETE /v2.0/subnets/75191efa-2f24-40a0-a010-17ee79799baf HTTP/1.1" status: 404 len: 337 time: 0.0148418
2026-04-12 21:53:41.522 9 WARNING neutron.scheduler.dhcp_agent_scheduler [None req-68d14805-eaba-46f0-8111-2970dc4d1600 a5fb04122c904f00a9745caa5d5f067e 4c0663b709e047fcaea8fa4606123d17 - - default default] No more DHCP agents
2026-04-12 21:53:41.523 9 WARNING neutron.api.rpc.agentnotifiers.dhcp_rpc_agent_api [None req-68d14805-eaba-46f0-8111-2970dc4d1600 a5fb04122c904f00a9745caa5d5f067e 4c0663b709e047fcaea8fa4606123d17 - - default default] Unable to schedule network 04559ef3-5ac3-4841-9eb2-5323e60354a2: no agents available; will retry on subsequent port and subnet creation events.
2026-04-12 21:53:41.538 10 INFO neutron.api.wsgi [req-8020384e-1618-43ea-a1e2-18ac12c92521 req-ee0b6c0c-2b9b-4a60-9bc3-7ae28465c6ce 2dbb56ab876848e0bca76101dea3fad8 5cfda2ceb8fb498d9907d4357fc20923 - - default default] 10.0.0.69 "GET /v2.0/ports?device_id=e4e4c788-abee-4f68-af72-df58ff5cd516 HTTP/1.1" status: 200 len: 210 time: 0.0169253
2026-04-12 21:53:41.578 9 INFO neutron.db.ovn_revision_numbers_db [None req-68d14805-eaba-46f0-8111-2970dc4d1600 a5fb04122c904f00a9745caa5d5f067e 4c0663b709e047fcaea8fa4606123d17 - - default default] Successfully bumped revision number for resource 0d4a2049-81e9-4a6d-99d6-30421aa248d4 (type: ports) to 1
2026-04-12 21:53:41.604 9 INFO neutron.api.wsgi [None req-68d14805-eaba-46f0-8111-2970dc4d1600 a5fb04122c904f00a9745caa5d5f067e 4c0663b709e047fcaea8fa4606123d17 - - default default] 10.0.0.252 "POST /v2.0/networks HTTP/1.1" status: 201 len: 831 time: 0.7345016
2026-04-12 21:53:41.615 9 WARNING neutron_lib.context [None req-623e723c-5868-43f0-a27a-b5688116c2f2 a5fb04122c904f00a9745caa5d5f067e 4c0663b709e047fcaea8fa4606123d17 - - default default] Method 'is_advsvc' is deprecated since 2023.2 release (neutron-lib 3.8.0) and will be removed once support for the old RBAC API policies will be removed from Neutron. Please use method 'is_service_role' instead.
2026-04-12 21:53:42.010 9 WARNING neutron.scheduler.dhcp_agent_scheduler [None req-623e723c-5868-43f0-a27a-b5688116c2f2 a5fb04122c904f00a9745caa5d5f067e 4c0663b709e047fcaea8fa4606123d17 - - default default] No more DHCP agents
2026-04-12 21:53:42.011 9 WARNING neutron.api.rpc.agentnotifiers.dhcp_rpc_agent_api [None req-623e723c-5868-43f0-a27a-b5688116c2f2 a5fb04122c904f00a9745caa5d5f067e 4c0663b709e047fcaea8fa4606123d17 - - default default] Unable to schedule network 6d18557e-50d3-4cad-9577-6f78d88df79d: no agents available; will retry on subsequent port and subnet creation events.
2026-04-12 21:53:42.122 9 INFO neutron.db.ovn_revision_numbers_db [None req-623e723c-5868-43f0-a27a-b5688116c2f2 a5fb04122c904f00a9745caa5d5f067e 4c0663b709e047fcaea8fa4606123d17 - - default default] Successfully bumped revision number for resource 9dcec802-c1f1-4e9b-89c4-d11ab84ef2f7 (type: ports) to 1
2026-04-12 21:53:42.513 10 INFO neutron.api.wsgi [None req-11ee452e-2ccb-40ce-9872-ff983cc0522d a567ec0a27104407b95cbb39e5809502 8a4ca2cca7574d2289ce86cc5ffab9bc - - default default] 10.0.0.252 "GET /v2.0/security-groups?tenant_id=426eddb772114dfaa356ce4a5fee54c1&name=default HTTP/1.1" status: 200 len: 3120 time: 0.1921296
2026-04-12 21:53:42.616 9 INFO neutron.plugins.ml2.drivers.ovn.mech_driver.ovsdb.commands [None req-9043cb80-e495-439d-ac66-a2fd63b8f52b - - - - - -] Schedule LRP lrp-9dcec802-c1f1-4e9b-89c4-d11ab84ef2f7 on gateway 0bc1e388-1492-4620-851c-d00b3e8fa188 with priority 1
2026-04-12 21:53:42.633 10 INFO neutron.plugins.ml2.drivers.ovn.mech_driver.mech_driver [None req-5df6b0c8-9e2d-41a4-b2d4-734ec409ffde - - - - - -] OVN reports status up for port: 9dcec802-c1f1-4e9b-89c4-d11ab84ef2f7
2026-04-12 21:53:42.642 10 INFO neutron.plugins.ml2.plugin [None req-5df6b0c8-9e2d-41a4-b2d4-734ec409ffde - - - - - -] Attempt 1 to provision port 9dcec802-c1f1-4e9b-89c4-d11ab84ef2f7
2026-04-12 21:53:42.653 9 INFO neutron.api.wsgi [req-d2738d78-1cf2-4866-9034-6f45682b99e1 req-36ce0091-b59d-4608-9f50-e7ee6e74bdfe 2dbb56ab876848e0bca76101dea3fad8 5cfda2ceb8fb498d9907d4357fc20923 - - default default] 10.0.0.69 "GET /v2.0/ports?device_id=e4e4c788-abee-4f68-af72-df58ff5cd516 HTTP/1.1" status: 200 len: 210 time: 0.0219703
2026-04-12 21:53:42.676 10 INFO neutron.plugins.ml2.drivers.ovn.mech_driver.ovsdb.ovsdb_monitor [None req-e61b31a5-7399-4f2d-ade2-3db5ffc98df3 - - - - - -] Router c8c96ec1-3691-4908-b065-f0df6bab9bc9 is bound to host instance
2026-04-12 21:53:42.695 9 INFO neutron.db.ovn_revision_numbers_db [None req-623e723c-5868-43f0-a27a-b5688116c2f2 a5fb04122c904f00a9745caa5d5f067e 4c0663b709e047fcaea8fa4606123d17 - - default default] Successfully bumped revision number for resource 9dcec802-c1f1-4e9b-89c4-d11ab84ef2f7 (type: router_ports) to 1
2026-04-12 21:53:42.747 9 INFO neutron.db.ovn_revision_numbers_db [None req-623e723c-5868-43f0-a27a-b5688116c2f2 a5fb04122c904f00a9745caa5d5f067e 4c0663b709e047fcaea8fa4606123d17 - - default default] Successfully bumped revision number for resource c8c96ec1-3691-4908-b065-f0df6bab9bc9 (type: routers) to 2
2026-04-12 21:53:42.762 9 INFO neutron.api.wsgi [None req-623e723c-5868-43f0-a27a-b5688116c2f2 a5fb04122c904f00a9745caa5d5f067e 4c0663b709e047fcaea8fa4606123d17 - - default default] 10.0.0.252 "POST /v2.0/routers HTTP/1.1" status: 201 len: 1154 time: 1.1525893
2026-04-12 21:53:42.807 10 INFO neutron.api.wsgi [None req-f6a93dd8-d1ee-4a54-9f0c-7d84eb0d11e3 a567ec0a27104407b95cbb39e5809502 8a4ca2cca7574d2289ce86cc5ffab9bc - - default default] 10.0.0.252 "DELETE /v2.0/security-groups/a91d7710-2c61-43b9-a36f-1991041776f6 HTTP/1.1" status: 204 len: 168 time: 0.2879646
2026-04-12 21:53:42.924 9 INFO neutron.api.wsgi [None req-89296088-c605-4bb4-82e0-129ec0fa4db9 dc2b72c66e5f49d1a7732f2fbc50f6ee ec42ba3c38d44e70873516908b8425ee - - default default] 10.0.0.252 "GET /v2.0/subnets?project_id=4c0663b709e047fcaea8fa4606123d17&cidr=10.100.0.0%2F28 HTTP/1.1" status: 200 len: 207 time: 0.1571178
2026-04-12 21:53:42.985 9 INFO neutron.api.wsgi [None req-008e1bad-049c-426e-98ca-d8f5c7630ac8 dc2b72c66e5f49d1a7732f2fbc50f6ee ec42ba3c38d44e70873516908b8425ee - - default default] 10.0.0.252 "GET /v2.0/networks?router%3Aexternal=True HTTP/1.1" status: 200 len: 947 time: 0.0503054
2026-04-12 21:53:43.009 9 INFO neutron.api.wsgi [None req-f91a517a-9ea7-4736-a163-61c4652d2eaa dc2b72c66e5f49d1a7732f2fbc50f6ee ec42ba3c38d44e70873516908b8425ee - - default default] 10.0.0.252 "GET /v2.0/subnets?network_id=6d18557e-50d3-4cad-9577-6f78d88df79d&cidr=10.100.0.0%2F28 HTTP/1.1" status: 200 len: 207 time: 0.0188079
2026-04-12 21:53:43.019 9 WARNING neutron_lib.context [None req-c23e6559-067e-4c2c-bd63-3d7b1f445c43 a5fb04122c904f00a9745caa5d5f067e 4c0663b709e047fcaea8fa4606123d17 - - default default] Method 'is_advsvc' is deprecated since 2023.2 release (neutron-lib 3.8.0) and will be removed once support for the old RBAC API policies will be removed from Neutron. Please use method 'is_service_role' instead.
2026-04-12 21:53:43.040 10 INFO neutron.db.ovn_revision_numbers_db [None req-6126c5fb-47ac-41b6-9e96-7ea0bcb0ffb9 a567ec0a27104407b95cbb39e5809502 8a4ca2cca7574d2289ce86cc5ffab9bc - - default default] Successfully bumped revision number for resource c9d468fd-e28f-450f-9e0c-b8fc3c2abf19 (type: security_groups) to 1
2026-04-12 21:53:43.054 10 INFO neutron.db.ovn_revision_numbers_db [None req-6126c5fb-47ac-41b6-9e96-7ea0bcb0ffb9 a567ec0a27104407b95cbb39e5809502 8a4ca2cca7574d2289ce86cc5ffab9bc - - default default] Successfully bumped revision number for resource 4f09cae0-ba48-4a5a-9cf1-4602c68ee68f (type: security_group_rules) to 0
2026-04-12 21:53:43.068 10 INFO neutron.db.ovn_revision_numbers_db [None req-6126c5fb-47ac-41b6-9e96-7ea0bcb0ffb9 a567ec0a27104407b95cbb39e5809502 8a4ca2cca7574d2289ce86cc5ffab9bc - - default default] Successfully bumped revision number for resource 79570384-70da-4cec-b028-21d7d13e14cf (type: security_group_rules) to 0
2026-04-12 21:53:43.084 10 INFO neutron.db.ovn_revision_numbers_db [None req-6126c5fb-47ac-41b6-9e96-7ea0bcb0ffb9 a567ec0a27104407b95cbb39e5809502 8a4ca2cca7574d2289ce86cc5ffab9bc - - default default] Successfully bumped revision number for resource 9532d8ed-53df-45ee-85a5-64d5b6c348bb (type: security_group_rules) to 0
2026-04-12 21:53:43.098 10 INFO neutron.db.ovn_revision_numbers_db [None req-6126c5fb-47ac-41b6-9e96-7ea0bcb0ffb9 a567ec0a27104407b95cbb39e5809502 8a4ca2cca7574d2289ce86cc5ffab9bc - - default default] Successfully bumped revision number for resource 967db55e-18ad-4f7a-8657-035a85d0986a (type: security_group_rules) to 0
2026-04-12 21:53:43.137 10 INFO neutron.api.wsgi [None req-6126c5fb-47ac-41b6-9e96-7ea0bcb0ffb9 a567ec0a27104407b95cbb39e5809502 8a4ca2cca7574d2289ce86cc5ffab9bc - - default default] 10.0.0.252 "GET /v2.0/security-groups?tenant_id=5caa8d815cbe4c9b8443003e9b656ff6&name=default HTTP/1.1" status: 200 len: 3120 time: 0.2359412
2026-04-12 21:53:43.138 10 INFO neutron.db.ovn_revision_numbers_db [None req-34c37ea4-609e-4763-824a-f81874b507a0 - - - - - -] Successfully bumped revision number for resource 9dcec802-c1f1-4e9b-89c4-d11ab84ef2f7 (type: ports) to 1
2026-04-12 21:53:43.186 9 WARNING neutron.scheduler.dhcp_agent_scheduler [None req-c23e6559-067e-4c2c-bd63-3d7b1f445c43 a5fb04122c904f00a9745caa5d5f067e 4c0663b709e047fcaea8fa4606123d17 - - default default] No more DHCP agents
2026-04-12 21:53:43.188 9 WARNING neutron.api.rpc.agentnotifiers.dhcp_rpc_agent_api [None req-c23e6559-067e-4c2c-bd63-3d7b1f445c43 a5fb04122c904f00a9745caa5d5f067e 4c0663b709e047fcaea8fa4606123d17 - - default default] Unable to schedule network 04559ef3-5ac3-4841-9eb2-5323e60354a2: no agents available; will retry on subsequent port and subnet creation events.
2026-04-12 21:53:43.401 10 INFO neutron.api.wsgi [None req-88fb3a79-4f3a-4a85-b218-d276fb6a2d3b a567ec0a27104407b95cbb39e5809502 8a4ca2cca7574d2289ce86cc5ffab9bc - - default default] 10.0.0.252 "DELETE /v2.0/security-groups/c9d468fd-e28f-450f-9e0c-b8fc3c2abf19 HTTP/1.1" status: 204 len: 168 time: 0.2576575
2026-04-12 21:53:43.476 10 INFO neutron.db.ovn_revision_numbers_db [None req-34c37ea4-609e-4763-824a-f81874b507a0 - - - - - -] Successfully bumped revision number for resource 9dcec802-c1f1-4e9b-89c4-d11ab84ef2f7 (type: ports) to 4
2026-04-12 21:53:43.611 9 INFO neutron.db.ovn_revision_numbers_db [None req-5216c063-0335-4b29-a279-da7e0bc712d8 - - - - - -] Successfully bumped revision number for resource 0d4a2049-81e9-4a6d-99d6-30421aa248d4 (type: ports) to 2
2026-04-12 21:53:43.637 9 INFO neutron.db.ovn_revision_numbers_db [None req-5216c063-0335-4b29-a279-da7e0bc712d8 - - - - - -] Successfully bumped revision number for resource 20276782-33bc-40fb-b2a5-fdf6c3c709fe (type: subnets) to 0
2026-04-12 21:53:43.651 9 INFO neutron.api.wsgi [None req-c23e6559-067e-4c2c-bd63-3d7b1f445c43 a5fb04122c904f00a9745caa5d5f067e 4c0663b709e047fcaea8fa4606123d17 - - default default] 10.0.0.252 "POST /v2.0/subnets HTTP/1.1" status: 201 len: 855 time: 0.6350095
2026-04-12 21:53:43.696 10 INFO neutron.db.ovn_revision_numbers_db [None req-ff2dd5ac-778f-4f11-98d3-a794ba6a632b a567ec0a27104407b95cbb39e5809502 8a4ca2cca7574d2289ce86cc5ffab9bc - - default default] Successfully bumped revision number for resource 59c7bde0-fd58-4679-a50a-7c307f108794 (type: security_groups) to 1
2026-04-12 21:53:43.724 10 INFO neutron.db.ovn_revision_numbers_db [None req-ff2dd5ac-778f-4f11-98d3-a794ba6a632b a567ec0a27104407b95cbb39e5809502 8a4ca2cca7574d2289ce86cc5ffab9bc - - default default] Successfully bumped revision number for resource 2306c096-95cf-4120-b095-25d9409fadee (type: security_group_rules) to 0
2026-04-12 21:53:43.735 10 INFO neutron.db.ovn_revision_numbers_db [None req-ff2dd5ac-778f-4f11-98d3-a794ba6a632b a567ec0a27104407b95cbb39e5809502 8a4ca2cca7574d2289ce86cc5ffab9bc - - default default] Successfully bumped revision number for resource 258fbd58-49c5-4dad-8b2f-ab0e9e37d0e4 (type: security_group_rules) to 0
