2026-04-12 21:33:34.330 9 INFO neutron.api.wsgi [-] 10.0.0.92 "GET / HTTP/1.1" status: 200 len: 247 time: 0.0026150
2026-04-12 21:33:49.329 9 INFO neutron.api.wsgi [-] 10.0.0.92 "GET / HTTP/1.1" status: 200 len: 247 time: 0.0020480
2026-04-12 21:33:49.331 10 INFO neutron.api.wsgi [-] 10.0.0.92 "GET / HTTP/1.1" status: 200 len: 247 time: 0.0033956 /var/lib/openstack/lib/python3.12/site-packages/pycadf/identifier.py:71: UserWarning: Invalid uuid: unknown. To ensure interoperability, identifiers should be a valid uuid. warnings.warn(('Invalid uuid: %s. To ensure interoperability, '
2026-04-12 21:33:58.237 9 INFO neutron.api.v2.resource [None req-56a292a6-eb3c-4dd8-8aca-0caed4255903 a567ec0a27104407b95cbb39e5809502 8a4ca2cca7574d2289ce86cc5ffab9bc - - default default] show failed (client error): The resource could not be found.
2026-04-12 21:33:58.238 9 INFO neutron.api.wsgi [None req-56a292a6-eb3c-4dd8-8aca-0caed4255903 a567ec0a27104407b95cbb39e5809502 8a4ca2cca7574d2289ce86cc5ffab9bc - - default default] 199.204.45.244,10.0.0.92 "GET /v2.0/security-groups/manila-service-security-group?project_id=5fe509aa54f84f9daa5dfe279dd8521a HTTP/1.1" status: 404 len: 321 time: 0.1242573
2026-04-12 21:33:58.364 9 INFO neutron.db.ovn_revision_numbers_db [None req-738e4dbb-9414-42ef-8587-a485d049a9b7 a567ec0a27104407b95cbb39e5809502 8a4ca2cca7574d2289ce86cc5ffab9bc - - default default] Successfully bumped revision number for resource 38ba4ab4-3a54-46d9-9c82-92c26af62e74 (type: security_groups) to 1
2026-04-12 21:33:58.377 9 INFO neutron.db.ovn_revision_numbers_db [None req-738e4dbb-9414-42ef-8587-a485d049a9b7 a567ec0a27104407b95cbb39e5809502 8a4ca2cca7574d2289ce86cc5ffab9bc - - default default] Successfully bumped revision number for resource 4bc3665f-17e2-4d7e-9082-59aac089a2b2 (type: security_group_rules) to 0
2026-04-12 21:33:58.389 9 INFO neutron.db.ovn_revision_numbers_db [None req-738e4dbb-9414-42ef-8587-a485d049a9b7 a567ec0a27104407b95cbb39e5809502 8a4ca2cca7574d2289ce86cc5ffab9bc - - default default] Successfully bumped revision number for resource 694bae98-8a2f-4d19-ab4b-8fefbbdeed29 (type: security_group_rules) to 0
2026-04-12 21:33:58.400 9 INFO neutron.db.ovn_revision_numbers_db [None req-738e4dbb-9414-42ef-8587-a485d049a9b7 a567ec0a27104407b95cbb39e5809502 8a4ca2cca7574d2289ce86cc5ffab9bc - - default default] Successfully bumped revision number for resource 71875368-d4e2-42f5-a99e-660d6397b0c6 (type: security_group_rules) to 0
2026-04-12 21:33:58.413 9 INFO neutron.db.ovn_revision_numbers_db [None req-738e4dbb-9414-42ef-8587-a485d049a9b7 a567ec0a27104407b95cbb39e5809502 8a4ca2cca7574d2289ce86cc5ffab9bc - - default default] Successfully bumped revision number for resource adf5a371-8d40-4899-b511-cec98f2bab52 (type: security_group_rules) to 0
2026-04-12 21:33:58.481 9 INFO neutron.api.wsgi [None req-738e4dbb-9414-42ef-8587-a485d049a9b7 a567ec0a27104407b95cbb39e5809502 8a4ca2cca7574d2289ce86cc5ffab9bc - - default default] 199.204.45.244,10.0.0.92 "GET /v2.0/security-groups?name=manila-service-security-group&project_id=5fe509aa54f84f9daa5dfe279dd8521a HTTP/1.1" status: 200 len: 197 time: 0.2405546
2026-04-12 21:33:58.652 9 INFO neutron.db.ovn_revision_numbers_db [None req-c1ed4f36-ed65-4acf-864d-f156111eedc3 a567ec0a27104407b95cbb39e5809502 8a4ca2cca7574d2289ce86cc5ffab9bc - - default default] Successfully bumped revision number for resource f355487b-f97d-48d1-99a0-e36bca5885a8 (type: security_groups) to 1
2026-04-12 21:33:58.665 9 INFO neutron.db.ovn_revision_numbers_db [None req-c1ed4f36-ed65-4acf-864d-f156111eedc3 a567ec0a27104407b95cbb39e5809502 8a4ca2cca7574d2289ce86cc5ffab9bc - - default default] Successfully bumped revision number for resource 5643b0b8-94b1-462f-8684-00176dc20534 (type: security_group_rules) to 0
2026-04-12 21:33:58.676 9 INFO neutron.db.ovn_revision_numbers_db [None req-c1ed4f36-ed65-4acf-864d-f156111eedc3 a567ec0a27104407b95cbb39e5809502 8a4ca2cca7574d2289ce86cc5ffab9bc - - default default] Successfully bumped revision number for resource 99da159b-3ab3-4014-924f-33552f8d11c0 (type: security_group_rules) to 0
2026-04-12 21:33:58.706 9 INFO neutron.api.wsgi [None req-c1ed4f36-ed65-4acf-864d-f156111eedc3 a567ec0a27104407b95cbb39e5809502 8a4ca2cca7574d2289ce86cc5ffab9bc - - default default] 199.204.45.244,10.0.0.92 "POST /v2.0/security-groups HTTP/1.1" status: 201 len: 1805 time: 0.1609128
2026-04-12 21:33:59.679 9 INFO neutron.api.wsgi [None req-69865b2e-7cbc-4aca-92f2-0c3575f0bd78 a567ec0a27104407b95cbb39e5809502 8a4ca2cca7574d2289ce86cc5ffab9bc - - default default] 199.204.45.244,10.0.0.92 "GET /v2.0/security-groups/f355487b-f97d-48d1-99a0-e36bca5885a8?project_id=5fe509aa54f84f9daa5dfe279dd8521a HTTP/1.1" status: 200 len: 1800 time: 0.0740392
2026-04-12 21:33:59.705 9 INFO neutron.api.wsgi [None req-1287d038-d10c-49d1-b6ec-1e2a143251c0 a567ec0a27104407b95cbb39e5809502 8a4ca2cca7574d2289ce86cc5ffab9bc - - default default] 199.204.45.244,10.0.0.92 "GET /v2.0/security-groups/f355487b-f97d-48d1-99a0-e36bca5885a8 HTTP/1.1" status: 200 len: 1800 time: 0.0175936
2026-04-12 21:33:59.790 9 INFO neutron.api.wsgi [None req-ad351cb2-e53f-4268-b663-c69f48e80c7e a567ec0a27104407b95cbb39e5809502 8a4ca2cca7574d2289ce86cc5ffab9bc - - default default] 199.204.45.244,10.0.0.92 "GET /v2.0/security-groups/f355487b-f97d-48d1-99a0-e36bca5885a8?project_id=5fe509aa54f84f9daa5dfe279dd8521a HTTP/1.1" status: 200 len: 1800 time: 0.0195708
2026-04-12 21:33:59.895 9 INFO neutron.db.ovn_revision_numbers_db [None req-7989f551-d840-4549-8477-44f30266abfd a567ec0a27104407b95cbb39e5809502 8a4ca2cca7574d2289ce86cc5ffab9bc - - default default] Successfully bumped revision number for resource 1f2d15e9-ca1f-4183-b1d0-8e28bd1577f8 (type: security_group_rules) to 0
2026-04-12 21:33:59.920 9 INFO neutron.api.wsgi [None req-7989f551-d840-4549-8477-44f30266abfd a567ec0a27104407b95cbb39e5809502 8a4ca2cca7574d2289ce86cc5ffab9bc - - default default] 199.204.45.244,10.0.0.92 "POST /v2.0/security-group-rules HTTP/1.1" status: 201 len: 777 time: 0.1225438
2026-04-12 21:34:00.799 9 INFO neutron.api.wsgi [None req-e49d5ffa-ab95-4097-8b6d-a27e2cb1cd69 a567ec0a27104407b95cbb39e5809502 8a4ca2cca7574d2289ce86cc5ffab9bc - - default default] 199.204.45.244,10.0.0.92 "GET /v2.0/security-groups/f355487b-f97d-48d1-99a0-e36bca5885a8?project_id=5fe509aa54f84f9daa5dfe279dd8521a HTTP/1.1" status: 200 len: 2410 time: 0.0493448
2026-04-12 21:34:00.831 9 INFO neutron.api.wsgi [None req-090622d1-fd9e-4c27-9103-6c1219fb61b7 a567ec0a27104407b95cbb39e5809502 8a4ca2cca7574d2289ce86cc5ffab9bc - - default default] 199.204.45.244,10.0.0.92 "GET /v2.0/security-groups/f355487b-f97d-48d1-99a0-e36bca5885a8 HTTP/1.1" status: 200 len: 2410 time: 0.0226400
2026-04-12 21:34:00.910 9 INFO neutron.api.wsgi [None req-fd94ec5d-f2e6-4acc-9e6a-44e72c051f3f a567ec0a27104407b95cbb39e5809502 8a4ca2cca7574d2289ce86cc5ffab9bc - - default default] 199.204.45.244,10.0.0.92 "GET /v2.0/security-groups/f355487b-f97d-48d1-99a0-e36bca5885a8?project_id=5fe509aa54f84f9daa5dfe279dd8521a HTTP/1.1" status: 200 len: 2410 time: 0.0220339
2026-04-12 21:34:01.026 9 INFO neutron.db.ovn_revision_numbers_db [None req-4aa3f142-a50f-4757-a931-ab7e96f8603c a567ec0a27104407b95cbb39e5809502 8a4ca2cca7574d2289ce86cc5ffab9bc - - default default] Successfully bumped revision number for resource fff9a39e-8ed5-4dab-824e-04a3a3a1229a (type: security_group_rules) to 0
2026-04-12 21:34:01.052 9 INFO neutron.api.wsgi [None req-4aa3f142-a50f-4757-a931-ab7e96f8603c a567ec0a27104407b95cbb39e5809502 8a4ca2cca7574d2289ce86cc5ffab9bc - - default default] 199.204.45.244,10.0.0.92 "POST /v2.0/security-group-rules HTTP/1.1" status: 201 len: 779 time: 0.1370099
2026-04-12 21:34:01.919 9 INFO neutron.api.wsgi [None req-e3872199-6eb7-4b6c-a977-050483e7551b a567ec0a27104407b95cbb39e5809502 8a4ca2cca7574d2289ce86cc5ffab9bc - - default default] 199.204.45.244,10.0.0.92 "GET /v2.0/security-groups/f355487b-f97d-48d1-99a0-e36bca5885a8?project_id=5fe509aa54f84f9daa5dfe279dd8521a HTTP/1.1" status: 200 len: 3022 time: 0.0487471
2026-04-12 21:34:01.949 9 INFO neutron.api.wsgi [None req-9e8d48f8-804f-46e6-8e5c-ee3648bf2f9f a567ec0a27104407b95cbb39e5809502 8a4ca2cca7574d2289ce86cc5ffab9bc - - default default] 199.204.45.244,10.0.0.92 "GET /v2.0/security-groups/f355487b-f97d-48d1-99a0-e36bca5885a8 HTTP/1.1" status: 200 len: 3022 time: 0.0240641
2026-04-12 21:34:02.039 9 INFO neutron.api.wsgi [None req-d8a537ef-1cbb-49d7-8ef7-ed06b489fa7a a567ec0a27104407b95cbb39e5809502 8a4ca2cca7574d2289ce86cc5ffab9bc - - default default] 199.204.45.244,10.0.0.92 "GET /v2.0/security-groups/f355487b-f97d-48d1-99a0-e36bca5885a8?project_id=5fe509aa54f84f9daa5dfe279dd8521a HTTP/1.1" status: 200 len: 3022 time: 0.0274041
2026-04-12 21:34:02.155 9 INFO neutron.db.ovn_revision_numbers_db [None req-1a189094-99ff-4ae3-98e1-95ee555c0efd a567ec0a27104407b95cbb39e5809502 8a4ca2cca7574d2289ce86cc5ffab9bc - - default default] Successfully bumped revision number for resource 3484ed1d-85b9-4003-8b67-518175775f44 (type: security_group_rules) to 0
2026-04-12 21:34:02.185 9 INFO neutron.api.wsgi [None req-1a189094-99ff-4ae3-98e1-95ee555c0efd a567ec0a27104407b95cbb39e5809502 8a4ca2cca7574d2289ce86cc5ffab9bc - - default default] 199.204.45.244,10.0.0.92 "POST /v2.0/security-group-rules HTTP/1.1" status: 201 len: 781 time: 0.1404841
2026-04-12 21:34:03.122 9 INFO neutron.api.wsgi [None req-9531d16d-c03a-483e-9abc-8d7e116fbd58 a567ec0a27104407b95cbb39e5809502 8a4ca2cca7574d2289ce86cc5ffab9bc - - default default] 199.204.45.244,10.0.0.92 "GET /v2.0/security-groups/f355487b-f97d-48d1-99a0-e36bca5885a8?project_id=5fe509aa54f84f9daa5dfe279dd8521a HTTP/1.1" status: 200 len: 3636 time: 0.0538902
2026-04-12 21:34:03.151 9 INFO neutron.api.wsgi [None req-b32c2490-5822-4e74-95b2-7138134e5134 a567ec0a27104407b95cbb39e5809502 8a4ca2cca7574d2289ce86cc5ffab9bc - - default default] 199.204.45.244,10.0.0.92 "GET /v2.0/security-groups/f355487b-f97d-48d1-99a0-e36bca5885a8 HTTP/1.1" status: 200 len: 3636 time: 0.0240707
2026-04-12 21:34:03.251 9 INFO neutron.api.wsgi [None req-2ac38c0b-06ef-4da2-984a-e04f9a5d1158 a567ec0a27104407b95cbb39e5809502 8a4ca2cca7574d2289ce86cc5ffab9bc - - default default] 199.204.45.244,10.0.0.92 "GET /v2.0/security-groups/f355487b-f97d-48d1-99a0-e36bca5885a8?project_id=5fe509aa54f84f9daa5dfe279dd8521a HTTP/1.1" status: 200 len: 3636 time: 0.0277765
2026-04-12 21:34:03.386 9 INFO neutron.db.ovn_revision_numbers_db [None req-dade472b-eba7-4ac1-b221-4f061384c67b a567ec0a27104407b95cbb39e5809502 8a4ca2cca7574d2289ce86cc5ffab9bc - - default default] Successfully bumped revision number for resource 04fa022f-df09-4adc-b8ba-ede0d637a983 (type: security_group_rules) to 0
2026-04-12 21:34:03.421 9 INFO neutron.api.wsgi [None req-dade472b-eba7-4ac1-b221-4f061384c67b a567ec0a27104407b95cbb39e5809502 8a4ca2cca7574d2289ce86cc5ffab9bc - - default default] 199.204.45.244,10.0.0.92 "POST /v2.0/security-group-rules HTTP/1.1" status: 201 len: 782 time: 0.1633074
2026-04-12 21:34:04.330 10 INFO neutron.api.wsgi [-] 10.0.0.92 "GET / HTTP/1.1" status: 200 len: 247 time: 0.0030053
2026-04-12 21:34:04.332 10 INFO neutron.api.wsgi [-] 10.0.0.92 "GET / HTTP/1.1" status: 200 len: 247 time: 0.0015483
2026-04-12 21:34:19.329 9 INFO neutron.api.wsgi [-] 10.0.0.92 "GET / HTTP/1.1" status: 200 len: 247 time: 0.0016353
2026-04-12 21:34:19.330 10 INFO neutron.api.wsgi [-] 10.0.0.92 "GET / HTTP/1.1" status: 200 len: 247 time: 0.0026522
2026-04-12 21:34:34.330 9 INFO neutron.api.wsgi [-] 10.0.0.92 "GET / HTTP/1.1" status: 200 len: 247 time: 0.0024412
2026-04-12 21:34:34.331 10 INFO neutron.api.wsgi [-] 10.0.0.92 "GET / HTTP/1.1" status: 200 len: 247 time: 0.0036519
2026-04-12 21:34:49.330 10 INFO neutron.api.wsgi [-] 10.0.0.92 "GET / HTTP/1.1" status: 200 len: 247 time: 0.0033212
2026-04-12 21:34:49.331 9 INFO neutron.api.wsgi [-] 10.0.0.92 "GET / HTTP/1.1" status: 200 len: 247 time: 0.0039823
2026-04-12 21:35:04.328 10 INFO neutron.api.wsgi [-] 10.0.0.92 "GET / HTTP/1.1" status: 200 len: 247 time: 0.0014296
2026-04-12 21:35:04.330 10 INFO neutron.api.wsgi [-] 10.0.0.92 "GET / HTTP/1.1" status: 200 len: 247 time: 0.0011671
2026-04-12 21:35:19.330 9 INFO neutron.api.wsgi [-] 10.0.0.92 "GET / HTTP/1.1" status: 200 len: 247 time: 0.0026836
2026-04-12 21:35:19.330 10 INFO neutron.api.wsgi [-] 10.0.0.92 "GET / HTTP/1.1" status: 200 len: 247 time: 0.0022888
2026-04-12 21:35:34.330 10 INFO neutron.api.wsgi [-] 10.0.0.92 "GET / HTTP/1.1" status: 200 len: 247 time: 0.0026858
2026-04-12 21:35:34.330 9 INFO neutron.api.wsgi [-] 10.0.0.92 "GET / HTTP/1.1" status: 200 len: 247 time: 0.0026362
2026-04-12 21:35:49.329 9 INFO neutron.api.wsgi [-] 10.0.0.92 "GET / HTTP/1.1" status: 200 len: 247 time: 0.0022812
2026-04-12 21:35:49.330 10 INFO neutron.api.wsgi [-] 10.0.0.92 "GET / HTTP/1.1" status: 200 len: 247 time: 0.0026543
2026-04-12 21:36:04.329 9 INFO neutron.api.wsgi [-] 10.0.0.92 "GET / HTTP/1.1" status: 200 len: 247 time: 0.0022781
2026-04-12 21:36:04.331 10 INFO neutron.api.wsgi [-] 10.0.0.92 "GET / HTTP/1.1" status: 200 len: 247 time: 0.0027115 /var/lib/openstack/lib/python3.12/site-packages/pycadf/identifier.py:71: UserWarning: Invalid uuid: neutron. To ensure interoperability, identifiers should be a valid uuid. warnings.warn(('Invalid uuid: %s. To ensure interoperability, '
2026-04-12 21:36:14.593 9 INFO neutron.api.wsgi [None req-08f1d900-06f1-4e60-9395-75999f1501a8 c2f0a3c36fee444f8b9f8828695a807f 5fe509aa54f84f9daa5dfe279dd8521a - - f26d5f8b5eea4776bdf6fce6462c9921 f26d5f8b5eea4776bdf6fce6462c9921] 199.204.45.244 "GET /v2.0/networks?tenant_id=5fe509aa54f84f9daa5dfe279dd8521a&shared=False HTTP/1.1" status: 200 len: 213 time: 0.1278989
2026-04-12 21:36:14.700 9 INFO neutron.db.segments_db [None req-dc2edd68-46a4-4b68-b354-c5075b293167 c2f0a3c36fee444f8b9f8828695a807f 5fe509aa54f84f9daa5dfe279dd8521a - - f26d5f8b5eea4776bdf6fce6462c9921 f26d5f8b5eea4776bdf6fce6462c9921] Added segment eca79723-ab3f-4b22-9886-5663cccedd4b of type geneve for network 0499c6e2-606f-45ee-8d82-24c52e95026b
2026-04-12 21:36:14.849 9 INFO neutron.db.ovn_revision_numbers_db [None req-dc2edd68-46a4-4b68-b354-c5075b293167 c2f0a3c36fee444f8b9f8828695a807f 5fe509aa54f84f9daa5dfe279dd8521a - - f26d5f8b5eea4776bdf6fce6462c9921 f26d5f8b5eea4776bdf6fce6462c9921] Successfully bumped revision number for resource 0499c6e2-606f-45ee-8d82-24c52e95026b (type: networks) to 1
2026-04-12 21:36:14.988 9 WARNING neutron.scheduler.dhcp_agent_scheduler [None req-dc2edd68-46a4-4b68-b354-c5075b293167 c2f0a3c36fee444f8b9f8828695a807f 5fe509aa54f84f9daa5dfe279dd8521a - - f26d5f8b5eea4776bdf6fce6462c9921 f26d5f8b5eea4776bdf6fce6462c9921] No more DHCP agents
2026-04-12 21:36:14.989 9 WARNING neutron.api.rpc.agentnotifiers.dhcp_rpc_agent_api [None req-dc2edd68-46a4-4b68-b354-c5075b293167 c2f0a3c36fee444f8b9f8828695a807f 5fe509aa54f84f9daa5dfe279dd8521a - - f26d5f8b5eea4776bdf6fce6462c9921 f26d5f8b5eea4776bdf6fce6462c9921] Unable to schedule network 0499c6e2-606f-45ee-8d82-24c52e95026b: no agents available; will retry on subsequent port and subnet creation events.
2026-04-12 21:36:15.053 9 INFO neutron.db.ovn_revision_numbers_db [None req-dc2edd68-46a4-4b68-b354-c5075b293167 c2f0a3c36fee444f8b9f8828695a807f 5fe509aa54f84f9daa5dfe279dd8521a - - f26d5f8b5eea4776bdf6fce6462c9921 f26d5f8b5eea4776bdf6fce6462c9921] Successfully bumped revision number for resource 6e3803ec-0ee7-4f51-91c5-f6890ff5fc47 (type: ports) to 1
2026-04-12 21:36:15.072 9 INFO neutron.api.wsgi [None req-dc2edd68-46a4-4b68-b354-c5075b293167 c2f0a3c36fee444f8b9f8828695a807f 5fe509aa54f84f9daa5dfe279dd8521a - - f26d5f8b5eea4776bdf6fce6462c9921 f26d5f8b5eea4776bdf6fce6462c9921] 199.204.45.244 "POST /v2.0/networks HTTP/1.1" status: 201 len: 925 time: 0.4732611
2026-04-12 21:36:15.109 9 INFO neutron.api.wsgi [None req-10bfbe75-cc2d-4285-9f1e-9f36ec30a09a c2f0a3c36fee444f8b9f8828695a807f 5fe509aa54f84f9daa5dfe279dd8521a - - f26d5f8b5eea4776bdf6fce6462c9921 f26d5f8b5eea4776bdf6fce6462c9921] 199.204.45.244 "GET /v2.0/ports?device_id=manila-share&binding%3Ahost_id=instance HTTP/1.1" status: 200 len: 210 time: 0.0296199
2026-04-12 21:36:15.120 9 INFO neutron.api.wsgi [None req-b1c6a5a2-e0e6-4803-9ae6-0b8b00008412 c2f0a3c36fee444f8b9f8828695a807f 5fe509aa54f84f9daa5dfe279dd8521a - - f26d5f8b5eea4776bdf6fce6462c9921 f26d5f8b5eea4776bdf6fce6462c9921] 199.204.45.244 "GET /v2.0/extensions HTTP/1.1" status: 200 len: 19298 time: 0.0050671
2026-04-12 21:36:15.315 9 WARNING neutron.scheduler.dhcp_agent_scheduler [None req-84c8e456-745a-44c1-be91-c396d4c28b8b c2f0a3c36fee444f8b9f8828695a807f 5fe509aa54f84f9daa5dfe279dd8521a - - f26d5f8b5eea4776bdf6fce6462c9921 f26d5f8b5eea4776bdf6fce6462c9921] No more DHCP agents
2026-04-12 21:36:15.316 9 WARNING neutron.api.rpc.agentnotifiers.dhcp_rpc_agent_api [None req-84c8e456-745a-44c1-be91-c396d4c28b8b c2f0a3c36fee444f8b9f8828695a807f 5fe509aa54f84f9daa5dfe279dd8521a - - f26d5f8b5eea4776bdf6fce6462c9921 f26d5f8b5eea4776bdf6fce6462c9921] Unable to schedule network 0499c6e2-606f-45ee-8d82-24c52e95026b: no agents available; will retry on subsequent port and subnet creation events.
2026-04-12 21:36:15.379 9 INFO neutron.db.ovn_revision_numbers_db [None req-84c8e456-745a-44c1-be91-c396d4c28b8b c2f0a3c36fee444f8b9f8828695a807f 5fe509aa54f84f9daa5dfe279dd8521a - - f26d5f8b5eea4776bdf6fce6462c9921 f26d5f8b5eea4776bdf6fce6462c9921] Successfully bumped revision number for resource 7e7480be-ac54-40c1-abd1-237dd3aeb7f9 (type: ports) to 1
2026-04-12 21:36:15.546 9 INFO neutron.db.ovn_revision_numbers_db [None req-84c8e456-745a-44c1-be91-c396d4c28b8b c2f0a3c36fee444f8b9f8828695a807f 5fe509aa54f84f9daa5dfe279dd8521a - - f26d5f8b5eea4776bdf6fce6462c9921 f26d5f8b5eea4776bdf6fce6462c9921] Successfully bumped revision number for resource 7e7480be-ac54-40c1-abd1-237dd3aeb7f9 (type: ports) to 3
2026-04-12 21:36:15.570 9 INFO neutron.api.wsgi [None req-84c8e456-745a-44c1-be91-c396d4c28b8b c2f0a3c36fee444f8b9f8828695a807f 5fe509aa54f84f9daa5dfe279dd8521a - - f26d5f8b5eea4776bdf6fce6462c9921 f26d5f8b5eea4776bdf6fce6462c9921] 199.204.45.244 "POST /v2.0/ports HTTP/1.1" status: 201 len: 1172 time: 0.4446030
2026-04-12 21:36:15.609 9 INFO neutron.api.wsgi [None req-e9e8ab7d-ddaf-4d20-8d6f-17f361353551 c2f0a3c36fee444f8b9f8828695a807f 5fe509aa54f84f9daa5dfe279dd8521a - - f26d5f8b5eea4776bdf6fce6462c9921 f26d5f8b5eea4776bdf6fce6462c9921] 199.204.45.244 "GET /v2.0/networks/0499c6e2-606f-45ee-8d82-24c52e95026b HTTP/1.1" status: 200 len: 907 time: 0.0347154
2026-04-12 21:36:16.275 10 INFO neutron.plugins.ml2.drivers.ovn.mech_driver.mech_driver [-] OVN reports status up for port: 7e7480be-ac54-40c1-abd1-237dd3aeb7f9
2026-04-12 21:36:16.287 10 INFO neutron.plugins.ml2.plugin [None req-d97aa230-0770-4aa1-b57f-525acca4f61a - - - - - -] Attempt 1 to provision port 7e7480be-ac54-40c1-abd1-237dd3aeb7f9
2026-04-12 21:36:16.482 10 INFO neutron.db.ovn_revision_numbers_db [None req-d97aa230-0770-4aa1-b57f-525acca4f61a - - - - - -] Successfully bumped revision number for resource 7e7480be-ac54-40c1-abd1-237dd3aeb7f9 (type: ports) to 4
2026-04-12 21:36:17.688 9 INFO neutron.api.wsgi [None req-47e8946c-a694-4f71-8557-1ad2bfb0fb98 c2f0a3c36fee444f8b9f8828695a807f 5fe509aa54f84f9daa5dfe279dd8521a - - f26d5f8b5eea4776bdf6fce6462c9921 f26d5f8b5eea4776bdf6fce6462c9921] 199.204.45.244 "GET /v2.0/ports?device_id=manila-share&binding%3Ahost_id=instance HTTP/1.1" status: 200 len: 1172 time: 0.0389664
2026-04-12 21:36:17.723 9 INFO neutron.api.wsgi [None req-a25049e7-d881-4034-8a43-4c1a6f684400 c2f0a3c36fee444f8b9f8828695a807f 5fe509aa54f84f9daa5dfe279dd8521a - - f26d5f8b5eea4776bdf6fce6462c9921 f26d5f8b5eea4776bdf6fce6462c9921] 199.204.45.244 "GET /v2.0/networks/0499c6e2-606f-45ee-8d82-24c52e95026b HTTP/1.1" status: 200 len: 907 time: 0.0288355
2026-04-12 21:36:19.328 9 INFO neutron.api.wsgi [-] 10.0.0.92 "GET / HTTP/1.1" status: 200 len: 247 time: 0.0016544
2026-04-12 21:36:19.330 10 INFO neutron.api.wsgi [-] 10.0.0.92 "GET / HTTP/1.1" status: 200 len: 247 time: 0.0029433
2026-04-12 21:36:34.329 10 INFO neutron.api.wsgi [-] 10.0.0.92 "GET / HTTP/1.1" status: 200 len: 247 time: 0.0013170
2026-04-12 21:36:34.330 9 INFO neutron.api.wsgi [-] 10.0.0.92 "GET / HTTP/1.1" status: 200 len: 247 time: 0.0023847
2026-04-12 21:36:34.818 10 INFO neutron.api.wsgi [None req-3206d229-6f32-411d-be92-1e07cdf9ef03 a567ec0a27104407b95cbb39e5809502 8a4ca2cca7574d2289ce86cc5ffab9bc - - default default] 199.204.45.244,10.0.0.92 "GET /v2.0/quotas/5fe509aa54f84f9daa5dfe279dd8521a HTTP/1.1" status: 200 len: 467 time: 0.0116200 /var/lib/openstack/lib/python3.12/site-packages/neutron/extensions/quotasv2.py:139: UserWarning: Neutron quota engine will require "--force" parameter to set a quota limit without checking the resource usage. warnings.warn('Neutron quota engine will require "--force" '
2026-04-12 21:36:35.248 10 INFO neutron.api.wsgi [None req-864955cf-9cc1-4b18-8929-d2befe225c9a a567ec0a27104407b95cbb39e5809502 8a4ca2cca7574d2289ce86cc5ffab9bc - - default default] 199.204.45.244,10.0.0.92 "PUT /v2.0/quotas/5fe509aa54f84f9daa5dfe279dd8521a HTTP/1.1" status: 200 len: 466 time: 0.0287840
2026-04-12 21:36:49.331 10 INFO neutron.api.wsgi [-] 10.0.0.92 "GET / HTTP/1.1" status: 200 len: 247 time: 0.0028074
2026-04-12 21:36:49.331 9 INFO neutron.api.wsgi [-] 10.0.0.92 "GET / HTTP/1.1" status: 200 len: 247 time: 0.0031455
2026-04-12 21:37:04.330 9 INFO neutron.api.wsgi [-] 10.0.0.92 "GET / HTTP/1.1" status: 200 len: 247 time: 0.0025563
2026-04-12 21:37:04.333 9 INFO neutron.api.wsgi [-] 10.0.0.92 "GET / HTTP/1.1" status: 200 len: 247 time: 0.0022032
2026-04-12 21:37:19.330 10 INFO neutron.api.wsgi [-] 10.0.0.92 "GET / HTTP/1.1" status: 200 len: 247 time: 0.0023050
2026-04-12 21:37:19.332 10 INFO neutron.api.wsgi [-] 10.0.0.92 "GET / HTTP/1.1" status: 200 len: 247 time: 0.0016875
2026-04-12 21:37:34.329 9 INFO neutron.api.wsgi [-] 10.0.0.92 "GET / HTTP/1.1" status: 200 len: 247 time: 0.0022838
2026-04-12 21:37:34.331 9 INFO neutron.api.wsgi [-] 10.0.0.92 "GET / HTTP/1.1" status: 200 len: 247 time: 0.0014975
2026-04-12 21:37:49.329 10 INFO neutron.api.wsgi [-] 10.0.0.92 "GET / HTTP/1.1" status: 200 len: 247 time: 0.0023167
2026-04-12 21:37:49.330 9 INFO neutron.api.wsgi [-] 10.0.0.92 "GET / HTTP/1.1" status: 200 len: 247 time: 0.0027335
2026-04-12 21:38:01.011 10 INFO neutron.api.wsgi [None req-6590a317-b46c-4601-8921-506ae058ba42 a567ec0a27104407b95cbb39e5809502 8a4ca2cca7574d2289ce86cc5ffab9bc - - default default] 10.0.0.85 "GET /v2.0/subnets HTTP/1.1" status: 200 len: 1484 time: 0.0946767
2026-04-12 21:38:01.021 10 INFO neutron.api.wsgi [None req-44538c22-de37-41cf-92cb-91c9005b8e69 a567ec0a27104407b95cbb39e5809502 8a4ca2cca7574d2289ce86cc5ffab9bc - - default default] 10.0.0.85 "GET /v2.0/subnetpools HTTP/1.1" status: 200 len: 193 time: 0.0084460
2026-04-12 21:38:01.120 10 INFO neutron.api.wsgi [None req-bd157be9-1aaf-4951-8177-b6cf840ab9b0 a567ec0a27104407b95cbb39e5809502 8a4ca2cca7574d2289ce86cc5ffab9bc - - default default] 10.0.0.85 "GET /v2.0/subnets HTTP/1.1" status: 200 len: 1484 time: 0.0983913
2026-04-12 21:38:01.168 10 INFO neutron.api.wsgi [None req-2ae69d9a-e07e-481a-a20b-a2dac668f28d a567ec0a27104407b95cbb39e5809502 8a4ca2cca7574d2289ce86cc5ffab9bc - - default default] 10.0.0.85 "GET /v2.0/agents HTTP/1.1" status: 200 len: 1390 time: 0.0461540
2026-04-12 21:38:01.182 10 INFO neutron.api.wsgi [None req-78f05c74-2549-474a-8162-e9d7bf2e02f9 a567ec0a27104407b95cbb39e5809502 8a4ca2cca7574d2289ce86cc5ffab9bc - - default default] 10.0.0.85 "GET /v2.0/network-ip-availabilities HTTP/1.1" status: 200 len: 1280 time: 0.0125322
2026-04-12 21:38:01.209 10 INFO neutron.api.wsgi [None req-235430c4-d463-4bce-b22f-8701cc53109d a567ec0a27104407b95cbb39e5809502 8a4ca2cca7574d2289ce86cc5ffab9bc - - default default] 10.0.0.85 "GET /v2.0/floatingips HTTP/1.1" status: 200 len: 193 time: 0.0263045
2026-04-12 21:38:01.239 10 INFO neutron.api.wsgi [None req-326ef9e9-33d8-41fb-89bc-295e91e6a789 a567ec0a27104407b95cbb39e5809502 8a4ca2cca7574d2289ce86cc5ffab9bc - - default default] 10.0.0.85 "GET /v2.0/security-groups HTTP/1.1" status: 200 len: 17578 time: 0.0290880
2026-04-12 21:38:01.288 10 INFO neutron.api.wsgi [None req-6e576d1e-20a4-4259-8f0d-018e8de6c3c3 a567ec0a27104407b95cbb39e5809502 8a4ca2cca7574d2289ce86cc5ffab9bc - - default default] 10.0.0.85 "GET /v2.0/networks HTTP/1.1" status: 200 len: 2350 time: 0.0402105
2026-04-12 21:38:01.342 10 INFO neutron.api.wsgi [None req-8c6ce2d4-fe6e-48ae-be36-da7ab270a055 a567ec0a27104407b95cbb39e5809502 8a4ca2cca7574d2289ce86cc5ffab9bc - - default default] 10.0.0.85 "GET /v2.0/ports HTTP/1.1" status: 200 len: 5351 time: 0.0502839
2026-04-12 21:38:01.371 10 INFO neutron.api.wsgi [None req-d576f64c-3973-4cee-ad69-cdaca04c43f9 a567ec0a27104407b95cbb39e5809502 8a4ca2cca7574d2289ce86cc5ffab9bc - - default default] 10.0.0.85 "GET /v2.0/routers HTTP/1.1" status: 200 len: 189 time: 0.0262802
2026-04-12 21:38:01.380 10 INFO neutron.api.wsgi [None req-59aa5b77-aad1-4003-afa7-791ba2435178 a567ec0a27104407b95cbb39e5809502 8a4ca2cca7574d2289ce86cc5ffab9bc - - default default] 10.0.0.85 "GET /v2.0/agents?binary=ovn-controller HTTP/1.1" status: 200 len: 591 time: 0.0083141
2026-04-12 21:38:04.330 9 INFO neutron.api.wsgi [-] 10.0.0.92 "GET / HTTP/1.1" status: 200 len: 247 time: 0.0022037
2026-04-12 21:38:04.332 9 INFO neutron.api.wsgi [-] 10.0.0.92 "GET / HTTP/1.1" status: 200 len: 247 time: 0.0016866
2026-04-12 21:38:19.331 9 INFO neutron.api.wsgi [-] 10.0.0.92 "GET / HTTP/1.1" status: 200 len: 247 time: 0.0027938
2026-04-12 21:38:19.332 10 INFO neutron.api.wsgi [-] 10.0.0.92 "GET / HTTP/1.1" status: 200 len: 247 time: 0.0034044
2026-04-12 21:38:34.329 9 INFO neutron.api.wsgi [-] 10.0.0.92 "GET / HTTP/1.1" status: 200 len: 247 time: 0.0017526
2026-04-12 21:38:34.333 10 INFO neutron.api.wsgi [-] 10.0.0.92 "GET / HTTP/1.1" status: 200 len: 247 time: 0.0052493
2026-04-12 21:38:49.329 10 INFO neutron.api.wsgi [-] 10.0.0.92 "GET / HTTP/1.1" status: 200 len: 247 time: 0.0022686
2026-04-12 21:38:49.329 9 INFO neutron.api.wsgi [-] 10.0.0.92 "GET / HTTP/1.1" status: 200 len: 247 time: 0.0025275
2026-04-12 21:39:00.939 10 INFO neutron.api.wsgi [None req-3902d0ab-ff48-4876-aa03-b7d6303c4810 a567ec0a27104407b95cbb39e5809502 8a4ca2cca7574d2289ce86cc5ffab9bc - - default default] 10.0.0.85 "GET /v2.0/security-groups HTTP/1.1" status: 200 len: 17578 time: 0.1016176
2026-04-12 21:39:00.983 10 INFO neutron.api.wsgi [None req-8c0816ab-3550-43d2-a9f1-d335d69605df a567ec0a27104407b95cbb39e5809502 8a4ca2cca7574d2289ce86cc5ffab9bc - - default default] 10.0.0.85 "GET /v2.0/ports HTTP/1.1" status: 200 len: 5351 time: 0.0341697
2026-04-12 21:39:00.999 10 INFO neutron.api.wsgi [None req-7a17be56-0fc2-499d-a877-b11f63ce7d55 a567ec0a27104407b95cbb39e5809502 8a4ca2cca7574d2289ce86cc5ffab9bc - - default default] 10.0.0.85 "GET /v2.0/routers HTTP/1.1" status: 200 len: 189 time: 0.0119781
2026-04-12 21:39:01.018 10 INFO neutron.api.wsgi [None req-5d501150-e126-47b0-9e63-0fad2f2c4491 a567ec0a27104407b95cbb39e5809502 8a4ca2cca7574d2289ce86cc5ffab9bc - - default default] 10.0.0.85 "GET /v2.0/agents?binary=ovn-controller HTTP/1.1" status: 200 len: 591 time: 0.0184999
2026-04-12 21:39:01.028 10 INFO neutron.api.wsgi [None req-c33ccb96-c0fc-42fe-b859-268527185979 a567ec0a27104407b95cbb39e5809502 8a4ca2cca7574d2289ce86cc5ffab9bc - - default default] 10.0.0.85 "GET /v2.0/network-ip-availabilities HTTP/1.1" status: 200 len: 1280 time: 0.0086472
2026-04-12 21:39:01.047 10 INFO neutron.api.wsgi [None req-35cdfa9d-771b-448b-99e2-c458cf1053ba a567ec0a27104407b95cbb39e5809502 8a4ca2cca7574d2289ce86cc5ffab9bc - - default default] 10.0.0.85 "GET /v2.0/subnets HTTP/1.1" status: 200 len: 1484 time: 0.0188696
2026-04-12 21:39:01.055 10 INFO neutron.api.wsgi [None req-5cf5e128-b32a-4edf-bcb5-1e34d49790c5 a567ec0a27104407b95cbb39e5809502 8a4ca2cca7574d2289ce86cc5ffab9bc - - default default] 10.0.0.85 "GET /v2.0/subnetpools HTTP/1.1" status: 200 len: 193 time: 0.0062046
2026-04-12 21:39:01.076 10 INFO neutron.api.wsgi [None req-d4112f58-e6bb-43b5-98ba-0169b273244e a567ec0a27104407b95cbb39e5809502 8a4ca2cca7574d2289ce86cc5ffab9bc - - default default] 10.0.0.85 "GET /v2.0/subnets HTTP/1.1" status: 200 len: 1484 time: 0.0211115
2026-04-12 21:39:01.085 10 INFO neutron.api.wsgi [None req-0cec2a09-094a-4abb-9dfe-f0e995bf5e81 a567ec0a27104407b95cbb39e5809502 8a4ca2cca7574d2289ce86cc5ffab9bc - - default default] 10.0.0.85 "GET /v2.0/agents HTTP/1.1" status: 200 len: 1390 time: 0.0074368
2026-04-12 21:39:01.124 10 INFO neutron.api.wsgi [None req-8c745de5-2340-4a7a-addc-43f55aca3621 a567ec0a27104407b95cbb39e5809502 8a4ca2cca7574d2289ce86cc5ffab9bc - - default default] 10.0.0.85 "GET /v2.0/networks HTTP/1.1" status: 200 len: 2350 time: 0.0384812
2026-04-12 21:39:01.139 10 INFO neutron.api.wsgi [None req-22061038-0678-4dea-847a-9b5236abb223 a567ec0a27104407b95cbb39e5809502 8a4ca2cca7574d2289ce86cc5ffab9bc - - default default] 10.0.0.85 "GET /v2.0/floatingips HTTP/1.1" status: 200 len: 193 time: 0.0128911
2026-04-12 21:39:04.330 9 INFO neutron.api.wsgi [-] 10.0.0.92 "GET / HTTP/1.1" status: 200 len: 247 time: 0.0023930
2026-04-12 21:39:04.347 10 INFO neutron.api.wsgi [-] 10.0.0.92 "GET / HTTP/1.1" status: 200 len: 247 time: 0.0156703
2026-04-12 21:39:19.328 10 INFO neutron.api.wsgi [-] 10.0.0.92 "GET / HTTP/1.1" status: 200 len: 247 time: 0.0012372
2026-04-12 21:39:19.330 9 INFO neutron.api.wsgi [-] 10.0.0.92 "GET / HTTP/1.1" status: 200 len: 247 time: 0.0027056
2026-04-12 21:39:34.329 9 INFO neutron.api.wsgi [-] 10.0.0.92 "GET / HTTP/1.1" status: 200 len: 247 time: 0.0022712
2026-04-12 21:39:34.331 9 INFO neutron.api.wsgi [-] 10.0.0.92 "GET / HTTP/1.1" status: 200 len: 247 time: 0.0012798
2026-04-12 21:39:49.330 9 INFO neutron.api.wsgi [-] 10.0.0.92 "GET / HTTP/1.1" status: 200 len: 247 time: 0.0029404
2026-04-12 21:39:49.330 10 INFO neutron.api.wsgi [-] 10.0.0.92 "GET / HTTP/1.1" status: 200 len: 247 time: 0.0033140
2026-04-12 21:39:51.286 15 INFO neutron.db.ovn_revision_numbers_db [None req-a40bdc9a-a9b6-4061-a745-67e94ca68dff - - - - - -] Successfully bumped revision number for resource f355487b-f97d-48d1-99a0-e36bca5885a8 (type: security_groups) to 5
2026-04-12 21:39:51.286 15 INFO neutron.plugins.ml2.drivers.ovn.mech_driver.ovsdb.maintenance [None req-a40bdc9a-a9b6-4061-a745-67e94ca68dff - - - - - -] Maintenance task: Synchronization completed (took 0.04 seconds)
2026-04-12 21:40:00.911 10 INFO neutron.api.wsgi [None req-6fdf8982-f531-4427-bd5a-736bd66674e2 a567ec0a27104407b95cbb39e5809502 8a4ca2cca7574d2289ce86cc5ffab9bc - - default default] 10.0.0.85 "GET /v2.0/floatingips HTTP/1.1" status: 200 len: 193 time: 0.0714166
2026-04-12 21:40:00.974 10 INFO neutron.api.wsgi [None req-b5eec350-7f72-4f08-b6b4-1d3f2d869db9 a567ec0a27104407b95cbb39e5809502 8a4ca2cca7574d2289ce86cc5ffab9bc - - default default] 10.0.0.85 "GET /v2.0/networks HTTP/1.1" status: 200 len: 2350 time: 0.0624192
2026-04-12 21:40:01.009 10 INFO neutron.api.wsgi [None req-d0e6ecb2-7b8e-435b-97d0-1cc30f55203c a567ec0a27104407b95cbb39e5809502 8a4ca2cca7574d2289ce86cc5ffab9bc - - default default] 10.0.0.85 "GET /v2.0/agents HTTP/1.1" status: 200 len: 1390 time: 0.0319242
2026-04-12 21:40:01.028 10 INFO neutron.api.wsgi [None req-09d6224f-722a-4409-ae11-f5d81d0b8639 a567ec0a27104407b95cbb39e5809502 8a4ca2cca7574d2289ce86cc5ffab9bc - - default default] 10.0.0.85 "GET /v2.0/subnets HTTP/1.1" status: 200 len: 1484 time: 0.0174682
2026-04-12 21:40:01.067 10 INFO neutron.api.wsgi [None req-e017511c-bc24-44bc-a0c1-905fef32152b a567ec0a27104407b95cbb39e5809502 8a4ca2cca7574d2289ce86cc5ffab9bc - - default default] 10.0.0.85 "GET /v2.0/ports HTTP/1.1" status: 200 len: 5351 time: 0.0375502
2026-04-12 21:40:01.082 10 INFO neutron.api.wsgi [None req-977996b3-2b55-42b9-a9f6-39a73bc728d8 a567ec0a27104407b95cbb39e5809502 8a4ca2cca7574d2289ce86cc5ffab9bc - - default default] 10.0.0.85 "GET /v2.0/network-ip-availabilities HTTP/1.1" status: 200 len: 1280 time: 0.0095778
2026-04-12 21:40:01.112 10 INFO neutron.api.wsgi [None req-875fa6e8-c773-44ab-857d-d8da3dad0ed6 a567ec0a27104407b95cbb39e5809502 8a4ca2cca7574d2289ce86cc5ffab9bc - - default default] 10.0.0.85 "GET /v2.0/security-groups HTTP/1.1" status: 200 len: 17578 time: 0.0289922
2026-04-12 21:40:01.127 10 INFO neutron.api.wsgi [None req-9dfbb083-cd0d-4d7e-a59d-ce7435a92027 a567ec0a27104407b95cbb39e5809502 8a4ca2cca7574d2289ce86cc5ffab9bc - - default default] 10.0.0.85 "GET /v2.0/routers HTTP/1.1" status: 200 len: 189 time: 0.0120206
2026-04-12 21:40:01.137 10 INFO neutron.api.wsgi [None req-a415ed28-133a-481b-b000-13aeeaac37db a567ec0a27104407b95cbb39e5809502 8a4ca2cca7574d2289ce86cc5ffab9bc - - default default] 10.0.0.85 "GET /v2.0/agents?binary=ovn-controller HTTP/1.1" status: 200 len: 591 time: 0.0086107
2026-04-12 21:40:01.159 10 INFO neutron.api.wsgi [None req-78ad1330-62b3-416c-8505-d9f91dc59d6d a567ec0a27104407b95cbb39e5809502 8a4ca2cca7574d2289ce86cc5ffab9bc - - default default] 10.0.0.85 "GET /v2.0/subnets HTTP/1.1" status: 200 len: 1484 time: 0.0215185
2026-04-12 21:40:01.168 10 INFO neutron.api.wsgi [None req-0387e47f-fdc1-4ef3-b86f-da939e24c497 a567ec0a27104407b95cbb39e5809502 8a4ca2cca7574d2289ce86cc5ffab9bc - - default default] 10.0.0.85 "GET /v2.0/subnetpools HTTP/1.1" status: 200 len: 193 time: 0.0078413
2026-04-12 21:40:04.331 10 INFO neutron.api.wsgi [-] 10.0.0.92 "GET / HTTP/1.1" status: 200 len: 247 time: 0.0024416
2026-04-12 21:40:04.331 9 INFO neutron.api.wsgi [-] 10.0.0.92 "GET / HTTP/1.1" status: 200 len: 247 time: 0.0025170
2026-04-12 21:40:19.329 10 INFO neutron.api.wsgi [-] 10.0.0.92 "GET / HTTP/1.1" status: 200 len: 247 time: 0.0022244
2026-04-12 21:40:19.330 9 INFO neutron.api.wsgi [-] 10.0.0.92 "GET / HTTP/1.1" status: 200 len: 247 time: 0.0026729
2026-04-12 21:40:34.330 9 INFO neutron.api.wsgi [-] 10.0.0.92 "GET / HTTP/1.1" status: 200 len: 247 time: 0.0029452
2026-04-12 21:40:34.330 10 INFO neutron.api.wsgi [-] 10.0.0.92 "GET / HTTP/1.1" status: 200 len: 247 time: 0.0034945
2026-04-12 21:40:49.328 10 INFO neutron.api.wsgi [-] 10.0.0.92 "GET / HTTP/1.1" status: 200 len: 247 time: 0.0015244
2026-04-12 21:40:49.329 9 INFO neutron.api.wsgi [-] 10.0.0.92 "GET / HTTP/1.1" status: 200 len: 247 time: 0.0023665
2026-04-12 21:41:01.029 10 INFO neutron.api.wsgi [None req-4697ecab-80e3-4b04-aa06-d9a941fa22a4 a567ec0a27104407b95cbb39e5809502 8a4ca2cca7574d2289ce86cc5ffab9bc - - default default] 10.0.0.85 "GET /v2.0/networks HTTP/1.1" status: 200 len: 2350 time: 0.0945983
2026-04-12 21:41:01.046 10 INFO neutron.api.wsgi [None req-51f48d62-4d39-459f-b979-f851ee82b89c a567ec0a27104407b95cbb39e5809502 8a4ca2cca7574d2289ce86cc5ffab9bc - - default default] 10.0.0.85 "GET /v2.0/routers HTTP/1.1" status: 200 len: 189 time: 0.0145252
2026-04-12 21:41:01.074 10 INFO neutron.api.wsgi [None req-662c6ede-0995-4757-97ca-d791487fb42a a567ec0a27104407b95cbb39e5809502 8a4ca2cca7574d2289ce86cc5ffab9bc - - default default] 10.0.0.85 "GET /v2.0/agents?binary=ovn-controller HTTP/1.1" status: 200 len: 591 time: 0.0270603
2026-04-12 21:41:01.098 10 INFO neutron.api.wsgi [None req-bc6d278a-1936-4057-b665-ff30ed80f4aa a567ec0a27104407b95cbb39e5809502 8a4ca2cca7574d2289ce86cc5ffab9bc - - default default] 10.0.0.85 "GET /v2.0/floatingips HTTP/1.1" status: 200 len: 193 time: 0.0197146
2026-04-12 21:41:01.135 10 INFO neutron.api.wsgi [None req-fcb460dd-5271-45e1-a090-21a4f6fde077 a567ec0a27104407b95cbb39e5809502 8a4ca2cca7574d2289ce86cc5ffab9bc - - default default] 10.0.0.85 "GET /v2.0/ports HTTP/1.1" status: 200 len: 5351 time: 0.0361431
2026-04-12 21:41:01.156 10 INFO neutron.api.wsgi [None req-34c4abc1-178b-4b93-a5ab-08e347c66a06 a567ec0a27104407b95cbb39e5809502 8a4ca2cca7574d2289ce86cc5ffab9bc - - default default] 10.0.0.85 "GET /v2.0/network-ip-availabilities HTTP/1.1" status: 200 len: 1280 time: 0.0118577
2026-04-12 21:41:01.191 10 INFO neutron.api.wsgi [None req-75146415-a259-4431-84b7-b070e9c3353b a567ec0a27104407b95cbb39e5809502 8a4ca2cca7574d2289ce86cc5ffab9bc - - default default] 10.0.0.85 "GET /v2.0/security-groups HTTP/1.1" status: 200 len: 17578 time: 0.0345764
2026-04-12 21:41:01.208 10 INFO neutron.api.wsgi [None req-2d700ea5-d7fd-4654-9046-186af5658e06 a567ec0a27104407b95cbb39e5809502 8a4ca2cca7574d2289ce86cc5ffab9bc - - default default] 10.0.0.85 "GET /v2.0/agents HTTP/1.1" status: 200 len: 1390 time: 0.0102546
2026-04-12 21:41:01.230 10 INFO neutron.api.wsgi [None req-c1654eb2-d107-4adc-bb1b-79ee1bd387b9 a567ec0a27104407b95cbb39e5809502 8a4ca2cca7574d2289ce86cc5ffab9bc - - default default] 10.0.0.85 "GET /v2.0/subnets HTTP/1.1" status: 200 len: 1484 time: 0.0215609
2026-04-12 21:41:01.243 10 INFO neutron.api.wsgi [None req-c1be961a-9996-47a3-8e6f-5ac89f50f52d a567ec0a27104407b95cbb39e5809502 8a4ca2cca7574d2289ce86cc5ffab9bc - - default default] 10.0.0.85 "GET /v2.0/subnetpools HTTP/1.1" status: 200 len: 193 time: 0.0111015
2026-04-12 21:41:01.264 10 INFO neutron.api.wsgi [None req-b538e2c3-a1ce-4e26-9b6a-e00e018ab3e5 a567ec0a27104407b95cbb39e5809502 8a4ca2cca7574d2289ce86cc5ffab9bc - - default default] 10.0.0.85 "GET /v2.0/subnets HTTP/1.1" status: 200 len: 1484 time: 0.0201054
2026-04-12 21:41:04.329 9 INFO neutron.api.wsgi [-] 10.0.0.92 "GET / HTTP/1.1" status: 200 len: 247 time: 0.0024230
2026-04-12 21:41:04.330 10 INFO neutron.api.wsgi [-] 10.0.0.92 "GET / HTTP/1.1" status: 200 len: 247 time: 0.0027561
2026-04-12 21:41:19.330 10 INFO neutron.api.wsgi [-] 10.0.0.92 "GET / HTTP/1.1" status: 200 len: 247 time: 0.0022435
2026-04-12 21:41:19.331 9 INFO neutron.api.wsgi [-] 10.0.0.92 "GET / HTTP/1.1" status: 200 len: 247 time: 0.0032051
2026-04-12 21:41:34.329 10 INFO neutron.api.wsgi [-] 10.0.0.92 "GET / HTTP/1.1" status: 200 len: 247 time: 0.0015600
2026-04-12 21:41:34.330 9 INFO neutron.api.wsgi [-] 10.0.0.92 "GET / HTTP/1.1" status: 200 len: 247 time: 0.0023735
2026-04-12 21:41:49.330 9 INFO neutron.api.wsgi [-] 10.0.0.92 "GET / HTTP/1.1" status: 200 len: 247 time: 0.0022135
2026-04-12 21:41:49.331 10 INFO neutron.api.wsgi [-] 10.0.0.92 "GET / HTTP/1.1" status: 200 len: 247 time: 0.0026224
2026-04-12 21:42:00.941 10 INFO neutron.api.wsgi [None req-bf85a1ea-1937-461f-bacf-df3fbb0dd85e a567ec0a27104407b95cbb39e5809502 8a4ca2cca7574d2289ce86cc5ffab9bc - - default default] 10.0.0.85 "GET /v2.0/subnets HTTP/1.1" status: 200 len: 1484 time: 0.0616789
2026-04-12 21:42:00.954 10 INFO neutron.api.wsgi [None req-ec762459-0cf0-4253-a109-d4ce213daaa9 a567ec0a27104407b95cbb39e5809502 8a4ca2cca7574d2289ce86cc5ffab9bc - - default default] 10.0.0.85 "GET /v2.0/routers HTTP/1.1" status: 200 len: 189 time: 0.0113156
2026-04-12 21:42:00.974 10 INFO neutron.api.wsgi [None req-f3fe56e6-d8fa-487a-a6c9-9efe393e82bd a567ec0a27104407b95cbb39e5809502 8a4ca2cca7574d2289ce86cc5ffab9bc - - default default] 10.0.0.85 "GET /v2.0/agents?binary=ovn-controller HTTP/1.1" status: 200 len: 591 time: 0.0195017
2026-04-12 21:42:00.994 10 INFO neutron.api.wsgi [None req-a85b251b-a0ea-4042-bd1d-9408a8eb957a a567ec0a27104407b95cbb39e5809502 8a4ca2cca7574d2289ce86cc5ffab9bc - - default default] 10.0.0.85 "GET /v2.0/subnets HTTP/1.1" status: 200 len: 1484 time: 0.0198178
2026-04-12 21:42:01.003 10 INFO neutron.api.wsgi [None req-c33f411f-b720-490d-ac4d-305b25198ffb a567ec0a27104407b95cbb39e5809502 8a4ca2cca7574d2289ce86cc5ffab9bc - - default default] 10.0.0.85 "GET /v2.0/subnetpools HTTP/1.1" status: 200 len: 193 time: 0.0046461
2026-04-12 21:42:01.051 10 INFO neutron.api.wsgi [None req-75fff337-e47a-4fb8-a995-1b47e2f5453e a567ec0a27104407b95cbb39e5809502 8a4ca2cca7574d2289ce86cc5ffab9bc - - default default] 10.0.0.85 "GET /v2.0/ports HTTP/1.1" status: 200 len: 5351 time: 0.0470371
2026-04-12 21:42:01.065 10 INFO neutron.api.wsgi [None req-37f70dc1-fbf1-4f26-9e4f-f5d81609d6ba a567ec0a27104407b95cbb39e5809502 8a4ca2cca7574d2289ce86cc5ffab9bc - - default default] 10.0.0.85 "GET /v2.0/agents HTTP/1.1" status: 200 len: 1390 time: 0.0092156
2026-04-12 21:42:01.076 10 INFO neutron.api.wsgi [None req-4ed7c09f-1da0-4222-b515-41ffa37c9a09 a567ec0a27104407b95cbb39e5809502 8a4ca2cca7574d2289ce86cc5ffab9bc - - default default] 10.0.0.85 "GET /v2.0/network-ip-availabilities HTTP/1.1" status: 200 len: 1280 time: 0.0099411
2026-04-12 21:42:01.092 10 INFO neutron.api.wsgi [None req-fdbbcc07-f077-40d9-be3d-ba45c68a9152 a567ec0a27104407b95cbb39e5809502 8a4ca2cca7574d2289ce86cc5ffab9bc - - default default] 10.0.0.85 "GET /v2.0/floatingips HTTP/1.1" status: 200 len: 193 time: 0.0149291
2026-04-12 21:42:01.126 10 INFO neutron.api.wsgi [None req-ae00f266-d149-44d0-a7df-1eab6d1b6a4f a567ec0a27104407b95cbb39e5809502 8a4ca2cca7574d2289ce86cc5ffab9bc - - default default] 10.0.0.85 "GET /v2.0/security-groups HTTP/1.1" status: 200 len: 17578 time: 0.0330443
2026-04-12 21:42:01.169 10 INFO neutron.api.wsgi [None req-d3b9d98d-0c30-4b70-ab17-722028a5a007 a567ec0a27104407b95cbb39e5809502 8a4ca2cca7574d2289ce86cc5ffab9bc - - default default] 10.0.0.85 "GET /v2.0/networks HTTP/1.1" status: 200 len: 2350 time: 0.0374041
2026-04-12 21:42:04.328 10 INFO neutron.api.wsgi [-] 10.0.0.92 "GET / HTTP/1.1" status: 200 len: 247 time: 0.0012782
2026-04-12 21:42:04.329 9 INFO neutron.api.wsgi [-] 10.0.0.92 "GET / HTTP/1.1" status: 200 len: 247 time: 0.0017281
2026-04-12 21:42:19.328 9 INFO neutron.api.wsgi [-] 10.0.0.92 "GET / HTTP/1.1" status: 200 len: 247 time: 0.0016651
2026-04-12 21:42:19.331 9 INFO neutron.api.wsgi [-] 10.0.0.92 "GET / HTTP/1.1" status: 200 len: 247 time: 0.0022376
2026-04-12 21:42:34.330 10 INFO neutron.api.wsgi [-] 10.0.0.92 "GET / HTTP/1.1" status: 200 len: 247 time: 0.0023386
2026-04-12 21:42:34.330 9 INFO neutron.api.wsgi [-] 10.0.0.92 "GET / HTTP/1.1" status: 200 len: 247 time: 0.0027261
2026-04-12 21:42:49.328 9 INFO neutron.api.wsgi [-] 10.0.0.92 "GET / HTTP/1.1" status: 200 len: 247 time: 0.0012238
2026-04-12 21:42:49.332 10 INFO neutron.api.wsgi [-] 10.0.0.92 "GET / HTTP/1.1" status: 200 len: 247 time: 0.0041633
2026-04-12 21:43:00.916 10 INFO neutron.api.wsgi [None req-95c048f5-8698-4d30-817d-5a79d7e655da a567ec0a27104407b95cbb39e5809502 8a4ca2cca7574d2289ce86cc5ffab9bc - - default default] 10.0.0.85 "GET /v2.0/networks HTTP/1.1" status: 200 len: 2350 time: 0.0971310
2026-04-12 21:43:00.942 10 INFO neutron.api.wsgi [None req-56405a01-ce48-4b53-81e9-f2d3f7b5d274 a567ec0a27104407b95cbb39e5809502 8a4ca2cca7574d2289ce86cc5ffab9bc - - default default] 10.0.0.85 "GET /v2.0/subnets HTTP/1.1" status: 200 len: 1484 time: 0.0233028
2026-04-12 21:43:00.949 10 INFO neutron.api.wsgi [None req-5c3f6393-3ba5-4d2d-abc1-98297455b1f6 a567ec0a27104407b95cbb39e5809502 8a4ca2cca7574d2289ce86cc5ffab9bc - - default default] 10.0.0.85 "GET /v2.0/subnetpools HTTP/1.1" status: 200 len: 193 time: 0.0053959
2026-04-12 21:43:00.988 10 INFO neutron.api.wsgi [None req-e5a8582c-8be5-4ba9-86e6-98f726b278c3 a567ec0a27104407b95cbb39e5809502 8a4ca2cca7574d2289ce86cc5ffab9bc - - default default] 10.0.0.85 "GET /v2.0/ports HTTP/1.1" status: 200 len: 5351 time: 0.0383332
2026-04-12 21:43:01.014 10 INFO neutron.api.wsgi [None req-76bbf7b3-fa87-491f-a4ff-fb083c7d7a30 a567ec0a27104407b95cbb39e5809502 8a4ca2cca7574d2289ce86cc5ffab9bc - - default default] 10.0.0.85 "GET /v2.0/agents HTTP/1.1" status: 200 len: 1390 time: 0.0235238
2026-04-12 21:43:01.024 10 INFO neutron.api.wsgi [None req-bbf6e5f8-bba0-47c2-9be2-bab67f43bf5d a567ec0a27104407b95cbb39e5809502 8a4ca2cca7574d2289ce86cc5ffab9bc - - default default] 10.0.0.85 "GET /v2.0/network-ip-availabilities HTTP/1.1" status: 200 len: 1280 time: 0.0082932
2026-04-12 21:43:01.034 10 INFO neutron.api.wsgi [None req-2efe2a48-8da7-4a82-a318-35f73a7b7631 a567ec0a27104407b95cbb39e5809502 8a4ca2cca7574d2289ce86cc5ffab9bc - - default default] 10.0.0.85 "GET /v2.0/floatingips HTTP/1.1" status: 200 len: 193 time: 0.0095298
2026-04-12 21:43:01.064 10 INFO neutron.api.wsgi [None req-ecbe0756-0f59-4708-b334-18b184f49d52 a567ec0a27104407b95cbb39e5809502 8a4ca2cca7574d2289ce86cc5ffab9bc - - default default] 10.0.0.85 "GET /v2.0/subnets HTTP/1.1" status: 200 len: 1484 time: 0.0227089
2026-04-12 21:43:01.128 10 INFO neutron.api.wsgi [None req-d352819d-56c6-4011-9fc1-357c4705e297 a567ec0a27104407b95cbb39e5809502 8a4ca2cca7574d2289ce86cc5ffab9bc - - default default] 10.0.0.85 "GET /v2.0/security-groups HTTP/1.1" status: 200 len: 17578 time: 0.0626702
2026-04-12 21:43:01.144 10 INFO neutron.api.wsgi [None req-5581673e-d1cb-4f56-ab21-dcdf442f5ad5 a567ec0a27104407b95cbb39e5809502 8a4ca2cca7574d2289ce86cc5ffab9bc - - default default] 10.0.0.85 "GET /v2.0/routers HTTP/1.1" status: 200 len: 189 time: 0.0123224
2026-04-12 21:43:01.156 10 INFO neutron.api.wsgi [None req-c40530d9-c775-464e-8230-ce97e714e1db a567ec0a27104407b95cbb39e5809502 8a4ca2cca7574d2289ce86cc5ffab9bc - - default default] 10.0.0.85 "GET /v2.0/agents?binary=ovn-controller HTTP/1.1" status: 200 len: 591 time: 0.0095346
2026-04-12 21:43:04.328 9 INFO neutron.api.wsgi [-] 10.0.0.92 "GET / HTTP/1.1" status: 200 len: 247 time: 0.0016527
2026-04-12 21:43:04.328 10 INFO neutron.api.wsgi [-] 10.0.0.92 "GET / HTTP/1.1" status: 200 len: 247 time: 0.0016942
2026-04-12 21:43:19.329 10 INFO neutron.api.wsgi [-] 10.0.0.92 "GET / HTTP/1.1" status: 200 len: 247 time: 0.0023613
2026-04-12 21:43:19.330 9 INFO neutron.api.wsgi [-] 10.0.0.92 "GET / HTTP/1.1" status: 200 len: 247 time: 0.0022898
2026-04-12 21:43:34.331 9 INFO neutron.api.wsgi [-] 10.0.0.92 "GET / HTTP/1.1" status: 200 len: 247 time: 0.0030427
2026-04-12 21:43:34.331 10 INFO neutron.api.wsgi [-] 10.0.0.92 "GET / HTTP/1.1" status: 200 len: 247 time: 0.0034325
2026-04-12 21:43:49.330 9 INFO neutron.api.wsgi [-] 10.0.0.92 "GET / HTTP/1.1" status: 200 len: 247 time: 0.0028293
2026-04-12 21:43:49.332 9 INFO neutron.api.wsgi [-] 10.0.0.92 "GET / HTTP/1.1" status: 200 len: 247 time: 0.0012536
2026-04-12 21:44:00.977 10 INFO neutron.api.wsgi [None req-a821ede2-b4bc-4dfe-8285-337763c0f39b a567ec0a27104407b95cbb39e5809502 8a4ca2cca7574d2289ce86cc5ffab9bc - - default default] 10.0.0.85 "GET /v2.0/networks HTTP/1.1" status: 200 len: 2350 time: 0.1539257
2026-04-12 21:44:01.008 10 INFO neutron.api.wsgi [None req-066a16d4-8cc5-418a-b58f-44366b40ef82 a567ec0a27104407b95cbb39e5809502 8a4ca2cca7574d2289ce86cc5ffab9bc - - default default] 10.0.0.85 "GET /v2.0/subnets HTTP/1.1" status: 200 len: 1484 time: 0.0283749
2026-04-12 21:44:01.040 10 INFO neutron.api.wsgi [None req-60fae820-345f-4564-ae32-09e757be9cd1 a567ec0a27104407b95cbb39e5809502 8a4ca2cca7574d2289ce86cc5ffab9bc - - default default] 10.0.0.85 "GET /v2.0/agents HTTP/1.1" status: 200 len: 1390 time: 0.0311344
2026-04-12 21:44:01.052 10 INFO neutron.api.wsgi [None req-c7975059-34ae-4723-b84a-557bc5066cf8 a567ec0a27104407b95cbb39e5809502 8a4ca2cca7574d2289ce86cc5ffab9bc - - default default] 10.0.0.85 "GET /v2.0/routers HTTP/1.1" status: 200 len: 189 time: 0.0107448
2026-04-12 21:44:01.059 10 INFO neutron.api.wsgi [None req-f042ccd3-4d17-49d9-a8a8-a1998195ca7c a567ec0a27104407b95cbb39e5809502 8a4ca2cca7574d2289ce86cc5ffab9bc - - default default] 10.0.0.85 "GET /v2.0/agents?binary=ovn-controller HTTP/1.1" status: 200 len: 591 time: 0.0064580
2026-04-12 21:44:01.067 10 INFO neutron.api.wsgi [None req-88148906-0946-46d3-9355-3ae1b2ce24a2 a567ec0a27104407b95cbb39e5809502 8a4ca2cca7574d2289ce86cc5ffab9bc - - default default] 10.0.0.85 "GET /v2.0/network-ip-availabilities HTTP/1.1" status: 200 len: 1280 time: 0.0079272
2026-04-12 21:44:01.077 10 INFO neutron.api.wsgi [None req-955a98d0-4a07-45a7-83cb-a14dd1d5cf01 a567ec0a27104407b95cbb39e5809502 8a4ca2cca7574d2289ce86cc5ffab9bc - - default default] 10.0.0.85 "GET /v2.0/floatingips HTTP/1.1" status: 200 len: 193 time: 0.0091972
2026-04-12 21:44:01.108 10 INFO neutron.api.wsgi [None req-94361b9b-50d6-4241-aa5e-bbabb4e5a042 a567ec0a27104407b95cbb39e5809502 8a4ca2cca7574d2289ce86cc5ffab9bc - - default default] 10.0.0.85 "GET /v2.0/security-groups HTTP/1.1" status: 200 len: 17578 time: 0.0299327
2026-04-12 21:44:01.153 10 INFO neutron.api.wsgi [None req-fdebf451-928a-4d9a-89bf-41f9bc0be5cf a567ec0a27104407b95cbb39e5809502 8a4ca2cca7574d2289ce86cc5ffab9bc - - default default] 10.0.0.85 "GET /v2.0/ports HTTP/1.1" status: 200 len: 5351 time: 0.0403399
2026-04-12 21:44:01.183 10 INFO neutron.api.wsgi [None req-66f415b0-0cc7-422c-b6f0-1bce4b1189b2 a567ec0a27104407b95cbb39e5809502 8a4ca2cca7574d2289ce86cc5ffab9bc - - default default] 10.0.0.85 "GET /v2.0/subnets HTTP/1.1" status: 200 len: 1484 time: 0.0239549
2026-04-12 21:44:01.190 10 INFO neutron.api.wsgi [None req-852d14e2-8a48-457e-8838-3029869112e6 a567ec0a27104407b95cbb39e5809502 8a4ca2cca7574d2289ce86cc5ffab9bc - - default default] 10.0.0.85 "GET /v2.0/subnetpools HTTP/1.1" status: 200 len: 193 time: 0.0064142
2026-04-12 21:44:04.329 10 INFO neutron.api.wsgi [-] 10.0.0.92 "GET / HTTP/1.1" status: 200 len: 247 time: 0.0022831
2026-04-12 21:44:04.332 10 INFO neutron.api.wsgi [-] 10.0.0.92 "GET / HTTP/1.1" status: 200 len: 247 time: 0.0020013
2026-04-12 21:44:19.329 9 INFO neutron.api.wsgi [-] 10.0.0.92 "GET / HTTP/1.1" status: 200 len: 247 time: 0.0024774
2026-04-12 21:44:19.332 10 INFO neutron.api.wsgi [-] 10.0.0.92 "GET / HTTP/1.1" status: 200 len: 247 time: 0.0052037
2026-04-12 21:44:34.330 9 INFO neutron.api.wsgi [-] 10.0.0.92 "GET / HTTP/1.1" status: 200 len: 247 time: 0.0024393
2026-04-12 21:44:34.330 10 INFO neutron.api.wsgi [-] 10.0.0.92 "GET / HTTP/1.1" status: 200 len: 247 time: 0.0024409
2026-04-12 21:44:49.330 10 INFO neutron.api.wsgi [-] 10.0.0.92 "GET / HTTP/1.1" status: 200 len: 247 time: 0.0023763
2026-04-12 21:44:49.331 9 INFO neutron.api.wsgi [-] 10.0.0.92 "GET / HTTP/1.1" status: 200 len: 247 time: 0.0037980
2026-04-12 21:45:00.933 10 INFO neutron.api.wsgi [None req-7c0e678b-2671-409a-9e34-6fb234ba5ac1 a567ec0a27104407b95cbb39e5809502 8a4ca2cca7574d2289ce86cc5ffab9bc - - default default] 10.0.0.85 "GET /v2.0/subnets HTTP/1.1" status: 200 len: 1484 time: 0.0878432
