Apr 02 13:08:06.052249 np0000162959 devstack@neutron-api.service[102267]: DEBUG ovsdbapp.backend.ovs_idl [None req-a009f09e-7bfd-499d-b767-0d2b5b31d972 None None] Created schema index Datapath_Binding.tunnel_key {{(pid=102267) autocreate_indices /opt/stack/data/venv/lib/python3.12/site-packages/ovsdbapp/backend/ovs_idl/__init__.py:106}}
Apr 02 13:08:06.054841 np0000162959 devstack@neutron-api.service[102267]: INFO ovsdbapp.backend.ovs_idl.vlog [None req-a009f09e-7bfd-499d-b767-0d2b5b31d972 None None] ssl:199.204.45.33:6642: connecting...
Apr 02 13:08:06.060277 np0000162959 devstack@neutron-api.service[102267]: INFO ovsdbapp.backend.ovs_idl.vlog [None req-a009f09e-7bfd-499d-b767-0d2b5b31d972 None None] ssl:199.204.45.33:6642: connected
Apr 02 13:08:06.093253 np0000162959 devstack@neutron-api.service[102267]: DEBUG neutron.common.ovn.hash_ring_manager [None req-a009f09e-7bfd-499d-b767-0d2b5b31d972 None None] Disallow caching, nodes 3<4 {{(pid=102267) _wait_startup_before_caching /opt/stack/neutron/neutron/common/ovn/hash_ring_manager.py:72}}
Apr 02 13:08:06.098470 np0000162959 devstack@neutron-api.service[102267]: DEBUG neutron.common.ovn.hash_ring_manager [None req-a009f09e-7bfd-499d-b767-0d2b5b31d972 None None] Hash Ring loaded. 3 active nodes. 0 offline nodes {{(pid=102267) _load_hash_ring /opt/stack/neutron/neutron/common/ovn/hash_ring_manager.py:102}}
Apr 02 13:08:06.098779 np0000162959 devstack@neutron-api.service[102267]: DEBUG neutron.plugins.ml2.drivers.ovn.mech_driver.ovsdb.ovsdb_monitor [None req-a009f09e-7bfd-499d-b767-0d2b5b31d972 None None] ChassisOVNAgentWriteEvent : Matched Chassis_Private, create, None None {{(pid=102267) matches /opt/stack/neutron/neutron/plugins/ml2/drivers/ovn/mech_driver/ovsdb/ovsdb_monitor.py:64}}
Apr 02 13:08:06.098922 np0000162959 devstack@neutron-api.service[102267]: DEBUG neutron.plugins.ml2.drivers.ovn.mech_driver.ovsdb.ovsdb_monitor [None req-a009f09e-7bfd-499d-b767-0d2b5b31d972 None None] ChassisAgentWriteEvent : Matched Chassis_Private, create, None None {{(pid=102267) matches /opt/stack/neutron/neutron/plugins/ml2/drivers/ovn/mech_driver/ovsdb/ovsdb_monitor.py:64}}
Apr 02 13:08:06.101870 np0000162959 devstack@neutron-api.service[102266]: DEBUG neutron.plugins.ml2.drivers.ovn.mech_driver.ovsdb.maintenance [None req-fefd8f89-6257-4885-9edb-cf9b77b5aed6 None None] Periodic task found: HashRingHealthCheckPeriodics.touch_hash_ring_node {{(pid=102266) add_periodics /opt/stack/neutron/neutron/plugins/ml2/drivers/ovn/mech_driver/ovsdb/maintenance.py:96}}
Apr 02 13:08:06.103095 np0000162959 devstack@neutron-api.service[102267]: DEBUG neutron.common.ovn.hash_ring_manager [None req-a009f09e-7bfd-499d-b767-0d2b5b31d972 None None] Allow caching, nodes 4>=4 {{(pid=102267) _wait_startup_before_caching /opt/stack/neutron/neutron/common/ovn/hash_ring_manager.py:65}}
Apr 02 13:08:06.103274 np0000162959 devstack@neutron-api.service[102266]: INFO neutron.plugins.ml2.drivers.ovn.mech_driver.mech_driver [None req-fefd8f89-6257-4885-9edb-cf9b77b5aed6 None None] Hash Ring probing thread for node 4374f62faf525b72bf04c7fbfd7d2cef has started
Apr 02 13:08:06.104002 np0000162959 devstack@neutron-api.service[102266]: INFO neutron.plugins.ml2.drivers.ovn.mech_driver.ovsdb.impl_idl_ovn [None req-fefd8f89-6257-4885-9edb-cf9b77b5aed6 None None] Getting OvsdbNbOvnIdl for WorkerService with retry
Apr 02 13:08:06.104407 np0000162959 devstack@neutron-api.service[102267]: INFO neutron.plugins.ml2.drivers.ovn.mech_driver.mech_driver [None req-a009f09e-7bfd-499d-b767-0d2b5b31d972 None None] WorkerService process has finished the post initialization
Apr 02 13:08:06.106107 np0000162959 devstack@neutron-api.service[102267]: WSGI app 0 (mountpoint='') ready in 8 seconds on interpreter 0x7f92356a3668 pid: 102267 (default app)
Apr 02 13:08:06.166538 np0000162959 devstack@neutron-api.service[102266]: DEBUG ovsdbapp.backend.ovs_idl [None req-fefd8f89-6257-4885-9edb-cf9b77b5aed6 None None] Created lookup_table index Logical_Switch.name {{(pid=102266) autocreate_indices /opt/stack/data/venv/lib/python3.12/site-packages/ovsdbapp/backend/ovs_idl/__init__.py:87}}
Apr 02 13:08:06.166718 np0000162959 devstack@neutron-api.service[102266]: DEBUG ovsdbapp.backend.ovs_idl [None req-fefd8f89-6257-4885-9edb-cf9b77b5aed6 None None] Created lookup_table index Logical_Router.name {{(pid=102266) autocreate_indices /opt/stack/data/venv/lib/python3.12/site-packages/ovsdbapp/backend/ovs_idl/__init__.py:87}}
Apr 02 13:08:06.166888 np0000162959 devstack@neutron-api.service[102266]: DEBUG ovsdbapp.backend.ovs_idl [None req-fefd8f89-6257-4885-9edb-cf9b77b5aed6 None None] Created lookup_table index Load_Balancer.name {{(pid=102266) autocreate_indices /opt/stack/data/venv/lib/python3.12/site-packages/ovsdbapp/backend/ovs_idl/__init__.py:87}}
Apr 02 13:08:06.167081 np0000162959 devstack@neutron-api.service[102266]: DEBUG ovsdbapp.backend.ovs_idl [None req-fefd8f89-6257-4885-9edb-cf9b77b5aed6 None None] Created schema index Copp.name {{(pid=102266) autocreate_indices /opt/stack/data/venv/lib/python3.12/site-packages/ovsdbapp/backend/ovs_idl/__init__.py:106}}
Apr 02 13:08:06.167251 np0000162959 devstack@neutron-api.service[102266]: DEBUG ovsdbapp.backend.ovs_idl [None req-fefd8f89-6257-4885-9edb-cf9b77b5aed6 None None] Created schema index Meter.name {{(pid=102266) autocreate_indices /opt/stack/data/venv/lib/python3.12/site-packages/ovsdbapp/backend/ovs_idl/__init__.py:106}}
Apr 02 13:08:06.167413 np0000162959 devstack@neutron-api.service[102266]: DEBUG ovsdbapp.backend.ovs_idl [None req-fefd8f89-6257-4885-9edb-cf9b77b5aed6 None None] Created schema index Load_Balancer_Group.name {{(pid=102266) autocreate_indices /opt/stack/data/venv/lib/python3.12/site-packages/ovsdbapp/backend/ovs_idl/__init__.py:106}}
Apr 02 13:08:06.167558 np0000162959 devstack@neutron-api.service[102266]: DEBUG ovsdbapp.backend.ovs_idl [None req-fefd8f89-6257-4885-9edb-cf9b77b5aed6 None None] Created schema index HA_Chassis_Group.name {{(pid=102266) autocreate_indices /opt/stack/data/venv/lib/python3.12/site-packages/ovsdbapp/backend/ovs_idl/__init__.py:106}}
Apr 02 13:08:06.167744 np0000162959 devstack@neutron-api.service[102266]: DEBUG ovsdbapp.backend.ovs_idl [None req-fefd8f89-6257-4885-9edb-cf9b77b5aed6 None None] Created schema index Address_Set.name {{(pid=102266) autocreate_indices /opt/stack/data/venv/lib/python3.12/site-packages/ovsdbapp/backend/ovs_idl/__init__.py:106}}
Apr 02 13:08:06.167919 np0000162959 devstack@neutron-api.service[102266]: DEBUG ovsdbapp.backend.ovs_idl [None req-fefd8f89-6257-4885-9edb-cf9b77b5aed6 None None] Created schema index Connection.target {{(pid=102266) autocreate_indices /opt/stack/data/venv/lib/python3.12/site-packages/ovsdbapp/backend/ovs_idl/__init__.py:106}}
Apr 02 13:08:06.168146 np0000162959 devstack@neutron-api.service[102266]: DEBUG ovsdbapp.backend.ovs_idl [None req-fefd8f89-6257-4885-9edb-cf9b77b5aed6 None None] Created schema index Gateway_Chassis.name {{(pid=102266) autocreate_indices /opt/stack/data/venv/lib/python3.12/site-packages/ovsdbapp/backend/ovs_idl/__init__.py:106}}
Apr 02 13:08:06.168324 np0000162959 devstack@neutron-api.service[102266]: DEBUG ovsdbapp.backend.ovs_idl [None req-fefd8f89-6257-4885-9edb-cf9b77b5aed6 None None] Created schema index Mirror.name {{(pid=102266) autocreate_indices /opt/stack/data/venv/lib/python3.12/site-packages/ovsdbapp/backend/ovs_idl/__init__.py:106}}
Apr 02 13:08:06.168491 np0000162959 devstack@neutron-api.service[102266]: DEBUG ovsdbapp.backend.ovs_idl [None req-fefd8f89-6257-4885-9edb-cf9b77b5aed6 None None] Created schema index Chassis_Template_Var.chassis {{(pid=102266) autocreate_indices /opt/stack/data/venv/lib/python3.12/site-packages/ovsdbapp/backend/ovs_idl/__init__.py:106}}
Apr 02 13:08:06.168639 np0000162959 devstack@neutron-api.service[102266]: DEBUG ovsdbapp.backend.ovs_idl [None req-fefd8f89-6257-4885-9edb-cf9b77b5aed6 None None] Created schema index Logical_Router_Port.name {{(pid=102266) autocreate_indices /opt/stack/data/venv/lib/python3.12/site-packages/ovsdbapp/backend/ovs_idl/__init__.py:106}}
Apr 02 13:08:06.168840 np0000162959 devstack@neutron-api.service[102266]: DEBUG ovsdbapp.backend.ovs_idl [None req-fefd8f89-6257-4885-9edb-cf9b77b5aed6 None None] Created schema index Port_Group.name {{(pid=102266) autocreate_indices /opt/stack/data/venv/lib/python3.12/site-packages/ovsdbapp/backend/ovs_idl/__init__.py:106}}
Apr 02 13:08:06.168977 np0000162959 devstack@neutron-api.service[102266]: DEBUG ovsdbapp.backend.ovs_idl [None req-fefd8f89-6257-4885-9edb-cf9b77b5aed6 None None] Created schema index Logical_Switch_Port.name {{(pid=102266) autocreate_indices /opt/stack/data/venv/lib/python3.12/site-packages/ovsdbapp/backend/ovs_idl/__init__.py:106}}
Apr 02 13:08:06.172728 np0000162959 devstack@neutron-api.service[102266]: INFO ovsdbapp.backend.ovs_idl.vlog [None req-fefd8f89-6257-4885-9edb-cf9b77b5aed6 None None] ssl:199.204.45.33:6641: connecting...
Apr 02 13:08:06.179413 np0000162959 devstack@neutron-api.service[102266]: INFO ovsdbapp.backend.ovs_idl.vlog [None req-fefd8f89-6257-4885-9edb-cf9b77b5aed6 None None] ssl:199.204.45.33:6641: connected
Apr 02 13:08:06.222759 np0000162959 devstack@neutron-api.service[102266]: DEBUG neutron.common.ovn.hash_ring_manager [None req-fefd8f89-6257-4885-9edb-cf9b77b5aed6 None None] Allow caching, nodes 4>=4 {{(pid=102266) _wait_startup_before_caching /opt/stack/neutron/neutron/common/ovn/hash_ring_manager.py:65}}
Apr 02 13:08:06.228813 np0000162959 devstack@neutron-api.service[102266]: DEBUG neutron.common.ovn.hash_ring_manager [None req-fefd8f89-6257-4885-9edb-cf9b77b5aed6 None None] Hash Ring loaded. 4 active nodes. 0 offline nodes {{(pid=102266) _load_hash_ring /opt/stack/neutron/neutron/common/ovn/hash_ring_manager.py:102}}
Apr 02 13:08:06.229132 np0000162959 devstack@neutron-api.service[102266]: DEBUG neutron.plugins.ml2.drivers.ovn.mech_driver.ovsdb.ovsdb_monitor [None req-fefd8f89-6257-4885-9edb-cf9b77b5aed6 None None] Hash Ring: Node 4374f62faf525b72bf04c7fbfd7d2cef (host: np0000162959) handling event "create" for row b1336743-8013-440c-b8d9-757ba5fceb98 (table: ACL) {{(pid=102266) notify /opt/stack/neutron/neutron/plugins/ml2/drivers/ovn/mech_driver/ovsdb/ovsdb_monitor.py:912}}
Apr 02 13:08:06.229390 np0000162959 devstack@neutron-api.service[102266]: DEBUG neutron.plugins.ml2.drivers.ovn.mech_driver.ovsdb.ovsdb_monitor [None req-fefd8f89-6257-4885-9edb-cf9b77b5aed6 None None] Hash Ring: Node 4374f62faf525b72bf04c7fbfd7d2cef (host: np0000162959) handling event "create" for row dad224bc-039c-4683-920e-41078dafcd58 (table: Connection) {{(pid=102266) notify /opt/stack/neutron/neutron/plugins/ml2/drivers/ovn/mech_driver/ovsdb/ovsdb_monitor.py:912}}
Apr 02 13:08:06.229723 np0000162959 devstack@neutron-api.service[102266]: DEBUG neutron.plugins.ml2.drivers.ovn.mech_driver.ovsdb.ovsdb_monitor [None req-fefd8f89-6257-4885-9edb-cf9b77b5aed6 None None] Hash Ring: Node 4374f62faf525b72bf04c7fbfd7d2cef (host: np0000162959) handling event "create" for row 26fa68c8-7090-4bf6-95c3-2efc753c2520 (table: SSL) {{(pid=102266) notify /opt/stack/neutron/neutron/plugins/ml2/drivers/ovn/mech_driver/ovsdb/ovsdb_monitor.py:912}}
Apr 02 13:08:06.231090 np0000162959 devstack@neutron-api.service[102266]: INFO neutron.plugins.ml2.drivers.ovn.mech_driver.ovsdb.impl_idl_ovn [None req-fefd8f89-6257-4885-9edb-cf9b77b5aed6 None None] Getting OvsdbSbOvnIdl for WorkerService with retry
Apr 02 13:08:06.271981 np0000162959 devstack@neutron-api.service[102266]: DEBUG ovsdbapp.backend.ovs_idl [None req-fefd8f89-6257-4885-9edb-cf9b77b5aed6 None None] Created lookup_table index Chassis.name {{(pid=102266) autocreate_indices /opt/stack/data/venv/lib/python3.12/site-packages/ovsdbapp/backend/ovs_idl/__init__.py:87}}
Apr 02 13:08:06.272150 np0000162959 devstack@neutron-api.service[102266]: DEBUG ovsdbapp.backend.ovs_idl [None req-fefd8f89-6257-4885-9edb-cf9b77b5aed6 None None] Created lookup_table index Port_Binding.logical_port {{(pid=102266) autocreate_indices /opt/stack/data/venv/lib/python3.12/site-packages/ovsdbapp/backend/ovs_idl/__init__.py:87}}
Apr 02 13:08:06.272326 np0000162959 devstack@neutron-api.service[102266]: DEBUG ovsdbapp.backend.ovs_idl [None req-fefd8f89-6257-4885-9edb-cf9b77b5aed6 None None] Created schema index Chassis_Private.name {{(pid=102266) autocreate_indices /opt/stack/data/venv/lib/python3.12/site-packages/ovsdbapp/backend/ovs_idl/__init__.py:106}}
Apr 02 13:08:06.272481 np0000162959 devstack@neutron-api.service[102266]: DEBUG ovsdbapp.backend.ovs_idl [None req-fefd8f89-6257-4885-9edb-cf9b77b5aed6 None None] Created schema index Datapath_Binding.tunnel_key {{(pid=102266) autocreate_indices /opt/stack/data/venv/lib/python3.12/site-packages/ovsdbapp/backend/ovs_idl/__init__.py:106}}
Apr 02 13:08:06.275811 np0000162959 devstack@neutron-api.service[102266]: INFO ovsdbapp.backend.ovs_idl.vlog [None req-fefd8f89-6257-4885-9edb-cf9b77b5aed6 None None] ssl:199.204.45.33:6642: connecting...
Apr 02 13:08:06.282473 np0000162959 devstack@neutron-api.service[102266]: INFO ovsdbapp.backend.ovs_idl.vlog [None req-fefd8f89-6257-4885-9edb-cf9b77b5aed6 None None] ssl:199.204.45.33:6642: connected
Apr 02 13:08:06.317300 np0000162959 devstack@neutron-api.service[102266]: DEBUG neutron.common.ovn.hash_ring_manager [None req-fefd8f89-6257-4885-9edb-cf9b77b5aed6 None None] Allow caching, nodes 4>=4 {{(pid=102266) _wait_startup_before_caching /opt/stack/neutron/neutron/common/ovn/hash_ring_manager.py:65}}
Apr 02 13:08:06.321035 np0000162959 devstack@neutron-api.service[102266]: DEBUG neutron.common.ovn.hash_ring_manager [None req-fefd8f89-6257-4885-9edb-cf9b77b5aed6 None None] Hash Ring loaded. 4 active nodes. 0 offline nodes {{(pid=102266) _load_hash_ring /opt/stack/neutron/neutron/common/ovn/hash_ring_manager.py:102}}
Apr 02 13:08:06.321177 np0000162959 devstack@neutron-api.service[102266]: DEBUG neutron.plugins.ml2.drivers.ovn.mech_driver.ovsdb.ovsdb_monitor [None req-fefd8f89-6257-4885-9edb-cf9b77b5aed6 None None] Hash Ring: Node 4374f62faf525b72bf04c7fbfd7d2cef (host: np0000162959) handling event "create" for row 24fc0788-7094-4d21-9e33-2a62c0b571b7 (table: Chassis) {{(pid=102266) notify /opt/stack/neutron/neutron/plugins/ml2/drivers/ovn/mech_driver/ovsdb/ovsdb_monitor.py:912}}
Apr 02 13:08:06.321968 np0000162959 devstack@neutron-api.service[102266]: DEBUG ovsdbapp.backend.ovs_idl.event [None req-fefd8f89-6257-4885-9edb-cf9b77b5aed6 None None] Matched CREATE: ChassisBandwidthConfigEvent(events=('create', 'update'), table='Chassis', conditions=None, old_conditions=None), priority=20 to row=Chassis(uuid=24fc0788-7094-4d21-9e33-2a62c0b571b7, encaps=[a6d69b45-ce45-4a07-91a3-c777051931ee], external_ids={}, hostname='np0000162959', name='5825b61d-0da5-45df-9f1c-9a1af9be9e18', nb_cfg=0, other_config={'ct-commit-nat-v2': 'true', 'ct-commit-to-zone': 'true', 'ct-next-zone': 'true', 'ct-no-masked-label': 'true', 'ct-state-save': 'true', 'datapath-type': 'system', 'fdb-timestamp': 'true', 'iface-types': 'afxdp,afxdp-nonpmd,bareudp,erspan,geneve,gre,gtpu,internal,ip6erspan,ip6gre,lisp,patch,srv6,stt,system,tap,vxlan', 'is-interconn': 'false', 'ls-dpg-column': 'true', 'mac-binding-timestamp': 'true', 'ovn-bridge-mappings': 'public:br-ex', 'ovn-chassis-mac-mappings': '', 'ovn-cms-options': 'enable-chassis-as-gw', 'ovn-ct-lb-related': 'true', 'ovn-enable-lflow-cache': 'true', 'ovn-limit-lflow-cache': '', 'ovn-memlimit-lflow-cache-kb': '', 'ovn-monitor-all': 'false', 'ovn-trim-limit-lflow-cache': '', 'ovn-trim-timeout-ms': '', 'ovn-trim-wmark-perc-lflow-cache': '', 'port-up-notif': 'true'}, transport_zones=[], vtep_logical_switches=[]) old= {{(pid=102266) matches /opt/stack/data/venv/lib/python3.12/site-packages/ovsdbapp/backend/ovs_idl/event.py:55}}
Apr 02 13:08:06.322446 np0000162959 devstack@neutron-api.service[102266]: DEBUG neutron.plugins.ml2.drivers.ovn.mech_driver.ovsdb.ovsdb_monitor [None req-fefd8f89-6257-4885-9edb-cf9b77b5aed6 None None] ChassisAgentWriteEvent : Matched Chassis_Private, create, None None {{(pid=102266) matches /opt/stack/neutron/neutron/plugins/ml2/drivers/ovn/mech_driver/ovsdb/ovsdb_monitor.py:64}}
Apr 02 13:08:06.322590 np0000162959 devstack@neutron-api.service[102266]: DEBUG neutron.plugins.ml2.drivers.ovn.mech_driver.ovsdb.ovsdb_monitor [None req-fefd8f89-6257-4885-9edb-cf9b77b5aed6 None None] ChassisOVNAgentWriteEvent : Matched Chassis_Private, create, None None {{(pid=102266) matches /opt/stack/neutron/neutron/plugins/ml2/drivers/ovn/mech_driver/ovsdb/ovsdb_monitor.py:64}}
Apr 02 13:08:06.322880 np0000162959 devstack@neutron-api.service[102266]: DEBUG neutron.plugins.ml2.drivers.ovn.mech_driver.ovsdb.ovsdb_monitor [None req-fefd8f89-6257-4885-9edb-cf9b77b5aed6 None None] Hash Ring: Node 4374f62faf525b72bf04c7fbfd7d2cef (host: np0000162959) handling event "create" for row e8eb07b0-b19b-4416-b4cd-bfa41222549b (table: Chassis_Private) {{(pid=102266) notify /opt/stack/neutron/neutron/plugins/ml2/drivers/ovn/mech_driver/ovsdb/ovsdb_monitor.py:912}}
Apr 02 13:08:06.323042 np0000162959 devstack@neutron-api.service[102266]: DEBUG neutron.plugins.ml2.drivers.ovn.mech_driver.ovsdb.ovsdb_monitor [None req-fefd8f89-6257-4885-9edb-cf9b77b5aed6 None None] Hash Ring: Node 4374f62faf525b72bf04c7fbfd7d2cef (host: np0000162959) handling event "create" for row a6d69b45-ce45-4a07-91a3-c777051931ee (table: Encap) {{(pid=102266) notify /opt/stack/neutron/neutron/plugins/ml2/drivers/ovn/mech_driver/ovsdb/ovsdb_monitor.py:912}}
Apr 02 13:08:06.324368 np0000162959 devstack@neutron-api.service[102266]: INFO neutron.plugins.ml2.drivers.ovn.mech_driver.mech_driver [None req-fefd8f89-6257-4885-9edb-cf9b77b5aed6 None None] WorkerService process has finished the post initialization
Apr 02 13:08:06.325237 np0000162959 devstack@neutron-api.service[102266]: INFO neutron.plugins.ml2.drivers.ovn.mech_driver.ovsdb.extensions.qos [-] Starting OVNClientQosExtension
Apr 02 13:08:06.325768 np0000162959 devstack@neutron-api.service[102266]: INFO neutron.plugins.ml2.drivers.ovn.mech_driver.ovsdb.extensions.placement [-] Starting OVNClientPlacementExtension
Apr 02 13:08:06.328349 np0000162959 devstack@neutron-api.service[102266]: WSGI app 0 (mountpoint='') ready in 8 seconds on interpreter 0x7f92356a3668 pid: 102266 (default app)
Apr 02 13:08:07.380136 np0000162959 devstack@neutron-api.service[102266]: DEBUG neutron.plugins.ml2.drivers.ovn.mech_driver.ovsdb.ovsdb_monitor [-] Hash Ring: Node 4374f62faf525b72bf04c7fbfd7d2cef (host: np0000162959) handling event "update" for row dad224bc-039c-4683-920e-41078dafcd58 (table: Connection) {{(pid=102266) notify /opt/stack/neutron/neutron/plugins/ml2/drivers/ovn/mech_driver/ovsdb/ovsdb_monitor.py:912}}
Apr 02 13:08:07.386143 np0000162959 devstack@neutron-api.service[102267]: DEBUG neutron.common.ovn.hash_ring_manager [-] Allow caching, nodes 4>=4 {{(pid=102267) _wait_startup_before_caching /opt/stack/neutron/neutron/common/ovn/hash_ring_manager.py:65}}
Apr 02 13:08:07.386508 np0000162959 devstack@neutron-api.service[102268]: DEBUG neutron.common.ovn.hash_ring_manager [-] Allow caching, nodes 4>=4 {{(pid=102268) _wait_startup_before_caching /opt/stack/neutron/neutron/common/ovn/hash_ring_manager.py:65}}
Apr 02 13:08:07.386783 np0000162959 devstack@neutron-api.service[102268]: DEBUG neutron.plugins.ml2.drivers.ovn.mech_driver.ovsdb.ovsdb_monitor [-] Hash Ring: Node 209bd2b4d18a503999389db897f5ec98 (host: np0000162959) handling event "update" for row dad224bc-039c-4683-920e-41078dafcd58 (table: Connection) {{(pid=102268) notify /opt/stack/neutron/neutron/plugins/ml2/drivers/ovn/mech_driver/ovsdb/ovsdb_monitor.py:912}}
Apr 02 13:08:07.387041 np0000162959 devstack@neutron-api.service[102265]: DEBUG neutron.common.ovn.hash_ring_manager [-] Allow caching, nodes 4>=4 {{(pid=102265) _wait_startup_before_caching /opt/stack/neutron/neutron/common/ovn/hash_ring_manager.py:65}}
Apr 02 13:08:09.882798 np0000162959 devstack@neutron-api.service[102268]: DEBUG neutron.plugins.ml2.drivers.ovn.mech_driver.ovsdb.ovsdb_monitor [-] Hash Ring: Node 209bd2b4d18a503999389db897f5ec98 (host: np0000162959) handling event "update" for row dad224bc-039c-4683-920e-41078dafcd58 (table: Connection) {{(pid=102268) notify /opt/stack/neutron/neutron/plugins/ml2/drivers/ovn/mech_driver/ovsdb/ovsdb_monitor.py:912}}
Apr 02 13:08:09.884577 np0000162959 devstack@neutron-api.service[102266]: DEBUG neutron.plugins.ml2.drivers.ovn.mech_driver.ovsdb.ovsdb_monitor [-] Hash Ring: Node 4374f62faf525b72bf04c7fbfd7d2cef (host: np0000162959) handling event "update" for row dad224bc-039c-4683-920e-41078dafcd58 (table: Connection) {{(pid=102266) notify /opt/stack/neutron/neutron/plugins/ml2/drivers/ovn/mech_driver/ovsdb/ovsdb_monitor.py:912}}
Apr 02 13:08:11.768205 np0000162959 devstack@neutron-api.service[102268]: DEBUG neutron.api.wsgi [None req-a17693f0-6deb-47c3-945a-32d8bdaa29be admin admin] Missing Content-Type {{(pid=102268) get_content_type /opt/stack/neutron/neutron/api/wsgi.py:85}}
Apr 02 13:08:11.769011 np0000162959 devstack@neutron-api.service[102268]: DEBUG neutron.api.wsgi [None req-a17693f0-6deb-47c3-945a-32d8bdaa29be admin admin] https://199.204.45.33/networking/v2.0/extensions returned with HTTP 200 {{(pid=102268) __call__ /opt/stack/neutron/neutron/api/wsgi.py:545}}
Apr 02 13:08:11.769011 np0000162959 devstack@neutron-api.service[102268]: [pid: 102268|app: 0|req: 2/2] 199.204.45.33 () {64 vars in 1316 bytes} [Thu Apr 2 13:08:11 2026] GET /networking/v2.0/extensions => generated 15208 bytes in 258 msecs (HTTP/1.1 200) 4 headers in 159 bytes (1 switches on core 0)
Apr 02 13:08:12.231486 np0000162959 devstack@neutron-api.service[102265]: DEBUG neutron.api.v2.base [None req-a22671c2-b339-49c1-99fe-b81093ff1be4 admin admin] Request body: {'subnetpool': {'prefixes': ['10.1.0.0/20'], 'name': 'shared-default-subnetpool-v4', 'is_default': True, 'shared': True, 'default_prefixlen': 26}} {{(pid=102265) prepare_request_body /opt/stack/neutron/neutron/api/v2/base.py:729}}
Apr 02 13:08:12.435176 np0000162959 devstack@neutron-api.service[102265]: DEBUG neutron.policy [None req-a22671c2-b339-49c1-99fe-b81093ff1be4 admin admin] Loaded default policies from ['neutron'] under neutron.policies entry points {{(pid=102265) register_rules /opt/stack/neutron/neutron/policy.py:65}}
Apr 02 13:08:12.583488 np0000162959 devstack@neutron-api.service[102265]: DEBUG neutron_lib.callbacks.manager [None req-a22671c2-b339-49c1-99fe-b81093ff1be4 admin admin] Publish callbacks ['neutron.objects.securitygroup.RbacNeutronDbObjectMixin.validate_rbac_policy_change-2020651461893', 'neutron.objects.address_group.RbacNeutronDbObjectMixin.validate_rbac_policy_change-2020651483875', 'neutron.objects.network.RbacNeutronDbObjectMixin.validate_rbac_policy_change-2020651095088', 'neutron.objects.qos.policy.RbacNeutronDbObjectMixin.validate_rbac_policy_change-2020651096375', 'neutron.objects.subnetpool.RbacNeutronDbObjectMixin.validate_rbac_policy_change-2020651122892', 'neutron.objects.address_scope.RbacNeutronDbObjectMixin.validate_rbac_policy_change-2020651126273', 'neutron.plugins.ml2.plugin.External_net_db_mixin._process_ext_policy_create-32252034', 'neutron.plugins.ml2.plugin.NeutronDbPluginV2.validate_network_rbac_policy_change-32265562'] for rbac-policy (None), before_create {{(pid=102265) _notify_loop /opt/stack/data/venv/lib/python3.12/site-packages/neutron_lib/callbacks/manager.py:184}}
Apr 02 13:08:12.636273 np0000162959 devstack@neutron-api.service[102265]: DEBUG neutron_lib.callbacks.manager [None req-a22671c2-b339-49c1-99fe-b81093ff1be4 admin admin] Publish callbacks [] for subnetpool (None), before_response {{(pid=102265) _notify_loop /opt/stack/data/venv/lib/python3.12/site-packages/neutron_lib/callbacks/manager.py:184}}
Apr 02 13:08:12.636886 np0000162959 devstack@neutron-api.service[102265]: [pid: 102265|app: 0|req: 1/3] 199.204.45.33 () {68 vars in 1360 bytes} [Thu Apr 2 13:08:12 2026] POST /networking/v2.0/subnetpools => generated 533 bytes in 542 msecs (HTTP/1.1 201) 4 headers in 162 bytes (1 switches on core 0)
Apr 02 13:08:12.951565 np0000162959 devstack@neutron-api.service[102267]: DEBUG neutron.api.v2.base [None req-49ce4697-c02f-4799-a471-00a12e3e8c7c admin admin] Request body: {'subnetpool': {'prefixes': ['fd98:9f81:5e6e::/56'], 'name': 'shared-default-subnetpool-v6', 'is_default': True, 'shared': True, 'default_prefixlen': 64}} {{(pid=102267) prepare_request_body /opt/stack/neutron/neutron/api/v2/base.py:729}}
Apr 02 13:08:13.127103 np0000162959 devstack@neutron-api.service[102267]: DEBUG neutron.policy [None req-49ce4697-c02f-4799-a471-00a12e3e8c7c admin admin] Loaded default policies from ['neutron'] under neutron.policies entry points {{(pid=102267) register_rules /opt/stack/neutron/neutron/policy.py:65}}
Apr 02 13:08:13.271370 np0000162959 devstack@neutron-api.service[102267]: DEBUG neutron_lib.callbacks.manager [None req-49ce4697-c02f-4799-a471-00a12e3e8c7c admin admin] Publish callbacks ['neutron.objects.securitygroup.RbacNeutronDbObjectMixin.validate_rbac_policy_change-2020651054943', 'neutron.objects.address_group.RbacNeutronDbObjectMixin.validate_rbac_policy_change-2020651061929', 'neutron.objects.network.RbacNeutronDbObjectMixin.validate_rbac_policy_change-2020651080306', 'neutron.objects.qos.policy.RbacNeutronDbObjectMixin.validate_rbac_policy_change-2020651100629', 'neutron.objects.subnetpool.RbacNeutronDbObjectMixin.validate_rbac_policy_change-2020651106588', 'neutron.objects.address_scope.RbacNeutronDbObjectMixin.validate_rbac_policy_change-2020651106377', 'neutron.plugins.ml2.plugin.External_net_db_mixin._process_ext_policy_create-195112', 'neutron.plugins.ml2.plugin.NeutronDbPluginV2.validate_network_rbac_policy_change-190084'] for rbac-policy (None), before_create {{(pid=102267) _notify_loop /opt/stack/data/venv/lib/python3.12/site-packages/neutron_lib/callbacks/manager.py:184}}
Apr 02 13:08:13.317689 np0000162959 devstack@neutron-api.service[102267]: DEBUG neutron_lib.callbacks.manager [None req-49ce4697-c02f-4799-a471-00a12e3e8c7c admin admin] Publish callbacks [] for subnetpool (None), before_response {{(pid=102267) _notify_loop /opt/stack/data/venv/lib/python3.12/site-packages/neutron_lib/callbacks/manager.py:184}}
Apr 02 13:08:13.318196 np0000162959 devstack@neutron-api.service[102267]: [pid: 102267|app: 0|req: 1/4] 199.204.45.33 () {68 vars in 1360 bytes} [Thu Apr 2 13:08:12 2026] POST /networking/v2.0/subnetpools => generated 543 bytes in 469 msecs (HTTP/1.1 201) 4 headers in 162 bytes (1 switches on core 0)
Apr 02 13:08:13.729855 np0000162959 devstack@neutron-api.service[102266]: DEBUG neutron.api.v2.base [None req-076ea3ac-b6db-4ee8-9eea-abfabe071cd8 admin admin] Request body: {'network': {'admin_state_up': True, 'name': 'private'}} {{(pid=102266) prepare_request_body /opt/stack/neutron/neutron/api/v2/base.py:729}}
Apr 02 13:08:13.753529 np0000162959 devstack@neutron-api.service[102266]: DEBUG neutron.pecan_wsgi.hooks.quota_enforcement [None req-076ea3ac-b6db-4ee8-9eea-abfabe071cd8 admin admin] Made reservation on behalf of 3bc097e7829e43a5a1119545eca763e8 for: {'network': 1} {{(pid=102266) before /opt/stack/neutron/neutron/pecan_wsgi/hooks/quota_enforcement.py:66}}
Apr 02 13:08:13.929841 np0000162959 devstack@neutron-api.service[102266]: DEBUG neutron.policy [None req-076ea3ac-b6db-4ee8-9eea-abfabe071cd8 admin admin] Loaded default policies from ['neutron'] under neutron.policies entry points {{(pid=102266) register_rules /opt/stack/neutron/neutron/policy.py:65}}
Apr 02 13:08:14.033445 np0000162959 devstack@neutron-api.service[102266]: DEBUG neutron_lib.callbacks.manager [None req-076ea3ac-b6db-4ee8-9eea-abfabe071cd8 admin admin] Publish callbacks ['neutron.plugins.ml2.plugin.SecurityGroupDbMixin._ensure_default_security_group_handler-187617'] for network (None), before_create {{(pid=102266) _notify_loop /opt/stack/data/venv/lib/python3.12/site-packages/neutron_lib/callbacks/manager.py:184}}
Apr 02 13:08:14.056311 np0000162959 devstack@neutron-api.service[102266]: DEBUG neutron_lib.callbacks.manager [None req-076ea3ac-b6db-4ee8-9eea-abfabe071cd8 admin admin] Publish callbacks [] for security_group (None), before_create {{(pid=102266) _notify_loop /opt/stack/data/venv/lib/python3.12/site-packages/neutron_lib/callbacks/manager.py:184}}
Apr 02 13:08:14.159683 np0000162959 devstack@neutron-api.service[102266]: DEBUG neutron_lib.callbacks.manager [None req-076ea3ac-b6db-4ee8-9eea-abfabe071cd8 admin admin] Publish callbacks ['neutron.plugins.ml2.drivers.ovn.mech_driver.mech_driver.OVNMechanismDriver._create_security_group_precommit-813695'] for security_group (5af1d069-d62f-466a-95ec-167ec39f88c4), precommit_create {{(pid=102266) _notify_loop /opt/stack/data/venv/lib/python3.12/site-packages/neutron_lib/callbacks/manager.py:184}}
Apr 02 13:08:14.159826 np0000162959 devstack@neutron-api.service[102266]: DEBUG neutron.db.ovn_revision_numbers_db [None req-076ea3ac-b6db-4ee8-9eea-abfabe071cd8 admin admin] create_initial_revision uuid=5af1d069-d62f-466a-95ec-167ec39f88c4, type=security_groups, rev=-1 {{(pid=102266) create_initial_revision /opt/stack/neutron/neutron/db/ovn_revision_numbers_db.py:98}}
Apr 02 13:08:14.162090 np0000162959 devstack@neutron-api.service[102266]: DEBUG neutron.db.ovn_revision_numbers_db [None req-076ea3ac-b6db-4ee8-9eea-abfabe071cd8 admin admin] create_initial_revision uuid=37898e11-043f-4abf-9c79-391a1fd2268b, type=security_group_rules, rev=-1 {{(pid=102266) create_initial_revision /opt/stack/neutron/neutron/db/ovn_revision_numbers_db.py:98}}
Apr 02 13:08:14.163032 np0000162959 devstack@neutron-api.service[102266]: DEBUG neutron.db.ovn_revision_numbers_db [None req-076ea3ac-b6db-4ee8-9eea-abfabe071cd8 admin admin] create_initial_revision uuid=b2fa7db4-7dbf-4ee6-a39d-d43d8564156a, type=security_group_rules, rev=-1 {{(pid=102266) create_initial_revision /opt/stack/neutron/neutron/db/ovn_revision_numbers_db.py:98}}
Apr 02 13:08:14.163948 np0000162959 devstack@neutron-api.service[102266]: DEBUG neutron.db.ovn_revision_numbers_db [None req-076ea3ac-b6db-4ee8-9eea-abfabe071cd8 admin admin] create_initial_revision uuid=d8cb144d-fdfb-45e9-838a-383e7fdbbccc, type=security_group_rules, rev=-1 {{(pid=102266) create_initial_revision /opt/stack/neutron/neutron/db/ovn_revision_numbers_db.py:98}}
Apr 02 13:08:14.164830 np0000162959 devstack@neutron-api.service[102266]: DEBUG neutron.db.ovn_revision_numbers_db [None req-076ea3ac-b6db-4ee8-9eea-abfabe071cd8 admin admin] create_initial_revision uuid=faf8678f-92e9-436b-b52c-f903a0e8bd85, type=security_group_rules, rev=-1 {{(pid=102266) create_initial_revision /opt/stack/neutron/neutron/db/ovn_revision_numbers_db.py:98}}
Apr 02 13:08:14.174101 np0000162959 devstack@neutron-api.service[102266]: DEBUG neutron_lib.callbacks.manager [None req-076ea3ac-b6db-4ee8-9eea-abfabe071cd8 admin admin] Publish callbacks ['neutron.plugins.ml2.drivers.ovn.mech_driver.mech_driver.OVNMechanismDriver._create_security_group-813685', 'neutron.plugins.ml2.ovo_rpc._ObjectChangeHandler.handle_event-3515416'] for security_group (5af1d069-d62f-466a-95ec-167ec39f88c4), after_create {{(pid=102266) _notify_loop /opt/stack/data/venv/lib/python3.12/site-packages/neutron_lib/callbacks/manager.py:184}}
Apr 02 13:08:14.175192 np0000162959 devstack@neutron-api.service[102266]: DEBUG ovsdbapp.backend.ovs_idl.transaction [-] Running txn n=1 command(idx=0): PgAddCommand(_result=None, name=pg_5af1d069_d62f_466a_95ec_167ec39f88c4, may_exist=False, columns={'acls': [], 'external_ids': {'neutron:security_group_id': '5af1d069-d62f-466a-95ec-167ec39f88c4'}}) {{(pid=102266) do_commit /opt/stack/data/venv/lib/python3.12/site-packages/ovsdbapp/backend/ovs_idl/transaction.py:89}}
Apr 02 13:08:14.177350 np0000162959 devstack@neutron-api.service[102266]: DEBUG ovsdbapp.backend.ovs_idl.transaction [-] Running txn n=1 command(idx=1): PgAclAddCommand(_result=None, entity=pg_5af1d069_d62f_466a_95ec_167ec39f88c4, direction=to-lport, priority=1002, match=outport == @pg_5af1d069_d62f_466a_95ec_167ec39f88c4 && ip4 && ip4.src == $pg_5af1d069_d62f_466a_95ec_167ec39f88c4_ip4, action=allow-related, log=False, may_exist=True, severity=[], name=[], meter=[], external_ids={'neutron:security_group_rule_id': '37898e11-043f-4abf-9c79-391a1fd2268b'}) {{(pid=102266) do_commit /opt/stack/data/venv/lib/python3.12/site-packages/ovsdbapp/backend/ovs_idl/transaction.py:89}}
Apr 02 13:08:14.177979 np0000162959 devstack@neutron-api.service[102266]: DEBUG ovsdbapp.backend.ovs_idl.transaction [-] Running txn n=1 command(idx=2): PgAclAddCommand(_result=None, entity=pg_5af1d069_d62f_466a_95ec_167ec39f88c4, direction=to-lport, priority=1002, match=outport == @pg_5af1d069_d62f_466a_95ec_167ec39f88c4 && ip6 && ip6.src == $pg_5af1d069_d62f_466a_95ec_167ec39f88c4_ip6, action=allow-related, log=False, may_exist=True, severity=[], name=[], meter=[], external_ids={'neutron:security_group_rule_id': 'b2fa7db4-7dbf-4ee6-a39d-d43d8564156a'}) {{(pid=102266) do_commit /opt/stack/data/venv/lib/python3.12/site-packages/ovsdbapp/backend/ovs_idl/transaction.py:89}}
Apr 02 13:08:14.178464 np0000162959 devstack@neutron-api.service[102266]: DEBUG ovsdbapp.backend.ovs_idl.transaction [-] Running txn n=1 command(idx=3): PgAclAddCommand(_result=None, entity=pg_5af1d069_d62f_466a_95ec_167ec39f88c4, direction=from-lport, priority=1002, match=inport == @pg_5af1d069_d62f_466a_95ec_167ec39f88c4 && ip6, action=allow-related, log=False, may_exist=True, severity=[], name=[], meter=[], external_ids={'neutron:security_group_rule_id': 'd8cb144d-fdfb-45e9-838a-383e7fdbbccc'}) {{(pid=102266) do_commit /opt/stack/data/venv/lib/python3.12/site-packages/ovsdbapp/backend/ovs_idl/transaction.py:89}}
Apr 02 13:08:14.178946 np0000162959 devstack@neutron-api.service[102266]: DEBUG ovsdbapp.backend.ovs_idl.transaction [-] Running txn n=1 command(idx=4): PgAclAddCommand(_result=None, entity=pg_5af1d069_d62f_466a_95ec_167ec39f88c4, direction=from-lport, priority=1002, match=inport == @pg_5af1d069_d62f_466a_95ec_167ec39f88c4 && ip4, action=allow-related, log=False, may_exist=True, severity=[], name=[], meter=[], external_ids={'neutron:security_group_rule_id': 'faf8678f-92e9-436b-b52c-f903a0e8bd85'}) {{(pid=102266) do_commit /opt/stack/data/venv/lib/python3.12/site-packages/ovsdbapp/backend/ovs_idl/transaction.py:89}}
Apr 02 13:08:14.187905 np0000162959 devstack@neutron-api.service[102268]: DEBUG neutron.plugins.ml2.drivers.ovn.mech_driver.ovsdb.ovsdb_monitor [-] Hash Ring: Node 209bd2b4d18a503999389db897f5ec98 (host: np0000162959) handling event "create" for row 0d6e6912-9f4b-4de3-876a-ff55c07a81a7 (table: ACL) {{(pid=102268) notify /opt/stack/neutron/neutron/plugins/ml2/drivers/ovn/mech_driver/ovsdb/ovsdb_monitor.py:912}}
Apr 02 13:08:14.188315 np0000162959 devstack@neutron-api.service[102266]: DEBUG neutron.plugins.ml2.drivers.ovn.mech_driver.ovsdb.ovsdb_monitor [-] Hash Ring: Node 4374f62faf525b72bf04c7fbfd7d2cef (host: np0000162959) handling event "create" for row f18f1631-2a16-46d9-a3cc-ce7226acf4c9 (table: ACL) {{(pid=102266) notify /opt/stack/neutron/neutron/plugins/ml2/drivers/ovn/mech_driver/ovsdb/ovsdb_monitor.py:912}}
Apr 02 13:08:14.188378 np0000162959 devstack@neutron-api.service[102268]: DEBUG neutron.plugins.ml2.drivers.ovn.mech_driver.ovsdb.ovsdb_monitor [-] Hash Ring: Node 209bd2b4d18a503999389db897f5ec98 (host: np0000162959) handling event "create" for row 13aad295-2845-4ace-ad55-be1c52bbe236 (table: ACL) {{(pid=102268) notify /opt/stack/neutron/neutron/plugins/ml2/drivers/ovn/mech_driver/ovsdb/ovsdb_monitor.py:912}}
Apr 02 13:08:14.188378 np0000162959 devstack@neutron-api.service[102268]: DEBUG neutron.plugins.ml2.drivers.ovn.mech_driver.ovsdb.ovsdb_monitor [-] Hash Ring: Node 209bd2b4d18a503999389db897f5ec98 (host: np0000162959) handling event "create" for row b300a58f-f3eb-4ae0-b0be-eb88d50161ad (table: ACL) {{(pid=102268) notify /opt/stack/neutron/neutron/plugins/ml2/drivers/ovn/mech_driver/ovsdb/ovsdb_monitor.py:912}}
Apr 02 13:08:14.188462 np0000162959 devstack@neutron-api.service[102266]: DEBUG neutron.plugins.ml2.drivers.ovn.mech_driver.ovsdb.ovsdb_monitor [-] Hash Ring: Node 4374f62faf525b72bf04c7fbfd7d2cef (host: np0000162959) handling event "create" for row 711b7d0d-2a6a-40cf-a207-c82c53f91ad8 (table: Port_Group) {{(pid=102266) notify /opt/stack/neutron/neutron/plugins/ml2/drivers/ovn/mech_driver/ovsdb/ovsdb_monitor.py:912}}
Apr 02 13:08:14.188556 np0000162959 devstack@neutron-api.service[102268]: DEBUG neutron.plugins.ml2.drivers.ovn.mech_driver.ovsdb.ovsdb_monitor [-] Hash Ring: Node 209bd2b4d18a503999389db897f5ec98 (host: np0000162959) handling event "create" for row f18f1631-2a16-46d9-a3cc-ce7226acf4c9 (table: ACL) {{(pid=102268) notify /opt/stack/neutron/neutron/plugins/ml2/drivers/ovn/mech_driver/ovsdb/ovsdb_monitor.py:912}}
Apr 02 13:08:14.188771 np0000162959 devstack@neutron-api.service[102268]: DEBUG neutron.plugins.ml2.drivers.ovn.mech_driver.ovsdb.ovsdb_monitor [-] Hash Ring: Node 209bd2b4d18a503999389db897f5ec98 (host: np0000162959) handling event "create" for row 711b7d0d-2a6a-40cf-a207-c82c53f91ad8 (table: Port_Group) {{(pid=102268) notify /opt/stack/neutron/neutron/plugins/ml2/drivers/ovn/mech_driver/ovsdb/ovsdb_monitor.py:912}}
Apr 02 13:08:14.189461 np0000162959 devstack@neutron-api.service[102267]: DEBUG neutron.plugins.ml2.drivers.ovn.mech_driver.ovsdb.ovsdb_monitor [-] Hash Ring: Node 945ced510901565eb367401b2149e172 (host: np0000162959) handling event "create" for row 13aad295-2845-4ace-ad55-be1c52bbe236 (table: ACL) {{(pid=102267) notify /opt/stack/neutron/neutron/plugins/ml2/drivers/ovn/mech_driver/ovsdb/ovsdb_monitor.py:912}}
Apr 02 13:08:14.189926 np0000162959 devstack@neutron-api.service[102267]: DEBUG neutron.plugins.ml2.drivers.ovn.mech_driver.ovsdb.ovsdb_monitor [-] Hash Ring: Node 945ced510901565eb367401b2149e172 (host: np0000162959) handling event "create" for row b300a58f-f3eb-4ae0-b0be-eb88d50161ad (table: ACL) {{(pid=102267) notify /opt/stack/neutron/neutron/plugins/ml2/drivers/ovn/mech_driver/ovsdb/ovsdb_monitor.py:912}}
Apr 02 13:08:14.190292 np0000162959 devstack@neutron-api.service[102267]: DEBUG neutron.plugins.ml2.drivers.ovn.mech_driver.ovsdb.ovsdb_monitor [-] Hash Ring: Node 945ced510901565eb367401b2149e172 (host: np0000162959) handling event "create" for row 711b7d0d-2a6a-40cf-a207-c82c53f91ad8 (table: Port_Group) {{(pid=102267) notify /opt/stack/neutron/neutron/plugins/ml2/drivers/ovn/mech_driver/ovsdb/ovsdb_monitor.py:912}}
Apr 02 13:08:14.216242 np0000162959 devstack@neutron-api.service[102266]: INFO neutron.db.ovn_revision_numbers_db [None req-076ea3ac-b6db-4ee8-9eea-abfabe071cd8 admin admin] Successfully bumped revision number for resource 5af1d069-d62f-466a-95ec-167ec39f88c4 (type: security_groups) to 1
Apr 02 13:08:14.232621 np0000162959 devstack@neutron-api.service[102266]: INFO neutron.db.ovn_revision_numbers_db [None req-076ea3ac-b6db-4ee8-9eea-abfabe071cd8 admin admin] Successfully bumped revision number for resource 37898e11-043f-4abf-9c79-391a1fd2268b (type: security_group_rules) to 0
Apr 02 13:08:14.246109 np0000162959 devstack@neutron-api.service[102266]: INFO neutron.db.ovn_revision_numbers_db [None req-076ea3ac-b6db-4ee8-9eea-abfabe071cd8 admin admin] Successfully bumped revision number for resource b2fa7db4-7dbf-4ee6-a39d-d43d8564156a (type: security_group_rules) to 0
Apr 02 13:08:14.258310 np0000162959 devstack@neutron-api.service[102266]: INFO neutron.db.ovn_revision_numbers_db [None req-076ea3ac-b6db-4ee8-9eea-abfabe071cd8 admin admin] Successfully bumped revision number for resource d8cb144d-fdfb-45e9-838a-383e7fdbbccc (type: security_group_rules) to 0
Apr 02 13:08:14.271234 np0000162959 devstack@neutron-api.service[102266]: INFO neutron.db.ovn_revision_numbers_db [None req-076ea3ac-b6db-4ee8-9eea-abfabe071cd8 admin admin] Successfully bumped revision number for resource faf8678f-92e9-436b-b52c-f903a0e8bd85 (type: security_group_rules) to 0
Apr 02 13:08:14.295734 np0000162959 devstack@neutron-api.service[102266]: DEBUG neutron.api.rpc.handlers.resources_rpc [None req-076ea3ac-b6db-4ee8-9eea-abfabe071cd8 admin admin] Pushing event updated for resources: {'SecurityGroup': ['ID=5af1d069-d62f-466a-95ec-167ec39f88c4,revision_number=1']} {{(pid=102266) push /opt/stack/neutron/neutron/api/rpc/handlers/resources_rpc.py:237}}
Apr 02 13:08:14.304423 np0000162959 devstack@neutron-api.service[102266]: DEBUG ovsdbapp.backend.ovs_idl.transaction [-] Running txn n=1 command(idx=0): CheckLivenessCommand(_result=None) {{(pid=102266) do_commit /opt/stack/data/venv/lib/python3.12/site-packages/ovsdbapp/backend/ovs_idl/transaction.py:89}}
Apr 02 13:08:14.308479 np0000162959 devstack@neutron-api.service[102268]: DEBUG neutron.plugins.ml2.drivers.ovn.mech_driver.ovsdb.ovsdb_monitor [-] Hash Ring: Node 209bd2b4d18a503999389db897f5ec98 (host: np0000162959) handling event "update" for row 4b31c536-e497-4839-8d16-b958c559eea7 (table: NB_Global) {{(pid=102268) notify /opt/stack/neutron/neutron/plugins/ml2/drivers/ovn/mech_driver/ovsdb/ovsdb_monitor.py:912}}
Apr 02 13:08:14.309817 np0000162959 devstack@neutron-api.service[102265]: DEBUG neutron.plugins.ml2.drivers.ovn.mech_driver.ovsdb.ovsdb_monitor [-] Hash Ring: Node 34db7766bd635b208702b6e903b4b8c3 (host: np0000162959) handling event "update" for row 4b31c536-e497-4839-8d16-b958c559eea7 (table: NB_Global) {{(pid=102265) notify /opt/stack/neutron/neutron/plugins/ml2/drivers/ovn/mech_driver/ovsdb/ovsdb_monitor.py:912}}
Apr 02 13:08:14.312093 np0000162959 devstack@neutron-api.service[102266]: DEBUG neutron.api.rpc.callbacks.version_manager [None req-076ea3ac-b6db-4ee8-9eea-abfabe071cd8 admin admin] Tracked resource versions report:
Apr 02 13:08:14.312093 np0000162959 devstack@neutron-api.service[102266]: pushed versions:
Apr 02 13:08:14.312093 np0000162959 devstack@neutron-api.service[102266]: { 'AddressGroup': {'1.2'},
Apr 02 13:08:14.312093 np0000162959 devstack@neutron-api.service[102266]: 'Agent': {'1.1'},
Apr 02 13:08:14.312093 np0000162959 devstack@neutron-api.service[102266]: 'ConntrackHelper': {'1.0'},
Apr 02 13:08:14.312093 np0000162959 devstack@neutron-api.service[102266]: 'LocalIPAssociation': {'1.0'},
Apr 02 13:08:14.312093 np0000162959 devstack@neutron-api.service[102266]: 'Log': {'1.0'},
Apr 02 13:08:14.312093 np0000162959 devstack@neutron-api.service[102266]: 'NDPProxy': {'1.0'},
Apr 02 13:08:14.312093 np0000162959 devstack@neutron-api.service[102266]: 'Network': {'1.2'},
Apr 02 13:08:14.312093 np0000162959 devstack@neutron-api.service[102266]: 'Port': {'1.10'},
Apr 02 13:08:14.312093 np0000162959 devstack@neutron-api.service[102266]: 'PortForwarding': {'1.3'},
Apr 02 13:08:14.312093 np0000162959 devstack@neutron-api.service[102266]: 'QosPolicy': {'1.10'},
Apr 02 13:08:14.312093 np0000162959 devstack@neutron-api.service[102266]: 'SecurityGroup': {'1.6'},
Apr 02 13:08:14.312093 np0000162959 devstack@neutron-api.service[102266]: 'SecurityGroupRule': {'1.3'},
Apr 02 13:08:14.312093 np0000162959 devstack@neutron-api.service[102266]: 'SubPort': {'1.0'},
Apr 02 13:08:14.312093 np0000162959 devstack@neutron-api.service[102266]: 'Subnet': {'1.2'},
Apr 02 13:08:14.312093 np0000162959 devstack@neutron-api.service[102266]: 'Trunk': {'1.1'}}
Apr 02 13:08:14.312093 np0000162959 devstack@neutron-api.service[102266]: consumer versions:
Apr 02 13:08:14.312093 np0000162959 devstack@neutron-api.service[102266]: {}
Apr 02 13:08:14.312093 np0000162959 devstack@neutron-api.service[102266]: {{(pid=102266) report /opt/stack/neutron/neutron/api/rpc/callbacks/version_manager.py:183}}
Apr 02 13:08:14.313570 np0000162959 devstack@neutron-api.service[102265]: DEBUG neutron.plugins.ml2.drivers.ovn.mech_driver.ovsdb.ovsdb_monitor [-] Hash Ring: Node 34db7766bd635b208702b6e903b4b8c3 (host: np0000162959) handling event "update" for row 4b31c536-e497-4839-8d16-b958c559eea7 (table: NB_Global) {{(pid=102265) notify /opt/stack/neutron/neutron/plugins/ml2/drivers/ovn/mech_driver/ovsdb/ovsdb_monitor.py:912}}
Apr 02 13:08:14.314121 np0000162959 devstack@neutron-api.service[102268]: DEBUG neutron.plugins.ml2.drivers.ovn.mech_driver.ovsdb.ovsdb_monitor [-] Hash Ring: Node 209bd2b4d18a503999389db897f5ec98 (host: np0000162959) handling event "update" for row 4b31c536-e497-4839-8d16-b958c559eea7 (table: NB_Global) {{(pid=102268) notify /opt/stack/neutron/neutron/plugins/ml2/drivers/ovn/mech_driver/ovsdb/ovsdb_monitor.py:912}}
Apr 02 13:08:14.314232 np0000162959 devstack@neutron-api.service[102265]: DEBUG neutron.plugins.ml2.drivers.ovn.mech_driver.ovsdb.ovsdb_monitor [-] Hash Ring: Node 34db7766bd635b208702b6e903b4b8c3 (host: np0000162959) handling event "update" for row 4b31c536-e497-4839-8d16-b958c559eea7 (table: NB_Global) {{(pid=102265) notify /opt/stack/neutron/neutron/plugins/ml2/drivers/ovn/mech_driver/ovsdb/ovsdb_monitor.py:912}}
Apr 02 13:08:14.314336 np0000162959 devstack@neutron-api.service[102268]: DEBUG neutron.plugins.ml2.drivers.ovn.mech_driver.ovsdb.ovsdb_monitor [-] ChassisAgentWriteEvent : Matched Chassis_Private, update, None None {{(pid=102268) matches /opt/stack/neutron/neutron/plugins/ml2/drivers/ovn/mech_driver/ovsdb/ovsdb_monitor.py:64}}
Apr 02 13:08:14.314445 np0000162959 devstack@neutron-api.service[102267]: DEBUG neutron.plugins.ml2.drivers.ovn.mech_driver.ovsdb.ovsdb_monitor [-] ChassisAgentWriteEvent : Matched Chassis_Private, update, None None {{(pid=102267) matches /opt/stack/neutron/neutron/plugins/ml2/drivers/ovn/mech_driver/ovsdb/ovsdb_monitor.py:64}}
Apr 02 13:08:14.314561 np0000162959 devstack@neutron-api.service[102265]: DEBUG neutron.plugins.ml2.drivers.ovn.mech_driver.ovsdb.ovsdb_monitor [-] ChassisAgentWriteEvent : Matched Chassis_Private, update, None None {{(pid=102265) matches /opt/stack/neutron/neutron/plugins/ml2/drivers/ovn/mech_driver/ovsdb/ovsdb_monitor.py:64}}
Apr 02 13:08:14.314688 np0000162959 devstack@neutron-api.service[102268]: DEBUG neutron.plugins.ml2.drivers.ovn.mech_driver.ovsdb.ovsdb_monitor [-] Hash Ring: Node 209bd2b4d18a503999389db897f5ec98 (host: np0000162959) handling event "update" for row 4b31c536-e497-4839-8d16-b958c559eea7 (table: NB_Global) {{(pid=102268) notify /opt/stack/neutron/neutron/plugins/ml2/drivers/ovn/mech_driver/ovsdb/ovsdb_monitor.py:912}}
Apr 02 13:08:14.316270 np0000162959 devstack@neutron-api.service[102266]: DEBUG neutron.plugins.ml2.drivers.ovn.mech_driver.ovsdb.ovsdb_monitor [-] ChassisAgentWriteEvent : Matched Chassis_Private, update, None None {{(pid=102266) matches /opt/stack/neutron/neutron/plugins/ml2/drivers/ovn/mech_driver/ovsdb/ovsdb_monitor.py:64}}
Apr 02 13:08:14.316380 np0000162959 devstack@neutron-api.service[102268]: DEBUG neutron.plugins.ml2.drivers.ovn.mech_driver.ovsdb.ovsdb_monitor [-] Hash Ring: Node 209bd2b4d18a503999389db897f5ec98 (host: np0000162959) handling event "update" for row 4b31c536-e497-4839-8d16-b958c559eea7 (table: NB_Global) {{(pid=102268) notify /opt/stack/neutron/neutron/plugins/ml2/drivers/ovn/mech_driver/ovsdb/ovsdb_monitor.py:912}}
Apr 02 13:08:14.316647 np0000162959 devstack@neutron-api.service[102266]: DEBUG neutron.plugins.ml2.drivers.ovn.mech_driver.ovsdb.ovsdb_monitor [-] Hash Ring: Node 4374f62faf525b72bf04c7fbfd7d2cef (host: np0000162959) handling event "update" for row e8eb07b0-b19b-4416-b4cd-bfa41222549b (table: Chassis_Private) {{(pid=102266) notify /opt/stack/neutron/neutron/plugins/ml2/drivers/ovn/mech_driver/ovsdb/ovsdb_monitor.py:912}}
Apr 02 13:08:14.317031 np0000162959 devstack@neutron-api.service[102265]: DEBUG neutron.plugins.ml2.drivers.ovn.mech_driver.ovsdb.ovsdb_monitor [-] Hash Ring: Node 34db7766bd635b208702b6e903b4b8c3 (host: np0000162959) handling event "update" for row 4b31c536-e497-4839-8d16-b958c559eea7 (table: NB_Global) {{(pid=102265) notify /opt/stack/neutron/neutron/plugins/ml2/drivers/ovn/mech_driver/ovsdb/ovsdb_monitor.py:912}}
Apr 02 13:08:14.318264 np0000162959 devstack@neutron-api.service[102268]: DEBUG neutron.common.ovn.hash_ring_manager [-] Allow caching, nodes 4>=4 {{(pid=102268) _wait_startup_before_caching /opt/stack/neutron/neutron/common/ovn/hash_ring_manager.py:65}}
Apr 02 13:08:14.318502 np0000162959 devstack@neutron-api.service[102268]: DEBUG neutron.plugins.ml2.drivers.ovn.mech_driver.ovsdb.ovsdb_monitor [-] Hash Ring: Node 209bd2b4d18a503999389db897f5ec98 (host: np0000162959) handling event "update" for row e8eb07b0-b19b-4416-b4cd-bfa41222549b (table: Chassis_Private) {{(pid=102268) notify /opt/stack/neutron/neutron/plugins/ml2/drivers/ovn/mech_driver/ovsdb/ovsdb_monitor.py:912}}
Apr 02 13:08:14.319493 np0000162959 devstack@neutron-api.service[102267]: DEBUG neutron.plugins.ml2.drivers.ovn.mech_driver.ovsdb.ovsdb_monitor [-] ChassisOVNAgentWriteEvent : Matched Chassis_Private, update, None None {{(pid=102267) matches /opt/stack/neutron/neutron/plugins/ml2/drivers/ovn/mech_driver/ovsdb/ovsdb_monitor.py:64}}
Apr 02 13:08:14.320240 np0000162959 devstack@neutron-api.service[102265]: DEBUG neutron.common.ovn.hash_ring_manager [-] Allow caching, nodes 4>=4 {{(pid=102265) _wait_startup_before_caching /opt/stack/neutron/neutron/common/ovn/hash_ring_manager.py:65}}
Apr 02 13:08:14.320459 np0000162959 devstack@neutron-api.service[102268]: DEBUG neutron.plugins.ml2.drivers.ovn.mech_driver.ovsdb.ovsdb_monitor [-] ChassisOVNAgentWriteEvent : Matched Chassis_Private, update, None None {{(pid=102268) matches /opt/stack/neutron/neutron/plugins/ml2/drivers/ovn/mech_driver/ovsdb/ovsdb_monitor.py:64}}
Apr 02 13:08:14.320832 np0000162959 devstack@neutron-api.service[102268]: DEBUG neutron.plugins.ml2.drivers.ovn.mech_driver.ovsdb.ovsdb_monitor [-] Hash Ring: Node 209bd2b4d18a503999389db897f5ec98 (host: np0000162959) handling event "update" for row e8eb07b0-b19b-4416-b4cd-bfa41222549b (table: Chassis_Private) {{(pid=102268) notify /opt/stack/neutron/neutron/plugins/ml2/drivers/ovn/mech_driver/ovsdb/ovsdb_monitor.py:912}}
