Apr 02 13:08:05.424157 np0000162959 devstack@neutron-api.service[102265]: DEBUG neutron.api.extensions [None req-80aeba23-7152-48d9-ae43-8ea6d0148f41 None None] Loading extension file: expose_l3_conntrack_helper.py {{(pid=102265) _load_all_extensions_from_path /opt/stack/neutron/neutron/api/extensions.py:449}}
Apr 02 13:08:05.424398 np0000162959 devstack@neutron-api.service[102265]: DEBUG neutron.api.extensions [None req-80aeba23-7152-48d9-ae43-8ea6d0148f41 None None] Ext name="Expose CT target rules for conntrack helper" alias="expose-l3-conntrack-helper" description="Expose allow adding CT target rules for conntrack helper" updated="2019-04-04T10:00:00-00:00" {{(pid=102265) _check_extension /opt/stack/neutron/neutron/api/extensions.py:415}}
Apr 02 13:08:05.424601 np0000162959 devstack@neutron-api.service[102265]: INFO neutron.api.extensions [None req-80aeba23-7152-48d9-ae43-8ea6d0148f41 None None] Extension expose-l3-conntrack-helper not supported by any of loaded plugins
Apr 02 13:08:05.424717 np0000162959 devstack@neutron-api.service[102265]: DEBUG neutron.api.extensions [None req-80aeba23-7152-48d9-ae43-8ea6d0148f41 None None] Loading extension file: expose_port_forwarding_in_fip.py {{(pid=102265) _load_all_extensions_from_path /opt/stack/neutron/neutron/api/extensions.py:449}}
Apr 02 13:08:05.424900 np0000162959 devstack@neutron-api.service[102265]: DEBUG neutron.api.extensions [None req-80aeba23-7152-48d9-ae43-8ea6d0148f41 None None] Ext name="Expose Floating IP port forwardings" alias="expose-port-forwarding-in-fip" description="Expose port forwarding fields in floating IP response" updated="2018-06-28T16:00:00-00:00" {{(pid=102265) _check_extension /opt/stack/neutron/neutron/api/extensions.py:415}}
Apr 02 13:08:05.425059 np0000162959 devstack@neutron-api.service[102265]: INFO neutron.api.extensions [None req-80aeba23-7152-48d9-ae43-8ea6d0148f41 None None] Extension expose-port-forwarding-in-fip not supported by any of loaded plugins
Apr 02 13:08:05.425221 np0000162959 devstack@neutron-api.service[102265]: DEBUG neutron.api.extensions [None req-80aeba23-7152-48d9-ae43-8ea6d0148f41 None None] Loading extension file: external_net.py {{(pid=102265) _load_all_extensions_from_path /opt/stack/neutron/neutron/api/extensions.py:449}}
Apr 02 13:08:05.425380 np0000162959 devstack@neutron-api.service[102265]: DEBUG neutron.api.extensions [None req-80aeba23-7152-48d9-ae43-8ea6d0148f41 None None] Ext name="Neutron external network" alias="external-net" description="Adds external network attribute to network resource." updated="2013-01-14T10:00:00-00:00" {{(pid=102265) _check_extension /opt/stack/neutron/neutron/api/extensions.py:415}}
Apr 02 13:08:05.425545 np0000162959 devstack@neutron-api.service[102265]: INFO neutron.api.extensions [None req-80aeba23-7152-48d9-ae43-8ea6d0148f41 None None] Loaded extension: external-net
Apr 02 13:08:05.425630 np0000162959 devstack@neutron-api.service[102265]: DEBUG neutron.api.extensions [None req-80aeba23-7152-48d9-ae43-8ea6d0148f41 None None] Loading extension file: extra_dhcp_opt.py {{(pid=102265) _load_all_extensions_from_path /opt/stack/neutron/neutron/api/extensions.py:449}}
Apr 02 13:08:05.425861 np0000162959 devstack@neutron-api.service[102265]: DEBUG neutron.api.extensions [None req-80aeba23-7152-48d9-ae43-8ea6d0148f41 None None] Ext name="Neutron Extra DHCP options" alias="extra_dhcp_opt" description="Extra options configuration for DHCP. For example PXE boot options to DHCP clients can be specified (e.g. tftp-server, server-ip-address, bootfile-name)" updated="2013-03-17T12:00:00-00:00" {{(pid=102265) _check_extension /opt/stack/neutron/neutron/api/extensions.py:415}}
Apr 02 13:08:05.426037 np0000162959 devstack@neutron-api.service[102265]: INFO neutron.api.extensions [None req-80aeba23-7152-48d9-ae43-8ea6d0148f41 None None] Loaded extension: extra_dhcp_opt
Apr 02 13:08:05.426209 np0000162959 devstack@neutron-api.service[102265]: DEBUG neutron.api.extensions [None req-80aeba23-7152-48d9-ae43-8ea6d0148f41 None None] Loading extension file: extraroute.py {{(pid=102265) _load_all_extensions_from_path /opt/stack/neutron/neutron/api/extensions.py:449}}
Apr 02 13:08:05.426346 np0000162959 devstack@neutron-api.service[102265]: DEBUG neutron.api.extensions [None req-80aeba23-7152-48d9-ae43-8ea6d0148f41 None None] Ext name="Neutron Extra Route" alias="extraroute" description="Extra routes configuration for L3 router" updated="2013-02-01T10:00:00-00:00" {{(pid=102265) _check_extension /opt/stack/neutron/neutron/api/extensions.py:415}}
Apr 02 13:08:05.426383 np0000162959 devstack@neutron-api.service[102267]: DEBUG neutron_lib.callbacks.manager [None req-a009f09e-7bfd-499d-b767-0d2b5b31d972 None None] Subscribe: > router before_delete 55550000, False {{(pid=102267) subscribe /opt/stack/data/venv/lib/python3.12/site-packages/neutron_lib/callbacks/manager.py:52}}
Apr 02 13:08:05.426605 np0000162959 devstack@neutron-api.service[102267]: DEBUG neutron_lib.callbacks.manager [None req-a009f09e-7bfd-499d-b767-0d2b5b31d972 None None] Subscribe: port after_update 55550000, False {{(pid=102267) subscribe /opt/stack/data/venv/lib/python3.12/site-packages/neutron_lib/callbacks/manager.py:52}}
Apr 02 13:08:05.426649 np0000162959 devstack@neutron-api.service[102265]: INFO neutron.api.extensions [None req-80aeba23-7152-48d9-ae43-8ea6d0148f41 None None] Loaded extension: extraroute
Apr 02 13:08:05.426814 np0000162959 devstack@neutron-api.service[102267]: DEBUG neutron_lib.callbacks.manager [None req-a009f09e-7bfd-499d-b767-0d2b5b31d972 None None] Subscribe: port after_delete 55550000, False {{(pid=102267) subscribe /opt/stack/data/venv/lib/python3.12/site-packages/neutron_lib/callbacks/manager.py:52}}
Apr 02 13:08:05.426898 np0000162959 devstack@neutron-api.service[102265]: DEBUG neutron.api.extensions [None req-80aeba23-7152-48d9-ae43-8ea6d0148f41 None None] Loading extension file: extraroute_atomic.py {{(pid=102265) _load_all_extensions_from_path /opt/stack/neutron/neutron/api/extensions.py:449}}
Apr 02 13:08:05.426981 np0000162959 devstack@neutron-api.service[102267]: DEBUG neutron_lib.callbacks.manager [None req-a009f09e-7bfd-499d-b767-0d2b5b31d972 None None] Subscribe: subnet after_update 55550000, False {{(pid=102267) subscribe /opt/stack/data/venv/lib/python3.12/site-packages/neutron_lib/callbacks/manager.py:52}}
Apr 02 13:08:05.426981 np0000162959 devstack@neutron-api.service[102267]: DEBUG neutron_lib.callbacks.manager [None req-a009f09e-7bfd-499d-b767-0d2b5b31d972 None None] Subscribe: subnetpool_address_scope after_update 55550000, False {{(pid=102267) subscribe /opt/stack/data/venv/lib/python3.12/site-packages/neutron_lib/callbacks/manager.py:52}}
Apr 02 13:08:05.426981 np0000162959 devstack@neutron-api.service[102267]: DEBUG neutron_lib.callbacks.manager [None req-a009f09e-7bfd-499d-b767-0d2b5b31d972 None None] Subscribe: port before_update 55550000, False {{(pid=102267) subscribe /opt/stack/data/venv/lib/python3.12/site-packages/neutron_lib/callbacks/manager.py:52}}
Apr 02 13:08:05.427182 np0000162959 devstack@neutron-api.service[102267]: DEBUG neutron_lib.callbacks.manager [None req-a009f09e-7bfd-499d-b767-0d2b5b31d972 None None] Subscribe: port after_update 55550000, False {{(pid=102267) subscribe /opt/stack/data/venv/lib/python3.12/site-packages/neutron_lib/callbacks/manager.py:52}}
Apr 02 13:08:05.427318 np0000162959 devstack@neutron-api.service[102265]: DEBUG neutron.api.extensions [None req-80aeba23-7152-48d9-ae43-8ea6d0148f41 None None] Ext name="Atomically add/remove extra routes" alias="extraroute-atomic" description="Edit extra routes of a router on server side by atomically adding/removing extra routes" updated="2019-07-10T00:00:00+00:00" {{(pid=102265) _check_extension /opt/stack/neutron/neutron/api/extensions.py:415}}
Apr 02 13:08:05.427445 np0000162959 devstack@neutron-api.service[102267]: DEBUG neutron_lib.callbacks.manager [None req-a009f09e-7bfd-499d-b767-0d2b5b31d972 None None] Subscribe: > port precommit_delete 55550000, False {{(pid=102267) subscribe /opt/stack/data/venv/lib/python3.12/site-packages/neutron_lib/callbacks/manager.py:52}}
Apr 02 13:08:05.427445 np0000162959 devstack@neutron-api.service[102267]: DEBUG neutron_lib.callbacks.manager [None req-a009f09e-7bfd-499d-b767-0d2b5b31d972 None None] Subscribe: port before_update 55550000, False {{(pid=102267) subscribe /opt/stack/data/venv/lib/python3.12/site-packages/neutron_lib/callbacks/manager.py:52}}
Apr 02 13:08:05.427642 np0000162959 devstack@neutron-api.service[102265]: INFO neutron.api.extensions [None req-80aeba23-7152-48d9-ae43-8ea6d0148f41 None None] Loaded extension: extraroute-atomic
Apr 02 13:08:05.427816 np0000162959 devstack@neutron-api.service[102267]: DEBUG neutron_lib.callbacks.manager [None req-a009f09e-7bfd-499d-b767-0d2b5b31d972 None None] Subscribe: port before_delete 55550000, False {{(pid=102267) subscribe /opt/stack/data/venv/lib/python3.12/site-packages/neutron_lib/callbacks/manager.py:52}}
Apr 02 13:08:05.427952 np0000162959 devstack@neutron-api.service[102265]: DEBUG neutron.api.extensions [None req-80aeba23-7152-48d9-ae43-8ea6d0148f41 None None] Loading extension file: filter_validation.py {{(pid=102265) _load_all_extensions_from_path /opt/stack/neutron/neutron/api/extensions.py:449}}
Apr 02 13:08:05.427995 np0000162959 devstack@neutron-api.service[102267]: DEBUG neutron_lib.callbacks.manager [None req-a009f09e-7bfd-499d-b767-0d2b5b31d972 None None] Subscribe: > router precommit_create 55550000, False {{(pid=102267) subscribe /opt/stack/data/venv/lib/python3.12/site-packages/neutron_lib/callbacks/manager.py:52}}
Apr 02 13:08:05.427995 np0000162959 devstack@neutron-api.service[102267]: DEBUG neutron_lib.callbacks.manager [None req-a009f09e-7bfd-499d-b767-0d2b5b31d972 None None] Subscribe: > router precommit_create 55550000, False {{(pid=102267) subscribe /opt/stack/data/venv/lib/python3.12/site-packages/neutron_lib/callbacks/manager.py:52}}
Apr 02 13:08:05.427995 np0000162959 devstack@neutron-api.service[102267]: DEBUG neutron_lib.callbacks.manager [None req-a009f09e-7bfd-499d-b767-0d2b5b31d972 None None] Subscribe: > router precommit_update 55550000, False {{(pid=102267) subscribe /opt/stack/data/venv/lib/python3.12/site-packages/neutron_lib/callbacks/manager.py:52}}
Apr 02 13:08:05.428117 np0000162959 devstack@neutron-api.service[102265]: DEBUG neutron.api.extensions [None req-80aeba23-7152-48d9-ae43-8ea6d0148f41 None None] Ext name="Filter parameters validation" alias="filter-validation" description="Provides validation on filter parameters." updated="2018-07-04T10:00:00-00:00" {{(pid=102265) _check_extension /opt/stack/neutron/neutron/api/extensions.py:415}}
Apr 02 13:08:05.428159 np0000162959 devstack@neutron-api.service[102267]: DEBUG neutron_lib.callbacks.manager [None req-a009f09e-7bfd-499d-b767-0d2b5b31d972 None None] Subscribe: subnet after_update 55550000, False {{(pid=102267) subscribe /opt/stack/data/venv/lib/python3.12/site-packages/neutron_lib/callbacks/manager.py:52}}
Apr 02 13:08:05.428195 np0000162959 devstack@neutron-api.service[102265]: INFO neutron.api.extensions [None req-80aeba23-7152-48d9-ae43-8ea6d0148f41 None None] Loaded extension: filter-validation
Apr 02 13:08:05.428195 np0000162959 devstack@neutron-api.service[102265]: DEBUG neutron.api.extensions [None req-80aeba23-7152-48d9-ae43-8ea6d0148f41 None None] Loading extension file: fip_pf_description.py {{(pid=102265) _load_all_extensions_from_path /opt/stack/neutron/neutron/api/extensions.py:449}}
Apr 02 13:08:05.428553 np0000162959 devstack@neutron-api.service[102265]: DEBUG neutron.api.extensions [None req-80aeba23-7152-48d9-ae43-8ea6d0148f41 None None] Ext name="Floating IP Port Forwarding new attribute description" alias="floating-ip-port-forwarding-description" description="Add a description field to Port Forwarding rules" updated="2019-11-01T10:00:00-00:00" {{(pid=102265) _check_extension /opt/stack/neutron/neutron/api/extensions.py:415}}
Apr 02 13:08:05.428621 np0000162959 devstack@neutron-api.service[102267]: DEBUG neutron.quota.resource_registry [None req-a009f09e-7bfd-499d-b767-0d2b5b31d972 None None] Tracking information for resource: router configured {{(pid=102267) set_tracked_resource /opt/stack/neutron/neutron/quota/resource_registry.py:203}}
Apr 02 13:08:05.428621 np0000162959 devstack@neutron-api.service[102267]: DEBUG neutron.quota.resource_registry [None req-a009f09e-7bfd-499d-b767-0d2b5b31d972 None None] Tracking information for resource: floatingip configured {{(pid=102267) set_tracked_resource /opt/stack/neutron/neutron/quota/resource_registry.py:203}}
Apr 02 13:08:05.428931 np0000162959 devstack@neutron-api.service[102265]: INFO neutron.api.extensions [None req-80aeba23-7152-48d9-ae43-8ea6d0148f41 None None] Extension floating-ip-port-forwarding-description not supported by any of loaded plugins
Apr 02 13:08:05.429025 np0000162959 devstack@neutron-api.service[102267]: INFO neutron.services.ovn_l3.plugin [None req-a009f09e-7bfd-499d-b767-0d2b5b31d972 None None] Starting OVNL3RouterPlugin
Apr 02 13:08:05.429097 np0000162959 devstack@neutron-api.service[102265]: DEBUG neutron.api.extensions [None req-80aeba23-7152-48d9-ae43-8ea6d0148f41 None None] Loading extension file: fip_pf_detail.py {{(pid=102265) _load_all_extensions_from_path /opt/stack/neutron/neutron/api/extensions.py:449}}
Apr 02 13:08:05.429139 np0000162959 devstack@neutron-api.service[102267]: DEBUG neutron_lib.callbacks.manager [None req-a009f09e-7bfd-499d-b767-0d2b5b31d972 None None] Subscribe: > port_forwarding_plugin after_init 55550000, False {{(pid=102267) subscribe /opt/stack/data/venv/lib/python3.12/site-packages/neutron_lib/callbacks/manager.py:52}}
Apr 02 13:08:05.429183 np0000162959 devstack@neutron-api.service[102265]: DEBUG neutron.api.extensions [None req-80aeba23-7152-48d9-ae43-8ea6d0148f41 None None] Ext name="Floating IP port forwarding detail" alias="floating-ip-port-forwarding-detail" description="Allow list floating ip return more port forwarding data, include'id' and 'internal_port_id'" updated="2022-05-06T10:00:00-00:00" {{(pid=102265) _check_extension /opt/stack/neutron/neutron/api/extensions.py:415}}
Apr 02 13:08:05.429227 np0000162959 devstack@neutron-api.service[102267]: DEBUG neutron_lib.callbacks.manager [None req-a009f09e-7bfd-499d-b767-0d2b5b31d972 None None] Subscribe: > router before_create 55550100, False {{(pid=102267) subscribe /opt/stack/data/venv/lib/python3.12/site-packages/neutron_lib/callbacks/manager.py:52}}
Apr 02 13:08:05.429227 np0000162959 devstack@neutron-api.service[102267]: DEBUG neutron_lib.callbacks.manager [None req-a009f09e-7bfd-499d-b767-0d2b5b31d972 None None] Subscribe: > router precommit_delete 55550100, False {{(pid=102267) subscribe /opt/stack/data/venv/lib/python3.12/site-packages/neutron_lib/callbacks/manager.py:52}}
Apr 02 13:08:05.429304 np0000162959 devstack@neutron-api.service[102265]: INFO neutron.api.extensions [None req-80aeba23-7152-48d9-ae43-8ea6d0148f41 None None] Loaded extension: floating-ip-port-forwarding-detail
Apr 02 13:08:05.429341 np0000162959 devstack@neutron-api.service[102267]: DEBUG neutron_lib.callbacks.manager [None req-a009f09e-7bfd-499d-b767-0d2b5b31d972 None None] Subscribe: > router precommit_create 55550100, False {{(pid=102267) subscribe /opt/stack/data/venv/lib/python3.12/site-packages/neutron_lib/callbacks/manager.py:52}}
Apr 02 13:08:05.429383 np0000162959 devstack@neutron-api.service[102265]: DEBUG neutron.api.extensions [None req-80aeba23-7152-48d9-ae43-8ea6d0148f41 None None] Loading extension file: fip_pf_port_range.py {{(pid=102265) _load_all_extensions_from_path /opt/stack/neutron/neutron/api/extensions.py:449}}
Apr 02 13:08:05.429491 np0000162959 devstack@neutron-api.service[102267]: DEBUG neutron_lib.callbacks.manager [None req-a009f09e-7bfd-499d-b767-0d2b5b31d972 None None] Subscribe: > router precommit_update 55550100, False {{(pid=102267) subscribe /opt/stack/data/venv/lib/python3.12/site-packages/neutron_lib/callbacks/manager.py:52}}
Apr 02 13:08:05.429694 np0000162959 devstack@neutron-api.service[102265]: DEBUG neutron.api.extensions [None req-80aeba23-7152-48d9-ae43-8ea6d0148f41 None None] Ext name="Floating IP Port Forwarding support port ranges" alias="floating-ip-port-forwarding-port-ranges" description="Add support to port ranges" updated="2020-07-01T10:00:00-00:00" {{(pid=102265) _check_extension /opt/stack/neutron/neutron/api/extensions.py:415}}
Apr 02 13:08:05.429905 np0000162959 devstack@neutron-api.service[102265]: INFO neutron.api.extensions [None req-80aeba23-7152-48d9-ae43-8ea6d0148f41 None None] Extension floating-ip-port-forwarding-port-ranges not supported by any of loaded plugins
Apr 02 13:08:05.430033 np0000162959 devstack@neutron-api.service[102265]: DEBUG neutron.api.extensions [None req-80aeba23-7152-48d9-ae43-8ea6d0148f41 None None] Loading extension file: fip_port_details.py {{(pid=102265) _load_all_extensions_from_path /opt/stack/neutron/neutron/api/extensions.py:449}}
Apr 02 13:08:05.430321 np0000162959 devstack@neutron-api.service[102265]: DEBUG neutron.api.extensions [None req-80aeba23-7152-48d9-ae43-8ea6d0148f41 None None] Ext name="Floating IP Port Details Extension" alias="fip-port-details" description="Add port_details attribute to Floating IP resource" updated="2018-04-09T10:00:00-00:00" {{(pid=102265) _check_extension /opt/stack/neutron/neutron/api/extensions.py:415}}
Apr 02 13:08:05.430500 np0000162959 devstack@neutron-api.service[102266]: DEBUG neutron_lib.callbacks.manager [None req-fefd8f89-6257-4885-9edb-cf9b77b5aed6 None None] Subscribe: > router before_delete 55550000, False {{(pid=102266) subscribe /opt/stack/data/venv/lib/python3.12/site-packages/neutron_lib/callbacks/manager.py:52}}
Apr 02 13:08:05.430611 np0000162959 devstack@neutron-api.service[102265]: INFO neutron.api.extensions [None req-80aeba23-7152-48d9-ae43-8ea6d0148f41 None None] Loaded extension: fip-port-details
Apr 02 13:08:05.430703 np0000162959 devstack@neutron-api.service[102265]: DEBUG neutron.api.extensions [None req-80aeba23-7152-48d9-ae43-8ea6d0148f41 None None] Loading extension file: flavors.py {{(pid=102265) _load_all_extensions_from_path /opt/stack/neutron/neutron/api/extensions.py:449}}
Apr 02 13:08:05.430765 np0000162959 devstack@neutron-api.service[102266]: DEBUG neutron_lib.callbacks.manager [None req-fefd8f89-6257-4885-9edb-cf9b77b5aed6 None None] Subscribe: port after_update 55550000, False {{(pid=102266) subscribe /opt/stack/data/venv/lib/python3.12/site-packages/neutron_lib/callbacks/manager.py:52}}
Apr 02 13:08:05.430817 np0000162959 devstack@neutron-api.service[102266]: DEBUG neutron_lib.callbacks.manager [None req-fefd8f89-6257-4885-9edb-cf9b77b5aed6 None None] Subscribe: port after_delete 55550000, False {{(pid=102266) subscribe /opt/stack/data/venv/lib/python3.12/site-packages/neutron_lib/callbacks/manager.py:52}}
Apr 02 13:08:05.430927 np0000162959 devstack@neutron-api.service[102266]: DEBUG neutron_lib.callbacks.manager [None req-fefd8f89-6257-4885-9edb-cf9b77b5aed6 None None] Subscribe: subnet after_update 55550000, False {{(pid=102266) subscribe /opt/stack/data/venv/lib/python3.12/site-packages/neutron_lib/callbacks/manager.py:52}}
Apr 02 13:08:05.431008 np0000162959 devstack@neutron-api.service[102266]: DEBUG neutron_lib.callbacks.manager [None req-fefd8f89-6257-4885-9edb-cf9b77b5aed6 None None] Subscribe: subnetpool_address_scope after_update 55550000, False {{(pid=102266) subscribe /opt/stack/data/venv/lib/python3.12/site-packages/neutron_lib/callbacks/manager.py:52}}
Apr 02 13:08:05.431128 np0000162959 devstack@neutron-api.service[102266]: DEBUG neutron_lib.callbacks.manager [None req-fefd8f89-6257-4885-9edb-cf9b77b5aed6 None None] Subscribe: port before_update 55550000, False {{(pid=102266) subscribe /opt/stack/data/venv/lib/python3.12/site-packages/neutron_lib/callbacks/manager.py:52}}
Apr 02 13:08:05.431210 np0000162959 devstack@neutron-api.service[102265]: DEBUG neutron.api.extensions [None req-80aeba23-7152-48d9-ae43-8ea6d0148f41 None None] Ext name="Neutron Service Flavors" alias="flavors" description="Flavor specification for Neutron advanced services." updated="2015-09-17T10:00:00-00:00" {{(pid=102265) _check_extension /opt/stack/neutron/neutron/api/extensions.py:415}}
Apr 02 13:08:05.431274 np0000162959 devstack@neutron-api.service[102266]: DEBUG neutron_lib.callbacks.manager [None req-fefd8f89-6257-4885-9edb-cf9b77b5aed6 None None] Subscribe: port after_update 55550000, False {{(pid=102266) subscribe /opt/stack/data/venv/lib/python3.12/site-packages/neutron_lib/callbacks/manager.py:52}}
Apr 02 13:08:05.431325 np0000162959 devstack@neutron-api.service[102266]: DEBUG neutron_lib.callbacks.manager [None req-fefd8f89-6257-4885-9edb-cf9b77b5aed6 None None] Subscribe: > port precommit_delete 55550000, False {{(pid=102266) subscribe /opt/stack/data/venv/lib/python3.12/site-packages/neutron_lib/callbacks/manager.py:52}}
Apr 02 13:08:05.431382 np0000162959 devstack@neutron-api.service[102265]: INFO neutron.api.extensions [None req-80aeba23-7152-48d9-ae43-8ea6d0148f41 None None] Loaded extension: flavors
Apr 02 13:08:05.431431 np0000162959 devstack@neutron-api.service[102266]: DEBUG neutron_lib.callbacks.manager [None req-fefd8f89-6257-4885-9edb-cf9b77b5aed6 None None] Subscribe: port before_update 55550000, False {{(pid=102266) subscribe /opt/stack/data/venv/lib/python3.12/site-packages/neutron_lib/callbacks/manager.py:52}}
Apr 02 13:08:05.431510 np0000162959 devstack@neutron-api.service[102265]: DEBUG neutron.api.extensions [None req-80aeba23-7152-48d9-ae43-8ea6d0148f41 None None] Loading extension file: floating_ip_port_forwarding.py {{(pid=102265) _load_all_extensions_from_path /opt/stack/neutron/neutron/api/extensions.py:449}}
Apr 02 13:08:05.431558 np0000162959 devstack@neutron-api.service[102266]: DEBUG neutron_lib.callbacks.manager [None req-fefd8f89-6257-4885-9edb-cf9b77b5aed6 None None] Subscribe: port before_delete 55550000, False {{(pid=102266) subscribe /opt/stack/data/venv/lib/python3.12/site-packages/neutron_lib/callbacks/manager.py:52}}
Apr 02 13:08:05.431631 np0000162959 devstack@neutron-api.service[102266]: DEBUG neutron_lib.callbacks.manager [None req-fefd8f89-6257-4885-9edb-cf9b77b5aed6 None None] Subscribe: > router precommit_create 55550000, False {{(pid=102266) subscribe /opt/stack/data/venv/lib/python3.12/site-packages/neutron_lib/callbacks/manager.py:52}}
Apr 02 13:08:05.431754 np0000162959 devstack@neutron-api.service[102266]: DEBUG neutron_lib.callbacks.manager [None req-fefd8f89-6257-4885-9edb-cf9b77b5aed6 None None] Subscribe: > router precommit_create 55550000, False {{(pid=102266) subscribe /opt/stack/data/venv/lib/python3.12/site-packages/neutron_lib/callbacks/manager.py:52}}
Apr 02 13:08:05.431856 np0000162959 devstack@neutron-api.service[102266]: DEBUG neutron_lib.callbacks.manager [None req-fefd8f89-6257-4885-9edb-cf9b77b5aed6 None None] Subscribe: > router precommit_update 55550000, False {{(pid=102266) subscribe /opt/stack/data/venv/lib/python3.12/site-packages/neutron_lib/callbacks/manager.py:52}}
Apr 02 13:08:05.431961 np0000162959 devstack@neutron-api.service[102265]: DEBUG neutron.api.extensions [None req-80aeba23-7152-48d9-ae43-8ea6d0148f41 None None] Ext name="Floating IP Port Forwarding" alias="floating-ip-port-forwarding" description="Allow port forwarding from floating IP port to an internal port" updated="2018-01-19T10:00:00-00:00" {{(pid=102265) _check_extension /opt/stack/neutron/neutron/api/extensions.py:415}}
Apr 02 13:08:05.432010 np0000162959 devstack@neutron-api.service[102266]: DEBUG neutron_lib.callbacks.manager [None req-fefd8f89-6257-4885-9edb-cf9b77b5aed6 None None] Subscribe: subnet after_update 55550000, False {{(pid=102266) subscribe /opt/stack/data/venv/lib/python3.12/site-packages/neutron_lib/callbacks/manager.py:52}}
Apr 02 13:08:05.432248 np0000162959 devstack@neutron-api.service[102265]: INFO neutron.api.extensions [None req-80aeba23-7152-48d9-ae43-8ea6d0148f41 None None] Extension floating-ip-port-forwarding not supported by any of loaded plugins
Apr 02 13:08:05.432305 np0000162959 devstack@neutron-api.service[102265]: DEBUG neutron.api.extensions [None req-80aeba23-7152-48d9-ae43-8ea6d0148f41 None None] Loading extension file: floatingip_pools.py {{(pid=102265) _load_all_extensions_from_path /opt/stack/neutron/neutron/api/extensions.py:449}}
Apr 02 13:08:05.432617 np0000162959 devstack@neutron-api.service[102265]: DEBUG neutron.api.extensions [None req-80aeba23-7152-48d9-ae43-8ea6d0148f41 None None] Ext name="Floating IP Pools Extension" alias="floatingip-pools" description="Provides a floating IP pools API." updated="2018-03-21T10:00:00-00:00" {{(pid=102265) _check_extension /opt/stack/neutron/neutron/api/extensions.py:415}}
Apr 02 13:08:05.432734 np0000162959 devstack@neutron-api.service[102266]: DEBUG neutron.quota.resource_registry [None req-fefd8f89-6257-4885-9edb-cf9b77b5aed6 None None] Tracking information for resource: router configured {{(pid=102266) set_tracked_resource /opt/stack/neutron/neutron/quota/resource_registry.py:203}}
Apr 02 13:08:05.432837 np0000162959 devstack@neutron-api.service[102265]: INFO neutron.api.extensions [None req-80aeba23-7152-48d9-ae43-8ea6d0148f41 None None] Loaded extension: floatingip-pools
Apr 02 13:08:05.432886 np0000162959 devstack@neutron-api.service[102267]: DEBUG neutron.services.provider_configuration [None req-a009f09e-7bfd-499d-b767-0d2b5b31d972 None None] Service providers = [] {{(pid=102267) parse_service_provider_opt /opt/stack/neutron/neutron/services/provider_configuration.py:170}}
Apr 02 13:08:05.432964 np0000162959 devstack@neutron-api.service[102266]: DEBUG neutron.quota.resource_registry [None req-fefd8f89-6257-4885-9edb-cf9b77b5aed6 None None] Tracking information for resource: floatingip configured {{(pid=102266) set_tracked_resource /opt/stack/neutron/neutron/quota/resource_registry.py:203}}
Apr 02 13:08:05.432964 np0000162959 devstack@neutron-api.service[102266]: INFO neutron.services.ovn_l3.plugin [None req-fefd8f89-6257-4885-9edb-cf9b77b5aed6 None None] Starting OVNL3RouterPlugin
Apr 02 13:08:05.433062 np0000162959 devstack@neutron-api.service[102267]: DEBUG neutron.db.servicetype_db [None req-a009f09e-7bfd-499d-b767-0d2b5b31d972 None None] Adding provider configuration for service L3_ROUTER_NAT {{(pid=102267) add_provider_configuration /opt/stack/neutron/neutron/db/servicetype_db.py:42}}
Apr 02 13:08:05.433107 np0000162959 devstack@neutron-api.service[102265]: DEBUG neutron.api.extensions [None req-80aeba23-7152-48d9-ae43-8ea6d0148f41 None None] Loading extension file: ip_allocation.py {{(pid=102265) _load_all_extensions_from_path /opt/stack/neutron/neutron/api/extensions.py:449}}
Apr 02 13:08:05.433163 np0000162959 devstack@neutron-api.service[102266]: DEBUG neutron_lib.callbacks.manager [None req-fefd8f89-6257-4885-9edb-cf9b77b5aed6 None None] Subscribe: > port_forwarding_plugin after_init 55550000, False {{(pid=102266) subscribe /opt/stack/data/venv/lib/python3.12/site-packages/neutron_lib/callbacks/manager.py:52}}
Apr 02 13:08:05.433243 np0000162959 devstack@neutron-api.service[102265]: DEBUG neutron.api.extensions [None req-80aeba23-7152-48d9-ae43-8ea6d0148f41 None None] Ext name="IP Allocation" alias="ip_allocation" description="IP allocation extension." updated="2016-06-10T23:00:00-00:00" {{(pid=102265) _check_extension /opt/stack/neutron/neutron/api/extensions.py:415}}
Apr 02 13:08:05.433373 np0000162959 devstack@neutron-api.service[102266]: DEBUG neutron_lib.callbacks.manager [None req-fefd8f89-6257-4885-9edb-cf9b77b5aed6 None None] Subscribe: > router before_create 55550100, False {{(pid=102266) subscribe /opt/stack/data/venv/lib/python3.12/site-packages/neutron_lib/callbacks/manager.py:52}}
Apr 02 13:08:05.433467 np0000162959 devstack@neutron-api.service[102265]: INFO neutron.api.extensions [None req-80aeba23-7152-48d9-ae43-8ea6d0148f41 None None] Extension ip_allocation not supported by any of loaded plugins
Apr 02 13:08:05.433500 np0000162959 devstack@neutron-api.service[102266]: DEBUG neutron_lib.callbacks.manager [None req-fefd8f89-6257-4885-9edb-cf9b77b5aed6 None None] Subscribe: > router precommit_delete 55550100, False {{(pid=102266) subscribe /opt/stack/data/venv/lib/python3.12/site-packages/neutron_lib/callbacks/manager.py:52}}
Apr 02 13:08:05.433576 np0000162959 devstack@neutron-api.service[102266]: DEBUG neutron_lib.callbacks.manager [None req-fefd8f89-6257-4885-9edb-cf9b77b5aed6 None None] Subscribe: > router precommit_create 55550100, False {{(pid=102266) subscribe /opt/stack/data/venv/lib/python3.12/site-packages/neutron_lib/callbacks/manager.py:52}}
Apr 02 13:08:05.433611 np0000162959 devstack@neutron-api.service[102265]: DEBUG neutron.api.extensions [None req-80aeba23-7152-48d9-ae43-8ea6d0148f41 None None] Loading extension file: ip_substring_port_filtering.py {{(pid=102265) _load_all_extensions_from_path /opt/stack/neutron/neutron/api/extensions.py:449}}
Apr 02 13:08:05.433695 np0000162959 devstack@neutron-api.service[102266]: DEBUG neutron_lib.callbacks.manager [None req-fefd8f89-6257-4885-9edb-cf9b77b5aed6 None None] Subscribe: > router precommit_update 55550100, False {{(pid=102266) subscribe /opt/stack/data/venv/lib/python3.12/site-packages/neutron_lib/callbacks/manager.py:52}}
Apr 02 13:08:05.433931 np0000162959 devstack@neutron-api.service[102265]: DEBUG neutron.api.extensions [None req-80aeba23-7152-48d9-ae43-8ea6d0148f41 None None] Ext name="IP address substring filtering" alias="ip-substring-filtering" description="Provides IP address substring filtering when listing ports" updated="2017-11-28T09:00:00-00:00" {{(pid=102265) _check_extension /opt/stack/neutron/neutron/api/extensions.py:415}}
Apr 02 13:08:05.434153 np0000162959 devstack@neutron-api.service[102265]: INFO neutron.api.extensions [None req-80aeba23-7152-48d9-ae43-8ea6d0148f41 None None] Extension ip-substring-filtering not supported by any of loaded plugins
Apr 02 13:08:05.434234 np0000162959 devstack@neutron-api.service[102267]: DEBUG neutron_lib.callbacks.manager [None req-a009f09e-7bfd-499d-b767-0d2b5b31d972 None None] Subscribe: > router precommit_create 55549900, False {{(pid=102267) subscribe /opt/stack/data/venv/lib/python3.12/site-packages/neutron_lib/callbacks/manager.py:52}}
Apr 02 13:08:05.434316 np0000162959 devstack@neutron-api.service[102265]: DEBUG neutron.api.extensions [None req-80aeba23-7152-48d9-ae43-8ea6d0148f41 None None] Loading extension file: l2_adjacency.py {{(pid=102265) _load_all_extensions_from_path /opt/stack/neutron/neutron/api/extensions.py:449}}
Apr 02 13:08:05.434536 np0000162959 devstack@neutron-api.service[102267]: DEBUG neutron_lib.callbacks.manager [None req-a009f09e-7bfd-499d-b767-0d2b5b31d972 None None] Subscribe: > router_interface after_create 55550000, False {{(pid=102267) subscribe /opt/stack/data/venv/lib/python3.12/site-packages/neutron_lib/callbacks/manager.py:52}}
Apr 02 13:08:05.434536 np0000162959 devstack@neutron-api.service[102267]: DEBUG neutron_lib.callbacks.manager [None req-a009f09e-7bfd-499d-b767-0d2b5b31d972 None None] Subscribe: > floatingip after_create 55550000, False {{(pid=102267) subscribe /opt/stack/data/venv/lib/python3.12/site-packages/neutron_lib/callbacks/manager.py:52}}
Apr 02 13:08:05.434603 np0000162959 devstack@neutron-api.service[102267]: DEBUG neutron_lib.callbacks.manager [None req-a009f09e-7bfd-499d-b767-0d2b5b31d972 None None] Subscribe: > floatingip precommit_create 55550000, False {{(pid=102267) subscribe /opt/stack/data/venv/lib/python3.12/site-packages/neutron_lib/callbacks/manager.py:52}}
Apr 02 13:08:05.434640 np0000162959 devstack@neutron-api.service[102265]: DEBUG neutron.api.extensions [None req-80aeba23-7152-48d9-ae43-8ea6d0148f41 None None] Ext name="L2 Adjacency" alias="l2_adjacency" description="Display L2 Adjacency for Neutron Networks." updated="2016-04-12T16:00:00-00:00" {{(pid=102265) _check_extension /opt/stack/neutron/neutron/api/extensions.py:415}}
Apr 02 13:08:05.434694 np0000162959 devstack@neutron-api.service[102267]: DEBUG neutron_lib.callbacks.manager [None req-a009f09e-7bfd-499d-b767-0d2b5b31d972 None None] Subscribe: > floatingip precommit_update 55550000, False {{(pid=102267) subscribe /opt/stack/data/venv/lib/python3.12/site-packages/neutron_lib/callbacks/manager.py:52}}
Apr 02 13:08:05.434809 np0000162959 devstack@neutron-api.service[102267]: DEBUG neutron_lib.callbacks.manager [None req-a009f09e-7bfd-499d-b767-0d2b5b31d972 None None] Subscribe: > floatingip after_delete 55550000, False {{(pid=102267) subscribe /opt/stack/data/venv/lib/python3.12/site-packages/neutron_lib/callbacks/manager.py:52}}
Apr 02 13:08:05.434859 np0000162959 devstack@neutron-api.service[102265]: INFO neutron.api.extensions [None req-80aeba23-7152-48d9-ae43-8ea6d0148f41 None None] Extension l2_adjacency not supported by any of loaded plugins
Apr 02 13:08:05.434892 np0000162959 devstack@neutron-api.service[102267]: DEBUG neutron_lib.callbacks.manager [None req-a009f09e-7bfd-499d-b767-0d2b5b31d972 None None] Subscribe: > floatingip after_status_update 55550000, False {{(pid=102267) subscribe /opt/stack/data/venv/lib/python3.12/site-packages/neutron_lib/callbacks/manager.py:52}}
Apr 02 13:08:05.434956 np0000162959 devstack@neutron-api.service[102265]: DEBUG neutron.api.extensions [None req-80aeba23-7152-48d9-ae43-8ea6d0148f41 None None] Loading extension file: l3.py {{(pid=102265) _load_all_extensions_from_path /opt/stack/neutron/neutron/api/extensions.py:449}}
Apr 02 13:08:05.434995 np0000162959 devstack@neutron-api.service[102267]: DEBUG neutron_lib.callbacks.manager [None req-a009f09e-7bfd-499d-b767-0d2b5b31d972 None None] Subscribe: > floatingip after_update 55550000, False {{(pid=102267) subscribe /opt/stack/data/venv/lib/python3.12/site-packages/neutron_lib/callbacks/manager.py:52}}
Apr 02 13:08:05.435097 np0000162959 devstack@neutron-api.service[102267]: DEBUG neutron_lib.callbacks.manager [None req-a009f09e-7bfd-499d-b767-0d2b5b31d972 None None] Subscribe: > port_forwarding after_create 55550000, False {{(pid=102267) subscribe /opt/stack/data/venv/lib/python3.12/site-packages/neutron_lib/callbacks/manager.py:52}}
Apr 02 13:08:05.435201 np0000162959 devstack@neutron-api.service[102267]: DEBUG neutron_lib.callbacks.manager [None req-a009f09e-7bfd-499d-b767-0d2b5b31d972 None None] Subscribe: > router_interface after_delete 55550000, False {{(pid=102267) subscribe /opt/stack/data/venv/lib/python3.12/site-packages/neutron_lib/callbacks/manager.py:52}}
Apr 02 13:08:05.435303 np0000162959 devstack@neutron-api.service[102267]: DEBUG neutron_lib.callbacks.manager [None req-a009f09e-7bfd-499d-b767-0d2b5b31d972 None None] Subscribe: > router after_create 55550000, False {{(pid=102267) subscribe /opt/stack/data/venv/lib/python3.12/site-packages/neutron_lib/callbacks/manager.py:52}}
Apr 02 13:08:05.435417 np0000162959 devstack@neutron-api.service[102267]: DEBUG neutron_lib.callbacks.manager [None req-a009f09e-7bfd-499d-b767-0d2b5b31d972 None None] Subscribe: > router precommit_create 55550000, False {{(pid=102267) subscribe /opt/stack/data/venv/lib/python3.12/site-packages/neutron_lib/callbacks/manager.py:52}}
Apr 02 13:08:05.435499 np0000162959 devstack@neutron-api.service[102265]: DEBUG neutron.api.extensions [None req-80aeba23-7152-48d9-ae43-8ea6d0148f41 None None] Ext name="Neutron L3 Router" alias="router" description="Router abstraction for basic L3 forwarding between L2 Neutron networks and access to external networks via a NAT gateway." updated="2012-07-20T10:00:00-00:00" {{(pid=102265) _check_extension /opt/stack/neutron/neutron/api/extensions.py:415}}
Apr 02 13:08:05.435534 np0000162959 devstack@neutron-api.service[102267]: DEBUG neutron_lib.callbacks.manager [None req-a009f09e-7bfd-499d-b767-0d2b5b31d972 None None] Subscribe: > router after_delete 55550000, False {{(pid=102267) subscribe /opt/stack/data/venv/lib/python3.12/site-packages/neutron_lib/callbacks/manager.py:52}}
Apr 02 13:08:05.435606 np0000162959 devstack@neutron-api.service[102267]: DEBUG neutron_lib.callbacks.manager [None req-a009f09e-7bfd-499d-b767-0d2b5b31d972 None None] Subscribe: > router after_update 55550000, False {{(pid=102267) subscribe /opt/stack/data/venv/lib/python3.12/site-packages/neutron_lib/callbacks/manager.py:52}}
Apr 02 13:08:05.435736 np0000162959 devstack@neutron-api.service[102267]: DEBUG neutron.services.service_base [None req-a009f09e-7bfd-499d-b767-0d2b5b31d972 None None] Loaded 'neutron.services.ovn_l3.service_providers.ovn.OvnDriver' provider for service L3_ROUTER_NAT {{(pid=102267) load_drivers /opt/stack/neutron/neutron/services/service_base.py:49}}
Apr 02 13:08:05.435776 np0000162959 devstack@neutron-api.service[102265]: INFO neutron.api.extensions [None req-80aeba23-7152-48d9-ae43-8ea6d0148f41 None None] Loaded extension: router
Apr 02 13:08:05.435856 np0000162959 devstack@neutron-api.service[102267]: DEBUG neutron_lib.callbacks.manager [None req-a009f09e-7bfd-499d-b767-0d2b5b31d972 None None] Subscribe: > process after_init 55550001, True {{(pid=102267) subscribe /opt/stack/data/venv/lib/python3.12/site-packages/neutron_lib/callbacks/manager.py:52}}
Apr 02 13:08:05.435917 np0000162959 devstack@neutron-api.service[102265]: DEBUG neutron.api.extensions [None req-80aeba23-7152-48d9-ae43-8ea6d0148f41 None None] Loading extension file: l3_conntrack_helper.py {{(pid=102265) _load_all_extensions_from_path /opt/stack/neutron/neutron/api/extensions.py:449}}
Apr 02 13:08:05.436017 np0000162959 devstack@neutron-api.service[102267]: DEBUG neutron.manager [None req-a009f09e-7bfd-499d-b767-0d2b5b31d972 None None] Successfully loaded L3_ROUTER_NAT plugin. Description: L3 Router Service Plugin for basic L3 forwarding using OVN {{(pid=102267) _create_and_add_service_plugin /opt/stack/neutron/neutron/manager.py:239}}
Apr 02 13:08:05.436079 np0000162959 devstack@neutron-api.service[102267]: INFO neutron.manager [None req-a009f09e-7bfd-499d-b767-0d2b5b31d972 None None] Loading Plugin: auto_allocate
Apr 02 13:08:05.436614 np0000162959 devstack@neutron-api.service[102265]: DEBUG neutron.api.extensions [None req-80aeba23-7152-48d9-ae43-8ea6d0148f41 None None] Ext name="L3 Conntrack helper" alias="l3-conntrack-helper" description="Allow adding CT target rules for conntrack helper" updated="2019-04-04T10:00:00-00:00" {{(pid=102265) _check_extension /opt/stack/neutron/neutron/api/extensions.py:415}}
Apr 02 13:08:05.436836 np0000162959 devstack@neutron-api.service[102265]: INFO neutron.api.extensions [None req-80aeba23-7152-48d9-ae43-8ea6d0148f41 None None] Extension l3-conntrack-helper not supported by any of loaded plugins
Apr 02 13:08:05.436942 np0000162959 devstack@neutron-api.service[102265]: DEBUG neutron.api.extensions [None req-80aeba23-7152-48d9-ae43-8ea6d0148f41 None None] Loading extension file: l3_enable_default_route_bfd.py {{(pid=102265) _load_all_extensions_from_path /opt/stack/neutron/neutron/api/extensions.py:449}}
Apr 02 13:08:05.436986 np0000162959 devstack@neutron-api.service[102267]: DEBUG neutron_lib.callbacks.manager [None req-a009f09e-7bfd-499d-b767-0d2b5b31d972 None None] Subscribe: network precommit_update 55550000, False {{(pid=102267) subscribe /opt/stack/data/venv/lib/python3.12/site-packages/neutron_lib/callbacks/manager.py:52}}
Apr 02 13:08:05.437105 np0000162959 devstack@neutron-api.service[102267]: DEBUG neutron_lib.callbacks.manager [None req-a009f09e-7bfd-499d-b767-0d2b5b31d972 None None] Subscribe: network precommit_create 55550000, False {{(pid=102267) subscribe /opt/stack/data/venv/lib/python3.12/site-packages/neutron_lib/callbacks/manager.py:52}}
Apr 02 13:08:05.437260 np0000162959 devstack@neutron-api.service[102265]: DEBUG neutron.api.extensions [None req-80aeba23-7152-48d9-ae43-8ea6d0148f41 None None] Ext name="Enable Default Route BFD" alias="enable-default-route-bfd" description="Enables configurable BFD behavior for default routes" updated="2023-02-27T00:00:00-00:00" {{(pid=102265) _check_extension /opt/stack/neutron/neutron/api/extensions.py:415}}
Apr 02 13:08:05.437307 np0000162959 devstack@neutron-api.service[102267]: DEBUG neutron.manager [None req-a009f09e-7bfd-499d-b767-0d2b5b31d972 None None] Successfully loaded auto-allocated-topology plugin. Description: Auto Allocated Topology - aka get me a network. {{(pid=102267) _create_and_add_service_plugin /opt/stack/neutron/neutron/manager.py:239}}
Apr 02 13:08:05.437392 np0000162959 devstack@neutron-api.service[102267]: INFO neutron.manager [None req-a009f09e-7bfd-499d-b767-0d2b5b31d972 None None] Loading Plugin: tag
Apr 02 13:08:05.437480 np0000162959 devstack@neutron-api.service[102265]: INFO neutron.api.extensions [None req-80aeba23-7152-48d9-ae43-8ea6d0148f41 None None] Loaded extension: enable-default-route-bfd
Apr 02 13:08:05.437621 np0000162959 devstack@neutron-api.service[102265]: DEBUG neutron.api.extensions [None req-80aeba23-7152-48d9-ae43-8ea6d0148f41 None None] Loading extension file: l3_enable_default_route_ecmp.py {{(pid=102265) _load_all_extensions_from_path /opt/stack/neutron/neutron/api/extensions.py:449}}
Apr 02 13:08:05.437992 np0000162959 devstack@neutron-api.service[102265]: DEBUG neutron.api.extensions [None req-80aeba23-7152-48d9-ae43-8ea6d0148f41 None None] Ext name="Enable Default Route ECMP" alias="enable-default-route-ecmp" description="Enables configurable ECMP behavior for default routes" updated="2023-02-27T00:00:00-00:00" {{(pid=102265) _check_extension /opt/stack/neutron/neutron/api/extensions.py:415}}
Apr 02 13:08:05.438124 np0000162959 devstack@neutron-api.service[102265]: INFO neutron.api.extensions [None req-80aeba23-7152-48d9-ae43-8ea6d0148f41 None None] Loaded extension: enable-default-route-ecmp
Apr 02 13:08:05.438240 np0000162959 devstack@neutron-api.service[102265]: DEBUG neutron.api.extensions [None req-80aeba23-7152-48d9-ae43-8ea6d0148f41 None None] Loading extension file: l3_ext_gw_mode.py {{(pid=102265) _load_all_extensions_from_path /opt/stack/neutron/neutron/api/extensions.py:449}}
Apr 02 13:08:05.438557 np0000162959 devstack@neutron-api.service[102265]: DEBUG neutron.api.extensions [None req-80aeba23-7152-48d9-ae43-8ea6d0148f41 None None] Ext name="Neutron L3 Configurable external gateway mode" alias="ext-gw-mode" description="Extension of the router abstraction for specifying whether SNAT should occur on the external gateway" updated="2013-03-28T10:00:00-00:00" {{(pid=102265) _check_extension /opt/stack/neutron/neutron/api/extensions.py:415}}
Apr 02 13:08:05.438617 np0000162959 devstack@neutron-api.service[102266]: DEBUG neutron.services.provider_configuration [None req-fefd8f89-6257-4885-9edb-cf9b77b5aed6 None None] Service providers = [] {{(pid=102266) parse_service_provider_opt /opt/stack/neutron/neutron/services/provider_configuration.py:170}}
Apr 02 13:08:05.438765 np0000162959 devstack@neutron-api.service[102266]: DEBUG neutron.db.servicetype_db [None req-fefd8f89-6257-4885-9edb-cf9b77b5aed6 None None] Adding provider configuration for service L3_ROUTER_NAT {{(pid=102266) add_provider_configuration /opt/stack/neutron/neutron/db/servicetype_db.py:42}}
Apr 02 13:08:05.438808 np0000162959 devstack@neutron-api.service[102265]: INFO neutron.api.extensions [None req-80aeba23-7152-48d9-ae43-8ea6d0148f41 None None] Loaded extension: ext-gw-mode
Apr 02 13:08:05.438885 np0000162959 devstack@neutron-api.service[102265]: DEBUG neutron.api.extensions [None req-80aeba23-7152-48d9-ae43-8ea6d0148f41 None None] Loading extension file: l3_ext_ha_mode.py {{(pid=102265) _load_all_extensions_from_path /opt/stack/neutron/neutron/api/extensions.py:449}}
Apr 02 13:08:05.439152 np0000162959 devstack@neutron-api.service[102265]: DEBUG neutron.api.extensions [None req-80aeba23-7152-48d9-ae43-8ea6d0148f41 None None] Ext name="HA Router extension" alias="l3-ha" description="Adds HA capability to routers." updated="2014-04-26T00:00:00-00:00" {{(pid=102265) _check_extension /opt/stack/neutron/neutron/api/extensions.py:415}}
Apr 02 13:08:05.439350 np0000162959 devstack@neutron-api.service[102265]: INFO neutron.api.extensions [None req-80aeba23-7152-48d9-ae43-8ea6d0148f41 None None] Loaded extension: l3-ha
Apr 02 13:08:05.439449 np0000162959 devstack@neutron-api.service[102265]: DEBUG neutron.api.extensions [None req-80aeba23-7152-48d9-ae43-8ea6d0148f41 None None] Loading extension file: l3_ext_ndp_proxy.py {{(pid=102265) _load_all_extensions_from_path /opt/stack/neutron/neutron/api/extensions.py:449}}
Apr 02 13:08:05.439746 np0000162959 devstack@neutron-api.service[102265]: DEBUG neutron.api.extensions [None req-80aeba23-7152-48d9-ae43-8ea6d0148f41 None None] Ext name="Router support to enable NDP proxy" alias="l3-ext-ndp-proxy" description="Router extension to enable ndp proxy" updated="2020-08-25T00:00:00-00:00" {{(pid=102265) _check_extension /opt/stack/neutron/neutron/api/extensions.py:415}}
Apr 02 13:08:05.439962 np0000162959 devstack@neutron-api.service[102265]: INFO neutron.api.extensions [None req-80aeba23-7152-48d9-ae43-8ea6d0148f41 None None] Extension l3-ext-ndp-proxy not supported by any of loaded plugins
Apr 02 13:08:05.440070 np0000162959 devstack@neutron-api.service[102265]: DEBUG neutron.api.extensions [None req-80aeba23-7152-48d9-ae43-8ea6d0148f41 None None] Loading extension file: l3_extra_gws.py {{(pid=102265) _load_all_extensions_from_path /opt/stack/neutron/neutron/api/extensions.py:449}}
Apr 02 13:08:05.440106 np0000162959 devstack@neutron-api.service[102267]: DEBUG neutron.manager [None req-a009f09e-7bfd-499d-b767-0d2b5b31d972 None None] Successfully loaded TAG plugin. Description: Tag support {{(pid=102267) _create_and_add_service_plugin /opt/stack/neutron/neutron/manager.py:239}}
Apr 02 13:08:05.440211 np0000162959 devstack@neutron-api.service[102267]: INFO neutron.manager [None req-a009f09e-7bfd-499d-b767-0d2b5b31d972 None None] Loading Plugin: timestamp
Apr 02 13:08:05.440371 np0000162959 devstack@neutron-api.service[102265]: DEBUG neutron.api.extensions [None req-80aeba23-7152-48d9-ae43-8ea6d0148f41 None None] Ext name="Neutron L3 External Gateway Multihoming" alias="external-gateway-multihoming" description="Allow multiple external gateway ports per router" updated="2023-01-18T00:00:00-00:00" {{(pid=102265) _check_extension /opt/stack/neutron/neutron/api/extensions.py:415}}
Apr 02 13:08:05.440608 np0000162959 devstack@neutron-api.service[102265]: INFO neutron.api.extensions [None req-80aeba23-7152-48d9-ae43-8ea6d0148f41 None None] Loaded extension: external-gateway-multihoming
Apr 02 13:08:05.440647 np0000162959 devstack@neutron-api.service[102266]: DEBUG neutron_lib.callbacks.manager [None req-fefd8f89-6257-4885-9edb-cf9b77b5aed6 None None] Subscribe: > router precommit_create 55549900, False {{(pid=102266) subscribe /opt/stack/data/venv/lib/python3.12/site-packages/neutron_lib/callbacks/manager.py:52}}
Apr 02 13:08:05.440731 np0000162959 devstack@neutron-api.service[102265]: DEBUG neutron.api.extensions [None req-80aeba23-7152-48d9-ae43-8ea6d0148f41 None None] Loading extension file: l3_flavors.py {{(pid=102265) _load_all_extensions_from_path /opt/stack/neutron/neutron/api/extensions.py:449}}
Apr 02 13:08:05.440771 np0000162959 devstack@neutron-api.service[102266]: DEBUG neutron_lib.callbacks.manager [None req-fefd8f89-6257-4885-9edb-cf9b77b5aed6 None None] Subscribe: > router_interface after_create 55550000, False {{(pid=102266) subscribe /opt/stack/data/venv/lib/python3.12/site-packages/neutron_lib/callbacks/manager.py:52}}
Apr 02 13:08:05.440880 np0000162959 devstack@neutron-api.service[102266]: DEBUG neutron_lib.callbacks.manager [None req-fefd8f89-6257-4885-9edb-cf9b77b5aed6 None None] Subscribe: > floatingip after_create 55550000, False {{(pid=102266) subscribe /opt/stack/data/venv/lib/python3.12/site-packages/neutron_lib/callbacks/manager.py:52}}
Apr 02 13:08:05.441011 np0000162959 devstack@neutron-api.service[102265]: DEBUG neutron.api.extensions [None req-80aeba23-7152-48d9-ae43-8ea6d0148f41 None None] Ext name="Router Flavor Extension" alias="l3-flavors" description="Flavor support for routers." updated="2016-05-17T00:00:00-00:00" {{(pid=102265) _check_extension /opt/stack/neutron/neutron/api/extensions.py:415}}
Apr 02 13:08:05.441114 np0000162959 devstack@neutron-api.service[102266]: DEBUG neutron_lib.callbacks.manager [None req-fefd8f89-6257-4885-9edb-cf9b77b5aed6 None None] Subscribe: > floatingip precommit_create 55550000, False {{(pid=102266) subscribe /opt/stack/data/venv/lib/python3.12/site-packages/neutron_lib/callbacks/manager.py:52}}
Apr 02 13:08:05.441231 np0000162959 devstack@neutron-api.service[102265]: INFO neutron.api.extensions [None req-80aeba23-7152-48d9-ae43-8ea6d0148f41 None None] Loaded extension: l3-flavors
Apr 02 13:08:05.441299 np0000162959 devstack@neutron-api.service[102266]: DEBUG neutron_lib.callbacks.manager [None req-fefd8f89-6257-4885-9edb-cf9b77b5aed6 None None] Subscribe: > floatingip precommit_update 55550000, False {{(pid=102266) subscribe /opt/stack/data/venv/lib/python3.12/site-packages/neutron_lib/callbacks/manager.py:52}}
Apr 02 13:08:05.441360 np0000162959 devstack@neutron-api.service[102265]: DEBUG neutron.api.extensions [None req-80aeba23-7152-48d9-ae43-8ea6d0148f41 None None] Loading extension file: l3_ndp_proxy.py {{(pid=102265) _load_all_extensions_from_path /opt/stack/neutron/neutron/api/extensions.py:449}}
Apr 02 13:08:05.441434 np0000162959 devstack@neutron-api.service[102267]: DEBUG neutron.manager [None req-a009f09e-7bfd-499d-b767-0d2b5b31d972 None None] Successfully loaded timestamp plugin. Description: Adds timestamps to Neutron resources with standard attributes {{(pid=102267) _create_and_add_service_plugin /opt/stack/neutron/neutron/manager.py:239}}
