+ COMMAND=start + start + for KEYSTONE_WSGI_SCRIPT in keystone-wsgi-public ++ type -p keystone-wsgi-public + cp -a /var/lib/openstack/bin/keystone-wsgi-public /var/www/cgi-bin/keystone/ + '[' -f /etc/apache2/envvars ']' + source /etc/apache2/envvars ++ unset HOME ++ '[' '' '!=' '' ']' ++ SUFFIX= ++ export APACHE_RUN_USER=www-data ++ APACHE_RUN_USER=www-data ++ export APACHE_RUN_GROUP=www-data ++ APACHE_RUN_GROUP=www-data ++ export APACHE_PID_FILE=/var/run/apache2/apache2.pid ++ APACHE_PID_FILE=/var/run/apache2/apache2.pid ++ export APACHE_RUN_DIR=/var/run/apache2 ++ APACHE_RUN_DIR=/var/run/apache2 ++ export APACHE_LOCK_DIR=/var/lock/apache2 ++ APACHE_LOCK_DIR=/var/lock/apache2 ++ export APACHE_LOG_DIR=/var/log/apache2 ++ APACHE_LOG_DIR=/var/log/apache2 ++ export LANG=C ++ LANG=C ++ export LANG + '[' -f /var/run/apache2/apache2.pid ']' + exec apache2 -DFOREGROUND AH00558: apache2: Could not reliably determine the server's fully qualified domain name, using 10.0.0.171. Set the 'ServerName' directive globally to suppress this message AH00558: apache2: Could not reliably determine the server's fully qualified domain name, using 10.0.0.171. Set the 'ServerName' directive globally to suppress this message
[Fri Jul 03 12:09:40.917015 2026] [mpm_event:notice] [pid 1:tid 140076972468096] AH00489: Apache/2.4.58 (Ubuntu) mod_wsgi/5.0.0 Python/3.12 configured -- resuming normal operations
[Fri Jul 03 12:09:40.917154 2026] [core:notice] [pid 1:tid 140076972468096] AH00094: Command line: 'apache2 -D FOREGROUND'
[Fri Jul 03 12:10:42.366185 2026] [wsgi:error] [pid 11:tid 140076334646976] /var/lib/openstack/lib/python3.12/site-packages/oslo_utils/importutils.py:77: EventletDeprecationWarning:
[Fri Jul 03 12:10:42.366227 2026] [wsgi:error] [pid 11:tid 140076334646976] Eventlet is deprecated. It is currently being maintained in bugfix mode, and
[Fri Jul 03 12:10:42.366229 2026] [wsgi:error] [pid 11:tid 140076334646976] we strongly recommend against using it for new projects.
[Fri Jul 03 12:10:42.366230 2026] [wsgi:error] [pid 11:tid 140076334646976]
[Fri Jul 03 12:10:42.366232 2026] [wsgi:error] [pid 11:tid 140076334646976] If you are already using Eventlet, we recommend migrating to a different
[Fri Jul 03 12:10:42.366233 2026] [wsgi:error] [pid 11:tid 140076334646976] framework. For more detail see
[Fri Jul 03 12:10:42.366234 2026] [wsgi:error] [pid 11:tid 140076334646976] https://eventlet.readthedocs.io/en/latest/asyncio/migration.html
[Fri Jul 03 12:10:42.366235 2026] [wsgi:error] [pid 11:tid 140076334646976]
[Fri Jul 03 12:10:42.366236 2026] [wsgi:error] [pid 11:tid 140076334646976] __import__(import_str)
[Fri Jul 03 12:10:42.369851 2026] [wsgi:error] [pid 10:tid 140076334646976] /var/lib/openstack/lib/python3.12/site-packages/oslo_utils/importutils.py:77: EventletDeprecationWarning:
[Fri Jul 03 12:10:42.369892 2026] [wsgi:error] [pid 10:tid 140076334646976] Eventlet is deprecated. It is currently being maintained in bugfix mode, and
[Fri Jul 03 12:10:42.369894 2026] [wsgi:error] [pid 10:tid 140076334646976] we strongly recommend against using it for new projects.
[Fri Jul 03 12:10:42.369896 2026] [wsgi:error] [pid 10:tid 140076334646976]
[Fri Jul 03 12:10:42.369897 2026] [wsgi:error] [pid 10:tid 140076334646976] If you are already using Eventlet, we recommend migrating to a different
[Fri Jul 03 12:10:42.369898 2026] [wsgi:error] [pid 10:tid 140076334646976] framework. For more detail see
[Fri Jul 03 12:10:42.369899 2026] [wsgi:error] [pid 10:tid 140076334646976] https://eventlet.readthedocs.io/en/latest/asyncio/migration.html
[Fri Jul 03 12:10:42.369900 2026] [wsgi:error] [pid 10:tid 140076334646976]
[Fri Jul 03 12:10:42.369901 2026] [wsgi:error] [pid 10:tid 140076334646976] __import__(import_str) 10.0.0.192 - - [03/Jul/2026:12:10:41 +0000] "GET /v3/ HTTP/1.1" 200 250 10.0.0.192 - - [03/Jul/2026:12:10:41 +0000] "GET /v3/ HTTP/1.1" 200 250
[Fri Jul 03 12:10:55.982322 2026] [wsgi:error] [pid 12:tid 140076334646976] /var/lib/openstack/lib/python3.12/site-packages/oslo_utils/importutils.py:77: EventletDeprecationWarning:
[Fri Jul 03 12:10:55.982368 2026] [wsgi:error] [pid 12:tid 140076334646976] Eventlet is deprecated. It is currently being maintained in bugfix mode, and
[Fri Jul 03 12:10:55.982370 2026] [wsgi:error] [pid 12:tid 140076334646976] we strongly recommend against using it for new projects.
[Fri Jul 03 12:10:55.982371 2026] [wsgi:error] [pid 12:tid 140076334646976]
[Fri Jul 03 12:10:55.982372 2026] [wsgi:error] [pid 12:tid 140076334646976] If you are already using Eventlet, we recommend migrating to a different
[Fri Jul 03 12:10:55.982374 2026] [wsgi:error] [pid 12:tid 140076334646976] framework. For more detail see
[Fri Jul 03 12:10:55.982375 2026] [wsgi:error] [pid 12:tid 140076334646976] https://eventlet.readthedocs.io/en/latest/asyncio/migration.html
[Fri Jul 03 12:10:55.982376 2026] [wsgi:error] [pid 12:tid 140076334646976]
[Fri Jul 03 12:10:55.982377 2026] [wsgi:error] [pid 12:tid 140076334646976] __import__(import_str) 10.0.0.100 - - [03/Jul/2026:12:10:55 +0000] "GET / HTTP/1.1" 300 295
[Fri Jul 03 12:11:01.235594 2026] [wsgi:error] [pid 9:tid 140076334646976] /var/lib/openstack/lib/python3.12/site-packages/oslo_utils/importutils.py:77: EventletDeprecationWarning:
[Fri Jul 03 12:11:01.235643 2026] [wsgi:error] [pid 9:tid 140076334646976] Eventlet is deprecated. It is currently being maintained in bugfix mode, and
[Fri Jul 03 12:11:01.235645 2026] [wsgi:error] [pid 9:tid 140076334646976] we strongly recommend against using it for new projects.
[Fri Jul 03 12:11:01.235646 2026] [wsgi:error] [pid 9:tid 140076334646976]
[Fri Jul 03 12:11:01.235647 2026] [wsgi:error] [pid 9:tid 140076334646976] If you are already using Eventlet, we recommend migrating to a different
[Fri Jul 03 12:11:01.235648 2026] [wsgi:error] [pid 9:tid 140076334646976] framework. For more detail see
[Fri Jul 03 12:11:01.235650 2026] [wsgi:error] [pid 9:tid 140076334646976] https://eventlet.readthedocs.io/en/latest/asyncio/migration.html
[Fri Jul 03 12:11:01.235651 2026] [wsgi:error] [pid 9:tid 140076334646976]
[Fri Jul 03 12:11:01.235652 2026] [wsgi:error] [pid 9:tid 140076334646976] __import__(import_str)
[Fri Jul 03 12:11:05.793805 2026] [wsgi:error] [pid 9:tid 140076334646976] [remote 10.0.0.100:57552] 2026-07-03 12:11:05.791 9 WARNING keystone.identity.core [None req-ca1d1331-bec7-49f7-b834-4593adef4ca8 - - - - - -] Invalid domain name (atmosphere) found in config file name: keystone.exception.DomainNotFound: Could not find domain: atmosphere.
[Fri Jul 03 12:11:05.845506 2026] [wsgi:error] [pid 9:tid 140076334646976] [remote 10.0.0.100:57552] 2026-07-03 12:11:05.845 9 WARNING keystone.common.password_hashing [None req-ca1d1331-bec7-49f7-b834-4593adef4ca8 - - - - - -] Truncating password to algorithm specific maximum length 72 characters.
[Fri Jul 03 12:11:06.127078 2026] [wsgi:error] [pid 9:tid 140076334646976] [remote 10.0.0.100:57552] 2026-07-03 12:11:06.126 9 WARNING keystone.common.fernet_utils [None req-ca1d1331-bec7-49f7-b834-4593adef4ca8 - - - - - -] key_repository is world readable: /etc/keystone/fernet-keys/ 10.0.0.100 - - [03/Jul/2026:12:11:00 +0000] "POST /v3/auth/tokens HTTP/1.1" 201 1360
[Fri Jul 03 12:11:06.501067 2026] [wsgi:error] [pid 11:tid 140076334646976] [remote 10.0.0.100:57552] 2026-07-03 12:11:06.498 11 WARNING keystone.identity.core [None req-95cd9a2c-6b4d-43ec-adbb-c1bcebb5727f - - - - - -] Invalid domain name (atmosphere) found in config file name: keystone.exception.DomainNotFound: Could not find domain: atmosphere. 10.0.0.100 - - [03/Jul/2026:12:11:06 +0000] "POST /v3/domains HTTP/1.1" 201 261 10.0.0.159 - - [03/Jul/2026:12:11:18 +0000] "GET / HTTP/1.1" 300 295
[Fri Jul 03 12:11:18.692478 2026] [wsgi:error] [pid 12:tid 140076334646976] [remote 10.0.0.159:43212] 2026-07-03 12:11:18.691 12 WARNING keystone.common.password_hashing [None req-150151b1-aba6-48d7-8157-0108187ab894 - - - - - -] Truncating password to algorithm specific maximum length 72 characters.
[Fri Jul 03 12:11:18.975159 2026] [wsgi:error] [pid 12:tid 140076334646976] [remote 10.0.0.159:43212] 2026-07-03 12:11:18.974 12 WARNING keystone.common.fernet_utils [None req-150151b1-aba6-48d7-8157-0108187ab894 - - - - - -] key_repository is world readable: /etc/keystone/fernet-keys/ 10.0.0.159 - - [03/Jul/2026:12:11:18 +0000] "POST /v3/auth/tokens HTTP/1.1" 201 1360 10.0.0.159 - - [03/Jul/2026:12:11:19 +0000] "GET /v3/roles/admin HTTP/1.1" 404 83
[Fri Jul 03 12:11:19.242029 2026] [wsgi:error] [pid 11:tid 140076334646976] [remote 10.0.0.159:43212] 2026-07-03 12:11:19.241 11 WARNING keystone.common.rbac_enforcer.enforcer [None req-41d4f991-36cc-4bf2-9536-337e623dc1b6 8552dfde81e546a9aa63258c88d0df06 e9c19d4712604599a4eddaa73d9676d0 - - default default] Deprecated policy rules found. Use oslopolicy-policy-generator and oslopolicy-policy-upgrade to detect and resolve deprecated policies in your configuration. 10.0.0.159 - - [03/Jul/2026:12:11:19 +0000] "GET /v3/roles?name=admin HTTP/1.1" 200 389
[Fri Jul 03 12:11:19.848188 2026] [wsgi:error] [pid 10:tid 140076334646976] [remote 10.0.0.159:43212] 2026-07-03 12:11:19.847 10 WARNING keystone.common.rbac_enforcer.enforcer [None req-a9535d3e-4784-4b71-beb4-3fda95ddc396 8552dfde81e546a9aa63258c88d0df06 e9c19d4712604599a4eddaa73d9676d0 - - default default] Deprecated policy rules found. Use oslopolicy-policy-generator and oslopolicy-policy-upgrade to detect and resolve deprecated policies in your configuration. 10.0.0.159 - - [03/Jul/2026:12:11:19 +0000] "GET /v3/users/admin-RegionOne HTTP/1.1" 404 93
[Fri Jul 03 12:11:19.989775 2026] [wsgi:error] [pid 12:tid 140076334646976] [remote 10.0.0.159:43212] 2026-07-03 12:11:19.989 12 WARNING keystone.common.rbac_enforcer.enforcer [None req-87c57857-6c57-45a1-a143-c54e69c5bff6 8552dfde81e546a9aa63258c88d0df06 e9c19d4712604599a4eddaa73d9676d0 - - default default] Deprecated policy rules found. Use oslopolicy-policy-generator and oslopolicy-policy-upgrade to detect and resolve deprecated policies in your configuration. 10.0.0.159 - - [03/Jul/2026:12:11:19 +0000] "GET /v3/users?name=admin-RegionOne HTTP/1.1" 200 422
[Fri Jul 03 12:11:20.148850 2026] [wsgi:error] [pid 9:tid 140076334646976] [remote 10.0.0.159:43212] 2026-07-03 12:11:20.148 9 WARNING keystone.common.rbac_enforcer.enforcer [None req-0dda3c5e-dd34-4ea3-8a53-0c6b33ee9965 8552dfde81e546a9aa63258c88d0df06 e9c19d4712604599a4eddaa73d9676d0 - - default default] Deprecated policy rules found. Use oslopolicy-policy-generator and oslopolicy-policy-upgrade to detect and resolve deprecated policies in your configuration. 10.0.0.159 - - [03/Jul/2026:12:11:20 +0000] "GET /v3/domains/default HTTP/1.1" 200 224 10.0.0.159 - - [03/Jul/2026:12:11:20 +0000] "PUT /v3/domains/default/users/8552dfde81e546a9aa63258c88d0df06/roles/568a7c1974214874bde42b1c15c6b7bc HTTP/1.1" 204 - 10.0.0.192 - - [03/Jul/2026:12:11:30 +0000] "GET / HTTP/1.1" 300 281 10.0.0.192 - - [03/Jul/2026:12:11:31 +0000] "GET /v3 HTTP/1.1" 200 266
[Fri Jul 03 12:11:31.852802 2026] [wsgi:error] [pid 9:tid 140076334646976] [remote 10.0.0.192:53254] 2026-07-03 12:11:31.852 9 WARNING keystone.common.password_hashing [None req-9ec79e9f-6864-4321-8526-f90f3d36fe3f - - - - - -] Truncating password to algorithm specific maximum length 72 characters.
[Fri Jul 03 12:11:32.123515 2026] [wsgi:error] [pid 9:tid 140076334646976] [remote 10.0.0.192:53254] 2026-07-03 12:11:32.123 9 WARNING keystone.common.fernet_utils [None req-9ec79e9f-6864-4321-8526-f90f3d36fe3f - - - - - -] key_repository is world readable: /etc/keystone/fernet-keys/ 10.0.0.192 - - [03/Jul/2026:12:11:31 +0000] "POST /v3/auth/tokens HTTP/1.1" 201 1360 10.0.0.192 - - [03/Jul/2026:12:11:32 +0000] "GET / HTTP/1.1" 300 281 10.0.0.192 - - [03/Jul/2026:12:11:32 +0000] "GET /v3/domains/atmosphere HTTP/1.1" 404 90 10.0.0.192 - - [03/Jul/2026:12:11:32 +0000] "GET /v3/domains?name=atmosphere HTTP/1.1" 200 370 10.0.0.192 - - [03/Jul/2026:12:11:32 +0000] "GET /v3/domains/84707741d1d84d40bb5a24253c0ba1d8 HTTP/1.1" 200 247 10.0.0.192 - - [03/Jul/2026:12:11:33 +0000] "GET /v3 HTTP/1.1" 200 266
[Fri Jul 03 12:11:33.336716 2026] [wsgi:error] [pid 10:tid 140076334646976] [remote 10.0.0.192:53254] 2026-07-03 12:11:33.336 10 WARNING keystone.common.password_hashing [None req-1a2163c8-a108-45a1-aa45-9c506e3a02d9 - - - - - -] Truncating password to algorithm specific maximum length 72 characters.
[Fri Jul 03 12:11:33.626353 2026] [wsgi:error] [pid 10:tid 140076334646976] [remote 10.0.0.192:53254] 2026-07-03 12:11:33.626 10 WARNING keystone.common.fernet_utils [None req-1a2163c8-a108-45a1-aa45-9c506e3a02d9 - - - - - -] key_repository is world readable: /etc/keystone/fernet-keys/ 10.0.0.192 - - [03/Jul/2026:12:11:33 +0000] "POST /v3/auth/tokens HTTP/1.1" 201 1360 10.0.0.192 - - [03/Jul/2026:12:11:33 +0000] "GET / HTTP/1.1" 300 281 10.0.0.192 - - [03/Jul/2026:12:11:33 +0000] "GET /v3/OS-FEDERATION/identity_providers/atmosphere HTTP/1.1" 404 101 10.0.0.192 - - [03/Jul/2026:12:11:33 +0000] "GET /v3/OS-FEDERATION/identity_providers HTTP/1.1" 200 156 10.0.0.192 - - [03/Jul/2026:12:11:33 +0000] "PUT /v3/OS-FEDERATION/identity_providers/atmosphere HTTP/1.1" 201 342 10.0.0.192 - - [03/Jul/2026:12:11:34 +0000] "GET /v3 HTTP/1.1" 200 266
[Fri Jul 03 12:11:34.450712 2026] [wsgi:error] [pid 9:tid 140076334646976] [remote 10.0.0.192:53256] 2026-07-03 12:11:34.450 9 WARNING keystone.common.password_hashing [None req-fbd58b45-fb5c-4d9b-a020-f640e2d15e7d - - - - - -] Truncating password to algorithm specific maximum length 72 characters.
[Fri Jul 03 12:11:34.739287 2026] [wsgi:error] [pid 9:tid 140076334646976] [remote 10.0.0.192:53256] 2026-07-03 12:11:34.739 9 WARNING keystone.common.fernet_utils [None req-fbd58b45-fb5c-4d9b-a020-f640e2d15e7d - - - - - -] key_repository is world readable: /etc/keystone/fernet-keys/ 10.0.0.192 - - [03/Jul/2026:12:11:34 +0000] "POST /v3/auth/tokens HTTP/1.1" 201 1360 10.0.0.192 - - [03/Jul/2026:12:11:34 +0000] "GET / HTTP/1.1" 300 281 10.0.0.192 - - [03/Jul/2026:12:11:34 +0000] "GET /v3/OS-FEDERATION/mappings/atmosphere-openid HTTP/1.1" 404 98 10.0.0.192 - - [03/Jul/2026:12:11:34 +0000] "GET /v3/OS-FEDERATION/mappings HTTP/1.1" 200 136 10.0.0.192 - - [03/Jul/2026:12:11:34 +0000] "PUT /v3/OS-FEDERATION/mappings/atmosphere-openid HTTP/1.1" 201 357 10.0.0.192 - - [03/Jul/2026:12:11:35 +0000] "GET /v3 HTTP/1.1" 200 266
[Fri Jul 03 12:11:35.576085 2026] [wsgi:error] [pid 10:tid 140076334646976] [remote 10.0.0.192:53256] 2026-07-03 12:11:35.575 10 WARNING keystone.common.password_hashing [None req-8230304e-b9c2-4af9-8ca0-4a7e17b5e292 - - - - - -] Truncating password to algorithm specific maximum length 72 characters.
[Fri Jul 03 12:11:35.847614 2026] [wsgi:error] [pid 10:tid 140076334646976] [remote 10.0.0.192:53256] 2026-07-03 12:11:35.847 10 WARNING keystone.common.fernet_utils [None req-8230304e-b9c2-4af9-8ca0-4a7e17b5e292 - - - - - -] key_repository is world readable: /etc/keystone/fernet-keys/ 10.0.0.192 - - [03/Jul/2026:12:11:35 +0000] "POST /v3/auth/tokens HTTP/1.1" 201 1360 10.0.0.192 - - [03/Jul/2026:12:11:35 +0000] "GET / HTTP/1.1" 300 281 10.0.0.192 - - [03/Jul/2026:12:11:35 +0000] "GET /v3/OS-FEDERATION/identity_providers/atmosphere/protocols/openid?idp_id=atmosphere HTTP/1.1" 404 131 10.0.0.192 - - [03/Jul/2026:12:11:35 +0000] "GET /v3/OS-FEDERATION/identity_providers/atmosphere/protocols HTTP/1.1" 200 168 10.0.0.192 - - [03/Jul/2026:12:11:35 +0000] "PUT /v3/OS-FEDERATION/identity_providers/atmosphere/protocols/openid HTTP/1.1" 201 224 10.0.0.192 - - [03/Jul/2026:12:11:41 +0000] "GET /v3/ HTTP/1.1" 200 250 10.0.0.192 - - [03/Jul/2026:12:11:41 +0000] "GET /v3/ HTTP/1.1" 200 250 10.0.0.192 - - [03/Jul/2026:12:12:41 +0000] "GET /v3/ HTTP/1.1" 200 250 10.0.0.192 - - [03/Jul/2026:12:12:41 +0000] "GET /v3/ HTTP/1.1" 200 250 10.0.0.179 - - [03/Jul/2026:12:12:59 +0000] "GET / HTTP/1.1" 300 295
[Fri Jul 03 12:12:59.381881 2026] [wsgi:error] [pid 9:tid 140076334646976] [remote 10.0.0.179:44750] 2026-07-03 12:12:59.381 9 WARNING keystone.common.password_hashing [None req-088ec649-8b85-40a5-9a35-a32fe8c82cc7 - - - - - -] Truncating password to algorithm specific maximum length 72 characters.
[Fri Jul 03 12:12:59.659907 2026] [wsgi:error] [pid 9:tid 140076334646976] [remote 10.0.0.179:44750] 2026-07-03 12:12:59.659 9 WARNING keystone.common.fernet_utils [None req-088ec649-8b85-40a5-9a35-a32fe8c82cc7 - - - - - -] key_repository is world readable: /etc/keystone/fernet-keys/ 10.0.0.179 - - [03/Jul/2026:12:12:59 +0000] "POST /v3/auth/tokens HTTP/1.1" 201 1360 10.0.0.179 - - [03/Jul/2026:12:12:59 +0000] "GET /v3/services HTTP/1.1" 200 355 10.0.0.179 - - [03/Jul/2026:12:13:03 +0000] "GET / HTTP/1.1" 300 295
[Fri Jul 03 12:13:03.398007 2026] [wsgi:error] [pid 12:tid 140076334646976] [remote 10.0.0.179:44766] 2026-07-03 12:13:03.397 12 WARNING keystone.common.password_hashing [None req-eebbea67-8600-452f-847b-c3333e2b6590 - - - - - -] Truncating password to algorithm specific maximum length 72 characters.
[Fri Jul 03 12:13:03.672460 2026] [wsgi:error] [pid 12:tid 140076334646976] [remote 10.0.0.179:44766] 2026-07-03 12:13:03.672 12 WARNING keystone.common.fernet_utils [None req-eebbea67-8600-452f-847b-c3333e2b6590 - - - - - -] key_repository is world readable: /etc/keystone/fernet-keys/ 10.0.0.179 - - [03/Jul/2026:12:13:03 +0000] "POST /v3/auth/tokens HTTP/1.1" 201 1360 10.0.0.179 - - [03/Jul/2026:12:13:03 +0000] "GET /v3/services HTTP/1.1" 200 355 10.0.0.179 - - [03/Jul/2026:12:13:07 +0000] "GET / HTTP/1.1" 300 295
[Fri Jul 03 12:13:07.377209 2026] [wsgi:error] [pid 10:tid 140076334646976] [remote 10.0.0.179:56252] 2026-07-03 12:13:07.376 10 WARNING keystone.common.password_hashing [None req-06d46dec-fbdd-4f52-8564-6dac5433c8ae - - - - - -] Truncating password to algorithm specific maximum length 72 characters.
[Fri Jul 03 12:13:07.657594 2026] [wsgi:error] [pid 10:tid 140076334646976] [remote 10.0.0.179:56252] 2026-07-03 12:13:07.657 10 WARNING keystone.common.fernet_utils [None req-06d46dec-fbdd-4f52-8564-6dac5433c8ae - - - - - -] key_repository is world readable: /etc/keystone/fernet-keys/ 10.0.0.179 - - [03/Jul/2026:12:13:07 +0000] "POST /v3/auth/tokens HTTP/1.1" 201 1360 10.0.0.179 - - [03/Jul/2026:12:13:07 +0000] "GET /v3/services HTTP/1.1" 200 355 10.0.0.179 - - [03/Jul/2026:12:13:11 +0000] "GET / HTTP/1.1" 300 295
[Fri Jul 03 12:13:11.347121 2026] [wsgi:error] [pid 11:tid 140076334646976] [remote 10.0.0.179:56264] 2026-07-03 12:13:11.346 11 WARNING keystone.common.password_hashing [None req-bf42571b-ff32-4300-9808-0395227847fd - - - - - -] Truncating password to algorithm specific maximum length 72 characters.
[Fri Jul 03 12:13:11.625281 2026] [wsgi:error] [pid 11:tid 140076334646976] [remote 10.0.0.179:56264] 2026-07-03 12:13:11.625 11 WARNING keystone.common.fernet_utils [None req-bf42571b-ff32-4300-9808-0395227847fd - - - - - -] key_repository is world readable: /etc/keystone/fernet-keys/ 10.0.0.179 - - [03/Jul/2026:12:13:11 +0000] "POST /v3/auth/tokens HTTP/1.1" 201 1360 10.0.0.179 - - [03/Jul/2026:12:13:11 +0000] "POST /v3/services HTTP/1.1" 201 296 10.0.0.118 - - [03/Jul/2026:12:13:23 +0000] "GET / HTTP/1.1" 300 295
[Fri Jul 03 12:13:23.436038 2026] [wsgi:error] [pid 9:tid 140076334646976] [remote 10.0.0.118:55426] 2026-07-03 12:13:23.435 9 WARNING keystone.common.password_hashing [None req-ff5595c2-3e9e-4401-b8cc-b32665b1e7a1 - - - - - -] Truncating password to algorithm specific maximum length 72 characters. 10.0.0.118 - - [03/Jul/2026:12:13:23 +0000] "GET / HTTP/1.1" 300 295
[Fri Jul 03 12:13:23.674728 2026] [wsgi:error] [pid 10:tid 140076334646976] [remote 10.0.0.118:55436] 2026-07-03 12:13:23.674 10 WARNING keystone.common.password_hashing [None req-3b61ac53-3835-4736-b188-42a63ccca6c6 - - - - - -] Truncating password to algorithm specific maximum length 72 characters. 10.0.0.118 - - [03/Jul/2026:12:13:23 +0000] "GET / HTTP/1.1" 300 295
[Fri Jul 03 12:13:23.696293 2026] [wsgi:error] [pid 11:tid 140076334646976] [remote 10.0.0.118:55452] 2026-07-03 12:13:23.696 11 WARNING keystone.common.password_hashing [None req-3eaf7cc5-e1c9-4bd0-9723-9a8aa872e82d - - - - - -] Truncating password to algorithm specific maximum length 72 characters.
[Fri Jul 03 12:13:23.714718 2026] [wsgi:error] [pid 9:tid 140076334646976] [remote 10.0.0.118:55426] 2026-07-03 12:13:23.714 9 WARNING keystone.common.fernet_utils [None req-ff5595c2-3e9e-4401-b8cc-b32665b1e7a1 - - - - - -] key_repository is world readable: /etc/keystone/fernet-keys/ 10.0.0.118 - - [03/Jul/2026:12:13:23 +0000] "POST /v3/auth/tokens HTTP/1.1" 201 1464 10.0.0.118 - - [03/Jul/2026:12:13:23 +0000] "GET /v3/services HTTP/1.1" 200 639
[Fri Jul 03 12:13:23.954169 2026] [wsgi:error] [pid 10:tid 140076334646976] [remote 10.0.0.118:55436] 2026-07-03 12:13:23.953 10 WARNING keystone.common.fernet_utils [None req-3b61ac53-3835-4736-b188-42a63ccca6c6 - - - - - -] key_repository is world readable: /etc/keystone/fernet-keys/
[Fri Jul 03 12:13:23.963838 2026] [wsgi:error] [pid 11:tid 140076334646976] [remote 10.0.0.118:55452] 2026-07-03 12:13:23.963 11 WARNING keystone.common.fernet_utils [None req-3eaf7cc5-e1c9-4bd0-9723-9a8aa872e82d - - - - - -] key_repository is world readable: /etc/keystone/fernet-keys/ 10.0.0.118 - - [03/Jul/2026:12:13:23 +0000] "POST /v3/auth/tokens HTTP/1.1" 201 1464 10.0.0.118 - - [03/Jul/2026:12:13:23 +0000] "POST /v3/auth/tokens HTTP/1.1" 201 1464 10.0.0.118 - - [03/Jul/2026:12:13:24 +0000] "GET /v3/services HTTP/1.1" 200 639 10.0.0.118 - - [03/Jul/2026:12:13:24 +0000] "GET /v3/services HTTP/1.1" 200 639 10.0.0.118 - - [03/Jul/2026:12:13:25 +0000] "GET / HTTP/1.1" 300 295
[Fri Jul 03 12:13:25.380128 2026] [wsgi:error] [pid 11:tid 140076334646976] [remote 10.0.0.118:55454] 2026-07-03 12:13:25.379 11 WARNING keystone.common.password_hashing [None req-2db94ccb-b3b5-4765-8627-8d829bb6f0c4 - - - - - -] Truncating password to algorithm specific maximum length 72 characters. 10.0.0.118 - - [03/Jul/2026:12:13:25 +0000] "GET / HTTP/1.1" 300 295 10.0.0.118 - - [03/Jul/2026:12:13:25 +0000] "GET / HTTP/1.1" 300 295
[Fri Jul 03 12:13:25.650015 2026] [wsgi:error] [pid 11:tid 140076334646976] [remote 10.0.0.118:55454] 2026-07-03 12:13:25.649 11 WARNING keystone.common.fernet_utils [None req-2db94ccb-b3b5-4765-8627-8d829bb6f0c4 - - - - - -] key_repository is world readable: /etc/keystone/fernet-keys/
[Fri Jul 03 12:13:25.650787 2026] [wsgi:error] [pid 12:tid 140076334646976] [remote 10.0.0.118:55460] 2026-07-03 12:13:25.650 12 WARNING keystone.common.password_hashing [None req-93a0d90a-bac0-45b0-a226-2454b07ca523 - - - - - -] Truncating password to algorithm specific maximum length 72 characters. 10.0.0.118 - - [03/Jul/2026:12:13:25 +0000] "POST /v3/auth/tokens HTTP/1.1" 201 1464
[Fri Jul 03 12:13:25.659474 2026] [wsgi:error] [pid 9:tid 140076334646976] [remote 10.0.0.118:55474] 2026-07-03 12:13:25.659 9 WARNING keystone.common.password_hashing [None req-293b1843-74f3-4f5f-9ef5-813a16109808 - - - - - -] Truncating password to algorithm specific maximum length 72 characters. 10.0.0.118 - - [03/Jul/2026:12:13:25 +0000] "GET /v3/endpoints HTTP/1.1" 200 1227 10.0.0.118 - - [03/Jul/2026:12:13:25 +0000] "GET /v3/services/c0e4d54b304b4343aaa7eae70fc48160 HTTP/1.1" 200 233 10.0.0.118 - - [03/Jul/2026:12:13:25 +0000] "GET /v3/services/c0e4d54b304b4343aaa7eae70fc48160 HTTP/1.1" 200 233 10.0.0.118 - - [03/Jul/2026:12:13:25 +0000] "GET /v3/services/c0e4d54b304b4343aaa7eae70fc48160 HTTP/1.1" 200 233
[Fri Jul 03 12:13:25.921580 2026] [wsgi:error] [pid 12:tid 140076334646976] [remote 10.0.0.118:55460] 2026-07-03 12:13:25.921 12 WARNING keystone.common.fernet_utils [None req-93a0d90a-bac0-45b0-a226-2454b07ca523 - - - - - -] key_repository is world readable: /etc/keystone/fernet-keys/ 10.0.0.118 - - [03/Jul/2026:12:13:25 +0000] "POST /v3/auth/tokens HTTP/1.1" 201 1464
[Fri Jul 03 12:13:25.931831 2026] [wsgi:error] [pid 9:tid 140076334646976] [remote 10.0.0.118:55474] 2026-07-03 12:13:25.931 9 WARNING keystone.common.fernet_utils [None req-293b1843-74f3-4f5f-9ef5-813a16109808 - - - - - -] key_repository is world readable: /etc/keystone/fernet-keys/ 10.0.0.118 - - [03/Jul/2026:12:13:25 +0000] "POST /v3/auth/tokens HTTP/1.1" 201 1464 10.0.0.118 - - [03/Jul/2026:12:13:26 +0000] "GET /v3/endpoints HTTP/1.1" 200 1227 10.0.0.118 - - [03/Jul/2026:12:13:26 +0000] "GET /v3/services/c0e4d54b304b4343aaa7eae70fc48160 HTTP/1.1" 200 233 10.0.0.118 - - [03/Jul/2026:12:13:26 +0000] "GET /v3/endpoints HTTP/1.1" 200 1227 10.0.0.118 - - [03/Jul/2026:12:13:26 +0000] "GET /v3/services/c0e4d54b304b4343aaa7eae70fc48160 HTTP/1.1" 200 233 10.0.0.118 - - [03/Jul/2026:12:13:26 +0000] "GET /v3/services/c0e4d54b304b4343aaa7eae70fc48160 HTTP/1.1" 200 233 10.0.0.118 - - [03/Jul/2026:12:13:26 +0000] "GET /v3/services/c0e4d54b304b4343aaa7eae70fc48160 HTTP/1.1" 200 233 10.0.0.118 - - [03/Jul/2026:12:13:26 +0000] "GET /v3/services/c0e4d54b304b4343aaa7eae70fc48160 HTTP/1.1" 200 233 10.0.0.118 - - [03/Jul/2026:12:13:26 +0000] "GET /v3/services/c0e4d54b304b4343aaa7eae70fc48160 HTTP/1.1" 200 233 10.0.0.118 - - [03/Jul/2026:12:13:27 +0000] "GET / HTTP/1.1" 300 295
[Fri Jul 03 12:13:27.299090 2026] [wsgi:error] [pid 10:tid 140076334646976] [remote 10.0.0.118:47388] 2026-07-03 12:13:27.298 10 WARNING keystone.common.password_hashing [None req-5e671763-468d-4e1c-84f9-d171d0de2355 - - - - - -] Truncating password to algorithm specific maximum length 72 characters. 10.0.0.118 - - [03/Jul/2026:12:13:27 +0000] "GET / HTTP/1.1" 300 295
[Fri Jul 03 12:13:27.576168 2026] [wsgi:error] [pid 9:tid 140076334646976] [remote 10.0.0.118:47398] 2026-07-03 12:13:27.575 9 WARNING keystone.common.password_hashing [None req-fa6e024b-848a-4b96-b6a5-3c61d54cac23 - - - - - -] Truncating password to algorithm specific maximum length 72 characters.
[Fri Jul 03 12:13:27.590984 2026] [wsgi:error] [pid 10:tid 140076334646976] [remote 10.0.0.118:47388] 2026-07-03 12:13:27.590 10 WARNING keystone.common.fernet_utils [None req-5e671763-468d-4e1c-84f9-d171d0de2355 - - - - - -] key_repository is world readable: /etc/keystone/fernet-keys/ 10.0.0.118 - - [03/Jul/2026:12:13:27 +0000] "GET / HTTP/1.1" 300 295 10.0.0.118 - - [03/Jul/2026:12:13:27 +0000] "POST /v3/auth/tokens HTTP/1.1" 201 1464
[Fri Jul 03 12:13:27.622243 2026] [wsgi:error] [pid 11:tid 140076334646976] [remote 10.0.0.118:47410] 2026-07-03 12:13:27.622 11 WARNING keystone.common.password_hashing [None req-21864df1-e1c8-48a9-a19c-7fcc866e8f35 - - - - - -] Truncating password to algorithm specific maximum length 72 characters. 10.0.0.118 - - [03/Jul/2026:12:13:27 +0000] "GET /v3/services/7b8fae33274a48089f13f5673752ac2d HTTP/1.1" 200 296 10.0.0.118 - - [03/Jul/2026:12:13:27 +0000] "GET /v3/regions/RegionOne HTTP/1.1" 200 173
[Fri Jul 03 12:13:27.860954 2026] [wsgi:error] [pid 9:tid 140076334646976] [remote 10.0.0.118:47398] 2026-07-03 12:13:27.860 9 WARNING keystone.common.fernet_utils [None req-fa6e024b-848a-4b96-b6a5-3c61d54cac23 - - - - - -] key_repository is world readable: /etc/keystone/fernet-keys/ 10.0.0.118 - - [03/Jul/2026:12:13:27 +0000] "POST /v3/auth/tokens HTTP/1.1" 201 1464
[Fri Jul 03 12:13:27.888931 2026] [wsgi:error] [pid 11:tid 140076334646976] [remote 10.0.0.118:47410] 2026-07-03 12:13:27.888 11 WARNING keystone.common.fernet_utils [None req-21864df1-e1c8-48a9-a19c-7fcc866e8f35 - - - - - -] key_repository is world readable: /etc/keystone/fernet-keys/ 10.0.0.118 - - [03/Jul/2026:12:13:27 +0000] "POST /v3/auth/tokens HTTP/1.1" 201 1464 10.0.0.118 - - [03/Jul/2026:12:13:27 +0000] "POST /v3/endpoints HTTP/1.1" 201 380 10.0.0.118 - - [03/Jul/2026:12:13:27 +0000] "GET /v3/services/7b8fae33274a48089f13f5673752ac2d HTTP/1.1" 200 296 10.0.0.118 - - [03/Jul/2026:12:13:27 +0000] "GET /v3/services/7b8fae33274a48089f13f5673752ac2d HTTP/1.1" 200 296 10.0.0.118 - - [03/Jul/2026:12:13:28 +0000] "GET /v3/regions/RegionOne HTTP/1.1" 200 173 10.0.0.118 - - [03/Jul/2026:12:13:28 +0000] "GET /v3/regions/RegionOne HTTP/1.1" 200 173 10.0.0.118 - - [03/Jul/2026:12:13:28 +0000] "POST /v3/endpoints HTTP/1.1" 201 370 10.0.0.118 - - [03/Jul/2026:12:13:28 +0000] "POST /v3/endpoints HTTP/1.1" 201 383 10.0.0.118 - - [03/Jul/2026:12:13:29 +0000] "GET / HTTP/1.1" 300 295
[Fri Jul 03 12:13:29.451058 2026] [wsgi:error] [pid 12:tid 140076334646976] [remote 10.0.0.118:47420] 2026-07-03 12:13:29.450 12 WARNING keystone.common.password_hashing [None req-90fa519e-17d9-4fc9-a061-263293cf7629 - - - - - -] Truncating password to algorithm specific maximum length 72 characters. 10.0.0.118 - - [03/Jul/2026:12:13:29 +0000] "GET / HTTP/1.1" 300 295
[Fri Jul 03 12:13:29.566869 2026] [wsgi:error] [pid 9:tid 140076334646976] [remote 10.0.0.118:47428] 2026-07-03 12:13:29.566 9 WARNING keystone.common.password_hashing [None req-816c3430-d855-4c3f-9970-9478953be8d3 - - - - - -] Truncating password to algorithm specific maximum length 72 characters.
[Fri Jul 03 12:13:29.732189 2026] [wsgi:error] [pid 12:tid 140076334646976] [remote 10.0.0.118:47420] 2026-07-03 12:13:29.732 12 WARNING keystone.common.fernet_utils [None req-90fa519e-17d9-4fc9-a061-263293cf7629 - - - - - -] key_repository is world readable: /etc/keystone/fernet-keys/ 10.0.0.118 - - [03/Jul/2026:12:13:29 +0000] "GET / HTTP/1.1" 300 295 10.0.0.118 - - [03/Jul/2026:12:13:29 +0000] "POST /v3/auth/tokens HTTP/1.1" 201 1992
[Fri Jul 03 12:13:29.756826 2026] [wsgi:error] [pid 10:tid 140076334646976] [remote 10.0.0.118:47436] 2026-07-03 12:13:29.756 10 WARNING keystone.common.password_hashing [None req-9a43783f-96b7-4576-9d54-887246fef6a6 - - - - - -] Truncating password to algorithm specific maximum length 72 characters.
[Fri Jul 03 12:13:29.859994 2026] [wsgi:error] [pid 9:tid 140076334646976] [remote 10.0.0.118:47428] 2026-07-03 12:13:29.859 9 WARNING keystone.common.fernet_utils [None req-816c3430-d855-4c3f-9970-9478953be8d3 - - - - - -] key_repository is world readable: /etc/keystone/fernet-keys/ 10.0.0.118 - - [03/Jul/2026:12:13:29 +0000] "POST /v3/auth/tokens HTTP/1.1" 201 1992 10.0.0.118 - - [03/Jul/2026:12:13:29 +0000] "GET /v3/endpoints/48e1c983cc174e129a1384a51fc49c81 HTTP/1.1" 200 380 10.0.0.118 - - [03/Jul/2026:12:13:29 +0000] "GET /v3/services/7b8fae33274a48089f13f5673752ac2d HTTP/1.1" 200 296 10.0.0.118 - - [03/Jul/2026:12:13:29 +0000] "GET /v3/endpoints/79e4ff87729f4794ab11c25c63f0525a HTTP/1.1" 200 370 10.0.0.118 - - [03/Jul/2026:12:13:29 +0000] "GET /v3/services/7b8fae33274a48089f13f5673752ac2d HTTP/1.1" 200 296
[Fri Jul 03 12:13:30.029536 2026] [wsgi:error] [pid 10:tid 140076334646976] [remote 10.0.0.118:47436] 2026-07-03 12:13:30.029 10 WARNING keystone.common.fernet_utils [None req-9a43783f-96b7-4576-9d54-887246fef6a6 - - - - - -] key_repository is world readable: /etc/keystone/fernet-keys/ 10.0.0.118 - - [03/Jul/2026:12:13:29 +0000] "POST /v3/auth/tokens HTTP/1.1" 201 1992 10.0.0.118 - - [03/Jul/2026:12:13:30 +0000] "GET /v3/endpoints/ea09285f24a747b3aa88213812faa82d HTTP/1.1" 200 383 10.0.0.118 - - [03/Jul/2026:12:13:30 +0000] "GET /v3/services/7b8fae33274a48089f13f5673752ac2d HTTP/1.1" 200 296 10.0.0.192 - - [03/Jul/2026:12:13:41 +0000] "GET /v3/ HTTP/1.1" 200 250 10.0.0.192 - - [03/Jul/2026:12:13:41 +0000] "GET /v3/ HTTP/1.1" 200 250 10.0.0.99 - - [03/Jul/2026:12:13:42 +0000] "GET / HTTP/1.1" 300 295
[Fri Jul 03 12:13:42.641842 2026] [wsgi:error] [pid 9:tid 140076334646976] [remote 10.0.0.99:56506] 2026-07-03 12:13:42.641 9 WARNING keystone.common.password_hashing [None req-482da6db-46a9-4135-8c9f-e34e64f1f8a3 - - - - - -] Truncating password to algorithm specific maximum length 72 characters.
[Fri Jul 03 12:13:42.915730 2026] [wsgi:error] [pid 9:tid 140076334646976] [remote 10.0.0.99:56506] 2026-07-03 12:13:42.915 9 WARNING keystone.common.fernet_utils [None req-482da6db-46a9-4135-8c9f-e34e64f1f8a3 - - - - - -] key_repository is world readable: /etc/keystone/fernet-keys/ 10.0.0.99 - - [03/Jul/2026:12:13:42 +0000] "POST /v3/auth/tokens HTTP/1.1" 201 1992 10.0.0.99 - - [03/Jul/2026:12:13:43 +0000] "POST /v3/domains HTTP/1.1" 201 284 10.0.0.99 - - [03/Jul/2026:12:13:44 +0000] "GET / HTTP/1.1" 300 295
[Fri Jul 03 12:13:44.586274 2026] [wsgi:error] [pid 12:tid 140076334646976] [remote 10.0.0.99:56520] 2026-07-03 12:13:44.586 12 WARNING keystone.common.password_hashing [None req-f0c86223-f7d4-4786-bccc-050ca807675f - - - - - -] Truncating password to algorithm specific maximum length 72 characters.
[Fri Jul 03 12:13:44.858591 2026] [wsgi:error] [pid 12:tid 140076334646976] [remote 10.0.0.99:56520] 2026-07-03 12:13:44.858 12 WARNING keystone.common.fernet_utils [None req-f0c86223-f7d4-4786-bccc-050ca807675f - - - - - -] key_repository is world readable: /etc/keystone/fernet-keys/ 10.0.0.99 - - [03/Jul/2026:12:13:44 +0000] "POST /v3/auth/tokens HTTP/1.1" 201 1992
[Fri Jul 03 12:13:45.036332 2026] [wsgi:error] [pid 9:tid 140076334646976] [remote 10.0.0.99:56520] 2026-07-03 12:13:45.020 9 ERROR keystone.server.flask.application [None req-4f639fd4-ebac-4f3b-a03e-c6c086be95c6 8552dfde81e546a9aa63258c88d0df06 e9c19d4712604599a4eddaa73d9676d0 - - default default] Conflict occurred attempting to store project - it is not permitted to have two projects acting as domains with the same name: service.: keystone.exception.Conflict: Conflict occurred attempting to store project - it is not permitted to have two projects acting as domains with the same name: service.
[Fri Jul 03 12:13:45.036360 2026] [wsgi:error] [pid 9:tid 140076334646976] [remote 10.0.0.99:56520] 2026-07-03 12:13:45.020 9 ERROR keystone.server.flask.application
Traceback (most recent call last):
[Fri Jul 03 12:13:45.036362 2026] [wsgi:error] [pid 9:tid 140076334646976] [remote 10.0.0.99:56520] 2026-07-03 12:13:45.020 9 ERROR keystone.server.flask.application
File "/var/lib/openstack/lib/python3.12/site-packages/sqlalchemy/engine/base.py", line 1969, in _exec_single_context
[Fri Jul 03 12:13:45.036363 2026] [wsgi:error] [pid 9:tid 140076334646976] [remote 10.0.0.99:56520] 2026-07-03 12:13:45.020 9 ERROR keystone.server.flask.application self.dialect.do_execute(
[Fri Jul 03 12:13:45.036365 2026] [wsgi:error] [pid 9:tid 140076334646976] [remote 10.0.0.99:56520] 2026-07-03 12:13:45.020 9 ERROR keystone.server.flask.application
File "/var/lib/openstack/lib/python3.12/site-packages/sqlalchemy/engine/default.py", line 952, in do_execute
[Fri Jul 03 12:13:45.036366 2026] [wsgi:error] [pid 9:tid 140076334646976] [remote 10.0.0.99:56520] 2026-07-03 12:13:45.020 9 ERROR keystone.server.flask.application cursor.execute(statement, parameters)
[Fri Jul 03 12:13:45.036368 2026] [wsgi:error] [pid 9:tid 140076334646976] [remote 10.0.0.99:56520] 2026-07-03 12:13:45.020 9 ERROR keystone.server.flask.application
File "/var/lib/openstack/lib/python3.12/site-packages/pymysql/cursors.py", line 159, in execute
[Fri Jul 03 12:13:45.036369 2026] [wsgi:error] [pid 9:tid 140076334646976] [remote 10.0.0.99:56520] 2026-07-03 12:13:45.020 9 ERROR keystone.server.flask.application result = self._query(query)
[Fri Jul 03 12:13:45.036371 2026] [wsgi:error] [pid 9:tid 140076334646976] [remote 10.0.0.99:56520] 2026-07-03 12:13:45.020 9 ERROR keystone.server.flask.application ^^^^^^^^^^^^^^^^^^
[Fri Jul 03 12:13:45.036372 2026] [wsgi:error] [pid 9:tid 140076334646976] [remote 10.0.0.99:56520] 2026-07-03 12:13:45.020 9 ERROR keystone.server.flask.application
File "/var/lib/openstack/lib/python3.12/site-packages/pymysql/cursors.py", line 330, in _query
[Fri Jul 03 12:13:45.036374 2026] [wsgi:error] [pid 9:tid 140076334646976] [remote 10.0.0.99:56520] 2026-07-03 12:13:45.020 9 ERROR keystone.server.flask.application conn.query(q)
[Fri Jul 03 12:13:45.036375 2026] [wsgi:error] [pid 9:tid 140076334646976] [remote 10.0.0.99:56520] 2026-07-03 12:13:45.020 9 ERROR keystone.server.flask.application
File "/var/lib/openstack/lib/python3.12/site-packages/pymysql/connections.py", line 582, in query
[Fri Jul 03 12:13:45.036376 2026] [wsgi:error] [pid 9:tid 140076334646976] [remote 10.0.0.99:56520] 2026-07-03 12:13:45.020 9 ERROR keystone.server.flask.application self._affected_rows = self._read_query_result(unbuffered=unbuffered)
[Fri Jul 03 12:13:45.036378 2026] [wsgi:error] [pid 9:tid 140076334646976] [remote 10.0.0.99:56520] 2026-07-03 12:13:45.020 9 ERROR keystone.server.flask.application ^^^^^^^^^^^^^^^^^^^^^^^^^^^^^^^^^^^^^^^^^^^^^^
[Fri Jul 03 12:13:45.036380 2026] [wsgi:error] [pid 9:tid 140076334646976] [remote 10.0.0.99:56520] 2026-07-03 12:13:45.020 9 ERROR keystone.server.flask.application
File "/var/lib/openstack/lib/python3.12/site-packages/pymysql/connections.py", line 847, in _read_query_result
[Fri Jul 03 12:13:45.036382 2026] [wsgi:error] [pid 9:tid 140076334646976] [remote 10.0.0.99:56520] 2026-07-03 12:13:45.020 9 ERROR keystone.server.flask.application result.read()
[Fri Jul 03 12:13:45.036383 2026] [wsgi:error] [pid 9:tid 140076334646976] [remote 10.0.0.99:56520] 2026-07-03 12:13:45.020 9 ERROR keystone.server.flask.application
File "/var/lib/openstack/lib/python3.12/site-packages/pymysql/connections.py", line 1245, in read
[Fri Jul 03 12:13:45.036386 2026] [wsgi:error] [pid 9:tid 140076334646976] [remote 10.0.0.99:56520] 2026-07-03 12:13:45.020 9 ERROR keystone.server.flask.application first_packet = self.connection._read_packet()
[Fri Jul 03 12:13:45.036388 2026] [wsgi:error] [pid 9:tid 140076334646976] [remote 10.0.0.99:56520] 2026-07-03 12:13:45.020 9 ERROR keystone.server.flask.application ^^^^^^^^^^^^^^^^^^^^^^^^^^^^^^
[Fri Jul 03 12:13:45.036389 2026] [wsgi:error] [pid 9:tid 140076334646976] [remote 10.0.0.99:56520] 2026-07-03 12:13:45.020 9 ERROR keystone.server.flask.application
File "/var/lib/openstack/lib/python3.12/site-packages/pymysql/connections.py", line 803, in _read_packet
[Fri Jul 03 12:13:45.036391 2026] [wsgi:error] [pid 9:tid 140076334646976] [remote 10.0.0.99:56520] 2026-07-03 12:13:45.020 9 ERROR keystone.server.flask.application packet.raise_for_error()
[Fri Jul 03 12:13:45.036392 2026] [wsgi:error] [pid 9:tid 140076334646976] [remote 10.0.0.99:56520] 2026-07-03 12:13:45.020 9 ERROR keystone.server.flask.application
File "/var/lib/openstack/lib/python3.12/site-packages/pymysql/protocol.py", line 219, in raise_for_error
[Fri Jul 03 12:13:45.036393 2026] [wsgi:error] [pid 9:tid 140076334646976] [remote 10.0.0.99:56520] 2026-07-03 12:13:45.020 9 ERROR keystone.server.flask.application err.raise_mysql_exception(self._data)
[Fri Jul 03 12:13:45.036395 2026] [wsgi:error] [pid 9:tid 140076334646976] [remote 10.0.0.99:56520] 2026-07-03 12:13:45.020 9 ERROR keystone.server.flask.application
File "/var/lib/openstack/lib/python3.12/site-packages/pymysql/err.py", line 154, in raise_mysql_exception
[Fri Jul 03 12:13:45.036396 2026] [wsgi:error] [pid 9:tid 140076334646976] [remote 10.0.0.99:56520] 2026-07-03 12:13:45.020 9 ERROR keystone.server.flask.application raise errorclass(errno, errval, sqlstate=sqlstate)
[Fri Jul 03 12:13:45.036398 2026] [wsgi:error] [pid 9:tid 140076334646976] [remote 10.0.0.99:56520] 2026-07-03 12:13:45.020 9 ERROR keystone.server.flask.application pymysql.err.IntegrityError: (1062, "Duplicate entry '<>-service' for key 'project.ixu_project_name_domain_id'")
[Fri Jul 03 12:13:45.036399 2026] [wsgi:error] [pid 9:tid 140076334646976] [remote 10.0.0.99:56520] 2026-07-03 12:13:45.020 9 ERROR keystone.server.flask.application
[Fri Jul 03 12:13:45.036400 2026] [wsgi:error] [pid 9:tid 140076334646976] [remote 10.0.0.99:56520] 2026-07-03 12:13:45.020 9 ERROR keystone.server.flask.application The above exception was the direct cause of the following exception:
[Fri Jul 03 12:13:45.036402 2026] [wsgi:error] [pid 9:tid 140076334646976] [remote 10.0.0.99:56520] 2026-07-03 12:13:45.020 9 ERROR keystone.server.flask.application
[Fri Jul 03 12:13:45.036403 2026] [wsgi:error] [pid 9:tid 140076334646976] [remote 10.0.0.99:56520] 2026-07-03 12:13:45.020 9 ERROR keystone.server.flask.application
Traceback (most recent call last):
[Fri Jul 03 12:13:45.036404 2026] [wsgi:error] [pid 9:tid 140076334646976] [remote 10.0.0.99:56520] 2026-07-03 12:13:45.020 9 ERROR keystone.server.flask.application
File "/var/lib/openstack/lib/python3.12/site-packages/keystone/common/sql/core.py", line 575, in wrapper
[Fri Jul 03 12:13:45.036406 2026] [wsgi:error] [pid 9:tid 140076334646976] [remote 10.0.0.99:56520] 2026-07-03 12:13:45.020 9 ERROR keystone.server.flask.application return method(*args, **kwargs)
[Fri Jul 03 12:13:45.036407 2026] [wsgi:error] [pid 9:tid 140076334646976] [remote 10.0.0.99:56520] 2026-07-03 12:13:45.020 9 ERROR keystone.server.flask.application ^^^^^^^^^^^^^^^^^^^^^^^
[Fri Jul 03 12:13:45.036409 2026] [wsgi:error] [pid 9:tid 140076334646976] [remote 10.0.0.99:56520] 2026-07-03 12:13:45.020 9 ERROR keystone.server.flask.application
File "/var/lib/openstack/lib/python3.12/site-packages/keystone/resource/backends/sql.py", line 278, in create_project
[Fri Jul 03 12:13:45.036411 2026] [wsgi:error] [pid 9:tid 140076334646976] [remote 10.0.0.99:56520] 2026-07-03 12:13:45.020 9 ERROR keystone.server.flask.application with sql.session_for_write() as session:
[Fri Jul 03 12:13:45.036412 2026] [wsgi:error] [pid 9:tid 140076334646976] [remote 10.0.0.99:56520] 2026-07-03 12:13:45.020 9 ERROR keystone.server.flask.application
File "/usr/lib/python3.12/contextlib.py", line 144, in __exit__
[Fri Jul 03 12:13:45.036414 2026] [wsgi:error] [pid 9:tid 140076334646976] [remote 10.0.0.99:56520] 2026-07-03 12:13:45.020 9 ERROR keystone.server.flask.application next(self.gen)
[Fri Jul 03 12:13:45.036425 2026] [wsgi:error] [pid 9:tid 140076334646976] [remote 10.0.0.99:56520] 2026-07-03 12:13:45.020 9 ERROR keystone.server.flask.application
File "/var/lib/openstack/lib/python3.12/site-packages/oslo_db/sqlalchemy/enginefacade.py", line 1175, in _transaction_scope
[Fri Jul 03 12:13:45.036427 2026] [wsgi:error] [pid 9:tid 140076334646976] [remote 10.0.0.99:56520] 2026-07-03 12:13:45.020 9 ERROR keystone.server.flask.application with current._produce_block(
[Fri Jul 03 12:13:45.036429 2026] [wsgi:error] [pid 9:tid 140076334646976] [remote 10.0.0.99:56520] 2026-07-03 12:13:45.020 9 ERROR keystone.server.flask.application
File "/usr/lib/python3.12/contextlib.py", line 144, in __exit__
[Fri Jul 03 12:13:45.036431 2026] [wsgi:error] [pid 9:tid 140076334646976] [remote 10.0.0.99:56520] 2026-07-03 12:13:45.020 9 ERROR keystone.server.flask.application next(self.gen)
[Fri Jul 03 12:13:45.036432 2026] [wsgi:error] [pid 9:tid 140076334646976] [remote 10.0.0.99:56520] 2026-07-03 12:13:45.020 9 ERROR keystone.server.flask.application
File "/var/lib/openstack/lib/python3.12/site-packages/oslo_db/sqlalchemy/enginefacade.py", line 837, in _session
[Fri Jul 03 12:13:45.036434 2026] [wsgi:error] [pid 9:tid 140076334646976] [remote 10.0.0.99:56520] 2026-07-03 12:13:45.020 9 ERROR keystone.server.flask.application with excutils.save_and_reraise_exception():
[Fri Jul 03 12:13:45.036436 2026] [wsgi:error] [pid 9:tid 140076334646976] [remote 10.0.0.99:56520] 2026-07-03 12:13:45.020 9 ERROR keystone.server.flask.application
File "/var/lib/openstack/lib/python3.12/site-packages/oslo_utils/excutils.py", line 266, in __exit__
[Fri Jul 03 12:13:45.036438 2026] [wsgi:error] [pid 9:tid 140076334646976] [remote 10.0.0.99:56520] 2026-07-03 12:13:45.020 9 ERROR keystone.server.flask.application self.force_reraise()
[Fri Jul 03 12:13:45.036439 2026] [wsgi:error] [pid 9:tid 140076334646976] [remote 10.0.0.99:56520] 2026-07-03 12:13:45.020 9 ERROR keystone.server.flask.application
File "/var/lib/openstack/lib/python3.12/site-packages/oslo_utils/excutils.py", line 232, in force_reraise
[Fri Jul 03 12:13:45.036441 2026] [wsgi:error] [pid 9:tid 140076334646976] [remote 10.0.0.99:56520] 2026-07-03 12:13:45.020 9 ERROR keystone.server.flask.application raise self.value
[Fri Jul 03 12:13:45.036443 2026] [wsgi:error] [pid 9:tid 140076334646976] [remote 10.0.0.99:56520] 2026-07-03 12:13:45.020 9 ERROR keystone.server.flask.application
File "/var/lib/openstack/lib/python3.12/site-packages/oslo_db/sqlalchemy/enginefacade.py", line 835, in _session
[Fri Jul 03 12:13:45.036445 2026] [wsgi:error] [pid 9:tid 140076334646976] [remote 10.0.0.99:56520] 2026-07-03 12:13:45.020 9 ERROR keystone.server.flask.application self._end_session_transaction(self.session)
[Fri Jul 03 12:13:45.036446 2026] [wsgi:error] [pid 9:tid 140076334646976] [remote 10.0.0.99:56520] 2026-07-03 12:13:45.020 9 ERROR keystone.server.flask.application
File "/var/lib/openstack/lib/python3.12/site-packages/oslo_db/sqlalchemy/enginefacade.py", line 748, in _end_session_transaction
[Fri Jul 03 12:13:45.036448 2026] [wsgi:error] [pid 9:tid 140076334646976] [remote 10.0.0.99:56520] 2026-07-03 12:13:45.020 9 ERROR keystone.server.flask.application session.commit()
[Fri Jul 03 12:13:45.036449 2026] [wsgi:error] [pid 9:tid 140076334646976] [remote 10.0.0.99:56520] 2026-07-03 12:13:45.020 9 ERROR keystone.server.flask.application
File "/var/lib/openstack/lib/python3.12/site-packages/sqlalchemy/orm/session.py", line 2034, in commit
[Fri Jul 03 12:13:45.036451 2026] [wsgi:error] [pid 9:tid 140076334646976] [remote 10.0.0.99:56520] 2026-07-03 12:13:45.020 9 ERROR keystone.server.flask.application trans.commit(_to_root=True)
[Fri Jul 03 12:13:45.036453 2026] [wsgi:error] [pid 9:tid 140076334646976] [remote 10.0.0.99:56520] 2026-07-03 12:13:45.020 9 ERROR keystone.server.flask.application File "", line 2, in commit
[Fri Jul 03 12:13:45.036455 2026] [wsgi:error] [pid 9:tid 140076334646976] [remote 10.0.0.99:56520] 2026-07-03 12:13:45.020 9 ERROR keystone.server.flask.application
File "/var/lib/openstack/lib/python3.12/site-packages/sqlalchemy/orm/state_changes.py", line 137, in _go
[Fri Jul 03 12:13:45.036461 2026] [wsgi:error] [pid 9:tid 140076334646976] [remote 10.0.0.99:56520] 2026-07-03 12:13:45.020 9 ERROR keystone.server.flask.application ret_value = fn(self, *arg, **kw)
[Fri Jul 03 12:13:45.036463 2026] [wsgi:error] [pid 9:tid 140076334646976] [remote 10.0.0.99:56520] 2026-07-03 12:13:45.020 9 ERROR keystone.server.flask.application ^^^^^^^^^^^^^^^^^^^^
[Fri Jul 03 12:13:45.036465 2026] [wsgi:error] [pid 9:tid 140076334646976] [remote 10.0.0.99:56520] 2026-07-03 12:13:45.020 9 ERROR keystone.server.flask.application
File "/var/lib/openstack/lib/python3.12/site-packages/sqlalchemy/orm/session.py", line 1315, in commit
[Fri Jul 03 12:13:45.036469 2026] [wsgi:error] [pid 9:tid 140076334646976] [remote 10.0.0.99:56520] 2026-07-03 12:13:45.020 9 ERROR keystone.server.flask.application self._prepare_impl()
[Fri Jul 03 12:13:45.036471 2026] [wsgi:error] [pid 9:tid 140076334646976] [remote 10.0.0.99:56520] 2026-07-03 12:13:45.020 9 ERROR keystone.server.flask.application File "", line 2, in _prepare_impl
[Fri Jul 03 12:13:45.036474 2026] [wsgi:error] [pid 9:tid 140076334646976] [remote 10.0.0.99:56520] 2026-07-03 12:13:45.020 9 ERROR keystone.server.flask.application
File "/var/lib/openstack/lib/python3.12/site-packages/sqlalchemy/orm/state_changes.py", line 137, in _go
[Fri Jul 03 12:13:45.036478 2026] [wsgi:error] [pid 9:tid 140076334646976] [remote 10.0.0.99:56520] 2026-07-03 12:13:45.020 9 ERROR keystone.server.flask.application ret_value = fn(self, *arg, **kw)
[Fri Jul 03 12:13:45.036480 2026] [wsgi:error] [pid 9:tid 140076334646976] [remote 10.0.0.99:56520] 2026-07-03 12:13:45.020 9 ERROR keystone.server.flask.application ^^^^^^^^^^^^^^^^^^^^
[Fri Jul 03 12:13:45.036483 2026] [wsgi:error] [pid 9:tid 140076334646976] [remote 10.0.0.99:56520] 2026-07-03 12:13:45.020 9 ERROR keystone.server.flask.application
File "/var/lib/openstack/lib/python3.12/site-packages/sqlalchemy/orm/session.py", line 1290, in _prepare_impl
[Fri Jul 03 12:13:45.036487 2026] [wsgi:error] [pid 9:tid 140076334646976] [remote 10.0.0.99:56520] 2026-07-03 12:13:45.020 9 ERROR keystone.server.flask.application self.session.flush()
[Fri Jul 03 12:13:45.036489 2026] [wsgi:error] [pid 9:tid 140076334646976] [remote 10.0.0.99:56520] 2026-07-03 12:13:45.020 9 ERROR keystone.server.flask.application
File "/var/lib/openstack/lib/python3.12/site-packages/sqlalchemy/orm/session.py", line 4352, in flush
[Fri Jul 03 12:13:45.036491 2026] [wsgi:error] [pid 9:tid 140076334646976] [remote 10.0.0.99:56520] 2026-07-03 12:13:45.020 9 ERROR keystone.server.flask.application self._flush(objects)
[Fri Jul 03 12:13:45.036492 2026] [wsgi:error] [pid 9:tid 140076334646976] [remote 10.0.0.99:56520] 2026-07-03 12:13:45.020 9 ERROR keystone.server.flask.application
File "/var/lib/openstack/lib/python3.12/site-packages/sqlalchemy/orm/session.py", line 4487, in _flush
[Fri Jul 03 12:13:45.036494 2026] [wsgi:error] [pid 9:tid 140076334646976] [remote 10.0.0.99:56520] 2026-07-03 12:13:45.020 9 ERROR keystone.server.flask.application with util.safe_reraise():
[Fri Jul 03 12:13:45.036497 2026] [wsgi:error] [pid 9:tid 140076334646976] [remote 10.0.0.99:56520] 2026-07-03 12:13:45.020 9 ERROR keystone.server.flask.application
File "/var/lib/openstack/lib/python3.12/site-packages/sqlalchemy/util/langhelpers.py", line 122, in __exit__
[Fri Jul 03 12:13:45.036500 2026] [wsgi:error] [pid 9:tid 140076334646976] [remote 10.0.0.99:56520] 2026-07-03 12:13:45.020 9 ERROR keystone.server.flask.application raise exc_value.with_traceback(exc_tb)
[Fri Jul 03 12:13:45.036503 2026] [wsgi:error] [pid 9:tid 140076334646976] [remote 10.0.0.99:56520] 2026-07-03 12:13:45.020 9 ERROR keystone.server.flask.application
File "/var/lib/openstack/lib/python3.12/site-packages/sqlalchemy/orm/session.py", line 4448, in _flush
[Fri Jul 03 12:13:45.036506 2026] [wsgi:error] [pid 9:tid 140076334646976] [remote 10.0.0.99:56520] 2026-07-03 12:13:45.020 9 ERROR keystone.server.flask.application flush_context.execute()
[Fri Jul 03 12:13:45.036509 2026] [wsgi:error] [pid 9:tid 140076334646976] [remote 10.0.0.99:56520] 2026-07-03 12:13:45.020 9 ERROR keystone.server.flask.application
File "/var/lib/openstack/lib/python3.12/site-packages/sqlalchemy/orm/unitofwork.py", line 465, in execute
