May 20 22:02:29.693133 np0000175541 devstack@neutron-api.service[103170]: DEBUG neutron.plugins.ml2.drivers.ovn.mech_driver.ovsdb.ovsdb_monitor [None req-5d86fecb-76c5-4316-8332-b7e3831701fe None None] Hash Ring: Node 719b72d7cd11597295de48ca2ebfe4c3 (host: np0000175541) handling event "create" for row b95e3c50-527f-4684-a624-51b1147d45e7 (table: ACL) {{(pid=103170) notify /opt/stack/neutron/neutron/plugins/ml2/drivers/ovn/mech_driver/ovsdb/ovsdb_monitor.py:986}}
May 20 22:02:29.698250 np0000175541 devstack@neutron-api.service[103170]: DEBUG neutron.common.ovn.hash_ring_manager [None req-5d86fecb-76c5-4316-8332-b7e3831701fe None None] Hash Ring loaded. 2 active nodes. 0 offline nodes {{(pid=103170) _load_hash_ring /opt/stack/neutron/neutron/common/ovn/hash_ring_manager.py:102}}
May 20 22:02:29.702112 np0000175541 devstack@neutron-api.service[103169]: DEBUG neutron.api.extensions [None req-31e0e35c-f978-48d7-909d-e6208559a252 None None] Extended resource: tags {{(pid=103169) __init__ /opt/stack/neutron/neutron/api/extensions.py:156}}
May 20 22:02:29.702989 np0000175541 devstack@neutron-api.service[103169]: DEBUG neutron.api.extensions [None req-31e0e35c-f978-48d7-909d-e6208559a252 None None] Extended resource: tags {{(pid=103169) __init__ /opt/stack/neutron/neutron/api/extensions.py:156}}
May 20 22:02:29.703620 np0000175541 devstack@neutron-api.service[103170]: DEBUG neutron.common.ovn.hash_ring_manager [None req-5d86fecb-76c5-4316-8332-b7e3831701fe None None] Hash Ring loaded. 2 active nodes. 0 offline nodes {{(pid=103170) _load_hash_ring /opt/stack/neutron/neutron/common/ovn/hash_ring_manager.py:102}}
May 20 22:02:29.703805 np0000175541 devstack@neutron-api.service[103169]: DEBUG neutron.api.extensions [None req-31e0e35c-f978-48d7-909d-e6208559a252 None None] Extended resource: tags {{(pid=103169) __init__ /opt/stack/neutron/neutron/api/extensions.py:156}}
May 20 22:02:29.703865 np0000175541 devstack@neutron-api.service[103170]: DEBUG neutron.plugins.ml2.drivers.ovn.mech_driver.ovsdb.ovsdb_monitor [None req-5d86fecb-76c5-4316-8332-b7e3831701fe None None] Hash Ring: Node 719b72d7cd11597295de48ca2ebfe4c3 (host: np0000175541) handling event "create" for row a23d6107-05ee-4484-a6d8-d6aa4ec01a2c (table: Connection) {{(pid=103170) notify /opt/stack/neutron/neutron/plugins/ml2/drivers/ovn/mech_driver/ovsdb/ovsdb_monitor.py:986}}
May 20 22:02:29.709535 np0000175541 devstack@neutron-api.service[103170]: DEBUG neutron.common.ovn.hash_ring_manager [None req-5d86fecb-76c5-4316-8332-b7e3831701fe None None] Hash Ring loaded. 2 active nodes. 0 offline nodes {{(pid=103170) _load_hash_ring /opt/stack/neutron/neutron/common/ovn/hash_ring_manager.py:102}}
May 20 22:02:29.713972 np0000175541 devstack@neutron-api.service[103170]: DEBUG neutron.common.ovn.hash_ring_manager [None req-5d86fecb-76c5-4316-8332-b7e3831701fe None None] Hash Ring loaded. 2 active nodes. 0 offline nodes {{(pid=103170) _load_hash_ring /opt/stack/neutron/neutron/common/ovn/hash_ring_manager.py:102}}
May 20 22:02:29.714084 np0000175541 devstack@neutron-api.service[103170]: DEBUG neutron.plugins.ml2.drivers.ovn.mech_driver.ovsdb.ovsdb_monitor [None req-5d86fecb-76c5-4316-8332-b7e3831701fe None None] Hash Ring: Node 719b72d7cd11597295de48ca2ebfe4c3 (host: np0000175541) handling event "create" for row 9d5022b0-1432-40f6-b933-1885893ca14c (table: Port_Group) {{(pid=103170) notify /opt/stack/neutron/neutron/plugins/ml2/drivers/ovn/mech_driver/ovsdb/ovsdb_monitor.py:986}}
May 20 22:02:29.714749 np0000175541 devstack@neutron-api.service[103169]: DEBUG neutron_lib.callbacks.manager [None req-31e0e35c-f978-48d7-909d-e6208559a252 None None] Publish callbacks ['neutron.plugins.ml2.drivers.ovn.mech_driver.mech_driver.OVNMechanismDriver.pre_fork_initialize-208181'] for process (None), before_spawn {{(pid=103169) _notify_loop /opt/stack/data/venv/lib/python3.12/site-packages/neutron_lib/callbacks/manager.py:184}}
May 20 22:02:29.715349 np0000175541 devstack@neutron-api.service[103169]: DEBUG oslo_concurrency.processutils [None req-31e0e35c-f978-48d7-909d-e6208559a252 None None] Running cmd (subprocess): ovsdb-client transact ssl:199.204.45.140:6641 --timeout 180 -p /opt/stack/data/CA/int-ca/private/devstack-cert.key -c /opt/stack/data/CA/int-ca/devstack-cert.crt -C /opt/stack/data/CA/int-ca/ca-chain.pem ["OVN_Northbound", {"op": "wait", "timeout": 0, "table": "Port_Group", "where": [["name", "==", "neutron_pg_drop"]], "until": "==", "rows": []}, {"op": "insert", "table": "ACL", "row": {"action": "drop", "direction": "to-lport", "match": "outport == @neutron_pg_drop && ip", "priority": 1001}, "uuid-name": "droptoport"}, {"op": "insert", "table": "ACL", "row": {"action": "drop", "direction": "from-lport", "match": "inport == @neutron_pg_drop && ip", "priority": 1001}, "uuid-name": "dropfromport"}, {"op": "insert", "table": "Port_Group", "row": {"name": "neutron_pg_drop", "acls": ["set", [["named-uuid", "droptoport"], ["named-uuid", "dropfromport"]]]}}] {{(pid=103169) execute /opt/stack/data/venv/lib/python3.12/site-packages/oslo_concurrency/processutils.py:440}}
May 20 22:02:29.719194 np0000175541 devstack@neutron-api.service[103170]: DEBUG neutron.common.ovn.hash_ring_manager [None req-5d86fecb-76c5-4316-8332-b7e3831701fe None None] Hash Ring loaded. 2 active nodes. 0 offline nodes {{(pid=103170) _load_hash_ring /opt/stack/neutron/neutron/common/ovn/hash_ring_manager.py:102}}
May 20 22:02:29.719351 np0000175541 devstack@neutron-api.service[103170]: DEBUG neutron.plugins.ml2.drivers.ovn.mech_driver.ovsdb.ovsdb_monitor [None req-5d86fecb-76c5-4316-8332-b7e3831701fe None None] Hash Ring: Node 719b72d7cd11597295de48ca2ebfe4c3 (host: np0000175541) handling event "create" for row 0674e69e-95e8-471c-b947-5012fb10a52f (table: SSL) {{(pid=103170) notify /opt/stack/neutron/neutron/plugins/ml2/drivers/ovn/mech_driver/ovsdb/ovsdb_monitor.py:986}}
May 20 22:02:29.720399 np0000175541 devstack@neutron-api.service[103170]: INFO neutron.plugins.ml2.drivers.ovn.mech_driver.ovsdb.impl_idl_ovn [None req-5d86fecb-76c5-4316-8332-b7e3831701fe None None] Getting OvsdbSbOvnIdl for WorkerService with retry
May 20 22:02:29.731612 np0000175541 devstack@neutron-api.service[103171]: DEBUG neutron.api.v2.resource_helper [None req-9d76a8a5-a943-4f73-8af2-e653bc976d0a None None] Service L3_ROUTER_NAT assigned prefix: {{(pid=103171) build_resource_info /opt/stack/neutron/neutron/api/v2/resource_helper.py:77}}
May 20 22:02:29.732082 np0000175541 devstack@neutron-api.service[103171]: DEBUG neutron.api.v2.resource_helper [None req-9d76a8a5-a943-4f73-8af2-e653bc976d0a None None] Service FLAVORS assigned prefix: {{(pid=103171) build_resource_info /opt/stack/neutron/neutron/api/v2/resource_helper.py:77}}
May 20 22:02:29.733100 np0000175541 devstack@neutron-api.service[103171]: DEBUG neutron.api.v2.resource_helper [None req-9d76a8a5-a943-4f73-8af2-e653bc976d0a None None] Service L3_ROUTER_NAT assigned prefix: {{(pid=103171) build_resource_info /opt/stack/neutron/neutron/api/v2/resource_helper.py:77}}
May 20 22:02:29.733543 np0000175541 devstack@neutron-api.service[103171]: DEBUG neutron.api.v2.resource_helper [None req-9d76a8a5-a943-4f73-8af2-e653bc976d0a None None] Service L3_ROUTER_NAT assigned prefix: {{(pid=103171) build_resource_info /opt/stack/neutron/neutron/api/v2/resource_helper.py:77}}
May 20 22:02:29.733660 np0000175541 devstack@neutron-api.service[103171]: INFO neutron.quota.resource_registry [None req-9d76a8a5-a943-4f73-8af2-e653bc976d0a None None] Creating instance of TrackedResource for resource:router
May 20 22:02:29.733838 np0000175541 devstack@neutron-api.service[103171]: WARNING neutron.quota.resource_registry [None req-9d76a8a5-a943-4f73-8af2-e653bc976d0a None None] router is already registered
May 20 22:02:29.734264 np0000175541 devstack@neutron-api.service[103171]: INFO neutron.quota.resource_registry [None req-9d76a8a5-a943-4f73-8af2-e653bc976d0a None None] Creating instance of TrackedResource for resource:floatingip
May 20 22:02:29.734393 np0000175541 devstack@neutron-api.service[103171]: WARNING neutron.quota.resource_registry [None req-9d76a8a5-a943-4f73-8af2-e653bc976d0a None None] floatingip is already registered
May 20 22:02:29.735880 np0000175541 devstack@neutron-api.service[103171]: INFO neutron.quota.resource_registry [None req-9d76a8a5-a943-4f73-8af2-e653bc976d0a None None] Creating instance of CountableResource for resource:rbac_policy
May 20 22:02:29.735989 np0000175541 devstack@neutron-api.service[103171]: WARNING neutron.quota.resource_registry [None req-9d76a8a5-a943-4f73-8af2-e653bc976d0a None None] rbac_policy is already registered
May 20 22:02:29.736611 np0000175541 devstack@neutron-api.service[103171]: INFO neutron.quota.resource_registry [None req-9d76a8a5-a943-4f73-8af2-e653bc976d0a None None] Creating instance of TrackedResource for resource:security_group
May 20 22:02:29.736734 np0000175541 devstack@neutron-api.service[103171]: WARNING neutron.quota.resource_registry [None req-9d76a8a5-a943-4f73-8af2-e653bc976d0a None None] security_group is already registered
May 20 22:02:29.737113 np0000175541 devstack@neutron-api.service[103171]: INFO neutron.quota.resource_registry [None req-9d76a8a5-a943-4f73-8af2-e653bc976d0a None None] Creating instance of TrackedResource for resource:security_group_rule
May 20 22:02:29.737230 np0000175541 devstack@neutron-api.service[103171]: WARNING neutron.quota.resource_registry [None req-9d76a8a5-a943-4f73-8af2-e653bc976d0a None None] security_group_rule is already registered
May 20 22:02:29.737917 np0000175541 devstack@neutron-api.service[103171]: DEBUG neutron.api.v2.resource_helper [None req-9d76a8a5-a943-4f73-8af2-e653bc976d0a None None] Service CORE assigned prefix: {{(pid=103171) build_resource_info /opt/stack/neutron/neutron/api/v2/resource_helper.py:77}}
May 20 22:02:29.738039 np0000175541 devstack@neutron-api.service[103171]: INFO neutron.quota.resource_registry [None req-9d76a8a5-a943-4f73-8af2-e653bc976d0a None None] Creating instance of TrackedResource for resource:subnetpool
May 20 22:02:29.738166 np0000175541 devstack@neutron-api.service[103171]: WARNING neutron.quota.resource_registry [None req-9d76a8a5-a943-4f73-8af2-e653bc976d0a None None] subnetpool is already registered
May 20 22:02:29.738817 np0000175541 devstack@neutron-api.service[103171]: DEBUG neutron.api.extensions [None req-9d76a8a5-a943-4f73-8af2-e653bc976d0a None None] Extended resource: extensions {{(pid=103171) __init__ /opt/stack/neutron/neutron/api/extensions.py:156}}
May 20 22:02:29.739659 np0000175541 devstack@neutron-api.service[103171]: DEBUG neutron.api.extensions [None req-9d76a8a5-a943-4f73-8af2-e653bc976d0a None None] Extended resource: address-groups {{(pid=103171) __init__ /opt/stack/neutron/neutron/api/extensions.py:156}}
May 20 22:02:29.740364 np0000175541 devstack@neutron-api.service[103171]: DEBUG neutron.api.extensions [None req-9d76a8a5-a943-4f73-8af2-e653bc976d0a None None] Extended resource: address-scopes {{(pid=103171) __init__ /opt/stack/neutron/neutron/api/extensions.py:156}}
May 20 22:02:29.740901 np0000175541 devstack@neutron-api.service[103171]: DEBUG neutron.api.extensions [None req-9d76a8a5-a943-4f73-8af2-e653bc976d0a None None] Extended resource: agents {{(pid=103171) __init__ /opt/stack/neutron/neutron/api/extensions.py:156}}
May 20 22:02:29.741446 np0000175541 devstack@neutron-api.service[103171]: DEBUG neutron.api.extensions [None req-9d76a8a5-a943-4f73-8af2-e653bc976d0a None None] Extended resource: auto-allocated-topology {{(pid=103171) __init__ /opt/stack/neutron/neutron/api/extensions.py:156}}
May 20 22:02:29.742004 np0000175541 devstack@neutron-api.service[103171]: DEBUG neutron.api.extensions [None req-9d76a8a5-a943-4f73-8af2-e653bc976d0a None None] Extended resource: availability_zones {{(pid=103171) __init__ /opt/stack/neutron/neutron/api/extensions.py:156}}
May 20 22:02:29.742531 np0000175541 devstack@neutron-api.service[103171]: DEBUG neutron.api.extensions [None req-9d76a8a5-a943-4f73-8af2-e653bc976d0a None None] Extended resource: dhcp-networks {{(pid=103171) __init__ /opt/stack/neutron/neutron/api/extensions.py:156}}
May 20 22:02:29.743276 np0000175541 devstack@neutron-api.service[103171]: DEBUG neutron.api.extensions [None req-9d76a8a5-a943-4f73-8af2-e653bc976d0a None None] Extended resource: dhcp-agents {{(pid=103171) __init__ /opt/stack/neutron/neutron/api/extensions.py:156}}
May 20 22:02:29.743954 np0000175541 devstack@neutron-api.service[103171]: DEBUG neutron.api.extensions [None req-9d76a8a5-a943-4f73-8af2-e653bc976d0a None None] Extended resource: routers {{(pid=103171) __init__ /opt/stack/neutron/neutron/api/extensions.py:156}}
May 20 22:02:29.744919 np0000175541 devstack@neutron-api.service[103171]: DEBUG neutron.api.extensions [None req-9d76a8a5-a943-4f73-8af2-e653bc976d0a None None] Extended resource: flavors {{(pid=103171) __init__ /opt/stack/neutron/neutron/api/extensions.py:156}}
May 20 22:02:29.745460 np0000175541 devstack@neutron-api.service[103171]: DEBUG neutron.api.extensions [None req-9d76a8a5-a943-4f73-8af2-e653bc976d0a None None] Extended resource: service_profiles {{(pid=103171) __init__ /opt/stack/neutron/neutron/api/extensions.py:156}}
May 20 22:02:29.746034 np0000175541 devstack@neutron-api.service[103171]: DEBUG neutron.api.extensions [None req-9d76a8a5-a943-4f73-8af2-e653bc976d0a None None] Extended resource: next_providers {{(pid=103171) __init__ /opt/stack/neutron/neutron/api/extensions.py:156}}
May 20 22:02:29.746595 np0000175541 devstack@neutron-api.service[103171]: DEBUG neutron.api.extensions [None req-9d76a8a5-a943-4f73-8af2-e653bc976d0a None None] Extended resource: service_profiles {{(pid=103171) __init__ /opt/stack/neutron/neutron/api/extensions.py:156}}
May 20 22:02:29.747325 np0000175541 devstack@neutron-api.service[103171]: DEBUG neutron.api.extensions [None req-9d76a8a5-a943-4f73-8af2-e653bc976d0a None None] Extended resource: floatingip-pools {{(pid=103171) __init__ /opt/stack/neutron/neutron/api/extensions.py:156}}
May 20 22:02:29.747846 np0000175541 devstack@neutron-api.service[103171]: DEBUG neutron.api.extensions [None req-9d76a8a5-a943-4f73-8af2-e653bc976d0a None None] Extended resource: routers {{(pid=103171) __init__ /opt/stack/neutron/neutron/api/extensions.py:156}}
May 20 22:02:29.748772 np0000175541 devstack@neutron-api.service[103171]: DEBUG neutron.api.extensions [None req-9d76a8a5-a943-4f73-8af2-e653bc976d0a None None] Extended resource: floatingips {{(pid=103171) __init__ /opt/stack/neutron/neutron/api/extensions.py:156}}
May 20 22:02:29.749324 np0000175541 devstack@neutron-api.service[103171]: DEBUG neutron.api.extensions [None req-9d76a8a5-a943-4f73-8af2-e653bc976d0a None None] Extended resource: network-ip-availabilities {{(pid=103171) __init__ /opt/stack/neutron/neutron/api/extensions.py:156}}
May 20 22:02:29.749983 np0000175541 devstack@neutron-api.service[103171]: DEBUG neutron.api.extensions [None req-9d76a8a5-a943-4f73-8af2-e653bc976d0a None None] Extended resource: network-ip-availabilities {{(pid=103171) __init__ /opt/stack/neutron/neutron/api/extensions.py:156}}
May 20 22:02:29.750417 np0000175541 devstack@neutron-api.service[103171]: DEBUG neutron.api.extensions [None req-9d76a8a5-a943-4f73-8af2-e653bc976d0a None None] Extended resource: bindings {{(pid=103171) __init__ /opt/stack/neutron/neutron/api/extensions.py:156}}
May 20 22:02:29.751167 np0000175541 devstack@neutron-api.service[103171]: DEBUG neutron.api.extensions [None req-9d76a8a5-a943-4f73-8af2-e653bc976d0a None None] Extended resource: quotas {{(pid=103171) __init__ /opt/stack/neutron/neutron/api/extensions.py:156}}
May 20 22:02:29.751965 np0000175541 devstack@neutron-api.service[103171]: DEBUG neutron.api.extensions [None req-9d76a8a5-a943-4f73-8af2-e653bc976d0a None None] Extended resource: quotas {{(pid=103171) __init__ /opt/stack/neutron/neutron/api/extensions.py:156}}
May 20 22:02:29.752536 np0000175541 devstack@neutron-api.service[103171]: DEBUG neutron.api.extensions [None req-9d76a8a5-a943-4f73-8af2-e653bc976d0a None None] Extended resource: rbac-policies {{(pid=103171) __init__ /opt/stack/neutron/neutron/api/extensions.py:156}}
May 20 22:02:29.753140 np0000175541 devstack@neutron-api.service[103171]: DEBUG neutron.api.extensions [None req-9d76a8a5-a943-4f73-8af2-e653bc976d0a None None] Extended resource: default-security-group-rules {{(pid=103171) __init__ /opt/stack/neutron/neutron/api/extensions.py:156}}
May 20 22:02:29.753434 np0000175541 devstack@neutron-api.service[103169]: DEBUG oslo_concurrency.processutils [None req-31e0e35c-f978-48d7-909d-e6208559a252 None None] CMD "ovsdb-client transact ssl:199.204.45.140:6641 --timeout 180 -p /opt/stack/data/CA/int-ca/private/devstack-cert.key -c /opt/stack/data/CA/int-ca/devstack-cert.crt -C /opt/stack/data/CA/int-ca/ca-chain.pem ["OVN_Northbound", {"op": "wait", "timeout": 0, "table": "Port_Group", "where": [["name", "==", "neutron_pg_drop"]], "until": "==", "rows": []}, {"op": "insert", "table": "ACL", "row": {"action": "drop", "direction": "to-lport", "match": "outport == @neutron_pg_drop && ip", "priority": 1001}, "uuid-name": "droptoport"}, {"op": "insert", "table": "ACL", "row": {"action": "drop", "direction": "from-lport", "match": "inport == @neutron_pg_drop && ip", "priority": 1001}, "uuid-name": "dropfromport"}, {"op": "insert", "table": "Port_Group", "row": {"name": "neutron_pg_drop", "acls": ["set", [["named-uuid", "droptoport"], ["named-uuid", "dropfromport"]]]}}]" returned: 0 in 0.038s {{(pid=103169) execute /opt/stack/data/venv/lib/python3.12/site-packages/oslo_concurrency/processutils.py:468}}
May 20 22:02:29.753685 np0000175541 devstack@neutron-api.service[103171]: DEBUG neutron.api.extensions [None req-9d76a8a5-a943-4f73-8af2-e653bc976d0a None None] Extended resource: security-groups {{(pid=103171) __init__ /opt/stack/neutron/neutron/api/extensions.py:156}}
May 20 22:02:29.754157 np0000175541 devstack@neutron-api.service[103169]: DEBUG neutron_lib.callbacks.manager [None req-31e0e35c-f978-48d7-909d-e6208559a252 None None] Publish callbacks ['neutron.plugins.ml2.drivers.ovn.mech_driver.mech_driver.OVNMechanismDriver.post_fork_initialize-208157', 'neutron.services.ovn_l3.plugin.OVNL3RouterPlugin._post_fork_initialize-119575'] for process (None), after_init {{(pid=103169) _notify_loop /opt/stack/data/venv/lib/python3.12/site-packages/neutron_lib/callbacks/manager.py:184}}
May 20 22:02:29.754239 np0000175541 devstack@neutron-api.service[103171]: DEBUG neutron.api.extensions [None req-9d76a8a5-a943-4f73-8af2-e653bc976d0a None None] Extended resource: security-group-rules {{(pid=103171) __init__ /opt/stack/neutron/neutron/api/extensions.py:156}}
May 20 22:02:29.754745 np0000175541 devstack@neutron-api.service[103171]: DEBUG neutron.api.extensions [None req-9d76a8a5-a943-4f73-8af2-e653bc976d0a None None] Extended resource: service-providers {{(pid=103171) __init__ /opt/stack/neutron/neutron/api/extensions.py:156}}
May 20 22:02:29.754874 np0000175541 devstack@neutron-api.service[103169]: DEBUG oslo_concurrency.lockutils [None req-31e0e35c-f978-48d7-909d-e6208559a252 None None] Acquiring lock "singleton_lock" {{(pid=103169) lock /opt/stack/data/venv/lib/python3.12/site-packages/oslo_concurrency/lockutils.py:395}}
May 20 22:02:29.755101 np0000175541 devstack@neutron-api.service[103169]: DEBUG oslo_concurrency.lockutils [None req-31e0e35c-f978-48d7-909d-e6208559a252 None None] Acquired lock "singleton_lock" {{(pid=103169) lock /opt/stack/data/venv/lib/python3.12/site-packages/oslo_concurrency/lockutils.py:398}}
May 20 22:02:29.755313 np0000175541 devstack@neutron-api.service[103171]: DEBUG neutron.api.extensions [None req-9d76a8a5-a943-4f73-8af2-e653bc976d0a None None] Extended resource: subnetpools {{(pid=103171) __init__ /opt/stack/neutron/neutron/api/extensions.py:156}}
May 20 22:02:29.755650 np0000175541 devstack@neutron-api.service[103169]: DEBUG oslo_concurrency.lockutils [None req-31e0e35c-f978-48d7-909d-e6208559a252 None None] Releasing lock "singleton_lock" {{(pid=103169) lock /opt/stack/data/venv/lib/python3.12/site-packages/oslo_concurrency/lockutils.py:418}}
May 20 22:02:29.755991 np0000175541 devstack@neutron-api.service[103171]: DEBUG neutron.api.extensions [None req-9d76a8a5-a943-4f73-8af2-e653bc976d0a None None] Extended resource: tags {{(pid=103171) __init__ /opt/stack/neutron/neutron/api/extensions.py:156}}
May 20 22:02:29.756750 np0000175541 devstack@neutron-api.service[103171]: DEBUG neutron.api.extensions [None req-9d76a8a5-a943-4f73-8af2-e653bc976d0a None None] Extended resource: tags {{(pid=103171) __init__ /opt/stack/neutron/neutron/api/extensions.py:156}}
May 20 22:02:29.757414 np0000175541 devstack@neutron-api.service[103170]: DEBUG ovsdbapp.backend.ovs_idl [None req-5d86fecb-76c5-4316-8332-b7e3831701fe None None] Created lookup_table index Chassis.name {{(pid=103170) autocreate_indices /opt/stack/data/venv/lib/python3.12/site-packages/ovsdbapp/backend/ovs_idl/__init__.py:87}}
May 20 22:02:29.757508 np0000175541 devstack@neutron-api.service[103170]: DEBUG ovsdbapp.backend.ovs_idl [None req-5d86fecb-76c5-4316-8332-b7e3831701fe None None] Created lookup_table index Port_Binding.logical_port {{(pid=103170) autocreate_indices /opt/stack/data/venv/lib/python3.12/site-packages/ovsdbapp/backend/ovs_idl/__init__.py:87}}
May 20 22:02:29.757548 np0000175541 devstack@neutron-api.service[103171]: DEBUG neutron.api.extensions [None req-9d76a8a5-a943-4f73-8af2-e653bc976d0a None None] Extended resource: tags {{(pid=103171) __init__ /opt/stack/neutron/neutron/api/extensions.py:156}}
May 20 22:02:29.757604 np0000175541 devstack@neutron-api.service[103170]: DEBUG ovsdbapp.backend.ovs_idl [None req-5d86fecb-76c5-4316-8332-b7e3831701fe None None] Created schema index Chassis_Private.name {{(pid=103170) autocreate_indices /opt/stack/data/venv/lib/python3.12/site-packages/ovsdbapp/backend/ovs_idl/__init__.py:106}}
May 20 22:02:29.757698 np0000175541 devstack@neutron-api.service[103170]: DEBUG ovsdbapp.backend.ovs_idl [None req-5d86fecb-76c5-4316-8332-b7e3831701fe None None] Created schema index Datapath_Binding.tunnel_key {{(pid=103170) autocreate_indices /opt/stack/data/venv/lib/python3.12/site-packages/ovsdbapp/backend/ovs_idl/__init__.py:106}}
May 20 22:02:29.758357 np0000175541 devstack@neutron-api.service[103169]: DEBUG neutron.plugins.ml2.drivers.ovn.mech_driver.mech_driver [None req-31e0e35c-f978-48d7-909d-e6208559a252 None None] Hash Ring setup using WSGI start time 2026-05-20 22:02:23+00:00 {{(pid=103169) _init_hash_ring /opt/stack/neutron/neutron/plugins/ml2/drivers/ovn/mech_driver/mech_driver.py:402}}
May 20 22:02:29.758412 np0000175541 devstack@neutron-api.service[103171]: DEBUG neutron.api.extensions [None req-9d76a8a5-a943-4f73-8af2-e653bc976d0a None None] Extended resource: tags {{(pid=103171) __init__ /opt/stack/neutron/neutron/api/extensions.py:156}}
May 20 22:02:29.759694 np0000175541 devstack@neutron-api.service[103171]: DEBUG neutron.api.extensions [None req-9d76a8a5-a943-4f73-8af2-e653bc976d0a None None] Extended resource: tags {{(pid=103171) __init__ /opt/stack/neutron/neutron/api/extensions.py:156}}
May 20 22:02:29.759878 np0000175541 devstack@neutron-api.service[103170]: INFO ovsdbapp.backend.ovs_idl.vlog [None req-5d86fecb-76c5-4316-8332-b7e3831701fe None None] ssl:199.204.45.140:6642: connecting...
May 20 22:02:29.760533 np0000175541 devstack@neutron-api.service[103171]: DEBUG neutron.api.extensions [None req-9d76a8a5-a943-4f73-8af2-e653bc976d0a None None] Extended resource: tags {{(pid=103171) __init__ /opt/stack/neutron/neutron/api/extensions.py:156}}
May 20 22:02:29.761335 np0000175541 devstack@neutron-api.service[103171]: DEBUG neutron.api.extensions [None req-9d76a8a5-a943-4f73-8af2-e653bc976d0a None None] Extended resource: tags {{(pid=103171) __init__ /opt/stack/neutron/neutron/api/extensions.py:156}}
May 20 22:02:29.762211 np0000175541 devstack@neutron-api.service[103171]: DEBUG neutron.api.extensions [None req-9d76a8a5-a943-4f73-8af2-e653bc976d0a None None] Extended resource: tags {{(pid=103171) __init__ /opt/stack/neutron/neutron/api/extensions.py:156}}
May 20 22:02:29.762953 np0000175541 devstack@neutron-api.service[103171]: DEBUG neutron.api.extensions [None req-9d76a8a5-a943-4f73-8af2-e653bc976d0a None None] Extended resource: tags {{(pid=103171) __init__ /opt/stack/neutron/neutron/api/extensions.py:156}}
May 20 22:02:29.763810 np0000175541 devstack@neutron-api.service[103171]: DEBUG neutron.api.extensions [None req-9d76a8a5-a943-4f73-8af2-e653bc976d0a None None] Extended resource: tags {{(pid=103171) __init__ /opt/stack/neutron/neutron/api/extensions.py:156}}
May 20 22:02:29.765053 np0000175541 devstack@neutron-api.service[103170]: INFO ovsdbapp.backend.ovs_idl.vlog [None req-5d86fecb-76c5-4316-8332-b7e3831701fe None None] ssl:199.204.45.140:6642: connected
May 20 22:02:29.765642 np0000175541 devstack@neutron-api.service[103169]: INFO neutron.db.ovn_hash_ring_db [None req-31e0e35c-f978-48d7-909d-e6208559a252 None None] Nodes from host "np0000175541" and group "mechanism_driver" removed from the Hash Ring created at 2026-05-20 22:02:23+00:00
May 20 22:02:29.768420 np0000175541 devstack@neutron-api.service[103169]: INFO neutron.db.ovn_hash_ring_db [None req-31e0e35c-f978-48d7-909d-e6208559a252 None None] Node ac9347dcdf2859debdd218af85cc4f5e from host "np0000175541" and group "mechanism_driver" added to the Hash Ring
May 20 22:02:29.772212 np0000175541 devstack@neutron-api.service[103169]: DEBUG neutron.plugins.ml2.drivers.ovn.mech_driver.mech_driver [None req-31e0e35c-f978-48d7-909d-e6208559a252 None None] Hash Ring setup, this worker has detected 3 OVN hash ring registers in the database {{(pid=103169) _init_hash_ring /opt/stack/neutron/neutron/plugins/ml2/drivers/ovn/mech_driver/mech_driver.py:412}}
May 20 22:02:29.775222 np0000175541 devstack@neutron-api.service[103171]: DEBUG neutron_lib.callbacks.manager [None req-9d76a8a5-a943-4f73-8af2-e653bc976d0a None None] Publish callbacks ['neutron.plugins.ml2.drivers.ovn.mech_driver.mech_driver.OVNMechanismDriver.pre_fork_initialize-226394'] for process (None), before_spawn {{(pid=103171) _notify_loop /opt/stack/data/venv/lib/python3.12/site-packages/neutron_lib/callbacks/manager.py:184}}
May 20 22:02:29.775697 np0000175541 devstack@neutron-api.service[103171]: DEBUG oslo_concurrency.processutils [None req-9d76a8a5-a943-4f73-8af2-e653bc976d0a None None] Running cmd (subprocess): ovsdb-client transact ssl:199.204.45.140:6641 --timeout 180 -p /opt/stack/data/CA/int-ca/private/devstack-cert.key -c /opt/stack/data/CA/int-ca/devstack-cert.crt -C /opt/stack/data/CA/int-ca/ca-chain.pem ["OVN_Northbound", {"op": "wait", "timeout": 0, "table": "Port_Group", "where": [["name", "==", "neutron_pg_drop"]], "until": "==", "rows": []}, {"op": "insert", "table": "ACL", "row": {"action": "drop", "direction": "to-lport", "match": "outport == @neutron_pg_drop && ip", "priority": 1001}, "uuid-name": "droptoport"}, {"op": "insert", "table": "ACL", "row": {"action": "drop", "direction": "from-lport", "match": "inport == @neutron_pg_drop && ip", "priority": 1001}, "uuid-name": "dropfromport"}, {"op": "insert", "table": "Port_Group", "row": {"name": "neutron_pg_drop", "acls": ["set", [["named-uuid", "droptoport"], ["named-uuid", "dropfromport"]]]}}] {{(pid=103171) execute /opt/stack/data/venv/lib/python3.12/site-packages/oslo_concurrency/processutils.py:440}}
May 20 22:02:29.780869 np0000175541 devstack@neutron-api.service[103169]: DEBUG neutron.plugins.ml2.drivers.ovn.mech_driver.ovsdb.maintenance [None req-31e0e35c-f978-48d7-909d-e6208559a252 None None] Periodic task found: HashRingHealthCheckPeriodics.touch_hash_ring_node {{(pid=103169) add_periodics /opt/stack/neutron/neutron/plugins/ml2/drivers/ovn/mech_driver/ovsdb/maintenance.py:148}}
May 20 22:02:29.781868 np0000175541 devstack@neutron-api.service[103169]: INFO neutron.plugins.ml2.drivers.ovn.mech_driver.mech_driver [None req-31e0e35c-f978-48d7-909d-e6208559a252 None None] Hash Ring probing thread for node ac9347dcdf2859debdd218af85cc4f5e has started
May 20 22:02:29.782409 np0000175541 devstack@neutron-api.service[103169]: INFO neutron.plugins.ml2.drivers.ovn.mech_driver.ovsdb.impl_idl_ovn [None req-31e0e35c-f978-48d7-909d-e6208559a252 None None] Getting OvsdbNbOvnIdl for WorkerService with retry
May 20 22:02:29.796559 np0000175541 devstack@neutron-api.service[103170]: DEBUG neutron.common.ovn.hash_ring_manager [None req-5d86fecb-76c5-4316-8332-b7e3831701fe None None] Disallow caching, nodes 3<4 {{(pid=103170) _wait_startup_before_caching /opt/stack/neutron/neutron/common/ovn/hash_ring_manager.py:72}}
May 20 22:02:29.801730 np0000175541 devstack@neutron-api.service[103170]: DEBUG neutron.common.ovn.hash_ring_manager [None req-5d86fecb-76c5-4316-8332-b7e3831701fe None None] Hash Ring loaded. 3 active nodes. 0 offline nodes {{(pid=103170) _load_hash_ring /opt/stack/neutron/neutron/common/ovn/hash_ring_manager.py:102}}
May 20 22:02:29.801955 np0000175541 devstack@neutron-api.service[103170]: DEBUG neutron.plugins.ml2.drivers.ovn.mech_driver.ovsdb.ovsdb_monitor [None req-5d86fecb-76c5-4316-8332-b7e3831701fe None None] Hash Ring: Node 719b72d7cd11597295de48ca2ebfe4c3 (host: np0000175541) handling event "create" for row 5f249831-e975-4066-b7cd-354d10d3d5f4 (table: Chassis) {{(pid=103170) notify /opt/stack/neutron/neutron/plugins/ml2/drivers/ovn/mech_driver/ovsdb/ovsdb_monitor.py:986}}
May 20 22:02:29.802993 np0000175541 devstack@neutron-api.service[103170]: DEBUG ovsdbapp.backend.ovs_idl.event [None req-5d86fecb-76c5-4316-8332-b7e3831701fe None None] Matched CREATE: ChassisBandwidthConfigEvent(events=('create', 'update'), table='Chassis', conditions=None, old_conditions=None), priority=20 to row=Chassis(uuid=5f249831-e975-4066-b7cd-354d10d3d5f4, encaps=[b6237302-3024-4ab6-88c0-1d50ce17d1f8], external_ids={}, hostname='np0000175541', name='1fe51578-c975-49fe-80da-62beb8744b20', nb_cfg=0, other_config={'ct-commit-nat-v2': 'true', 'ct-commit-to-zone': 'true', 'ct-next-zone': 'true', 'ct-no-masked-label': 'true', 'ct-state-save': 'true', 'datapath-type': 'system', 'fdb-timestamp': 'true', 'iface-types': 'afxdp,afxdp-nonpmd,bareudp,erspan,geneve,gre,gtpu,internal,ip6erspan,ip6gre,lisp,patch,srv6,stt,system,tap,vxlan', 'is-interconn': 'false', 'ls-dpg-column': 'true', 'mac-binding-timestamp': 'true', 'ovn-bridge-mappings': 'public:br-ex', 'ovn-chassis-mac-mappings': '', 'ovn-cms-options': 'enable-chassis-as-gw', 'ovn-ct-lb-related': 'true', 'ovn-enable-lflow-cache': 'true', 'ovn-limit-lflow-cache': '', 'ovn-memlimit-lflow-cache-kb': '', 'ovn-monitor-all': 'false', 'ovn-trim-limit-lflow-cache': '', 'ovn-trim-timeout-ms': '', 'ovn-trim-wmark-perc-lflow-cache': '', 'port-up-notif': 'true'}, transport_zones=[], vtep_logical_switches=[]) old= {{(pid=103170) matches /opt/stack/data/venv/lib/python3.12/site-packages/ovsdbapp/backend/ovs_idl/event.py:55}}
May 20 22:02:29.803696 np0000175541 devstack@neutron-api.service[103170]: DEBUG neutron.plugins.ml2.drivers.ovn.mech_driver.ovsdb.ovsdb_monitor [None req-5d86fecb-76c5-4316-8332-b7e3831701fe None None] ChassisOVNAgentWriteEvent : Matched Chassis_Private, create, None None {{(pid=103170) matches /opt/stack/neutron/neutron/plugins/ml2/drivers/ovn/mech_driver/ovsdb/ovsdb_monitor.py:64}}
May 20 22:02:29.803897 np0000175541 devstack@neutron-api.service[103170]: DEBUG neutron.plugins.ml2.drivers.ovn.mech_driver.ovsdb.ovsdb_monitor [None req-5d86fecb-76c5-4316-8332-b7e3831701fe None None] ChassisAgentWriteEvent : Matched Chassis_Private, create, None None {{(pid=103170) matches /opt/stack/neutron/neutron/plugins/ml2/drivers/ovn/mech_driver/ovsdb/ovsdb_monitor.py:64}}
May 20 22:02:29.809656 np0000175541 devstack@neutron-api.service[103170]: DEBUG neutron.common.ovn.hash_ring_manager [None req-5d86fecb-76c5-4316-8332-b7e3831701fe None None] Hash Ring loaded. 3 active nodes. 0 offline nodes {{(pid=103170) _load_hash_ring /opt/stack/neutron/neutron/common/ovn/hash_ring_manager.py:102}}
May 20 22:02:29.809857 np0000175541 devstack@neutron-api.service[103170]: DEBUG neutron.plugins.ml2.drivers.ovn.mech_driver.ovsdb.ovsdb_monitor [None req-5d86fecb-76c5-4316-8332-b7e3831701fe None None] Hash Ring: Node 719b72d7cd11597295de48ca2ebfe4c3 (host: np0000175541) handling event "create" for row 00cb5bf1-76ac-442c-b8d3-3848fcd17d0f (table: Chassis_Private) {{(pid=103170) notify /opt/stack/neutron/neutron/plugins/ml2/drivers/ovn/mech_driver/ovsdb/ovsdb_monitor.py:986}}
May 20 22:02:29.816494 np0000175541 devstack@neutron-api.service[103170]: DEBUG neutron.common.ovn.hash_ring_manager [None req-5d86fecb-76c5-4316-8332-b7e3831701fe None None] Hash Ring loaded. 3 active nodes. 0 offline nodes {{(pid=103170) _load_hash_ring /opt/stack/neutron/neutron/common/ovn/hash_ring_manager.py:102}}
May 20 22:02:29.816494 np0000175541 devstack@neutron-api.service[103170]: DEBUG neutron.plugins.ml2.drivers.ovn.mech_driver.ovsdb.ovsdb_monitor [None req-5d86fecb-76c5-4316-8332-b7e3831701fe None None] Hash Ring: Node 719b72d7cd11597295de48ca2ebfe4c3 (host: np0000175541) handling event "create" for row b6237302-3024-4ab6-88c0-1d50ce17d1f8 (table: Encap) {{(pid=103170) notify /opt/stack/neutron/neutron/plugins/ml2/drivers/ovn/mech_driver/ovsdb/ovsdb_monitor.py:986}}
May 20 22:02:29.816494 np0000175541 devstack@neutron-api.service[103170]: INFO neutron.plugins.ml2.drivers.ovn.mech_driver.mech_driver [None req-5d86fecb-76c5-4316-8332-b7e3831701fe None None] WorkerService process has finished the post initialization
May 20 22:02:29.817211 np0000175541 devstack@neutron-api.service[103170]: WSGI app 0 (mountpoint='') ready in 6 seconds on interpreter 0x779011aa3668 pid: 103170 (default app)
May 20 22:02:29.817639 np0000175541 devstack@neutron-api.service[103170]: INFO neutron.plugins.ml2.drivers.ovn.mech_driver.ovsdb.extensions.qos [-] Starting OVNClientQosExtension
May 20 22:02:29.817814 np0000175541 devstack@neutron-api.service[103170]: INFO neutron.plugins.ml2.drivers.ovn.mech_driver.ovsdb.extensions.placement [-] Starting OVNClientPlacementExtension
May 20 22:02:29.819739 np0000175541 devstack@neutron-api.service[103171]: DEBUG oslo_concurrency.processutils [None req-9d76a8a5-a943-4f73-8af2-e653bc976d0a None None] CMD "ovsdb-client transact ssl:199.204.45.140:6641 --timeout 180 -p /opt/stack/data/CA/int-ca/private/devstack-cert.key -c /opt/stack/data/CA/int-ca/devstack-cert.crt -C /opt/stack/data/CA/int-ca/ca-chain.pem ["OVN_Northbound", {"op": "wait", "timeout": 0, "table": "Port_Group", "where": [["name", "==", "neutron_pg_drop"]], "until": "==", "rows": []}, {"op": "insert", "table": "ACL", "row": {"action": "drop", "direction": "to-lport", "match": "outport == @neutron_pg_drop && ip", "priority": 1001}, "uuid-name": "droptoport"}, {"op": "insert", "table": "ACL", "row": {"action": "drop", "direction": "from-lport", "match": "inport == @neutron_pg_drop && ip", "priority": 1001}, "uuid-name": "dropfromport"}, {"op": "insert", "table": "Port_Group", "row": {"name": "neutron_pg_drop", "acls": ["set", [["named-uuid", "droptoport"], ["named-uuid", "dropfromport"]]]}}]" returned: 0 in 0.043s {{(pid=103171) execute /opt/stack/data/venv/lib/python3.12/site-packages/oslo_concurrency/processutils.py:468}}
May 20 22:02:29.820441 np0000175541 devstack@neutron-api.service[103171]: DEBUG neutron_lib.callbacks.manager [None req-9d76a8a5-a943-4f73-8af2-e653bc976d0a None None] Publish callbacks ['neutron.plugins.ml2.drivers.ovn.mech_driver.mech_driver.OVNMechanismDriver.post_fork_initialize-226418', 'neutron.services.ovn_l3.plugin.OVNL3RouterPlugin._post_fork_initialize-994809'] for process (None), after_init {{(pid=103171) _notify_loop /opt/stack/data/venv/lib/python3.12/site-packages/neutron_lib/callbacks/manager.py:184}}
May 20 22:02:29.821214 np0000175541 devstack@neutron-api.service[103171]: DEBUG oslo_concurrency.lockutils [None req-9d76a8a5-a943-4f73-8af2-e653bc976d0a None None] Acquiring lock "singleton_lock" {{(pid=103171) lock /opt/stack/data/venv/lib/python3.12/site-packages/oslo_concurrency/lockutils.py:395}}
May 20 22:02:29.821512 np0000175541 devstack@neutron-api.service[103171]: DEBUG oslo_concurrency.lockutils [None req-9d76a8a5-a943-4f73-8af2-e653bc976d0a None None] Acquired lock "singleton_lock" {{(pid=103171) lock /opt/stack/data/venv/lib/python3.12/site-packages/oslo_concurrency/lockutils.py:398}}
May 20 22:02:29.822140 np0000175541 devstack@neutron-api.service[103171]: DEBUG oslo_concurrency.lockutils [None req-9d76a8a5-a943-4f73-8af2-e653bc976d0a None None] Releasing lock "singleton_lock" {{(pid=103171) lock /opt/stack/data/venv/lib/python3.12/site-packages/oslo_concurrency/lockutils.py:418}}
May 20 22:02:29.822609 np0000175541 devstack@neutron-api.service[103169]: DEBUG ovsdbapp.backend.ovs_idl [None req-31e0e35c-f978-48d7-909d-e6208559a252 None None] Created lookup_table index Logical_Switch.name {{(pid=103169) autocreate_indices /opt/stack/data/venv/lib/python3.12/site-packages/ovsdbapp/backend/ovs_idl/__init__.py:87}}
May 20 22:02:29.822727 np0000175541 devstack@neutron-api.service[103169]: DEBUG ovsdbapp.backend.ovs_idl [None req-31e0e35c-f978-48d7-909d-e6208559a252 None None] Created lookup_table index Logical_Router.name {{(pid=103169) autocreate_indices /opt/stack/data/venv/lib/python3.12/site-packages/ovsdbapp/backend/ovs_idl/__init__.py:87}}
May 20 22:02:29.822850 np0000175541 devstack@neutron-api.service[103169]: DEBUG ovsdbapp.backend.ovs_idl [None req-31e0e35c-f978-48d7-909d-e6208559a252 None None] Created lookup_table index Load_Balancer.name {{(pid=103169) autocreate_indices /opt/stack/data/venv/lib/python3.12/site-packages/ovsdbapp/backend/ovs_idl/__init__.py:87}}
May 20 22:02:29.822961 np0000175541 devstack@neutron-api.service[103169]: DEBUG ovsdbapp.backend.ovs_idl [None req-31e0e35c-f978-48d7-909d-e6208559a252 None None] Created schema index Copp.name {{(pid=103169) autocreate_indices /opt/stack/data/venv/lib/python3.12/site-packages/ovsdbapp/backend/ovs_idl/__init__.py:106}}
May 20 22:02:29.823054 np0000175541 devstack@neutron-api.service[103169]: DEBUG ovsdbapp.backend.ovs_idl [None req-31e0e35c-f978-48d7-909d-e6208559a252 None None] Created schema index Meter.name {{(pid=103169) autocreate_indices /opt/stack/data/venv/lib/python3.12/site-packages/ovsdbapp/backend/ovs_idl/__init__.py:106}}
May 20 22:02:29.823145 np0000175541 devstack@neutron-api.service[103169]: DEBUG ovsdbapp.backend.ovs_idl [None req-31e0e35c-f978-48d7-909d-e6208559a252 None None] Created schema index Load_Balancer_Group.name {{(pid=103169) autocreate_indices /opt/stack/data/venv/lib/python3.12/site-packages/ovsdbapp/backend/ovs_idl/__init__.py:106}}
May 20 22:02:29.823232 np0000175541 devstack@neutron-api.service[103169]: DEBUG ovsdbapp.backend.ovs_idl [None req-31e0e35c-f978-48d7-909d-e6208559a252 None None] Created schema index HA_Chassis_Group.name {{(pid=103169) autocreate_indices /opt/stack/data/venv/lib/python3.12/site-packages/ovsdbapp/backend/ovs_idl/__init__.py:106}}
May 20 22:02:29.823321 np0000175541 devstack@neutron-api.service[103169]: DEBUG ovsdbapp.backend.ovs_idl [None req-31e0e35c-f978-48d7-909d-e6208559a252 None None] Created schema index Address_Set.name {{(pid=103169) autocreate_indices /opt/stack/data/venv/lib/python3.12/site-packages/ovsdbapp/backend/ovs_idl/__init__.py:106}}
May 20 22:02:29.823414 np0000175541 devstack@neutron-api.service[103169]: DEBUG ovsdbapp.backend.ovs_idl [None req-31e0e35c-f978-48d7-909d-e6208559a252 None None] Created schema index Connection.target {{(pid=103169) autocreate_indices /opt/stack/data/venv/lib/python3.12/site-packages/ovsdbapp/backend/ovs_idl/__init__.py:106}}
May 20 22:02:29.823544 np0000175541 devstack@neutron-api.service[103169]: DEBUG ovsdbapp.backend.ovs_idl [None req-31e0e35c-f978-48d7-909d-e6208559a252 None None] Created schema index Gateway_Chassis.name {{(pid=103169) autocreate_indices /opt/stack/data/venv/lib/python3.12/site-packages/ovsdbapp/backend/ovs_idl/__init__.py:106}}
May 20 22:02:29.823629 np0000175541 devstack@neutron-api.service[103169]: DEBUG ovsdbapp.backend.ovs_idl [None req-31e0e35c-f978-48d7-909d-e6208559a252 None None] Created schema index Mirror.name {{(pid=103169) autocreate_indices /opt/stack/data/venv/lib/python3.12/site-packages/ovsdbapp/backend/ovs_idl/__init__.py:106}}
May 20 22:02:29.823718 np0000175541 devstack@neutron-api.service[103169]: DEBUG ovsdbapp.backend.ovs_idl [None req-31e0e35c-f978-48d7-909d-e6208559a252 None None] Created schema index Chassis_Template_Var.chassis {{(pid=103169) autocreate_indices /opt/stack/data/venv/lib/python3.12/site-packages/ovsdbapp/backend/ovs_idl/__init__.py:106}}
May 20 22:02:29.823824 np0000175541 devstack@neutron-api.service[103169]: DEBUG ovsdbapp.backend.ovs_idl [None req-31e0e35c-f978-48d7-909d-e6208559a252 None None] Created schema index Logical_Router_Port.name {{(pid=103169) autocreate_indices /opt/stack/data/venv/lib/python3.12/site-packages/ovsdbapp/backend/ovs_idl/__init__.py:106}}
May 20 22:02:29.823919 np0000175541 devstack@neutron-api.service[103169]: DEBUG ovsdbapp.backend.ovs_idl [None req-31e0e35c-f978-48d7-909d-e6208559a252 None None] Created schema index Port_Group.name {{(pid=103169) autocreate_indices /opt/stack/data/venv/lib/python3.12/site-packages/ovsdbapp/backend/ovs_idl/__init__.py:106}}
May 20 22:02:29.824008 np0000175541 devstack@neutron-api.service[103169]: DEBUG ovsdbapp.backend.ovs_idl [None req-31e0e35c-f978-48d7-909d-e6208559a252 None None] Created schema index Logical_Switch_Port.name {{(pid=103169) autocreate_indices /opt/stack/data/venv/lib/python3.12/site-packages/ovsdbapp/backend/ovs_idl/__init__.py:106}}
May 20 22:02:29.825919 np0000175541 devstack@neutron-api.service[103169]: INFO ovsdbapp.backend.ovs_idl.vlog [None req-31e0e35c-f978-48d7-909d-e6208559a252 None None] ssl:199.204.45.140:6641: connecting...
May 20 22:02:29.825959 np0000175541 devstack@neutron-api.service[103171]: DEBUG neutron.plugins.ml2.drivers.ovn.mech_driver.mech_driver [None req-9d76a8a5-a943-4f73-8af2-e653bc976d0a None None] Hash Ring setup using WSGI start time 2026-05-20 22:02:23+00:00 {{(pid=103171) _init_hash_ring /opt/stack/neutron/neutron/plugins/ml2/drivers/ovn/mech_driver/mech_driver.py:402}}
May 20 22:02:29.830346 np0000175541 devstack@neutron-api.service[103169]: INFO ovsdbapp.backend.ovs_idl.vlog [None req-31e0e35c-f978-48d7-909d-e6208559a252 None None] ssl:199.204.45.140:6641: connected
May 20 22:02:29.833376 np0000175541 devstack@neutron-api.service[103171]: INFO neutron.db.ovn_hash_ring_db [None req-9d76a8a5-a943-4f73-8af2-e653bc976d0a None None] Nodes from host "np0000175541" and group "mechanism_driver" removed from the Hash Ring created at 2026-05-20 22:02:23+00:00
May 20 22:02:29.836985 np0000175541 devstack@neutron-api.service[103171]: INFO neutron.db.ovn_hash_ring_db [None req-9d76a8a5-a943-4f73-8af2-e653bc976d0a None None] Node 5915c02ef1d55a249cf9b98eff314cd5 from host "np0000175541" and group "mechanism_driver" added to the Hash Ring
May 20 22:02:29.840468 np0000175541 devstack@neutron-api.service[103171]: DEBUG neutron.plugins.ml2.drivers.ovn.mech_driver.mech_driver [None req-9d76a8a5-a943-4f73-8af2-e653bc976d0a None None] Hash Ring setup, this worker has detected 4 OVN hash ring registers in the database {{(pid=103171) _init_hash_ring /opt/stack/neutron/neutron/plugins/ml2/drivers/ovn/mech_driver/mech_driver.py:412}}
May 20 22:02:29.848449 np0000175541 devstack@neutron-api.service[103171]: DEBUG neutron.plugins.ml2.drivers.ovn.mech_driver.ovsdb.maintenance [None req-9d76a8a5-a943-4f73-8af2-e653bc976d0a None None] Periodic task found: HashRingHealthCheckPeriodics.touch_hash_ring_node {{(pid=103171) add_periodics /opt/stack/neutron/neutron/plugins/ml2/drivers/ovn/mech_driver/ovsdb/maintenance.py:148}}
May 20 22:02:29.849848 np0000175541 devstack@neutron-api.service[103171]: INFO neutron.plugins.ml2.drivers.ovn.mech_driver.mech_driver [None req-9d76a8a5-a943-4f73-8af2-e653bc976d0a None None] Hash Ring probing thread for node 5915c02ef1d55a249cf9b98eff314cd5 has started
May 20 22:02:29.850576 np0000175541 devstack@neutron-api.service[103171]: INFO neutron.plugins.ml2.drivers.ovn.mech_driver.ovsdb.impl_idl_ovn [None req-9d76a8a5-a943-4f73-8af2-e653bc976d0a None None] Getting OvsdbNbOvnIdl for WorkerService with retry
May 20 22:02:29.862638 np0000175541 devstack@neutron-api.service[103169]: DEBUG neutron.common.ovn.hash_ring_manager [None req-31e0e35c-f978-48d7-909d-e6208559a252 None None] Allow caching, nodes 4>=4 {{(pid=103169) _wait_startup_before_caching /opt/stack/neutron/neutron/common/ovn/hash_ring_manager.py:65}}
May 20 22:02:29.867385 np0000175541 devstack@neutron-api.service[103169]: DEBUG neutron.common.ovn.hash_ring_manager [None req-31e0e35c-f978-48d7-909d-e6208559a252 None None] Hash Ring loaded. 4 active nodes. 0 offline nodes {{(pid=103169) _load_hash_ring /opt/stack/neutron/neutron/common/ovn/hash_ring_manager.py:102}}
May 20 22:02:29.867579 np0000175541 devstack@neutron-api.service[103169]: DEBUG neutron.plugins.ml2.drivers.ovn.mech_driver.ovsdb.ovsdb_monitor [None req-31e0e35c-f978-48d7-909d-e6208559a252 None None] Hash Ring: Node ac9347dcdf2859debdd218af85cc4f5e (host: np0000175541) handling event "create" for row b95e3c50-527f-4684-a624-51b1147d45e7 (table: ACL) {{(pid=103169) notify /opt/stack/neutron/neutron/plugins/ml2/drivers/ovn/mech_driver/ovsdb/ovsdb_monitor.py:986}}
May 20 22:02:29.869489 np0000175541 devstack@neutron-api.service[103169]: INFO neutron.plugins.ml2.drivers.ovn.mech_driver.ovsdb.impl_idl_ovn [None req-31e0e35c-f978-48d7-909d-e6208559a252 None None] Getting OvsdbSbOvnIdl for WorkerService with retry
May 20 22:02:29.896415 np0000175541 devstack@neutron-api.service[103169]: DEBUG ovsdbapp.backend.ovs_idl [None req-31e0e35c-f978-48d7-909d-e6208559a252 None None] Created lookup_table index Chassis.name {{(pid=103169) autocreate_indices /opt/stack/data/venv/lib/python3.12/site-packages/ovsdbapp/backend/ovs_idl/__init__.py:87}}
May 20 22:02:29.896489 np0000175541 devstack@neutron-api.service[103169]: DEBUG ovsdbapp.backend.ovs_idl [None req-31e0e35c-f978-48d7-909d-e6208559a252 None None] Created lookup_table index Port_Binding.logical_port {{(pid=103169) autocreate_indices /opt/stack/data/venv/lib/python3.12/site-packages/ovsdbapp/backend/ovs_idl/__init__.py:87}}
May 20 22:02:29.896572 np0000175541 devstack@neutron-api.service[103169]: DEBUG ovsdbapp.backend.ovs_idl [None req-31e0e35c-f978-48d7-909d-e6208559a252 None None] Created schema index Chassis_Private.name {{(pid=103169) autocreate_indices /opt/stack/data/venv/lib/python3.12/site-packages/ovsdbapp/backend/ovs_idl/__init__.py:106}}
May 20 22:02:29.896684 np0000175541 devstack@neutron-api.service[103169]: DEBUG ovsdbapp.backend.ovs_idl [None req-31e0e35c-f978-48d7-909d-e6208559a252 None None] Created schema index Datapath_Binding.tunnel_key {{(pid=103169) autocreate_indices /opt/stack/data/venv/lib/python3.12/site-packages/ovsdbapp/backend/ovs_idl/__init__.py:106}}
May 20 22:02:29.897971 np0000175541 devstack@neutron-api.service[103171]: DEBUG ovsdbapp.backend.ovs_idl [None req-9d76a8a5-a943-4f73-8af2-e653bc976d0a None None] Created lookup_table index Logical_Switch.name {{(pid=103171) autocreate_indices /opt/stack/data/venv/lib/python3.12/site-packages/ovsdbapp/backend/ovs_idl/__init__.py:87}}
May 20 22:02:29.898129 np0000175541 devstack@neutron-api.service[103171]: DEBUG ovsdbapp.backend.ovs_idl [None req-9d76a8a5-a943-4f73-8af2-e653bc976d0a None None] Created lookup_table index Logical_Router.name {{(pid=103171) autocreate_indices /opt/stack/data/venv/lib/python3.12/site-packages/ovsdbapp/backend/ovs_idl/__init__.py:87}}
May 20 22:02:29.898242 np0000175541 devstack@neutron-api.service[103171]: DEBUG ovsdbapp.backend.ovs_idl [None req-9d76a8a5-a943-4f73-8af2-e653bc976d0a None None] Created lookup_table index Load_Balancer.name {{(pid=103171) autocreate_indices /opt/stack/data/venv/lib/python3.12/site-packages/ovsdbapp/backend/ovs_idl/__init__.py:87}}
May 20 22:02:29.898394 np0000175541 devstack@neutron-api.service[103171]: DEBUG ovsdbapp.backend.ovs_idl [None req-9d76a8a5-a943-4f73-8af2-e653bc976d0a None None] Created schema index Copp.name {{(pid=103171) autocreate_indices /opt/stack/data/venv/lib/python3.12/site-packages/ovsdbapp/backend/ovs_idl/__init__.py:106}}
May 20 22:02:29.898517 np0000175541 devstack@neutron-api.service[103171]: DEBUG ovsdbapp.backend.ovs_idl [None req-9d76a8a5-a943-4f73-8af2-e653bc976d0a None None] Created schema index Meter.name {{(pid=103171) autocreate_indices /opt/stack/data/venv/lib/python3.12/site-packages/ovsdbapp/backend/ovs_idl/__init__.py:106}}
May 20 22:02:29.898656 np0000175541 devstack@neutron-api.service[103171]: DEBUG ovsdbapp.backend.ovs_idl [None req-9d76a8a5-a943-4f73-8af2-e653bc976d0a None None] Created schema index Load_Balancer_Group.name {{(pid=103171) autocreate_indices /opt/stack/data/venv/lib/python3.12/site-packages/ovsdbapp/backend/ovs_idl/__init__.py:106}}
May 20 22:02:29.898732 np0000175541 devstack@neutron-api.service[103169]: INFO ovsdbapp.backend.ovs_idl.vlog [None req-31e0e35c-f978-48d7-909d-e6208559a252 None None] ssl:199.204.45.140:6642: connecting...
May 20 22:02:29.898978 np0000175541 devstack@neutron-api.service[103171]: DEBUG ovsdbapp.backend.ovs_idl [None req-9d76a8a5-a943-4f73-8af2-e653bc976d0a None None] Created schema index HA_Chassis_Group.name {{(pid=103171) autocreate_indices /opt/stack/data/venv/lib/python3.12/site-packages/ovsdbapp/backend/ovs_idl/__init__.py:106}}
May 20 22:02:29.898978 np0000175541 devstack@neutron-api.service[103171]: DEBUG ovsdbapp.backend.ovs_idl [None req-9d76a8a5-a943-4f73-8af2-e653bc976d0a None None] Created schema index Address_Set.name {{(pid=103171) autocreate_indices /opt/stack/data/venv/lib/python3.12/site-packages/ovsdbapp/backend/ovs_idl/__init__.py:106}}
