May 20 22:02:29.273838 np0000175541 devstack@neutron-api.service[103170]: DEBUG neutron_lib.callbacks.manager [None req-5d86fecb-76c5-4316-8332-b7e3831701fe None None] Subscribe: > router precommit_update 55550100, False {{(pid=103170) subscribe /opt/stack/data/venv/lib/python3.12/site-packages/neutron_lib/callbacks/manager.py:52}}
May 20 22:02:29.277086 np0000175541 devstack@neutron-api.service[103170]: DEBUG neutron.services.provider_configuration [None req-5d86fecb-76c5-4316-8332-b7e3831701fe None None] Service providers = [] {{(pid=103170) parse_service_provider_opt /opt/stack/neutron/neutron/services/provider_configuration.py:170}}
May 20 22:02:29.277191 np0000175541 devstack@neutron-api.service[103170]: DEBUG neutron.db.servicetype_db [None req-5d86fecb-76c5-4316-8332-b7e3831701fe None None] Adding provider configuration for service L3_ROUTER_NAT {{(pid=103170) add_provider_configuration /opt/stack/neutron/neutron/db/servicetype_db.py:45}}
May 20 22:02:29.278405 np0000175541 devstack@neutron-api.service[103170]: DEBUG neutron_lib.callbacks.manager [None req-5d86fecb-76c5-4316-8332-b7e3831701fe None None] Subscribe: > router precommit_create 55549900, False {{(pid=103170) subscribe /opt/stack/data/venv/lib/python3.12/site-packages/neutron_lib/callbacks/manager.py:52}}
May 20 22:02:29.278520 np0000175541 devstack@neutron-api.service[103170]: DEBUG neutron_lib.callbacks.manager [None req-5d86fecb-76c5-4316-8332-b7e3831701fe None None] Subscribe: > router_interface after_create 55550000, False {{(pid=103170) subscribe /opt/stack/data/venv/lib/python3.12/site-packages/neutron_lib/callbacks/manager.py:52}}
May 20 22:02:29.278627 np0000175541 devstack@neutron-api.service[103170]: DEBUG neutron_lib.callbacks.manager [None req-5d86fecb-76c5-4316-8332-b7e3831701fe None None] Subscribe: > floatingip after_create 55550000, False {{(pid=103170) subscribe /opt/stack/data/venv/lib/python3.12/site-packages/neutron_lib/callbacks/manager.py:52}}
May 20 22:02:29.278731 np0000175541 devstack@neutron-api.service[103170]: DEBUG neutron_lib.callbacks.manager [None req-5d86fecb-76c5-4316-8332-b7e3831701fe None None] Subscribe: > floatingip precommit_create 55550000, False {{(pid=103170) subscribe /opt/stack/data/venv/lib/python3.12/site-packages/neutron_lib/callbacks/manager.py:52}}
May 20 22:02:29.278852 np0000175541 devstack@neutron-api.service[103170]: DEBUG neutron_lib.callbacks.manager [None req-5d86fecb-76c5-4316-8332-b7e3831701fe None None] Subscribe: > floatingip precommit_update 55550000, False {{(pid=103170) subscribe /opt/stack/data/venv/lib/python3.12/site-packages/neutron_lib/callbacks/manager.py:52}}
May 20 22:02:29.278950 np0000175541 devstack@neutron-api.service[103170]: DEBUG neutron_lib.callbacks.manager [None req-5d86fecb-76c5-4316-8332-b7e3831701fe None None] Subscribe: > floatingip after_delete 55550000, False {{(pid=103170) subscribe /opt/stack/data/venv/lib/python3.12/site-packages/neutron_lib/callbacks/manager.py:52}}
May 20 22:02:29.279056 np0000175541 devstack@neutron-api.service[103170]: DEBUG neutron_lib.callbacks.manager [None req-5d86fecb-76c5-4316-8332-b7e3831701fe None None] Subscribe: > floatingip after_status_update 55550000, False {{(pid=103170) subscribe /opt/stack/data/venv/lib/python3.12/site-packages/neutron_lib/callbacks/manager.py:52}}
May 20 22:02:29.279153 np0000175541 devstack@neutron-api.service[103170]: DEBUG neutron_lib.callbacks.manager [None req-5d86fecb-76c5-4316-8332-b7e3831701fe None None] Subscribe: > floatingip after_update 55550000, False {{(pid=103170) subscribe /opt/stack/data/venv/lib/python3.12/site-packages/neutron_lib/callbacks/manager.py:52}}
May 20 22:02:29.279294 np0000175541 devstack@neutron-api.service[103170]: DEBUG neutron_lib.callbacks.manager [None req-5d86fecb-76c5-4316-8332-b7e3831701fe None None] Subscribe: > port_forwarding after_create 55550000, False {{(pid=103170) subscribe /opt/stack/data/venv/lib/python3.12/site-packages/neutron_lib/callbacks/manager.py:52}}
May 20 22:02:29.279391 np0000175541 devstack@neutron-api.service[103170]: DEBUG neutron_lib.callbacks.manager [None req-5d86fecb-76c5-4316-8332-b7e3831701fe None None] Subscribe: > router_interface after_delete 55550000, False {{(pid=103170) subscribe /opt/stack/data/venv/lib/python3.12/site-packages/neutron_lib/callbacks/manager.py:52}}
May 20 22:02:29.279491 np0000175541 devstack@neutron-api.service[103170]: DEBUG neutron_lib.callbacks.manager [None req-5d86fecb-76c5-4316-8332-b7e3831701fe None None] Subscribe: > router after_create 55550000, False {{(pid=103170) subscribe /opt/stack/data/venv/lib/python3.12/site-packages/neutron_lib/callbacks/manager.py:52}}
May 20 22:02:29.279591 np0000175541 devstack@neutron-api.service[103170]: DEBUG neutron_lib.callbacks.manager [None req-5d86fecb-76c5-4316-8332-b7e3831701fe None None] Subscribe: > router precommit_create 55550000, False {{(pid=103170) subscribe /opt/stack/data/venv/lib/python3.12/site-packages/neutron_lib/callbacks/manager.py:52}}
May 20 22:02:29.279689 np0000175541 devstack@neutron-api.service[103170]: DEBUG neutron_lib.callbacks.manager [None req-5d86fecb-76c5-4316-8332-b7e3831701fe None None] Subscribe: > router after_delete 55550000, False {{(pid=103170) subscribe /opt/stack/data/venv/lib/python3.12/site-packages/neutron_lib/callbacks/manager.py:52}}
May 20 22:02:29.279802 np0000175541 devstack@neutron-api.service[103170]: DEBUG neutron_lib.callbacks.manager [None req-5d86fecb-76c5-4316-8332-b7e3831701fe None None] Subscribe: > router after_update 55550000, False {{(pid=103170) subscribe /opt/stack/data/venv/lib/python3.12/site-packages/neutron_lib/callbacks/manager.py:52}}
May 20 22:02:29.279916 np0000175541 devstack@neutron-api.service[103170]: DEBUG neutron.services.service_base [None req-5d86fecb-76c5-4316-8332-b7e3831701fe None None] Loaded 'neutron.services.ovn_l3.service_providers.ovn.OvnDriver' provider for service L3_ROUTER_NAT {{(pid=103170) load_drivers /opt/stack/neutron/neutron/services/service_base.py:49}}
May 20 22:02:29.280057 np0000175541 devstack@neutron-api.service[103170]: DEBUG neutron_lib.callbacks.manager [None req-5d86fecb-76c5-4316-8332-b7e3831701fe None None] Subscribe: > process after_init 55550001, True {{(pid=103170) subscribe /opt/stack/data/venv/lib/python3.12/site-packages/neutron_lib/callbacks/manager.py:52}}
May 20 22:02:29.280188 np0000175541 devstack@neutron-api.service[103170]: DEBUG neutron.manager [None req-5d86fecb-76c5-4316-8332-b7e3831701fe None None] Successfully loaded L3_ROUTER_NAT plugin. Description: L3 Router Service Plugin for basic L3 forwarding using OVN {{(pid=103170) _create_and_add_service_plugin /opt/stack/neutron/neutron/manager.py:239}}
May 20 22:02:29.280274 np0000175541 devstack@neutron-api.service[103170]: INFO neutron.manager [None req-5d86fecb-76c5-4316-8332-b7e3831701fe None None] Loading Plugin: auto_allocate
May 20 22:02:29.281149 np0000175541 devstack@neutron-api.service[103170]: DEBUG neutron_lib.callbacks.manager [None req-5d86fecb-76c5-4316-8332-b7e3831701fe None None] Subscribe: network precommit_update 55550000, False {{(pid=103170) subscribe /opt/stack/data/venv/lib/python3.12/site-packages/neutron_lib/callbacks/manager.py:52}}
May 20 22:02:29.281291 np0000175541 devstack@neutron-api.service[103170]: DEBUG neutron_lib.callbacks.manager [None req-5d86fecb-76c5-4316-8332-b7e3831701fe None None] Subscribe: network precommit_create 55550000, False {{(pid=103170) subscribe /opt/stack/data/venv/lib/python3.12/site-packages/neutron_lib/callbacks/manager.py:52}}
May 20 22:02:29.281497 np0000175541 devstack@neutron-api.service[103170]: DEBUG neutron.manager [None req-5d86fecb-76c5-4316-8332-b7e3831701fe None None] Successfully loaded auto-allocated-topology plugin. Description: Auto Allocated Topology - aka get me a network. {{(pid=103170) _create_and_add_service_plugin /opt/stack/neutron/neutron/manager.py:239}}
May 20 22:02:29.281581 np0000175541 devstack@neutron-api.service[103170]: INFO neutron.manager [None req-5d86fecb-76c5-4316-8332-b7e3831701fe None None] Loading Plugin: tag
May 20 22:02:29.284112 np0000175541 devstack@neutron-api.service[103170]: DEBUG neutron.manager [None req-5d86fecb-76c5-4316-8332-b7e3831701fe None None] Successfully loaded TAG plugin. Description: Tag support {{(pid=103170) _create_and_add_service_plugin /opt/stack/neutron/neutron/manager.py:239}}
May 20 22:02:29.284198 np0000175541 devstack@neutron-api.service[103170]: INFO neutron.manager [None req-5d86fecb-76c5-4316-8332-b7e3831701fe None None] Loading Plugin: timestamp
May 20 22:02:29.284448 np0000175541 devstack@neutron-api.service[103169]: DEBUG neutron_lib.callbacks.manager [None req-31e0e35c-f978-48d7-909d-e6208559a252 None None] Subscribe: > router before_delete 55550000, False {{(pid=103169) subscribe /opt/stack/data/venv/lib/python3.12/site-packages/neutron_lib/callbacks/manager.py:52}}
May 20 22:02:29.284512 np0000175541 devstack@neutron-api.service[103169]: DEBUG neutron_lib.callbacks.manager [None req-31e0e35c-f978-48d7-909d-e6208559a252 None None] Subscribe: port before_update 55550000, False {{(pid=103169) subscribe /opt/stack/data/venv/lib/python3.12/site-packages/neutron_lib/callbacks/manager.py:52}}
May 20 22:02:29.284630 np0000175541 devstack@neutron-api.service[103169]: DEBUG neutron_lib.callbacks.manager [None req-31e0e35c-f978-48d7-909d-e6208559a252 None None] Subscribe: port after_update 55550000, False {{(pid=103169) subscribe /opt/stack/data/venv/lib/python3.12/site-packages/neutron_lib/callbacks/manager.py:52}}
May 20 22:02:29.284684 np0000175541 devstack@neutron-api.service[103169]: DEBUG neutron_lib.callbacks.manager [None req-31e0e35c-f978-48d7-909d-e6208559a252 None None] Subscribe: > port precommit_delete 55550000, False {{(pid=103169) subscribe /opt/stack/data/venv/lib/python3.12/site-packages/neutron_lib/callbacks/manager.py:52}}
May 20 22:02:29.284830 np0000175541 devstack@neutron-api.service[103169]: DEBUG neutron_lib.callbacks.manager [None req-31e0e35c-f978-48d7-909d-e6208559a252 None None] Subscribe: port before_update 55550000, False {{(pid=103169) subscribe /opt/stack/data/venv/lib/python3.12/site-packages/neutron_lib/callbacks/manager.py:52}}
May 20 22:02:29.284908 np0000175541 devstack@neutron-api.service[103169]: DEBUG neutron_lib.callbacks.manager [None req-31e0e35c-f978-48d7-909d-e6208559a252 None None] Subscribe: port before_delete 55550000, False {{(pid=103169) subscribe /opt/stack/data/venv/lib/python3.12/site-packages/neutron_lib/callbacks/manager.py:52}}
May 20 22:02:29.285002 np0000175541 devstack@neutron-api.service[103169]: DEBUG neutron_lib.callbacks.manager [None req-31e0e35c-f978-48d7-909d-e6208559a252 None None] Subscribe: > router precommit_create 55550000, False {{(pid=103169) subscribe /opt/stack/data/venv/lib/python3.12/site-packages/neutron_lib/callbacks/manager.py:52}}
May 20 22:02:29.285127 np0000175541 devstack@neutron-api.service[103169]: DEBUG neutron_lib.callbacks.manager [None req-31e0e35c-f978-48d7-909d-e6208559a252 None None] Subscribe: > router precommit_create 55550000, False {{(pid=103169) subscribe /opt/stack/data/venv/lib/python3.12/site-packages/neutron_lib/callbacks/manager.py:52}}
May 20 22:02:29.285242 np0000175541 devstack@neutron-api.service[103169]: DEBUG neutron_lib.callbacks.manager [None req-31e0e35c-f978-48d7-909d-e6208559a252 None None] Subscribe: > router precommit_update 55550000, False {{(pid=103169) subscribe /opt/stack/data/venv/lib/python3.12/site-packages/neutron_lib/callbacks/manager.py:52}}
May 20 22:02:29.285365 np0000175541 devstack@neutron-api.service[103169]: DEBUG neutron_lib.callbacks.manager [None req-31e0e35c-f978-48d7-909d-e6208559a252 None None] Subscribe: subnet after_update 55550000, False {{(pid=103169) subscribe /opt/stack/data/venv/lib/python3.12/site-packages/neutron_lib/callbacks/manager.py:52}}
May 20 22:02:29.285413 np0000175541 devstack@neutron-api.service[103170]: DEBUG neutron.manager [None req-5d86fecb-76c5-4316-8332-b7e3831701fe None None] Successfully loaded timestamp plugin. Description: Adds timestamps to Neutron resources with standard attributes {{(pid=103170) _create_and_add_service_plugin /opt/stack/neutron/neutron/manager.py:239}}
May 20 22:02:29.285458 np0000175541 devstack@neutron-api.service[103170]: INFO neutron.manager [None req-5d86fecb-76c5-4316-8332-b7e3831701fe None None] Loading Plugin: network_ip_availability
May 20 22:02:29.285571 np0000175541 devstack@neutron-api.service[103169]: DEBUG neutron.quota.resource_registry [None req-31e0e35c-f978-48d7-909d-e6208559a252 None None] Tracking information for resource: router configured {{(pid=103169) set_tracked_resource /opt/stack/neutron/neutron/quota/resource_registry.py:203}}
May 20 22:02:29.285692 np0000175541 devstack@neutron-api.service[103169]: DEBUG neutron.quota.resource_registry [None req-31e0e35c-f978-48d7-909d-e6208559a252 None None] Tracking information for resource: floatingip configured {{(pid=103169) set_tracked_resource /opt/stack/neutron/neutron/quota/resource_registry.py:203}}
May 20 22:02:29.285741 np0000175541 devstack@neutron-api.service[103169]: INFO neutron.services.ovn_l3.plugin [None req-31e0e35c-f978-48d7-909d-e6208559a252 None None] Starting OVNL3RouterPlugin
May 20 22:02:29.286060 np0000175541 devstack@neutron-api.service[103169]: DEBUG neutron_lib.callbacks.manager [None req-31e0e35c-f978-48d7-909d-e6208559a252 None None] Subscribe: > port_forwarding_plugin after_init 55550000, False {{(pid=103169) subscribe /opt/stack/data/venv/lib/python3.12/site-packages/neutron_lib/callbacks/manager.py:52}}
May 20 22:02:29.286268 np0000175541 devstack@neutron-api.service[103169]: DEBUG neutron_lib.callbacks.manager [None req-31e0e35c-f978-48d7-909d-e6208559a252 None None] Subscribe: > router before_create 55550100, False {{(pid=103169) subscribe /opt/stack/data/venv/lib/python3.12/site-packages/neutron_lib/callbacks/manager.py:52}}
May 20 22:02:29.286384 np0000175541 devstack@neutron-api.service[103169]: DEBUG neutron_lib.callbacks.manager [None req-31e0e35c-f978-48d7-909d-e6208559a252 None None] Subscribe: > router precommit_delete 55550100, False {{(pid=103169) subscribe /opt/stack/data/venv/lib/python3.12/site-packages/neutron_lib/callbacks/manager.py:52}}
May 20 22:02:29.286491 np0000175541 devstack@neutron-api.service[103169]: DEBUG neutron_lib.callbacks.manager [None req-31e0e35c-f978-48d7-909d-e6208559a252 None None] Subscribe: > router precommit_create 55550100, False {{(pid=103169) subscribe /opt/stack/data/venv/lib/python3.12/site-packages/neutron_lib/callbacks/manager.py:52}}
May 20 22:02:29.286589 np0000175541 devstack@neutron-api.service[103169]: DEBUG neutron_lib.callbacks.manager [None req-31e0e35c-f978-48d7-909d-e6208559a252 None None] Subscribe: > router precommit_update 55550100, False {{(pid=103169) subscribe /opt/stack/data/venv/lib/python3.12/site-packages/neutron_lib/callbacks/manager.py:52}}
May 20 22:02:29.286919 np0000175541 devstack@neutron-api.service[103170]: DEBUG neutron.manager [None req-5d86fecb-76c5-4316-8332-b7e3831701fe None None] Successfully loaded network-ip-availability plugin. Description: Provides IP availability data for each network and subnet. {{(pid=103170) _create_and_add_service_plugin /opt/stack/neutron/neutron/manager.py:239}}
May 20 22:02:29.287016 np0000175541 devstack@neutron-api.service[103170]: INFO neutron.manager [None req-5d86fecb-76c5-4316-8332-b7e3831701fe None None] Loading Plugin: flavors
May 20 22:02:29.287921 np0000175541 devstack@neutron-api.service[103170]: DEBUG neutron.manager [None req-5d86fecb-76c5-4316-8332-b7e3831701fe None None] Successfully loaded FLAVORS plugin. Description: Neutron Flavors and Service Profiles manager plugin {{(pid=103170) _create_and_add_service_plugin /opt/stack/neutron/neutron/manager.py:239}}
May 20 22:02:29.288011 np0000175541 devstack@neutron-api.service[103170]: INFO neutron.manager [None req-5d86fecb-76c5-4316-8332-b7e3831701fe None None] Loading Plugin: revisions
May 20 22:02:29.288965 np0000175541 devstack@neutron-api.service[103170]: DEBUG neutron.manager [None req-5d86fecb-76c5-4316-8332-b7e3831701fe None None] Successfully loaded revision_plugin plugin. Description: Adds revision numbers to resources. {{(pid=103170) _create_and_add_service_plugin /opt/stack/neutron/neutron/manager.py:239}}
May 20 22:02:29.289086 np0000175541 devstack@neutron-api.service[103170]: DEBUG oslo_concurrency.lockutils [None req-5d86fecb-76c5-4316-8332-b7e3831701fe None None] Lock "manager" "released" by "neutron.manager.NeutronManager._create_instance" :: held 4.434s {{(pid=103170) inner /opt/stack/data/venv/lib/python3.12/site-packages/oslo_concurrency/lockutils.py:543}}
May 20 22:02:29.289280 np0000175541 devstack@neutron-api.service[103170]: DEBUG neutron.api.extensions [None req-5d86fecb-76c5-4316-8332-b7e3831701fe None None] get_extension_paths = OrderedDict({'/opt/stack/neutron/neutron/extensions': 1}) {{(pid=103170) get_extensions_path /opt/stack/neutron/neutron/api/extensions.py:640}}
May 20 22:02:29.289381 np0000175541 devstack@neutron-api.service[103170]: INFO neutron.api.extensions [None req-5d86fecb-76c5-4316-8332-b7e3831701fe None None] Initializing extension manager.
May 20 22:02:29.289628 np0000175541 devstack@neutron-api.service[103170]: DEBUG neutron.api.extensions [None req-5d86fecb-76c5-4316-8332-b7e3831701fe None None] Loading extension file: __init__.py {{(pid=103170) _load_all_extensions_from_path /opt/stack/neutron/neutron/api/extensions.py:449}}
May 20 22:02:29.289721 np0000175541 devstack@neutron-api.service[103170]: DEBUG neutron.api.extensions [None req-5d86fecb-76c5-4316-8332-b7e3831701fe None None] Loading extension file: __pycache__ {{(pid=103170) _load_all_extensions_from_path /opt/stack/neutron/neutron/api/extensions.py:449}}
May 20 22:02:29.289835 np0000175541 devstack@neutron-api.service[103170]: DEBUG neutron.api.extensions [None req-5d86fecb-76c5-4316-8332-b7e3831701fe None None] Loading extension file: address_group.py {{(pid=103170) _load_all_extensions_from_path /opt/stack/neutron/neutron/api/extensions.py:449}}
May 20 22:02:29.290159 np0000175541 devstack@neutron-api.service[103170]: DEBUG neutron.api.extensions [None req-5d86fecb-76c5-4316-8332-b7e3831701fe None None] Ext name="Address group" alias="address-group" description="Support address group" updated="2020-07-15T10:00:00-00:00" {{(pid=103170) _check_extension /opt/stack/neutron/neutron/api/extensions.py:415}}
May 20 22:02:29.290384 np0000175541 devstack@neutron-api.service[103170]: INFO neutron.api.extensions [None req-5d86fecb-76c5-4316-8332-b7e3831701fe None None] Loaded extension: address-group
May 20 22:02:29.290430 np0000175541 devstack@neutron-api.service[103169]: DEBUG neutron.services.provider_configuration [None req-31e0e35c-f978-48d7-909d-e6208559a252 None None] Service providers = [] {{(pid=103169) parse_service_provider_opt /opt/stack/neutron/neutron/services/provider_configuration.py:170}}
May 20 22:02:29.290472 np0000175541 devstack@neutron-api.service[103170]: DEBUG neutron.api.extensions [None req-5d86fecb-76c5-4316-8332-b7e3831701fe None None] Loading extension file: address_scope.py {{(pid=103170) _load_all_extensions_from_path /opt/stack/neutron/neutron/api/extensions.py:449}}
May 20 22:02:29.290515 np0000175541 devstack@neutron-api.service[103169]: DEBUG neutron.db.servicetype_db [None req-31e0e35c-f978-48d7-909d-e6208559a252 None None] Adding provider configuration for service L3_ROUTER_NAT {{(pid=103169) add_provider_configuration /opt/stack/neutron/neutron/db/servicetype_db.py:45}}
May 20 22:02:29.290779 np0000175541 devstack@neutron-api.service[103170]: DEBUG neutron.api.extensions [None req-5d86fecb-76c5-4316-8332-b7e3831701fe None None] Ext name="Address scope" alias="address-scope" description="Address scopes extension." updated="2015-07-26T10:00:00-00:00" {{(pid=103170) _check_extension /opt/stack/neutron/neutron/api/extensions.py:415}}
May 20 22:02:29.290970 np0000175541 devstack@neutron-api.service[103170]: INFO neutron.api.extensions [None req-5d86fecb-76c5-4316-8332-b7e3831701fe None None] Loaded extension: address-scope
May 20 22:02:29.291062 np0000175541 devstack@neutron-api.service[103170]: DEBUG neutron.api.extensions [None req-5d86fecb-76c5-4316-8332-b7e3831701fe None None] Loading extension file: admin_state_down_before_update.py {{(pid=103170) _load_all_extensions_from_path /opt/stack/neutron/neutron/api/extensions.py:449}}
May 20 22:02:29.291313 np0000175541 devstack@neutron-api.service[103170]: DEBUG neutron.api.extensions [None req-5d86fecb-76c5-4316-8332-b7e3831701fe None None] Ext name="Enforce Router's Admin State Down Before Update Extension" alias="router-admin-state-down-before-update" description="Ensure that the admin state of a router is DOWN (admin_state_up=False) before updating the distributed attribute" updated="2019-07-02T15:56:00" {{(pid=103170) _check_extension /opt/stack/neutron/neutron/api/extensions.py:415}}
May 20 22:02:29.291485 np0000175541 devstack@neutron-api.service[103170]: INFO neutron.api.extensions [None req-5d86fecb-76c5-4316-8332-b7e3831701fe None None] Extension router-admin-state-down-before-update not supported by any of loaded plugins
May 20 22:02:29.291574 np0000175541 devstack@neutron-api.service[103170]: DEBUG neutron.api.extensions [None req-5d86fecb-76c5-4316-8332-b7e3831701fe None None] Loading extension file: agent.py {{(pid=103170) _load_all_extensions_from_path /opt/stack/neutron/neutron/api/extensions.py:449}}
May 20 22:02:29.291863 np0000175541 devstack@neutron-api.service[103169]: DEBUG neutron_lib.callbacks.manager [None req-31e0e35c-f978-48d7-909d-e6208559a252 None None] Subscribe: > router precommit_create 55549900, False {{(pid=103169) subscribe /opt/stack/data/venv/lib/python3.12/site-packages/neutron_lib/callbacks/manager.py:52}}
May 20 22:02:29.291921 np0000175541 devstack@neutron-api.service[103170]: DEBUG neutron.api.extensions [None req-5d86fecb-76c5-4316-8332-b7e3831701fe None None] Ext name="agent" alias="agent" description="The agent management extension." updated="2013-02-03T10:00:00-00:00" {{(pid=103170) _check_extension /opt/stack/neutron/neutron/api/extensions.py:415}}
May 20 22:02:29.291988 np0000175541 devstack@neutron-api.service[103169]: DEBUG neutron_lib.callbacks.manager [None req-31e0e35c-f978-48d7-909d-e6208559a252 None None] Subscribe: > router_interface after_create 55550000, False {{(pid=103169) subscribe /opt/stack/data/venv/lib/python3.12/site-packages/neutron_lib/callbacks/manager.py:52}}
May 20 22:02:29.292037 np0000175541 devstack@neutron-api.service[103170]: INFO neutron.api.extensions [None req-5d86fecb-76c5-4316-8332-b7e3831701fe None None] Loaded extension: agent
May 20 22:02:29.292073 np0000175541 devstack@neutron-api.service[103169]: DEBUG neutron_lib.callbacks.manager [None req-31e0e35c-f978-48d7-909d-e6208559a252 None None] Subscribe: > floatingip after_create 55550000, False {{(pid=103169) subscribe /opt/stack/data/venv/lib/python3.12/site-packages/neutron_lib/callbacks/manager.py:52}}
May 20 22:02:29.292139 np0000175541 devstack@neutron-api.service[103170]: DEBUG neutron.api.extensions [None req-5d86fecb-76c5-4316-8332-b7e3831701fe None None] Loading extension file: agent_resources_synced.py {{(pid=103170) _load_all_extensions_from_path /opt/stack/neutron/neutron/api/extensions.py:449}}
May 20 22:02:29.292200 np0000175541 devstack@neutron-api.service[103169]: DEBUG neutron_lib.callbacks.manager [None req-31e0e35c-f978-48d7-909d-e6208559a252 None None] Subscribe: > floatingip precommit_create 55550000, False {{(pid=103169) subscribe /opt/stack/data/venv/lib/python3.12/site-packages/neutron_lib/callbacks/manager.py:52}}
May 20 22:02:29.292284 np0000175541 devstack@neutron-api.service[103169]: DEBUG neutron_lib.callbacks.manager [None req-31e0e35c-f978-48d7-909d-e6208559a252 None None] Subscribe: > floatingip precommit_update 55550000, False {{(pid=103169) subscribe /opt/stack/data/venv/lib/python3.12/site-packages/neutron_lib/callbacks/manager.py:52}}
May 20 22:02:29.292371 np0000175541 devstack@neutron-api.service[103170]: DEBUG neutron.api.extensions [None req-5d86fecb-76c5-4316-8332-b7e3831701fe None None] Ext name="Agent's Resource View Synced to Placement" alias="agent-resources-synced" description="Stores success/failure of last sync to Placement" updated="2018-12-19T00:00:00-00:00" {{(pid=103170) _check_extension /opt/stack/neutron/neutron/api/extensions.py:415}}
May 20 22:02:29.292445 np0000175541 devstack@neutron-api.service[103169]: DEBUG neutron_lib.callbacks.manager [None req-31e0e35c-f978-48d7-909d-e6208559a252 None None] Subscribe: > floatingip after_delete 55550000, False {{(pid=103169) subscribe /opt/stack/data/venv/lib/python3.12/site-packages/neutron_lib/callbacks/manager.py:52}}
May 20 22:02:29.292501 np0000175541 devstack@neutron-api.service[103169]: DEBUG neutron_lib.callbacks.manager [None req-31e0e35c-f978-48d7-909d-e6208559a252 None None] Subscribe: > floatingip after_status_update 55550000, False {{(pid=103169) subscribe /opt/stack/data/venv/lib/python3.12/site-packages/neutron_lib/callbacks/manager.py:52}}
May 20 22:02:29.292546 np0000175541 devstack@neutron-api.service[103170]: INFO neutron.api.extensions [None req-5d86fecb-76c5-4316-8332-b7e3831701fe None None] Extension agent-resources-synced not supported by any of loaded plugins
May 20 22:02:29.292588 np0000175541 devstack@neutron-api.service[103169]: DEBUG neutron_lib.callbacks.manager [None req-31e0e35c-f978-48d7-909d-e6208559a252 None None] Subscribe: > floatingip after_update 55550000, False {{(pid=103169) subscribe /opt/stack/data/venv/lib/python3.12/site-packages/neutron_lib/callbacks/manager.py:52}}
May 20 22:02:29.292634 np0000175541 devstack@neutron-api.service[103170]: DEBUG neutron.api.extensions [None req-5d86fecb-76c5-4316-8332-b7e3831701fe None None] Loading extension file: agent_sort_key.py {{(pid=103170) _load_all_extensions_from_path /opt/stack/neutron/neutron/api/extensions.py:449}}
May 20 22:02:29.292671 np0000175541 devstack@neutron-api.service[103169]: DEBUG neutron_lib.callbacks.manager [None req-31e0e35c-f978-48d7-909d-e6208559a252 None None] Subscribe: > port_forwarding after_create 55550000, False {{(pid=103169) subscribe /opt/stack/data/venv/lib/python3.12/site-packages/neutron_lib/callbacks/manager.py:52}}
May 20 22:02:29.292782 np0000175541 devstack@neutron-api.service[103169]: DEBUG neutron_lib.callbacks.manager [None req-31e0e35c-f978-48d7-909d-e6208559a252 None None] Subscribe: > router_interface after_delete 55550000, False {{(pid=103169) subscribe /opt/stack/data/venv/lib/python3.12/site-packages/neutron_lib/callbacks/manager.py:52}}
May 20 22:02:29.292847 np0000175541 devstack@neutron-api.service[103170]: DEBUG neutron.api.extensions [None req-5d86fecb-76c5-4316-8332-b7e3831701fe None None] Ext name="Agents Sort Key" alias="agent_sort_key" description="Enabling the keyword sort_key for sorting in agents." updated="2013-02-03T10:00:00-00:00" {{(pid=103170) _check_extension /opt/stack/neutron/neutron/api/extensions.py:415}}
May 20 22:02:29.292885 np0000175541 devstack@neutron-api.service[103169]: DEBUG neutron_lib.callbacks.manager [None req-31e0e35c-f978-48d7-909d-e6208559a252 None None] Subscribe: > router after_create 55550000, False {{(pid=103169) subscribe /opt/stack/data/venv/lib/python3.12/site-packages/neutron_lib/callbacks/manager.py:52}}
May 20 22:02:29.292999 np0000175541 devstack@neutron-api.service[103169]: DEBUG neutron_lib.callbacks.manager [None req-31e0e35c-f978-48d7-909d-e6208559a252 None None] Subscribe: > router precommit_create 55550000, False {{(pid=103169) subscribe /opt/stack/data/venv/lib/python3.12/site-packages/neutron_lib/callbacks/manager.py:52}}
May 20 22:02:29.293060 np0000175541 devstack@neutron-api.service[103170]: INFO neutron.api.extensions [None req-5d86fecb-76c5-4316-8332-b7e3831701fe None None] Extension agent_sort_key not supported by any of loaded plugins
May 20 22:02:29.293103 np0000175541 devstack@neutron-api.service[103169]: DEBUG neutron_lib.callbacks.manager [None req-31e0e35c-f978-48d7-909d-e6208559a252 None None] Subscribe: > router after_delete 55550000, False {{(pid=103169) subscribe /opt/stack/data/venv/lib/python3.12/site-packages/neutron_lib/callbacks/manager.py:52}}
May 20 22:02:29.293145 np0000175541 devstack@neutron-api.service[103170]: DEBUG neutron.api.extensions [None req-5d86fecb-76c5-4316-8332-b7e3831701fe None None] Loading extension file: allowedaddresspairs.py {{(pid=103170) _load_all_extensions_from_path /opt/stack/neutron/neutron/api/extensions.py:449}}
May 20 22:02:29.293182 np0000175541 devstack@neutron-api.service[103169]: DEBUG neutron_lib.callbacks.manager [None req-31e0e35c-f978-48d7-909d-e6208559a252 None None] Subscribe: > router after_update 55550000, False {{(pid=103169) subscribe /opt/stack/data/venv/lib/python3.12/site-packages/neutron_lib/callbacks/manager.py:52}}
May 20 22:02:29.293306 np0000175541 devstack@neutron-api.service[103169]: DEBUG neutron.services.service_base [None req-31e0e35c-f978-48d7-909d-e6208559a252 None None] Loaded 'neutron.services.ovn_l3.service_providers.ovn.OvnDriver' provider for service L3_ROUTER_NAT {{(pid=103169) load_drivers /opt/stack/neutron/neutron/services/service_base.py:49}}
May 20 22:02:29.293425 np0000175541 devstack@neutron-api.service[103169]: DEBUG neutron_lib.callbacks.manager [None req-31e0e35c-f978-48d7-909d-e6208559a252 None None] Subscribe: > process after_init 55550001, True {{(pid=103169) subscribe /opt/stack/data/venv/lib/python3.12/site-packages/neutron_lib/callbacks/manager.py:52}}
May 20 22:02:29.293561 np0000175541 devstack@neutron-api.service[103169]: DEBUG neutron.manager [None req-31e0e35c-f978-48d7-909d-e6208559a252 None None] Successfully loaded L3_ROUTER_NAT plugin. Description: L3 Router Service Plugin for basic L3 forwarding using OVN {{(pid=103169) _create_and_add_service_plugin /opt/stack/neutron/neutron/manager.py:239}}
May 20 22:02:29.293652 np0000175541 devstack@neutron-api.service[103169]: INFO neutron.manager [None req-31e0e35c-f978-48d7-909d-e6208559a252 None None] Loading Plugin: auto_allocate
May 20 22:02:29.293738 np0000175541 devstack@neutron-api.service[103170]: DEBUG neutron.api.extensions [None req-5d86fecb-76c5-4316-8332-b7e3831701fe None None] Ext name="Allowed Address Pairs" alias="allowed-address-pairs" description="Provides allowed address pairs" updated="2013-07-23T10:00:00-00:00" {{(pid=103170) _check_extension /opt/stack/neutron/neutron/api/extensions.py:415}}
May 20 22:02:29.293940 np0000175541 devstack@neutron-api.service[103170]: INFO neutron.api.extensions [None req-5d86fecb-76c5-4316-8332-b7e3831701fe None None] Loaded extension: allowed-address-pairs
May 20 22:02:29.294055 np0000175541 devstack@neutron-api.service[103170]: DEBUG neutron.api.extensions [None req-5d86fecb-76c5-4316-8332-b7e3831701fe None None] Loading extension file: auto_allocated_topology.py {{(pid=103170) _load_all_extensions_from_path /opt/stack/neutron/neutron/api/extensions.py:449}}
May 20 22:02:29.294272 np0000175541 devstack@neutron-api.service[103170]: DEBUG neutron.api.extensions [None req-5d86fecb-76c5-4316-8332-b7e3831701fe None None] Ext name="Auto Allocated Topology Services" alias="auto-allocated-topology" description="Auto Allocated Topology Services." updated="2016-01-01T00:00:00-00:00" {{(pid=103170) _check_extension /opt/stack/neutron/neutron/api/extensions.py:415}}
May 20 22:02:29.294444 np0000175541 devstack@neutron-api.service[103170]: INFO neutron.api.extensions [None req-5d86fecb-76c5-4316-8332-b7e3831701fe None None] Loaded extension: auto-allocated-topology
May 20 22:02:29.294533 np0000175541 devstack@neutron-api.service[103170]: DEBUG neutron.api.extensions [None req-5d86fecb-76c5-4316-8332-b7e3831701fe None None] Loading extension file: availability_zone.py {{(pid=103170) _load_all_extensions_from_path /opt/stack/neutron/neutron/api/extensions.py:449}}
May 20 22:02:29.294616 np0000175541 devstack@neutron-api.service[103169]: DEBUG neutron_lib.callbacks.manager [None req-31e0e35c-f978-48d7-909d-e6208559a252 None None] Subscribe: network precommit_update 55550000, False {{(pid=103169) subscribe /opt/stack/data/venv/lib/python3.12/site-packages/neutron_lib/callbacks/manager.py:52}}
May 20 22:02:29.294725 np0000175541 devstack@neutron-api.service[103169]: DEBUG neutron_lib.callbacks.manager [None req-31e0e35c-f978-48d7-909d-e6208559a252 None None] Subscribe: network precommit_create 55550000, False {{(pid=103169) subscribe /opt/stack/data/venv/lib/python3.12/site-packages/neutron_lib/callbacks/manager.py:52}}
May 20 22:02:29.294822 np0000175541 devstack@neutron-api.service[103170]: DEBUG neutron.api.extensions [None req-5d86fecb-76c5-4316-8332-b7e3831701fe None None] Ext name="Availability Zone" alias="availability_zone" description="The availability zone extension." updated="2015-01-01T10:00:00-00:00" {{(pid=103170) _check_extension /opt/stack/neutron/neutron/api/extensions.py:415}}
May 20 22:02:29.294952 np0000175541 devstack@neutron-api.service[103169]: DEBUG neutron.manager [None req-31e0e35c-f978-48d7-909d-e6208559a252 None None] Successfully loaded auto-allocated-topology plugin. Description: Auto Allocated Topology - aka get me a network. {{(pid=103169) _create_and_add_service_plugin /opt/stack/neutron/neutron/manager.py:239}}
May 20 22:02:29.294999 np0000175541 devstack@neutron-api.service[103170]: INFO neutron.api.extensions [None req-5d86fecb-76c5-4316-8332-b7e3831701fe None None] Loaded extension: availability_zone
May 20 22:02:29.295045 np0000175541 devstack@neutron-api.service[103169]: INFO neutron.manager [None req-31e0e35c-f978-48d7-909d-e6208559a252 None None] Loading Plugin: tag
May 20 22:02:29.295090 np0000175541 devstack@neutron-api.service[103170]: DEBUG neutron.api.extensions [None req-5d86fecb-76c5-4316-8332-b7e3831701fe None None] Loading extension file: availability_zone_filter.py {{(pid=103170) _load_all_extensions_from_path /opt/stack/neutron/neutron/api/extensions.py:449}}
May 20 22:02:29.295336 np0000175541 devstack@neutron-api.service[103170]: DEBUG neutron.api.extensions [None req-5d86fecb-76c5-4316-8332-b7e3831701fe None None] Ext name="Availability Zone Filter Extension" alias="availability_zone_filter" description="Add filter parameters to AvailabilityZone resource" updated="2018-06-22T10:00:00-00:00" {{(pid=103170) _check_extension /opt/stack/neutron/neutron/api/extensions.py:415}}
May 20 22:02:29.295502 np0000175541 devstack@neutron-api.service[103170]: INFO neutron.api.extensions [None req-5d86fecb-76c5-4316-8332-b7e3831701fe None None] Extension availability_zone_filter not supported by any of loaded plugins
May 20 22:02:29.295592 np0000175541 devstack@neutron-api.service[103170]: DEBUG neutron.api.extensions [None req-5d86fecb-76c5-4316-8332-b7e3831701fe None None] Loading extension file: data_plane_status.py {{(pid=103170) _load_all_extensions_from_path /opt/stack/neutron/neutron/api/extensions.py:449}}
May 20 22:02:29.295845 np0000175541 devstack@neutron-api.service[103170]: DEBUG neutron.api.extensions [None req-5d86fecb-76c5-4316-8332-b7e3831701fe None None] Ext name="Port data plane status extension" alias="data-plane-status" description="Expose status of underlying data plane" updated="2017-01-24T10:00:00-00:00" {{(pid=103170) _check_extension /opt/stack/neutron/neutron/api/extensions.py:415}}
May 20 22:02:29.296014 np0000175541 devstack@neutron-api.service[103170]: INFO neutron.api.extensions [None req-5d86fecb-76c5-4316-8332-b7e3831701fe None None] Extension data-plane-status not supported by any of loaded plugins
May 20 22:02:29.296107 np0000175541 devstack@neutron-api.service[103170]: DEBUG neutron.api.extensions [None req-5d86fecb-76c5-4316-8332-b7e3831701fe None None] Loading extension file: default_subnetpools.py {{(pid=103170) _load_all_extensions_from_path /opt/stack/neutron/neutron/api/extensions.py:449}}
May 20 22:02:29.296331 np0000175541 devstack@neutron-api.service[103170]: DEBUG neutron.api.extensions [None req-5d86fecb-76c5-4316-8332-b7e3831701fe None None] Ext name="Default Subnetpools" alias="default-subnetpools" description="Provides ability to mark and use a subnetpool as the default." updated="2016-02-18T18:00:00-00:00" {{(pid=103170) _check_extension /opt/stack/neutron/neutron/api/extensions.py:415}}
May 20 22:02:29.296500 np0000175541 devstack@neutron-api.service[103170]: INFO neutron.api.extensions [None req-5d86fecb-76c5-4316-8332-b7e3831701fe None None] Loaded extension: default-subnetpools
May 20 22:02:29.296587 np0000175541 devstack@neutron-api.service[103170]: DEBUG neutron.api.extensions [None req-5d86fecb-76c5-4316-8332-b7e3831701fe None None] Loading extension file: dhcpagentscheduler.py {{(pid=103170) _load_all_extensions_from_path /opt/stack/neutron/neutron/api/extensions.py:449}}
May 20 22:02:29.296976 np0000175541 devstack@neutron-api.service[103170]: DEBUG neutron.api.extensions [None req-5d86fecb-76c5-4316-8332-b7e3831701fe None None] Ext name="DHCP Agent Scheduler" alias="dhcp_agent_scheduler" description="Schedule networks among dhcp agents" updated="2013-02-07T10:00:00-00:00" {{(pid=103170) _check_extension /opt/stack/neutron/neutron/api/extensions.py:415}}
May 20 22:02:29.297144 np0000175541 devstack@neutron-api.service[103170]: INFO neutron.api.extensions [None req-5d86fecb-76c5-4316-8332-b7e3831701fe None None] Loaded extension: dhcp_agent_scheduler
May 20 22:02:29.297234 np0000175541 devstack@neutron-api.service[103170]: DEBUG neutron.api.extensions [None req-5d86fecb-76c5-4316-8332-b7e3831701fe None None] Loading extension file: dns.py {{(pid=103170) _load_all_extensions_from_path /opt/stack/neutron/neutron/api/extensions.py:449}}
May 20 22:02:29.297460 np0000175541 devstack@neutron-api.service[103170]: DEBUG neutron.api.extensions [None req-5d86fecb-76c5-4316-8332-b7e3831701fe None None] Ext name="DNS Integration" alias="dns-integration" description="Provides integration with DNS." updated="2015-08-15T18:00:00-00:00" {{(pid=103170) _check_extension /opt/stack/neutron/neutron/api/extensions.py:415}}
May 20 22:02:29.297628 np0000175541 devstack@neutron-api.service[103170]: INFO neutron.api.extensions [None req-5d86fecb-76c5-4316-8332-b7e3831701fe None None] Loaded extension: dns-integration
May 20 22:02:29.297712 np0000175541 devstack@neutron-api.service[103170]: DEBUG neutron.api.extensions [None req-5d86fecb-76c5-4316-8332-b7e3831701fe None None] Loading extension file: dns_domain_ports.py {{(pid=103170) _load_all_extensions_from_path /opt/stack/neutron/neutron/api/extensions.py:449}}
May 20 22:02:29.297803 np0000175541 devstack@neutron-api.service[103169]: DEBUG neutron.manager [None req-31e0e35c-f978-48d7-909d-e6208559a252 None None] Successfully loaded TAG plugin. Description: Tag support {{(pid=103169) _create_and_add_service_plugin /opt/stack/neutron/neutron/manager.py:239}}
May 20 22:02:29.297908 np0000175541 devstack@neutron-api.service[103169]: INFO neutron.manager [None req-31e0e35c-f978-48d7-909d-e6208559a252 None None] Loading Plugin: timestamp
May 20 22:02:29.297950 np0000175541 devstack@neutron-api.service[103170]: DEBUG neutron.api.extensions [None req-5d86fecb-76c5-4316-8332-b7e3831701fe None None] Ext name="dns_domain for ports" alias="dns-domain-ports" description="Allows the DNS domain to be specified for a network port." updated="2017-04-24T10:00:00-00:00" {{(pid=103170) _check_extension /opt/stack/neutron/neutron/api/extensions.py:415}}
May 20 22:02:29.298122 np0000175541 devstack@neutron-api.service[103170]: INFO neutron.api.extensions [None req-5d86fecb-76c5-4316-8332-b7e3831701fe None None] Loaded extension: dns-domain-ports
May 20 22:02:29.298204 np0000175541 devstack@neutron-api.service[103170]: DEBUG neutron.api.extensions [None req-5d86fecb-76c5-4316-8332-b7e3831701fe None None] Loading extension file: dns_integration_domain_keywords.py {{(pid=103170) _load_all_extensions_from_path /opt/stack/neutron/neutron/api/extensions.py:449}}
May 20 22:02:29.298436 np0000175541 devstack@neutron-api.service[103170]: DEBUG neutron.api.extensions [None req-5d86fecb-76c5-4316-8332-b7e3831701fe None None] Ext name="DNS domain names with keywords allowed" alias="dns-integration-domain-keywords" description="Allows to use keywords like , , and as DNS domain name" updated="2020-06-15T18:00:00-00:00" {{(pid=103170) _check_extension /opt/stack/neutron/neutron/api/extensions.py:415}}
May 20 22:02:29.298596 np0000175541 devstack@neutron-api.service[103170]: INFO neutron.api.extensions [None req-5d86fecb-76c5-4316-8332-b7e3831701fe None None] Loaded extension: dns-integration-domain-keywords
May 20 22:02:29.298686 np0000175541 devstack@neutron-api.service[103170]: DEBUG neutron.api.extensions [None req-5d86fecb-76c5-4316-8332-b7e3831701fe None None] Loading extension file: dvr.py {{(pid=103170) _load_all_extensions_from_path /opt/stack/neutron/neutron/api/extensions.py:449}}
May 20 22:02:29.298961 np0000175541 devstack@neutron-api.service[103170]: DEBUG neutron.api.extensions [None req-5d86fecb-76c5-4316-8332-b7e3831701fe None None] Ext name="Distributed Virtual Router" alias="dvr" description="Enables configuration of Distributed Virtual Routers." updated="2014-06-1T10:00:00-00:00" {{(pid=103170) _check_extension /opt/stack/neutron/neutron/api/extensions.py:415}}
May 20 22:02:29.299125 np0000175541 devstack@neutron-api.service[103170]: INFO neutron.api.extensions [None req-5d86fecb-76c5-4316-8332-b7e3831701fe None None] Extension dvr not supported by any of loaded plugins
May 20 22:02:29.299237 np0000175541 devstack@neutron-api.service[103170]: DEBUG neutron.api.extensions [None req-5d86fecb-76c5-4316-8332-b7e3831701fe None None] Loading extension file: ecmp_routes.py {{(pid=103170) _load_all_extensions_from_path /opt/stack/neutron/neutron/api/extensions.py:449}}
May 20 22:02:29.299295 np0000175541 devstack@neutron-api.service[103169]: DEBUG neutron.manager [None req-31e0e35c-f978-48d7-909d-e6208559a252 None None] Successfully loaded timestamp plugin. Description: Adds timestamps to Neutron resources with standard attributes {{(pid=103169) _create_and_add_service_plugin /opt/stack/neutron/neutron/manager.py:239}}
May 20 22:02:29.299351 np0000175541 devstack@neutron-api.service[103169]: INFO neutron.manager [None req-31e0e35c-f978-48d7-909d-e6208559a252 None None] Loading Plugin: network_ip_availability
May 20 22:02:29.299455 np0000175541 devstack@neutron-api.service[103170]: DEBUG neutron.api.extensions [None req-5d86fecb-76c5-4316-8332-b7e3831701fe None None] Ext name="Equal Cost Multipath Routing" alias="ecmp_routes" description="Allows traffic to reach thesame destination via multiple different links " updated="2020-11-26T18:00:00-00:00" {{(pid=103170) _check_extension /opt/stack/neutron/neutron/api/extensions.py:415}}
May 20 22:02:29.299619 np0000175541 devstack@neutron-api.service[103170]: INFO neutron.api.extensions [None req-5d86fecb-76c5-4316-8332-b7e3831701fe None None] Extension ecmp_routes not supported by any of loaded plugins
May 20 22:02:29.299707 np0000175541 devstack@neutron-api.service[103170]: DEBUG neutron.api.extensions [None req-5d86fecb-76c5-4316-8332-b7e3831701fe None None] Loading extension file: empty_string_filtering.py {{(pid=103170) _load_all_extensions_from_path /opt/stack/neutron/neutron/api/extensions.py:449}}
May 20 22:02:29.299996 np0000175541 devstack@neutron-api.service[103170]: DEBUG neutron.api.extensions [None req-5d86fecb-76c5-4316-8332-b7e3831701fe None None] Ext name="Empty String Filtering Extension" alias="empty-string-filtering" description="Allow filtering by attributes with empty string value" updated="2018-05-01T10:00:00-00:00" {{(pid=103170) _check_extension /opt/stack/neutron/neutron/api/extensions.py:415}}
May 20 22:02:29.300132 np0000175541 devstack@neutron-api.service[103170]: INFO neutron.api.extensions [None req-5d86fecb-76c5-4316-8332-b7e3831701fe None None] Loaded extension: empty-string-filtering
May 20 22:02:29.300246 np0000175541 devstack@neutron-api.service[103170]: DEBUG neutron.api.extensions [None req-5d86fecb-76c5-4316-8332-b7e3831701fe None None] Loading extension file: expose_l3_conntrack_helper.py {{(pid=103170) _load_all_extensions_from_path /opt/stack/neutron/neutron/api/extensions.py:449}}
May 20 22:02:29.300427 np0000175541 devstack@neutron-api.service[103170]: DEBUG neutron.api.extensions [None req-5d86fecb-76c5-4316-8332-b7e3831701fe None None] Ext name="Expose CT target rules for conntrack helper" alias="expose-l3-conntrack-helper" description="Expose allow adding CT target rules for conntrack helper" updated="2019-04-04T10:00:00-00:00" {{(pid=103170) _check_extension /opt/stack/neutron/neutron/api/extensions.py:415}}
May 20 22:02:29.300585 np0000175541 devstack@neutron-api.service[103170]: INFO neutron.api.extensions [None req-5d86fecb-76c5-4316-8332-b7e3831701fe None None] Extension expose-l3-conntrack-helper not supported by any of loaded plugins
May 20 22:02:29.300671 np0000175541 devstack@neutron-api.service[103170]: DEBUG neutron.api.extensions [None req-5d86fecb-76c5-4316-8332-b7e3831701fe None None] Loading extension file: expose_port_forwarding_in_fip.py {{(pid=103170) _load_all_extensions_from_path /opt/stack/neutron/neutron/api/extensions.py:449}}
May 20 22:02:29.300915 np0000175541 devstack@neutron-api.service[103170]: DEBUG neutron.api.extensions [None req-5d86fecb-76c5-4316-8332-b7e3831701fe None None] Ext name="Expose Floating IP port forwardings" alias="expose-port-forwarding-in-fip" description="Expose port forwarding fields in floating IP response" updated="2018-06-28T16:00:00-00:00" {{(pid=103170) _check_extension /opt/stack/neutron/neutron/api/extensions.py:415}}
May 20 22:02:29.300972 np0000175541 devstack@neutron-api.service[103169]: DEBUG neutron.manager [None req-31e0e35c-f978-48d7-909d-e6208559a252 None None] Successfully loaded network-ip-availability plugin. Description: Provides IP availability data for each network and subnet. {{(pid=103169) _create_and_add_service_plugin /opt/stack/neutron/neutron/manager.py:239}}
May 20 22:02:29.301045 np0000175541 devstack@neutron-api.service[103169]: INFO neutron.manager [None req-31e0e35c-f978-48d7-909d-e6208559a252 None None] Loading Plugin: flavors
May 20 22:02:29.301089 np0000175541 devstack@neutron-api.service[103170]: INFO neutron.api.extensions [None req-5d86fecb-76c5-4316-8332-b7e3831701fe None None] Extension expose-port-forwarding-in-fip not supported by any of loaded plugins
May 20 22:02:29.301159 np0000175541 devstack@neutron-api.service[103170]: DEBUG neutron.api.extensions [None req-5d86fecb-76c5-4316-8332-b7e3831701fe None None] Loading extension file: external_net.py {{(pid=103170) _load_all_extensions_from_path /opt/stack/neutron/neutron/api/extensions.py:449}}
May 20 22:02:29.301383 np0000175541 devstack@neutron-api.service[103170]: DEBUG neutron.api.extensions [None req-5d86fecb-76c5-4316-8332-b7e3831701fe None None] Ext name="Neutron external network" alias="external-net" description="Adds external network attribute to network resource." updated="2013-01-14T10:00:00-00:00" {{(pid=103170) _check_extension /opt/stack/neutron/neutron/api/extensions.py:415}}
May 20 22:02:29.301548 np0000175541 devstack@neutron-api.service[103170]: INFO neutron.api.extensions [None req-5d86fecb-76c5-4316-8332-b7e3831701fe None None] Loaded extension: external-net
May 20 22:02:29.301636 np0000175541 devstack@neutron-api.service[103170]: DEBUG neutron.api.extensions [None req-5d86fecb-76c5-4316-8332-b7e3831701fe None None] Loading extension file: extra_dhcp_opt.py {{(pid=103170) _load_all_extensions_from_path /opt/stack/neutron/neutron/api/extensions.py:449}}
May 20 22:02:29.301871 np0000175541 devstack@neutron-api.service[103170]: DEBUG neutron.api.extensions [None req-5d86fecb-76c5-4316-8332-b7e3831701fe None None] Ext name="Neutron Extra DHCP options" alias="extra_dhcp_opt" description="Extra options configuration for DHCP. For example PXE boot options to DHCP clients can be specified (e.g. tftp-server, server-ip-address, bootfile-name)" updated="2013-03-17T12:00:00-00:00" {{(pid=103170) _check_extension /opt/stack/neutron/neutron/api/extensions.py:415}}
May 20 22:02:29.301981 np0000175541 devstack@neutron-api.service[103169]: DEBUG neutron.manager [None req-31e0e35c-f978-48d7-909d-e6208559a252 None None] Successfully loaded FLAVORS plugin. Description: Neutron Flavors and Service Profiles manager plugin {{(pid=103169) _create_and_add_service_plugin /opt/stack/neutron/neutron/manager.py:239}}
May 20 22:02:29.302039 np0000175541 devstack@neutron-api.service[103170]: INFO neutron.api.extensions [None req-5d86fecb-76c5-4316-8332-b7e3831701fe None None] Loaded extension: extra_dhcp_opt
May 20 22:02:29.302080 np0000175541 devstack@neutron-api.service[103169]: INFO neutron.manager [None req-31e0e35c-f978-48d7-909d-e6208559a252 None None] Loading Plugin: revisions
May 20 22:02:29.302122 np0000175541 devstack@neutron-api.service[103170]: DEBUG neutron.api.extensions [None req-5d86fecb-76c5-4316-8332-b7e3831701fe None None] Loading extension file: extraroute.py {{(pid=103170) _load_all_extensions_from_path /opt/stack/neutron/neutron/api/extensions.py:449}}
May 20 22:02:29.302364 np0000175541 devstack@neutron-api.service[103170]: DEBUG neutron.api.extensions [None req-5d86fecb-76c5-4316-8332-b7e3831701fe None None] Ext name="Neutron Extra Route" alias="extraroute" description="Extra routes configuration for L3 router" updated="2013-02-01T10:00:00-00:00" {{(pid=103170) _check_extension /opt/stack/neutron/neutron/api/extensions.py:415}}
May 20 22:02:29.302498 np0000175541 devstack@neutron-api.service[103170]: INFO neutron.api.extensions [None req-5d86fecb-76c5-4316-8332-b7e3831701fe None None] Loaded extension: extraroute
