2026-06-30 19:12:16.431 8 INFO neutron.db.ovn_revision_numbers_db [None req-1c4e9a33-3666-4c10-ae61-e22959487d63 f271f971fbe34496a2014d7be30192ce 6aaffb0c82074c96a804f9485f138725 - - default default] Successfully bumped revision number for resource 15df3e9f-96b1-4a05-83b3-b0735484011b (type: ports) to 1 [pid: 8|app: 0|req: 848/1584] 10.0.0.82 () {34 vars in 669 bytes} [Tue Jun 30 19:12:15 2026] POST /v2.0/networks => generated 632 bytes in 478 msecs (HTTP/1.1 201) 4 headers in 162 bytes (1 switches on core 0)
2026-06-30 19:12:16.647 7 WARNING neutron.scheduler.dhcp_agent_scheduler [None req-da9ca2a2-1e41-4c62-9e91-584d801243fd f271f971fbe34496a2014d7be30192ce 6aaffb0c82074c96a804f9485f138725 - - default default] No more DHCP agents
2026-06-30 19:12:16.648 7 WARNING neutron.api.rpc.agentnotifiers.dhcp_rpc_agent_api [None req-da9ca2a2-1e41-4c62-9e91-584d801243fd f271f971fbe34496a2014d7be30192ce 6aaffb0c82074c96a804f9485f138725 - - default default] Unable to schedule network 609a3a34-373b-48a6-bc2a-07c341c893f8: no agents available; will retry on subsequent port and subnet creation events.
2026-06-30 19:12:16.695 7 INFO neutron.plugins.ml2.drivers.ovn.mech_driver.mech_driver [None req-eda02d39-45f7-4066-bf6f-075944541e2e - - - - - -] OVN reports status down for port: 7f160a4d-f4fc-4928-9f75-819647d66c66
2026-06-30 19:12:16.744 7 INFO neutron.db.ovn_revision_numbers_db [None req-da9ca2a2-1e41-4c62-9e91-584d801243fd f271f971fbe34496a2014d7be30192ce 6aaffb0c82074c96a804f9485f138725 - - default default] Successfully bumped revision number for resource 7f160a4d-f4fc-4928-9f75-819647d66c66 (type: ports) to 1 [pid: 7|app: 0|req: 737/1585] 10.0.0.82 () {34 vars in 663 bytes} [Tue Jun 30 19:12:16 2026] POST /v2.0/ports => generated 743 bytes in 359 msecs (HTTP/1.1 201) 4 headers in 162 bytes (1 switches on core 0) [pid: 8|app: 0|req: 849/1586] 10.0.0.82 () {34 vars in 665 bytes} [Tue Jun 30 19:12:16 2026] POST /v2.0/trunks => generated 409 bytes in 198 msecs (HTTP/1.1 201) 4 headers in 162 bytes (1 switches on core 0) /var/lib/openstack/lib/python3.12/site-packages/pycadf/identifier.py:70: UserWarning: Invalid uuid: neutron. To ensure interoperability, identifiers should be a valid uuid. warnings.warn(('Invalid uuid: %s. To ensure interoperability, '
2026-06-30 19:12:17.142 7 INFO neutron.db.segments_db [None req-72004d9b-5ef3-4c21-87b4-be33e961d5eb f271f971fbe34496a2014d7be30192ce 6aaffb0c82074c96a804f9485f138725 - - default default] Added segment e94525e0-29df-4b13-87b7-ed8fb942033d of type geneve for network 63262599-73b0-4b34-ae25-76d761186118
2026-06-30 19:12:17.244 7 INFO neutron.db.ovn_revision_numbers_db [None req-72004d9b-5ef3-4c21-87b4-be33e961d5eb f271f971fbe34496a2014d7be30192ce 6aaffb0c82074c96a804f9485f138725 - - default default] Successfully bumped revision number for resource 63262599-73b0-4b34-ae25-76d761186118 (type: networks) to 1 [pid: 8|app: 0|req: 850/1587] 10.0.0.23 () {34 vars in 989 bytes} [Tue Jun 30 19:12:17 2026] GET /v2.0/ports?device_id=6542d3a6-f5ac-47a7-b12a-968efffe3c6a => generated 12 bytes in 25 msecs (HTTP/1.1 200) 4 headers in 156 bytes (1 switches on core 0)
2026-06-30 19:12:17.434 7 WARNING neutron.scheduler.dhcp_agent_scheduler [None req-72004d9b-5ef3-4c21-87b4-be33e961d5eb f271f971fbe34496a2014d7be30192ce 6aaffb0c82074c96a804f9485f138725 - - default default] No more DHCP agents
2026-06-30 19:12:17.435 7 WARNING neutron.api.rpc.agentnotifiers.dhcp_rpc_agent_api [None req-72004d9b-5ef3-4c21-87b4-be33e961d5eb f271f971fbe34496a2014d7be30192ce 6aaffb0c82074c96a804f9485f138725 - - default default] Unable to schedule network 63262599-73b0-4b34-ae25-76d761186118: no agents available; will retry on subsequent port and subnet creation events.
2026-06-30 19:12:17.493 8 INFO neutron.plugins.ml2.drivers.ovn.mech_driver.mech_driver [None req-29631a56-ff1a-4af8-af1f-8d50d2a2430f - - - - - -] OVN reports status down for port: 47134837-7f54-4558-9c1d-128b023e3fe6
2026-06-30 19:12:17.519 7 INFO neutron.db.ovn_revision_numbers_db [None req-72004d9b-5ef3-4c21-87b4-be33e961d5eb f271f971fbe34496a2014d7be30192ce 6aaffb0c82074c96a804f9485f138725 - - default default] Successfully bumped revision number for resource 47134837-7f54-4558-9c1d-128b023e3fe6 (type: ports) to 1 [pid: 7|app: 0|req: 738/1588] 10.0.0.82 () {34 vars in 669 bytes} [Tue Jun 30 19:12:17 2026] POST /v2.0/networks => generated 632 bytes in 538 msecs (HTTP/1.1 201) 4 headers in 162 bytes (1 switches on core 0)
2026-06-30 19:12:17.775 8 WARNING neutron.scheduler.dhcp_agent_scheduler [None req-f0b9090a-11d9-4a4c-af64-0e07531efc2c f271f971fbe34496a2014d7be30192ce 6aaffb0c82074c96a804f9485f138725 - - default default] No more DHCP agents
2026-06-30 19:12:17.777 8 WARNING neutron.api.rpc.agentnotifiers.dhcp_rpc_agent_api [None req-f0b9090a-11d9-4a4c-af64-0e07531efc2c f271f971fbe34496a2014d7be30192ce 6aaffb0c82074c96a804f9485f138725 - - default default] Unable to schedule network 63262599-73b0-4b34-ae25-76d761186118: no agents available; will retry on subsequent port and subnet creation events.
2026-06-30 19:12:17.832 8 INFO neutron.plugins.ml2.drivers.ovn.mech_driver.mech_driver [None req-29631a56-ff1a-4af8-af1f-8d50d2a2430f - - - - - -] OVN reports status down for port: 15a9fa00-65b4-4d79-a0a0-9f960db76ac5
2026-06-30 19:12:17.891 8 INFO neutron.db.ovn_revision_numbers_db [None req-f0b9090a-11d9-4a4c-af64-0e07531efc2c f271f971fbe34496a2014d7be30192ce 6aaffb0c82074c96a804f9485f138725 - - default default] Successfully bumped revision number for resource 15a9fa00-65b4-4d79-a0a0-9f960db76ac5 (type: ports) to 1 [pid: 8|app: 0|req: 851/1589] 10.0.0.82 () {34 vars in 663 bytes} [Tue Jun 30 19:12:17 2026] POST /v2.0/ports => generated 743 bytes in 399 msecs (HTTP/1.1 201) 4 headers in 162 bytes (1 switches on core 0) /var/lib/openstack/lib/python3.12/site-packages/pycadf/identifier.py:70: UserWarning: Invalid uuid: neutron. To ensure interoperability, identifiers should be a valid uuid. warnings.warn(('Invalid uuid: %s. To ensure interoperability, '
2026-06-30 19:12:18.032 7 INFO neutron.db.ovn_revision_numbers_db [None req-f1965f6b-0753-4cf0-bad3-86fb905f81de e1795c4f992d441786939ac3d4b17b49 806b0f7a28bc43939c579df0b8fcb0d5 - - default default] Successfully bumped revision number for resource 2841dfd8-461c-4df0-bf25-c56af455f0e3 (type: security_groups) to 1
2026-06-30 19:12:18.054 7 INFO neutron.db.ovn_revision_numbers_db [None req-f1965f6b-0753-4cf0-bad3-86fb905f81de e1795c4f992d441786939ac3d4b17b49 806b0f7a28bc43939c579df0b8fcb0d5 - - default default] Successfully bumped revision number for resource 39b48de5-5595-42a7-9419-23c921060027 (type: security_group_rules) to 0
2026-06-30 19:12:18.071 7 INFO neutron.db.ovn_revision_numbers_db [None req-f1965f6b-0753-4cf0-bad3-86fb905f81de e1795c4f992d441786939ac3d4b17b49 806b0f7a28bc43939c579df0b8fcb0d5 - - default default] Successfully bumped revision number for resource 7768d838-949b-45a0-967b-3551086b580f (type: security_group_rules) to 0
2026-06-30 19:12:18.088 7 INFO neutron.db.ovn_revision_numbers_db [None req-f1965f6b-0753-4cf0-bad3-86fb905f81de e1795c4f992d441786939ac3d4b17b49 806b0f7a28bc43939c579df0b8fcb0d5 - - default default] Successfully bumped revision number for resource 9edd4e35-e706-436c-a44a-bb095ea19794 (type: security_group_rules) to 0
2026-06-30 19:12:18.099 7 INFO neutron.db.ovn_revision_numbers_db [None req-f1965f6b-0753-4cf0-bad3-86fb905f81de e1795c4f992d441786939ac3d4b17b49 806b0f7a28bc43939c579df0b8fcb0d5 - - default default] Successfully bumped revision number for resource b8d30908-a43b-4107-9bdf-a219ef74c74c (type: security_group_rules) to 0 [pid: 8|app: 0|req: 852/1590] 10.0.0.82 () {34 vars in 665 bytes} [Tue Jun 30 19:12:17 2026] POST /v2.0/trunks => generated 409 bytes in 180 msecs (HTTP/1.1 201) 4 headers in 162 bytes (1 switches on core 0)
2026-06-30 19:12:18.181 7 INFO neutron.db.segments_db [None req-f1965f6b-0753-4cf0-bad3-86fb905f81de e1795c4f992d441786939ac3d4b17b49 806b0f7a28bc43939c579df0b8fcb0d5 - - default default] Added segment 822d5763-06b4-4a2c-9d74-81f35428372e of type geneve for network 21df2e72-a56f-49cb-aaff-577a630b1994 [pid: 8|app: 0|req: 853/1591] 10.0.0.82 () {34 vars in 748 bytes} [Tue Jun 30 19:12:18 2026] PUT /v2.0/trunks/f83202f0-0f71-43cc-bf66-4c24e7d62f77/tags => generated 17 bytes in 32 msecs (HTTP/1.1 200) 4 headers in 156 bytes (1 switches on core 0) [pid: 8|app: 0|req: 854/1592] 10.0.0.82 () {34 vars in 748 bytes} [Tue Jun 30 19:12:18 2026] PUT /v2.0/trunks/c348a25c-c479-47ae-b271-3374d0c87cd4/tags => generated 25 bytes in 34 msecs (HTTP/1.1 200) 4 headers in 156 bytes (1 switches on core 0) [pid: 8|app: 0|req: 855/1593] 10.0.0.82 () {34 vars in 748 bytes} [Tue Jun 30 19:12:18 2026] PUT /v2.0/trunks/9b9a7a61-e5e7-4f2e-973f-7882a6580946/tags => generated 34 bytes in 39 msecs (HTTP/1.1 200) 4 headers in 156 bytes (1 switches on core 0)
2026-06-30 19:12:18.288 7 INFO neutron.db.ovn_revision_numbers_db [None req-f1965f6b-0753-4cf0-bad3-86fb905f81de e1795c4f992d441786939ac3d4b17b49 806b0f7a28bc43939c579df0b8fcb0d5 - - default default] Successfully bumped revision number for resource 21df2e72-a56f-49cb-aaff-577a630b1994 (type: networks) to 1 [pid: 8|app: 0|req: 856/1594] 10.0.0.82 () {34 vars in 748 bytes} [Tue Jun 30 19:12:18 2026] PUT /v2.0/trunks/e9f9217e-1abb-4f54-88bf-b6d0005f3f2b/tags => generated 19 bytes in 26 msecs (HTTP/1.1 200) 4 headers in 156 bytes (1 switches on core 0) [pid: 8|app: 0|req: 857/1595] 10.0.0.82 () {32 vars in 661 bytes} [Tue Jun 30 19:12:18 2026] GET /v2.0/trunks?tags=red => generated 1252 bytes in 27 msecs (HTTP/1.1 200) 4 headers in 158 bytes (1 switches on core 0) [pid: 8|app: 0|req: 858/1596] 10.0.0.82 () {32 vars in 675 bytes} [Tue Jun 30 19:12:18 2026] GET /v2.0/trunks?tags=red%2Cblue => generated 847 bytes in 20 msecs (HTTP/1.1 200) 4 headers in 157 bytes (1 switches on core 0) [pid: 8|app: 0|req: 859/1597] 10.0.0.82 () {32 vars in 671 bytes} [Tue Jun 30 19:12:18 2026] GET /v2.0/trunks?tags-any=blue => generated 847 bytes in 15 msecs (HTTP/1.1 200) 4 headers in 157 bytes (1 switches on core 0) [pid: 8|app: 0|req: 860/1598] 10.0.0.82 () {32 vars in 683 bytes} [Tue Jun 30 19:12:18 2026] GET /v2.0/trunks?tags-any=red%2Cblue => generated 1252 bytes in 18 msecs (HTTP/1.1 200) 4 headers in 158 bytes (1 switches on core 0) [pid: 8|app: 0|req: 861/1599] 10.0.0.82 () {32 vars in 669 bytes} [Tue Jun 30 19:12:18 2026] GET /v2.0/trunks?not-tags=red => generated 819 bytes in 18 msecs (HTTP/1.1 200) 4 headers in 157 bytes (1 switches on core 0) [pid: 8|app: 0|req: 862/1600] 10.0.0.82 () {32 vars in 683 bytes} [Tue Jun 30 19:12:18 2026] GET /v2.0/trunks?not-tags=red%2Cblue => generated 1224 bytes in 18 msecs (HTTP/1.1 200) 4 headers in 158 bytes (1 switches on core 0)
2026-06-30 19:12:18.467 7 WARNING neutron.scheduler.dhcp_agent_scheduler [None req-f1965f6b-0753-4cf0-bad3-86fb905f81de e1795c4f992d441786939ac3d4b17b49 806b0f7a28bc43939c579df0b8fcb0d5 - - default default] No more DHCP agents
2026-06-30 19:12:18.469 7 WARNING neutron.api.rpc.agentnotifiers.dhcp_rpc_agent_api [None req-f1965f6b-0753-4cf0-bad3-86fb905f81de e1795c4f992d441786939ac3d4b17b49 806b0f7a28bc43939c579df0b8fcb0d5 - - default default] Unable to schedule network 21df2e72-a56f-49cb-aaff-577a630b1994: no agents available; will retry on subsequent port and subnet creation events. [pid: 8|app: 0|req: 863/1601] 10.0.0.82 () {32 vars in 679 bytes} [Tue Jun 30 19:12:18 2026] GET /v2.0/trunks?not-tags-any=blue => generated 1224 bytes in 17 msecs (HTTP/1.1 200) 4 headers in 158 bytes (1 switches on core 0) [pid: 8|app: 0|req: 864/1602] 10.0.0.82 () {32 vars in 691 bytes} [Tue Jun 30 19:12:18 2026] GET /v2.0/trunks?not-tags-any=red%2Cblue => generated 819 bytes in 12 msecs (HTTP/1.1 200) 4 headers in 157 bytes (1 switches on core 0)
2026-06-30 19:12:18.505 7 INFO neutron.plugins.ml2.drivers.ovn.mech_driver.mech_driver [None req-eda02d39-45f7-4066-bf6f-075944541e2e - - - - - -] OVN reports status down for port: 121e2553-1cde-4a0b-81a2-a6b2993cd471 [pid: 8|app: 0|req: 865/1603] 10.0.0.82 () {32 vars in 718 bytes} [Tue Jun 30 19:12:18 2026] GET /v2.0/trunks/f83202f0-0f71-43cc-bf66-4c24e7d62f77 => generated 414 bytes in 24 msecs (HTTP/1.1 200) 4 headers in 157 bytes (1 switches on core 0) [pid: 8|app: 0|req: 866/1604] 10.0.0.23 () {34 vars in 989 bytes} [Tue Jun 30 19:12:18 2026] GET /v2.0/ports?device_id=6542d3a6-f5ac-47a7-b12a-968efffe3c6a => generated 12 bytes in 17 msecs (HTTP/1.1 200) 4 headers in 156 bytes (1 switches on core 0)
2026-06-30 19:12:18.557 7 INFO neutron.db.ovn_revision_numbers_db [None req-f1965f6b-0753-4cf0-bad3-86fb905f81de e1795c4f992d441786939ac3d4b17b49 806b0f7a28bc43939c579df0b8fcb0d5 - - default default] Successfully bumped revision number for resource 121e2553-1cde-4a0b-81a2-a6b2993cd471 (type: ports) to 1 [pid: 7|app: 0|req: 739/1605] 10.0.0.82 () {34 vars in 669 bytes} [Tue Jun 30 19:12:17 2026] POST /v2.0/networks => generated 640 bytes in 913 msecs (HTTP/1.1 201) 4 headers in 162 bytes (1 switches on core 0) [pid: 8|app: 0|req: 867/1606] 10.0.0.82 () {32 vars in 716 bytes} [Tue Jun 30 19:12:18 2026] GET /v2.0/ports/5cb562af-e115-4e28-ab14-e5b820b3648e => generated 826 bytes in 86 msecs (HTTP/1.1 200) 4 headers in 157 bytes (1 switches on core 0) [pid: 8|app: 0|req: 868/1607] 10.0.0.82 () {32 vars in 721 bytes} [Tue Jun 30 19:12:18 2026] DELETE /v2.0/trunks/f83202f0-0f71-43cc-bf66-4c24e7d62f77 => generated 0 bytes in 71 msecs (HTTP/1.1 204) 2 headers in 112 bytes (1 switches on core 0) [pid: 8|app: 0|req: 869/1608] 10.0.0.82 () {32 vars in 718 bytes} [Tue Jun 30 19:12:18 2026] GET /v2.0/trunks/c348a25c-c479-47ae-b271-3374d0c87cd4 => generated 422 bytes in 13 msecs (HTTP/1.1 200) 4 headers in 157 bytes (1 switches on core 0) [pid: 8|app: 0|req: 870/1609] 10.0.0.82 () {32 vars in 716 bytes} [Tue Jun 30 19:12:18 2026] GET /v2.0/ports/f3c77364-9d05-4710-b9f2-8e62e948eaa6 => generated 826 bytes in 65 msecs (HTTP/1.1 200) 4 headers in 157 bytes (1 switches on core 0)
2026-06-30 19:12:18.788 7 WARNING neutron.scheduler.dhcp_agent_scheduler [None req-ca8ae4ca-f73a-4d63-8dae-5b8f4c76cf32 e1795c4f992d441786939ac3d4b17b49 806b0f7a28bc43939c579df0b8fcb0d5 - - default default] No more DHCP agents
2026-06-30 19:12:18.790 7 WARNING neutron.api.rpc.agentnotifiers.dhcp_rpc_agent_api [None req-ca8ae4ca-f73a-4d63-8dae-5b8f4c76cf32 e1795c4f992d441786939ac3d4b17b49 806b0f7a28bc43939c579df0b8fcb0d5 - - default default] Unable to schedule network 21df2e72-a56f-49cb-aaff-577a630b1994: no agents available; will retry on subsequent port and subnet creation events. [pid: 8|app: 0|req: 871/1610] 10.0.0.82 () {32 vars in 721 bytes} [Tue Jun 30 19:12:18 2026] DELETE /v2.0/trunks/c348a25c-c479-47ae-b271-3374d0c87cd4 => generated 0 bytes in 56 msecs (HTTP/1.1 204) 2 headers in 112 bytes (1 switches on core 0) [pid: 8|app: 0|req: 872/1611] 10.0.0.82 () {32 vars in 718 bytes} [Tue Jun 30 19:12:18 2026] GET /v2.0/trunks/9b9a7a61-e5e7-4f2e-973f-7882a6580946 => generated 431 bytes in 12 msecs (HTTP/1.1 200) 4 headers in 157 bytes (1 switches on core 0) [pid: 8|app: 0|req: 873/1612] 10.0.0.82 () {32 vars in 716 bytes} [Tue Jun 30 19:12:18 2026] GET /v2.0/ports/14d2060a-ecd8-4cf4-be59-a663f3786f78 => generated 826 bytes in 43 msecs (HTTP/1.1 200) 4 headers in 157 bytes (1 switches on core 0) [pid: 8|app: 0|req: 874/1613] 10.0.0.82 () {32 vars in 721 bytes} [Tue Jun 30 19:12:18 2026] DELETE /v2.0/trunks/9b9a7a61-e5e7-4f2e-973f-7882a6580946 => generated 0 bytes in 67 msecs (HTTP/1.1 204) 2 headers in 112 bytes (1 switches on core 0) [pid: 8|app: 0|req: 875/1614] 10.0.0.82 () {32 vars in 718 bytes} [Tue Jun 30 19:12:18 2026] GET /v2.0/trunks/e9f9217e-1abb-4f54-88bf-b6d0005f3f2b => generated 416 bytes in 19 msecs (HTTP/1.1 200) 4 headers in 157 bytes (1 switches on core 0) [pid: 8|app: 0|req: 876/1615] 10.0.0.82 () {32 vars in 716 bytes} [Tue Jun 30 19:12:19 2026] GET /v2.0/ports/7f160a4d-f4fc-4928-9f75-819647d66c66 => generated 826 bytes in 67 msecs (HTTP/1.1 200) 4 headers in 157 bytes (1 switches on core 0) [pid: 8|app: 0|req: 877/1616] 10.0.0.82 () {32 vars in 721 bytes} [Tue Jun 30 19:12:19 2026] DELETE /v2.0/trunks/e9f9217e-1abb-4f54-88bf-b6d0005f3f2b => generated 0 bytes in 81 msecs (HTTP/1.1 204) 2 headers in 112 bytes (1 switches on core 0) [pid: 8|app: 0|req: 878/1617] 10.0.0.82 () {32 vars in 718 bytes} [Tue Jun 30 19:12:19 2026] GET /v2.0/trunks/7ab080a4-7461-4d77-b1bc-bb5690f3d6a0 => generated 409 bytes in 12 msecs (HTTP/1.1 200) 4 headers in 157 bytes (1 switches on core 0)
2026-06-30 19:12:19.227 7 INFO neutron.db.ovn_revision_numbers_db [None req-b1a658d4-8f46-42fc-b96c-b658b8fdcd85 - - - - - -] Successfully bumped revision number for resource 121e2553-1cde-4a0b-81a2-a6b2993cd471 (type: ports) to 2 [pid: 8|app: 0|req: 879/1618] 10.0.0.82 () {32 vars in 716 bytes} [Tue Jun 30 19:12:19 2026] GET /v2.0/ports/15a9fa00-65b4-4d79-a0a0-9f960db76ac5 => generated 826 bytes in 49 msecs (HTTP/1.1 200) 4 headers in 157 bytes (1 switches on core 0)
2026-06-30 19:12:19.258 7 INFO neutron.db.ovn_revision_numbers_db [None req-b1a658d4-8f46-42fc-b96c-b658b8fdcd85 - - - - - -] Successfully bumped revision number for resource 53435a5e-e2f5-49c2-b490-5e83d0bcc0ba (type: subnets) to 0 [pid: 7|app: 0|req: 740/1619] 10.0.0.82 () {34 vars in 668 bytes} [Tue Jun 30 19:12:18 2026] POST /v2.0/subnets => generated 658 bytes in 673 msecs (HTTP/1.1 201) 4 headers in 162 bytes (1 switches on core 0) [pid: 8|app: 0|req: 880/1620] 10.0.0.82 () {32 vars in 721 bytes} [Tue Jun 30 19:12:19 2026] DELETE /v2.0/trunks/7ab080a4-7461-4d77-b1bc-bb5690f3d6a0 => generated 0 bytes in 53 msecs (HTTP/1.1 204) 2 headers in 112 bytes (1 switches on core 0)
2026-06-30 19:12:19.413 8 INFO neutron_taas.services.taas.taas_plugin [None req-243c83bc-b62e-4be9-8198-759163f366a3 f271f971fbe34496a2014d7be30192ce 6aaffb0c82074c96a804f9485f138725 - - default default] TaaS: Handle Delete Port: 5cb562af-e115-4e28-ab14-e5b820b3648e
2026-06-30 19:12:19.417 8 INFO neutron_taas.services.taas.tap_mirror_plugin [None req-243c83bc-b62e-4be9-8198-759163f366a3 f271f971fbe34496a2014d7be30192ce 6aaffb0c82074c96a804f9485f138725 - - default default] Tap Mirror: Handle Delete Port: 5cb562af-e115-4e28-ab14-e5b820b3648e [pid: 7|app: 0|req: 741/1621] 10.0.0.82 () {32 vars in 721 bytes} [Tue Jun 30 19:12:19 2026] GET /v2.0/subnetpools?name=shared-default-subnetpool-v6 => generated 19 bytes in 177 msecs (HTTP/1.1 200) 4 headers in 156 bytes (1 switches on core 0) [pid: 8|app: 0|req: 881/1622] 10.0.0.82 () {32 vars in 719 bytes} [Tue Jun 30 19:12:19 2026] DELETE /v2.0/ports/5cb562af-e115-4e28-ab14-e5b820b3648e => generated 0 bytes in 228 msecs (HTTP/1.1 204) 3 headers in 131 bytes (1 switches on core 0)
2026-06-30 19:12:19.634 8 INFO neutron_taas.services.taas.taas_plugin [None req-5cb0a7b1-419c-4e33-8766-2942889597e6 f271f971fbe34496a2014d7be30192ce 6aaffb0c82074c96a804f9485f138725 - - default default] TaaS: Handle Delete Port: f3c77364-9d05-4710-b9f2-8e62e948eaa6
2026-06-30 19:12:19.637 8 INFO neutron_taas.services.taas.tap_mirror_plugin [None req-5cb0a7b1-419c-4e33-8766-2942889597e6 f271f971fbe34496a2014d7be30192ce 6aaffb0c82074c96a804f9485f138725 - - default default] Tap Mirror: Handle Delete Port: f3c77364-9d05-4710-b9f2-8e62e948eaa6
2026-06-30 19:12:19.653 7 WARNING neutron.scheduler.dhcp_agent_scheduler [None req-a825e793-6f65-4674-823a-7996aa2a4120 e1795c4f992d441786939ac3d4b17b49 806b0f7a28bc43939c579df0b8fcb0d5 - - default default] No more DHCP agents
2026-06-30 19:12:19.655 7 WARNING neutron.api.rpc.agentnotifiers.dhcp_rpc_agent_api [None req-a825e793-6f65-4674-823a-7996aa2a4120 e1795c4f992d441786939ac3d4b17b49 806b0f7a28bc43939c579df0b8fcb0d5 - - default default] Unable to schedule network 21df2e72-a56f-49cb-aaff-577a630b1994: no agents available; will retry on subsequent port and subnet creation events.
2026-06-30 19:12:19.677 7 INFO neutron.db.ovn_revision_numbers_db [None req-a825e793-6f65-4674-823a-7996aa2a4120 e1795c4f992d441786939ac3d4b17b49 806b0f7a28bc43939c579df0b8fcb0d5 - - default default] Successfully bumped revision number for resource 4b06c164-d3e8-4d2e-b85c-b8254fd251a1 (type: subnets) to 0 [pid: 7|app: 0|req: 742/1623] 10.0.0.82 () {34 vars in 668 bytes} [Tue Jun 30 19:12:19 2026] POST /v2.0/subnets => generated 732 bytes in 234 msecs (HTTP/1.1 201) 4 headers in 162 bytes (1 switches on core 0) [pid: 7|app: 0|req: 743/1624] 10.0.0.23 () {34 vars in 989 bytes} [Tue Jun 30 19:12:19 2026] GET /v2.0/ports?device_id=6542d3a6-f5ac-47a7-b12a-968efffe3c6a => generated 12 bytes in 14 msecs (HTTP/1.1 200) 4 headers in 156 bytes (1 switches on core 0) [pid: 8|app: 0|req: 882/1625] 10.0.0.82 () {32 vars in 719 bytes} [Tue Jun 30 19:12:19 2026] DELETE /v2.0/ports/f3c77364-9d05-4710-b9f2-8e62e948eaa6 => generated 0 bytes in 216 msecs (HTTP/1.1 204) 3 headers in 131 bytes (1 switches on core 0)
2026-06-30 19:12:19.785 7 INFO neutron.db.segments_db [None req-9c4ebaa4-ba7e-4ef4-8a3f-737060a69e1f e1795c4f992d441786939ac3d4b17b49 806b0f7a28bc43939c579df0b8fcb0d5 - - default default] Added segment 13b37843-1f3e-4cf2-b450-96647eaf9337 of type geneve for network 245878d7-d871-4cff-81ff-957071881219
2026-06-30 19:12:19.869 8 INFO neutron_taas.services.taas.taas_plugin [None req-455a7d12-bfbb-4704-8c34-7cf686a09bec f271f971fbe34496a2014d7be30192ce 6aaffb0c82074c96a804f9485f138725 - - default default] TaaS: Handle Delete Port: 14d2060a-ecd8-4cf4-be59-a663f3786f78
2026-06-30 19:12:19.874 7 INFO neutron.db.ovn_revision_numbers_db [None req-9c4ebaa4-ba7e-4ef4-8a3f-737060a69e1f e1795c4f992d441786939ac3d4b17b49 806b0f7a28bc43939c579df0b8fcb0d5 - - default default] Successfully bumped revision number for resource 245878d7-d871-4cff-81ff-957071881219 (type: networks) to 1
2026-06-30 19:12:19.875 8 INFO neutron_taas.services.taas.tap_mirror_plugin [None req-455a7d12-bfbb-4704-8c34-7cf686a09bec f271f971fbe34496a2014d7be30192ce 6aaffb0c82074c96a804f9485f138725 - - default default] Tap Mirror: Handle Delete Port: 14d2060a-ecd8-4cf4-be59-a663f3786f78 [pid: 8|app: 0|req: 883/1626] 10.0.0.82 () {32 vars in 719 bytes} [Tue Jun 30 19:12:19 2026] DELETE /v2.0/ports/14d2060a-ecd8-4cf4-be59-a663f3786f78 => generated 0 bytes in 240 msecs (HTTP/1.1 204) 3 headers in 131 bytes (1 switches on core 0)
2026-06-30 19:12:20.018 7 WARNING neutron.scheduler.dhcp_agent_scheduler [None req-9c4ebaa4-ba7e-4ef4-8a3f-737060a69e1f e1795c4f992d441786939ac3d4b17b49 806b0f7a28bc43939c579df0b8fcb0d5 - - default default] No more DHCP agents
2026-06-30 19:12:20.021 7 WARNING neutron.api.rpc.agentnotifiers.dhcp_rpc_agent_api [None req-9c4ebaa4-ba7e-4ef4-8a3f-737060a69e1f e1795c4f992d441786939ac3d4b17b49 806b0f7a28bc43939c579df0b8fcb0d5 - - default default] Unable to schedule network 245878d7-d871-4cff-81ff-957071881219: no agents available; will retry on subsequent port and subnet creation events.
2026-06-30 19:12:20.077 8 INFO neutron.plugins.ml2.drivers.ovn.mech_driver.mech_driver [None req-29631a56-ff1a-4af8-af1f-8d50d2a2430f - - - - - -] OVN reports status down for port: 6c389805-4c54-48d9-87f4-f371114f932c
2026-06-30 19:12:20.117 7 INFO neutron.db.ovn_revision_numbers_db [None req-9c4ebaa4-ba7e-4ef4-8a3f-737060a69e1f e1795c4f992d441786939ac3d4b17b49 806b0f7a28bc43939c579df0b8fcb0d5 - - default default] Successfully bumped revision number for resource 6c389805-4c54-48d9-87f4-f371114f932c (type: ports) to 1 [pid: 7|app: 0|req: 744/1627] 10.0.0.82 () {34 vars in 669 bytes} [Tue Jun 30 19:12:19 2026] POST /v2.0/networks => generated 637 bytes in 432 msecs (HTTP/1.1 201) 4 headers in 162 bytes (1 switches on core 0)
2026-06-30 19:12:20.253 8 INFO neutron.db.ovn_revision_numbers_db [None req-09f2dcbe-c2ba-4aae-bf61-f5dc7ccd0d23 4f63f30f4612470db40d51d97472c6ae aff3b1073c7b40f7a6256f7973d19cd2 - - default default] Successfully bumped revision number for resource 6741aefb-8ff5-4889-877e-acd77f25a6c4 (type: security_groups) to 1
2026-06-30 19:12:20.266 8 INFO neutron.db.ovn_revision_numbers_db [None req-09f2dcbe-c2ba-4aae-bf61-f5dc7ccd0d23 4f63f30f4612470db40d51d97472c6ae aff3b1073c7b40f7a6256f7973d19cd2 - - default default] Successfully bumped revision number for resource 69801ce4-c530-4da9-a2bc-c1223a3992d8 (type: security_group_rules) to 0
2026-06-30 19:12:20.266 7 INFO neutron_taas.services.taas.taas_plugin [None req-926df6f6-c248-4968-af9a-3051f56a8ff6 f271f971fbe34496a2014d7be30192ce 6aaffb0c82074c96a804f9485f138725 - - default default] TaaS: Handle Delete Port: 7f160a4d-f4fc-4928-9f75-819647d66c66
2026-06-30 19:12:20.269 7 INFO neutron_taas.services.taas.tap_mirror_plugin [None req-926df6f6-c248-4968-af9a-3051f56a8ff6 f271f971fbe34496a2014d7be30192ce 6aaffb0c82074c96a804f9485f138725 - - default default] Tap Mirror: Handle Delete Port: 7f160a4d-f4fc-4928-9f75-819647d66c66
2026-06-30 19:12:20.277 8 INFO neutron.db.ovn_revision_numbers_db [None req-09f2dcbe-c2ba-4aae-bf61-f5dc7ccd0d23 4f63f30f4612470db40d51d97472c6ae aff3b1073c7b40f7a6256f7973d19cd2 - - default default] Successfully bumped revision number for resource bd8c93e5-76bd-4439-8811-c9903ec322da (type: security_group_rules) to 0
2026-06-30 19:12:20.289 8 INFO neutron.db.ovn_revision_numbers_db [None req-09f2dcbe-c2ba-4aae-bf61-f5dc7ccd0d23 4f63f30f4612470db40d51d97472c6ae aff3b1073c7b40f7a6256f7973d19cd2 - - default default] Successfully bumped revision number for resource cc2bcfb0-39dc-434b-b8c5-8886bff5732c (type: security_group_rules) to 0
2026-06-30 19:12:20.305 8 INFO neutron.db.ovn_revision_numbers_db [None req-09f2dcbe-c2ba-4aae-bf61-f5dc7ccd0d23 4f63f30f4612470db40d51d97472c6ae aff3b1073c7b40f7a6256f7973d19cd2 - - default default] Successfully bumped revision number for resource de45b169-ddbd-4fb7-a1d1-fd96a51424cb (type: security_group_rules) to 0 [pid: 8|app: 0|req: 884/1628] 10.0.0.82 () {32 vars in 773 bytes} [Tue Jun 30 19:12:19 2026] GET /v2.0/security-groups?tenant_id=9d6d8a3f4b52495eb1c6b806acbfa619&name=default => generated 2925 bytes in 352 msecs (HTTP/1.1 200) 4 headers in 158 bytes (1 switches on core 0) [pid: 7|app: 0|req: 745/1629] 10.0.0.82 () {32 vars in 719 bytes} [Tue Jun 30 19:12:20 2026] DELETE /v2.0/ports/7f160a4d-f4fc-4928-9f75-819647d66c66 => generated 0 bytes in 237 msecs (HTTP/1.1 204) 3 headers in 131 bytes (1 switches on core 0)
2026-06-30 19:12:20.524 8 WARNING neutron.scheduler.dhcp_agent_scheduler [None req-b5381442-2bcf-4a31-814c-f719a9abca17 e1795c4f992d441786939ac3d4b17b49 806b0f7a28bc43939c579df0b8fcb0d5 - - default default] No more DHCP agents
2026-06-30 19:12:20.526 8 WARNING neutron.api.rpc.agentnotifiers.dhcp_rpc_agent_api [None req-b5381442-2bcf-4a31-814c-f719a9abca17 e1795c4f992d441786939ac3d4b17b49 806b0f7a28bc43939c579df0b8fcb0d5 - - default default] Unable to schedule network 245878d7-d871-4cff-81ff-957071881219: no agents available; will retry on subsequent port and subnet creation events. [pid: 7|app: 0|req: 746/1630] 10.0.0.82 () {32 vars in 739 bytes} [Tue Jun 30 19:12:20 2026] DELETE /v2.0/security-groups/6741aefb-8ff5-4889-877e-acd77f25a6c4 => generated 0 bytes in 195 msecs (HTTP/1.1 204) 2 headers in 112 bytes (1 switches on core 0)
2026-06-30 19:12:20.716 7 INFO neutron_taas.services.taas.taas_plugin [None req-de536113-9d78-46df-8341-fb2c1a623f5a f271f971fbe34496a2014d7be30192ce 6aaffb0c82074c96a804f9485f138725 - - default default] TaaS: Handle Delete Port: 15a9fa00-65b4-4d79-a0a0-9f960db76ac5
2026-06-30 19:12:20.733 7 INFO neutron_taas.services.taas.tap_mirror_plugin [None req-de536113-9d78-46df-8341-fb2c1a623f5a f271f971fbe34496a2014d7be30192ce 6aaffb0c82074c96a804f9485f138725 - - default default] Tap Mirror: Handle Delete Port: 15a9fa00-65b4-4d79-a0a0-9f960db76ac5 [pid: 7|app: 0|req: 747/1631] 10.0.0.82 () {32 vars in 719 bytes} [Tue Jun 30 19:12:20 2026] DELETE /v2.0/ports/15a9fa00-65b4-4d79-a0a0-9f960db76ac5 => generated 0 bytes in 266 msecs (HTTP/1.1 204) 3 headers in 131 bytes (1 switches on core 0)
2026-06-30 19:12:20.972 7 INFO neutron.db.ovn_revision_numbers_db [None req-43463eda-2948-47f3-ac1b-b5a86757c541 4f63f30f4612470db40d51d97472c6ae aff3b1073c7b40f7a6256f7973d19cd2 - - default default] Successfully bumped revision number for resource 33aaa9f7-df7e-4391-a2c0-84902d4aa5b2 (type: security_groups) to 1
2026-06-30 19:12:20.990 7 INFO neutron.db.ovn_revision_numbers_db [None req-43463eda-2948-47f3-ac1b-b5a86757c541 4f63f30f4612470db40d51d97472c6ae aff3b1073c7b40f7a6256f7973d19cd2 - - default default] Successfully bumped revision number for resource 16850ed8-b3c4-4ca3-9a88-37305f458e20 (type: security_group_rules) to 0
2026-06-30 19:12:20.993 8 INFO neutron.db.ovn_revision_numbers_db [None req-3c37d557-99b4-4a9f-8302-cc11307ff0a5 - - - - - -] Successfully bumped revision number for resource 6c389805-4c54-48d9-87f4-f371114f932c (type: ports) to 2
2026-06-30 19:12:21.006 7 INFO neutron.db.ovn_revision_numbers_db [None req-43463eda-2948-47f3-ac1b-b5a86757c541 4f63f30f4612470db40d51d97472c6ae aff3b1073c7b40f7a6256f7973d19cd2 - - default default] Successfully bumped revision number for resource 356057ec-12e5-466e-8935-7828a2ec748e (type: security_group_rules) to 0
2026-06-30 19:12:21.028 7 INFO neutron.db.ovn_revision_numbers_db [None req-43463eda-2948-47f3-ac1b-b5a86757c541 4f63f30f4612470db40d51d97472c6ae aff3b1073c7b40f7a6256f7973d19cd2 - - default default] Successfully bumped revision number for resource 3def2afd-d25a-4f92-a74d-21bd94756cb1 (type: security_group_rules) to 0
2026-06-30 19:12:21.040 8 INFO neutron.db.ovn_revision_numbers_db [None req-3c37d557-99b4-4a9f-8302-cc11307ff0a5 - - - - - -] Successfully bumped revision number for resource ab96588a-8424-4ead-aded-aa7e30f73317 (type: subnets) to 0
2026-06-30 19:12:21.044 7 INFO neutron.db.ovn_revision_numbers_db [None req-43463eda-2948-47f3-ac1b-b5a86757c541 4f63f30f4612470db40d51d97472c6ae aff3b1073c7b40f7a6256f7973d19cd2 - - default default] Successfully bumped revision number for resource aab54e25-4e70-4ae9-98b0-b5e0efd66e91 (type: security_group_rules) to 0 [pid: 8|app: 0|req: 885/1632] 10.0.0.82 () {34 vars in 668 bytes} [Tue Jun 30 19:12:20 2026] POST /v2.0/subnets => generated 656 bytes in 718 msecs (HTTP/1.1 201) 4 headers in 162 bytes (1 switches on core 0) [pid: 7|app: 0|req: 748/1633] 10.0.0.82 () {32 vars in 773 bytes} [Tue Jun 30 19:12:20 2026] GET /v2.0/security-groups?tenant_id=7754abeda9824ffe81009081b80903fb&name=default => generated 2925 bytes in 242 msecs (HTTP/1.1 200) 4 headers in 158 bytes (1 switches on core 0) [pid: 8|app: 0|req: 886/1634] 10.0.0.82 () {32 vars in 739 bytes} [Tue Jun 30 19:12:21 2026] DELETE /v2.0/security-groups/a4cf4813-a255-4cbc-8b00-3492b56506d3 => generated 0 bytes in 159 msecs (HTTP/1.1 204) 2 headers in 112 bytes (1 switches on core 0)
2026-06-30 19:12:21.231 7 INFO neutron_taas.services.taas.taas_plugin [None req-af7ec616-50bb-46c8-9aac-26968672c3c2 f271f971fbe34496a2014d7be30192ce 6aaffb0c82074c96a804f9485f138725 - - default default] TaaS: Handle Delete Port: ff31ae32-7d9b-40a0-9557-c315ffbb81d1
2026-06-30 19:12:21.233 7 INFO neutron_taas.services.taas.tap_mirror_plugin [None req-af7ec616-50bb-46c8-9aac-26968672c3c2 f271f971fbe34496a2014d7be30192ce 6aaffb0c82074c96a804f9485f138725 - - default default] Tap Mirror: Handle Delete Port: ff31ae32-7d9b-40a0-9557-c315ffbb81d1
2026-06-30 19:12:21.400 7 INFO neutron.services.segments.plugin [-] Segment 1e62510d-d558-4e56-977c-d17bb7f7e1d9 resource provider aggregate not found
2026-06-30 19:12:21.405 7 INFO neutron.services.segments.plugin [-] Segment 1e62510d-d558-4e56-977c-d17bb7f7e1d9 resource provider aggregate not found
2026-06-30 19:12:21.409 8 WARNING neutron.scheduler.dhcp_agent_scheduler [None req-837a71c7-1b45-4d22-86c3-a6d6d6ece8ab e1795c4f992d441786939ac3d4b17b49 806b0f7a28bc43939c579df0b8fcb0d5 - - default default] No more DHCP agents
2026-06-30 19:12:21.410 8 WARNING neutron.api.rpc.agentnotifiers.dhcp_rpc_agent_api [None req-837a71c7-1b45-4d22-86c3-a6d6d6ece8ab e1795c4f992d441786939ac3d4b17b49 806b0f7a28bc43939c579df0b8fcb0d5 - - default default] Unable to schedule network 245878d7-d871-4cff-81ff-957071881219: no agents available; will retry on subsequent port and subnet creation events.
2026-06-30 19:12:21.417 7 INFO neutron.services.segments.plugin [-] Segment 1e62510d-d558-4e56-977c-d17bb7f7e1d9 resource provider not found; error: Placement Client Error (4xx): {"errors": [{"status": 404, "title": "Not Found", "detail": "The resource could not be found.\n\n No resource provider with uuid 1e62510d-d558-4e56-977c-d17bb7f7e1d9 found for delete ", "request_id": "req-26d7a7c3-000a-4e27-baee-56c0f2737a58"}]}
2026-06-30 19:12:21.430 7 INFO neutron.services.segments.plugin [-] Segment 1e62510d-d558-4e56-977c-d17bb7f7e1d9 resource provider not found; error: Placement Client Error (4xx): {"errors": [{"status": 404, "title": "Not Found", "detail": "The resource could not be found.\n\n No resource provider with uuid 1e62510d-d558-4e56-977c-d17bb7f7e1d9 found for delete ", "request_id": "req-4c9406b4-da56-4b57-9979-71d4f82e3e1c"}]}
2026-06-30 19:12:21.442 8 INFO neutron.db.ovn_revision_numbers_db [None req-837a71c7-1b45-4d22-86c3-a6d6d6ece8ab e1795c4f992d441786939ac3d4b17b49 806b0f7a28bc43939c579df0b8fcb0d5 - - default default] Successfully bumped revision number for resource b9360bcb-2239-412a-973b-99f975f8afc2 (type: subnets) to 0 [pid: 7|app: 0|req: 749/1635] 10.0.0.82 () {32 vars in 725 bytes} [Tue Jun 30 19:12:21 2026] DELETE /v2.0/networks/a427019c-831d-47ae-8edc-36eba8647e86 => generated 0 bytes in 365 msecs (HTTP/1.1 204) 3 headers in 131 bytes (1 switches on core 0) [pid: 8|app: 0|req: 887/1636] 10.0.0.82 () {34 vars in 668 bytes} [Tue Jun 30 19:12:21 2026] POST /v2.0/subnets => generated 725 bytes in 238 msecs (HTTP/1.1 201) 4 headers in 162 bytes (1 switches on core 0)
2026-06-30 19:12:21.470 8 INFO neutron.api.v2.resource [None req-b820f34c-7844-49a7-8ba3-72fab2222380 7bcb9a3dcbf648ea8edfa616b578d2b1 dc5514cf8cbe4671aa990e4cd0c9f662 - - default default] show failed (client error): The resource could not be found. [pid: 8|app: 0|req: 890/1639] 10.0.0.82 () {32 vars in 736 bytes} [Tue Jun 30 19:12:21 2026] GET /v2.0/security-groups/a4cf4813-a255-4cbc-8b00-3492b56506d3 => generated 146 bytes in 8 msecs (HTTP/1.1 404) 4 headers in 164 bytes (1 switches on core 0)
2026-06-30 19:12:21.572 8 INFO neutron_taas.services.taas.taas_plugin [None req-942c5bb3-ce18-4ec8-888f-ccbb9530c3fb f271f971fbe34496a2014d7be30192ce 6aaffb0c82074c96a804f9485f138725 - - default default] TaaS: Handle Delete Port: 4366dc27-87f7-4ed0-a738-f58dce98a6ba
2026-06-30 19:12:21.575 8 INFO neutron_taas.services.taas.tap_mirror_plugin [None req-942c5bb3-ce18-4ec8-888f-ccbb9530c3fb f271f971fbe34496a2014d7be30192ce 6aaffb0c82074c96a804f9485f138725 - - default default] Tap Mirror: Handle Delete Port: 4366dc27-87f7-4ed0-a738-f58dce98a6ba [pid: 7|app: 0|req: 750/1640] 10.0.0.82 () {32 vars in 739 bytes} [Tue Jun 30 19:12:21 2026] DELETE /v2.0/security-groups/33aaa9f7-df7e-4391-a2c0-84902d4aa5b2 => generated 0 bytes in 207 msecs (HTTP/1.1 204) 2 headers in 112 bytes (1 switches on core 0)
2026-06-30 19:12:21.752 8 INFO neutron.services.segments.plugin [-] Segment a43040ad-6b48-4947-bdbd-e54a0faaebfe resource provider aggregate not found
2026-06-30 19:12:21.756 8 INFO neutron.services.segments.plugin [-] Segment a43040ad-6b48-4947-bdbd-e54a0faaebfe resource provider aggregate not found
2026-06-30 19:12:21.758 7 INFO neutron.db.segments_db [None req-f91701ad-2fc0-428d-adbb-1d345b058510 e1795c4f992d441786939ac3d4b17b49 806b0f7a28bc43939c579df0b8fcb0d5 - - default default] Added segment cea575ac-0b21-4d00-ab29-761110a41405 of type geneve for network bec7fcb4-245a-4718-93c5-839a3687f115
2026-06-30 19:12:21.766 8 INFO neutron.services.segments.plugin [-] Segment a43040ad-6b48-4947-bdbd-e54a0faaebfe resource provider not found; error: Placement Client Error (4xx): {"errors": [{"status": 404, "title": "Not Found", "detail": "The resource could not be found.\n\n No resource provider with uuid a43040ad-6b48-4947-bdbd-e54a0faaebfe found for delete ", "request_id": "req-c6f0053f-0edc-43e0-a019-b4fa0e537a0a"}]}
2026-06-30 19:12:21.778 8 INFO neutron.services.segments.plugin [-] Segment a43040ad-6b48-4947-bdbd-e54a0faaebfe resource provider not found; error: Placement Client Error (4xx): {"errors": [{"status": 404, "title": "Not Found", "detail": "The resource could not be found.\n\n No resource provider with uuid a43040ad-6b48-4947-bdbd-e54a0faaebfe found for delete ", "request_id": "req-7594422a-2fac-410a-97f6-9f0cae795f62"}]} [pid: 8|app: 0|req: 891/1641] 10.0.0.82 () {32 vars in 725 bytes} [Tue Jun 30 19:12:21 2026] DELETE /v2.0/networks/76a80a0e-a666-48c1-954a-92a82ddc7889 => generated 0 bytes in 319 msecs (HTTP/1.1 204) 3 headers in 131 bytes (1 switches on core 0)
2026-06-30 19:12:21.869 7 INFO neutron.db.ovn_revision_numbers_db [None req-f91701ad-2fc0-428d-adbb-1d345b058510 e1795c4f992d441786939ac3d4b17b49 806b0f7a28bc43939c579df0b8fcb0d5 - - default default] Successfully bumped revision number for resource bec7fcb4-245a-4718-93c5-839a3687f115 (type: networks) to 1
2026-06-30 19:12:21.921 8 INFO neutron_taas.services.taas.taas_plugin [None req-1b5e78eb-6761-4444-a41f-417a01570463 7bcb9a3dcbf648ea8edfa616b578d2b1 dc5514cf8cbe4671aa990e4cd0c9f662 - - default default] TaaS: Handle Delete Port: 3f40a697-3ef2-472f-9007-757919c63867
2026-06-30 19:12:21.926 8 INFO neutron_taas.services.taas.tap_mirror_plugin [None req-1b5e78eb-6761-4444-a41f-417a01570463 7bcb9a3dcbf648ea8edfa616b578d2b1 dc5514cf8cbe4671aa990e4cd0c9f662 - - default default] Tap Mirror: Handle Delete Port: 3f40a697-3ef2-472f-9007-757919c63867
2026-06-30 19:12:22.020 7 WARNING neutron.scheduler.dhcp_agent_scheduler [None req-f91701ad-2fc0-428d-adbb-1d345b058510 e1795c4f992d441786939ac3d4b17b49 806b0f7a28bc43939c579df0b8fcb0d5 - - default default] No more DHCP agents
2026-06-30 19:12:22.022 7 WARNING neutron.api.rpc.agentnotifiers.dhcp_rpc_agent_api [None req-f91701ad-2fc0-428d-adbb-1d345b058510 e1795c4f992d441786939ac3d4b17b49 806b0f7a28bc43939c579df0b8fcb0d5 - - default default] Unable to schedule network bec7fcb4-245a-4718-93c5-839a3687f115: no agents available; will retry on subsequent port and subnet creation events.
2026-06-30 19:12:22.063 7 INFO neutron.plugins.ml2.drivers.ovn.mech_driver.mech_driver [None req-eda02d39-45f7-4066-bf6f-075944541e2e - - - - - -] OVN reports status down for port: 74439673-e01e-4403-aee4-0d59f1c5e7a3 [pid: 8|app: 0|req: 892/1642] 10.0.0.82 () {32 vars in 731 bytes} [Tue Jun 30 19:12:21 2026] DELETE /v2.0/floatingips/037141c1-a515-413e-8082-a363d9b64a1a => generated 0 bytes in 322 msecs (HTTP/1.1 204) 2 headers in 112 bytes (1 switches on core 0)
2026-06-30 19:12:22.120 7 INFO neutron.db.ovn_revision_numbers_db [None req-f91701ad-2fc0-428d-adbb-1d345b058510 e1795c4f992d441786939ac3d4b17b49 806b0f7a28bc43939c579df0b8fcb0d5 - - default default] Successfully bumped revision number for resource 74439673-e01e-4403-aee4-0d59f1c5e7a3 (type: ports) to 1 [pid: 7|app: 0|req: 751/1643] 10.0.0.82 () {34 vars in 669 bytes} [Tue Jun 30 19:12:21 2026] POST /v2.0/networks => generated 638 bytes in 495 msecs (HTTP/1.1 201) 4 headers in 162 bytes (1 switches on core 0)
2026-06-30 19:12:22.220 8 INFO neutron_taas.services.taas.taas_plugin [None req-44ed7d16-0060-4b31-b39a-5793ce5b3939 f271f971fbe34496a2014d7be30192ce 6aaffb0c82074c96a804f9485f138725 - - default default] TaaS: Handle Delete Port: 427a6656-6056-4606-ab2d-2ffa5a3e9030
2026-06-30 19:12:22.222 8 INFO neutron_taas.services.taas.tap_mirror_plugin [None req-44ed7d16-0060-4b31-b39a-5793ce5b3939 f271f971fbe34496a2014d7be30192ce 6aaffb0c82074c96a804f9485f138725 - - default default] Tap Mirror: Handle Delete Port: 427a6656-6056-4606-ab2d-2ffa5a3e9030 [pid: 8|app: 0|req: 893/1644] 10.0.0.82 () {32 vars in 725 bytes} [Tue Jun 30 19:12:22 2026] DELETE /v2.0/networks/33a4b620-86e1-430b-aa13-1f125bbd29a2 => generated 0 bytes in 307 msecs (HTTP/1.1 204) 3 headers in 131 bytes (1 switches on core 0)
2026-06-30 19:12:22.442 7 INFO neutron_taas.services.taas.taas_plugin [None req-ed13c912-c40a-4c89-82b8-85ad71976969 4f63f30f4612470db40d51d97472c6ae aff3b1073c7b40f7a6256f7973d19cd2 - - default default] TaaS: Handle Delete Port: 341763c0-ff24-46cd-86ad-7b227ffc6ee3
2026-06-30 19:12:22.445 7 INFO neutron_taas.services.taas.tap_mirror_plugin [None req-ed13c912-c40a-4c89-82b8-85ad71976969 4f63f30f4612470db40d51d97472c6ae aff3b1073c7b40f7a6256f7973d19cd2 - - default default] Tap Mirror: Handle Delete Port: 341763c0-ff24-46cd-86ad-7b227ffc6ee3
2026-06-30 19:12:22.590 8 WARNING neutron.scheduler.dhcp_agent_scheduler [None req-eb9d7958-7c97-4555-b78d-44f1b217a7a2 e1795c4f992d441786939ac3d4b17b49 806b0f7a28bc43939c579df0b8fcb0d5 - - default default] No more DHCP agents
2026-06-30 19:12:22.591 8 WARNING neutron.api.rpc.agentnotifiers.dhcp_rpc_agent_api [None req-eb9d7958-7c97-4555-b78d-44f1b217a7a2 e1795c4f992d441786939ac3d4b17b49 806b0f7a28bc43939c579df0b8fcb0d5 - - default default] Unable to schedule network bec7fcb4-245a-4718-93c5-839a3687f115: no agents available; will retry on subsequent port and subnet creation events.
2026-06-30 19:12:22.988 8 INFO neutron.db.ovn_revision_numbers_db [None req-4b076f9b-dcd4-4ce9-8c8c-647c39f0e3dd - - - - - -] Successfully bumped revision number for resource 74439673-e01e-4403-aee4-0d59f1c5e7a3 (type: ports) to 2
2026-06-30 19:12:23.031 8 INFO neutron.db.ovn_revision_numbers_db [None req-4b076f9b-dcd4-4ce9-8c8c-647c39f0e3dd - - - - - -] Successfully bumped revision number for resource 6132cf2b-e491-48d3-82b4-ff8125deacd9 (type: subnets) to 0 [pid: 7|app: 0|req: 752/1645] 10.0.0.82 () {34 vars in 788 bytes} [Tue Jun 30 19:12:22 2026] PUT /v2.0/routers/fbda983e-faca-413b-a71a-2842d1c3435c/remove_router_interface => generated 309 bytes in 878 msecs (HTTP/1.1 200) 4 headers in 157 bytes (1 switches on core 0) /var/lib/openstack/lib/python3.12/site-packages/pycadf/identifier.py:70: UserWarning: Invalid uuid: neutron. To ensure interoperability, identifiers should be a valid uuid. warnings.warn(('Invalid uuid: %s. To ensure interoperability, ' [pid: 8|app: 0|req: 894/1646] 10.0.0.82 () {34 vars in 668 bytes} [Tue Jun 30 19:12:22 2026] POST /v2.0/subnets => generated 656 bytes in 632 msecs (HTTP/1.1 201) 4 headers in 162 bytes (1 switches on core 0)
2026-06-30 19:12:23.157 7 INFO neutron_taas.services.taas.taas_plugin [None req-bbf11470-d7d2-42f4-9163-bc9a21f88581 f271f971fbe34496a2014d7be30192ce 6aaffb0c82074c96a804f9485f138725 - - default default] TaaS: Handle Delete Port: 15df3e9f-96b1-4a05-83b3-b0735484011b
2026-06-30 19:12:23.159 7 INFO neutron_taas.services.taas.tap_mirror_plugin [None req-bbf11470-d7d2-42f4-9163-bc9a21f88581 f271f971fbe34496a2014d7be30192ce 6aaffb0c82074c96a804f9485f138725 - - default default] Tap Mirror: Handle Delete Port: 15df3e9f-96b1-4a05-83b3-b0735484011b [pid: 7|app: 0|req: 753/1647] 10.0.0.82 () {32 vars in 725 bytes} [Tue Jun 30 19:12:23 2026] DELETE /v2.0/networks/609a3a34-373b-48a6-bc2a-07c341c893f8 => generated 0 bytes in 334 msecs (HTTP/1.1 204) 3 headers in 131 bytes (1 switches on core 0)
2026-06-30 19:12:23.369 8 INFO neutron_taas.services.taas.taas_plugin [None req-64f94a89-ea8d-4aa8-bc10-1c11386fbde5 4f63f30f4612470db40d51d97472c6ae aff3b1073c7b40f7a6256f7973d19cd2 - - default default] TaaS: Handle Delete Port: 1dbbcaca-2298-4f65-8a95-f13fb8ce4f1c
2026-06-30 19:12:23.373 8 INFO neutron_taas.services.taas.tap_mirror_plugin [None req-64f94a89-ea8d-4aa8-bc10-1c11386fbde5 4f63f30f4612470db40d51d97472c6ae aff3b1073c7b40f7a6256f7973d19cd2 - - default default] Tap Mirror: Handle Delete Port: 1dbbcaca-2298-4f65-8a95-f13fb8ce4f1c
2026-06-30 19:12:23.431 7 INFO neutron.services.segments.plugin [-] Segment 175def19-605f-44d2-bfeb-6990b240d9f7 resource provider aggregate not found
2026-06-30 19:12:23.452 7 INFO neutron.services.segments.plugin [-] Segment 175def19-605f-44d2-bfeb-6990b240d9f7 resource provider aggregate not found
2026-06-30 19:12:23.458 7 INFO neutron.services.segments.plugin [-] Segment 175def19-605f-44d2-bfeb-6990b240d9f7 resource provider not found; error: Placement Client Error (4xx): {"errors": [{"status": 404, "title": "Not Found", "detail": "The resource could not be found.\n\n No resource provider with uuid 175def19-605f-44d2-bfeb-6990b240d9f7 found for delete ", "request_id": "req-425c738a-d31b-49d3-b521-de1748e01599"}]}
2026-06-30 19:12:23.470 7 INFO neutron.services.segments.plugin [-] Segment 175def19-605f-44d2-bfeb-6990b240d9f7 resource provider not found; error: Placement Client Error (4xx): {"errors": [{"status": 404, "title": "Not Found", "detail": "The resource could not be found.\n\n No resource provider with uuid 175def19-605f-44d2-bfeb-6990b240d9f7 found for delete ", "request_id": "req-54e4c168-8b43-4124-ab2f-34a7cee4d4bc"}]}
2026-06-30 19:12:23.603 7 WARNING neutron.scheduler.dhcp_agent_scheduler [None req-3cac95ea-bef0-4a43-ab4c-7c78c72db18d e1795c4f992d441786939ac3d4b17b49 806b0f7a28bc43939c579df0b8fcb0d5 - - default default] No more DHCP agents
2026-06-30 19:12:23.604 7 WARNING neutron.api.rpc.agentnotifiers.dhcp_rpc_agent_api [None req-3cac95ea-bef0-4a43-ab4c-7c78c72db18d e1795c4f992d441786939ac3d4b17b49 806b0f7a28bc43939c579df0b8fcb0d5 - - default default] Unable to schedule network bec7fcb4-245a-4718-93c5-839a3687f115: no agents available; will retry on subsequent port and subnet creation events.
2026-06-30 19:12:23.627 7 INFO neutron.db.ovn_revision_numbers_db [None req-3cac95ea-bef0-4a43-ab4c-7c78c72db18d e1795c4f992d441786939ac3d4b17b49 806b0f7a28bc43939c579df0b8fcb0d5 - - default default] Successfully bumped revision number for resource f00402b6-bb75-44ad-97a1-788cae77baea (type: subnets) to 0 [pid: 7|app: 0|req: 754/1648] 10.0.0.82 () {34 vars in 668 bytes} [Tue Jun 30 19:12:23 2026] POST /v2.0/subnets => generated 730 bytes in 272 msecs (HTTP/1.1 201) 4 headers in 162 bytes (1 switches on core 0) [pid: 8|app: 0|req: 895/1649] 10.0.0.82 () {32 vars in 723 bytes} [Tue Jun 30 19:12:23 2026] DELETE /v2.0/routers/fbda983e-faca-413b-a71a-2842d1c3435c => generated 0 bytes in 676 msecs (HTTP/1.1 204) 2 headers in 112 bytes (1 switches on core 0)
2026-06-30 19:12:23.749 7 INFO neutron_taas.services.taas.taas_plugin [None req-836baced-650f-43e3-ba26-175d4ecff725 f271f971fbe34496a2014d7be30192ce 6aaffb0c82074c96a804f9485f138725 - - default default] TaaS: Handle Delete Port: 47134837-7f54-4558-9c1d-128b023e3fe6
2026-06-30 19:12:23.752 7 INFO neutron_taas.services.taas.tap_mirror_plugin [None req-836baced-650f-43e3-ba26-175d4ecff725 f271f971fbe34496a2014d7be30192ce 6aaffb0c82074c96a804f9485f138725 - - default default] Tap Mirror: Handle Delete Port: 47134837-7f54-4558-9c1d-128b023e3fe6
2026-06-30 19:12:23.785 8 INFO neutron.services.segments.plugin [-] Segment b1e5e6c8-dd56-4e22-8ac4-a87c8ab891e7 resource provider aggregate not found
2026-06-30 19:12:23.798 8 INFO neutron.services.segments.plugin [-] Segment b1e5e6c8-dd56-4e22-8ac4-a87c8ab891e7 resource provider aggregate not found
2026-06-30 19:12:23.808 8 INFO neutron.services.segments.plugin [-] Segment b1e5e6c8-dd56-4e22-8ac4-a87c8ab891e7 resource provider not found; error: Placement Client Error (4xx): {"errors": [{"status": 404, "title": "Not Found", "detail": "The resource could not be found.\n\n No resource provider with uuid b1e5e6c8-dd56-4e22-8ac4-a87c8ab891e7 found for delete ", "request_id": "req-f7992c47-0ef4-4d45-85f6-f9b353c2fae1"}]}
2026-06-30 19:12:23.822 8 INFO neutron.services.segments.plugin [-] Segment b1e5e6c8-dd56-4e22-8ac4-a87c8ab891e7 resource provider not found; error: Placement Client Error (4xx): {"errors": [{"status": 404, "title": "Not Found", "detail": "The resource could not be found.\n\n No resource provider with uuid b1e5e6c8-dd56-4e22-8ac4-a87c8ab891e7 found for delete ", "request_id": "req-4d06b2b2-b0ba-4f08-85f8-eb14b0971ba2"}]} [pid: 7|app: 0|req: 755/1650] 10.0.0.82 () {32 vars in 725 bytes} [Tue Jun 30 19:12:23 2026] DELETE /v2.0/networks/63262599-73b0-4b34-ae25-76d761186118 => generated 0 bytes in 311 msecs (HTTP/1.1 204) 3 headers in 131 bytes (1 switches on core 0) [pid: 7|app: 0|req: 756/1651] 10.0.0.82 () {32 vars in 723 bytes} [Tue Jun 30 19:12:23 2026] DELETE /v2.0/subnets/997a737d-1173-4452-b767-4c619565939e => generated 0 bytes in 167 msecs (HTTP/1.1 204) 3 headers in 131 bytes (1 switches on core 0)
2026-06-30 19:12:24.162 8 WARNING neutron.scheduler.dhcp_agent_scheduler [None req-2fff9c5e-dd44-4a79-b62e-223708784b0a e1795c4f992d441786939ac3d4b17b49 806b0f7a28bc43939c579df0b8fcb0d5 - - default default] No more DHCP agents
2026-06-30 19:12:24.163 8 WARNING neutron.api.rpc.agentnotifiers.dhcp_rpc_agent_api [None req-2fff9c5e-dd44-4a79-b62e-223708784b0a e1795c4f992d441786939ac3d4b17b49 806b0f7a28bc43939c579df0b8fcb0d5 - - default default] Unable to schedule network cb6ead06-ed2e-42ef-9420-dec38c158971: no agents available; will retry on subsequent port and subnet creation events.
2026-06-30 19:12:24.258 7 INFO neutron_taas.services.taas.taas_plugin [None req-9ae9613b-40b7-4152-baa8-f1d31cc768ba 4f63f30f4612470db40d51d97472c6ae aff3b1073c7b40f7a6256f7973d19cd2 - - default default] TaaS: Handle Delete Port: 09bfcc69-3608-4bbd-88b7-51f1fa485d39
2026-06-30 19:12:24.261 7 INFO neutron_taas.services.taas.tap_mirror_plugin [None req-9ae9613b-40b7-4152-baa8-f1d31cc768ba 4f63f30f4612470db40d51d97472c6ae aff3b1073c7b40f7a6256f7973d19cd2 - - default default] Tap Mirror: Handle Delete Port: 09bfcc69-3608-4bbd-88b7-51f1fa485d39
2026-06-30 19:12:24.284 7 INFO neutron.plugins.ml2.drivers.ovn.mech_driver.mech_driver [None req-eda02d39-45f7-4066-bf6f-075944541e2e - - - - - -] OVN reports status down for port: 40fddb6d-b59d-435c-b20b-3fdc36b66da7
