2026-06-30 19:16:59.172 7 INFO neutron.db.ovn_revision_numbers_db [None req-e396f199-a479-436f-b6cd-9ab6f8434a66 4f63f30f4612470db40d51d97472c6ae aff3b1073c7b40f7a6256f7973d19cd2 - - default default] Successfully bumped revision number for resource a7f83fd4-1d5f-410b-92f8-8f53e29afd01 (type: security_group_rules) to 0
2026-06-30 19:16:59.183 7 INFO neutron.db.ovn_revision_numbers_db [None req-e396f199-a479-436f-b6cd-9ab6f8434a66 4f63f30f4612470db40d51d97472c6ae aff3b1073c7b40f7a6256f7973d19cd2 - - default default] Successfully bumped revision number for resource d4465502-d3ac-44dd-b572-76b606fc27fc (type: security_group_rules) to 0
2026-06-30 19:16:59.186 8 INFO neutron.api.v2.resource [None req-400786d5-b920-4467-b489-0baf69c079c1 e1795c4f992d441786939ac3d4b17b49 806b0f7a28bc43939c579df0b8fcb0d5 - - default default] show failed (client error): The resource could not be found. [pid: 8|app: 0|req: 1728/3285] 10.0.0.82 () {32 vars in 720 bytes} [Tue Jun 30 19:16:59 2026] GET /v2.0/routers/67af6727-c098-4695-a959-4c08096b3c59 => generated 135 bytes in 28 msecs (HTTP/1.1 404) 4 headers in 164 bytes (1 switches on core 0)
2026-06-30 19:16:59.195 7 INFO neutron.db.ovn_revision_numbers_db [None req-e396f199-a479-436f-b6cd-9ab6f8434a66 4f63f30f4612470db40d51d97472c6ae aff3b1073c7b40f7a6256f7973d19cd2 - - default default] Successfully bumped revision number for resource f00c09ae-367f-461a-805c-f9816343e534 (type: security_group_rules) to 0 [pid: 7|app: 0|req: 1558/3286] 10.0.0.82 () {32 vars in 773 bytes} [Tue Jun 30 19:16:58 2026] GET /v2.0/security-groups?tenant_id=164725b244254ef1b96b2857d00c4ac8&name=default => generated 2929 bytes in 279 msecs (HTTP/1.1 200) 4 headers in 158 bytes (1 switches on core 0) [pid: 8|app: 0|req: 1729/3287] 10.0.0.82 () {32 vars in 723 bytes} [Tue Jun 30 19:16:59 2026] DELETE /v2.0/subnets/f00402b6-bb75-44ad-97a1-788cae77baea => generated 0 bytes in 147 msecs (HTTP/1.1 204) 3 headers in 131 bytes (1 switches on core 0)
2026-06-30 19:16:59.360 8 INFO neutron.pecan_wsgi.hooks.translation [None req-7809a25f-4a51-4ffd-bde7-add3ac1b0266 e1795c4f992d441786939ac3d4b17b49 806b0f7a28bc43939c579df0b8fcb0d5 - - default default] GET failed (client error): The resource could not be found. [pid: 8|app: 0|req: 1730/3288] 10.0.0.82 () {32 vars in 720 bytes} [Tue Jun 30 19:16:59 2026] GET /v2.0/subnets/f00402b6-bb75-44ad-97a1-788cae77baea => generated 136 bytes in 17 msecs (HTTP/1.1 404) 4 headers in 164 bytes (1 switches on core 0) [pid: 7|app: 0|req: 1559/3289] 10.0.0.82 () {32 vars in 739 bytes} [Tue Jun 30 19:16:59 2026] DELETE /v2.0/security-groups/ca1a59a0-40b2-48c0-80cc-0b62153d38ad => generated 0 bytes in 223 msecs (HTTP/1.1 204) 2 headers in 112 bytes (1 switches on core 0) [pid: 8|app: 0|req: 1731/3290] 10.0.0.82 () {32 vars in 723 bytes} [Tue Jun 30 19:16:59 2026] DELETE /v2.0/subnets/6132cf2b-e491-48d3-82b4-ff8125deacd9 => generated 0 bytes in 180 msecs (HTTP/1.1 204) 3 headers in 131 bytes (1 switches on core 0)
2026-06-30 19:16:59.567 7 INFO neutron.pecan_wsgi.hooks.translation [None req-922ad2d2-fa33-4829-93ab-b0c4c347bf82 e1795c4f992d441786939ac3d4b17b49 806b0f7a28bc43939c579df0b8fcb0d5 - - default default] GET failed (client error): The resource could not be found. [pid: 7|app: 0|req: 1560/3291] 10.0.0.82 () {32 vars in 720 bytes} [Tue Jun 30 19:16:59 2026] GET /v2.0/subnets/6132cf2b-e491-48d3-82b4-ff8125deacd9 => generated 136 bytes in 15 msecs (HTTP/1.1 404) 4 headers in 164 bytes (1 switches on core 0)
2026-06-30 19:16:59.698 8 INFO neutron_taas.services.taas.taas_plugin [None req-16fe899a-8036-4fc4-b946-48c39f3286e8 e1795c4f992d441786939ac3d4b17b49 806b0f7a28bc43939c579df0b8fcb0d5 - - default default] TaaS: Handle Delete Port: 74439673-e01e-4403-aee4-0d59f1c5e7a3
2026-06-30 19:16:59.700 8 INFO neutron_taas.services.taas.tap_mirror_plugin [None req-16fe899a-8036-4fc4-b946-48c39f3286e8 e1795c4f992d441786939ac3d4b17b49 806b0f7a28bc43939c579df0b8fcb0d5 - - default default] Tap Mirror: Handle Delete Port: 74439673-e01e-4403-aee4-0d59f1c5e7a3
2026-06-30 19:16:59.898 8 INFO neutron.services.segments.plugin [-] Segment cea575ac-0b21-4d00-ab29-761110a41405 resource provider aggregate not found
2026-06-30 19:16:59.899 8 INFO neutron.services.segments.plugin [-] Segment cea575ac-0b21-4d00-ab29-761110a41405 resource provider aggregate not found
2026-06-30 19:16:59.922 8 INFO neutron.services.segments.plugin [-] Segment cea575ac-0b21-4d00-ab29-761110a41405 resource provider not found; error: Placement Client Error (4xx): {"errors": [{"status": 404, "title": "Not Found", "detail": "The resource could not be found.\n\n No resource provider with uuid cea575ac-0b21-4d00-ab29-761110a41405 found for delete ", "request_id": "req-2fad5b2c-1148-42f9-b869-05e4091a0330"}]}
2026-06-30 19:16:59.927 8 INFO neutron.services.segments.plugin [-] Segment cea575ac-0b21-4d00-ab29-761110a41405 resource provider not found; error: Placement Client Error (4xx): {"errors": [{"status": 404, "title": "Not Found", "detail": "The resource could not be found.\n\n No resource provider with uuid cea575ac-0b21-4d00-ab29-761110a41405 found for delete ", "request_id": "req-556ca34f-5e0a-4b53-bb1e-85a114c0f92d"}]} [pid: 8|app: 0|req: 1732/3292] 10.0.0.82 () {32 vars in 725 bytes} [Tue Jun 30 19:16:59 2026] DELETE /v2.0/networks/bec7fcb4-245a-4718-93c5-839a3687f115 => generated 0 bytes in 373 msecs (HTTP/1.1 204) 3 headers in 131 bytes (1 switches on core 0)
2026-06-30 19:16:59.964 7 INFO neutron.pecan_wsgi.hooks.translation [None req-f8449318-2529-4133-9c5b-d9529b6c1d0c e1795c4f992d441786939ac3d4b17b49 806b0f7a28bc43939c579df0b8fcb0d5 - - default default] GET failed (client error): The resource could not be found. [pid: 7|app: 0|req: 1561/3293] 10.0.0.82 () {32 vars in 722 bytes} [Tue Jun 30 19:16:59 2026] GET /v2.0/networks/bec7fcb4-245a-4718-93c5-839a3687f115 => generated 138 bytes in 14 msecs (HTTP/1.1 404) 4 headers in 164 bytes (1 switches on core 0) [pid: 8|app: 0|req: 1733/3294] 10.0.0.82 () {32 vars in 723 bytes} [Tue Jun 30 19:16:59 2026] DELETE /v2.0/subnets/b9360bcb-2239-412a-973b-99f975f8afc2 => generated 0 bytes in 161 msecs (HTTP/1.1 204) 3 headers in 131 bytes (1 switches on core 0)
2026-06-30 19:17:00.146 7 INFO neutron.pecan_wsgi.hooks.translation [None req-ebdce55a-eb74-4067-bcc2-32ae5535c1e7 e1795c4f992d441786939ac3d4b17b49 806b0f7a28bc43939c579df0b8fcb0d5 - - default default] GET failed (client error): The resource could not be found. [pid: 7|app: 0|req: 1562/3295] 10.0.0.82 () {32 vars in 720 bytes} [Tue Jun 30 19:17:00 2026] GET /v2.0/subnets/b9360bcb-2239-412a-973b-99f975f8afc2 => generated 136 bytes in 11 msecs (HTTP/1.1 404) 4 headers in 164 bytes (1 switches on core 0) [pid: 8|app: 0|req: 1734/3296] 10.0.0.82 () {32 vars in 723 bytes} [Tue Jun 30 19:17:00 2026] DELETE /v2.0/subnets/ab96588a-8424-4ead-aded-aa7e30f73317 => generated 0 bytes in 131 msecs (HTTP/1.1 204) 3 headers in 131 bytes (1 switches on core 0)
2026-06-30 19:17:00.300 7 INFO neutron.pecan_wsgi.hooks.translation [None req-94f36ab5-7763-4508-85f2-c53954b4252e e1795c4f992d441786939ac3d4b17b49 806b0f7a28bc43939c579df0b8fcb0d5 - - default default] GET failed (client error): The resource could not be found. [pid: 7|app: 0|req: 1563/3297] 10.0.0.82 () {32 vars in 720 bytes} [Tue Jun 30 19:17:00 2026] GET /v2.0/subnets/ab96588a-8424-4ead-aded-aa7e30f73317 => generated 136 bytes in 10 msecs (HTTP/1.1 404) 4 headers in 164 bytes (1 switches on core 0)
2026-06-30 19:17:00.391 8 INFO neutron_taas.services.taas.taas_plugin [None req-f85ac4ef-ba9a-48b4-b4aa-e6c8f45d1bc6 e1795c4f992d441786939ac3d4b17b49 806b0f7a28bc43939c579df0b8fcb0d5 - - default default] TaaS: Handle Delete Port: 6c389805-4c54-48d9-87f4-f371114f932c
2026-06-30 19:17:00.393 8 INFO neutron_taas.services.taas.tap_mirror_plugin [None req-f85ac4ef-ba9a-48b4-b4aa-e6c8f45d1bc6 e1795c4f992d441786939ac3d4b17b49 806b0f7a28bc43939c579df0b8fcb0d5 - - default default] Tap Mirror: Handle Delete Port: 6c389805-4c54-48d9-87f4-f371114f932c [pid: 8|app: 0|req: 1735/3298] 10.0.0.82 () {32 vars in 725 bytes} [Tue Jun 30 19:17:00 2026] DELETE /v2.0/networks/245878d7-d871-4cff-81ff-957071881219 => generated 0 bytes in 282 msecs (HTTP/1.1 204) 3 headers in 131 bytes (1 switches on core 0)
2026-06-30 19:17:00.608 7 INFO neutron.pecan_wsgi.hooks.translation [None req-f01037e5-3c98-4f0c-9d1c-d64966141df5 e1795c4f992d441786939ac3d4b17b49 806b0f7a28bc43939c579df0b8fcb0d5 - - default default] GET failed (client error): The resource could not be found. [pid: 7|app: 0|req: 1564/3299] 10.0.0.82 () {32 vars in 722 bytes} [Tue Jun 30 19:17:00 2026] GET /v2.0/networks/245878d7-d871-4cff-81ff-957071881219 => generated 138 bytes in 16 msecs (HTTP/1.1 404) 4 headers in 164 bytes (1 switches on core 0) [pid: 8|app: 0|req: 1736/3300] 10.0.0.82 () {32 vars in 723 bytes} [Tue Jun 30 19:17:00 2026] DELETE /v2.0/subnets/4b06c164-d3e8-4d2e-b85c-b8254fd251a1 => generated 0 bytes in 159 msecs (HTTP/1.1 204) 3 headers in 131 bytes (1 switches on core 0)
2026-06-30 19:17:00.791 7 INFO neutron.pecan_wsgi.hooks.translation [None req-c4114e2c-18d8-44be-aeea-910dfae07665 e1795c4f992d441786939ac3d4b17b49 806b0f7a28bc43939c579df0b8fcb0d5 - - default default] GET failed (client error): The resource could not be found. [pid: 7|app: 0|req: 1565/3301] 10.0.0.82 () {32 vars in 720 bytes} [Tue Jun 30 19:17:00 2026] GET /v2.0/subnets/4b06c164-d3e8-4d2e-b85c-b8254fd251a1 => generated 136 bytes in 16 msecs (HTTP/1.1 404) 4 headers in 164 bytes (1 switches on core 0) [pid: 8|app: 0|req: 1737/3302] 10.0.0.82 () {32 vars in 723 bytes} [Tue Jun 30 19:17:00 2026] DELETE /v2.0/subnets/53435a5e-e2f5-49c2-b490-5e83d0bcc0ba => generated 0 bytes in 154 msecs (HTTP/1.1 204) 3 headers in 131 bytes (1 switches on core 0)
2026-06-30 19:17:00.973 7 INFO neutron.pecan_wsgi.hooks.translation [None req-44cc07c4-92dc-44e7-8738-4c3e88b2d942 e1795c4f992d441786939ac3d4b17b49 806b0f7a28bc43939c579df0b8fcb0d5 - - default default] GET failed (client error): The resource could not be found. [pid: 7|app: 0|req: 1566/3303] 10.0.0.82 () {32 vars in 720 bytes} [Tue Jun 30 19:17:00 2026] GET /v2.0/subnets/53435a5e-e2f5-49c2-b490-5e83d0bcc0ba => generated 136 bytes in 15 msecs (HTTP/1.1 404) 4 headers in 164 bytes (1 switches on core 0)
2026-06-30 19:17:01.118 8 INFO neutron_taas.services.taas.taas_plugin [None req-06cddb7b-f546-416d-ad5b-f7ed005d1866 e1795c4f992d441786939ac3d4b17b49 806b0f7a28bc43939c579df0b8fcb0d5 - - default default] TaaS: Handle Delete Port: 121e2553-1cde-4a0b-81a2-a6b2993cd471
2026-06-30 19:17:01.121 8 INFO neutron_taas.services.taas.tap_mirror_plugin [None req-06cddb7b-f546-416d-ad5b-f7ed005d1866 e1795c4f992d441786939ac3d4b17b49 806b0f7a28bc43939c579df0b8fcb0d5 - - default default] Tap Mirror: Handle Delete Port: 121e2553-1cde-4a0b-81a2-a6b2993cd471 [pid: 8|app: 0|req: 1738/3304] 10.0.0.82 () {32 vars in 725 bytes} [Tue Jun 30 19:17:00 2026] DELETE /v2.0/networks/21df2e72-a56f-49cb-aaff-577a630b1994 => generated 0 bytes in 355 msecs (HTTP/1.1 204) 3 headers in 131 bytes (1 switches on core 0)
2026-06-30 19:17:01.361 7 INFO neutron.pecan_wsgi.hooks.translation [None req-2239daaf-c2d1-4a6c-8f98-b85ab8246d00 e1795c4f992d441786939ac3d4b17b49 806b0f7a28bc43939c579df0b8fcb0d5 - - default default] GET failed (client error): The resource could not be found. [pid: 7|app: 0|req: 1567/3305] 10.0.0.82 () {32 vars in 722 bytes} [Tue Jun 30 19:17:01 2026] GET /v2.0/networks/21df2e72-a56f-49cb-aaff-577a630b1994 => generated 138 bytes in 21 msecs (HTTP/1.1 404) 4 headers in 164 bytes (1 switches on core 0)
2026-06-30 19:17:01.945 8 INFO neutron.services.segments.plugin [-] Segment 13b37843-1f3e-4cf2-b450-96647eaf9337 resource provider aggregate not found
2026-06-30 19:17:01.951 8 INFO neutron.services.segments.plugin [-] Segment 13b37843-1f3e-4cf2-b450-96647eaf9337 resource provider aggregate not found
2026-06-30 19:17:01.967 8 INFO neutron.services.segments.plugin [-] Segment 13b37843-1f3e-4cf2-b450-96647eaf9337 resource provider not found; error: Placement Client Error (4xx): {"errors": [{"status": 404, "title": "Not Found", "detail": "The resource could not be found.\n\n No resource provider with uuid 13b37843-1f3e-4cf2-b450-96647eaf9337 found for delete ", "request_id": "req-ea70d160-1f45-43ee-9343-4d3721599992"}]}
2026-06-30 19:17:01.972 8 INFO neutron.services.segments.plugin [-] Segment 13b37843-1f3e-4cf2-b450-96647eaf9337 resource provider not found; error: Placement Client Error (4xx): {"errors": [{"status": 404, "title": "Not Found", "detail": "The resource could not be found.\n\n No resource provider with uuid 13b37843-1f3e-4cf2-b450-96647eaf9337 found for delete ", "request_id": "req-71573ec6-1da3-406d-9bfb-03c8e4e07dcf"}]}
2026-06-30 19:17:01.988 8 INFO neutron.services.segments.plugin [-] Segment 822d5763-06b4-4a2c-9d74-81f35428372e resource provider aggregate not found
2026-06-30 19:17:01.993 8 INFO neutron.services.segments.plugin [-] Segment 822d5763-06b4-4a2c-9d74-81f35428372e resource provider aggregate not found
2026-06-30 19:17:02.010 8 INFO neutron.services.segments.plugin [-] Segment 822d5763-06b4-4a2c-9d74-81f35428372e resource provider not found; error: Placement Client Error (4xx): {"errors": [{"status": 404, "title": "Not Found", "detail": "The resource could not be found.\n\n No resource provider with uuid 822d5763-06b4-4a2c-9d74-81f35428372e found for delete ", "request_id": "req-c2c20670-ef25-4a6f-9866-e5940626681e"}]}
2026-06-30 19:17:02.013 8 INFO neutron.services.segments.plugin [-] Segment 822d5763-06b4-4a2c-9d74-81f35428372e resource provider not found; error: Placement Client Error (4xx): {"errors": [{"status": 404, "title": "Not Found", "detail": "The resource could not be found.\n\n No resource provider with uuid 822d5763-06b4-4a2c-9d74-81f35428372e found for delete ", "request_id": "req-f906031a-6ccd-4456-88c4-4c52b4846abd"}]}
2026-06-30 19:17:03.533 8 INFO neutron.db.ovn_revision_numbers_db [None req-f1e59de9-6606-4f27-abf6-6cd187c1f4fb 4f63f30f4612470db40d51d97472c6ae aff3b1073c7b40f7a6256f7973d19cd2 - - default default] Successfully bumped revision number for resource 5f43e9a2-fa78-4cf9-bce5-c1d11186f5c0 (type: security_groups) to 1
2026-06-30 19:17:03.544 8 INFO neutron.db.ovn_revision_numbers_db [None req-f1e59de9-6606-4f27-abf6-6cd187c1f4fb 4f63f30f4612470db40d51d97472c6ae aff3b1073c7b40f7a6256f7973d19cd2 - - default default] Successfully bumped revision number for resource 1055e51a-fc6d-4144-b7ba-8247df43b3f0 (type: security_group_rules) to 0
2026-06-30 19:17:03.557 8 INFO neutron.db.ovn_revision_numbers_db [None req-f1e59de9-6606-4f27-abf6-6cd187c1f4fb 4f63f30f4612470db40d51d97472c6ae aff3b1073c7b40f7a6256f7973d19cd2 - - default default] Successfully bumped revision number for resource 5d0048b8-f9b8-462a-a196-e15b22a7d474 (type: security_group_rules) to 0
2026-06-30 19:17:03.568 8 INFO neutron.db.ovn_revision_numbers_db [None req-f1e59de9-6606-4f27-abf6-6cd187c1f4fb 4f63f30f4612470db40d51d97472c6ae aff3b1073c7b40f7a6256f7973d19cd2 - - default default] Successfully bumped revision number for resource 7c98e998-5cc8-452f-8b69-a25592b0cf5d (type: security_group_rules) to 0
2026-06-30 19:17:03.583 8 INFO neutron.db.ovn_revision_numbers_db [None req-f1e59de9-6606-4f27-abf6-6cd187c1f4fb 4f63f30f4612470db40d51d97472c6ae aff3b1073c7b40f7a6256f7973d19cd2 - - default default] Successfully bumped revision number for resource c0cd6428-2604-4bd8-be1b-8a45f12b7dc5 (type: security_group_rules) to 0 [pid: 8|app: 0|req: 1739/3306] 10.0.0.82 () {32 vars in 773 bytes} [Tue Jun 30 19:17:03 2026] GET /v2.0/security-groups?tenant_id=920e413fa5e748cf988b7a8c78de85b2&name=default => generated 2929 bytes in 360 msecs (HTTP/1.1 200) 4 headers in 158 bytes (1 switches on core 0) [pid: 7|app: 0|req: 1568/3307] 10.0.0.82 () {32 vars in 739 bytes} [Tue Jun 30 19:17:03 2026] DELETE /v2.0/security-groups/5f43e9a2-fa78-4cf9-bce5-c1d11186f5c0 => generated 0 bytes in 238 msecs (HTTP/1.1 204) 2 headers in 112 bytes (1 switches on core 0) [pid: 8|app: 0|req: 1740/3308] 10.0.0.82 () {32 vars in 773 bytes} [Tue Jun 30 19:17:03 2026] GET /v2.0/security-groups?tenant_id=806b0f7a28bc43939c579df0b8fcb0d5&name=default => generated 2925 bytes in 29 msecs (HTTP/1.1 200) 4 headers in 158 bytes (1 switches on core 0) [pid: 7|app: 0|req: 1569/3309] 10.0.0.82 () {32 vars in 739 bytes} [Tue Jun 30 19:17:03 2026] DELETE /v2.0/security-groups/2841dfd8-461c-4df0-bf25-c56af455f0e3 => generated 0 bytes in 254 msecs (HTTP/1.1 204) 2 headers in 112 bytes (1 switches on core 0)
2026-06-30 19:17:04.481 8 INFO neutron.db.ovn_revision_numbers_db [None req-155cf414-1330-4558-b0c9-5cf75a830316 4f63f30f4612470db40d51d97472c6ae aff3b1073c7b40f7a6256f7973d19cd2 - - default default] Successfully bumped revision number for resource 11cc9bb3-ff35-4b81-8af9-a42b99831505 (type: security_groups) to 1
2026-06-30 19:17:04.491 8 INFO neutron.db.ovn_revision_numbers_db [None req-155cf414-1330-4558-b0c9-5cf75a830316 4f63f30f4612470db40d51d97472c6ae aff3b1073c7b40f7a6256f7973d19cd2 - - default default] Successfully bumped revision number for resource 3f92e6af-75d5-42fa-aa36-45cf3dcf14e9 (type: security_group_rules) to 0
2026-06-30 19:17:04.501 8 INFO neutron.db.ovn_revision_numbers_db [None req-155cf414-1330-4558-b0c9-5cf75a830316 4f63f30f4612470db40d51d97472c6ae aff3b1073c7b40f7a6256f7973d19cd2 - - default default] Successfully bumped revision number for resource 69acf685-b5eb-4404-af5c-8d43e6a2c89e (type: security_group_rules) to 0
2026-06-30 19:17:04.512 8 INFO neutron.db.ovn_revision_numbers_db [None req-155cf414-1330-4558-b0c9-5cf75a830316 4f63f30f4612470db40d51d97472c6ae aff3b1073c7b40f7a6256f7973d19cd2 - - default default] Successfully bumped revision number for resource 97b084b0-c457-4362-b49b-c5867cec6b86 (type: security_group_rules) to 0
2026-06-30 19:17:04.524 8 INFO neutron.db.ovn_revision_numbers_db [None req-155cf414-1330-4558-b0c9-5cf75a830316 4f63f30f4612470db40d51d97472c6ae aff3b1073c7b40f7a6256f7973d19cd2 - - default default] Successfully bumped revision number for resource f23ffe65-57d1-4ce9-b0ca-8a7892353ea6 (type: security_group_rules) to 0 [pid: 8|app: 0|req: 1741/3310] 10.0.0.82 () {32 vars in 773 bytes} [Tue Jun 30 19:17:04 2026] GET /v2.0/security-groups?tenant_id=61d04e3f89ad4d7cb64dad8a889fe3fc&name=default => generated 2929 bytes in 204 msecs (HTTP/1.1 200) 4 headers in 158 bytes (1 switches on core 0) [pid: 7|app: 0|req: 1570/3311] 10.0.0.82 () {32 vars in 739 bytes} [Tue Jun 30 19:17:04 2026] DELETE /v2.0/security-groups/11cc9bb3-ff35-4b81-8af9-a42b99831505 => generated 0 bytes in 229 msecs (HTTP/1.1 204) 2 headers in 112 bytes (1 switches on core 0)
2026-06-30 19:17:05.109 8 INFO neutron.db.ovn_revision_numbers_db [None req-93f68eac-e552-4900-9853-f6553937a844 4f63f30f4612470db40d51d97472c6ae aff3b1073c7b40f7a6256f7973d19cd2 - - default default] Successfully bumped revision number for resource 47f5cf82-0c5d-4ad4-9056-e7ff689e7a60 (type: security_groups) to 1
2026-06-30 19:17:05.120 8 INFO neutron.db.ovn_revision_numbers_db [None req-93f68eac-e552-4900-9853-f6553937a844 4f63f30f4612470db40d51d97472c6ae aff3b1073c7b40f7a6256f7973d19cd2 - - default default] Successfully bumped revision number for resource 99f38f66-e004-4ed9-839b-06b73d6fe1d4 (type: security_group_rules) to 0
2026-06-30 19:17:05.133 8 INFO neutron.db.ovn_revision_numbers_db [None req-93f68eac-e552-4900-9853-f6553937a844 4f63f30f4612470db40d51d97472c6ae aff3b1073c7b40f7a6256f7973d19cd2 - - default default] Successfully bumped revision number for resource b9405742-2240-4f34-984f-c5e0db45d3e6 (type: security_group_rules) to 0
2026-06-30 19:17:05.146 8 INFO neutron.db.ovn_revision_numbers_db [None req-93f68eac-e552-4900-9853-f6553937a844 4f63f30f4612470db40d51d97472c6ae aff3b1073c7b40f7a6256f7973d19cd2 - - default default] Successfully bumped revision number for resource ed678a35-c92f-4d85-9f46-ab5729a3da46 (type: security_group_rules) to 0
2026-06-30 19:17:05.156 8 INFO neutron.db.ovn_revision_numbers_db [None req-93f68eac-e552-4900-9853-f6553937a844 4f63f30f4612470db40d51d97472c6ae aff3b1073c7b40f7a6256f7973d19cd2 - - default default] Successfully bumped revision number for resource f0c8ed26-f6f2-4bcf-919b-008e26c0aa1a (type: security_group_rules) to 0 [pid: 8|app: 0|req: 1742/3312] 10.0.0.82 () {32 vars in 773 bytes} [Tue Jun 30 19:17:04 2026] GET /v2.0/security-groups?tenant_id=aec1650496e248db8539f1fa045a6578&name=default => generated 2929 bytes in 247 msecs (HTTP/1.1 200) 4 headers in 158 bytes (1 switches on core 0) [pid: 7|app: 0|req: 1571/3313] 10.0.0.82 () {32 vars in 739 bytes} [Tue Jun 30 19:17:05 2026] DELETE /v2.0/security-groups/47f5cf82-0c5d-4ad4-9056-e7ff689e7a60 => generated 0 bytes in 232 msecs (HTTP/1.1 204) 2 headers in 112 bytes (1 switches on core 0)
2026-06-30 19:17:05.687 8 INFO neutron.db.ovn_revision_numbers_db [None req-03db7274-4481-4875-a04b-589f03275126 4f63f30f4612470db40d51d97472c6ae aff3b1073c7b40f7a6256f7973d19cd2 - - default default] Successfully bumped revision number for resource c21e1c39-b419-45b3-bc9a-83f7d474f641 (type: security_groups) to 1
2026-06-30 19:17:05.698 8 INFO neutron.db.ovn_revision_numbers_db [None req-03db7274-4481-4875-a04b-589f03275126 4f63f30f4612470db40d51d97472c6ae aff3b1073c7b40f7a6256f7973d19cd2 - - default default] Successfully bumped revision number for resource 101777ad-7ae4-478e-83aa-8f600844a4df (type: security_group_rules) to 0
2026-06-30 19:17:05.711 8 INFO neutron.db.ovn_revision_numbers_db [None req-03db7274-4481-4875-a04b-589f03275126 4f63f30f4612470db40d51d97472c6ae aff3b1073c7b40f7a6256f7973d19cd2 - - default default] Successfully bumped revision number for resource 6f8b02f1-6330-4b51-8ae9-0cf9f5e6ec39 (type: security_group_rules) to 0
2026-06-30 19:17:05.729 8 INFO neutron.db.ovn_revision_numbers_db [None req-03db7274-4481-4875-a04b-589f03275126 4f63f30f4612470db40d51d97472c6ae aff3b1073c7b40f7a6256f7973d19cd2 - - default default] Successfully bumped revision number for resource 9b4aa110-d472-4a6f-9450-ba0d03634e1a (type: security_group_rules) to 0
2026-06-30 19:17:05.741 8 INFO neutron.db.ovn_revision_numbers_db [None req-03db7274-4481-4875-a04b-589f03275126 4f63f30f4612470db40d51d97472c6ae aff3b1073c7b40f7a6256f7973d19cd2 - - default default] Successfully bumped revision number for resource cc39a678-3e98-4aca-88bd-e4409e3b7b49 (type: security_group_rules) to 0 [pid: 8|app: 0|req: 1743/3314] 10.0.0.82 () {32 vars in 773 bytes} [Tue Jun 30 19:17:05 2026] GET /v2.0/security-groups?tenant_id=ae0a3ea53561406ca6cd7ae9d9e79eb0&name=default => generated 2929 bytes in 246 msecs (HTTP/1.1 200) 4 headers in 158 bytes (1 switches on core 0) [pid: 7|app: 0|req: 1572/3315] 10.0.0.82 () {32 vars in 739 bytes} [Tue Jun 30 19:17:05 2026] DELETE /v2.0/security-groups/c21e1c39-b419-45b3-bc9a-83f7d474f641 => generated 0 bytes in 230 msecs (HTTP/1.1 204) 2 headers in 112 bytes (1 switches on core 0)
2026-06-30 19:17:06.318 7 INFO neutron.db.ovn_revision_numbers_db [None req-468f8740-6930-4113-a673-05a2a7bede66 4f63f30f4612470db40d51d97472c6ae aff3b1073c7b40f7a6256f7973d19cd2 - - default default] Successfully bumped revision number for resource 1d443de9-22c2-4f1a-a71f-f42e867a9fb6 (type: security_groups) to 1
2026-06-30 19:17:06.328 7 INFO neutron.db.ovn_revision_numbers_db [None req-468f8740-6930-4113-a673-05a2a7bede66 4f63f30f4612470db40d51d97472c6ae aff3b1073c7b40f7a6256f7973d19cd2 - - default default] Successfully bumped revision number for resource 2708b1de-e045-4415-81a5-a1b69a9ca4b5 (type: security_group_rules) to 0
2026-06-30 19:17:06.339 7 INFO neutron.db.ovn_revision_numbers_db [None req-468f8740-6930-4113-a673-05a2a7bede66 4f63f30f4612470db40d51d97472c6ae aff3b1073c7b40f7a6256f7973d19cd2 - - default default] Successfully bumped revision number for resource 30412b91-efb3-4669-b843-81e4e00ca5aa (type: security_group_rules) to 0
2026-06-30 19:17:06.354 7 INFO neutron.db.ovn_revision_numbers_db [None req-468f8740-6930-4113-a673-05a2a7bede66 4f63f30f4612470db40d51d97472c6ae aff3b1073c7b40f7a6256f7973d19cd2 - - default default] Successfully bumped revision number for resource 7c823032-fb26-4bb7-9cf9-445444c40c75 (type: security_group_rules) to 0
2026-06-30 19:17:06.365 7 INFO neutron.db.ovn_revision_numbers_db [None req-468f8740-6930-4113-a673-05a2a7bede66 4f63f30f4612470db40d51d97472c6ae aff3b1073c7b40f7a6256f7973d19cd2 - - default default] Successfully bumped revision number for resource ebe605ec-3a95-4419-8b21-75082b94a8d5 (type: security_group_rules) to 0 [pid: 7|app: 0|req: 1574/3318] 10.0.0.82 () {32 vars in 773 bytes} [Tue Jun 30 19:17:06 2026] GET /v2.0/security-groups?tenant_id=fb72b6d46bdf4be1be95daf923fe15e4&name=default => generated 2929 bytes in 223 msecs (HTTP/1.1 200) 4 headers in 158 bytes (1 switches on core 0) [pid: 8|app: 0|req: 1745/3319] 10.0.0.82 () {32 vars in 739 bytes} [Tue Jun 30 19:17:06 2026] DELETE /v2.0/security-groups/1d443de9-22c2-4f1a-a71f-f42e867a9fb6 => generated 0 bytes in 230 msecs (HTTP/1.1 204) 2 headers in 112 bytes (1 switches on core 0)
2026-06-30 19:17:06.897 7 INFO neutron.db.ovn_revision_numbers_db [None req-6fbedcd9-3c0b-4517-964a-ea4aea55df43 4f63f30f4612470db40d51d97472c6ae aff3b1073c7b40f7a6256f7973d19cd2 - - default default] Successfully bumped revision number for resource 21de9a5c-0879-430e-b7bb-f25a4dcf6296 (type: security_groups) to 1
2026-06-30 19:17:06.911 7 INFO neutron.db.ovn_revision_numbers_db [None req-6fbedcd9-3c0b-4517-964a-ea4aea55df43 4f63f30f4612470db40d51d97472c6ae aff3b1073c7b40f7a6256f7973d19cd2 - - default default] Successfully bumped revision number for resource 3c44c073-3c99-4405-8532-10be829949f0 (type: security_group_rules) to 0
2026-06-30 19:17:06.925 7 INFO neutron.db.ovn_revision_numbers_db [None req-6fbedcd9-3c0b-4517-964a-ea4aea55df43 4f63f30f4612470db40d51d97472c6ae aff3b1073c7b40f7a6256f7973d19cd2 - - default default] Successfully bumped revision number for resource 6ac92df8-73de-478c-9fea-7dd5086ba282 (type: security_group_rules) to 0
2026-06-30 19:17:06.939 7 INFO neutron.db.ovn_revision_numbers_db [None req-6fbedcd9-3c0b-4517-964a-ea4aea55df43 4f63f30f4612470db40d51d97472c6ae aff3b1073c7b40f7a6256f7973d19cd2 - - default default] Successfully bumped revision number for resource 8d4b5a15-1cc2-4b3f-9fac-9d76c0eca359 (type: security_group_rules) to 0
2026-06-30 19:17:06.951 7 INFO neutron.db.ovn_revision_numbers_db [None req-6fbedcd9-3c0b-4517-964a-ea4aea55df43 4f63f30f4612470db40d51d97472c6ae aff3b1073c7b40f7a6256f7973d19cd2 - - default default] Successfully bumped revision number for resource f07239f2-c1c5-4803-9363-6eb28eb4c56f (type: security_group_rules) to 0 [pid: 7|app: 0|req: 1575/3320] 10.0.0.82 () {32 vars in 773 bytes} [Tue Jun 30 19:17:06 2026] GET /v2.0/security-groups?tenant_id=a2987946117149e3bd6cb8d66a967b9a&name=default => generated 2929 bytes in 224 msecs (HTTP/1.1 200) 4 headers in 158 bytes (1 switches on core 0) [pid: 8|app: 0|req: 1746/3321] 10.0.0.82 () {32 vars in 739 bytes} [Tue Jun 30 19:17:06 2026] DELETE /v2.0/security-groups/21de9a5c-0879-430e-b7bb-f25a4dcf6296 => generated 0 bytes in 244 msecs (HTTP/1.1 204) 2 headers in 112 bytes (1 switches on core 0)
2026-06-30 19:17:11.408 7 INFO neutron.db.ovn_revision_numbers_db [None req-a7ce62bd-a8b8-4808-a3c9-e1589a37aa0a 147f265415e34cffbe8198627f03f3ce 5f6e9ab8d7ca43439a4f2a59ac7b0fa2 - - default default] Successfully bumped revision number for resource abdbe067-cda6-44f9-9bef-2570029c46bb (type: security_groups) to 1
2026-06-30 19:17:11.420 7 INFO neutron.db.ovn_revision_numbers_db [None req-a7ce62bd-a8b8-4808-a3c9-e1589a37aa0a 147f265415e34cffbe8198627f03f3ce 5f6e9ab8d7ca43439a4f2a59ac7b0fa2 - - default default] Successfully bumped revision number for resource 2e440fba-cbef-4087-ae31-8a4ac63dfa0a (type: security_group_rules) to 0
2026-06-30 19:17:11.431 7 INFO neutron.db.ovn_revision_numbers_db [None req-a7ce62bd-a8b8-4808-a3c9-e1589a37aa0a 147f265415e34cffbe8198627f03f3ce 5f6e9ab8d7ca43439a4f2a59ac7b0fa2 - - default default] Successfully bumped revision number for resource 40238373-d46a-4d42-94a0-a5e4afbde274 (type: security_group_rules) to 0
2026-06-30 19:17:11.444 7 INFO neutron.db.ovn_revision_numbers_db [None req-a7ce62bd-a8b8-4808-a3c9-e1589a37aa0a 147f265415e34cffbe8198627f03f3ce 5f6e9ab8d7ca43439a4f2a59ac7b0fa2 - - default default] Successfully bumped revision number for resource 78595840-cc3d-4ad5-90ca-6585840728ed (type: security_group_rules) to 0
2026-06-30 19:17:11.455 7 INFO neutron.db.ovn_revision_numbers_db [None req-a7ce62bd-a8b8-4808-a3c9-e1589a37aa0a 147f265415e34cffbe8198627f03f3ce 5f6e9ab8d7ca43439a4f2a59ac7b0fa2 - - default default] Successfully bumped revision number for resource e7b42918-4b81-4057-9911-4bee8e66289b (type: security_group_rules) to 0
2026-06-30 19:17:11.527 7 INFO neutron.db.segments_db [None req-a7ce62bd-a8b8-4808-a3c9-e1589a37aa0a 147f265415e34cffbe8198627f03f3ce 5f6e9ab8d7ca43439a4f2a59ac7b0fa2 - - default default] Added segment 8effdb42-fa77-4d73-aeb9-1324f4abcf5e of type geneve for network 91233c8b-abac-4190-aaf2-f568aecccf2e
2026-06-30 19:17:11.643 7 INFO neutron.db.ovn_revision_numbers_db [None req-a7ce62bd-a8b8-4808-a3c9-e1589a37aa0a 147f265415e34cffbe8198627f03f3ce 5f6e9ab8d7ca43439a4f2a59ac7b0fa2 - - default default] Successfully bumped revision number for resource 91233c8b-abac-4190-aaf2-f568aecccf2e (type: networks) to 1
2026-06-30 19:17:11.791 7 WARNING neutron.scheduler.dhcp_agent_scheduler [None req-a7ce62bd-a8b8-4808-a3c9-e1589a37aa0a 147f265415e34cffbe8198627f03f3ce 5f6e9ab8d7ca43439a4f2a59ac7b0fa2 - - default default] No more DHCP agents
2026-06-30 19:17:11.792 7 WARNING neutron.api.rpc.agentnotifiers.dhcp_rpc_agent_api [None req-a7ce62bd-a8b8-4808-a3c9-e1589a37aa0a 147f265415e34cffbe8198627f03f3ce 5f6e9ab8d7ca43439a4f2a59ac7b0fa2 - - default default] Unable to schedule network 91233c8b-abac-4190-aaf2-f568aecccf2e: no agents available; will retry on subsequent port and subnet creation events.
2026-06-30 19:17:11.847 7 INFO neutron.plugins.ml2.drivers.ovn.mech_driver.mech_driver [None req-b8e4bd31-0a0d-4f9f-ac86-5c2f01cf9fd8 - - - - - -] OVN reports status down for port: d0d8b57d-a19a-4de7-85a3-0c1fb765aea6
2026-06-30 19:17:11.909 7 INFO neutron.db.ovn_revision_numbers_db [None req-a7ce62bd-a8b8-4808-a3c9-e1589a37aa0a 147f265415e34cffbe8198627f03f3ce 5f6e9ab8d7ca43439a4f2a59ac7b0fa2 - - default default] Successfully bumped revision number for resource d0d8b57d-a19a-4de7-85a3-0c1fb765aea6 (type: ports) to 1 [pid: 7|app: 0|req: 1576/3322] 10.0.0.82 () {34 vars in 669 bytes} [Tue Jun 30 19:17:11 2026] POST /v2.0/networks => generated 730 bytes in 855 msecs (HTTP/1.1 201) 4 headers in 162 bytes (1 switches on core 0)
2026-06-30 19:17:12.120 8 WARNING neutron.scheduler.dhcp_agent_scheduler [None req-959e607d-fb74-4c83-a257-26a8c6d961ad 147f265415e34cffbe8198627f03f3ce 5f6e9ab8d7ca43439a4f2a59ac7b0fa2 - - default default] No more DHCP agents
2026-06-30 19:17:12.121 8 WARNING neutron.api.rpc.agentnotifiers.dhcp_rpc_agent_api [None req-959e607d-fb74-4c83-a257-26a8c6d961ad 147f265415e34cffbe8198627f03f3ce 5f6e9ab8d7ca43439a4f2a59ac7b0fa2 - - default default] Unable to schedule network 91233c8b-abac-4190-aaf2-f568aecccf2e: no agents available; will retry on subsequent port and subnet creation events.
2026-06-30 19:17:12.470 8 INFO neutron.db.ovn_revision_numbers_db [None req-7fd630a9-eb44-4f3d-a74f-ba8cb8746e33 - - - - - -] Successfully bumped revision number for resource d0d8b57d-a19a-4de7-85a3-0c1fb765aea6 (type: ports) to 2
2026-06-30 19:17:12.496 8 INFO neutron.db.ovn_revision_numbers_db [None req-7fd630a9-eb44-4f3d-a74f-ba8cb8746e33 - - - - - -] Successfully bumped revision number for resource 539df1e9-9a5f-43a7-92d1-5caab5341e5c (type: subnets) to 0 [pid: 8|app: 0|req: 1747/3323] 10.0.0.82 () {34 vars in 668 bytes} [Tue Jun 30 19:17:11 2026] POST /v2.0/subnets => generated 644 bytes in 538 msecs (HTTP/1.1 201) 4 headers in 162 bytes (1 switches on core 0)
2026-06-30 19:17:12.521 7 WARNING neutron.api.v2.base [None req-715a66f5-e7b5-49dc-8993-8e2524c8c936 147f265415e34cffbe8198627f03f3ce 5f6e9ab8d7ca43439a4f2a59ac7b0fa2 - - default default] An exception happened while processing the request body. The exception message is [Invalid input for target_tenant. Reason: 'None' is not a valid string.].: webob.exc.HTTPBadRequest: Invalid input for target_tenant. Reason: 'None' is not a valid string.
2026-06-30 19:17:12.522 7 INFO neutron.api.v2.resource [None req-715a66f5-e7b5-49dc-8993-8e2524c8c936 147f265415e34cffbe8198627f03f3ce 5f6e9ab8d7ca43439a4f2a59ac7b0fa2 - - default default] create failed (client error): Invalid input for target_tenant. Reason: 'None' is not a valid string. [pid: 7|app: 0|req: 1577/3324] 10.0.0.82 () {34 vars in 680 bytes} [Tue Jun 30 19:17:12 2026] POST /v2.0/rbac-policies => generated 143 bytes in 7 msecs (HTTP/1.1 400) 4 headers in 166 bytes (1 switches on core 0)
2026-06-30 19:17:12.653 8 INFO neutron_taas.services.taas.taas_plugin [None req-e647134b-7494-41f7-ae87-19a4da453c33 147f265415e34cffbe8198627f03f3ce 5f6e9ab8d7ca43439a4f2a59ac7b0fa2 - - default default] TaaS: Handle Delete Port: d0d8b57d-a19a-4de7-85a3-0c1fb765aea6
2026-06-30 19:17:12.656 8 INFO neutron_taas.services.taas.tap_mirror_plugin [None req-e647134b-7494-41f7-ae87-19a4da453c33 147f265415e34cffbe8198627f03f3ce 5f6e9ab8d7ca43439a4f2a59ac7b0fa2 - - default default] Tap Mirror: Handle Delete Port: d0d8b57d-a19a-4de7-85a3-0c1fb765aea6
2026-06-30 19:17:12.920 8 INFO neutron.services.segments.plugin [-] Segment 8effdb42-fa77-4d73-aeb9-1324f4abcf5e resource provider aggregate not found
2026-06-30 19:17:12.925 8 INFO neutron.services.segments.plugin [-] Segment 8effdb42-fa77-4d73-aeb9-1324f4abcf5e resource provider aggregate not found
2026-06-30 19:17:12.944 8 INFO neutron.services.segments.plugin [-] Segment 8effdb42-fa77-4d73-aeb9-1324f4abcf5e resource provider not found; error: Placement Client Error (4xx): {"errors": [{"status": 404, "title": "Not Found", "detail": "The resource could not be found.\n\n No resource provider with uuid 8effdb42-fa77-4d73-aeb9-1324f4abcf5e found for delete ", "request_id": "req-c53d9ceb-38c6-4b89-810c-bb62c5470e22"}]}
2026-06-30 19:17:12.947 8 INFO neutron.services.segments.plugin [-] Segment 8effdb42-fa77-4d73-aeb9-1324f4abcf5e resource provider not found; error: Placement Client Error (4xx): {"errors": [{"status": 404, "title": "Not Found", "detail": "The resource could not be found.\n\n No resource provider with uuid 8effdb42-fa77-4d73-aeb9-1324f4abcf5e found for delete ", "request_id": "req-f4190f77-a383-4d45-8863-c2d0acdb4f15"}]} [pid: 8|app: 0|req: 1748/3325] 10.0.0.82 () {32 vars in 725 bytes} [Tue Jun 30 19:17:12 2026] DELETE /v2.0/networks/91233c8b-abac-4190-aaf2-f568aecccf2e => generated 0 bytes in 439 msecs (HTTP/1.1 204) 3 headers in 131 bytes (1 switches on core 0)
2026-06-30 19:17:13.060 7 INFO neutron.db.segments_db [None req-c537fa53-6e33-4970-b952-3880b9b611b4 147f265415e34cffbe8198627f03f3ce 5f6e9ab8d7ca43439a4f2a59ac7b0fa2 - - default default] Added segment 9ece3f53-8988-4522-ae85-78b708e07f3d of type geneve for network 41edac46-e5b2-4cdb-80dd-f8c6642bcc6e
2026-06-30 19:17:13.177 7 INFO neutron.db.ovn_revision_numbers_db [None req-c537fa53-6e33-4970-b952-3880b9b611b4 147f265415e34cffbe8198627f03f3ce 5f6e9ab8d7ca43439a4f2a59ac7b0fa2 - - default default] Successfully bumped revision number for resource 41edac46-e5b2-4cdb-80dd-f8c6642bcc6e (type: networks) to 1
2026-06-30 19:17:13.326 7 WARNING neutron.scheduler.dhcp_agent_scheduler [None req-c537fa53-6e33-4970-b952-3880b9b611b4 147f265415e34cffbe8198627f03f3ce 5f6e9ab8d7ca43439a4f2a59ac7b0fa2 - - default default] No more DHCP agents
2026-06-30 19:17:13.328 7 WARNING neutron.api.rpc.agentnotifiers.dhcp_rpc_agent_api [None req-c537fa53-6e33-4970-b952-3880b9b611b4 147f265415e34cffbe8198627f03f3ce 5f6e9ab8d7ca43439a4f2a59ac7b0fa2 - - default default] Unable to schedule network 41edac46-e5b2-4cdb-80dd-f8c6642bcc6e: no agents available; will retry on subsequent port and subnet creation events.
2026-06-30 19:17:13.381 8 INFO neutron.plugins.ml2.drivers.ovn.mech_driver.mech_driver [None req-66d6c66d-a6e8-4fa9-b803-e79311e48253 - - - - - -] OVN reports status down for port: f071ce7b-f2eb-4140-8b19-b8c527f429f0
2026-06-30 19:17:13.413 7 INFO neutron.db.ovn_revision_numbers_db [None req-c537fa53-6e33-4970-b952-3880b9b611b4 147f265415e34cffbe8198627f03f3ce 5f6e9ab8d7ca43439a4f2a59ac7b0fa2 - - default default] Successfully bumped revision number for resource f071ce7b-f2eb-4140-8b19-b8c527f429f0 (type: ports) to 1 [pid: 7|app: 0|req: 1578/3326] 10.0.0.82 () {34 vars in 669 bytes} [Tue Jun 30 19:17:12 2026] POST /v2.0/networks => generated 728 bytes in 470 msecs (HTTP/1.1 201) 4 headers in 162 bytes (1 switches on core 0)
2026-06-30 19:17:13.592 8 WARNING neutron.scheduler.dhcp_agent_scheduler [None req-bf6472b2-900c-454c-8bb4-c9142ae44086 147f265415e34cffbe8198627f03f3ce 5f6e9ab8d7ca43439a4f2a59ac7b0fa2 - - default default] No more DHCP agents
2026-06-30 19:17:13.595 8 WARNING neutron.api.rpc.agentnotifiers.dhcp_rpc_agent_api [None req-bf6472b2-900c-454c-8bb4-c9142ae44086 147f265415e34cffbe8198627f03f3ce 5f6e9ab8d7ca43439a4f2a59ac7b0fa2 - - default default] Unable to schedule network 41edac46-e5b2-4cdb-80dd-f8c6642bcc6e: no agents available; will retry on subsequent port and subnet creation events.
2026-06-30 19:17:13.988 8 INFO neutron.db.ovn_revision_numbers_db [None req-6f4173df-1eef-4e98-9092-5392131625be - - - - - -] Successfully bumped revision number for resource f071ce7b-f2eb-4140-8b19-b8c527f429f0 (type: ports) to 2
2026-06-30 19:17:14.021 8 INFO neutron.db.ovn_revision_numbers_db [None req-6f4173df-1eef-4e98-9092-5392131625be - - - - - -] Successfully bumped revision number for resource 9a0935d3-cb59-4266-bb5d-f6ea8474fd59 (type: subnets) to 0 [pid: 8|app: 0|req: 1749/3327] 10.0.0.82 () {34 vars in 668 bytes} [Tue Jun 30 19:17:13 2026] POST /v2.0/subnets => generated 647 bytes in 596 msecs (HTTP/1.1 201) 4 headers in 162 bytes (1 switches on core 0)
2026-06-30 19:17:14.056 7 WARNING neutron.api.v2.base [None req-1b898d50-5225-442c-9679-749ef572001b 147f265415e34cffbe8198627f03f3ce 5f6e9ab8d7ca43439a4f2a59ac7b0fa2 - - default default] An exception happened while processing the request body. The exception message is [Invalid input for target_tenant. Reason: '1234123412341234123412341234123412341234123412341234123412341234123412341234123412341234123412341234123412341234123412341234123412341234123412341234123412341234123412341234123412341234123412341234123412341234123412341234123412341234123412341234123412341234123412341234123412341234123412341234123412341234123412341234123412341234123412341234123412341234123412341234123412341234123412341234123412341234' exceeds maximum length of 255.].: webob.exc.HTTPBadRequest: Invalid input for target_tenant. Reason: '1234123412341234123412341234123412341234123412341234123412341234123412341234123412341234123412341234123412341234123412341234123412341234123412341234123412341234123412341234123412341234123412341234123412341234123412341234123412341234123412341234123412341234123412341234123412341234123412341234123412341234123412341234123412341234123412341234123412341234123412341234123412341234123412341234123412341234' exceeds maximum length of 255.
2026-06-30 19:17:14.057 7 INFO neutron.api.v2.resource [None req-1b898d50-5225-442c-9679-749ef572001b 147f265415e34cffbe8198627f03f3ce 5f6e9ab8d7ca43439a4f2a59ac7b0fa2 - - default default] create failed (client error): Invalid input for target_tenant. Reason: '1234123412341234123412341234123412341234123412341234123412341234123412341234123412341234123412341234123412341234123412341234123412341234123412341234123412341234123412341234123412341234123412341234123412341234123412341234123412341234123412341234123412341234123412341234123412341234123412341234123412341234123412341234123412341234123412341234123412341234123412341234123412341234123412341234123412341234' exceeds maximum length of 255. [pid: 7|app: 0|req: 1579/3328] 10.0.0.82 () {34 vars in 680 bytes} [Tue Jun 30 19:17:14 2026] POST /v2.0/rbac-policies => generated 547 bytes in 12 msecs (HTTP/1.1 400) 4 headers in 166 bytes (1 switches on core 0)
2026-06-30 19:17:14.206 8 INFO neutron_taas.services.taas.taas_plugin [None req-50a485e9-2155-4c1a-9021-a7f061a7566c 147f265415e34cffbe8198627f03f3ce 5f6e9ab8d7ca43439a4f2a59ac7b0fa2 - - default default] TaaS: Handle Delete Port: f071ce7b-f2eb-4140-8b19-b8c527f429f0
2026-06-30 19:17:14.208 8 INFO neutron_taas.services.taas.tap_mirror_plugin [None req-50a485e9-2155-4c1a-9021-a7f061a7566c 147f265415e34cffbe8198627f03f3ce 5f6e9ab8d7ca43439a4f2a59ac7b0fa2 - - default default] Tap Mirror: Handle Delete Port: f071ce7b-f2eb-4140-8b19-b8c527f429f0 [pid: 8|app: 0|req: 1750/3329] 10.0.0.82 () {32 vars in 725 bytes} [Tue Jun 30 19:17:14 2026] DELETE /v2.0/networks/41edac46-e5b2-4cdb-80dd-f8c6642bcc6e => generated 0 bytes in 496 msecs (HTTP/1.1 204) 3 headers in 131 bytes (1 switches on core 0)
2026-06-30 19:17:14.657 7 INFO neutron.db.segments_db [None req-5dcfa87b-5d23-4c8b-a63f-c759240c7f66 147f265415e34cffbe8198627f03f3ce 5f6e9ab8d7ca43439a4f2a59ac7b0fa2 - - default default] Added segment 8ddc3f43-4781-4d0d-be6e-9970d6d0d235 of type geneve for network 7e7d107d-527a-4101-b7c4-c75570d2c701
2026-06-30 19:17:14.783 7 INFO neutron.db.ovn_revision_numbers_db [None req-5dcfa87b-5d23-4c8b-a63f-c759240c7f66 147f265415e34cffbe8198627f03f3ce 5f6e9ab8d7ca43439a4f2a59ac7b0fa2 - - default default] Successfully bumped revision number for resource 7e7d107d-527a-4101-b7c4-c75570d2c701 (type: networks) to 1
2026-06-30 19:17:14.934 7 WARNING neutron.scheduler.dhcp_agent_scheduler [None req-5dcfa87b-5d23-4c8b-a63f-c759240c7f66 147f265415e34cffbe8198627f03f3ce 5f6e9ab8d7ca43439a4f2a59ac7b0fa2 - - default default] No more DHCP agents
2026-06-30 19:17:14.936 7 WARNING neutron.api.rpc.agentnotifiers.dhcp_rpc_agent_api [None req-5dcfa87b-5d23-4c8b-a63f-c759240c7f66 147f265415e34cffbe8198627f03f3ce 5f6e9ab8d7ca43439a4f2a59ac7b0fa2 - - default default] Unable to schedule network 7e7d107d-527a-4101-b7c4-c75570d2c701: no agents available; will retry on subsequent port and subnet creation events.
2026-06-30 19:17:14.965 8 INFO neutron.services.segments.plugin [-] Segment 9ece3f53-8988-4522-ae85-78b708e07f3d resource provider aggregate not found
2026-06-30 19:17:14.970 8 INFO neutron.services.segments.plugin [-] Segment 9ece3f53-8988-4522-ae85-78b708e07f3d resource provider aggregate not found
2026-06-30 19:17:14.997 8 INFO neutron.services.segments.plugin [-] Segment 9ece3f53-8988-4522-ae85-78b708e07f3d resource provider not found; error: Placement Client Error (4xx): {"errors": [{"status": 404, "title": "Not Found", "detail": "The resource could not be found.\n\n No resource provider with uuid 9ece3f53-8988-4522-ae85-78b708e07f3d found for delete ", "request_id": "req-151aff70-c815-4375-8411-6109d7a8e4cf"}]}
2026-06-30 19:17:14.998 8 INFO neutron.services.segments.plugin [-] Segment 9ece3f53-8988-4522-ae85-78b708e07f3d resource provider not found; error: Placement Client Error (4xx): {"errors": [{"status": 404, "title": "Not Found", "detail": "The resource could not be found.\n\n No resource provider with uuid 9ece3f53-8988-4522-ae85-78b708e07f3d found for delete ", "request_id": "req-28326092-d661-41d5-b253-4c11e454607a"}]}
2026-06-30 19:17:15.005 7 INFO neutron.plugins.ml2.drivers.ovn.mech_driver.mech_driver [None req-b8e4bd31-0a0d-4f9f-ac86-5c2f01cf9fd8 - - - - - -] OVN reports status down for port: 37d6dea6-0d4d-42ed-b5e3-ee39d49418b9
2026-06-30 19:17:15.078 7 INFO neutron.db.ovn_revision_numbers_db [None req-5dcfa87b-5d23-4c8b-a63f-c759240c7f66 147f265415e34cffbe8198627f03f3ce 5f6e9ab8d7ca43439a4f2a59ac7b0fa2 - - default default] Successfully bumped revision number for resource 37d6dea6-0d4d-42ed-b5e3-ee39d49418b9 (type: ports) to 1 [pid: 7|app: 0|req: 1580/3330] 10.0.0.82 () {34 vars in 669 bytes} [Tue Jun 30 19:17:14 2026] POST /v2.0/networks => generated 730 bytes in 560 msecs (HTTP/1.1 201) 4 headers in 162 bytes (1 switches on core 0)
2026-06-30 19:17:15.258 8 WARNING neutron.scheduler.dhcp_agent_scheduler [None req-4234028e-4577-43f0-b131-1177383bbcca 147f265415e34cffbe8198627f03f3ce 5f6e9ab8d7ca43439a4f2a59ac7b0fa2 - - default default] No more DHCP agents
2026-06-30 19:17:15.259 8 WARNING neutron.api.rpc.agentnotifiers.dhcp_rpc_agent_api [None req-4234028e-4577-43f0-b131-1177383bbcca 147f265415e34cffbe8198627f03f3ce 5f6e9ab8d7ca43439a4f2a59ac7b0fa2 - - default default] Unable to schedule network 7e7d107d-527a-4101-b7c4-c75570d2c701: no agents available; will retry on subsequent port and subnet creation events.
2026-06-30 19:17:15.679 8 INFO neutron.db.ovn_revision_numbers_db [None req-856178c9-bfe6-4c40-a66c-e86dc2742d11 - - - - - -] Successfully bumped revision number for resource 37d6dea6-0d4d-42ed-b5e3-ee39d49418b9 (type: ports) to 2
2026-06-30 19:17:15.726 8 INFO neutron.db.ovn_revision_numbers_db [None req-856178c9-bfe6-4c40-a66c-e86dc2742d11 - - - - - -] Successfully bumped revision number for resource 92781d5c-34c3-41ba-ae29-9dac09366192 (type: subnets) to 0 [pid: 8|app: 0|req: 1751/3331] 10.0.0.82 () {34 vars in 668 bytes} [Tue Jun 30 19:17:15 2026] POST /v2.0/subnets => generated 647 bytes in 611 msecs (HTTP/1.1 201) 4 headers in 162 bytes (1 switches on core 0) [pid: 7|app: 0|req: 1581/3332] 10.0.0.82 () {34 vars in 680 bytes} [Tue Jun 30 19:17:15 2026] POST /v2.0/rbac-policies => generated 324 bytes in 241 msecs (HTTP/1.1 201) 4 headers in 162 bytes (1 switches on core 0) [pid: 8|app: 0|req: 1752/3333] 10.0.0.82 () {32 vars in 722 bytes} [Tue Jun 30 19:17:16 2026] GET /v2.0/networks/7e7d107d-527a-4101-b7c4-c75570d2c701 => generated 655 bytes in 88 msecs (HTTP/1.1 200) 4 headers in 157 bytes (1 switches on core 0)
2026-06-30 19:17:16.829 7 INFO neutron.pecan_wsgi.hooks.translation [None req-58d040a7-4cf5-4198-8c95-55457277a2cb 51390b8fd5774d5d9d9f3fe4aec32e17 11364268215c451d8d7141445b28a7dc - - default default] GET failed (client error): The resource could not be found. [pid: 7|app: 0|req: 1582/3334] 10.0.0.82 () {32 vars in 722 bytes} [Tue Jun 30 19:17:16 2026] GET /v2.0/networks/7e7d107d-527a-4101-b7c4-c75570d2c701 => generated 138 bytes in 51 msecs (HTTP/1.1 404) 4 headers in 164 bytes (1 switches on core 0)
2026-06-30 19:17:16.961 8 INFO neutron_taas.services.taas.taas_plugin [None req-5c1b87e1-0c98-4e53-8bb8-94326283395e 147f265415e34cffbe8198627f03f3ce 5f6e9ab8d7ca43439a4f2a59ac7b0fa2 - - default default] TaaS: Handle Delete Port: 37d6dea6-0d4d-42ed-b5e3-ee39d49418b9
2026-06-30 19:17:16.964 8 INFO neutron_taas.services.taas.tap_mirror_plugin [None req-5c1b87e1-0c98-4e53-8bb8-94326283395e 147f265415e34cffbe8198627f03f3ce 5f6e9ab8d7ca43439a4f2a59ac7b0fa2 - - default default] Tap Mirror: Handle Delete Port: 37d6dea6-0d4d-42ed-b5e3-ee39d49418b9
2026-06-30 19:17:17.277 8 INFO neutron.services.segments.plugin [-] Segment 8ddc3f43-4781-4d0d-be6e-9970d6d0d235 resource provider aggregate not found
2026-06-30 19:17:17.283 8 INFO neutron.services.segments.plugin [-] Segment 8ddc3f43-4781-4d0d-be6e-9970d6d0d235 resource provider aggregate not found
2026-06-30 19:17:17.295 8 INFO neutron.services.segments.plugin [-] Segment 8ddc3f43-4781-4d0d-be6e-9970d6d0d235 resource provider not found; error: Placement Client Error (4xx): {"errors": [{"status": 404, "title": "Not Found", "detail": "The resource could not be found.\n\n No resource provider with uuid 8ddc3f43-4781-4d0d-be6e-9970d6d0d235 found for delete ", "request_id": "req-6911561b-2a30-41f0-823b-610dd48f3947"}]}
2026-06-30 19:17:17.302 8 INFO neutron.services.segments.plugin [-] Segment 8ddc3f43-4781-4d0d-be6e-9970d6d0d235 resource provider not found; error: Placement Client Error (4xx): {"errors": [{"status": 404, "title": "Not Found", "detail": "The resource could not be found.\n\n No resource provider with uuid 8ddc3f43-4781-4d0d-be6e-9970d6d0d235 found for delete ", "request_id": "req-40cbaeba-c3ae-4b46-a886-247c8a577628"}]} [pid: 8|app: 0|req: 1753/3335] 10.0.0.82 () {32 vars in 725 bytes} [Tue Jun 30 19:17:16 2026] DELETE /v2.0/networks/7e7d107d-527a-4101-b7c4-c75570d2c701 => generated 0 bytes in 486 msecs (HTTP/1.1 204) 3 headers in 131 bytes (1 switches on core 0)
2026-06-30 19:17:17.344 7 INFO neutron.pecan_wsgi.hooks.translation [None req-dd748e36-c26d-4f0e-8676-70c566918858 147f265415e34cffbe8198627f03f3ce 5f6e9ab8d7ca43439a4f2a59ac7b0fa2 - - default default] DELETE failed (client error): The resource could not be found. [pid: 7|app: 0|req: 1583/3336] 10.0.0.82 () {32 vars in 723 bytes} [Tue Jun 30 19:17:17 2026] DELETE /v2.0/subnets/539df1e9-9a5f-43a7-92d1-5caab5341e5c => generated 136 bytes in 18 msecs (HTTP/1.1 404) 4 headers in 164 bytes (1 switches on core 0)
2026-06-30 19:17:17.365 8 INFO neutron.pecan_wsgi.hooks.translation [None req-ec161685-46f8-4395-a935-c5f27628b5ec 147f265415e34cffbe8198627f03f3ce 5f6e9ab8d7ca43439a4f2a59ac7b0fa2 - - default default] DELETE failed (client error): The resource could not be found. [pid: 8|app: 0|req: 1754/3337] 10.0.0.82 () {32 vars in 723 bytes} [Tue Jun 30 19:17:17 2026] DELETE /v2.0/subnets/9a0935d3-cb59-4266-bb5d-f6ea8474fd59 => generated 136 bytes in 17 msecs (HTTP/1.1 404) 4 headers in 164 bytes (1 switches on core 0)
2026-06-30 19:17:17.386 7 INFO neutron.pecan_wsgi.hooks.translation [None req-60c88eca-c3c6-4bda-bdf9-731d82b63a2c 147f265415e34cffbe8198627f03f3ce 5f6e9ab8d7ca43439a4f2a59ac7b0fa2 - - default default] DELETE failed (client error): The resource could not be found. [pid: 7|app: 0|req: 1584/3338] 10.0.0.82 () {32 vars in 723 bytes} [Tue Jun 30 19:17:17 2026] DELETE /v2.0/subnets/92781d5c-34c3-41ba-ae29-9dac09366192 => generated 136 bytes in 17 msecs (HTTP/1.1 404) 4 headers in 164 bytes (1 switches on core 0)
