2026-06-30 19:12:24.306 8 INFO neutron.db.ovn_revision_numbers_db [None req-2fff9c5e-dd44-4a79-b62e-223708784b0a e1795c4f992d441786939ac3d4b17b49 806b0f7a28bc43939c579df0b8fcb0d5 - - default default] Successfully bumped revision number for resource 40fddb6d-b59d-435c-b20b-3fdc36b66da7 (type: ports) to 1 [pid: 7|app: 0|req: 757/1652] 10.0.0.82 () {32 vars in 725 bytes} [Tue Jun 30 19:12:24 2026] DELETE /v2.0/networks/d3c8c9f9-0bc5-4e6a-9e7e-37745beeef8d => generated 0 bytes in 398 msecs (HTTP/1.1 204) 3 headers in 131 bytes (1 switches on core 0) [pid: 7|app: 0|req: 758/1653] 10.0.0.82 () {32 vars in 773 bytes} [Tue Jun 30 19:12:24 2026] GET /v2.0/security-groups?tenant_id=dc5514cf8cbe4671aa990e4cd0c9f662&name=default => generated 2925 bytes in 28 msecs (HTTP/1.1 200) 4 headers in 158 bytes (1 switches on core 0)
2026-06-30 19:12:24.869 8 INFO neutron.plugins.ml2.drivers.ovn.mech_driver.ovsdb.commands [None req-c839ddb8-5320-4a5e-825c-90fbeb44bb3b - - - - - -] Schedule LRP lrp-40fddb6d-b59d-435c-b20b-3fdc36b66da7 on gateway fcf74c37-afe8-45af-9073-01e1c52be9a9 with priority 1
2026-06-30 19:12:24.900 7 INFO neutron.plugins.ml2.drivers.ovn.mech_driver.mech_driver [None req-eda02d39-45f7-4066-bf6f-075944541e2e - - - - - -] OVN reports status up for port: 40fddb6d-b59d-435c-b20b-3fdc36b66da7
2026-06-30 19:12:24.926 8 INFO neutron.db.ovn_revision_numbers_db [None req-2fff9c5e-dd44-4a79-b62e-223708784b0a e1795c4f992d441786939ac3d4b17b49 806b0f7a28bc43939c579df0b8fcb0d5 - - default default] Successfully bumped revision number for resource 40fddb6d-b59d-435c-b20b-3fdc36b66da7 (type: router_ports) to 1
2026-06-30 19:12:24.941 7 INFO neutron.plugins.ml2.plugin [None req-eda02d39-45f7-4066-bf6f-075944541e2e - - - - - -] Attempt 1 to provision port 40fddb6d-b59d-435c-b20b-3fdc36b66da7
2026-06-30 19:12:24.980 7 INFO neutron.plugins.ml2.drivers.ovn.mech_driver.ovsdb.ovsdb_monitor [None req-f1d4ba6f-c8c7-4a7c-9487-9e127b9cfb34 - - - - - -] Router 67af6727-c098-4695-a959-4c08096b3c59 is bound to host instance
2026-06-30 19:12:25.000 8 INFO neutron.db.ovn_revision_numbers_db [None req-2fff9c5e-dd44-4a79-b62e-223708784b0a e1795c4f992d441786939ac3d4b17b49 806b0f7a28bc43939c579df0b8fcb0d5 - - default default] Successfully bumped revision number for resource 67af6727-c098-4695-a959-4c08096b3c59 (type: routers) to 2 [pid: 8|app: 0|req: 896/1654] 10.0.0.82 () {34 vars in 668 bytes} [Tue Jun 30 19:12:23 2026] POST /v2.0/routers => generated 944 bytes in 1286 msecs (HTTP/1.1 201) 4 headers in 162 bytes (1 switches on core 0) [pid: 7|app: 0|req: 759/1655] 10.0.0.82 () {32 vars in 739 bytes} [Tue Jun 30 19:12:24 2026] DELETE /v2.0/security-groups/41bdffe2-242a-45ce-9bce-522191e9057e => generated 0 bytes in 385 msecs (HTTP/1.1 204) 2 headers in 112 bytes (1 switches on core 0) [pid: 8|app: 0|req: 897/1656] 10.0.0.82 () {32 vars in 773 bytes} [Tue Jun 30 19:12:25 2026] GET /v2.0/security-groups?tenant_id=6aaffb0c82074c96a804f9485f138725&name=default => generated 2925 bytes in 230 msecs (HTTP/1.1 200) 4 headers in 158 bytes (1 switches on core 0) [pid: 8|app: 0|req: 898/1657] 10.0.0.82 () {32 vars in 739 bytes} [Tue Jun 30 19:12:25 2026] DELETE /v2.0/security-groups/9c81981f-d957-4b3b-a6ff-025efaf0877f => generated 0 bytes in 222 msecs (HTTP/1.1 204) 2 headers in 112 bytes (1 switches on core 0)
2026-06-30 19:12:25.481 7 INFO neutron.services.segments.plugin [-] Segment e94525e0-29df-4b13-87b7-ed8fb942033d resource provider aggregate not found
2026-06-30 19:12:25.499 7 INFO neutron.services.segments.plugin [-] Segment e94525e0-29df-4b13-87b7-ed8fb942033d resource provider aggregate not found
2026-06-30 19:12:25.513 7 INFO neutron.services.segments.plugin [-] Segment e94525e0-29df-4b13-87b7-ed8fb942033d resource provider not found; error: Placement Client Error (4xx): {"errors": [{"status": 404, "title": "Not Found", "detail": "The resource could not be found.\n\n No resource provider with uuid e94525e0-29df-4b13-87b7-ed8fb942033d found for delete ", "request_id": "req-4e6c13f2-994e-4269-841e-928e1feaaeff"}]}
2026-06-30 19:12:25.535 7 INFO neutron.services.segments.plugin [-] Segment bea2593f-c8ac-425b-9904-c584101f614f resource provider aggregate not found
2026-06-30 19:12:25.547 7 INFO neutron.services.segments.plugin [-] Segment e94525e0-29df-4b13-87b7-ed8fb942033d resource provider not found; error: Placement Client Error (4xx): {"errors": [{"status": 404, "title": "Not Found", "detail": "The resource could not be found.\n\n No resource provider with uuid e94525e0-29df-4b13-87b7-ed8fb942033d found for delete ", "request_id": "req-e959ad04-9675-4fd3-ac32-84bbb099b57e"}]}
2026-06-30 19:12:25.558 7 INFO neutron.services.segments.plugin [-] Segment bea2593f-c8ac-425b-9904-c584101f614f resource provider not found; error: Placement Client Error (4xx): {"errors": [{"status": 404, "title": "Not Found", "detail": "The resource could not be found.\n\n No resource provider with uuid bea2593f-c8ac-425b-9904-c584101f614f found for delete ", "request_id": "req-98f46e5c-7b55-44ee-bf59-1d3e9c611662"}]}
2026-06-30 19:12:25.579 7 INFO neutron.services.segments.plugin [-] Segment bea2593f-c8ac-425b-9904-c584101f614f resource provider aggregate not found
2026-06-30 19:12:25.602 7 INFO neutron.services.segments.plugin [-] Segment bea2593f-c8ac-425b-9904-c584101f614f resource provider not found; error: Placement Client Error (4xx): {"errors": [{"status": 404, "title": "Not Found", "detail": "The resource could not be found.\n\n No resource provider with uuid bea2593f-c8ac-425b-9904-c584101f614f found for delete ", "request_id": "req-f5c2d8f0-a57b-42c3-8974-287fabb0c423"}]}
2026-06-30 19:12:25.745 8 INFO neutron.db.ovn_revision_numbers_db [None req-7cc0b251-0760-4e77-ad3c-0e7c1ec410b8 4f63f30f4612470db40d51d97472c6ae aff3b1073c7b40f7a6256f7973d19cd2 - - default default] Successfully bumped revision number for resource 6bc96bbb-f320-4485-9786-0fb728fdcab8 (type: security_groups) to 1
2026-06-30 19:12:25.757 8 INFO neutron.db.ovn_revision_numbers_db [None req-7cc0b251-0760-4e77-ad3c-0e7c1ec410b8 4f63f30f4612470db40d51d97472c6ae aff3b1073c7b40f7a6256f7973d19cd2 - - default default] Successfully bumped revision number for resource 18c9a088-c526-4cb5-bc44-57ff4d3f870a (type: security_group_rules) to 0
2026-06-30 19:12:25.772 8 INFO neutron.db.ovn_revision_numbers_db [None req-7cc0b251-0760-4e77-ad3c-0e7c1ec410b8 4f63f30f4612470db40d51d97472c6ae aff3b1073c7b40f7a6256f7973d19cd2 - - default default] Successfully bumped revision number for resource 8486510e-1993-407b-ad3a-f5fc6d886b53 (type: security_group_rules) to 0
2026-06-30 19:12:25.786 8 INFO neutron.db.ovn_revision_numbers_db [None req-7cc0b251-0760-4e77-ad3c-0e7c1ec410b8 4f63f30f4612470db40d51d97472c6ae aff3b1073c7b40f7a6256f7973d19cd2 - - default default] Successfully bumped revision number for resource eed048b6-d837-47b2-94f8-1619493cf791 (type: security_group_rules) to 0
2026-06-30 19:12:25.797 8 INFO neutron.db.ovn_revision_numbers_db [None req-7cc0b251-0760-4e77-ad3c-0e7c1ec410b8 4f63f30f4612470db40d51d97472c6ae aff3b1073c7b40f7a6256f7973d19cd2 - - default default] Successfully bumped revision number for resource f9be424e-518a-4f36-8091-ed56fa612f45 (type: security_group_rules) to 0 [pid: 8|app: 0|req: 899/1658] 10.0.0.82 () {32 vars in 773 bytes} [Tue Jun 30 19:12:25 2026] GET /v2.0/security-groups?tenant_id=1fa95d106c6a43b3a3487e25d2a5906c&name=default => generated 2925 bytes in 219 msecs (HTTP/1.1 200) 4 headers in 158 bytes (1 switches on core 0) [pid: 8|app: 0|req: 900/1659] 10.0.0.82 () {32 vars in 739 bytes} [Tue Jun 30 19:12:25 2026] DELETE /v2.0/security-groups/6bc96bbb-f320-4485-9786-0fb728fdcab8 => generated 0 bytes in 281 msecs (HTTP/1.1 204) 2 headers in 112 bytes (1 switches on core 0)
2026-06-30 19:12:26.172 7 WARNING neutron.scheduler.dhcp_agent_scheduler [None req-63287682-4c97-4bac-86ab-11d9f4d7e9f0 e1795c4f992d441786939ac3d4b17b49 806b0f7a28bc43939c579df0b8fcb0d5 - - default default] No more DHCP agents
2026-06-30 19:12:26.175 7 WARNING neutron.api.rpc.agentnotifiers.dhcp_rpc_agent_api [None req-63287682-4c97-4bac-86ab-11d9f4d7e9f0 e1795c4f992d441786939ac3d4b17b49 806b0f7a28bc43939c579df0b8fcb0d5 - - default default] Unable to schedule network 21df2e72-a56f-49cb-aaff-577a630b1994: no agents available; will retry on subsequent port and subnet creation events.
2026-06-30 19:12:26.356 8 INFO neutron.plugins.ml2.drivers.ovn.mech_driver.mech_driver [None req-29631a56-ff1a-4af8-af1f-8d50d2a2430f - - - - - -] OVN reports status down for port: 7ba055fc-8ba1-4849-94ed-83b54f3ba930
2026-06-30 19:12:26.411 7 INFO neutron.db.ovn_revision_numbers_db [None req-63287682-4c97-4bac-86ab-11d9f4d7e9f0 e1795c4f992d441786939ac3d4b17b49 806b0f7a28bc43939c579df0b8fcb0d5 - - default default] Successfully bumped revision number for resource 7ba055fc-8ba1-4849-94ed-83b54f3ba930 (type: ports) to 1
2026-06-30 19:12:26.464 8 INFO neutron.db.ovn_revision_numbers_db [None req-2a1662ce-bc18-42be-a69b-246b4f1a9b57 4f63f30f4612470db40d51d97472c6ae aff3b1073c7b40f7a6256f7973d19cd2 - - default default] Successfully bumped revision number for resource e4981455-cdd3-4797-9208-369fbc63deb3 (type: security_groups) to 1
2026-06-30 19:12:26.480 8 INFO neutron.db.ovn_revision_numbers_db [None req-2a1662ce-bc18-42be-a69b-246b4f1a9b57 4f63f30f4612470db40d51d97472c6ae aff3b1073c7b40f7a6256f7973d19cd2 - - default default] Successfully bumped revision number for resource 5f21985c-d996-49b5-8a8c-84ff294beffa (type: security_group_rules) to 0
2026-06-30 19:12:26.492 8 INFO neutron.db.ovn_revision_numbers_db [None req-2a1662ce-bc18-42be-a69b-246b4f1a9b57 4f63f30f4612470db40d51d97472c6ae aff3b1073c7b40f7a6256f7973d19cd2 - - default default] Successfully bumped revision number for resource af79f9df-dee6-45d2-b6ea-9cc7b794b9a0 (type: security_group_rules) to 0
2026-06-30 19:12:26.503 8 INFO neutron.db.ovn_revision_numbers_db [None req-2a1662ce-bc18-42be-a69b-246b4f1a9b57 4f63f30f4612470db40d51d97472c6ae aff3b1073c7b40f7a6256f7973d19cd2 - - default default] Successfully bumped revision number for resource d21e47dc-84e4-43c5-86a8-f6c8c2970174 (type: security_group_rules) to 0
2026-06-30 19:12:26.514 8 INFO neutron.db.ovn_revision_numbers_db [None req-2a1662ce-bc18-42be-a69b-246b4f1a9b57 4f63f30f4612470db40d51d97472c6ae aff3b1073c7b40f7a6256f7973d19cd2 - - default default] Successfully bumped revision number for resource ebfd711a-0dea-49b2-bef7-a621afe44399 (type: security_group_rules) to 0 [pid: 8|app: 0|req: 901/1660] 10.0.0.82 () {32 vars in 773 bytes} [Tue Jun 30 19:12:26 2026] GET /v2.0/security-groups?tenant_id=99c65941a0de4b2db71979f011fc702e&name=default => generated 2925 bytes in 261 msecs (HTTP/1.1 200) 4 headers in 158 bytes (1 switches on core 0)
2026-06-30 19:12:26.629 7 INFO neutron.db.ovn_revision_numbers_db [None req-fe21d6e5-9db0-4b29-a04a-898bcba5b3f5 - - - - - -] Successfully bumped revision number for resource 40fddb6d-b59d-435c-b20b-3fdc36b66da7 (type: ports) to 4 [pid: 8|app: 0|req: 902/1661] 10.0.0.82 () {32 vars in 739 bytes} [Tue Jun 30 19:12:26 2026] DELETE /v2.0/security-groups/e4981455-cdd3-4797-9208-369fbc63deb3 => generated 0 bytes in 211 msecs (HTTP/1.1 204) 2 headers in 112 bytes (1 switches on core 0)
2026-06-30 19:12:27.242 7 INFO neutron.db.ovn_revision_numbers_db [None req-fe21d6e5-9db0-4b29-a04a-898bcba5b3f5 - - - - - -] Successfully bumped revision number for resource 40fddb6d-b59d-435c-b20b-3fdc36b66da7 (type: ports) to 5
2026-06-30 19:12:27.337 8 INFO neutron.db.ovn_revision_numbers_db [None req-7904c039-8d3a-41c9-94c7-18415130306f 4f63f30f4612470db40d51d97472c6ae aff3b1073c7b40f7a6256f7973d19cd2 - - default default] Successfully bumped revision number for resource 6df98686-4b02-44d4-b986-db3c3507e6cf (type: security_groups) to 1
2026-06-30 19:12:27.352 8 INFO neutron.db.ovn_revision_numbers_db [None req-7904c039-8d3a-41c9-94c7-18415130306f 4f63f30f4612470db40d51d97472c6ae aff3b1073c7b40f7a6256f7973d19cd2 - - default default] Successfully bumped revision number for resource 09460883-82d5-41ed-8210-9706d7bd6dcb (type: security_group_rules) to 0
2026-06-30 19:12:27.366 8 INFO neutron.db.ovn_revision_numbers_db [None req-7904c039-8d3a-41c9-94c7-18415130306f 4f63f30f4612470db40d51d97472c6ae aff3b1073c7b40f7a6256f7973d19cd2 - - default default] Successfully bumped revision number for resource 6fd6405f-fa73-4c78-a013-b41ff64f44d0 (type: security_group_rules) to 0
2026-06-30 19:12:27.379 8 INFO neutron.db.ovn_revision_numbers_db [None req-7904c039-8d3a-41c9-94c7-18415130306f 4f63f30f4612470db40d51d97472c6ae aff3b1073c7b40f7a6256f7973d19cd2 - - default default] Successfully bumped revision number for resource 8f9ff4f0-06ca-4ea2-9051-a35c1efe2a39 (type: security_group_rules) to 0
2026-06-30 19:12:27.392 8 INFO neutron.db.ovn_revision_numbers_db [None req-7904c039-8d3a-41c9-94c7-18415130306f 4f63f30f4612470db40d51d97472c6ae aff3b1073c7b40f7a6256f7973d19cd2 - - default default] Successfully bumped revision number for resource c10c4bbc-5ce3-4e92-a3f0-ec80920a1e47 (type: security_group_rules) to 0
2026-06-30 19:12:27.449 8 INFO neutron.plugins.ml2.drivers.ovn.mech_driver.mech_driver [None req-29631a56-ff1a-4af8-af1f-8d50d2a2430f - - - - - -] OVN reports status up for port: 7ba055fc-8ba1-4849-94ed-83b54f3ba930
2026-06-30 19:12:27.467 8 INFO neutron.plugins.ml2.plugin [None req-29631a56-ff1a-4af8-af1f-8d50d2a2430f - - - - - -] Attempt 1 to provision port 7ba055fc-8ba1-4849-94ed-83b54f3ba930
2026-06-30 19:12:27.469 8 INFO neutron.db.segments_db [None req-7904c039-8d3a-41c9-94c7-18415130306f 4f63f30f4612470db40d51d97472c6ae aff3b1073c7b40f7a6256f7973d19cd2 - - default default] Added segment 81a0f29b-48e8-4645-be48-a0918ff765f1 of type geneve for network 788885f5-d2e4-4c5b-b50c-f1d271850526
2026-06-30 19:12:27.571 7 WARNING neutron.scheduler.dhcp_agent_scheduler [None req-63287682-4c97-4bac-86ab-11d9f4d7e9f0 e1795c4f992d441786939ac3d4b17b49 806b0f7a28bc43939c579df0b8fcb0d5 - - default default] No more DHCP agents
2026-06-30 19:12:27.572 7 WARNING neutron.api.rpc.agentnotifiers.dhcp_rpc_agent_api [None req-63287682-4c97-4bac-86ab-11d9f4d7e9f0 e1795c4f992d441786939ac3d4b17b49 806b0f7a28bc43939c579df0b8fcb0d5 - - default default] Unable to schedule network 21df2e72-a56f-49cb-aaff-577a630b1994: no agents available; will retry on subsequent port and subnet creation events.
2026-06-30 19:12:27.648 8 INFO neutron.db.ovn_revision_numbers_db [None req-7904c039-8d3a-41c9-94c7-18415130306f 4f63f30f4612470db40d51d97472c6ae aff3b1073c7b40f7a6256f7973d19cd2 - - default default] Successfully bumped revision number for resource 788885f5-d2e4-4c5b-b50c-f1d271850526 (type: networks) to 1
2026-06-30 19:12:27.914 7 INFO neutron.db.ovn_revision_numbers_db [None req-63287682-4c97-4bac-86ab-11d9f4d7e9f0 e1795c4f992d441786939ac3d4b17b49 806b0f7a28bc43939c579df0b8fcb0d5 - - default default] Successfully bumped revision number for resource 7ba055fc-8ba1-4849-94ed-83b54f3ba930 (type: router_ports) to 1 [pid: 7|app: 0|req: 760/1662] 10.0.0.82 () {34 vars in 782 bytes} [Tue Jun 30 19:12:25 2026] PUT /v2.0/routers/67af6727-c098-4695-a959-4c08096b3c59/add_router_interface => generated 309 bytes in 2772 msecs (HTTP/1.1 200) 4 headers in 157 bytes (1 switches on core 0)
2026-06-30 19:12:27.955 8 WARNING neutron.scheduler.dhcp_agent_scheduler [None req-7904c039-8d3a-41c9-94c7-18415130306f 4f63f30f4612470db40d51d97472c6ae aff3b1073c7b40f7a6256f7973d19cd2 - - default default] No more DHCP agents
2026-06-30 19:12:27.958 8 WARNING neutron.api.rpc.agentnotifiers.dhcp_rpc_agent_api [None req-7904c039-8d3a-41c9-94c7-18415130306f 4f63f30f4612470db40d51d97472c6ae aff3b1073c7b40f7a6256f7973d19cd2 - - default default] Unable to schedule network 788885f5-d2e4-4c5b-b50c-f1d271850526: no agents available; will retry on subsequent port and subnet creation events.
2026-06-30 19:12:28.151 7 INFO neutron.plugins.ml2.drivers.ovn.mech_driver.mech_driver [None req-eda02d39-45f7-4066-bf6f-075944541e2e - - - - - -] OVN reports status down for port: 8f1e9928-f336-40b0-91aa-29a4495598f2
2026-06-30 19:12:28.214 8 INFO neutron.db.ovn_revision_numbers_db [None req-29631a56-ff1a-4af8-af1f-8d50d2a2430f - - - - - -] Successfully bumped revision number for resource 7ba055fc-8ba1-4849-94ed-83b54f3ba930 (type: ports) to 2
2026-06-30 19:12:28.216 8 INFO neutron.db.ovn_revision_numbers_db [None req-7904c039-8d3a-41c9-94c7-18415130306f 4f63f30f4612470db40d51d97472c6ae aff3b1073c7b40f7a6256f7973d19cd2 - - default default] Successfully bumped revision number for resource 8f1e9928-f336-40b0-91aa-29a4495598f2 (type: ports) to 1 [pid: 8|app: 0|req: 903/1663] 10.0.0.82 () {34 vars in 670 bytes} [Tue Jun 30 19:12:27 2026] POST /v2.0/networks => generated 747 bytes in 1253 msecs (HTTP/1.1 201) 4 headers in 162 bytes (1 switches on core 0)
2026-06-30 19:12:28.280 7 INFO neutron.db.ovn_revision_numbers_db [None req-093a74a2-0e3e-4c36-85be-5912cd350282 4f63f30f4612470db40d51d97472c6ae aff3b1073c7b40f7a6256f7973d19cd2 - - default default] Successfully bumped revision number for resource c98d8308-db98-4ff5-b444-eac1503a1555 (type: security_groups) to 1
2026-06-30 19:12:28.293 7 INFO neutron.db.ovn_revision_numbers_db [None req-093a74a2-0e3e-4c36-85be-5912cd350282 4f63f30f4612470db40d51d97472c6ae aff3b1073c7b40f7a6256f7973d19cd2 - - default default] Successfully bumped revision number for resource 05aa0a17-fecf-4dc4-9d26-34e532d0ad69 (type: security_group_rules) to 0
2026-06-30 19:12:28.305 7 INFO neutron.db.ovn_revision_numbers_db [None req-093a74a2-0e3e-4c36-85be-5912cd350282 4f63f30f4612470db40d51d97472c6ae aff3b1073c7b40f7a6256f7973d19cd2 - - default default] Successfully bumped revision number for resource 171dcab0-292b-45e7-90d9-f548a960f609 (type: security_group_rules) to 0
2026-06-30 19:12:28.316 7 INFO neutron.db.ovn_revision_numbers_db [None req-093a74a2-0e3e-4c36-85be-5912cd350282 4f63f30f4612470db40d51d97472c6ae aff3b1073c7b40f7a6256f7973d19cd2 - - default default] Successfully bumped revision number for resource 3e95ec95-2242-4740-be07-d83df1171e74 (type: security_group_rules) to 0
2026-06-30 19:12:28.326 7 INFO neutron.db.ovn_revision_numbers_db [None req-093a74a2-0e3e-4c36-85be-5912cd350282 4f63f30f4612470db40d51d97472c6ae aff3b1073c7b40f7a6256f7973d19cd2 - - default default] Successfully bumped revision number for resource 65c3cee8-2f88-4a35-8d4c-acfe82b6bcaa (type: security_group_rules) to 0 [pid: 7|app: 0|req: 761/1664] 10.0.0.82 () {32 vars in 773 bytes} [Tue Jun 30 19:12:27 2026] GET /v2.0/security-groups?tenant_id=f4855e22833649a5b84ad3cc24b414e1&name=default => generated 2925 bytes in 442 msecs (HTTP/1.1 200) 4 headers in 158 bytes (1 switches on core 0)
2026-06-30 19:12:28.471 7 WARNING neutron.scheduler.dhcp_agent_scheduler [None req-f59d3cdc-4620-499a-a6d4-1d0247ecb528 4f63f30f4612470db40d51d97472c6ae aff3b1073c7b40f7a6256f7973d19cd2 - - default default] No more DHCP agents
2026-06-30 19:12:28.472 7 WARNING neutron.api.rpc.agentnotifiers.dhcp_rpc_agent_api [None req-f59d3cdc-4620-499a-a6d4-1d0247ecb528 4f63f30f4612470db40d51d97472c6ae aff3b1073c7b40f7a6256f7973d19cd2 - - default default] Unable to schedule network 788885f5-d2e4-4c5b-b50c-f1d271850526: no agents available; will retry on subsequent port and subnet creation events.
2026-06-30 19:12:28.805 8 WARNING neutron.scheduler.dhcp_agent_scheduler [None req-2c202da3-2702-4e3b-801f-395b681c235e e1795c4f992d441786939ac3d4b17b49 806b0f7a28bc43939c579df0b8fcb0d5 - - default default] No more DHCP agents
2026-06-30 19:12:28.806 8 WARNING neutron.api.rpc.agentnotifiers.dhcp_rpc_agent_api [None req-2c202da3-2702-4e3b-801f-395b681c235e e1795c4f992d441786939ac3d4b17b49 806b0f7a28bc43939c579df0b8fcb0d5 - - default default] Unable to schedule network 245878d7-d871-4cff-81ff-957071881219: no agents available; will retry on subsequent port and subnet creation events.
2026-06-30 19:12:28.884 7 INFO neutron.db.ovn_revision_numbers_db [None req-c14df067-ef4e-4f98-80f7-77a39be5d88a - - - - - -] Successfully bumped revision number for resource 8f1e9928-f336-40b0-91aa-29a4495598f2 (type: ports) to 2
2026-06-30 19:12:28.931 7 INFO neutron.db.ovn_revision_numbers_db [None req-c14df067-ef4e-4f98-80f7-77a39be5d88a - - - - - -] Successfully bumped revision number for resource fb6bd19a-3b98-435a-ade3-c37e2d3c8569 (type: subnets) to 0 [pid: 7|app: 0|req: 762/1665] 10.0.0.82 () {34 vars in 668 bytes} [Tue Jun 30 19:12:28 2026] POST /v2.0/subnets => generated 691 bytes in 591 msecs (HTTP/1.1 201) 4 headers in 162 bytes (1 switches on core 0)
2026-06-30 19:12:28.964 8 INFO neutron.db.ovn_revision_numbers_db [None req-2c202da3-2702-4e3b-801f-395b681c235e e1795c4f992d441786939ac3d4b17b49 806b0f7a28bc43939c579df0b8fcb0d5 - - default default] Successfully bumped revision number for resource ebaba13c-7b22-452c-9b66-a956c2a82d99 (type: ports) to 1 [pid: 7|app: 0|req: 763/1666] 10.0.0.82 () {32 vars in 739 bytes} [Tue Jun 30 19:12:28 2026] DELETE /v2.0/security-groups/c98d8308-db98-4ff5-b444-eac1503a1555 => generated 0 bytes in 229 msecs (HTTP/1.1 204) 2 headers in 112 bytes (1 switches on core 0)
2026-06-30 19:12:29.581 7 WARNING neutron.scheduler.dhcp_agent_scheduler [None req-f0194cc1-8bf3-4124-a71c-f7ff80bde2c0 4f63f30f4612470db40d51d97472c6ae aff3b1073c7b40f7a6256f7973d19cd2 - - default default] No more DHCP agents
2026-06-30 19:12:29.583 7 WARNING neutron.api.rpc.agentnotifiers.dhcp_rpc_agent_api [None req-f0194cc1-8bf3-4124-a71c-f7ff80bde2c0 4f63f30f4612470db40d51d97472c6ae aff3b1073c7b40f7a6256f7973d19cd2 - - default default] Unable to schedule network cb6ead06-ed2e-42ef-9420-dec38c158971: no agents available; will retry on subsequent port and subnet creation events.
2026-06-30 19:12:29.670 8 WARNING neutron.scheduler.dhcp_agent_scheduler [None req-2c202da3-2702-4e3b-801f-395b681c235e e1795c4f992d441786939ac3d4b17b49 806b0f7a28bc43939c579df0b8fcb0d5 - - default default] No more DHCP agents
2026-06-30 19:12:29.672 8 WARNING neutron.api.rpc.agentnotifiers.dhcp_rpc_agent_api [None req-2c202da3-2702-4e3b-801f-395b681c235e e1795c4f992d441786939ac3d4b17b49 806b0f7a28bc43939c579df0b8fcb0d5 - - default default] Unable to schedule network 245878d7-d871-4cff-81ff-957071881219: no agents available; will retry on subsequent port and subnet creation events.
2026-06-30 19:12:29.730 7 INFO neutron.db.ovn_revision_numbers_db [None req-f0194cc1-8bf3-4124-a71c-f7ff80bde2c0 4f63f30f4612470db40d51d97472c6ae aff3b1073c7b40f7a6256f7973d19cd2 - - default default] Successfully bumped revision number for resource a0fbf3aa-f333-4a9f-bb98-fa025a8a1239 (type: ports) to 1
2026-06-30 19:12:30.065 8 INFO neutron.db.ovn_revision_numbers_db [None req-2c202da3-2702-4e3b-801f-395b681c235e e1795c4f992d441786939ac3d4b17b49 806b0f7a28bc43939c579df0b8fcb0d5 - - default default] Successfully bumped revision number for resource ebaba13c-7b22-452c-9b66-a956c2a82d99 (type: router_ports) to 1 [pid: 8|app: 0|req: 904/1667] 10.0.0.82 () {34 vars in 782 bytes} [Tue Jun 30 19:12:28 2026] PUT /v2.0/routers/67af6727-c098-4695-a959-4c08096b3c59/add_router_interface => generated 309 bytes in 1799 msecs (HTTP/1.1 200) 4 headers in 157 bytes (1 switches on core 0)
2026-06-30 19:12:30.177 8 INFO neutron.db.ovn_revision_numbers_db [None req-4cf0b5dc-1b67-4000-a01b-ef2bce1afb7e 4f63f30f4612470db40d51d97472c6ae aff3b1073c7b40f7a6256f7973d19cd2 - - default default] Successfully bumped revision number for resource 2473d6dd-649e-47c6-a3f2-6485b25961d8 (type: security_groups) to 1
2026-06-30 19:12:30.188 8 INFO neutron.db.ovn_revision_numbers_db [None req-4cf0b5dc-1b67-4000-a01b-ef2bce1afb7e 4f63f30f4612470db40d51d97472c6ae aff3b1073c7b40f7a6256f7973d19cd2 - - default default] Successfully bumped revision number for resource 28bfcf6a-17f2-4a0d-a56b-2a2104c9482a (type: security_group_rules) to 0
2026-06-30 19:12:30.201 8 INFO neutron.db.ovn_revision_numbers_db [None req-4cf0b5dc-1b67-4000-a01b-ef2bce1afb7e 4f63f30f4612470db40d51d97472c6ae aff3b1073c7b40f7a6256f7973d19cd2 - - default default] Successfully bumped revision number for resource 4716aef6-2bec-42fc-b9e3-283165de9793 (type: security_group_rules) to 0
2026-06-30 19:12:30.210 8 INFO neutron.db.ovn_revision_numbers_db [None req-4cf0b5dc-1b67-4000-a01b-ef2bce1afb7e 4f63f30f4612470db40d51d97472c6ae aff3b1073c7b40f7a6256f7973d19cd2 - - default default] Successfully bumped revision number for resource 5a551c1d-6017-4813-a0e4-51b89eb129a3 (type: security_group_rules) to 0
2026-06-30 19:12:30.222 8 INFO neutron.db.ovn_revision_numbers_db [None req-4cf0b5dc-1b67-4000-a01b-ef2bce1afb7e 4f63f30f4612470db40d51d97472c6ae aff3b1073c7b40f7a6256f7973d19cd2 - - default default] Successfully bumped revision number for resource ce3ef94e-4403-4ff6-8c45-533c0dd726e5 (type: security_group_rules) to 0 [pid: 8|app: 0|req: 905/1668] 10.0.0.82 () {32 vars in 773 bytes} [Tue Jun 30 19:12:30 2026] GET /v2.0/security-groups?tenant_id=5445015b645c4d8a8cbb01f395e3dc6c&name=default => generated 2925 bytes in 184 msecs (HTTP/1.1 200) 4 headers in 158 bytes (1 switches on core 0)
2026-06-30 19:12:30.310 7 INFO neutron.plugins.ml2.drivers.ovn.mech_driver.ovsdb.commands [None req-1678599e-b341-4cab-8693-b6baf06e274b - - - - - -] Schedule LRP lrp-a0fbf3aa-f333-4a9f-bb98-fa025a8a1239 on gateway fcf74c37-afe8-45af-9073-01e1c52be9a9 with priority 1
2026-06-30 19:12:30.355 7 INFO neutron.plugins.ml2.drivers.ovn.mech_driver.ovsdb.ovsdb_monitor [None req-fe21d6e5-9db0-4b29-a04a-898bcba5b3f5 - - - - - -] Router f48df081-61da-4479-bed9-dc9f1efb66e4 is bound to host instance
2026-06-30 19:12:30.395 7 INFO neutron.db.ovn_revision_numbers_db [None req-f0194cc1-8bf3-4124-a71c-f7ff80bde2c0 4f63f30f4612470db40d51d97472c6ae aff3b1073c7b40f7a6256f7973d19cd2 - - default default] Successfully bumped revision number for resource a0fbf3aa-f333-4a9f-bb98-fa025a8a1239 (type: router_ports) to 1
2026-06-30 19:12:30.505 8 INFO neutron.db.ovn_revision_numbers_db [None req-f616cd5f-973c-4565-8487-d23f496067a1 6eeefc2b6ee141df9bff692354bc1efc bd6a76a4628e49b0a4c3fc98f7a57f49 - - default default] Successfully bumped revision number for resource bef5fd65-8a47-4434-a70e-279930555bda (type: security_groups) to 1
2026-06-30 19:12:30.514 7 INFO neutron.db.ovn_revision_numbers_db [None req-f0194cc1-8bf3-4124-a71c-f7ff80bde2c0 4f63f30f4612470db40d51d97472c6ae aff3b1073c7b40f7a6256f7973d19cd2 - - default default] Successfully bumped revision number for resource f48df081-61da-4479-bed9-dc9f1efb66e4 (type: routers) to 2
2026-06-30 19:12:30.516 8 INFO neutron.db.ovn_revision_numbers_db [None req-f616cd5f-973c-4565-8487-d23f496067a1 6eeefc2b6ee141df9bff692354bc1efc bd6a76a4628e49b0a4c3fc98f7a57f49 - - default default] Successfully bumped revision number for resource 19560d5b-9aca-437b-82a7-2c2cd2cace51 (type: security_group_rules) to 0
2026-06-30 19:12:30.527 8 INFO neutron.db.ovn_revision_numbers_db [None req-f616cd5f-973c-4565-8487-d23f496067a1 6eeefc2b6ee141df9bff692354bc1efc bd6a76a4628e49b0a4c3fc98f7a57f49 - - default default] Successfully bumped revision number for resource 2bc738d8-8f30-465a-af37-775ab78f1121 (type: security_group_rules) to 0
2026-06-30 19:12:30.538 8 INFO neutron.db.ovn_revision_numbers_db [None req-f616cd5f-973c-4565-8487-d23f496067a1 6eeefc2b6ee141df9bff692354bc1efc bd6a76a4628e49b0a4c3fc98f7a57f49 - - default default] Successfully bumped revision number for resource a09137b4-1bc4-4716-bcde-f4d4edb238b1 (type: security_group_rules) to 0
2026-06-30 19:12:30.548 8 INFO neutron.db.ovn_revision_numbers_db [None req-f616cd5f-973c-4565-8487-d23f496067a1 6eeefc2b6ee141df9bff692354bc1efc bd6a76a4628e49b0a4c3fc98f7a57f49 - - default default] Successfully bumped revision number for resource ffcb810a-a06b-4dbc-a3a3-c879471d2cd2 (type: security_group_rules) to 0 [pid: 7|app: 0|req: 764/1669] 10.0.0.82 () {34 vars in 668 bytes} [Tue Jun 30 19:12:29 2026] POST /v2.0/routers => generated 969 bytes in 1373 msecs (HTTP/1.1 201) 4 headers in 162 bytes (1 switches on core 0)
2026-06-30 19:12:30.626 8 INFO neutron.db.segments_db [None req-f616cd5f-973c-4565-8487-d23f496067a1 6eeefc2b6ee141df9bff692354bc1efc bd6a76a4628e49b0a4c3fc98f7a57f49 - - default default] Added segment 0c4138e6-2815-4c00-ac96-651dde0f220c of type geneve for network 5f574c7f-3e2b-4d2e-aa1e-72ef66688e0f
2026-06-30 19:12:30.727 8 INFO neutron.db.ovn_revision_numbers_db [None req-f616cd5f-973c-4565-8487-d23f496067a1 6eeefc2b6ee141df9bff692354bc1efc bd6a76a4628e49b0a4c3fc98f7a57f49 - - default default] Successfully bumped revision number for resource 5f574c7f-3e2b-4d2e-aa1e-72ef66688e0f (type: networks) to 1
2026-06-30 19:12:30.893 8 WARNING neutron.scheduler.dhcp_agent_scheduler [None req-f616cd5f-973c-4565-8487-d23f496067a1 6eeefc2b6ee141df9bff692354bc1efc bd6a76a4628e49b0a4c3fc98f7a57f49 - - default default] No more DHCP agents
2026-06-30 19:12:30.894 8 WARNING neutron.api.rpc.agentnotifiers.dhcp_rpc_agent_api [None req-f616cd5f-973c-4565-8487-d23f496067a1 6eeefc2b6ee141df9bff692354bc1efc bd6a76a4628e49b0a4c3fc98f7a57f49 - - default default] Unable to schedule network 5f574c7f-3e2b-4d2e-aa1e-72ef66688e0f: no agents available; will retry on subsequent port and subnet creation events.
2026-06-30 19:12:30.989 8 INFO neutron.db.ovn_revision_numbers_db [None req-f616cd5f-973c-4565-8487-d23f496067a1 6eeefc2b6ee141df9bff692354bc1efc bd6a76a4628e49b0a4c3fc98f7a57f49 - - default default] Successfully bumped revision number for resource 4f14a1de-69bd-4860-b9ae-747eeb4a83ab (type: ports) to 1 [pid: 8|app: 0|req: 906/1670] 10.0.0.82 () {34 vars in 669 bytes} [Tue Jun 30 19:12:30 2026] POST /v2.0/networks => generated 632 bytes in 764 msecs (HTTP/1.1 201) 4 headers in 162 bytes (1 switches on core 0) [pid: 8|app: 0|req: 907/1671] 10.0.0.82 () {32 vars in 739 bytes} [Tue Jun 30 19:12:31 2026] DELETE /v2.0/security-groups/2473d6dd-649e-47c6-a3f2-6485b25961d8 => generated 0 bytes in 261 msecs (HTTP/1.1 204) 2 headers in 112 bytes (1 switches on core 0)
2026-06-30 19:12:31.540 7 WARNING neutron.scheduler.dhcp_agent_scheduler [None req-6cd90baa-2297-4497-b524-17dde826b668 e1795c4f992d441786939ac3d4b17b49 806b0f7a28bc43939c579df0b8fcb0d5 - - default default] No more DHCP agents
2026-06-30 19:12:31.542 7 WARNING neutron.api.rpc.agentnotifiers.dhcp_rpc_agent_api [None req-6cd90baa-2297-4497-b524-17dde826b668 e1795c4f992d441786939ac3d4b17b49 806b0f7a28bc43939c579df0b8fcb0d5 - - default default] Unable to schedule network bec7fcb4-245a-4718-93c5-839a3687f115: no agents available; will retry on subsequent port and subnet creation events.
2026-06-30 19:12:31.662 8 WARNING neutron.scheduler.dhcp_agent_scheduler [None req-191b8334-3aae-42b3-afb0-97f0459f6164 4f63f30f4612470db40d51d97472c6ae aff3b1073c7b40f7a6256f7973d19cd2 - - default default] No more DHCP agents
2026-06-30 19:12:31.663 8 WARNING neutron.api.rpc.agentnotifiers.dhcp_rpc_agent_api [None req-191b8334-3aae-42b3-afb0-97f0459f6164 4f63f30f4612470db40d51d97472c6ae aff3b1073c7b40f7a6256f7973d19cd2 - - default default] Unable to schedule network 788885f5-d2e4-4c5b-b50c-f1d271850526: no agents available; will retry on subsequent port and subnet creation events.
2026-06-30 19:12:31.729 7 INFO neutron.plugins.ml2.drivers.ovn.mech_driver.mech_driver [None req-eda02d39-45f7-4066-bf6f-075944541e2e - - - - - -] OVN reports status down for port: 356a7e01-7953-411c-81c5-932e3ba93efb
2026-06-30 19:12:31.800 8 INFO neutron.db.ovn_revision_numbers_db [None req-191b8334-3aae-42b3-afb0-97f0459f6164 4f63f30f4612470db40d51d97472c6ae aff3b1073c7b40f7a6256f7973d19cd2 - - default default] Successfully bumped revision number for resource b9bc081b-e262-43e5-93d4-90c0a09de7ef (type: ports) to 1
2026-06-30 19:12:31.835 7 INFO neutron.db.ovn_revision_numbers_db [None req-6cd90baa-2297-4497-b524-17dde826b668 e1795c4f992d441786939ac3d4b17b49 806b0f7a28bc43939c579df0b8fcb0d5 - - default default] Successfully bumped revision number for resource 356a7e01-7953-411c-81c5-932e3ba93efb (type: ports) to 1
2026-06-30 19:12:31.958 7 INFO neutron.plugins.ml2.drivers.ovn.mech_driver.mech_driver [None req-eda02d39-45f7-4066-bf6f-075944541e2e - - - - - -] OVN reports status down for port: b9bc081b-e262-43e5-93d4-90c0a09de7ef
2026-06-30 19:12:31.960 7 INFO neutron.db.ovn_revision_numbers_db [None req-038d8d7c-eb8f-4c57-881b-0df0cca2eca3 - - - - - -] Successfully bumped revision number for resource a0fbf3aa-f333-4a9f-bb98-fa025a8a1239 (type: ports) to 4
2026-06-30 19:12:32.474 8 WARNING neutron.scheduler.dhcp_agent_scheduler [None req-191b8334-3aae-42b3-afb0-97f0459f6164 4f63f30f4612470db40d51d97472c6ae aff3b1073c7b40f7a6256f7973d19cd2 - - default default] No more DHCP agents
2026-06-30 19:12:32.476 8 WARNING neutron.api.rpc.agentnotifiers.dhcp_rpc_agent_api [None req-191b8334-3aae-42b3-afb0-97f0459f6164 4f63f30f4612470db40d51d97472c6ae aff3b1073c7b40f7a6256f7973d19cd2 - - default default] Unable to schedule network 788885f5-d2e4-4c5b-b50c-f1d271850526: no agents available; will retry on subsequent port and subnet creation events.
2026-06-30 19:12:32.874 7 INFO neutron.plugins.ml2.drivers.ovn.mech_driver.mech_driver [None req-eda02d39-45f7-4066-bf6f-075944541e2e - - - - - -] OVN reports status up for port: b9bc081b-e262-43e5-93d4-90c0a09de7ef
2026-06-30 19:12:32.875 8 INFO neutron.db.ovn_revision_numbers_db [None req-191b8334-3aae-42b3-afb0-97f0459f6164 4f63f30f4612470db40d51d97472c6ae aff3b1073c7b40f7a6256f7973d19cd2 - - default default] Successfully bumped revision number for resource b9bc081b-e262-43e5-93d4-90c0a09de7ef (type: router_ports) to 1 [pid: 8|app: 0|req: 908/1672] 10.0.0.82 () {34 vars in 782 bytes} [Tue Jun 30 19:12:31 2026] PUT /v2.0/routers/f48df081-61da-4479-bed9-dc9f1efb66e4/add_router_interface => generated 309 bytes in 1599 msecs (HTTP/1.1 200) 4 headers in 157 bytes (1 switches on core 0)
2026-06-30 19:12:33.089 7 INFO neutron.plugins.ml2.plugin [None req-eda02d39-45f7-4066-bf6f-075944541e2e - - - - - -] Attempt 1 to provision port b9bc081b-e262-43e5-93d4-90c0a09de7ef
2026-06-30 19:12:33.101 8 WARNING neutron.scheduler.dhcp_agent_scheduler [None req-c07cb34e-608d-486f-934e-d17f10e7baf4 6eeefc2b6ee141df9bff692354bc1efc bd6a76a4628e49b0a4c3fc98f7a57f49 - - default default] No more DHCP agents
2026-06-30 19:12:33.103 8 WARNING neutron.api.rpc.agentnotifiers.dhcp_rpc_agent_api [None req-c07cb34e-608d-486f-934e-d17f10e7baf4 6eeefc2b6ee141df9bff692354bc1efc bd6a76a4628e49b0a4c3fc98f7a57f49 - - default default] Unable to schedule network 5f574c7f-3e2b-4d2e-aa1e-72ef66688e0f: no agents available; will retry on subsequent port and subnet creation events.
2026-06-30 19:12:33.197 8 INFO neutron.db.ovn_revision_numbers_db [None req-c07cb34e-608d-486f-934e-d17f10e7baf4 6eeefc2b6ee141df9bff692354bc1efc bd6a76a4628e49b0a4c3fc98f7a57f49 - - default default] Successfully bumped revision number for resource 647513bb-e6d8-4f2c-b815-a14b609eb4db (type: ports) to 1 [pid: 8|app: 0|req: 909/1673] 10.0.0.82 () {34 vars in 663 bytes} [Tue Jun 30 19:12:32 2026] POST /v2.0/ports => generated 743 bytes in 356 msecs (HTTP/1.1 201) 4 headers in 162 bytes (1 switches on core 0) /var/lib/openstack/lib/python3.12/site-packages/pycadf/identifier.py:70: UserWarning: Invalid uuid: neutron. To ensure interoperability, identifiers should be a valid uuid. warnings.warn(('Invalid uuid: %s. To ensure interoperability, '
2026-06-30 19:12:33.381 7 INFO neutron.db.ovn_revision_numbers_db [None req-038d8d7c-eb8f-4c57-881b-0df0cca2eca3 - - - - - -] Successfully bumped revision number for resource a0fbf3aa-f333-4a9f-bb98-fa025a8a1239 (type: ports) to 5
2026-06-30 19:12:33.514 8 INFO neutron.db.ovn_revision_numbers_db [None req-1772cea3-8cce-49bb-8c8d-854f58fd459d 630ba3bf4577479fab4221dafb51ae1e d9b57fee208546c781e4e673d98f34ab - - default default] Successfully bumped revision number for resource c4ffa5dd-1f77-423d-ba33-b222fef8abcc (type: security_groups) to 1
2026-06-30 19:12:33.525 8 INFO neutron.db.ovn_revision_numbers_db [None req-1772cea3-8cce-49bb-8c8d-854f58fd459d 630ba3bf4577479fab4221dafb51ae1e d9b57fee208546c781e4e673d98f34ab - - default default] Successfully bumped revision number for resource 170d31fd-7610-4457-9a16-84c2b89cdcbb (type: security_group_rules) to 0
2026-06-30 19:12:33.537 8 INFO neutron.db.ovn_revision_numbers_db [None req-1772cea3-8cce-49bb-8c8d-854f58fd459d 630ba3bf4577479fab4221dafb51ae1e d9b57fee208546c781e4e673d98f34ab - - default default] Successfully bumped revision number for resource 51ab4cf5-4280-4294-8d9f-b5da7c1b8e60 (type: security_group_rules) to 0
2026-06-30 19:12:33.551 8 INFO neutron.db.ovn_revision_numbers_db [None req-1772cea3-8cce-49bb-8c8d-854f58fd459d 630ba3bf4577479fab4221dafb51ae1e d9b57fee208546c781e4e673d98f34ab - - default default] Successfully bumped revision number for resource 9c667575-8344-468b-9d84-8008e003d336 (type: security_group_rules) to 0
2026-06-30 19:12:33.564 8 INFO neutron.db.ovn_revision_numbers_db [None req-1772cea3-8cce-49bb-8c8d-854f58fd459d 630ba3bf4577479fab4221dafb51ae1e d9b57fee208546c781e4e673d98f34ab - - default default] Successfully bumped revision number for resource f8ea0e83-3880-451e-a41e-f5d718f3082e (type: security_group_rules) to 0
2026-06-30 19:12:33.616 8 WARNING neutron.plugins.ml2.drivers.ovn.mech_driver.ovsdb.ovn_client [None req-54575136-4016-47b8-b69e-81393a543423 - - - - - -] No hosting information found for port 7ba055fc-8ba1-4849-94ed-83b54f3ba930: RuntimeError: No hosting information found for port 7ba055fc-8ba1-4849-94ed-83b54f3ba930
2026-06-30 19:12:33.664 8 INFO neutron.db.segments_db [None req-1772cea3-8cce-49bb-8c8d-854f58fd459d 630ba3bf4577479fab4221dafb51ae1e d9b57fee208546c781e4e673d98f34ab - - default default] Added segment 9423e2c0-47c7-428e-9759-2710ec6fb0e6 of type geneve for network ac713b1c-28a4-4d95-a5e8-5ac8ae71ed25
2026-06-30 19:12:33.738 8 INFO neutron.db.ovn_revision_numbers_db [None req-54575136-4016-47b8-b69e-81393a543423 - - - - - -] Successfully bumped revision number for resource 7ba055fc-8ba1-4849-94ed-83b54f3ba930 (type: router_ports) to 2
2026-06-30 19:12:33.804 8 INFO neutron.plugins.ml2.drivers.ovn.mech_driver.mech_driver [None req-54575136-4016-47b8-b69e-81393a543423 - - - - - -] OVN reports status down for port: ebaba13c-7b22-452c-9b66-a956c2a82d99
2026-06-30 19:12:33.840 8 INFO neutron.db.ovn_revision_numbers_db [None req-1772cea3-8cce-49bb-8c8d-854f58fd459d 630ba3bf4577479fab4221dafb51ae1e d9b57fee208546c781e4e673d98f34ab - - default default] Successfully bumped revision number for resource ac713b1c-28a4-4d95-a5e8-5ac8ae71ed25 (type: networks) to 1
2026-06-30 19:12:33.923 8 WARNING neutron.plugins.ml2.drivers.ovn.mech_driver.ovsdb.ovn_client [None req-54575136-4016-47b8-b69e-81393a543423 - - - - - -] Logical_Switch_Port ebaba13c-7b22-452c-9b66-a956c2a82d99 host information not removed, the port state is up
2026-06-30 19:12:33.923 8 INFO neutron.plugins.ml2.drivers.ovn.mech_driver.mech_driver [None req-54575136-4016-47b8-b69e-81393a543423 - - - - - -] OVN reports status up for port: ebaba13c-7b22-452c-9b66-a956c2a82d99
2026-06-30 19:12:33.947 8 INFO neutron.plugins.ml2.plugin [None req-54575136-4016-47b8-b69e-81393a543423 - - - - - -] Attempt 1 to provision port ebaba13c-7b22-452c-9b66-a956c2a82d99
2026-06-30 19:12:34.119 7 INFO neutron.db.ovn_revision_numbers_db [None req-eda02d39-45f7-4066-bf6f-075944541e2e - - - - - -] Successfully bumped revision number for resource b9bc081b-e262-43e5-93d4-90c0a09de7ef (type: ports) to 2
2026-06-30 19:12:34.133 7 WARNING neutron.scheduler.dhcp_agent_scheduler [None req-6cd90baa-2297-4497-b524-17dde826b668 e1795c4f992d441786939ac3d4b17b49 806b0f7a28bc43939c579df0b8fcb0d5 - - default default] No more DHCP agents
2026-06-30 19:12:34.136 8 WARNING neutron.scheduler.dhcp_agent_scheduler [None req-1772cea3-8cce-49bb-8c8d-854f58fd459d 630ba3bf4577479fab4221dafb51ae1e d9b57fee208546c781e4e673d98f34ab - - default default] No more DHCP agents
2026-06-30 19:12:34.138 8 WARNING neutron.api.rpc.agentnotifiers.dhcp_rpc_agent_api [None req-1772cea3-8cce-49bb-8c8d-854f58fd459d 630ba3bf4577479fab4221dafb51ae1e d9b57fee208546c781e4e673d98f34ab - - default default] Unable to schedule network ac713b1c-28a4-4d95-a5e8-5ac8ae71ed25: no agents available; will retry on subsequent port and subnet creation events.
2026-06-30 19:12:34.141 7 WARNING neutron.api.rpc.agentnotifiers.dhcp_rpc_agent_api [None req-6cd90baa-2297-4497-b524-17dde826b668 e1795c4f992d441786939ac3d4b17b49 806b0f7a28bc43939c579df0b8fcb0d5 - - default default] Unable to schedule network bec7fcb4-245a-4718-93c5-839a3687f115: no agents available; will retry on subsequent port and subnet creation events.
2026-06-30 19:12:34.277 8 INFO neutron.db.ovn_revision_numbers_db [None req-1772cea3-8cce-49bb-8c8d-854f58fd459d 630ba3bf4577479fab4221dafb51ae1e d9b57fee208546c781e4e673d98f34ab - - default default] Successfully bumped revision number for resource b20078dc-4905-4a32-b6c8-c129042575be (type: ports) to 1 [pid: 8|app: 0|req: 910/1674] 10.0.0.82 () {34 vars in 669 bytes} [Tue Jun 30 19:12:33 2026] POST /v2.0/networks => generated 634 bytes in 1082 msecs (HTTP/1.1 201) 4 headers in 162 bytes (1 switches on core 0) [pid: 8|app: 0|req: 911/1675] 10.0.0.82 () {34 vars in 746 bytes} [Tue Jun 30 19:12:34 2026] PUT /v2.0/ports/647513bb-e6d8-4f2c-b815-a14b609eb4db/tags => generated 25 bytes in 129 msecs (HTTP/1.1 200) 4 headers in 156 bytes (1 switches on core 0) /var/lib/openstack/lib/python3.12/site-packages/pycadf/identifier.py:70: UserWarning: Invalid uuid: neutron. To ensure interoperability, identifiers should be a valid uuid. warnings.warn(('Invalid uuid: %s. To ensure interoperability, '
2026-06-30 19:12:34.628 7 INFO neutron.db.ovn_revision_numbers_db [None req-6cd90baa-2297-4497-b524-17dde826b668 e1795c4f992d441786939ac3d4b17b49 806b0f7a28bc43939c579df0b8fcb0d5 - - default default] Successfully bumped revision number for resource 356a7e01-7953-411c-81c5-932e3ba93efb (type: router_ports) to 1 [pid: 7|app: 0|req: 765/1676] 10.0.0.82 () {34 vars in 782 bytes} [Tue Jun 30 19:12:30 2026] PUT /v2.0/routers/67af6727-c098-4695-a959-4c08096b3c59/add_router_interface => generated 309 bytes in 4082 msecs (HTTP/1.1 200) 4 headers in 157 bytes (1 switches on core 0)
2026-06-30 19:12:34.669 8 INFO neutron.db.ovn_revision_numbers_db [None req-547e6e30-ad26-42b6-a128-62e3d3d0b9d9 be92767286d347a8a4d403cfd177de23 c9a60bc7b2654d6693f454ae35c060d2 - - default default] Successfully bumped revision number for resource d0775820-b856-4f6b-826f-3c2d8e34fb72 (type: security_groups) to 1
2026-06-30 19:12:34.674 8 INFO neutron.db.ovn_revision_numbers_db [None req-54575136-4016-47b8-b69e-81393a543423 - - - - - -] Successfully bumped revision number for resource ebaba13c-7b22-452c-9b66-a956c2a82d99 (type: ports) to 2
2026-06-30 19:12:34.684 8 INFO neutron.db.ovn_revision_numbers_db [None req-547e6e30-ad26-42b6-a128-62e3d3d0b9d9 be92767286d347a8a4d403cfd177de23 c9a60bc7b2654d6693f454ae35c060d2 - - default default] Successfully bumped revision number for resource 09a00333-0ed9-499f-9876-0013bcb7c574 (type: security_group_rules) to 0
2026-06-30 19:12:34.706 8 INFO neutron.db.ovn_revision_numbers_db [None req-547e6e30-ad26-42b6-a128-62e3d3d0b9d9 be92767286d347a8a4d403cfd177de23 c9a60bc7b2654d6693f454ae35c060d2 - - default default] Successfully bumped revision number for resource 972885df-d1e1-4a75-be1b-0b20b0f7de00 (type: security_group_rules) to 0
2026-06-30 19:12:34.728 7 INFO neutron.db.segments_db [None req-f7aaf58c-b436-4cbb-bef2-24f041c29399 630ba3bf4577479fab4221dafb51ae1e d9b57fee208546c781e4e673d98f34ab - - default default] Added segment 4e87a78e-ba7f-4176-bfee-7966c9ac2872 of type geneve for network 8063def6-35e3-447a-858b-341334bb889f [pid: 8|app: 0|req: 912/1677] 10.0.0.82 () {34 vars in 684 bytes} [Tue Jun 30 19:12:34 2026] POST /v2.0/security-groups => generated 1660 bytes in 311 msecs (HTTP/1.1 201) 4 headers in 163 bytes (1 switches on core 0) [pid: 8|app: 0|req: 913/1678] 10.0.0.82 () {32 vars in 726 bytes} [Tue Jun 30 19:12:34 2026] GET /v2.0/ports/647513bb-e6d8-4f2c-b815-a14b609eb4db/tags => generated 25 bytes in 75 msecs (HTTP/1.1 200) 4 headers in 156 bytes (1 switches on core 0) /var/lib/openstack/lib/python3.12/site-packages/pycadf/identifier.py:70: UserWarning: Invalid uuid: neutron. To ensure interoperability, identifiers should be a valid uuid. warnings.warn(('Invalid uuid: %s. To ensure interoperability, '
2026-06-30 19:12:34.847 7 INFO neutron.db.ovn_revision_numbers_db [None req-f7aaf58c-b436-4cbb-bef2-24f041c29399 630ba3bf4577479fab4221dafb51ae1e d9b57fee208546c781e4e673d98f34ab - - default default] Successfully bumped revision number for resource 8063def6-35e3-447a-858b-341334bb889f (type: networks) to 1
2026-06-30 19:12:34.942 8 INFO neutron.db.ovn_revision_numbers_db [None req-7b67dca2-ac39-405a-b2d7-71c62abf9ce0 e1795c4f992d441786939ac3d4b17b49 806b0f7a28bc43939c579df0b8fcb0d5 - - default default] Successfully bumped revision number for resource ff6a42f3-fd69-4de0-b967-2b603e104d41 (type: security_groups) to 1
2026-06-30 19:12:34.954 8 INFO neutron.db.ovn_revision_numbers_db [None req-7b67dca2-ac39-405a-b2d7-71c62abf9ce0 e1795c4f992d441786939ac3d4b17b49 806b0f7a28bc43939c579df0b8fcb0d5 - - default default] Successfully bumped revision number for resource 18ed01d0-b830-41a8-9a49-3d3b19606145 (type: security_group_rules) to 0
2026-06-30 19:12:34.967 8 INFO neutron.db.ovn_revision_numbers_db [None req-7b67dca2-ac39-405a-b2d7-71c62abf9ce0 e1795c4f992d441786939ac3d4b17b49 806b0f7a28bc43939c579df0b8fcb0d5 - - default default] Successfully bumped revision number for resource a41dca33-b1ef-4bef-8997-bac8d886e6b1 (type: security_group_rules) to 0 [pid: 8|app: 0|req: 914/1679] 10.0.0.82 () {34 vars in 683 bytes} [Tue Jun 30 19:12:34 2026] POST /v2.0/security-groups => generated 1628 bytes in 164 msecs (HTTP/1.1 201) 4 headers in 163 bytes (1 switches on core 0)
2026-06-30 19:12:35.022 7 WARNING neutron.scheduler.dhcp_agent_scheduler [None req-f7aaf58c-b436-4cbb-bef2-24f041c29399 630ba3bf4577479fab4221dafb51ae1e d9b57fee208546c781e4e673d98f34ab - - default default] No more DHCP agents
2026-06-30 19:12:35.023 7 WARNING neutron.api.rpc.agentnotifiers.dhcp_rpc_agent_api [None req-f7aaf58c-b436-4cbb-bef2-24f041c29399 630ba3bf4577479fab4221dafb51ae1e d9b57fee208546c781e4e673d98f34ab - - default default] Unable to schedule network 8063def6-35e3-447a-858b-341334bb889f: no agents available; will retry on subsequent port and subnet creation events.
2026-06-30 19:12:35.115 7 INFO neutron.db.ovn_revision_numbers_db [None req-f7aaf58c-b436-4cbb-bef2-24f041c29399 630ba3bf4577479fab4221dafb51ae1e d9b57fee208546c781e4e673d98f34ab - - default default] Successfully bumped revision number for resource 67cee104-c1b9-417f-b76e-ffbe0507f19b (type: ports) to 1 [pid: 7|app: 0|req: 766/1680] 10.0.0.82 () {34 vars in 669 bytes} [Tue Jun 30 19:12:34 2026] POST /v2.0/networks => generated 634 bytes in 503 msecs (HTTP/1.1 201) 4 headers in 162 bytes (1 switches on core 0)
2026-06-30 19:12:35.147 8 INFO neutron.db.ovn_revision_numbers_db [None req-98807e05-57ce-422b-b2f6-258348c3dc74 be92767286d347a8a4d403cfd177de23 c9a60bc7b2654d6693f454ae35c060d2 - - default default] Successfully bumped revision number for resource 90b3c9ed-cf1b-4647-8508-45015f18faaa (type: security_group_rules) to 0 [pid: 8|app: 0|req: 915/1681] 10.0.0.82 () {34 vars in 694 bytes} [Tue Jun 30 19:12:35 2026] POST /v2.0/security-group-rules => generated 597 bytes in 173 msecs (HTTP/1.1 201) 4 headers in 162 bytes (1 switches on core 0) [pid: 7|app: 0|req: 767/1682] 10.0.0.82 () {34 vars in 757 bytes} [Tue Jun 30 19:12:35 2026] PUT /v2.0/ports/647513bb-e6d8-4f2c-b815-a14b609eb4db/tags/green => generated 4 bytes in 72 msecs (HTTP/1.1 201) 4 headers in 160 bytes (1 switches on core 0) /var/lib/openstack/lib/python3.12/site-packages/pycadf/identifier.py:70: UserWarning: Invalid uuid: neutron. To ensure interoperability, identifiers should be a valid uuid. warnings.warn(('Invalid uuid: %s. To ensure interoperability, '
2026-06-30 19:12:35.277 8 INFO neutron.db.ovn_revision_numbers_db [None req-5ea61551-d614-428e-998c-831ab3ec10b9 e1795c4f992d441786939ac3d4b17b49 806b0f7a28bc43939c579df0b8fcb0d5 - - default default] Successfully bumped revision number for resource b6157a69-a8db-4b3f-8776-fa6bbe0bc9ff (type: security_group_rules) to 0 [pid: 8|app: 0|req: 916/1683] 10.0.0.82 () {34 vars in 694 bytes} [Tue Jun 30 19:12:35 2026] POST /v2.0/security-group-rules => generated 597 bytes in 128 msecs (HTTP/1.1 201) 4 headers in 162 bytes (1 switches on core 0)
2026-06-30 19:12:35.402 7 WARNING neutron.scheduler.dhcp_agent_scheduler [None req-aa987022-53f2-4b41-9cf1-115989823ca7 630ba3bf4577479fab4221dafb51ae1e d9b57fee208546c781e4e673d98f34ab - - default default] No more DHCP agents
2026-06-30 19:12:35.404 7 WARNING neutron.api.rpc.agentnotifiers.dhcp_rpc_agent_api [None req-aa987022-53f2-4b41-9cf1-115989823ca7 630ba3bf4577479fab4221dafb51ae1e d9b57fee208546c781e4e673d98f34ab - - default default] Unable to schedule network ac713b1c-28a4-4d95-a5e8-5ac8ae71ed25: no agents available; will retry on subsequent port and subnet creation events.
2026-06-30 19:12:35.431 8 INFO neutron.db.ovn_revision_numbers_db [None req-2f3ff674-b1d8-463f-8358-f3c93ab11372 be92767286d347a8a4d403cfd177de23 c9a60bc7b2654d6693f454ae35c060d2 - - default default] Successfully bumped revision number for resource b7144e3d-98e5-4bb7-98b1-23fbfa444199 (type: security_group_rules) to 0
