Jun 29 15:26:04.276162 np0000183483 devstack@n-api-meta.service[108474]: DEBUG nova.api.openstack.wsgi_app [None req-a204b11e-e08d-4f8a-b13e-a0e2201adde4 None None] oslo_messaging_rabbit.conn_pool_ttl = 1200 {{(pid=108474) log_opt_values /opt/stack/data/venv/lib/python3.12/site-packages/oslo_config/cfg.py:3253}}
Jun 29 15:26:04.276288 np0000183483 devstack@n-api-meta.service[108474]: DEBUG nova.api.openstack.wsgi_app [None req-a204b11e-e08d-4f8a-b13e-a0e2201adde4 None None] oslo_messaging_rabbit.direct_mandatory_flag = True {{(pid=108474) log_opt_values /opt/stack/data/venv/lib/python3.12/site-packages/oslo_config/cfg.py:3253}}
Jun 29 15:26:04.276415 np0000183483 devstack@n-api-meta.service[108474]: DEBUG nova.api.openstack.wsgi_app [None req-a204b11e-e08d-4f8a-b13e-a0e2201adde4 None None] oslo_messaging_rabbit.enable_cancel_on_failover = False {{(pid=108474) log_opt_values /opt/stack/data/venv/lib/python3.12/site-packages/oslo_config/cfg.py:3253}}
Jun 29 15:26:04.276546 np0000183483 devstack@n-api-meta.service[108474]: DEBUG nova.api.openstack.wsgi_app [None req-a204b11e-e08d-4f8a-b13e-a0e2201adde4 None None] oslo_messaging_rabbit.heartbeat_rate = 3 {{(pid=108474) log_opt_values /opt/stack/data/venv/lib/python3.12/site-packages/oslo_config/cfg.py:3253}}
Jun 29 15:26:04.276885 np0000183483 devstack@n-api-meta.service[108474]: DEBUG nova.api.openstack.wsgi_app [None req-a204b11e-e08d-4f8a-b13e-a0e2201adde4 None None] oslo_messaging_rabbit.heartbeat_timeout_threshold = 60 {{(pid=108474) log_opt_values /opt/stack/data/venv/lib/python3.12/site-packages/oslo_config/cfg.py:3253}}
Jun 29 15:26:04.277017 np0000183483 devstack@n-api-meta.service[108474]: DEBUG nova.api.openstack.wsgi_app [None req-a204b11e-e08d-4f8a-b13e-a0e2201adde4 None None] oslo_messaging_rabbit.hostname = np0000183483 {{(pid=108474) log_opt_values /opt/stack/data/venv/lib/python3.12/site-packages/oslo_config/cfg.py:3253}}
Jun 29 15:26:04.277142 np0000183483 devstack@n-api-meta.service[108474]: DEBUG nova.api.openstack.wsgi_app [None req-a204b11e-e08d-4f8a-b13e-a0e2201adde4 None None] oslo_messaging_rabbit.kombu_compression = None {{(pid=108474) log_opt_values /opt/stack/data/venv/lib/python3.12/site-packages/oslo_config/cfg.py:3253}}
Jun 29 15:26:04.277277 np0000183483 devstack@n-api-meta.service[108474]: DEBUG nova.api.openstack.wsgi_app [None req-a204b11e-e08d-4f8a-b13e-a0e2201adde4 None None] oslo_messaging_rabbit.kombu_failover_strategy = round-robin {{(pid=108474) log_opt_values /opt/stack/data/venv/lib/python3.12/site-packages/oslo_config/cfg.py:3253}}
Jun 29 15:26:04.277401 np0000183483 devstack@n-api-meta.service[108474]: DEBUG nova.api.openstack.wsgi_app [None req-a204b11e-e08d-4f8a-b13e-a0e2201adde4 None None] oslo_messaging_rabbit.kombu_missing_consumer_retry_timeout = 60 {{(pid=108474) log_opt_values /opt/stack/data/venv/lib/python3.12/site-packages/oslo_config/cfg.py:3253}}
Jun 29 15:26:04.277529 np0000183483 devstack@n-api-meta.service[108474]: DEBUG nova.api.openstack.wsgi_app [None req-a204b11e-e08d-4f8a-b13e-a0e2201adde4 None None] oslo_messaging_rabbit.kombu_reconnect_delay = 1.0 {{(pid=108474) log_opt_values /opt/stack/data/venv/lib/python3.12/site-packages/oslo_config/cfg.py:3253}}
Jun 29 15:26:04.277658 np0000183483 devstack@n-api-meta.service[108474]: DEBUG nova.api.openstack.wsgi_app [None req-a204b11e-e08d-4f8a-b13e-a0e2201adde4 None None] oslo_messaging_rabbit.kombu_reconnect_splay = 0.0 {{(pid=108474) log_opt_values /opt/stack/data/venv/lib/python3.12/site-packages/oslo_config/cfg.py:3253}}
Jun 29 15:26:04.277812 np0000183483 devstack@n-api-meta.service[108474]: DEBUG nova.api.openstack.wsgi_app [None req-a204b11e-e08d-4f8a-b13e-a0e2201adde4 None None] oslo_messaging_rabbit.processname = uwsgi {{(pid=108474) log_opt_values /opt/stack/data/venv/lib/python3.12/site-packages/oslo_config/cfg.py:3253}}
Jun 29 15:26:04.277930 np0000183483 devstack@n-api-meta.service[108474]: DEBUG nova.api.openstack.wsgi_app [None req-a204b11e-e08d-4f8a-b13e-a0e2201adde4 None None] oslo_messaging_rabbit.rabbit_ha_queues = False {{(pid=108474) log_opt_values /opt/stack/data/venv/lib/python3.12/site-packages/oslo_config/cfg.py:3253}}
Jun 29 15:26:04.278058 np0000183483 devstack@n-api-meta.service[108474]: DEBUG nova.api.openstack.wsgi_app [None req-a204b11e-e08d-4f8a-b13e-a0e2201adde4 None None] oslo_messaging_rabbit.rabbit_interval_max = 30 {{(pid=108474) log_opt_values /opt/stack/data/venv/lib/python3.12/site-packages/oslo_config/cfg.py:3253}}
Jun 29 15:26:04.278206 np0000183483 devstack@n-api-meta.service[108474]: DEBUG nova.api.openstack.wsgi_app [None req-a204b11e-e08d-4f8a-b13e-a0e2201adde4 None None] oslo_messaging_rabbit.rabbit_login_method = AMQPLAIN {{(pid=108474) log_opt_values /opt/stack/data/venv/lib/python3.12/site-packages/oslo_config/cfg.py:3253}}
Jun 29 15:26:04.278324 np0000183483 devstack@n-api-meta.service[108474]: DEBUG nova.api.openstack.wsgi_app [None req-a204b11e-e08d-4f8a-b13e-a0e2201adde4 None None] oslo_messaging_rabbit.rabbit_qos_prefetch_count = 0 {{(pid=108474) log_opt_values /opt/stack/data/venv/lib/python3.12/site-packages/oslo_config/cfg.py:3253}}
Jun 29 15:26:04.278451 np0000183483 devstack@n-api-meta.service[108474]: DEBUG nova.api.openstack.wsgi_app [None req-a204b11e-e08d-4f8a-b13e-a0e2201adde4 None None] oslo_messaging_rabbit.rabbit_quorum_delivery_limit = 0 {{(pid=108474) log_opt_values /opt/stack/data/venv/lib/python3.12/site-packages/oslo_config/cfg.py:3253}}
Jun 29 15:26:04.278576 np0000183483 devstack@n-api-meta.service[108474]: DEBUG nova.api.openstack.wsgi_app [None req-a204b11e-e08d-4f8a-b13e-a0e2201adde4 None None] oslo_messaging_rabbit.rabbit_quorum_max_memory_bytes = 0 {{(pid=108474) log_opt_values /opt/stack/data/venv/lib/python3.12/site-packages/oslo_config/cfg.py:3253}}
Jun 29 15:26:04.278717 np0000183483 devstack@n-api-meta.service[108474]: DEBUG nova.api.openstack.wsgi_app [None req-a204b11e-e08d-4f8a-b13e-a0e2201adde4 None None] oslo_messaging_rabbit.rabbit_quorum_max_memory_length = 0 {{(pid=108474) log_opt_values /opt/stack/data/venv/lib/python3.12/site-packages/oslo_config/cfg.py:3253}}
Jun 29 15:26:04.278842 np0000183483 devstack@n-api-meta.service[108474]: DEBUG nova.api.openstack.wsgi_app [None req-a204b11e-e08d-4f8a-b13e-a0e2201adde4 None None] oslo_messaging_rabbit.rabbit_quorum_queue = False {{(pid=108474) log_opt_values /opt/stack/data/venv/lib/python3.12/site-packages/oslo_config/cfg.py:3253}}
Jun 29 15:26:04.278967 np0000183483 devstack@n-api-meta.service[108474]: DEBUG nova.api.openstack.wsgi_app [None req-a204b11e-e08d-4f8a-b13e-a0e2201adde4 None None] oslo_messaging_rabbit.rabbit_retry_backoff = 2 {{(pid=108474) log_opt_values /opt/stack/data/venv/lib/python3.12/site-packages/oslo_config/cfg.py:3253}}
Jun 29 15:26:04.279094 np0000183483 devstack@n-api-meta.service[108474]: DEBUG nova.api.openstack.wsgi_app [None req-a204b11e-e08d-4f8a-b13e-a0e2201adde4 None None] oslo_messaging_rabbit.rabbit_retry_interval = 1 {{(pid=108474) log_opt_values /opt/stack/data/venv/lib/python3.12/site-packages/oslo_config/cfg.py:3253}}
Jun 29 15:26:04.279220 np0000183483 devstack@n-api-meta.service[108474]: DEBUG nova.api.openstack.wsgi_app [None req-a204b11e-e08d-4f8a-b13e-a0e2201adde4 None None] oslo_messaging_rabbit.rabbit_stream_fanout = False {{(pid=108474) log_opt_values /opt/stack/data/venv/lib/python3.12/site-packages/oslo_config/cfg.py:3253}}
Jun 29 15:26:04.279346 np0000183483 devstack@n-api-meta.service[108474]: DEBUG nova.api.openstack.wsgi_app [None req-a204b11e-e08d-4f8a-b13e-a0e2201adde4 None None] oslo_messaging_rabbit.rabbit_transient_queues_ttl = 1800 {{(pid=108474) log_opt_values /opt/stack/data/venv/lib/python3.12/site-packages/oslo_config/cfg.py:3253}}
Jun 29 15:26:04.279475 np0000183483 devstack@n-api-meta.service[108474]: DEBUG nova.api.openstack.wsgi_app [None req-a204b11e-e08d-4f8a-b13e-a0e2201adde4 None None] oslo_messaging_rabbit.rabbit_transient_quorum_queue = False {{(pid=108474) log_opt_values /opt/stack/data/venv/lib/python3.12/site-packages/oslo_config/cfg.py:3253}}
Jun 29 15:26:04.279602 np0000183483 devstack@n-api-meta.service[108474]: DEBUG nova.api.openstack.wsgi_app [None req-a204b11e-e08d-4f8a-b13e-a0e2201adde4 None None] oslo_messaging_rabbit.rpc_conn_pool_size = 30 {{(pid=108474) log_opt_values /opt/stack/data/venv/lib/python3.12/site-packages/oslo_config/cfg.py:3253}}
Jun 29 15:26:04.279745 np0000183483 devstack@n-api-meta.service[108474]: DEBUG nova.api.openstack.wsgi_app [None req-a204b11e-e08d-4f8a-b13e-a0e2201adde4 None None] oslo_messaging_rabbit.ssl = False {{(pid=108474) log_opt_values /opt/stack/data/venv/lib/python3.12/site-packages/oslo_config/cfg.py:3253}}
Jun 29 15:26:04.279879 np0000183483 devstack@n-api-meta.service[108474]: DEBUG nova.api.openstack.wsgi_app [None req-a204b11e-e08d-4f8a-b13e-a0e2201adde4 None None] oslo_messaging_rabbit.ssl_ca_file = {{(pid=108474) log_opt_values /opt/stack/data/venv/lib/python3.12/site-packages/oslo_config/cfg.py:3253}}
Jun 29 15:26:04.280012 np0000183483 devstack@n-api-meta.service[108474]: DEBUG nova.api.openstack.wsgi_app [None req-a204b11e-e08d-4f8a-b13e-a0e2201adde4 None None] oslo_messaging_rabbit.ssl_cert_file = {{(pid=108474) log_opt_values /opt/stack/data/venv/lib/python3.12/site-packages/oslo_config/cfg.py:3253}}
Jun 29 15:26:04.280135 np0000183483 devstack@n-api-meta.service[108474]: DEBUG nova.api.openstack.wsgi_app [None req-a204b11e-e08d-4f8a-b13e-a0e2201adde4 None None] oslo_messaging_rabbit.ssl_enforce_fips_mode = False {{(pid=108474) log_opt_values /opt/stack/data/venv/lib/python3.12/site-packages/oslo_config/cfg.py:3253}}
Jun 29 15:26:04.280260 np0000183483 devstack@n-api-meta.service[108474]: DEBUG nova.api.openstack.wsgi_app [None req-a204b11e-e08d-4f8a-b13e-a0e2201adde4 None None] oslo_messaging_rabbit.ssl_enforce_hostname_verification = True {{(pid=108474) log_opt_values /opt/stack/data/venv/lib/python3.12/site-packages/oslo_config/cfg.py:3253}}
Jun 29 15:26:04.280392 np0000183483 devstack@n-api-meta.service[108474]: DEBUG nova.api.openstack.wsgi_app [None req-a204b11e-e08d-4f8a-b13e-a0e2201adde4 None None] oslo_messaging_rabbit.ssl_key_file = {{(pid=108474) log_opt_values /opt/stack/data/venv/lib/python3.12/site-packages/oslo_config/cfg.py:3253}}
Jun 29 15:26:04.280522 np0000183483 devstack@n-api-meta.service[108474]: DEBUG nova.api.openstack.wsgi_app [None req-a204b11e-e08d-4f8a-b13e-a0e2201adde4 None None] oslo_messaging_rabbit.ssl_version = {{(pid=108474) log_opt_values /opt/stack/data/venv/lib/python3.12/site-packages/oslo_config/cfg.py:3253}}
Jun 29 15:26:04.280700 np0000183483 devstack@n-api-meta.service[108474]: DEBUG nova.api.openstack.wsgi_app [None req-a204b11e-e08d-4f8a-b13e-a0e2201adde4 None None] oslo_messaging_rabbit.use_queue_manager = False {{(pid=108474) log_opt_values /opt/stack/data/venv/lib/python3.12/site-packages/oslo_config/cfg.py:3253}}
Jun 29 15:26:04.280846 np0000183483 devstack@n-api-meta.service[108474]: DEBUG nova.api.openstack.wsgi_app [None req-a204b11e-e08d-4f8a-b13e-a0e2201adde4 None None] oslo_messaging_notifications.driver = ['messagingv2'] {{(pid=108474) log_opt_values /opt/stack/data/venv/lib/python3.12/site-packages/oslo_config/cfg.py:3253}}
Jun 29 15:26:04.280973 np0000183483 devstack@n-api-meta.service[108474]: DEBUG nova.api.openstack.wsgi_app [None req-a204b11e-e08d-4f8a-b13e-a0e2201adde4 None None] oslo_messaging_notifications.retry = -1 {{(pid=108474) log_opt_values /opt/stack/data/venv/lib/python3.12/site-packages/oslo_config/cfg.py:3253}}
Jun 29 15:26:04.281111 np0000183483 devstack@n-api-meta.service[108474]: DEBUG nova.api.openstack.wsgi_app [None req-a204b11e-e08d-4f8a-b13e-a0e2201adde4 None None] oslo_messaging_notifications.topics = ['notifications'] {{(pid=108474) log_opt_values /opt/stack/data/venv/lib/python3.12/site-packages/oslo_config/cfg.py:3253}}
Jun 29 15:26:04.281244 np0000183483 devstack@n-api-meta.service[108474]: DEBUG nova.api.openstack.wsgi_app [None req-a204b11e-e08d-4f8a-b13e-a0e2201adde4 None None] oslo_messaging_notifications.transport_url = **** {{(pid=108474) log_opt_values /opt/stack/data/venv/lib/python3.12/site-packages/oslo_config/cfg.py:3253}}
Jun 29 15:26:04.281373 np0000183483 devstack@n-api-meta.service[108474]: DEBUG nova.api.openstack.wsgi_app [None req-a204b11e-e08d-4f8a-b13e-a0e2201adde4 None None] oslo_reports.file_event_handler = None {{(pid=108474) log_opt_values /opt/stack/data/venv/lib/python3.12/site-packages/oslo_config/cfg.py:3253}}
Jun 29 15:26:04.281499 np0000183483 devstack@n-api-meta.service[108474]: DEBUG nova.api.openstack.wsgi_app [None req-a204b11e-e08d-4f8a-b13e-a0e2201adde4 None None] oslo_reports.file_event_handler_interval = 1 {{(pid=108474) log_opt_values /opt/stack/data/venv/lib/python3.12/site-packages/oslo_config/cfg.py:3253}}
Jun 29 15:26:04.281623 np0000183483 devstack@n-api-meta.service[108474]: DEBUG nova.api.openstack.wsgi_app [None req-a204b11e-e08d-4f8a-b13e-a0e2201adde4 None None] oslo_reports.log_dir = None {{(pid=108474) log_opt_values /opt/stack/data/venv/lib/python3.12/site-packages/oslo_config/cfg.py:3253}}
Jun 29 15:26:04.281735 np0000183483 devstack@n-api-meta.service[108474]: DEBUG nova.api.openstack.wsgi_app [None req-a204b11e-e08d-4f8a-b13e-a0e2201adde4 None None] ******************************************************************************** {{(pid=108474) log_opt_values /opt/stack/data/venv/lib/python3.12/site-packages/oslo_config/cfg.py:3260}}
Jun 29 15:26:04.281832 np0000183483 devstack@n-api-meta.service[108474]: WSGI app 0 (mountpoint='') ready in 3 seconds on interpreter 0x78dbdc8a3668 pid: 108474 (default app)
Jun 29 15:26:13.738304 np0000183483 devstack@n-api-meta.service[108475]: DEBUG dbcounter [-] [108475] Writing DB stats nova_api:SELECT=1 {{(pid=108475) stat_writer /opt/stack/data/venv/lib/python3.12/site-packages/dbcounter.py:115}}
Jun 29 15:26:13.746683 np0000183483 devstack@n-api-meta.service[108473]: DEBUG dbcounter [-] [108473] Writing DB stats nova_api:SELECT=1 {{(pid=108473) stat_writer /opt/stack/data/venv/lib/python3.12/site-packages/dbcounter.py:115}}
Jun 29 15:26:13.750870 np0000183483 devstack@n-api-meta.service[108472]: DEBUG dbcounter [-] [108472] Writing DB stats nova_api:SELECT=1 {{(pid=108472) stat_writer /opt/stack/data/venv/lib/python3.12/site-packages/dbcounter.py:115}}
Jun 29 15:26:13.900625 np0000183483 devstack@n-api-meta.service[108474]: DEBUG dbcounter [-] [108474] Writing DB stats nova_api:SELECT=1 {{(pid=108474) stat_writer /opt/stack/data/venv/lib/python3.12/site-packages/dbcounter.py:115}}
Jun 29 15:26:13.910183 np0000183483 devstack@n-api-meta.service[108475]: DEBUG dbcounter [-] [108475] Writing DB stats nova_cell0:SELECT=1 {{(pid=108475) stat_writer /opt/stack/data/venv/lib/python3.12/site-packages/dbcounter.py:115}}
Jun 29 15:26:13.910765 np0000183483 devstack@n-api-meta.service[108475]: DEBUG dbcounter [-] [108475] Writing DB stats nova_cell1:SELECT=1 {{(pid=108475) stat_writer /opt/stack/data/venv/lib/python3.12/site-packages/dbcounter.py:115}}
Jun 29 15:26:13.924686 np0000183483 devstack@n-api-meta.service[108472]: DEBUG dbcounter [-] [108472] Writing DB stats nova_cell0:SELECT=1 {{(pid=108472) stat_writer /opt/stack/data/venv/lib/python3.12/site-packages/dbcounter.py:115}}
Jun 29 15:26:13.926401 np0000183483 devstack@n-api-meta.service[108473]: DEBUG dbcounter [-] [108473] Writing DB stats nova_cell1:SELECT=1 {{(pid=108473) stat_writer /opt/stack/data/venv/lib/python3.12/site-packages/dbcounter.py:115}}
Jun 29 15:26:13.934452 np0000183483 devstack@n-api-meta.service[108472]: DEBUG dbcounter [-] [108472] Writing DB stats nova_cell1:SELECT=1 {{(pid=108472) stat_writer /opt/stack/data/venv/lib/python3.12/site-packages/dbcounter.py:115}}
Jun 29 15:26:13.935767 np0000183483 devstack@n-api-meta.service[108473]: DEBUG dbcounter [-] [108473] Writing DB stats nova_cell0:SELECT=1 {{(pid=108473) stat_writer /opt/stack/data/venv/lib/python3.12/site-packages/dbcounter.py:115}}
Jun 29 15:26:13.979171 np0000183483 devstack@n-api-meta.service[108475]: DEBUG dbcounter [-] [108475] Writing DB stats nova_cell0:SELECT=2,nova_cell0:INSERT=1 {{(pid=108475) stat_writer /opt/stack/data/venv/lib/python3.12/site-packages/dbcounter.py:115}}
Jun 29 15:26:13.990786 np0000183483 devstack@n-api-meta.service[108473]: DEBUG dbcounter [-] [108473] Writing DB stats nova_cell0:SELECT=1 {{(pid=108473) stat_writer /opt/stack/data/venv/lib/python3.12/site-packages/dbcounter.py:115}}
Jun 29 15:26:13.999016 np0000183483 devstack@n-api-meta.service[108472]: DEBUG dbcounter [-] [108472] Writing DB stats nova_cell0:SELECT=1 {{(pid=108472) stat_writer /opt/stack/data/venv/lib/python3.12/site-packages/dbcounter.py:115}}
Jun 29 15:26:14.072123 np0000183483 devstack@n-api-meta.service[108474]: DEBUG dbcounter [-] [108474] Writing DB stats nova_cell0:SELECT=1 {{(pid=108474) stat_writer /opt/stack/data/venv/lib/python3.12/site-packages/dbcounter.py:115}}
Jun 29 15:26:14.077945 np0000183483 devstack@n-api-meta.service[108474]: DEBUG dbcounter [-] [108474] Writing DB stats nova_cell1:SELECT=1 {{(pid=108474) stat_writer /opt/stack/data/venv/lib/python3.12/site-packages/dbcounter.py:115}}
Jun 29 15:26:14.134835 np0000183483 devstack@n-api-meta.service[108474]: DEBUG dbcounter [-] [108474] Writing DB stats nova_cell0:SELECT=1 {{(pid=108474) stat_writer /opt/stack/data/venv/lib/python3.12/site-packages/dbcounter.py:115}}
Jun 29 15:31:41.820575 np0000183483 devstack@n-api-meta.service[108475]: DEBUG nova.api.metadata.handler [None req-deacfd0d-1538-49d3-bf27-3c42a19324ca None None] Metadata request headers: {'Host': '199.19.213.193:8775', 'User-Agent': 'python-requests/2.34.2', 'Accept-Encoding': 'gzip, deflate', 'Accept': '*/*', 'Connection': 'keep-alive', 'X-Forwarded-For': '192.168.24.236', 'X-Instance-Id': 'a99d291a-40d6-4afb-9f96-b0f7f522a57a', 'X-Tenant-Id': 'f6f869d3f76846e283a7b495aba8b406', 'X-Instance-Id-Signature': 'ee97bc19cf0ca787f376097d9981eb89ffee05e64da4e06e7caa9b708a222457'} {{(pid=108475) __call__ /opt/stack/nova/nova/api/metadata/handler.py:109}}
Jun 29 15:31:41.834547 np0000183483 devstack@n-api-meta.service[108475]: DEBUG oslo_concurrency.lockutils [None req-e6d784ee-fddf-4be5-92c0-b14d29b5d7c6 None None] Acquiring lock "2a67fd15-e560-404e-a39c-62cf7492462f" by "nova.context.set_target_cell..get_or_set_cached_cell_and_set_connections" {{(pid=108475) inner /opt/stack/data/venv/lib/python3.12/site-packages/oslo_concurrency/lockutils.py:511}}
Jun 29 15:31:41.834706 np0000183483 devstack@n-api-meta.service[108475]: DEBUG oslo_concurrency.lockutils [None req-e6d784ee-fddf-4be5-92c0-b14d29b5d7c6 None None] Lock "2a67fd15-e560-404e-a39c-62cf7492462f" acquired by "nova.context.set_target_cell..get_or_set_cached_cell_and_set_connections" :: waited 0.000s {{(pid=108475) inner /opt/stack/data/venv/lib/python3.12/site-packages/oslo_concurrency/lockutils.py:524}}
Jun 29 15:31:41.834840 np0000183483 devstack@n-api-meta.service[108475]: DEBUG oslo_concurrency.lockutils [None req-e6d784ee-fddf-4be5-92c0-b14d29b5d7c6 None None] Lock "2a67fd15-e560-404e-a39c-62cf7492462f" "released" by "nova.context.set_target_cell..get_or_set_cached_cell_and_set_connections" :: held 0.000s {{(pid=108475) inner /opt/stack/data/venv/lib/python3.12/site-packages/oslo_concurrency/lockutils.py:543}}
Jun 29 15:31:41.899741 np0000183483 devstack@n-api-meta.service[108475]: WARNING neutronclient.v2_0.client [None req-e6d784ee-fddf-4be5-92c0-b14d29b5d7c6 None None] The python binding code in neutronclient is deprecated in favor of OpenstackSDK, please use that as this will be removed in a future release.
Jun 29 15:31:42.273557 np0000183483 devstack@n-api-meta.service[108475]: [pid: 108475|app: 0|req: 1/1] 199.19.213.193 () {40 vars in 643 bytes} [Mon Jun 29 15:31:41 2026] GET /openstack => generated 116 bytes in 455 msecs (HTTP/1.1 200) 3 headers in 100 bytes (1 switches on core 0)
Jun 29 15:31:42.289711 np0000183483 devstack@n-api-meta.service[108472]: DEBUG nova.api.metadata.handler [None req-3afe8585-aeff-4271-9f3d-7428b8e38091 None None] Metadata request headers: {'Host': '199.19.213.193:8775', 'User-Agent': 'python-requests/2.34.2', 'Accept-Encoding': 'gzip, deflate', 'Accept': '*/*', 'Connection': 'keep-alive', 'X-Forwarded-For': '192.168.24.236', 'X-Instance-Id': 'a99d291a-40d6-4afb-9f96-b0f7f522a57a', 'X-Tenant-Id': 'f6f869d3f76846e283a7b495aba8b406', 'X-Instance-Id-Signature': 'ee97bc19cf0ca787f376097d9981eb89ffee05e64da4e06e7caa9b708a222457'} {{(pid=108472) __call__ /opt/stack/nova/nova/api/metadata/handler.py:109}}
Jun 29 15:31:42.295229 np0000183483 devstack@n-api-meta.service[108472]: DEBUG nova.api.metadata.handler [None req-3afe8585-aeff-4271-9f3d-7428b8e38091 None None] Using cached metadata for instance a99d291a-40d6-4afb-9f96-b0f7f522a57a {{(pid=108472) get_metadata_by_instance_id /opt/stack/nova/nova/api/metadata/handler.py:84}}
Jun 29 15:31:42.295626 np0000183483 devstack@n-api-meta.service[108472]: [pid: 108472|app: 0|req: 1/2] 199.19.213.193 () {40 vars in 643 bytes} [Mon Jun 29 15:31:42 2026] GET /openstack => generated 116 bytes in 7 msecs (HTTP/1.1 200) 3 headers in 100 bytes (1 switches on core 0)
Jun 29 15:31:42.305988 np0000183483 devstack@n-api-meta.service[108473]: DEBUG nova.api.metadata.handler [None req-ede67f2f-1812-438c-87e1-0a200b754dfa None None] Metadata request headers: {'Host': '199.19.213.193:8775', 'User-Agent': 'python-requests/2.34.2', 'Accept-Encoding': 'gzip, deflate', 'Accept': '*/*', 'Connection': 'keep-alive', 'X-Forwarded-For': '192.168.24.236', 'X-Instance-Id': 'a99d291a-40d6-4afb-9f96-b0f7f522a57a', 'X-Tenant-Id': 'f6f869d3f76846e283a7b495aba8b406', 'X-Instance-Id-Signature': 'ee97bc19cf0ca787f376097d9981eb89ffee05e64da4e06e7caa9b708a222457'} {{(pid=108473) __call__ /opt/stack/nova/nova/api/metadata/handler.py:109}}
Jun 29 15:31:42.313804 np0000183483 devstack@n-api-meta.service[108473]: DEBUG nova.api.metadata.handler [None req-ede67f2f-1812-438c-87e1-0a200b754dfa None None] Using cached metadata for instance a99d291a-40d6-4afb-9f96-b0f7f522a57a {{(pid=108473) get_metadata_by_instance_id /opt/stack/nova/nova/api/metadata/handler.py:84}}
Jun 29 15:31:42.314291 np0000183483 devstack@n-api-meta.service[108473]: [pid: 108473|app: 0|req: 1/3] 199.19.213.193 () {40 vars in 695 bytes} [Mon Jun 29 15:31:42 2026] GET /openstack/2018-08-27/meta_data.json => generated 946 bytes in 9 msecs (HTTP/1.1 200) 3 headers in 91 bytes (1 switches on core 0)
Jun 29 15:31:42.323597 np0000183483 devstack@n-api-meta.service[108474]: DEBUG nova.api.metadata.handler [None req-a204b11e-e08d-4f8a-b13e-a0e2201adde4 None None] Metadata request headers: {'Host': '199.19.213.193:8775', 'User-Agent': 'python-requests/2.34.2', 'Accept-Encoding': 'gzip, deflate', 'Accept': '*/*', 'Connection': 'keep-alive', 'X-Forwarded-For': '192.168.24.236', 'X-Instance-Id': 'a99d291a-40d6-4afb-9f96-b0f7f522a57a', 'X-Tenant-Id': 'f6f869d3f76846e283a7b495aba8b406', 'X-Instance-Id-Signature': 'ee97bc19cf0ca787f376097d9981eb89ffee05e64da4e06e7caa9b708a222457'} {{(pid=108474) __call__ /opt/stack/nova/nova/api/metadata/handler.py:109}}
Jun 29 15:31:42.327336 np0000183483 devstack@n-api-meta.service[108474]: DEBUG nova.api.metadata.handler [None req-a204b11e-e08d-4f8a-b13e-a0e2201adde4 None None] Using cached metadata for instance a99d291a-40d6-4afb-9f96-b0f7f522a57a {{(pid=108474) get_metadata_by_instance_id /opt/stack/nova/nova/api/metadata/handler.py:84}}
Jun 29 15:31:42.327795 np0000183483 devstack@n-api-meta.service[108474]: [pid: 108474|app: 0|req: 1/4] 199.19.213.193 () {40 vars in 685 bytes} [Mon Jun 29 15:31:42 2026] GET /openstack/2018-08-27/user_data => generated 26310 bytes in 5 msecs (HTTP/1.1 200) 3 headers in 102 bytes (1 switches on core 0)
Jun 29 15:31:42.338328 np0000183483 devstack@n-api-meta.service[108475]: DEBUG nova.api.metadata.handler [None req-e6d784ee-fddf-4be5-92c0-b14d29b5d7c6 None None] Metadata request headers: {'Host': '199.19.213.193:8775', 'User-Agent': 'python-requests/2.34.2', 'Accept-Encoding': 'gzip, deflate', 'Accept': '*/*', 'Connection': 'keep-alive', 'X-Forwarded-For': '192.168.24.236', 'X-Instance-Id': 'a99d291a-40d6-4afb-9f96-b0f7f522a57a', 'X-Tenant-Id': 'f6f869d3f76846e283a7b495aba8b406', 'X-Instance-Id-Signature': 'ee97bc19cf0ca787f376097d9981eb89ffee05e64da4e06e7caa9b708a222457'} {{(pid=108475) __call__ /opt/stack/nova/nova/api/metadata/handler.py:109}}
Jun 29 15:31:42.341057 np0000183483 devstack@n-api-meta.service[108475]: DEBUG nova.api.metadata.handler [None req-e6d784ee-fddf-4be5-92c0-b14d29b5d7c6 None None] Using cached metadata for instance a99d291a-40d6-4afb-9f96-b0f7f522a57a {{(pid=108475) get_metadata_by_instance_id /opt/stack/nova/nova/api/metadata/handler.py:84}}
Jun 29 15:31:42.341768 np0000183483 devstack@n-api-meta.service[108475]: [pid: 108475|app: 0|req: 2/5] 199.19.213.193 () {40 vars in 699 bytes} [Mon Jun 29 15:31:42 2026] GET /openstack/2018-08-27/vendor_data.json => generated 2 bytes in 4 msecs (HTTP/1.1 200) 3 headers in 89 bytes (1 switches on core 0)
Jun 29 15:31:42.349580 np0000183483 devstack@n-api-meta.service[108472]: DEBUG nova.api.metadata.handler [None req-3afe8585-aeff-4271-9f3d-7428b8e38091 None None] Metadata request headers: {'Host': '199.19.213.193:8775', 'User-Agent': 'python-requests/2.34.2', 'Accept-Encoding': 'gzip, deflate', 'Accept': '*/*', 'Connection': 'keep-alive', 'X-Forwarded-For': '192.168.24.236', 'X-Instance-Id': 'a99d291a-40d6-4afb-9f96-b0f7f522a57a', 'X-Tenant-Id': 'f6f869d3f76846e283a7b495aba8b406', 'X-Instance-Id-Signature': 'ee97bc19cf0ca787f376097d9981eb89ffee05e64da4e06e7caa9b708a222457'} {{(pid=108472) __call__ /opt/stack/nova/nova/api/metadata/handler.py:109}}
Jun 29 15:31:42.351626 np0000183483 devstack@n-api-meta.service[108472]: DEBUG nova.api.metadata.handler [None req-3afe8585-aeff-4271-9f3d-7428b8e38091 None None] Using cached metadata for instance a99d291a-40d6-4afb-9f96-b0f7f522a57a {{(pid=108472) get_metadata_by_instance_id /opt/stack/nova/nova/api/metadata/handler.py:84}}
Jun 29 15:31:42.352224 np0000183483 devstack@n-api-meta.service[108472]: [pid: 108472|app: 0|req: 2/6] 199.19.213.193 () {40 vars in 701 bytes} [Mon Jun 29 15:31:42 2026] GET /openstack/2018-08-27/vendor_data2.json => generated 14 bytes in 3 msecs (HTTP/1.1 200) 3 headers in 90 bytes (1 switches on core 0)
Jun 29 15:31:42.358767 np0000183483 devstack@n-api-meta.service[108473]: DEBUG nova.api.metadata.handler [None req-ede67f2f-1812-438c-87e1-0a200b754dfa None None] Metadata request headers: {'Host': '199.19.213.193:8775', 'User-Agent': 'python-requests/2.34.2', 'Accept-Encoding': 'gzip, deflate', 'Accept': '*/*', 'Connection': 'keep-alive', 'X-Forwarded-For': '192.168.24.236', 'X-Instance-Id': 'a99d291a-40d6-4afb-9f96-b0f7f522a57a', 'X-Tenant-Id': 'f6f869d3f76846e283a7b495aba8b406', 'X-Instance-Id-Signature': 'ee97bc19cf0ca787f376097d9981eb89ffee05e64da4e06e7caa9b708a222457'} {{(pid=108473) __call__ /opt/stack/nova/nova/api/metadata/handler.py:109}}
Jun 29 15:31:42.360736 np0000183483 devstack@n-api-meta.service[108473]: DEBUG nova.api.metadata.handler [None req-ede67f2f-1812-438c-87e1-0a200b754dfa None None] Using cached metadata for instance a99d291a-40d6-4afb-9f96-b0f7f522a57a {{(pid=108473) get_metadata_by_instance_id /opt/stack/nova/nova/api/metadata/handler.py:84}}
Jun 29 15:31:42.361124 np0000183483 devstack@n-api-meta.service[108473]: [pid: 108473|app: 0|req: 2/7] 199.19.213.193 () {40 vars in 701 bytes} [Mon Jun 29 15:31:42 2026] GET /openstack/2018-08-27/network_data.json => generated 348 bytes in 3 msecs (HTTP/1.1 200) 3 headers in 100 bytes (1 switches on core 0)
Jun 29 15:31:42.369211 np0000183483 devstack@n-api-meta.service[108474]: DEBUG nova.api.metadata.handler [None req-a204b11e-e08d-4f8a-b13e-a0e2201adde4 None None] Metadata request headers: {'Host': '199.19.213.193:8775', 'User-Agent': 'python-requests/2.34.2', 'Accept-Encoding': 'gzip, deflate', 'Accept': '*/*', 'Connection': 'keep-alive', 'X-Forwarded-For': '192.168.24.236', 'X-Instance-Id': 'a99d291a-40d6-4afb-9f96-b0f7f522a57a', 'X-Tenant-Id': 'f6f869d3f76846e283a7b495aba8b406', 'X-Instance-Id-Signature': 'ee97bc19cf0ca787f376097d9981eb89ffee05e64da4e06e7caa9b708a222457'} {{(pid=108474) __call__ /opt/stack/nova/nova/api/metadata/handler.py:109}}
Jun 29 15:31:42.371200 np0000183483 devstack@n-api-meta.service[108474]: DEBUG nova.api.metadata.handler [None req-a204b11e-e08d-4f8a-b13e-a0e2201adde4 None None] Using cached metadata for instance a99d291a-40d6-4afb-9f96-b0f7f522a57a {{(pid=108474) get_metadata_by_instance_id /opt/stack/nova/nova/api/metadata/handler.py:84}}
Jun 29 15:31:42.372204 np0000183483 devstack@n-api-meta.service[108474]: [pid: 108474|app: 0|req: 2/8] 199.19.213.193 () {40 vars in 659 bytes} [Mon Jun 29 15:31:42 2026] GET /latest/meta-data/ => generated 210 bytes in 3 msecs (HTTP/1.1 200) 3 headers in 100 bytes (1 switches on core 0)
Jun 29 15:31:42.382827 np0000183483 devstack@n-api-meta.service[108475]: DEBUG nova.api.metadata.handler [None req-e6d784ee-fddf-4be5-92c0-b14d29b5d7c6 None None] Metadata request headers: {'Host': '199.19.213.193:8775', 'User-Agent': 'python-requests/2.34.2', 'Accept-Encoding': 'gzip, deflate', 'Accept': '*/*', 'Connection': 'keep-alive', 'X-Forwarded-For': '192.168.24.236', 'X-Instance-Id': 'a99d291a-40d6-4afb-9f96-b0f7f522a57a', 'X-Tenant-Id': 'f6f869d3f76846e283a7b495aba8b406', 'X-Instance-Id-Signature': 'ee97bc19cf0ca787f376097d9981eb89ffee05e64da4e06e7caa9b708a222457'} {{(pid=108475) __call__ /opt/stack/nova/nova/api/metadata/handler.py:109}}
Jun 29 15:31:42.385816 np0000183483 devstack@n-api-meta.service[108475]: DEBUG nova.api.metadata.handler [None req-e6d784ee-fddf-4be5-92c0-b14d29b5d7c6 None None] Using cached metadata for instance a99d291a-40d6-4afb-9f96-b0f7f522a57a {{(pid=108475) get_metadata_by_instance_id /opt/stack/nova/nova/api/metadata/handler.py:84}}
Jun 29 15:31:42.386493 np0000183483 devstack@n-api-meta.service[108475]: [pid: 108475|app: 0|req: 3/9] 199.19.213.193 () {40 vars in 701 bytes} [Mon Jun 29 15:31:42 2026] GET /latest/meta-data/block-device-mapping/ => generated 8 bytes in 4 msecs (HTTP/1.1 200) 3 headers in 98 bytes (1 switches on core 0)
Jun 29 15:31:42.393326 np0000183483 devstack@n-api-meta.service[108472]: DEBUG nova.api.metadata.handler [None req-3afe8585-aeff-4271-9f3d-7428b8e38091 None None] Metadata request headers: {'Host': '199.19.213.193:8775', 'User-Agent': 'python-requests/2.34.2', 'Accept-Encoding': 'gzip, deflate', 'Accept': '*/*', 'Connection': 'keep-alive', 'X-Forwarded-For': '192.168.24.236', 'X-Instance-Id': 'a99d291a-40d6-4afb-9f96-b0f7f522a57a', 'X-Tenant-Id': 'f6f869d3f76846e283a7b495aba8b406', 'X-Instance-Id-Signature': 'ee97bc19cf0ca787f376097d9981eb89ffee05e64da4e06e7caa9b708a222457'} {{(pid=108472) __call__ /opt/stack/nova/nova/api/metadata/handler.py:109}}
Jun 29 15:31:42.396499 np0000183483 devstack@n-api-meta.service[108472]: DEBUG nova.api.metadata.handler [None req-3afe8585-aeff-4271-9f3d-7428b8e38091 None None] Using cached metadata for instance a99d291a-40d6-4afb-9f96-b0f7f522a57a {{(pid=108472) get_metadata_by_instance_id /opt/stack/nova/nova/api/metadata/handler.py:84}}
Jun 29 15:31:42.397531 np0000183483 devstack@n-api-meta.service[108472]: [pid: 108472|app: 0|req: 3/10] 199.19.213.193 () {40 vars in 707 bytes} [Mon Jun 29 15:31:42 2026] GET /latest/meta-data/block-device-mapping/ami => generated 3 bytes in 5 msecs (HTTP/1.1 200) 3 headers in 98 bytes (1 switches on core 0)
Jun 29 15:31:42.407130 np0000183483 devstack@n-api-meta.service[108473]: DEBUG nova.api.metadata.handler [None req-ede67f2f-1812-438c-87e1-0a200b754dfa None None] Metadata request headers: {'Host': '199.19.213.193:8775', 'User-Agent': 'python-requests/2.34.2', 'Accept-Encoding': 'gzip, deflate', 'Accept': '*/*', 'Connection': 'keep-alive', 'X-Forwarded-For': '192.168.24.236', 'X-Instance-Id': 'a99d291a-40d6-4afb-9f96-b0f7f522a57a', 'X-Tenant-Id': 'f6f869d3f76846e283a7b495aba8b406', 'X-Instance-Id-Signature': 'ee97bc19cf0ca787f376097d9981eb89ffee05e64da4e06e7caa9b708a222457'} {{(pid=108473) __call__ /opt/stack/nova/nova/api/metadata/handler.py:109}}
Jun 29 15:31:42.410107 np0000183483 devstack@n-api-meta.service[108473]: DEBUG nova.api.metadata.handler [None req-ede67f2f-1812-438c-87e1-0a200b754dfa None None] Using cached metadata for instance a99d291a-40d6-4afb-9f96-b0f7f522a57a {{(pid=108473) get_metadata_by_instance_id /opt/stack/nova/nova/api/metadata/handler.py:84}}
Jun 29 15:31:42.410822 np0000183483 devstack@n-api-meta.service[108473]: [pid: 108473|app: 0|req: 3/11] 199.19.213.193 () {40 vars in 709 bytes} [Mon Jun 29 15:31:42 2026] GET /latest/meta-data/block-device-mapping/root => generated 8 bytes in 4 msecs (HTTP/1.1 200) 3 headers in 98 bytes (1 switches on core 0)
Jun 29 15:31:42.417277 np0000183483 devstack@n-api-meta.service[108474]: DEBUG nova.api.metadata.handler [None req-a204b11e-e08d-4f8a-b13e-a0e2201adde4 None None] Metadata request headers: {'Host': '199.19.213.193:8775', 'User-Agent': 'python-requests/2.34.2', 'Accept-Encoding': 'gzip, deflate', 'Accept': '*/*', 'Connection': 'keep-alive', 'X-Forwarded-For': '192.168.24.236', 'X-Instance-Id': 'a99d291a-40d6-4afb-9f96-b0f7f522a57a', 'X-Tenant-Id': 'f6f869d3f76846e283a7b495aba8b406', 'X-Instance-Id-Signature': 'ee97bc19cf0ca787f376097d9981eb89ffee05e64da4e06e7caa9b708a222457'} {{(pid=108474) __call__ /opt/stack/nova/nova/api/metadata/handler.py:109}}
Jun 29 15:31:42.418579 np0000183483 devstack@n-api-meta.service[108474]: DEBUG nova.api.metadata.handler [None req-a204b11e-e08d-4f8a-b13e-a0e2201adde4 None None] Using cached metadata for instance a99d291a-40d6-4afb-9f96-b0f7f522a57a {{(pid=108474) get_metadata_by_instance_id /opt/stack/nova/nova/api/metadata/handler.py:84}}
Jun 29 15:31:42.418926 np0000183483 devstack@n-api-meta.service[108474]: [pid: 108474|app: 0|req: 3/12] 199.19.213.193 () {40 vars in 679 bytes} [Mon Jun 29 15:31:42 2026] GET /latest/meta-data/placement/ => generated 17 bytes in 2 msecs (HTTP/1.1 200) 3 headers in 99 bytes (1 switches on core 0)
Jun 29 15:31:42.425129 np0000183483 devstack@n-api-meta.service[108475]: DEBUG nova.api.metadata.handler [None req-e6d784ee-fddf-4be5-92c0-b14d29b5d7c6 None None] Metadata request headers: {'Host': '199.19.213.193:8775', 'User-Agent': 'python-requests/2.34.2', 'Accept-Encoding': 'gzip, deflate', 'Accept': '*/*', 'Connection': 'keep-alive', 'X-Forwarded-For': '192.168.24.236', 'X-Instance-Id': 'a99d291a-40d6-4afb-9f96-b0f7f522a57a', 'X-Tenant-Id': 'f6f869d3f76846e283a7b495aba8b406', 'X-Instance-Id-Signature': 'ee97bc19cf0ca787f376097d9981eb89ffee05e64da4e06e7caa9b708a222457'} {{(pid=108475) __call__ /opt/stack/nova/nova/api/metadata/handler.py:109}}
Jun 29 15:31:42.427532 np0000183483 devstack@n-api-meta.service[108475]: DEBUG nova.api.metadata.handler [None req-e6d784ee-fddf-4be5-92c0-b14d29b5d7c6 None None] Using cached metadata for instance a99d291a-40d6-4afb-9f96-b0f7f522a57a {{(pid=108475) get_metadata_by_instance_id /opt/stack/nova/nova/api/metadata/handler.py:84}}
Jun 29 15:31:42.428171 np0000183483 devstack@n-api-meta.service[108475]: [pid: 108475|app: 0|req: 4/13] 199.19.213.193 () {40 vars in 713 bytes} [Mon Jun 29 15:31:42 2026] GET /latest/meta-data/placement/availability-zone => generated 4 bytes in 3 msecs (HTTP/1.1 200) 3 headers in 98 bytes (1 switches on core 0)
Jun 29 15:31:42.436104 np0000183483 devstack@n-api-meta.service[108472]: DEBUG nova.api.metadata.handler [None req-3afe8585-aeff-4271-9f3d-7428b8e38091 None None] Metadata request headers: {'Host': '199.19.213.193:8775', 'User-Agent': 'python-requests/2.34.2', 'Accept-Encoding': 'gzip, deflate', 'Accept': '*/*', 'Connection': 'keep-alive', 'X-Forwarded-For': '192.168.24.236', 'X-Instance-Id': 'a99d291a-40d6-4afb-9f96-b0f7f522a57a', 'X-Tenant-Id': 'f6f869d3f76846e283a7b495aba8b406', 'X-Instance-Id-Signature': 'ee97bc19cf0ca787f376097d9981eb89ffee05e64da4e06e7caa9b708a222457'} {{(pid=108472) __call__ /opt/stack/nova/nova/api/metadata/handler.py:109}}
Jun 29 15:31:42.438899 np0000183483 devstack@n-api-meta.service[108472]: DEBUG nova.api.metadata.handler [None req-3afe8585-aeff-4271-9f3d-7428b8e38091 None None] Using cached metadata for instance a99d291a-40d6-4afb-9f96-b0f7f522a57a {{(pid=108472) get_metadata_by_instance_id /opt/stack/nova/nova/api/metadata/handler.py:84}}
Jun 29 15:31:42.439598 np0000183483 devstack@n-api-meta.service[108472]: [pid: 108472|app: 0|req: 4/14] 199.19.213.193 () {40 vars in 671 bytes} [Mon Jun 29 15:31:42 2026] GET /latest/meta-data/ami-id => generated 12 bytes in 4 msecs (HTTP/1.1 200) 3 headers in 99 bytes (1 switches on core 0)
Jun 29 15:31:42.448988 np0000183483 devstack@n-api-meta.service[108473]: DEBUG nova.api.metadata.handler [None req-ede67f2f-1812-438c-87e1-0a200b754dfa None None] Metadata request headers: {'Host': '199.19.213.193:8775', 'User-Agent': 'python-requests/2.34.2', 'Accept-Encoding': 'gzip, deflate', 'Accept': '*/*', 'Connection': 'keep-alive', 'X-Forwarded-For': '192.168.24.236', 'X-Instance-Id': 'a99d291a-40d6-4afb-9f96-b0f7f522a57a', 'X-Tenant-Id': 'f6f869d3f76846e283a7b495aba8b406', 'X-Instance-Id-Signature': 'ee97bc19cf0ca787f376097d9981eb89ffee05e64da4e06e7caa9b708a222457'} {{(pid=108473) __call__ /opt/stack/nova/nova/api/metadata/handler.py:109}}
Jun 29 15:31:42.452054 np0000183483 devstack@n-api-meta.service[108473]: DEBUG nova.api.metadata.handler [None req-ede67f2f-1812-438c-87e1-0a200b754dfa None None] Using cached metadata for instance a99d291a-40d6-4afb-9f96-b0f7f522a57a {{(pid=108473) get_metadata_by_instance_id /opt/stack/nova/nova/api/metadata/handler.py:84}}
Jun 29 15:31:42.452925 np0000183483 devstack@n-api-meta.service[108473]: [pid: 108473|app: 0|req: 4/15] 199.19.213.193 () {40 vars in 691 bytes} [Mon Jun 29 15:31:42 2026] GET /latest/meta-data/ami-launch-index => generated 1 bytes in 5 msecs (HTTP/1.1 200) 3 headers in 98 bytes (1 switches on core 0)
Jun 29 15:31:42.461448 np0000183483 devstack@n-api-meta.service[108474]: DEBUG nova.api.metadata.handler [None req-a204b11e-e08d-4f8a-b13e-a0e2201adde4 None None] Metadata request headers: {'Host': '199.19.213.193:8775', 'User-Agent': 'python-requests/2.34.2', 'Accept-Encoding': 'gzip, deflate', 'Accept': '*/*', 'Connection': 'keep-alive', 'X-Forwarded-For': '192.168.24.236', 'X-Instance-Id': 'a99d291a-40d6-4afb-9f96-b0f7f522a57a', 'X-Tenant-Id': 'f6f869d3f76846e283a7b495aba8b406', 'X-Instance-Id-Signature': 'ee97bc19cf0ca787f376097d9981eb89ffee05e64da4e06e7caa9b708a222457'} {{(pid=108474) __call__ /opt/stack/nova/nova/api/metadata/handler.py:109}}
Jun 29 15:31:42.464479 np0000183483 devstack@n-api-meta.service[108474]: DEBUG nova.api.metadata.handler [None req-a204b11e-e08d-4f8a-b13e-a0e2201adde4 None None] Using cached metadata for instance a99d291a-40d6-4afb-9f96-b0f7f522a57a {{(pid=108474) get_metadata_by_instance_id /opt/stack/nova/nova/api/metadata/handler.py:84}}
Jun 29 15:31:42.465208 np0000183483 devstack@n-api-meta.service[108474]: [pid: 108474|app: 0|req: 4/16] 199.19.213.193 () {40 vars in 693 bytes} [Mon Jun 29 15:31:42 2026] GET /latest/meta-data/ami-manifest-path => generated 5 bytes in 4 msecs (HTTP/1.1 200) 3 headers in 98 bytes (1 switches on core 0)
Jun 29 15:31:42.474032 np0000183483 devstack@n-api-meta.service[108475]: DEBUG nova.api.metadata.handler [None req-e6d784ee-fddf-4be5-92c0-b14d29b5d7c6 None None] Metadata request headers: {'Host': '199.19.213.193:8775', 'User-Agent': 'python-requests/2.34.2', 'Accept-Encoding': 'gzip, deflate', 'Accept': '*/*', 'Connection': 'keep-alive', 'X-Forwarded-For': '192.168.24.236', 'X-Instance-Id': 'a99d291a-40d6-4afb-9f96-b0f7f522a57a', 'X-Tenant-Id': 'f6f869d3f76846e283a7b495aba8b406', 'X-Instance-Id-Signature': 'ee97bc19cf0ca787f376097d9981eb89ffee05e64da4e06e7caa9b708a222457'} {{(pid=108475) __call__ /opt/stack/nova/nova/api/metadata/handler.py:109}}
Jun 29 15:31:42.476438 np0000183483 devstack@n-api-meta.service[108475]: DEBUG nova.api.metadata.handler [None req-e6d784ee-fddf-4be5-92c0-b14d29b5d7c6 None None] Using cached metadata for instance a99d291a-40d6-4afb-9f96-b0f7f522a57a {{(pid=108475) get_metadata_by_instance_id /opt/stack/nova/nova/api/metadata/handler.py:84}}
Jun 29 15:31:42.477026 np0000183483 devstack@n-api-meta.service[108475]: [pid: 108475|app: 0|req: 5/17] 199.19.213.193 () {40 vars in 675 bytes} [Mon Jun 29 15:31:42 2026] GET /latest/meta-data/hostname => generated 32 bytes in 3 msecs (HTTP/1.1 200) 3 headers in 99 bytes (1 switches on core 0)
Jun 29 15:31:42.483324 np0000183483 devstack@n-api-meta.service[108472]: DEBUG nova.api.metadata.handler [None req-3afe8585-aeff-4271-9f3d-7428b8e38091 None None] Metadata request headers: {'Host': '199.19.213.193:8775', 'User-Agent': 'python-requests/2.34.2', 'Accept-Encoding': 'gzip, deflate', 'Accept': '*/*', 'Connection': 'keep-alive', 'X-Forwarded-For': '192.168.24.236', 'X-Instance-Id': 'a99d291a-40d6-4afb-9f96-b0f7f522a57a', 'X-Tenant-Id': 'f6f869d3f76846e283a7b495aba8b406', 'X-Instance-Id-Signature': 'ee97bc19cf0ca787f376097d9981eb89ffee05e64da4e06e7caa9b708a222457'} {{(pid=108472) __call__ /opt/stack/nova/nova/api/metadata/handler.py:109}}
Jun 29 15:31:42.486154 np0000183483 devstack@n-api-meta.service[108472]: DEBUG nova.api.metadata.handler [None req-3afe8585-aeff-4271-9f3d-7428b8e38091 None None] Using cached metadata for instance a99d291a-40d6-4afb-9f96-b0f7f522a57a {{(pid=108472) get_metadata_by_instance_id /opt/stack/nova/nova/api/metadata/handler.py:84}}
Jun 29 15:31:42.486857 np0000183483 devstack@n-api-meta.service[108472]: [pid: 108472|app: 0|req: 5/18] 199.19.213.193 () {40 vars in 689 bytes} [Mon Jun 29 15:31:42 2026] GET /latest/meta-data/instance-action => generated 4 bytes in 4 msecs (HTTP/1.1 200) 3 headers in 98 bytes (1 switches on core 0)
Jun 29 15:31:42.496341 np0000183483 devstack@n-api-meta.service[108473]: DEBUG nova.api.metadata.handler [None req-ede67f2f-1812-438c-87e1-0a200b754dfa None None] Metadata request headers: {'Host': '199.19.213.193:8775', 'User-Agent': 'python-requests/2.34.2', 'Accept-Encoding': 'gzip, deflate', 'Accept': '*/*', 'Connection': 'keep-alive', 'X-Forwarded-For': '192.168.24.236', 'X-Instance-Id': 'a99d291a-40d6-4afb-9f96-b0f7f522a57a', 'X-Tenant-Id': 'f6f869d3f76846e283a7b495aba8b406', 'X-Instance-Id-Signature': 'ee97bc19cf0ca787f376097d9981eb89ffee05e64da4e06e7caa9b708a222457'} {{(pid=108473) __call__ /opt/stack/nova/nova/api/metadata/handler.py:109}}
Jun 29 15:31:42.499055 np0000183483 devstack@n-api-meta.service[108473]: DEBUG nova.api.metadata.handler [None req-ede67f2f-1812-438c-87e1-0a200b754dfa None None] Using cached metadata for instance a99d291a-40d6-4afb-9f96-b0f7f522a57a {{(pid=108473) get_metadata_by_instance_id /opt/stack/nova/nova/api/metadata/handler.py:84}}
Jun 29 15:31:42.499781 np0000183483 devstack@n-api-meta.service[108473]: [pid: 108473|app: 0|req: 5/19] 199.19.213.193 () {40 vars in 681 bytes} [Mon Jun 29 15:31:42 2026] GET /latest/meta-data/instance-id => generated 10 bytes in 4 msecs (HTTP/1.1 200) 3 headers in 99 bytes (1 switches on core 0)
Jun 29 15:31:42.510732 np0000183483 devstack@n-api-meta.service[108474]: DEBUG nova.api.metadata.handler [None req-a204b11e-e08d-4f8a-b13e-a0e2201adde4 None None] Metadata request headers: {'Host': '199.19.213.193:8775', 'User-Agent': 'python-requests/2.34.2', 'Accept-Encoding': 'gzip, deflate', 'Accept': '*/*', 'Connection': 'keep-alive', 'X-Forwarded-For': '192.168.24.236', 'X-Instance-Id': 'a99d291a-40d6-4afb-9f96-b0f7f522a57a', 'X-Tenant-Id': 'f6f869d3f76846e283a7b495aba8b406', 'X-Instance-Id-Signature': 'ee97bc19cf0ca787f376097d9981eb89ffee05e64da4e06e7caa9b708a222457'} {{(pid=108474) __call__ /opt/stack/nova/nova/api/metadata/handler.py:109}}
Jun 29 15:31:42.513456 np0000183483 devstack@n-api-meta.service[108474]: DEBUG nova.api.metadata.handler [None req-a204b11e-e08d-4f8a-b13e-a0e2201adde4 None None] Using cached metadata for instance a99d291a-40d6-4afb-9f96-b0f7f522a57a {{(pid=108474) get_metadata_by_instance_id /opt/stack/nova/nova/api/metadata/handler.py:84}}
Jun 29 15:31:42.514103 np0000183483 devstack@n-api-meta.service[108474]: [pid: 108474|app: 0|req: 5/20] 199.19.213.193 () {40 vars in 685 bytes} [Mon Jun 29 15:31:42 2026] GET /latest/meta-data/instance-type => generated 8 bytes in 4 msecs (HTTP/1.1 200) 3 headers in 98 bytes (1 switches on core 0)
Jun 29 15:31:42.521450 np0000183483 devstack@n-api-meta.service[108475]: DEBUG nova.api.metadata.handler [None req-e6d784ee-fddf-4be5-92c0-b14d29b5d7c6 None None] Metadata request headers: {'Host': '199.19.213.193:8775', 'User-Agent': 'python-requests/2.34.2', 'Accept-Encoding': 'gzip, deflate', 'Accept': '*/*', 'Connection': 'keep-alive', 'X-Forwarded-For': '192.168.24.236', 'X-Instance-Id': 'a99d291a-40d6-4afb-9f96-b0f7f522a57a', 'X-Tenant-Id': 'f6f869d3f76846e283a7b495aba8b406', 'X-Instance-Id-Signature': 'ee97bc19cf0ca787f376097d9981eb89ffee05e64da4e06e7caa9b708a222457'} {{(pid=108475) __call__ /opt/stack/nova/nova/api/metadata/handler.py:109}}
Jun 29 15:31:42.523962 np0000183483 devstack@n-api-meta.service[108475]: DEBUG nova.api.metadata.handler [None req-e6d784ee-fddf-4be5-92c0-b14d29b5d7c6 None None] Using cached metadata for instance a99d291a-40d6-4afb-9f96-b0f7f522a57a {{(pid=108475) get_metadata_by_instance_id /opt/stack/nova/nova/api/metadata/handler.py:84}}
Jun 29 15:31:42.524278 np0000183483 devstack@n-api-meta.service[108475]: [pid: 108475|app: 0|req: 6/21] 199.19.213.193 () {40 vars in 687 bytes} [Mon Jun 29 15:31:42 2026] GET /latest/meta-data/local-hostname => generated 32 bytes in 3 msecs (HTTP/1.1 200) 3 headers in 99 bytes (1 switches on core 0)
Jun 29 15:31:42.530841 np0000183483 devstack@n-api-meta.service[108472]: DEBUG nova.api.metadata.handler [None req-3afe8585-aeff-4271-9f3d-7428b8e38091 None None] Metadata request headers: {'Host': '199.19.213.193:8775', 'User-Agent': 'python-requests/2.34.2', 'Accept-Encoding': 'gzip, deflate', 'Accept': '*/*', 'Connection': 'keep-alive', 'X-Forwarded-For': '192.168.24.236', 'X-Instance-Id': 'a99d291a-40d6-4afb-9f96-b0f7f522a57a', 'X-Tenant-Id': 'f6f869d3f76846e283a7b495aba8b406', 'X-Instance-Id-Signature': 'ee97bc19cf0ca787f376097d9981eb89ffee05e64da4e06e7caa9b708a222457'} {{(pid=108472) __call__ /opt/stack/nova/nova/api/metadata/handler.py:109}}
Jun 29 15:31:42.533871 np0000183483 devstack@n-api-meta.service[108472]: DEBUG nova.api.metadata.handler [None req-3afe8585-aeff-4271-9f3d-7428b8e38091 None None] Using cached metadata for instance a99d291a-40d6-4afb-9f96-b0f7f522a57a {{(pid=108472) get_metadata_by_instance_id /opt/stack/nova/nova/api/metadata/handler.py:84}}
Jun 29 15:31:42.534511 np0000183483 devstack@n-api-meta.service[108472]: [pid: 108472|app: 0|req: 6/22] 199.19.213.193 () {40 vars in 679 bytes} [Mon Jun 29 15:31:42 2026] GET /latest/meta-data/local-ipv4 => generated 14 bytes in 4 msecs (HTTP/1.1 200) 3 headers in 99 bytes (1 switches on core 0)
Jun 29 15:31:42.543235 np0000183483 devstack@n-api-meta.service[108473]: DEBUG nova.api.metadata.handler [None req-ede67f2f-1812-438c-87e1-0a200b754dfa None None] Metadata request headers: {'Host': '199.19.213.193:8775', 'User-Agent': 'python-requests/2.34.2', 'Accept-Encoding': 'gzip, deflate', 'Accept': '*/*', 'Connection': 'keep-alive', 'X-Forwarded-For': '192.168.24.236', 'X-Instance-Id': 'a99d291a-40d6-4afb-9f96-b0f7f522a57a', 'X-Tenant-Id': 'f6f869d3f76846e283a7b495aba8b406', 'X-Instance-Id-Signature': 'ee97bc19cf0ca787f376097d9981eb89ffee05e64da4e06e7caa9b708a222457'} {{(pid=108473) __call__ /opt/stack/nova/nova/api/metadata/handler.py:109}}
Jun 29 15:31:42.545111 np0000183483 devstack@n-api-meta.service[108473]: DEBUG nova.api.metadata.handler [None req-ede67f2f-1812-438c-87e1-0a200b754dfa None None] Using cached metadata for instance a99d291a-40d6-4afb-9f96-b0f7f522a57a {{(pid=108473) get_metadata_by_instance_id /opt/stack/nova/nova/api/metadata/handler.py:84}}
Jun 29 15:31:42.545591 np0000183483 devstack@n-api-meta.service[108473]: [pid: 108473|app: 0|req: 6/23] 199.19.213.193 () {40 vars in 689 bytes} [Mon Jun 29 15:31:42 2026] GET /latest/meta-data/public-hostname => generated 32 bytes in 3 msecs (HTTP/1.1 200) 3 headers in 99 bytes (1 switches on core 0)
Jun 29 15:31:42.552670 np0000183483 devstack@n-api-meta.service[108474]: DEBUG nova.api.metadata.handler [None req-a204b11e-e08d-4f8a-b13e-a0e2201adde4 None None] Metadata request headers: {'Host': '199.19.213.193:8775', 'User-Agent': 'python-requests/2.34.2', 'Accept-Encoding': 'gzip, deflate', 'Accept': '*/*', 'Connection': 'keep-alive', 'X-Forwarded-For': '192.168.24.236', 'X-Instance-Id': 'a99d291a-40d6-4afb-9f96-b0f7f522a57a', 'X-Tenant-Id': 'f6f869d3f76846e283a7b495aba8b406', 'X-Instance-Id-Signature': 'ee97bc19cf0ca787f376097d9981eb89ffee05e64da4e06e7caa9b708a222457'} {{(pid=108474) __call__ /opt/stack/nova/nova/api/metadata/handler.py:109}}
Jun 29 15:31:42.555320 np0000183483 devstack@n-api-meta.service[108474]: DEBUG nova.api.metadata.handler [None req-a204b11e-e08d-4f8a-b13e-a0e2201adde4 None None] Using cached metadata for instance a99d291a-40d6-4afb-9f96-b0f7f522a57a {{(pid=108474) get_metadata_by_instance_id /opt/stack/nova/nova/api/metadata/handler.py:84}}
Jun 29 15:31:42.555941 np0000183483 devstack@n-api-meta.service[108474]: [pid: 108474|app: 0|req: 6/24] 199.19.213.193 () {40 vars in 681 bytes} [Mon Jun 29 15:31:42 2026] GET /latest/meta-data/public-ipv4 => generated 0 bytes in 4 msecs (HTTP/1.1 200) 3 headers in 98 bytes (1 switches on core 0)
