File "/var/lib/openstack/lib/python3.10/site-packages/neutron_lib/db/api.py", line 181, in wrapped
2026-07-02 11:22:13.439 10 ERROR neutron_lib.callbacks.manager return f(*dup_args, **dup_kwargs)
2026-07-02 11:22:13.439 10 ERROR neutron_lib.callbacks.manager
File "/var/lib/openstack/lib/python3.10/site-packages/neutron/db/ovn_revision_numbers_db.py", line 192, in bump_revision
2026-07-02 11:22:13.439 10 ERROR neutron_lib.callbacks.manager std_attr_id = _get_standard_attr_id(context, resource['id'],
2026-07-02 11:22:13.439 10 ERROR neutron_lib.callbacks.manager
File "/var/lib/openstack/lib/python3.10/site-packages/neutron/db/ovn_revision_numbers_db.py", line 109, in _get_standard_attr_id
2026-07-02 11:22:13.439 10 ERROR neutron_lib.callbacks.manager raise StandardAttributeIDNotFound(resource_uuid=resource_uuid)
2026-07-02 11:22:13.439 10 ERROR neutron_lib.callbacks.manager neutron.db.ovn_revision_numbers_db.StandardAttributeIDNotFound: Standard attribute ID not found for 1d60d6d3-5dd4-4b40-a175-576b48940f1a
2026-07-02 11:22:13.439 10 ERROR neutron_lib.callbacks.manager 
2026-07-02 11:22:13.442 10 INFO neutron.api.v2.resource [None req-a1f18fa6-acaf-44c7-a01c-b26e5ee73532 22d5044c897f4d78bc42f7d77cd30ff3 11373677adb4478f993af034550ae78e - - default default] delete failed (client error): The resource could not be found.
2026-07-02 11:22:13.443 10 INFO neutron.wsgi [None req-a1f18fa6-acaf-44c7-a01c-b26e5ee73532 22d5044c897f4d78bc42f7d77cd30ff3 11373677adb4478f993af034550ae78e - - default default] 10.0.0.104 "DELETE /v2.0/routers/9bc3eafd-af0b-49fb-87d5-5cb285ac2f72/tags/green HTTP/1.1" status: 404 len: 299 time: 0.0681322
2026-07-02 11:22:13.508 10 ERROR ovsdbapp.backend.ovs_idl.command [None req-d29b10a6-2eee-414c-9d3b-db23914ab104 - - - - - -] Error executing command (LspGetUpCommand): ovsdbapp.backend.ovs_idl.idlutils.RowNotFound: Cannot find Logical_Switch_Port with name=1d60d6d3-5dd4-4b40-a175-576b48940f1a
2026-07-02 11:22:13.508 10 ERROR ovsdbapp.backend.ovs_idl.command
Traceback (most recent call last):
2026-07-02 11:22:13.508 10 ERROR ovsdbapp.backend.ovs_idl.command
File "/var/lib/openstack/lib/python3.10/site-packages/ovsdbapp/backend/ovs_idl/command.py", line 47, in execute
2026-07-02 11:22:13.508 10 ERROR ovsdbapp.backend.ovs_idl.command self.run_idl(None)
2026-07-02 11:22:13.508 10 ERROR ovsdbapp.backend.ovs_idl.command
File "/var/lib/openstack/lib/python3.10/site-packages/ovsdbapp/schema/ovn_northbound/commands.py", line 679, in run_idl
2026-07-02 11:22:13.508 10 ERROR ovsdbapp.backend.ovs_idl.command lsp = self.api.lookup('Logical_Switch_Port', self.port)
2026-07-02 11:22:13.508 10 ERROR ovsdbapp.backend.ovs_idl.command
File "/var/lib/openstack/lib/python3.10/site-packages/ovsdbapp/backend/ovs_idl/__init__.py", line 184, in lookup
2026-07-02 11:22:13.508 10 ERROR ovsdbapp.backend.ovs_idl.command return self._lookup(table, record)
2026-07-02 11:22:13.508 10 ERROR ovsdbapp.backend.ovs_idl.command
File "/var/lib/openstack/lib/python3.10/site-packages/ovsdbapp/backend/ovs_idl/__init__.py", line 235, in _lookup
2026-07-02 11:22:13.508 10 ERROR ovsdbapp.backend.ovs_idl.command row = idlutils.row_by_value(self, rl.table, rl.column, record)
2026-07-02 11:22:13.508 10 ERROR ovsdbapp.backend.ovs_idl.command
File "/var/lib/openstack/lib/python3.10/site-packages/ovsdbapp/backend/ovs_idl/idlutils.py", line 114, in row_by_value
2026-07-02 11:22:13.508 10 ERROR ovsdbapp.backend.ovs_idl.command raise RowNotFound(table=table, col=column, match=match)
2026-07-02 11:22:13.508 10 ERROR ovsdbapp.backend.ovs_idl.command ovsdbapp.backend.ovs_idl.idlutils.RowNotFound: Cannot find Logical_Switch_Port with name=1d60d6d3-5dd4-4b40-a175-576b48940f1a
2026-07-02 11:22:13.508 10 ERROR ovsdbapp.backend.ovs_idl.command 
2026-07-02 11:22:13.509 10 ERROR ovsdbapp.event [None req-d29b10a6-2eee-414c-9d3b-db23914ab104 - - - - - -] Unexpected exception in notify_loop: ovsdbapp.backend.ovs_idl.idlutils.RowNotFound: Cannot find Logical_Switch_Port with name=1d60d6d3-5dd4-4b40-a175-576b48940f1a
2026-07-02 11:22:13.509 10 ERROR ovsdbapp.event
Traceback (most recent call last):
2026-07-02 11:22:13.509 10 ERROR ovsdbapp.event
File "/var/lib/openstack/lib/python3.10/site-packages/ovsdbapp/event.py", line 177, in notify_loop
2026-07-02 11:22:13.509 10 ERROR ovsdbapp.event match.run(event, row, updates)
2026-07-02 11:22:13.509 10 ERROR ovsdbapp.event
File "/var/lib/openstack/lib/python3.10/site-packages/neutron/plugins/ml2/drivers/ovn/mech_driver/ovsdb/ovsdb_monitor.py", line 508, in run
2026-07-02 11:22:13.509 10 ERROR ovsdbapp.event self.driver.set_port_status_up(row.name)
2026-07-02 11:22:13.509 10 ERROR ovsdbapp.event
File "/var/lib/openstack/lib/python3.10/site-packages/neutron/plugins/ml2/drivers/ovn/mech_driver/mech_driver.py", line 1278, in set_port_status_up
2026-07-02 11:22:13.509 10 ERROR ovsdbapp.event self._ovn_client.update_lsp_host_info(admin_context, db_port)
2026-07-02 11:22:13.509 10 ERROR ovsdbapp.event
File "/var/lib/openstack/lib/python3.10/site-packages/neutron/plugins/ml2/drivers/ovn/mech_driver/ovsdb/ovn_client.py", line 307, in update_lsp_host_info
2026-07-02 11:22:13.509 10 ERROR ovsdbapp.event port_up = self._nb_idl.lsp_get_up(db_port.id).execute(
2026-07-02 11:22:13.509 10 ERROR ovsdbapp.event
File "/var/lib/openstack/lib/python3.10/site-packages/ovsdbapp/backend/ovs_idl/command.py", line 47, in execute
2026-07-02 11:22:13.509 10 ERROR ovsdbapp.event self.run_idl(None)
2026-07-02 11:22:13.509 10 ERROR ovsdbapp.event
File "/var/lib/openstack/lib/python3.10/site-packages/ovsdbapp/schema/ovn_northbound/commands.py", line 679, in run_idl
2026-07-02 11:22:13.509 10 ERROR ovsdbapp.event lsp = self.api.lookup('Logical_Switch_Port', self.port)
2026-07-02 11:22:13.509 10 ERROR ovsdbapp.event
File "/var/lib/openstack/lib/python3.10/site-packages/ovsdbapp/backend/ovs_idl/__init__.py", line 184, in lookup
2026-07-02 11:22:13.509 10 ERROR ovsdbapp.event return self._lookup(table, record)
2026-07-02 11:22:13.509 10 ERROR ovsdbapp.event
File "/var/lib/openstack/lib/python3.10/site-packages/ovsdbapp/backend/ovs_idl/__init__.py", line 235, in _lookup
2026-07-02 11:22:13.509 10 ERROR ovsdbapp.event row = idlutils.row_by_value(self, rl.table, rl.column, record)
2026-07-02 11:22:13.509 10 ERROR ovsdbapp.event
File "/var/lib/openstack/lib/python3.10/site-packages/ovsdbapp/backend/ovs_idl/idlutils.py", line 114, in row_by_value
2026-07-02 11:22:13.509 10 ERROR ovsdbapp.event raise RowNotFound(table=table, col=column, match=match)
2026-07-02 11:22:13.509 10 ERROR ovsdbapp.event ovsdbapp.backend.ovs_idl.idlutils.RowNotFound: Cannot find Logical_Switch_Port with name=1d60d6d3-5dd4-4b40-a175-576b48940f1a
2026-07-02 11:22:13.509 10 ERROR ovsdbapp.event 
2026-07-02 11:22:13.526 10 INFO neutron.wsgi [None req-985ad47a-3900-4724-8789-3333ea51570f 22d5044c897f4d78bc42f7d77cd30ff3 11373677adb4478f993af034550ae78e - - default default] 10.0.0.104 "DELETE /v2.0/routers/9bc3eafd-af0b-49fb-87d5-5cb285ac2f72/tags HTTP/1.1" status: 204 len: 168 time: 0.0725279
2026-07-02 11:22:13.580 10 INFO neutron.wsgi [None req-796299d2-16d5-4e69-8e19-5c9043339c61 22d5044c897f4d78bc42f7d77cd30ff3 11373677adb4478f993af034550ae78e - - default default] 10.0.0.104 "GET /v2.0/routers/9bc3eafd-af0b-49fb-87d5-5cb285ac2f72/tags HTTP/1.1" status: 200 len: 205 time: 0.0480688
2026-07-02 11:22:13.632 10 INFO neutron.wsgi [None req-873e8969-0064-4bc2-9712-6c6e3c9c806e 22d5044c897f4d78bc42f7d77cd30ff3 11373677adb4478f993af034550ae78e - - default default] 10.0.0.104 "GET /v2.0/routers/9bc3eafd-af0b-49fb-87d5-5cb285ac2f72 HTTP/1.1" status: 200 len: 770 time: 0.0459378
2026-07-02 11:22:13.998 10 INFO neutron.db.ovn_revision_numbers_db [None req-b8634dde-3122-49f5-920e-848667ba2a1d 22d5044c897f4d78bc42f7d77cd30ff3 11373677adb4478f993af034550ae78e - - default default] Successfully bumped revision number for resource 9bc3eafd-af0b-49fb-87d5-5cb285ac2f72 (type: routers) to 7
2026-07-02 11:22:14.005 10 INFO neutron.wsgi [None req-b8634dde-3122-49f5-920e-848667ba2a1d 22d5044c897f4d78bc42f7d77cd30ff3 11373677adb4478f993af034550ae78e - - default default] 10.0.0.104 "PUT /v2.0/routers/9bc3eafd-af0b-49fb-87d5-5cb285ac2f72 HTTP/1.1" status: 200 len: 770 time: 0.3636773
2026-07-02 11:22:14.044 10 INFO neutron.wsgi [None req-071b5147-b661-47bd-8e57-339856e1865d 22d5044c897f4d78bc42f7d77cd30ff3 11373677adb4478f993af034550ae78e - - default default] 10.0.0.104 "GET /v2.0/ports?device_id=9bc3eafd-af0b-49fb-87d5-5cb285ac2f72 HTTP/1.1" status: 200 len: 205 time: 0.0340285
2026-07-02 11:22:14.273 10 INFO neutron.wsgi [None req-c22a11cc-a97b-4186-afeb-16042c66ccd8 22d5044c897f4d78bc42f7d77cd30ff3 11373677adb4478f993af034550ae78e - - default default] 10.0.0.104 "DELETE /v2.0/routers/9bc3eafd-af0b-49fb-87d5-5cb285ac2f72 HTTP/1.1" status: 204 len: 168 time: 0.2247670
2026-07-02 11:22:14.754 9 INFO neutron.services.segments.plugin [-] Segment 971e718a-a643-4ce0-8ab8-aea0a59f6082 resource provider aggregate not found
2026-07-02 11:22:14.762 9 INFO neutron.services.segments.plugin [-] Segment 971e718a-a643-4ce0-8ab8-aea0a59f6082 resource provider aggregate not found
2026-07-02 11:22:14.773 9 INFO neutron.services.segments.plugin [-] Segment 971e718a-a643-4ce0-8ab8-aea0a59f6082 resource provider not found; error: Placement Client Error (4xx): {"errors": [{"status": 404, "title": "Not Found", "detail": "The resource could not be found.\n\n No resource provider with uuid 971e718a-a643-4ce0-8ab8-aea0a59f6082 found for delete ", "request_id": "req-6a83137d-f26c-4bee-a89e-1ba5007adbbf"}]}
2026-07-02 11:22:14.785 9 INFO neutron.services.segments.plugin [-] Segment 971e718a-a643-4ce0-8ab8-aea0a59f6082 resource provider not found; error: Placement Client Error (4xx): {"errors": [{"status": 404, "title": "Not Found", "detail": "The resource could not be found.\n\n No resource provider with uuid 971e718a-a643-4ce0-8ab8-aea0a59f6082 found for delete ", "request_id": "req-0790732e-e8f2-42fb-91f6-f25924f754d4"}]}
2026-07-02 11:22:14.791 9 INFO neutron.wsgi [None req-cf3d926a-0f9f-4771-8313-69e89a9ffc74 d39e8ab8a46e4c97a0b8eca2a14be564 c715659adba4456aa61c6fc006b5b08b - - default default] 10.0.0.104 "DELETE /v2.0/vpn/vpnservices/08273630-94df-479e-a0d0-82b8153d174d HTTP/1.1" status: 204 len: 168 time: 2.8208084 /var/lib/openstack/lib/python3.10/site-packages/pycadf/identifier.py:71: UserWarning: Invalid uuid: neutron. To ensure interoperability, identifiers should be a valid uuid. warnings.warn(('Invalid uuid: %s. To ensure interoperability, '
2026-07-02 11:22:14.804 9 WARNING neutron_lib.context [None req-3ba0b50d-393f-4398-9a7c-5ef675c7ee6f d804ea9cbba34eccba4e59b7ceec8ec0 d113f35bdc3b4833859e9e7f314a6967 - - default default] Method 'is_advsvc' is deprecated since 2023.2 release (neutron-lib 3.8.0) and will be removed once support for the old RBAC API policies will be removed from Neutron. Please use method 'is_service_role' instead.
2026-07-02 11:22:14.867 9 INFO neutron.wsgi [None req-3ba0b50d-393f-4398-9a7c-5ef675c7ee6f d804ea9cbba34eccba4e59b7ceec8ec0 d113f35bdc3b4833859e9e7f314a6967 - - default default] 10.0.0.104 "POST /v2.0/vpn/endpoint-groups HTTP/1.1" status: 201 len: 501 time: 0.0689595
2026-07-02 11:22:14.877 9 WARNING neutron_lib.context [None req-223898a1-e5ba-4f3c-8d4d-b32fb4453902 d804ea9cbba34eccba4e59b7ceec8ec0 d113f35bdc3b4833859e9e7f314a6967 - - default default] Method 'is_advsvc' is deprecated since 2023.2 release (neutron-lib 3.8.0) and will be removed once support for the old RBAC API policies will be removed from Neutron. Please use method 'is_service_role' instead.
2026-07-02 11:22:14.925 9 INFO neutron.wsgi [None req-223898a1-e5ba-4f3c-8d4d-b32fb4453902 d804ea9cbba34eccba4e59b7ceec8ec0 d113f35bdc3b4833859e9e7f314a6967 - - default default] 10.0.0.104 "POST /v2.0/vpn/endpoint-groups HTTP/1.1" status: 201 len: 493 time: 0.0526483
2026-07-02 11:22:14.934 9 WARNING neutron.api.v2.base [None req-9d1020fd-19bd-4ad9-b712-1bb06ecbfc16 d804ea9cbba34eccba4e59b7ceec8ec0 d113f35bdc3b4833859e9e7f314a6967 - - default default] An exception happened while processing the request body. The exception message is [Unrecognized attribute(s) 'peer_cidr'].: webob.exc.HTTPBadRequest: Unrecognized attribute(s) 'peer_cidr'
2026-07-02 11:22:14.935 9 INFO neutron.api.v2.resource [None req-9d1020fd-19bd-4ad9-b712-1bb06ecbfc16 d804ea9cbba34eccba4e59b7ceec8ec0 d113f35bdc3b4833859e9e7f314a6967 - - default default] create failed (client error): Unrecognized attribute(s) 'peer_cidr'
2026-07-02 11:22:14.936 9 INFO neutron.wsgi [None req-9d1020fd-19bd-4ad9-b712-1bb06ecbfc16 d804ea9cbba34eccba4e59b7ceec8ec0 d113f35bdc3b4833859e9e7f314a6967 - - default default] 10.0.0.104 "POST /v2.0/vpn/ipsec-site-connections HTTP/1.1" status: 400 len: 313 time: 0.0066009
2026-07-02 11:22:14.954 9 INFO neutron.wsgi [None req-546b6303-c183-4fa1-b43c-6de577038a9e d804ea9cbba34eccba4e59b7ceec8ec0 d113f35bdc3b4833859e9e7f314a6967 - - default default] 10.0.0.104 "GET /v2.0/vpn/endpoint-groups HTTP/1.1" status: 200 len: 1388 time: 0.0145011
2026-07-02 11:22:14.984 9 INFO neutron.wsgi [None req-5d1fe0c0-8d11-4aba-884f-4d238f1fc31b d804ea9cbba34eccba4e59b7ceec8ec0 d113f35bdc3b4833859e9e7f314a6967 - - default default] 10.0.0.104 "DELETE /v2.0/vpn/endpoint-groups/8d6fe402-0261-47ae-866c-0fd4bbebd611 HTTP/1.1" status: 204 len: 168 time: 0.0249078
2026-07-02 11:22:15.003 10 INFO neutron.wsgi [None req-aae88cdb-77aa-4fb8-802e-9e7763c8f7b6 d804ea9cbba34eccba4e59b7ceec8ec0 d113f35bdc3b4833859e9e7f314a6967 - - default default] 10.0.0.104 "GET /v2.0/vpn/endpoint-groups HTTP/1.1" status: 200 len: 1111 time: 0.0132339
2026-07-02 11:22:15.020 10 INFO neutron.wsgi [None req-3525e3f3-7226-493b-abd0-20219ac6a2d5 d804ea9cbba34eccba4e59b7ceec8ec0 d113f35bdc3b4833859e9e7f314a6967 - - default default] 10.0.0.104 "GET /v2.0/vpn/endpoint-groups HTTP/1.1" status: 200 len: 1111 time: 0.0118237
2026-07-02 11:22:15.058 9 INFO neutron.wsgi [None req-3e434b5b-a460-439b-a76a-d8f84a904269 d804ea9cbba34eccba4e59b7ceec8ec0 d113f35bdc3b4833859e9e7f314a6967 - - default default] 10.0.0.104 "DELETE /v2.0/vpn/endpoint-groups/ff4ec36b-6036-4207-baf8-b6ca7c72152d HTTP/1.1" status: 204 len: 168 time: 0.0326812
2026-07-02 11:22:15.080 9 INFO neutron.wsgi [None req-4b59a581-436c-4ddd-9bb5-bb690671cc7d d804ea9cbba34eccba4e59b7ceec8ec0 d113f35bdc3b4833859e9e7f314a6967 - - default default] 10.0.0.104 "GET /v2.0/vpn/endpoint-groups HTTP/1.1" status: 200 len: 827 time: 0.0134439
2026-07-02 11:22:15.097 10 WARNING neutron_lib.context [None req-709d6e5f-be70-4c68-9bc1-e928c841b6a6 d804ea9cbba34eccba4e59b7ceec8ec0 d113f35bdc3b4833859e9e7f314a6967 - - default default] Method 'is_advsvc' is deprecated since 2023.2 release (neutron-lib 3.8.0) and will be removed once support for the old RBAC API policies will be removed from Neutron. Please use method 'is_service_role' instead.
2026-07-02 11:22:15.134 9 INFO neutron.db.ovn_revision_numbers_db [None req-a025a736-2a88-4acf-8fcd-844e51a1a01e f63d376226924d07afc233b4405cc6eb b4b9170b6db24199867095bad6c1b95f - - default default] Successfully bumped revision number for resource b560faca-213f-45d2-be02-65c8cab62ac3 (type: security_groups) to 1
2026-07-02 11:22:15.150 9 INFO neutron.db.ovn_revision_numbers_db [None req-a025a736-2a88-4acf-8fcd-844e51a1a01e f63d376226924d07afc233b4405cc6eb b4b9170b6db24199867095bad6c1b95f - - default default] Successfully bumped revision number for resource 0e6de847-b94a-42f7-845f-09c0740f0265 (type: security_group_rules) to 0
2026-07-02 11:22:15.162 10 INFO neutron.wsgi [None req-709d6e5f-be70-4c68-9bc1-e928c841b6a6 d804ea9cbba34eccba4e59b7ceec8ec0 d113f35bdc3b4833859e9e7f314a6967 - - default default] 10.0.0.104 "POST /v2.0/vpn/endpoint-groups HTTP/1.1" status: 201 len: 501 time: 0.0716047
2026-07-02 11:22:15.168 9 INFO neutron.db.ovn_revision_numbers_db [None req-a025a736-2a88-4acf-8fcd-844e51a1a01e f63d376226924d07afc233b4405cc6eb b4b9170b6db24199867095bad6c1b95f - - default default] Successfully bumped revision number for resource 4574fbc3-6cdc-4b6d-a8a8-e7eabcace5c1 (type: security_group_rules) to 0
2026-07-02 11:22:15.178 10 WARNING neutron_lib.context [None req-197450d4-3436-46ec-987a-0fa8a66bf772 d804ea9cbba34eccba4e59b7ceec8ec0 d113f35bdc3b4833859e9e7f314a6967 - - default default] Method 'is_advsvc' is deprecated since 2023.2 release (neutron-lib 3.8.0) and will be removed once support for the old RBAC API policies will be removed from Neutron. Please use method 'is_service_role' instead.
2026-07-02 11:22:15.182 9 INFO neutron.db.ovn_revision_numbers_db [None req-a025a736-2a88-4acf-8fcd-844e51a1a01e f63d376226924d07afc233b4405cc6eb b4b9170b6db24199867095bad6c1b95f - - default default] Successfully bumped revision number for resource 69c48120-205a-4c7f-9ced-6983d94ee246 (type: security_group_rules) to 0
2026-07-02 11:22:15.194 9 INFO neutron.db.ovn_revision_numbers_db [None req-a025a736-2a88-4acf-8fcd-844e51a1a01e f63d376226924d07afc233b4405cc6eb b4b9170b6db24199867095bad6c1b95f - - default default] Successfully bumped revision number for resource c77a047c-a6a8-47bf-a075-644f4fade8c2 (type: security_group_rules) to 0
2026-07-02 11:22:15.214 9 INFO neutron.wsgi [None req-a025a736-2a88-4acf-8fcd-844e51a1a01e f63d376226924d07afc233b4405cc6eb b4b9170b6db24199867095bad6c1b95f - - default default] 10.0.0.104 "GET /v2.0/security-groups?tenant_id=c59ab664b4be4fda9e2bf1ac952daed9&name=default HTTP/1.1" status: 200 len: 3124 time: 0.3176744
2026-07-02 11:22:15.214 10 INFO neutron.wsgi [None req-197450d4-3436-46ec-987a-0fa8a66bf772 d804ea9cbba34eccba4e59b7ceec8ec0 d113f35bdc3b4833859e9e7f314a6967 - - default default] 10.0.0.104 "POST /v2.0/vpn/endpoint-groups HTTP/1.1" status: 201 len: 493 time: 0.0425432
2026-07-02 11:22:15.223 10 WARNING neutron_lib.context [None req-26079e89-5bda-4b3b-b565-09f672a5b856 d804ea9cbba34eccba4e59b7ceec8ec0 d113f35bdc3b4833859e9e7f314a6967 - - default default] Method 'is_advsvc' is deprecated since 2023.2 release (neutron-lib 3.8.0) and will be removed once support for the old RBAC API policies will be removed from Neutron. Please use method 'is_service_role' instead.
2026-07-02 11:22:15.262 10 INFO neutron.api.v2.resource [None req-26079e89-5bda-4b3b-b565-09f672a5b856 d804ea9cbba34eccba4e59b7ceec8ec0 d113f35bdc3b4833859e9e7f314a6967 - - default default] create failed (client error): The server could not comply with the request since it is either malformed or otherwise incorrect.
2026-07-02 11:22:15.263 10 INFO neutron.wsgi [None req-26079e89-5bda-4b3b-b565-09f672a5b856 d804ea9cbba34eccba4e59b7ceec8ec0 d113f35bdc3b4833859e9e7f314a6967 - - default default] 10.0.0.104 "POST /v2.0/vpn/ipsec-site-connections HTTP/1.1" status: 400 len: 373 time: 0.0444841
2026-07-02 11:22:15.283 10 INFO neutron.wsgi [None req-92fda946-6051-45a7-a1a9-975c686cca81 d804ea9cbba34eccba4e59b7ceec8ec0 d113f35bdc3b4833859e9e7f314a6967 - - default default] 10.0.0.104 "GET /v2.0/vpn/endpoint-groups HTTP/1.1" status: 200 len: 1388 time: 0.0145650
2026-07-02 11:22:15.318 10 INFO neutron.wsgi [None req-99e1574e-4744-4499-ac9e-fcf97b82998b d804ea9cbba34eccba4e59b7ceec8ec0 d113f35bdc3b4833859e9e7f314a6967 - - default default] 10.0.0.104 "DELETE /v2.0/vpn/endpoint-groups/d60dfa14-3f1c-4c50-bac2-45e293ee286b HTTP/1.1" status: 204 len: 168 time: 0.0292404
2026-07-02 11:22:15.336 10 INFO neutron.wsgi [None req-0304b0f7-b8bb-4e33-adc4-f01d58e8142d d804ea9cbba34eccba4e59b7ceec8ec0 d113f35bdc3b4833859e9e7f314a6967 - - default default] 10.0.0.104 "GET /v2.0/vpn/endpoint-groups HTTP/1.1" status: 200 len: 1111 time: 0.0134232
2026-07-02 11:22:15.352 10 INFO neutron.wsgi [None req-fe9ecd60-e978-4b84-afbe-3f7a970a20e1 d804ea9cbba34eccba4e59b7ceec8ec0 d113f35bdc3b4833859e9e7f314a6967 - - default default] 10.0.0.104 "GET /v2.0/vpn/endpoint-groups HTTP/1.1" status: 200 len: 1111 time: 0.0112288
2026-07-02 11:22:15.385 10 INFO neutron.wsgi [None req-f744ab16-9f3a-48dd-81ea-612efdfa82e9 d804ea9cbba34eccba4e59b7ceec8ec0 d113f35bdc3b4833859e9e7f314a6967 - - default default] 10.0.0.104 "DELETE /v2.0/vpn/endpoint-groups/fe9fa23a-a287-482c-8e6f-fcfc90701469 HTTP/1.1" status: 204 len: 168 time: 0.0255780
2026-07-02 11:22:15.403 10 INFO neutron.wsgi [None req-40c34109-36f5-4cae-b6cc-320ab0b20e45 d804ea9cbba34eccba4e59b7ceec8ec0 d113f35bdc3b4833859e9e7f314a6967 - - default default] 10.0.0.104 "GET /v2.0/vpn/endpoint-groups HTTP/1.1" status: 200 len: 827 time: 0.0108066
2026-07-02 11:22:15.416 10 WARNING neutron_lib.context [None req-6f2f0e6d-e6bc-490f-b535-43012d2d37aa d804ea9cbba34eccba4e59b7ceec8ec0 d113f35bdc3b4833859e9e7f314a6967 - - default default] Method 'is_advsvc' is deprecated since 2023.2 release (neutron-lib 3.8.0) and will be removed once support for the old RBAC API policies will be removed from Neutron. Please use method 'is_service_role' instead.
2026-07-02 11:22:15.425 9 INFO neutron.wsgi [None req-2e783761-aedf-47e9-99bf-bb4fde02af12 f63d376226924d07afc233b4405cc6eb b4b9170b6db24199867095bad6c1b95f - - default default] 10.0.0.104 "DELETE /v2.0/security-groups/b560faca-213f-45d2-be02-65c8cab62ac3 HTTP/1.1" status: 204 len: 168 time: 0.2065983
2026-07-02 11:22:15.498 10 INFO neutron.wsgi [None req-6f2f0e6d-e6bc-490f-b535-43012d2d37aa d804ea9cbba34eccba4e59b7ceec8ec0 d113f35bdc3b4833859e9e7f314a6967 - - default default] 10.0.0.104 "POST /v2.0/vpn/endpoint-groups HTTP/1.1" status: 201 len: 501 time: 0.0872118
2026-07-02 11:22:15.512 9 WARNING neutron.api.v2.base [None req-d7f5a019-9c25-4feb-85a5-a7807870e49b d804ea9cbba34eccba4e59b7ceec8ec0 d113f35bdc3b4833859e9e7f314a6967 - - default default] An exception happened while processing the request body. The exception message is [Failed to parse request. Required attribute 'peer_id' not specified].: webob.exc.HTTPBadRequest: Failed to parse request. Required attribute 'peer_id' not specified
2026-07-02 11:22:15.512 9 INFO neutron.api.v2.resource [None req-d7f5a019-9c25-4feb-85a5-a7807870e49b d804ea9cbba34eccba4e59b7ceec8ec0 d113f35bdc3b4833859e9e7f314a6967 - - default default] create failed (client error): Failed to parse request. Required attribute 'peer_id' not specified
2026-07-02 11:22:15.513 9 INFO neutron.wsgi [None req-d7f5a019-9c25-4feb-85a5-a7807870e49b d804ea9cbba34eccba4e59b7ceec8ec0 d113f35bdc3b4833859e9e7f314a6967 - - default default] 10.0.0.104 "POST /v2.0/vpn/ipsec-site-connections HTTP/1.1" status: 400 len: 343 time: 0.0075679
2026-07-02 11:22:15.532 9 INFO neutron.wsgi [None req-79aa1296-940e-4680-a72a-d5d8c3e9d58d d804ea9cbba34eccba4e59b7ceec8ec0 d113f35bdc3b4833859e9e7f314a6967 - - default default] 10.0.0.104 "GET /v2.0/vpn/endpoint-groups HTTP/1.1" status: 200 len: 1111 time: 0.0120773
2026-07-02 11:22:15.571 9 INFO neutron.wsgi [None req-db699aa9-9e08-4f1f-b0db-9a082ddcda69 d804ea9cbba34eccba4e59b7ceec8ec0 d113f35bdc3b4833859e9e7f314a6967 - - default default] 10.0.0.104 "DELETE /v2.0/vpn/endpoint-groups/27d8df85-3cc2-4077-950e-db4784e16691 HTTP/1.1" status: 204 len: 168 time: 0.0297146
2026-07-02 11:22:15.586 9 INFO neutron.wsgi [None req-dc9349cb-81dc-45fe-b218-5fc8b7673e77 d804ea9cbba34eccba4e59b7ceec8ec0 d113f35bdc3b4833859e9e7f314a6967 - - default default] 10.0.0.104 "GET /v2.0/vpn/endpoint-groups HTTP/1.1" status: 200 len: 827 time: 0.0105717
2026-07-02 11:22:15.594 9 WARNING neutron_lib.context [None req-12e143fa-a201-4eeb-a47b-9cc1fb874903 d804ea9cbba34eccba4e59b7ceec8ec0 d113f35bdc3b4833859e9e7f314a6967 - - default default] Method 'is_advsvc' is deprecated since 2023.2 release (neutron-lib 3.8.0) and will be removed once support for the old RBAC API policies will be removed from Neutron. Please use method 'is_service_role' instead.
2026-07-02 11:22:15.631 9 INFO neutron.wsgi [None req-12e143fa-a201-4eeb-a47b-9cc1fb874903 d804ea9cbba34eccba4e59b7ceec8ec0 d113f35bdc3b4833859e9e7f314a6967 - - default default] 10.0.0.104 "POST /v2.0/vpn/endpoint-groups HTTP/1.1" status: 201 len: 492 time: 0.0399733
2026-07-02 11:22:15.641 9 WARNING neutron.api.v2.base [None req-bb7a689d-5a3a-44fb-b05a-2bafa8a4cb6b d804ea9cbba34eccba4e59b7ceec8ec0 d113f35bdc3b4833859e9e7f314a6967 - - default default] An exception happened while processing the request body. The exception message is [Failed to parse request. Required attribute 'peer_id' not specified].: webob.exc.HTTPBadRequest: Failed to parse request. Required attribute 'peer_id' not specified
2026-07-02 11:22:15.641 9 INFO neutron.api.v2.resource [None req-bb7a689d-5a3a-44fb-b05a-2bafa8a4cb6b d804ea9cbba34eccba4e59b7ceec8ec0 d113f35bdc3b4833859e9e7f314a6967 - - default default] create failed (client error): Failed to parse request. Required attribute 'peer_id' not specified
2026-07-02 11:22:15.642 9 INFO neutron.wsgi [None req-bb7a689d-5a3a-44fb-b05a-2bafa8a4cb6b d804ea9cbba34eccba4e59b7ceec8ec0 d113f35bdc3b4833859e9e7f314a6967 - - default default] 10.0.0.104 "POST /v2.0/vpn/ipsec-site-connections HTTP/1.1" status: 400 len: 343 time: 0.0056927
2026-07-02 11:22:15.647 10 INFO neutron.db.ovn_revision_numbers_db [None req-a748721c-5b92-4f49-9438-1e6af624c4fc f63d376226924d07afc233b4405cc6eb b4b9170b6db24199867095bad6c1b95f - - default default] Successfully bumped revision number for resource c3ba610a-75ca-4348-86c7-4e22ef8b918d (type: security_groups) to 1
2026-07-02 11:22:15.658 9 INFO neutron.wsgi [None req-e3e6f767-deca-42eb-9f85-cbeecf2b7a31 d804ea9cbba34eccba4e59b7ceec8ec0 d113f35bdc3b4833859e9e7f314a6967 - - default default] 10.0.0.104 "GET /v2.0/vpn/endpoint-groups HTTP/1.1" status: 200 len: 1102 time: 0.0114136
2026-07-02 11:22:15.661 10 INFO neutron.db.ovn_revision_numbers_db [None req-a748721c-5b92-4f49-9438-1e6af624c4fc f63d376226924d07afc233b4405cc6eb b4b9170b6db24199867095bad6c1b95f - - default default] Successfully bumped revision number for resource 36e6a56a-0000-44cd-8a15-5195b2c6a816 (type: security_group_rules) to 0
2026-07-02 11:22:15.675 10 INFO neutron.db.ovn_revision_numbers_db [None req-a748721c-5b92-4f49-9438-1e6af624c4fc f63d376226924d07afc233b4405cc6eb b4b9170b6db24199867095bad6c1b95f - - default default] Successfully bumped revision number for resource 3bd262b8-7125-429f-9499-68cf4daafcca (type: security_group_rules) to 0
2026-07-02 11:22:15.686 9 INFO neutron.wsgi [None req-56f3ef85-bc0d-4885-abe9-79cc9139d557 d804ea9cbba34eccba4e59b7ceec8ec0 d113f35bdc3b4833859e9e7f314a6967 - - default default] 10.0.0.104 "DELETE /v2.0/vpn/endpoint-groups/1c383e27-26e6-4343-aa5d-d16653674d33 HTTP/1.1" status: 204 len: 168 time: 0.0231750
2026-07-02 11:22:15.689 10 INFO neutron.db.ovn_revision_numbers_db [None req-a748721c-5b92-4f49-9438-1e6af624c4fc f63d376226924d07afc233b4405cc6eb b4b9170b6db24199867095bad6c1b95f - - default default] Successfully bumped revision number for resource 3ec61888-6bfe-4879-82a7-051e47dfa744 (type: security_group_rules) to 0
2026-07-02 11:22:15.700 9 INFO neutron.wsgi [None req-9787d847-3c34-42cb-a793-226893bff82f d804ea9cbba34eccba4e59b7ceec8ec0 d113f35bdc3b4833859e9e7f314a6967 - - default default] 10.0.0.104 "GET /v2.0/vpn/endpoint-groups HTTP/1.1" status: 200 len: 827 time: 0.0096581
2026-07-02 11:22:15.702 10 INFO neutron.db.ovn_revision_numbers_db [None req-a748721c-5b92-4f49-9438-1e6af624c4fc f63d376226924d07afc233b4405cc6eb b4b9170b6db24199867095bad6c1b95f - - default default] Successfully bumped revision number for resource 6f05c88d-4fde-4f4e-a590-269b0541c47f (type: security_group_rules) to 0
2026-07-02 11:22:15.709 9 WARNING neutron_lib.context [None req-8849e2c9-1427-4754-bf41-12a1b70f3fa6 d804ea9cbba34eccba4e59b7ceec8ec0 d113f35bdc3b4833859e9e7f314a6967 - - default default] Method 'is_advsvc' is deprecated since 2023.2 release (neutron-lib 3.8.0) and will be removed once support for the old RBAC API policies will be removed from Neutron. Please use method 'is_service_role' instead.
2026-07-02 11:22:15.726 10 INFO neutron.wsgi [None req-a748721c-5b92-4f49-9438-1e6af624c4fc f63d376226924d07afc233b4405cc6eb b4b9170b6db24199867095bad6c1b95f - - default default] 10.0.0.104 "GET /v2.0/security-groups?tenant_id=11373677adb4478f993af034550ae78e&name=default HTTP/1.1" status: 200 len: 3124 time: 0.2050958
2026-07-02 11:22:15.755 9 INFO neutron.wsgi [None req-8849e2c9-1427-4754-bf41-12a1b70f3fa6 d804ea9cbba34eccba4e59b7ceec8ec0 d113f35bdc3b4833859e9e7f314a6967 - - default default] 10.0.0.104 "POST /v2.0/vpn/endpoint-groups HTTP/1.1" status: 201 len: 489 time: 0.0495939
2026-07-02 11:22:15.763 9 WARNING neutron_lib.context [None req-8d5d2b12-12c1-4dca-91a7-95389186348b d804ea9cbba34eccba4e59b7ceec8ec0 d113f35bdc3b4833859e9e7f314a6967 - - default default] Method 'is_advsvc' is deprecated since 2023.2 release (neutron-lib 3.8.0) and will be removed once support for the old RBAC API policies will be removed from Neutron. Please use method 'is_service_role' instead.
2026-07-02 11:22:15.831 9 INFO neutron.wsgi [None req-8d5d2b12-12c1-4dca-91a7-95389186348b d804ea9cbba34eccba4e59b7ceec8ec0 d113f35bdc3b4833859e9e7f314a6967 - - default default] 10.0.0.104 "POST /v2.0/vpn/endpoint-groups HTTP/1.1" status: 201 len: 501 time: 0.0722425
2026-07-02 11:22:15.841 9 WARNING neutron_lib.context [None req-5e501670-2b88-46ad-8b7c-aea3b9a40345 d804ea9cbba34eccba4e59b7ceec8ec0 d113f35bdc3b4833859e9e7f314a6967 - - default default] Method 'is_advsvc' is deprecated since 2023.2 release (neutron-lib 3.8.0) and will be removed once support for the old RBAC API policies will be removed from Neutron. Please use method 'is_service_role' instead.
2026-07-02 11:22:16.028 9 INFO neutron.wsgi [None req-3d104116-7156-4856-8800-c6dabf64052b f63d376226924d07afc233b4405cc6eb b4b9170b6db24199867095bad6c1b95f - - default default] 10.0.0.104 "DELETE /v2.0/security-groups/c3ba610a-75ca-4348-86c7-4e22ef8b918d HTTP/1.1" status: 204 len: 168 time: 0.2974725
2026-07-02 11:22:16.669 9 INFO neutron.db.ovn_revision_numbers_db [None req-5e501670-2b88-46ad-8b7c-aea3b9a40345 d804ea9cbba34eccba4e59b7ceec8ec0 d113f35bdc3b4833859e9e7f314a6967 - - default default] Successfully bumped revision number for resource 6d471329-47f2-4beb-8ad0-f4e52c978a6d (type: routers) to 6
2026-07-02 11:22:16.706 9 INFO neutron.wsgi [None req-5e501670-2b88-46ad-8b7c-aea3b9a40345 d804ea9cbba34eccba4e59b7ceec8ec0 d113f35bdc3b4833859e9e7f314a6967 - - default default] 10.0.0.104 "POST /v2.0/vpn/ipsec-site-connections HTTP/1.1" status: 201 len: 1044 time: 0.8702261
2026-07-02 11:22:17.353 9 INFO neutron.db.ovn_revision_numbers_db [None req-5b2114a0-7d86-40f3-90a3-e2bf2eed7e29 d804ea9cbba34eccba4e59b7ceec8ec0 d113f35bdc3b4833859e9e7f314a6967 - - default default] Successfully bumped revision number for resource 6d471329-47f2-4beb-8ad0-f4e52c978a6d (type: routers) to 7
2026-07-02 11:22:17.375 9 INFO neutron.wsgi [None req-5b2114a0-7d86-40f3-90a3-e2bf2eed7e29 d804ea9cbba34eccba4e59b7ceec8ec0 d113f35bdc3b4833859e9e7f314a6967 - - default default] 10.0.0.104 "DELETE /v2.0/vpn/ipsec-site-connections/4af216c2-aee9-4d12-8778-c29f3da4de8b HTTP/1.1" status: 204 len: 168 time: 0.6628182
2026-07-02 11:22:17.390 9 INFO neutron.wsgi [None req-a56e202a-7166-4724-9e93-55b7c77cae85 d804ea9cbba34eccba4e59b7ceec8ec0 d113f35bdc3b4833859e9e7f314a6967 - - default default] 10.0.0.104 "GET /v2.0/vpn/ipsec-site-connections HTTP/1.1" status: 200 len: 990 time: 0.0106049
2026-07-02 11:22:17.401 9 INFO neutron.api.v2.resource [None req-d7154607-e5af-4f5f-b51e-d55ad800c721 d804ea9cbba34eccba4e59b7ceec8ec0 d113f35bdc3b4833859e9e7f314a6967 - - default default] delete failed (client error): The resource could not be found.
2026-07-02 11:22:17.403 9 INFO neutron.wsgi [None req-d7154607-e5af-4f5f-b51e-d55ad800c721 d804ea9cbba34eccba4e59b7ceec8ec0 d113f35bdc3b4833859e9e7f314a6967 - - default default] 10.0.0.104 "DELETE /v2.0/vpn/ipsec-site-connections/4af216c2-aee9-4d12-8778-c29f3da4de8b HTTP/1.1" status: 404 len: 355 time: 0.0082891
2026-07-02 11:22:17.418 9 INFO neutron.wsgi [None req-c7ee24c0-f3ba-4c58-a0b9-6248b9bc4efc d804ea9cbba34eccba4e59b7ceec8ec0 d113f35bdc3b4833859e9e7f314a6967 - - default default] 10.0.0.104 "GET /v2.0/vpn/endpoint-groups HTTP/1.1" status: 200 len: 1384 time: 0.0107427
2026-07-02 11:22:17.455 9 INFO neutron.wsgi [None req-162a7bb3-9e1e-4767-a7ac-4224c74adfe2 d804ea9cbba34eccba4e59b7ceec8ec0 d113f35bdc3b4833859e9e7f314a6967 - - default default] 10.0.0.104 "DELETE /v2.0/vpn/endpoint-groups/bca17c1c-1831-4a52-8914-91729e414063 HTTP/1.1" status: 204 len: 168 time: 0.0323498
2026-07-02 11:22:17.471 9 INFO neutron.wsgi [None req-e30baedd-be9e-47e1-9b7c-890ddc344dc8 d804ea9cbba34eccba4e59b7ceec8ec0 d113f35bdc3b4833859e9e7f314a6967 - - default default] 10.0.0.104 "GET /v2.0/vpn/endpoint-groups HTTP/1.1" status: 200 len: 1099 time: 0.0103729
2026-07-02 11:22:17.485 9 INFO neutron.wsgi [None req-65ec73d8-c5d1-4839-9996-828c828e30b9 d804ea9cbba34eccba4e59b7ceec8ec0 d113f35bdc3b4833859e9e7f314a6967 - - default default] 10.0.0.104 "GET /v2.0/vpn/endpoint-groups HTTP/1.1" status: 200 len: 1099 time: 0.0093265
2026-07-02 11:22:17.511 9 INFO neutron.wsgi [None req-93131e18-de9d-4fdd-aeb7-8cd50d007d44 d804ea9cbba34eccba4e59b7ceec8ec0 d113f35bdc3b4833859e9e7f314a6967 - - default default] 10.0.0.104 "DELETE /v2.0/vpn/endpoint-groups/f22be5d9-3db4-4707-8b27-06ac65805c9f HTTP/1.1" status: 204 len: 168 time: 0.0222921
2026-07-02 11:22:17.528 9 INFO neutron.wsgi [None req-a795d0a2-ed4b-474c-9b75-5ddf8e05bd4b d804ea9cbba34eccba4e59b7ceec8ec0 d113f35bdc3b4833859e9e7f314a6967 - - default default] 10.0.0.104 "GET /v2.0/vpn/endpoint-groups HTTP/1.1" status: 200 len: 827 time: 0.0121219
2026-07-02 11:22:17.538 9 WARNING neutron_lib.context [None req-386603f8-571d-4bcb-878b-225a2fdaf48f d804ea9cbba34eccba4e59b7ceec8ec0 d113f35bdc3b4833859e9e7f314a6967 - - default default] Method 'is_advsvc' is deprecated since 2023.2 release (neutron-lib 3.8.0) and will be removed once support for the old RBAC API policies will be removed from Neutron. Please use method 'is_service_role' instead.
2026-07-02 11:22:18.070 10 INFO neutron.wsgi [-] 10.0.0.188 "GET / HTTP/1.1" status: 200 len: 246 time: 0.0042799
2026-07-02 11:22:18.073 10 INFO neutron.wsgi [-] 10.0.0.188 "GET / HTTP/1.1" status: 200 len: 246 time: 0.0014451
2026-07-02 11:22:18.566 9 INFO neutron.db.ovn_revision_numbers_db [None req-386603f8-571d-4bcb-878b-225a2fdaf48f d804ea9cbba34eccba4e59b7ceec8ec0 d113f35bdc3b4833859e9e7f314a6967 - - default default] Successfully bumped revision number for resource 6d471329-47f2-4beb-8ad0-f4e52c978a6d (type: routers) to 8
2026-07-02 11:22:18.603 9 INFO neutron.wsgi [None req-386603f8-571d-4bcb-878b-225a2fdaf48f d804ea9cbba34eccba4e59b7ceec8ec0 d113f35bdc3b4833859e9e7f314a6967 - - default default] 10.0.0.104 "POST /v2.0/vpn/ipsec-site-connections HTTP/1.1" status: 201 len: 1003 time: 1.0686271
2026-07-02 11:22:19.321 9 INFO neutron.db.ovn_revision_numbers_db [None req-e10fcfa7-5809-4d39-a18a-f2dfa658e275 d804ea9cbba34eccba4e59b7ceec8ec0 d113f35bdc3b4833859e9e7f314a6967 - - default default] Successfully bumped revision number for resource 6d471329-47f2-4beb-8ad0-f4e52c978a6d (type: routers) to 9
2026-07-02 11:22:19.346 9 INFO neutron.wsgi [None req-e10fcfa7-5809-4d39-a18a-f2dfa658e275 d804ea9cbba34eccba4e59b7ceec8ec0 d113f35bdc3b4833859e9e7f314a6967 - - default default] 10.0.0.104 "DELETE /v2.0/vpn/ipsec-site-connections/09948660-466b-4ff7-b601-2b60421f8c3a HTTP/1.1" status: 204 len: 168 time: 0.7343578
2026-07-02 11:22:19.365 9 INFO neutron.wsgi [None req-ef7b9620-0e2d-4e9f-8d20-c2c8433e8f8e d804ea9cbba34eccba4e59b7ceec8ec0 d113f35bdc3b4833859e9e7f314a6967 - - default default] 10.0.0.104 "GET /v2.0/vpn/ipsec-site-connections HTTP/1.1" status: 200 len: 990 time: 0.0127769
2026-07-02 11:22:19.377 9 INFO neutron.api.v2.resource [None req-d9a45b61-4d0c-4959-9a84-7339c1667f1f d804ea9cbba34eccba4e59b7ceec8ec0 d113f35bdc3b4833859e9e7f314a6967 - - default default] delete failed (client error): The resource could not be found.
2026-07-02 11:22:19.378 9 INFO neutron.wsgi [None req-d9a45b61-4d0c-4959-9a84-7339c1667f1f d804ea9cbba34eccba4e59b7ceec8ec0 d113f35bdc3b4833859e9e7f314a6967 - - default default] 10.0.0.104 "DELETE /v2.0/vpn/ipsec-site-connections/09948660-466b-4ff7-b601-2b60421f8c3a HTTP/1.1" status: 404 len: 355 time: 0.0081377
2026-07-02 11:22:19.392 9 WARNING neutron_lib.context [None req-dc7250de-70a6-4fd5-98e3-a6228b3e520d d804ea9cbba34eccba4e59b7ceec8ec0 d113f35bdc3b4833859e9e7f314a6967 - - default default] Method 'is_advsvc' is deprecated since 2023.2 release (neutron-lib 3.8.0) and will be removed once support for the old RBAC API policies will be removed from Neutron. Please use method 'is_service_role' instead.
2026-07-02 11:22:19.438 9 INFO neutron.wsgi [None req-dc7250de-70a6-4fd5-98e3-a6228b3e520d d804ea9cbba34eccba4e59b7ceec8ec0 d113f35bdc3b4833859e9e7f314a6967 - - default default] 10.0.0.104 "POST /v2.0/vpn/endpoint-groups HTTP/1.1" status: 201 len: 489 time: 0.0558691
2026-07-02 11:22:19.462 9 INFO neutron.wsgi [None req-5e0236a5-8e5c-4911-9b6b-acf4eee6cc74 d804ea9cbba34eccba4e59b7ceec8ec0 d113f35bdc3b4833859e9e7f314a6967 - - default default] 10.0.0.104 "PUT /v2.0/vpn/endpoint-groups/5324aa54-1054-49c0-99b9-7ee64ba0f2ad HTTP/1.1" status: 200 len: 484 time: 0.0166628
2026-07-02 11:22:19.479 9 INFO neutron.wsgi [None req-ecb539e1-4bf7-4b81-82c1-cad4f17ddbb2 d804ea9cbba34eccba4e59b7ceec8ec0 d113f35bdc3b4833859e9e7f314a6967 - - default default] 10.0.0.104 "GET /v2.0/vpn/endpoint-groups/5324aa54-1054-49c0-99b9-7ee64ba0f2ad HTTP/1.1" status: 200 len: 484 time: 0.0103261
2026-07-02 11:22:19.500 9 WARNING neutron_lib.context [None req-331e7de1-19f4-4a98-88ac-a062c3db0569 696f96033bf2460988a04d0db1f69682 67fb3f64c1c54a1fab1e64276a4a8be0 - - default default] Method 'is_advsvc' is deprecated since 2023.2 release (neutron-lib 3.8.0) and will be removed once support for the old RBAC API policies will be removed from Neutron. Please use method 'is_service_role' instead.
2026-07-02 11:22:19.517 9 INFO neutron.wsgi [None req-2bd0d0d0-b725-4531-b66f-afe7172242a2 d804ea9cbba34eccba4e59b7ceec8ec0 d113f35bdc3b4833859e9e7f314a6967 - - default default] 10.0.0.104 "DELETE /v2.0/vpn/endpoint-groups/5324aa54-1054-49c0-99b9-7ee64ba0f2ad HTTP/1.1" status: 204 len: 168 time: 0.0308688
2026-07-02 11:22:19.532 9 INFO neutron.wsgi [None req-64af46e5-3733-42b1-9059-d3e39797393d d804ea9cbba34eccba4e59b7ceec8ec0 d113f35bdc3b4833859e9e7f314a6967 - - default default] 10.0.0.104 "GET /v2.0/vpn/endpoint-groups HTTP/1.1" status: 200 len: 827 time: 0.0106857
2026-07-02 11:22:19.547 9 INFO neutron.wsgi [None req-1c2ee357-ee6e-4706-9b6e-69f783764fe7 d804ea9cbba34eccba4e59b7ceec8ec0 d113f35bdc3b4833859e9e7f314a6967 - - default default] 10.0.0.104 "GET /v2.0/vpn/endpoint-groups HTTP/1.1" status: 200 len: 827 time: 0.0103283
2026-07-02 11:22:19.562 10 WARNING neutron_lib.context [None req-4b056d87-f5db-4429-98fc-e08d81cd7b2a d804ea9cbba34eccba4e59b7ceec8ec0 d113f35bdc3b4833859e9e7f314a6967 - - default default] Method 'is_advsvc' is deprecated since 2023.2 release (neutron-lib 3.8.0) and will be removed once support for the old RBAC API policies will be removed from Neutron. Please use method 'is_service_role' instead.
2026-07-02 11:22:19.596 10 INFO neutron.wsgi [None req-4b056d87-f5db-4429-98fc-e08d81cd7b2a d804ea9cbba34eccba4e59b7ceec8ec0 d113f35bdc3b4833859e9e7f314a6967 - - default default] 10.0.0.104 "POST /v2.0/vpn/ikepolicies HTTP/1.1" status: 201 len: 601 time: 0.0413604
2026-07-02 11:22:19.632 9 INFO neutron.db.ovn_revision_numbers_db [None req-331e7de1-19f4-4a98-88ac-a062c3db0569 696f96033bf2460988a04d0db1f69682 67fb3f64c1c54a1fab1e64276a4a8be0 - - default default] Successfully bumped revision number for resource 7cdebbfa-bfb7-4185-bb0c-b9600bc94dc9 (type: security_groups) to 1
2026-07-02 11:22:19.637 10 INFO neutron.wsgi [None req-91e7d00c-b04f-447a-9b6f-da995993309b d804ea9cbba34eccba4e59b7ceec8ec0 d113f35bdc3b4833859e9e7f314a6967 - - default default] 10.0.0.104 "PUT /v2.0/vpn/ikepolicies/44407b06-6a27-4ed0-995e-93ce4da39504 HTTP/1.1" status: 200 len: 612 time: 0.0352683
2026-07-02 11:22:19.647 9 INFO neutron.db.ovn_revision_numbers_db [None req-331e7de1-19f4-4a98-88ac-a062c3db0569 696f96033bf2460988a04d0db1f69682 67fb3f64c1c54a1fab1e64276a4a8be0 - - default default] Successfully bumped revision number for resource 4716ecdb-b82c-4fe9-b0be-d36467614ac1 (type: security_group_rules) to 0
2026-07-02 11:22:19.654 10 INFO neutron.wsgi [None req-8b4d615b-58e3-4792-8e1c-e67cb1651b65 d804ea9cbba34eccba4e59b7ceec8ec0 d113f35bdc3b4833859e9e7f314a6967 - - default default] 10.0.0.104 "GET /v2.0/vpn/ikepolicies/44407b06-6a27-4ed0-995e-93ce4da39504 HTTP/1.1" status: 200 len: 612 time: 0.0132983
2026-07-02 11:22:19.661 9 INFO neutron.db.ovn_revision_numbers_db [None req-331e7de1-19f4-4a98-88ac-a062c3db0569 696f96033bf2460988a04d0db1f69682 67fb3f64c1c54a1fab1e64276a4a8be0 - - default default] Successfully bumped revision number for resource 471b863f-200a-452b-a7a6-252b6f92b18b (type: security_group_rules) to 0
2026-07-02 11:22:19.676 9 INFO neutron.db.ovn_revision_numbers_db [None req-331e7de1-19f4-4a98-88ac-a062c3db0569 696f96033bf2460988a04d0db1f69682 67fb3f64c1c54a1fab1e64276a4a8be0 - - default default] Successfully bumped revision number for resource c0562478-6f69-4d7a-9566-2181e8ddb746 (type: security_group_rules) to 0
2026-07-02 11:22:19.694 9 INFO neutron.db.ovn_revision_numbers_db [None req-331e7de1-19f4-4a98-88ac-a062c3db0569 696f96033bf2460988a04d0db1f69682 67fb3f64c1c54a1fab1e64276a4a8be0 - - default default] Successfully bumped revision number for resource d78e82aa-0abd-4ae4-b0d3-1df344426e9c (type: security_group_rules) to 0
2026-07-02 11:22:19.706 10 INFO neutron.wsgi [None req-15ff5dce-d679-40cd-9c31-e5ee4cb76360 d804ea9cbba34eccba4e59b7ceec8ec0 d113f35bdc3b4833859e9e7f314a6967 - - default default] 10.0.0.104 "DELETE /v2.0/vpn/ikepolicies/44407b06-6a27-4ed0-995e-93ce4da39504 HTTP/1.1" status: 204 len: 168 time: 0.0358756
2026-07-02 11:22:19.726 10 INFO neutron.wsgi [None req-962f025d-6d90-4c53-bc28-2b27cf558473 d804ea9cbba34eccba4e59b7ceec8ec0 d113f35bdc3b4833859e9e7f314a6967 - - default default] 10.0.0.104 "GET /v2.0/vpn/ikepolicies HTTP/1.1" status: 200 len: 602 time: 0.0134993
2026-07-02 11:22:19.739 10 INFO neutron.wsgi [None req-f37c4a7a-b665-477b-bb79-6423e0c528f3 d804ea9cbba34eccba4e59b7ceec8ec0 d113f35bdc3b4833859e9e7f314a6967 - - default default] 10.0.0.104 "GET /v2.0/vpn/ikepolicies HTTP/1.1" status: 200 len: 602 time: 0.0078585
2026-07-02 11:22:19.748 10 WARNING neutron_lib.context [None req-c64fd4c6-28ed-48a1-a5ec-6ee89a4ba442 d804ea9cbba34eccba4e59b7ceec8ec0 d113f35bdc3b4833859e9e7f314a6967 - - default default] Method 'is_advsvc' is deprecated since 2023.2 release (neutron-lib 3.8.0) and will be removed once support for the old RBAC API policies will be removed from Neutron. Please use method 'is_service_role' instead.
2026-07-02 11:22:19.756 9 INFO neutron.db.segments_db [None req-331e7de1-19f4-4a98-88ac-a062c3db0569 696f96033bf2460988a04d0db1f69682 67fb3f64c1c54a1fab1e64276a4a8be0 - - default default] Added segment aff48200-f4d6-4da4-b0b0-10a0fb020563 of type geneve for network 41bf948a-6fd1-4631-9089-e5b93757889d
2026-07-02 11:22:19.783 10 INFO neutron.wsgi [None req-c64fd4c6-28ed-48a1-a5ec-6ee89a4ba442 d804ea9cbba34eccba4e59b7ceec8ec0 d113f35bdc3b4833859e9e7f314a6967 - - default default] 10.0.0.104 "POST /v2.0/vpn/ipsecpolicies HTTP/1.1" status: 201 len: 610 time: 0.0386469
2026-07-02 11:22:19.820 10 INFO neutron.wsgi [None req-c9e3398f-978b-4b73-9f5b-8c1b9f519f37 d804ea9cbba34eccba4e59b7ceec8ec0 d113f35bdc3b4833859e9e7f314a6967 - - default default] 10.0.0.104 "PUT /v2.0/vpn/ipsecpolicies/e89ba92c-e847-445d-aca4-a25e9e51bee2 HTTP/1.1" status: 200 len: 624 time: 0.0319901
2026-07-02 11:22:19.853 10 INFO neutron.wsgi [None req-f44d23c8-5e4a-48c2-80ca-301a6dc2e83f d804ea9cbba34eccba4e59b7ceec8ec0 d113f35bdc3b4833859e9e7f314a6967 - - default default] 10.0.0.104 "DELETE /v2.0/vpn/ipsecpolicies/e89ba92c-e847-445d-aca4-a25e9e51bee2 HTTP/1.1" status: 204 len: 168 time: 0.0280085
2026-07-02 11:22:19.875 10 INFO neutron.api.v2.resource [None req-9c008ced-abf0-48b8-b677-e17839ec94e7 d804ea9cbba34eccba4e59b7ceec8ec0 d113f35bdc3b4833859e9e7f314a6967 - - default default] delete failed (client error): The resource could not be found.
2026-07-02 11:22:19.877 10 INFO neutron.wsgi [None req-9c008ced-abf0-48b8-b677-e17839ec94e7 d804ea9cbba34eccba4e59b7ceec8ec0 d113f35bdc3b4833859e9e7f314a6967 - - default default] 10.0.0.104 "DELETE /v2.0/vpn/ipsecpolicies/e89ba92c-e847-445d-aca4-a25e9e51bee2 HTTP/1.1" status: 404 len: 346 time: 0.0169137
2026-07-02 11:22:19.891 10 INFO neutron.api.v2.resource [None req-84f95939-e32a-44a4-9b64-b788dddc091f d804ea9cbba34eccba4e59b7ceec8ec0 d113f35bdc3b4833859e9e7f314a6967 - - default default] delete failed (client error): The resource could not be found.
2026-07-02 11:22:19.892 10 INFO neutron.wsgi [None req-84f95939-e32a-44a4-9b64-b788dddc091f d804ea9cbba34eccba4e59b7ceec8ec0 d113f35bdc3b4833859e9e7f314a6967 - - default default] 10.0.0.104 "DELETE /v2.0/vpn/ipsecpolicies/e89ba92c-e847-445d-aca4-a25e9e51bee2 HTTP/1.1" status: 404 len: 346 time: 0.0094903
2026-07-02 11:22:19.901 10 WARNING neutron_lib.context [None req-2de21014-3b85-4161-bd09-bdc49261b74a d804ea9cbba34eccba4e59b7ceec8ec0 d113f35bdc3b4833859e9e7f314a6967 - - default default] Method 'is_advsvc' is deprecated since 2023.2 release (neutron-lib 3.8.0) and will be removed once support for the old RBAC API policies will be removed from Neutron. Please use method 'is_service_role' instead.
2026-07-02 11:22:19.915 9 INFO neutron.db.ovn_revision_numbers_db [None req-331e7de1-19f4-4a98-88ac-a062c3db0569 696f96033bf2460988a04d0db1f69682 67fb3f64c1c54a1fab1e64276a4a8be0 - - default default] Successfully bumped revision number for resource 41bf948a-6fd1-4631-9089-e5b93757889d (type: networks) to 1
2026-07-02 11:22:20.162 9 WARNING neutron.scheduler.dhcp_agent_scheduler [None req-331e7de1-19f4-4a98-88ac-a062c3db0569 696f96033bf2460988a04d0db1f69682 67fb3f64c1c54a1fab1e64276a4a8be0 - - default default] No more DHCP agents
2026-07-02 11:22:20.163 9 WARNING neutron.api.rpc.agentnotifiers.dhcp_rpc_agent_api [None req-331e7de1-19f4-4a98-88ac-a062c3db0569 696f96033bf2460988a04d0db1f69682 67fb3f64c1c54a1fab1e64276a4a8be0 - - default default] Unable to schedule network 41bf948a-6fd1-4631-9089-e5b93757889d: no agents available; will retry on subsequent port and subnet creation events.
2026-07-02 11:22:20.246 9 INFO neutron.db.ovn_revision_numbers_db [None req-331e7de1-19f4-4a98-88ac-a062c3db0569 696f96033bf2460988a04d0db1f69682 67fb3f64c1c54a1fab1e64276a4a8be0 - - default default] Successfully bumped revision number for resource 54795606-bb3a-4c88-8d6a-6ddec04de124 (type: ports) to 1
2026-07-02 11:22:20.266 9 INFO neutron.wsgi [None req-331e7de1-19f4-4a98-88ac-a062c3db0569 696f96033bf2460988a04d0db1f69682 67fb3f64c1c54a1fab1e64276a4a8be0 - - default default] 10.0.0.104 "POST /v2.0/networks HTTP/1.1" status: 201 len: 831 time: 0.9354653
2026-07-02 11:22:20.277 9 WARNING neutron_lib.context [None req-f2a11e92-c343-4406-b508-f791d257e0ed 696f96033bf2460988a04d0db1f69682 67fb3f64c1c54a1fab1e64276a4a8be0 - - default default] Method 'is_advsvc' is deprecated since 2023.2 release (neutron-lib 3.8.0) and will be removed once support for the old RBAC API policies will be removed from Neutron. Please use method 'is_service_role' instead.
2026-07-02 11:22:20.343 10 INFO neutron.db.segments_db [None req-2de21014-3b85-4161-bd09-bdc49261b74a d804ea9cbba34eccba4e59b7ceec8ec0 d113f35bdc3b4833859e9e7f314a6967 - - default default] Added segment 73841ab8-13a2-432b-ab73-a540eb459905 of type geneve for network e5fa453a-30f3-47a3-bfbb-c953d29f2d60
2026-07-02 11:22:20.488 10 INFO neutron.db.ovn_revision_numbers_db [None req-2de21014-3b85-4161-bd09-bdc49261b74a d804ea9cbba34eccba4e59b7ceec8ec0 d113f35bdc3b4833859e9e7f314a6967 - - default default] Successfully bumped revision number for resource e5fa453a-30f3-47a3-bfbb-c953d29f2d60 (type: networks) to 1
2026-07-02 11:22:20.534 9 WARNING neutron.scheduler.dhcp_agent_scheduler [None req-f2a11e92-c343-4406-b508-f791d257e0ed 696f96033bf2460988a04d0db1f69682 67fb3f64c1c54a1fab1e64276a4a8be0 - - default default] No more DHCP agents
2026-07-02 11:22:20.535 9 WARNING neutron.api.rpc.agentnotifiers.dhcp_rpc_agent_api [None req-f2a11e92-c343-4406-b508-f791d257e0ed 696f96033bf2460988a04d0db1f69682 67fb3f64c1c54a1fab1e64276a4a8be0 - - default default] Unable to schedule network 41bf948a-6fd1-4631-9089-e5b93757889d: no agents available; will retry on subsequent port and subnet creation events.
2026-07-02 11:22:20.679 10 WARNING neutron.scheduler.dhcp_agent_scheduler [None req-2de21014-3b85-4161-bd09-bdc49261b74a d804ea9cbba34eccba4e59b7ceec8ec0 d113f35bdc3b4833859e9e7f314a6967 - - default default] No more DHCP agents
2026-07-02 11:22:20.682 10 WARNING neutron.api.rpc.agentnotifiers.dhcp_rpc_agent_api [None req-2de21014-3b85-4161-bd09-bdc49261b74a d804ea9cbba34eccba4e59b7ceec8ec0 d113f35bdc3b4833859e9e7f314a6967 - - default default] Unable to schedule network e5fa453a-30f3-47a3-bfbb-c953d29f2d60: no agents available; will retry on subsequent port and subnet creation events.
2026-07-02 11:22:20.755 10 INFO neutron.db.ovn_revision_numbers_db [None req-2de21014-3b85-4161-bd09-bdc49261b74a d804ea9cbba34eccba4e59b7ceec8ec0 d113f35bdc3b4833859e9e7f314a6967 - - default default] Successfully bumped revision number for resource b8d90786-ed6b-4a65-9212-659e22f0c9c9 (type: ports) to 1
2026-07-02 11:22:20.778 10 INFO neutron.wsgi [None req-2de21014-3b85-4161-bd09-bdc49261b74a d804ea9cbba34eccba4e59b7ceec8ec0 d113f35bdc3b4833859e9e7f314a6967 - - default default] 10.0.0.104 "POST /v2.0/networks HTTP/1.1" status: 201 len: 829 time: 0.8821912
