2026-07-02 11:19:34.682 9 WARNING neutron.scheduler.dhcp_agent_scheduler [None req-5fa4a065-8f9c-436e-9c82-1444532bb131 ccaec9837cb64771bf5c49dbb5dd3dd1 66f8c9c73e0148f2a337aeaccfdf1281 - - default default] No more DHCP agents
2026-07-02 11:19:34.687 9 WARNING neutron.api.rpc.agentnotifiers.dhcp_rpc_agent_api [None req-5fa4a065-8f9c-436e-9c82-1444532bb131 ccaec9837cb64771bf5c49dbb5dd3dd1 66f8c9c73e0148f2a337aeaccfdf1281 - - default default] Unable to schedule network 39ddc2ba-752d-4aac-85d6-81fb7b2e17aa: no agents available; will retry on subsequent port and subnet creation events.
2026-07-02 11:19:34.748 9 INFO neutron.db.ovn_revision_numbers_db [None req-eaa04058-5ecd-4710-ae05-10c6ddd7ead0 f63d376226924d07afc233b4405cc6eb b4b9170b6db24199867095bad6c1b95f - - default default] Successfully bumped revision number for resource 91372a12-3ae7-4490-ba1f-a5f11a8290ac (type: security_groups) to 1
2026-07-02 11:19:34.764 9 INFO neutron.db.ovn_revision_numbers_db [None req-eaa04058-5ecd-4710-ae05-10c6ddd7ead0 f63d376226924d07afc233b4405cc6eb b4b9170b6db24199867095bad6c1b95f - - default default] Successfully bumped revision number for resource 11b11bce-5792-4096-a06f-1664012311a5 (type: security_group_rules) to 0
2026-07-02 11:19:34.784 9 INFO neutron.db.ovn_revision_numbers_db [None req-eaa04058-5ecd-4710-ae05-10c6ddd7ead0 f63d376226924d07afc233b4405cc6eb b4b9170b6db24199867095bad6c1b95f - - default default] Successfully bumped revision number for resource 1deae295-7aea-49d2-a992-28cf3b6da5e1 (type: security_group_rules) to 0
2026-07-02 11:19:34.792 9 INFO neutron.db.ovn_revision_numbers_db [None req-5fa4a065-8f9c-436e-9c82-1444532bb131 ccaec9837cb64771bf5c49dbb5dd3dd1 66f8c9c73e0148f2a337aeaccfdf1281 - - default default] Successfully bumped revision number for resource c89a5250-73cb-4442-b70f-4baabcdacce6 (type: ports) to 1
2026-07-02 11:19:34.797 9 INFO neutron.db.ovn_revision_numbers_db [None req-eaa04058-5ecd-4710-ae05-10c6ddd7ead0 f63d376226924d07afc233b4405cc6eb b4b9170b6db24199867095bad6c1b95f - - default default] Successfully bumped revision number for resource 45a0aee9-9225-45d0-8a96-911276f46fe2 (type: security_group_rules) to 0
2026-07-02 11:19:34.815 9 INFO neutron.wsgi [None req-5fa4a065-8f9c-436e-9c82-1444532bb131 ccaec9837cb64771bf5c49dbb5dd3dd1 66f8c9c73e0148f2a337aeaccfdf1281 - - default default] 10.0.0.104 "POST /v2.0/networks HTTP/1.1" status: 201 len: 833 time: 1.0043480
2026-07-02 11:19:34.816 9 INFO neutron.db.ovn_revision_numbers_db [None req-eaa04058-5ecd-4710-ae05-10c6ddd7ead0 f63d376226924d07afc233b4405cc6eb b4b9170b6db24199867095bad6c1b95f - - default default] Successfully bumped revision number for resource eba523c4-7543-4cd7-a8af-f9e9e92beaf3 (type: security_group_rules) to 0
2026-07-02 11:19:34.832 10 WARNING neutron_lib.context [None req-b2655f2b-4d59-419f-9153-311fdaaaa60e ccaec9837cb64771bf5c49dbb5dd3dd1 66f8c9c73e0148f2a337aeaccfdf1281 - - default default] Method 'is_advsvc' is deprecated since 2023.2 release (neutron-lib 3.8.0) and will be removed once support for the old RBAC API policies will be removed from Neutron. Please use method 'is_service_role' instead.
2026-07-02 11:19:34.844 9 INFO neutron.wsgi [None req-eaa04058-5ecd-4710-ae05-10c6ddd7ead0 f63d376226924d07afc233b4405cc6eb b4b9170b6db24199867095bad6c1b95f - - default default] 10.0.0.104 "GET /v2.0/security-groups?tenant_id=e34ca9ed2c264265870fe8aa4dbad638&name=default HTTP/1.1" status: 200 len: 3120 time: 0.3769162
2026-07-02 11:19:34.935 10 INFO neutron.db.segments_db [None req-b2655f2b-4d59-419f-9153-311fdaaaa60e ccaec9837cb64771bf5c49dbb5dd3dd1 66f8c9c73e0148f2a337aeaccfdf1281 - - default default] Added segment b78fcb24-e019-4ee2-af0f-95cf3bc33bf5 of type geneve for network 29a47fbc-1311-4742-81f8-1177f1f97647
2026-07-02 11:19:35.054 9 INFO neutron.wsgi [None req-8246e4e1-f9f0-4648-bd00-b750a188d2d9 f63d376226924d07afc233b4405cc6eb b4b9170b6db24199867095bad6c1b95f - - default default] 10.0.0.104 "DELETE /v2.0/security-groups/91372a12-3ae7-4490-ba1f-a5f11a8290ac HTTP/1.1" status: 204 len: 168 time: 0.2046692
2026-07-02 11:19:35.358 9 INFO neutron.db.ovn_revision_numbers_db [None req-75b96531-44a2-44f8-8c65-465505749089 f63d376226924d07afc233b4405cc6eb b4b9170b6db24199867095bad6c1b95f - - default default] Successfully bumped revision number for resource ee4230bf-1f39-4006-9639-ac70ff8f3027 (type: security_groups) to 1
2026-07-02 11:19:35.378 9 INFO neutron.db.ovn_revision_numbers_db [None req-75b96531-44a2-44f8-8c65-465505749089 f63d376226924d07afc233b4405cc6eb b4b9170b6db24199867095bad6c1b95f - - default default] Successfully bumped revision number for resource 14383d05-4e15-434b-932b-313c3ea84488 (type: security_group_rules) to 0
2026-07-02 11:19:35.397 9 INFO neutron.db.ovn_revision_numbers_db [None req-75b96531-44a2-44f8-8c65-465505749089 f63d376226924d07afc233b4405cc6eb b4b9170b6db24199867095bad6c1b95f - - default default] Successfully bumped revision number for resource 1682ffd4-50fa-4429-9f8d-95820758fdef (type: security_group_rules) to 0
2026-07-02 11:19:35.409 10 INFO neutron.db.ovn_revision_numbers_db [None req-b2655f2b-4d59-419f-9153-311fdaaaa60e ccaec9837cb64771bf5c49dbb5dd3dd1 66f8c9c73e0148f2a337aeaccfdf1281 - - default default] Successfully bumped revision number for resource 29a47fbc-1311-4742-81f8-1177f1f97647 (type: networks) to 1
2026-07-02 11:19:35.411 9 INFO neutron.db.ovn_revision_numbers_db [None req-75b96531-44a2-44f8-8c65-465505749089 f63d376226924d07afc233b4405cc6eb b4b9170b6db24199867095bad6c1b95f - - default default] Successfully bumped revision number for resource 7a1eb512-d58b-4845-825d-d7f90f58067c (type: security_group_rules) to 0
2026-07-02 11:19:35.427 9 INFO neutron.db.ovn_revision_numbers_db [None req-75b96531-44a2-44f8-8c65-465505749089 f63d376226924d07afc233b4405cc6eb b4b9170b6db24199867095bad6c1b95f - - default default] Successfully bumped revision number for resource fb27c3b5-3b35-4eb6-81ac-d8425a62917e (type: security_group_rules) to 0
2026-07-02 11:19:35.449 9 INFO neutron.wsgi [None req-75b96531-44a2-44f8-8c65-465505749089 f63d376226924d07afc233b4405cc6eb b4b9170b6db24199867095bad6c1b95f - - default default] 10.0.0.104 "GET /v2.0/security-groups?tenant_id=864dc8e1a6fa45d192692b822d8e97f9&name=default HTTP/1.1" status: 200 len: 3120 time: 0.2366865
2026-07-02 11:19:35.531 10 INFO neutron.db.ovn_revision_numbers_db [None req-f4b4694e-1904-4f2b-9a70-34c2f2a8c0c9 80d6069d8aa4438ba83c9c5a8a8565cc f1218680d9384e6f8765df9b0840e160 - - default default] Successfully bumped revision number for resource c3ad84e8-f4ee-4321-81fb-f1c527f9559c (type: floatingips) to -1
2026-07-02 11:19:35.638 10 WARNING neutron.plugins.ml2.drivers.ovn.mech_driver.ovsdb.ovn_client [None req-d29b10a6-2eee-414c-9d3b-db23914ab104 - - - - - -] No hosting information found for port b37cafa6-750d-478d-a36a-44e6534b3250: RuntimeError: No hosting information found for port b37cafa6-750d-478d-a36a-44e6534b3250
2026-07-02 11:19:35.694 9 INFO neutron.wsgi [None req-379f5a9b-a326-4840-ac60-c408295a3e2b f63d376226924d07afc233b4405cc6eb b4b9170b6db24199867095bad6c1b95f - - default default] 10.0.0.104 "DELETE /v2.0/security-groups/ee4230bf-1f39-4006-9639-ac70ff8f3027 HTTP/1.1" status: 204 len: 168 time: 0.2402267
2026-07-02 11:19:35.696 10 WARNING neutron.scheduler.dhcp_agent_scheduler [None req-b2655f2b-4d59-419f-9153-311fdaaaa60e ccaec9837cb64771bf5c49dbb5dd3dd1 66f8c9c73e0148f2a337aeaccfdf1281 - - default default] No more DHCP agents
2026-07-02 11:19:35.700 10 WARNING neutron.api.rpc.agentnotifiers.dhcp_rpc_agent_api [None req-b2655f2b-4d59-419f-9153-311fdaaaa60e ccaec9837cb64771bf5c49dbb5dd3dd1 66f8c9c73e0148f2a337aeaccfdf1281 - - default default] Unable to schedule network 29a47fbc-1311-4742-81f8-1177f1f97647: no agents available; will retry on subsequent port and subnet creation events.
2026-07-02 11:19:35.713 10 INFO neutron.db.ovn_revision_numbers_db [None req-f4b4694e-1904-4f2b-9a70-34c2f2a8c0c9 80d6069d8aa4438ba83c9c5a8a8565cc f1218680d9384e6f8765df9b0840e160 - - default default] Successfully bumped revision number for resource c3ad84e8-f4ee-4321-81fb-f1c527f9559c (type: floatingips) to 1
2026-07-02 11:19:35.714 10 INFO neutron.db.l3_db [None req-f4b4694e-1904-4f2b-9a70-34c2f2a8c0c9 80d6069d8aa4438ba83c9c5a8a8565cc f1218680d9384e6f8765df9b0840e160 - - default default] Floating IP c3ad84e8-f4ee-4321-81fb-f1c527f9559c associated. External IP: 10.96.250.204, port: 2d164237-df99-4aac-b8de-ed47d198e613.
2026-07-02 11:19:35.779 10 INFO neutron.wsgi [None req-f4b4694e-1904-4f2b-9a70-34c2f2a8c0c9 80d6069d8aa4438ba83c9c5a8a8565cc f1218680d9384e6f8765df9b0840e160 - - default default] 10.0.0.104 "POST /v2.0/floatingips HTTP/1.1" status: 201 len: 1041 time: 1.7581995
2026-07-02 11:19:35.792 10 INFO neutron.db.ovn_revision_numbers_db [None req-b2655f2b-4d59-419f-9153-311fdaaaa60e ccaec9837cb64771bf5c49dbb5dd3dd1 66f8c9c73e0148f2a337aeaccfdf1281 - - default default] Successfully bumped revision number for resource 0740f968-1ae7-43de-bd3c-1d2db7b83357 (type: ports) to 1
2026-07-02 11:19:35.812 10 INFO neutron.wsgi [None req-b2655f2b-4d59-419f-9153-311fdaaaa60e ccaec9837cb64771bf5c49dbb5dd3dd1 66f8c9c73e0148f2a337aeaccfdf1281 - - default default] 10.0.0.104 "POST /v2.0/networks HTTP/1.1" status: 201 len: 832 time: 0.9848702
2026-07-02 11:19:35.820 10 WARNING neutron_lib.context [None req-b2a35ee2-7888-4df6-a79c-40871b7ef8de ccaec9837cb64771bf5c49dbb5dd3dd1 66f8c9c73e0148f2a337aeaccfdf1281 - - default default] Method 'is_advsvc' is deprecated since 2023.2 release (neutron-lib 3.8.0) and will be removed once support for the old RBAC API policies will be removed from Neutron. Please use method 'is_service_role' instead.
2026-07-02 11:19:35.993 9 INFO neutron.db.ovn_revision_numbers_db [None req-fe952e1e-e154-4b58-a654-897c4ba71bca 80d6069d8aa4438ba83c9c5a8a8565cc f1218680d9384e6f8765df9b0840e160 - - default default] Successfully bumped revision number for resource c3ad84e8-f4ee-4321-81fb-f1c527f9559c (type: floatingips) to 2
2026-07-02 11:19:36.062 9 INFO neutron.db.l3_db [None req-fe952e1e-e154-4b58-a654-897c4ba71bca 80d6069d8aa4438ba83c9c5a8a8565cc f1218680d9384e6f8765df9b0840e160 - - default default] Floating IP c3ad84e8-f4ee-4321-81fb-f1c527f9559c disassociated. External IP: 10.96.250.204, port: 2d164237-df99-4aac-b8de-ed47d198e613.
2026-07-02 11:19:36.100 9 INFO neutron.wsgi [None req-fe952e1e-e154-4b58-a654-897c4ba71bca 80d6069d8aa4438ba83c9c5a8a8565cc f1218680d9384e6f8765df9b0840e160 - - default default] 10.0.0.104 "PUT /v2.0/floatingips/c3ad84e8-f4ee-4321-81fb-f1c527f9559c HTTP/1.1" status: 200 len: 748 time: 0.3153646
2026-07-02 11:19:36.183 10 WARNING neutron.scheduler.dhcp_agent_scheduler [None req-b2a35ee2-7888-4df6-a79c-40871b7ef8de ccaec9837cb64771bf5c49dbb5dd3dd1 66f8c9c73e0148f2a337aeaccfdf1281 - - default default] No more DHCP agents
2026-07-02 11:19:36.195 10 WARNING neutron.api.rpc.agentnotifiers.dhcp_rpc_agent_api [None req-b2a35ee2-7888-4df6-a79c-40871b7ef8de ccaec9837cb64771bf5c49dbb5dd3dd1 66f8c9c73e0148f2a337aeaccfdf1281 - - default default] Unable to schedule network 39ddc2ba-752d-4aac-85d6-81fb7b2e17aa: no agents available; will retry on subsequent port and subnet creation events.
2026-07-02 11:19:36.234 10 INFO neutron.db.ovn_revision_numbers_db [None req-b2a35ee2-7888-4df6-a79c-40871b7ef8de ccaec9837cb64771bf5c49dbb5dd3dd1 66f8c9c73e0148f2a337aeaccfdf1281 - - default default] Successfully bumped revision number for resource 9a627dcf-2ac9-45f4-82a6-2c03b6e86599 (type: subnets) to 0
2026-07-02 11:19:36.248 10 INFO neutron.wsgi [None req-b2a35ee2-7888-4df6-a79c-40871b7ef8de ccaec9837cb64771bf5c49dbb5dd3dd1 66f8c9c73e0148f2a337aeaccfdf1281 - - default default] 10.0.0.104 "POST /v2.0/subnets HTTP/1.1" status: 201 len: 821 time: 0.4318488
2026-07-02 11:19:36.263 9 WARNING neutron_lib.context [None req-aeee0a11-e5fb-4569-835d-f2c2ba1463f2 ccaec9837cb64771bf5c49dbb5dd3dd1 66f8c9c73e0148f2a337aeaccfdf1281 - - default default] Method 'is_advsvc' is deprecated since 2023.2 release (neutron-lib 3.8.0) and will be removed once support for the old RBAC API policies will be removed from Neutron. Please use method 'is_service_role' instead.
2026-07-02 11:19:36.499 10 INFO neutron.wsgi [None req-37eead82-4428-4baf-8d82-3ae3994c0c6c 80d6069d8aa4438ba83c9c5a8a8565cc f1218680d9384e6f8765df9b0840e160 - - default default] 10.0.0.104 "DELETE /v2.0/floatingips/c3ad84e8-f4ee-4321-81fb-f1c527f9559c HTTP/1.1" status: 204 len: 168 time: 0.3929021
2026-07-02 11:19:36.513 10 WARNING neutron_lib.context [None req-8d0718a2-8b72-4cae-bfd9-74f768377aef 80d6069d8aa4438ba83c9c5a8a8565cc f1218680d9384e6f8765df9b0840e160 - - default default] Method 'is_advsvc' is deprecated since 2023.2 release (neutron-lib 3.8.0) and will be removed once support for the old RBAC API policies will be removed from Neutron. Please use method 'is_service_role' instead.
2026-07-02 11:19:36.516 9 WARNING neutron.scheduler.dhcp_agent_scheduler [None req-aeee0a11-e5fb-4569-835d-f2c2ba1463f2 ccaec9837cb64771bf5c49dbb5dd3dd1 66f8c9c73e0148f2a337aeaccfdf1281 - - default default] No more DHCP agents
2026-07-02 11:19:36.519 9 WARNING neutron.api.rpc.agentnotifiers.dhcp_rpc_agent_api [None req-aeee0a11-e5fb-4569-835d-f2c2ba1463f2 ccaec9837cb64771bf5c49dbb5dd3dd1 66f8c9c73e0148f2a337aeaccfdf1281 - - default default] Unable to schedule network 29a47fbc-1311-4742-81f8-1177f1f97647: no agents available; will retry on subsequent port and subnet creation events.
2026-07-02 11:19:36.552 9 INFO neutron.db.ovn_revision_numbers_db [None req-aeee0a11-e5fb-4569-835d-f2c2ba1463f2 ccaec9837cb64771bf5c49dbb5dd3dd1 66f8c9c73e0148f2a337aeaccfdf1281 - - default default] Successfully bumped revision number for resource f9cbb815-e250-4c25-9ffb-ca03c5d6b083 (type: subnets) to 0
2026-07-02 11:19:36.577 9 INFO neutron.wsgi [None req-aeee0a11-e5fb-4569-835d-f2c2ba1463f2 ccaec9837cb64771bf5c49dbb5dd3dd1 66f8c9c73e0148f2a337aeaccfdf1281 - - default default] 10.0.0.104 "POST /v2.0/subnets HTTP/1.1" status: 201 len: 830 time: 0.3216786
2026-07-02 11:19:36.589 9 WARNING neutron_lib.context [None req-34015d41-4aeb-489d-91ef-980278ea4b65 ccaec9837cb64771bf5c49dbb5dd3dd1 66f8c9c73e0148f2a337aeaccfdf1281 - - default default] Method 'is_advsvc' is deprecated since 2023.2 release (neutron-lib 3.8.0) and will be removed once support for the old RBAC API policies will be removed from Neutron. Please use method 'is_service_role' instead.
2026-07-02 11:19:36.736 9 INFO neutron.db.ovn_revision_numbers_db [None req-34015d41-4aeb-489d-91ef-980278ea4b65 ccaec9837cb64771bf5c49dbb5dd3dd1 66f8c9c73e0148f2a337aeaccfdf1281 - - default default] Successfully bumped revision number for resource 75dd7902-5594-49b0-812e-66124682f75e (type: routers) to 1
2026-07-02 11:19:36.755 9 INFO neutron.wsgi [None req-34015d41-4aeb-489d-91ef-980278ea4b65 ccaec9837cb64771bf5c49dbb5dd3dd1 66f8c9c73e0148f2a337aeaccfdf1281 - - default default] 10.0.0.104 "POST /v2.0/routers HTTP/1.1" status: 201 len: 806 time: 0.1717391
2026-07-02 11:19:36.812 10 WARNING neutron.scheduler.dhcp_agent_scheduler [None req-8d0718a2-8b72-4cae-bfd9-74f768377aef 80d6069d8aa4438ba83c9c5a8a8565cc f1218680d9384e6f8765df9b0840e160 - - default default] No more DHCP agents
2026-07-02 11:19:36.813 10 WARNING neutron.api.rpc.agentnotifiers.dhcp_rpc_agent_api [None req-8d0718a2-8b72-4cae-bfd9-74f768377aef 80d6069d8aa4438ba83c9c5a8a8565cc f1218680d9384e6f8765df9b0840e160 - - default default] Unable to schedule network 7dba4a88-12fc-43ab-8cec-fbe77622f4f5: no agents available; will retry on subsequent port and subnet creation events.
2026-07-02 11:19:37.491 9 WARNING neutron.scheduler.dhcp_agent_scheduler [None req-8f01cd7d-3063-400d-bfa3-84c4a5b0fbfd ccaec9837cb64771bf5c49dbb5dd3dd1 66f8c9c73e0148f2a337aeaccfdf1281 - - default default] No more DHCP agents
2026-07-02 11:19:37.492 9 WARNING neutron.api.rpc.agentnotifiers.dhcp_rpc_agent_api [None req-8f01cd7d-3063-400d-bfa3-84c4a5b0fbfd ccaec9837cb64771bf5c49dbb5dd3dd1 66f8c9c73e0148f2a337aeaccfdf1281 - - default default] Unable to schedule network 39ddc2ba-752d-4aac-85d6-81fb7b2e17aa: no agents available; will retry on subsequent port and subnet creation events.
2026-07-02 11:19:37.590 9 WARNING neutron.plugins.ml2.drivers.ovn.mech_driver.ovsdb.ovn_client [None req-f4c65934-f4f2-410b-85bb-81713c3aadac - - - - - -] No hosting information found for port 67f8d3e7-b077-4f2a-a2d7-dc2007448269: RuntimeError: No hosting information found for port 67f8d3e7-b077-4f2a-a2d7-dc2007448269
2026-07-02 11:19:37.673 9 INFO neutron.db.ovn_revision_numbers_db [None req-8f01cd7d-3063-400d-bfa3-84c4a5b0fbfd ccaec9837cb64771bf5c49dbb5dd3dd1 66f8c9c73e0148f2a337aeaccfdf1281 - - default default] Successfully bumped revision number for resource a734d6aa-354c-4976-afbe-0c76ab306ce1 (type: ports) to 1
2026-07-02 11:19:37.709 10 INFO neutron.db.ovn_revision_numbers_db [None req-8d0718a2-8b72-4cae-bfd9-74f768377aef 80d6069d8aa4438ba83c9c5a8a8565cc f1218680d9384e6f8765df9b0840e160 - - default default] Successfully bumped revision number for resource 8d5c8d74-c9bc-4ecf-9113-5f7260d51935 (type: floatingips) to -1
2026-07-02 11:19:37.836 10 INFO neutron.db.ovn_revision_numbers_db [None req-8d0718a2-8b72-4cae-bfd9-74f768377aef 80d6069d8aa4438ba83c9c5a8a8565cc f1218680d9384e6f8765df9b0840e160 - - default default] Successfully bumped revision number for resource 8d5c8d74-c9bc-4ecf-9113-5f7260d51935 (type: floatingips) to 1
2026-07-02 11:19:37.837 10 INFO neutron.db.l3_db [None req-8d0718a2-8b72-4cae-bfd9-74f768377aef 80d6069d8aa4438ba83c9c5a8a8565cc f1218680d9384e6f8765df9b0840e160 - - default default] Floating IP 8d5c8d74-c9bc-4ecf-9113-5f7260d51935 associated. External IP: 10.96.250.210, port: 72a56939-ace7-443d-a726-cd178a56ac1c.
2026-07-02 11:19:37.880 10 INFO neutron.wsgi [None req-8d0718a2-8b72-4cae-bfd9-74f768377aef 80d6069d8aa4438ba83c9c5a8a8565cc f1218680d9384e6f8765df9b0840e160 - - default default] 10.0.0.104 "POST /v2.0/floatingips HTTP/1.1" status: 201 len: 1042 time: 1.3720553 /var/lib/openstack/lib/python3.10/site-packages/pycadf/identifier.py:71: UserWarning: Invalid uuid: neutron. To ensure interoperability, identifiers should be a valid uuid. warnings.warn(('Invalid uuid: %s. To ensure interoperability, '
2026-07-02 11:19:38.157 9 ERROR ovsdbapp.backend.ovs_idl.command [None req-8f01cd7d-3063-400d-bfa3-84c4a5b0fbfd ccaec9837cb64771bf5c49dbb5dd3dd1 66f8c9c73e0148f2a337aeaccfdf1281 - - default default] Error executing command (DbGetCommand): ovsdbapp.backend.ovs_idl.idlutils.RowNotFound: Cannot find Logical_Router_Port with name=lrp-a734d6aa-354c-4976-afbe-0c76ab306ce1
2026-07-02 11:19:38.157 9 ERROR ovsdbapp.backend.ovs_idl.command
Traceback (most recent call last):
2026-07-02 11:19:38.157 9 ERROR ovsdbapp.backend.ovs_idl.command
File "/var/lib/openstack/lib/python3.10/site-packages/ovsdbapp/backend/ovs_idl/command.py", line 47, in execute
2026-07-02 11:19:38.157 9 ERROR ovsdbapp.backend.ovs_idl.command self.run_idl(None)
2026-07-02 11:19:38.157 9 ERROR ovsdbapp.backend.ovs_idl.command
File "/var/lib/openstack/lib/python3.10/site-packages/ovsdbapp/backend/ovs_idl/command.py", line 235, in run_idl
2026-07-02 11:19:38.157 9 ERROR ovsdbapp.backend.ovs_idl.command record = self.api.lookup(self.table, self.record)
2026-07-02 11:19:38.157 9 ERROR ovsdbapp.backend.ovs_idl.command
File "/var/lib/openstack/lib/python3.10/site-packages/ovsdbapp/backend/ovs_idl/__init__.py", line 184, in lookup
2026-07-02 11:19:38.157 9 ERROR ovsdbapp.backend.ovs_idl.command return self._lookup(table, record)
2026-07-02 11:19:38.157 9 ERROR ovsdbapp.backend.ovs_idl.command
File "/var/lib/openstack/lib/python3.10/site-packages/ovsdbapp/backend/ovs_idl/__init__.py", line 235, in _lookup
2026-07-02 11:19:38.157 9 ERROR ovsdbapp.backend.ovs_idl.command row = idlutils.row_by_value(self, rl.table, rl.column, record)
2026-07-02 11:19:38.157 9 ERROR ovsdbapp.backend.ovs_idl.command
File "/var/lib/openstack/lib/python3.10/site-packages/ovsdbapp/backend/ovs_idl/idlutils.py", line 114, in row_by_value
2026-07-02 11:19:38.157 9 ERROR ovsdbapp.backend.ovs_idl.command raise RowNotFound(table=table, col=column, match=match)
2026-07-02 11:19:38.157 9 ERROR ovsdbapp.backend.ovs_idl.command ovsdbapp.backend.ovs_idl.idlutils.RowNotFound: Cannot find Logical_Router_Port with name=lrp-a734d6aa-354c-4976-afbe-0c76ab306ce1
2026-07-02 11:19:38.157 9 ERROR ovsdbapp.backend.ovs_idl.command 
2026-07-02 11:19:38.158 9 ERROR neutron_lib.callbacks.manager [None req-8f01cd7d-3063-400d-bfa3-84c4a5b0fbfd ccaec9837cb64771bf5c49dbb5dd3dd1 66f8c9c73e0148f2a337aeaccfdf1281 - - default default] Error during notification for neutron.services.ovn_l3.plugin.OVNL3RouterPlugin._port_update-8770631143142 port, after_update: ovsdbapp.backend.ovs_idl.idlutils.RowNotFound: Cannot find Logical_Router_Port with name=lrp-a734d6aa-354c-4976-afbe-0c76ab306ce1
2026-07-02 11:19:38.158 9 ERROR neutron_lib.callbacks.manager
Traceback (most recent call last):
2026-07-02 11:19:38.158 9 ERROR neutron_lib.callbacks.manager
File "/var/lib/openstack/lib/python3.10/site-packages/neutron_lib/callbacks/manager.py", line 189, in _notify_loop
2026-07-02 11:19:38.158 9 ERROR neutron_lib.callbacks.manager callback.method(resource, event, trigger, payload=payload)
2026-07-02 11:19:38.158 9 ERROR neutron_lib.callbacks.manager
File "/var/lib/openstack/lib/python3.10/site-packages/neutron/services/ovn_l3/plugin.py", line 391, in _port_update
2026-07-02 11:19:38.158 9 ERROR neutron_lib.callbacks.manager l3plugin._ovn_client.update_router_port(context,
2026-07-02 11:19:38.158 9 ERROR neutron_lib.callbacks.manager
File "/var/lib/openstack/lib/python3.10/site-packages/neutron/plugins/ml2/drivers/ovn/mech_driver/ovsdb/ovn_client.py", line 1878, in update_router_port
2026-07-02 11:19:38.158 9 ERROR neutron_lib.callbacks.manager self._update_lrouter_port(context, port, if_exists=if_exists,
2026-07-02 11:19:38.158 9 ERROR neutron_lib.callbacks.manager
File "/var/lib/openstack/lib/python3.10/site-packages/neutron/plugins/ml2/drivers/ovn/mech_driver/ovsdb/ovn_client.py", line 1855, in _update_lrouter_port
2026-07-02 11:19:38.158 9 ERROR neutron_lib.callbacks.manager external_ids = self._nb_idl.db_get(
2026-07-02 11:19:38.158 9 ERROR neutron_lib.callbacks.manager
File "/var/lib/openstack/lib/python3.10/site-packages/ovsdbapp/backend/ovs_idl/command.py", line 47, in execute
2026-07-02 11:19:38.158 9 ERROR neutron_lib.callbacks.manager self.run_idl(None)
2026-07-02 11:19:38.158 9 ERROR neutron_lib.callbacks.manager
File "/var/lib/openstack/lib/python3.10/site-packages/ovsdbapp/backend/ovs_idl/command.py", line 235, in run_idl
2026-07-02 11:19:38.158 9 ERROR neutron_lib.callbacks.manager record = self.api.lookup(self.table, self.record)
2026-07-02 11:19:38.158 9 ERROR neutron_lib.callbacks.manager
File "/var/lib/openstack/lib/python3.10/site-packages/ovsdbapp/backend/ovs_idl/__init__.py", line 184, in lookup
2026-07-02 11:19:38.158 9 ERROR neutron_lib.callbacks.manager return self._lookup(table, record)
2026-07-02 11:19:38.158 9 ERROR neutron_lib.callbacks.manager
File "/var/lib/openstack/lib/python3.10/site-packages/ovsdbapp/backend/ovs_idl/__init__.py", line 235, in _lookup
2026-07-02 11:19:38.158 9 ERROR neutron_lib.callbacks.manager row = idlutils.row_by_value(self, rl.table, rl.column, record)
2026-07-02 11:19:38.158 9 ERROR neutron_lib.callbacks.manager
File "/var/lib/openstack/lib/python3.10/site-packages/ovsdbapp/backend/ovs_idl/idlutils.py", line 114, in row_by_value
2026-07-02 11:19:38.158 9 ERROR neutron_lib.callbacks.manager raise RowNotFound(table=table, col=column, match=match)
2026-07-02 11:19:38.158 9 ERROR neutron_lib.callbacks.manager ovsdbapp.backend.ovs_idl.idlutils.RowNotFound: Cannot find Logical_Router_Port with name=lrp-a734d6aa-354c-4976-afbe-0c76ab306ce1
2026-07-02 11:19:38.158 9 ERROR neutron_lib.callbacks.manager  /var/lib/openstack/lib/python3.10/site-packages/pycadf/identifier.py:71: UserWarning: Invalid uuid: neutron. To ensure interoperability, identifiers should be a valid uuid. warnings.warn(('Invalid uuid: %s. To ensure interoperability, '
2026-07-02 11:19:38.215 10 INFO neutron.wsgi [None req-fb6fb27c-ac13-4ea1-8f19-260f4fd4f50f 80d6069d8aa4438ba83c9c5a8a8565cc f1218680d9384e6f8765df9b0840e160 - - default default] 10.0.0.104 "GET /v2.0/floatingips/8d5c8d74-c9bc-4ecf-9113-5f7260d51935 HTTP/1.1" status: 200 len: 1039 time: 0.3292699
2026-07-02 11:19:38.299 10 INFO neutron.wsgi [None req-81ee1fcf-cfd5-42ea-a384-271f628def5a 80d6069d8aa4438ba83c9c5a8a8565cc f1218680d9384e6f8765df9b0840e160 - - default default] 10.0.0.104 "GET /v2.0/floatingips HTTP/1.1" status: 200 len: 1042 time: 0.0792100
2026-07-02 11:19:38.337 10 INFO neutron.plugins.ml2.drivers.ovn.mech_driver.mech_driver [None req-d29b10a6-2eee-414c-9d3b-db23914ab104 - - - - - -] OVN reports status up for port: a734d6aa-354c-4976-afbe-0c76ab306ce1
2026-07-02 11:19:38.345 10 INFO neutron.plugins.ml2.plugin [None req-d29b10a6-2eee-414c-9d3b-db23914ab104 - - - - - -] Attempt 1 to provision port a734d6aa-354c-4976-afbe-0c76ab306ce1
2026-07-02 11:19:38.369 9 INFO neutron.db.ovn_revision_numbers_db [None req-8f01cd7d-3063-400d-bfa3-84c4a5b0fbfd ccaec9837cb64771bf5c49dbb5dd3dd1 66f8c9c73e0148f2a337aeaccfdf1281 - - default default] Successfully bumped revision number for resource a734d6aa-354c-4976-afbe-0c76ab306ce1 (type: ports) to 1
2026-07-02 11:19:38.410 9 INFO neutron.db.ovn_revision_numbers_db [None req-d37a660d-f589-4ed8-91e1-ba7d26e05e9b f63d376226924d07afc233b4405cc6eb b4b9170b6db24199867095bad6c1b95f - - default default] Successfully bumped revision number for resource 433436e6-98bc-4901-965d-435ba3d07e7b (type: security_groups) to 1
2026-07-02 11:19:38.436 9 INFO neutron.db.ovn_revision_numbers_db [None req-d37a660d-f589-4ed8-91e1-ba7d26e05e9b f63d376226924d07afc233b4405cc6eb b4b9170b6db24199867095bad6c1b95f - - default default] Successfully bumped revision number for resource 676e0c95-0c4e-4b4f-abf6-74707c0fa71b (type: security_group_rules) to 0
2026-07-02 11:19:38.464 9 INFO neutron.db.ovn_revision_numbers_db [None req-d37a660d-f589-4ed8-91e1-ba7d26e05e9b f63d376226924d07afc233b4405cc6eb b4b9170b6db24199867095bad6c1b95f - - default default] Successfully bumped revision number for resource 929716e5-43a2-4fa1-b6c3-e680023d808e (type: security_group_rules) to 0
2026-07-02 11:19:38.473 9 WARNING neutron.scheduler.dhcp_agent_scheduler [None req-8f01cd7d-3063-400d-bfa3-84c4a5b0fbfd ccaec9837cb64771bf5c49dbb5dd3dd1 66f8c9c73e0148f2a337aeaccfdf1281 - - default default] No more DHCP agents
2026-07-02 11:19:38.476 9 WARNING neutron.api.rpc.agentnotifiers.dhcp_rpc_agent_api [None req-8f01cd7d-3063-400d-bfa3-84c4a5b0fbfd ccaec9837cb64771bf5c49dbb5dd3dd1 66f8c9c73e0148f2a337aeaccfdf1281 - - default default] Unable to schedule network 39ddc2ba-752d-4aac-85d6-81fb7b2e17aa: no agents available; will retry on subsequent port and subnet creation events.
2026-07-02 11:19:38.481 9 INFO neutron.db.ovn_revision_numbers_db [None req-d37a660d-f589-4ed8-91e1-ba7d26e05e9b f63d376226924d07afc233b4405cc6eb b4b9170b6db24199867095bad6c1b95f - - default default] Successfully bumped revision number for resource b70e2f38-52bb-418e-a668-2ef48c0faa03 (type: security_group_rules) to 0
2026-07-02 11:19:38.508 9 INFO neutron.db.ovn_revision_numbers_db [None req-d37a660d-f589-4ed8-91e1-ba7d26e05e9b f63d376226924d07afc233b4405cc6eb b4b9170b6db24199867095bad6c1b95f - - default default] Successfully bumped revision number for resource fbcce98e-8e4b-48db-b7bb-f093145f244b (type: security_group_rules) to 0
2026-07-02 11:19:38.518 9 INFO neutron.db.ovn_revision_numbers_db [None req-630f8124-7435-4aa4-8b14-e5f2b6f06c15 f63d376226924d07afc233b4405cc6eb b4b9170b6db24199867095bad6c1b95f - - default default] Successfully bumped revision number for resource ca0337af-ff46-4e69-a8d6-4ce1bea76886 (type: security_groups) to 1
2026-07-02 11:19:38.547 9 INFO neutron.wsgi [None req-d37a660d-f589-4ed8-91e1-ba7d26e05e9b f63d376226924d07afc233b4405cc6eb b4b9170b6db24199867095bad6c1b95f - - default default] 10.0.0.104 "GET /v2.0/security-groups?tenant_id=e2cdb219a21d4262ba0ae430c5d0f921&name=default HTTP/1.1" status: 200 len: 3120 time: 0.5056221
2026-07-02 11:19:38.574 9 INFO neutron.db.ovn_revision_numbers_db [None req-630f8124-7435-4aa4-8b14-e5f2b6f06c15 f63d376226924d07afc233b4405cc6eb b4b9170b6db24199867095bad6c1b95f - - default default] Successfully bumped revision number for resource 446deae2-6377-48e5-979b-95361f702a76 (type: security_group_rules) to 0
2026-07-02 11:19:38.607 9 INFO neutron.db.ovn_revision_numbers_db [None req-630f8124-7435-4aa4-8b14-e5f2b6f06c15 f63d376226924d07afc233b4405cc6eb b4b9170b6db24199867095bad6c1b95f - - default default] Successfully bumped revision number for resource 661d84e8-9890-471f-9c27-7574ea929985 (type: security_group_rules) to 0
2026-07-02 11:19:38.638 9 INFO neutron.db.ovn_revision_numbers_db [None req-630f8124-7435-4aa4-8b14-e5f2b6f06c15 f63d376226924d07afc233b4405cc6eb b4b9170b6db24199867095bad6c1b95f - - default default] Successfully bumped revision number for resource a35de6df-5d66-4f30-8efc-1f1bc90b9cbc (type: security_group_rules) to 0
2026-07-02 11:19:38.666 9 INFO neutron.db.ovn_revision_numbers_db [None req-630f8124-7435-4aa4-8b14-e5f2b6f06c15 f63d376226924d07afc233b4405cc6eb b4b9170b6db24199867095bad6c1b95f - - default default] Successfully bumped revision number for resource cfa2c261-858b-4105-aedc-aee5dce79dcb (type: security_group_rules) to 0
2026-07-02 11:19:38.707 9 INFO neutron.wsgi [None req-630f8124-7435-4aa4-8b14-e5f2b6f06c15 f63d376226924d07afc233b4405cc6eb b4b9170b6db24199867095bad6c1b95f - - default default] 10.0.0.104 "GET /v2.0/security-groups?tenant_id=accccc0b98444d16bc3f16f825d7d111&name=default HTTP/1.1" status: 200 len: 3120 time: 0.4131818
2026-07-02 11:19:38.724 9 INFO neutron.db.ovn_revision_numbers_db [None req-8f01cd7d-3063-400d-bfa3-84c4a5b0fbfd ccaec9837cb64771bf5c49dbb5dd3dd1 66f8c9c73e0148f2a337aeaccfdf1281 - - default default] Successfully bumped revision number for resource a734d6aa-354c-4976-afbe-0c76ab306ce1 (type: router_ports) to 1
2026-07-02 11:19:38.729 9 INFO neutron.wsgi [None req-8f01cd7d-3063-400d-bfa3-84c4a5b0fbfd ccaec9837cb64771bf5c49dbb5dd3dd1 66f8c9c73e0148f2a337aeaccfdf1281 - - default default] 10.0.0.104 "PUT /v2.0/routers/75dd7902-5594-49b0-812e-66124682f75e/add_router_interface HTTP/1.1" status: 200 len: 503 time: 1.9682574
2026-07-02 11:19:38.830 9 INFO neutron.wsgi [None req-fa999fb0-d12e-4b59-9691-f3e8f126f70c ccaec9837cb64771bf5c49dbb5dd3dd1 66f8c9c73e0148f2a337aeaccfdf1281 - - default default] 10.0.0.104 "GET /v2.0/ports/a734d6aa-354c-4976-afbe-0c76ab306ce1 HTTP/1.1" status: 200 len: 1141 time: 0.0958312
2026-07-02 11:19:38.919 9 INFO neutron.wsgi [None req-2f89a57e-3dd0-4bf6-8ac2-79ecbdc534cc f63d376226924d07afc233b4405cc6eb b4b9170b6db24199867095bad6c1b95f - - default default] 10.0.0.104 "DELETE /v2.0/security-groups/433436e6-98bc-4901-965d-435ba3d07e7b HTTP/1.1" status: 204 len: 168 time: 0.3644857
2026-07-02 11:19:39.073 10 INFO neutron.db.ovn_revision_numbers_db [None req-d29b10a6-2eee-414c-9d3b-db23914ab104 - - - - - -] Successfully bumped revision number for resource a734d6aa-354c-4976-afbe-0c76ab306ce1 (type: ports) to 2
2026-07-02 11:19:39.277 9 WARNING neutron.scheduler.dhcp_agent_scheduler [None req-2ef760e7-a17a-470d-9cb9-f6e876c228b7 ccaec9837cb64771bf5c49dbb5dd3dd1 66f8c9c73e0148f2a337aeaccfdf1281 - - default default] No more DHCP agents
2026-07-02 11:19:39.285 9 WARNING neutron.api.rpc.agentnotifiers.dhcp_rpc_agent_api [None req-2ef760e7-a17a-470d-9cb9-f6e876c228b7 ccaec9837cb64771bf5c49dbb5dd3dd1 66f8c9c73e0148f2a337aeaccfdf1281 - - default default] Unable to schedule network 29a47fbc-1311-4742-81f8-1177f1f97647: no agents available; will retry on subsequent port and subnet creation events.
2026-07-02 11:19:39.411 9 INFO neutron.db.ovn_revision_numbers_db [None req-2ef760e7-a17a-470d-9cb9-f6e876c228b7 ccaec9837cb64771bf5c49dbb5dd3dd1 66f8c9c73e0148f2a337aeaccfdf1281 - - default default] Successfully bumped revision number for resource 5b3821f4-9cee-497c-b6af-464e1f15651e (type: ports) to 1
2026-07-02 11:19:39.496 10 INFO neutron.wsgi [None req-5f18aca0-b63c-4450-bcb3-7846303033ba f63d376226924d07afc233b4405cc6eb b4b9170b6db24199867095bad6c1b95f - - default default] 10.0.0.104 "DELETE /v2.0/security-groups/ca0337af-ff46-4e69-a8d6-4ce1bea76886 HTTP/1.1" status: 204 len: 168 time: 0.7829313
2026-07-02 11:19:39.568 10 INFO neutron.db.ovn_revision_numbers_db [None req-d29b10a6-2eee-414c-9d3b-db23914ab104 - - - - - -] Successfully bumped revision number for resource a734d6aa-354c-4976-afbe-0c76ab306ce1 (type: router_ports) to 2
2026-07-02 11:19:39.581 10 INFO neutron.db.ovn_revision_numbers_db [None req-fe91e9ef-e158-4cf6-b2a8-213fb1f2435a 80d6069d8aa4438ba83c9c5a8a8565cc f1218680d9384e6f8765df9b0840e160 - - default default] Successfully bumped revision number for resource 8d5c8d74-c9bc-4ecf-9113-5f7260d51935 (type: floatingips) to 2
2026-07-02 11:19:39.729 10 INFO neutron.db.ovn_revision_numbers_db [None req-fe91e9ef-e158-4cf6-b2a8-213fb1f2435a 80d6069d8aa4438ba83c9c5a8a8565cc f1218680d9384e6f8765df9b0840e160 - - default default] Successfully bumped revision number for resource 8d5c8d74-c9bc-4ecf-9113-5f7260d51935 (type: floatingips) to 2
2026-07-02 11:19:39.729 10 INFO neutron.db.l3_db [None req-fe91e9ef-e158-4cf6-b2a8-213fb1f2435a 80d6069d8aa4438ba83c9c5a8a8565cc f1218680d9384e6f8765df9b0840e160 - - default default] Floating IP 8d5c8d74-c9bc-4ecf-9113-5f7260d51935 associated. External IP: 10.96.250.210, port: 72a56939-ace7-443d-a726-cd178a56ac1c.
2026-07-02 11:19:39.781 10 INFO neutron.wsgi [None req-fe91e9ef-e158-4cf6-b2a8-213fb1f2435a 80d6069d8aa4438ba83c9c5a8a8565cc f1218680d9384e6f8765df9b0840e160 - - default default] 10.0.0.104 "PUT /v2.0/floatingips/8d5c8d74-c9bc-4ecf-9113-5f7260d51935 HTTP/1.1" status: 200 len: 1038 time: 1.4772797
2026-07-02 11:19:39.961 10 INFO neutron.db.ovn_revision_numbers_db [None req-5f126c0e-9e33-4718-b9d9-155c96fac129 80d6069d8aa4438ba83c9c5a8a8565cc f1218680d9384e6f8765df9b0840e160 - - default default] Successfully bumped revision number for resource 8d5c8d74-c9bc-4ecf-9113-5f7260d51935 (type: floatingips) to 3
2026-07-02 11:19:39.994 9 ERROR ovsdbapp.backend.ovs_idl.command [None req-2ef760e7-a17a-470d-9cb9-f6e876c228b7 ccaec9837cb64771bf5c49dbb5dd3dd1 66f8c9c73e0148f2a337aeaccfdf1281 - - default default] Error executing command (DbGetCommand): ovsdbapp.backend.ovs_idl.idlutils.RowNotFound: Cannot find Logical_Router_Port with name=lrp-5b3821f4-9cee-497c-b6af-464e1f15651e
2026-07-02 11:19:39.994 9 ERROR ovsdbapp.backend.ovs_idl.command
Traceback (most recent call last):
2026-07-02 11:19:39.994 9 ERROR ovsdbapp.backend.ovs_idl.command
File "/var/lib/openstack/lib/python3.10/site-packages/ovsdbapp/backend/ovs_idl/command.py", line 47, in execute
2026-07-02 11:19:39.994 9 ERROR ovsdbapp.backend.ovs_idl.command self.run_idl(None)
2026-07-02 11:19:39.994 9 ERROR ovsdbapp.backend.ovs_idl.command
File "/var/lib/openstack/lib/python3.10/site-packages/ovsdbapp/backend/ovs_idl/command.py", line 235, in run_idl
2026-07-02 11:19:39.994 9 ERROR ovsdbapp.backend.ovs_idl.command record = self.api.lookup(self.table, self.record)
2026-07-02 11:19:39.994 9 ERROR ovsdbapp.backend.ovs_idl.command
File "/var/lib/openstack/lib/python3.10/site-packages/ovsdbapp/backend/ovs_idl/__init__.py", line 184, in lookup
2026-07-02 11:19:39.994 9 ERROR ovsdbapp.backend.ovs_idl.command return self._lookup(table, record)
2026-07-02 11:19:39.994 9 ERROR ovsdbapp.backend.ovs_idl.command
File "/var/lib/openstack/lib/python3.10/site-packages/ovsdbapp/backend/ovs_idl/__init__.py", line 235, in _lookup
2026-07-02 11:19:39.994 9 ERROR ovsdbapp.backend.ovs_idl.command row = idlutils.row_by_value(self, rl.table, rl.column, record)
2026-07-02 11:19:39.994 9 ERROR ovsdbapp.backend.ovs_idl.command
File "/var/lib/openstack/lib/python3.10/site-packages/ovsdbapp/backend/ovs_idl/idlutils.py", line 114, in row_by_value
2026-07-02 11:19:39.994 9 ERROR ovsdbapp.backend.ovs_idl.command raise RowNotFound(table=table, col=column, match=match)
2026-07-02 11:19:39.994 9 ERROR ovsdbapp.backend.ovs_idl.command ovsdbapp.backend.ovs_idl.idlutils.RowNotFound: Cannot find Logical_Router_Port with name=lrp-5b3821f4-9cee-497c-b6af-464e1f15651e
2026-07-02 11:19:39.994 9 ERROR ovsdbapp.backend.ovs_idl.command 
2026-07-02 11:19:39.995 9 ERROR neutron_lib.callbacks.manager [None req-2ef760e7-a17a-470d-9cb9-f6e876c228b7 ccaec9837cb64771bf5c49dbb5dd3dd1 66f8c9c73e0148f2a337aeaccfdf1281 - - default default] Error during notification for neutron.services.ovn_l3.plugin.OVNL3RouterPlugin._port_update-8770631143142 port, after_update: ovsdbapp.backend.ovs_idl.idlutils.RowNotFound: Cannot find Logical_Router_Port with name=lrp-5b3821f4-9cee-497c-b6af-464e1f15651e
2026-07-02 11:19:39.995 9 ERROR neutron_lib.callbacks.manager
Traceback (most recent call last):
2026-07-02 11:19:39.995 9 ERROR neutron_lib.callbacks.manager
File "/var/lib/openstack/lib/python3.10/site-packages/neutron_lib/callbacks/manager.py", line 189, in _notify_loop
2026-07-02 11:19:39.995 9 ERROR neutron_lib.callbacks.manager callback.method(resource, event, trigger, payload=payload)
2026-07-02 11:19:39.995 9 ERROR neutron_lib.callbacks.manager
File "/var/lib/openstack/lib/python3.10/site-packages/neutron/services/ovn_l3/plugin.py", line 391, in _port_update
2026-07-02 11:19:39.995 9 ERROR neutron_lib.callbacks.manager l3plugin._ovn_client.update_router_port(context,
2026-07-02 11:19:39.995 9 ERROR neutron_lib.callbacks.manager
File "/var/lib/openstack/lib/python3.10/site-packages/neutron/plugins/ml2/drivers/ovn/mech_driver/ovsdb/ovn_client.py", line 1878, in update_router_port
2026-07-02 11:19:39.995 9 ERROR neutron_lib.callbacks.manager self._update_lrouter_port(context, port, if_exists=if_exists,
2026-07-02 11:19:39.995 9 ERROR neutron_lib.callbacks.manager
File "/var/lib/openstack/lib/python3.10/site-packages/neutron/plugins/ml2/drivers/ovn/mech_driver/ovsdb/ovn_client.py", line 1855, in _update_lrouter_port
2026-07-02 11:19:39.995 9 ERROR neutron_lib.callbacks.manager external_ids = self._nb_idl.db_get(
2026-07-02 11:19:39.995 9 ERROR neutron_lib.callbacks.manager
File "/var/lib/openstack/lib/python3.10/site-packages/ovsdbapp/backend/ovs_idl/command.py", line 47, in execute
2026-07-02 11:19:39.995 9 ERROR neutron_lib.callbacks.manager self.run_idl(None)
2026-07-02 11:19:39.995 9 ERROR neutron_lib.callbacks.manager
File "/var/lib/openstack/lib/python3.10/site-packages/ovsdbapp/backend/ovs_idl/command.py", line 235, in run_idl
2026-07-02 11:19:39.995 9 ERROR neutron_lib.callbacks.manager record = self.api.lookup(self.table, self.record)
2026-07-02 11:19:39.995 9 ERROR neutron_lib.callbacks.manager
File "/var/lib/openstack/lib/python3.10/site-packages/ovsdbapp/backend/ovs_idl/__init__.py", line 184, in lookup
2026-07-02 11:19:39.995 9 ERROR neutron_lib.callbacks.manager return self._lookup(table, record)
2026-07-02 11:19:39.995 9 ERROR neutron_lib.callbacks.manager
File "/var/lib/openstack/lib/python3.10/site-packages/ovsdbapp/backend/ovs_idl/__init__.py", line 235, in _lookup
2026-07-02 11:19:39.995 9 ERROR neutron_lib.callbacks.manager row = idlutils.row_by_value(self, rl.table, rl.column, record)
2026-07-02 11:19:39.995 9 ERROR neutron_lib.callbacks.manager
File "/var/lib/openstack/lib/python3.10/site-packages/ovsdbapp/backend/ovs_idl/idlutils.py", line 114, in row_by_value
2026-07-02 11:19:39.995 9 ERROR neutron_lib.callbacks.manager raise RowNotFound(table=table, col=column, match=match)
2026-07-02 11:19:39.995 9 ERROR neutron_lib.callbacks.manager ovsdbapp.backend.ovs_idl.idlutils.RowNotFound: Cannot find Logical_Router_Port with name=lrp-5b3821f4-9cee-497c-b6af-464e1f15651e
2026-07-02 11:19:39.995 9 ERROR neutron_lib.callbacks.manager 
2026-07-02 11:19:40.046 10 INFO neutron.db.l3_db [None req-5f126c0e-9e33-4718-b9d9-155c96fac129 80d6069d8aa4438ba83c9c5a8a8565cc f1218680d9384e6f8765df9b0840e160 - - default default] Floating IP 8d5c8d74-c9bc-4ecf-9113-5f7260d51935 disassociated. External IP: 10.96.250.210, port: 2d164237-df99-4aac-b8de-ed47d198e613.
2026-07-02 11:19:40.091 10 INFO neutron.wsgi [None req-5f126c0e-9e33-4718-b9d9-155c96fac129 80d6069d8aa4438ba83c9c5a8a8565cc f1218680d9384e6f8765df9b0840e160 - - default default] 10.0.0.104 "PUT /v2.0/floatingips/8d5c8d74-c9bc-4ecf-9113-5f7260d51935 HTTP/1.1" status: 200 len: 748 time: 0.3049171
2026-07-02 11:19:40.213 9 INFO neutron.plugins.ml2.drivers.ovn.mech_driver.mech_driver [None req-f4c65934-f4f2-410b-85bb-81713c3aadac - - - - - -] OVN reports status up for port: 5b3821f4-9cee-497c-b6af-464e1f15651e
2026-07-02 11:19:40.420 10 INFO neutron.wsgi [None req-a1b1e9a0-c976-489d-ba90-3b8eb5843f4d 80d6069d8aa4438ba83c9c5a8a8565cc f1218680d9384e6f8765df9b0840e160 - - default default] 10.0.0.104 "DELETE /v2.0/floatingips/8d5c8d74-c9bc-4ecf-9113-5f7260d51935 HTTP/1.1" status: 204 len: 168 time: 0.3232684
2026-07-02 11:19:40.452 10 INFO neutron.api.v2.resource [None req-a257afed-ee9e-436b-8776-bb7b9688c100 80d6069d8aa4438ba83c9c5a8a8565cc f1218680d9384e6f8765df9b0840e160 - - default default] delete failed (client error): The resource could not be found.
2026-07-02 11:19:40.454 10 INFO neutron.wsgi [None req-a257afed-ee9e-436b-8776-bb7b9688c100 80d6069d8aa4438ba83c9c5a8a8565cc f1218680d9384e6f8765df9b0840e160 - - default default] 10.0.0.104 "DELETE /v2.0/floatingips/8d5c8d74-c9bc-4ecf-9113-5f7260d51935 HTTP/1.1" status: 404 len: 345 time: 0.0260115
2026-07-02 11:19:40.490 9 INFO neutron.plugins.ml2.plugin [None req-f4c65934-f4f2-410b-85bb-81713c3aadac - - - - - -] Attempt 1 to provision port 5b3821f4-9cee-497c-b6af-464e1f15651e
2026-07-02 11:19:40.504 9 INFO neutron.db.ovn_revision_numbers_db [None req-2ef760e7-a17a-470d-9cb9-f6e876c228b7 ccaec9837cb64771bf5c49dbb5dd3dd1 66f8c9c73e0148f2a337aeaccfdf1281 - - default default] Successfully bumped revision number for resource 5b3821f4-9cee-497c-b6af-464e1f15651e (type: ports) to 1
2026-07-02 11:19:40.586 9 WARNING neutron.scheduler.dhcp_agent_scheduler [None req-2ef760e7-a17a-470d-9cb9-f6e876c228b7 ccaec9837cb64771bf5c49dbb5dd3dd1 66f8c9c73e0148f2a337aeaccfdf1281 - - default default] No more DHCP agents
2026-07-02 11:19:40.588 9 WARNING neutron.api.rpc.agentnotifiers.dhcp_rpc_agent_api [None req-2ef760e7-a17a-470d-9cb9-f6e876c228b7 ccaec9837cb64771bf5c49dbb5dd3dd1 66f8c9c73e0148f2a337aeaccfdf1281 - - default default] Unable to schedule network 29a47fbc-1311-4742-81f8-1177f1f97647: no agents available; will retry on subsequent port and subnet creation events.
2026-07-02 11:19:40.819 9 INFO neutron.db.ovn_revision_numbers_db [None req-2ef760e7-a17a-470d-9cb9-f6e876c228b7 ccaec9837cb64771bf5c49dbb5dd3dd1 66f8c9c73e0148f2a337aeaccfdf1281 - - default default] Successfully bumped revision number for resource 5b3821f4-9cee-497c-b6af-464e1f15651e (type: router_ports) to 1
2026-07-02 11:19:40.825 9 INFO neutron.wsgi [None req-2ef760e7-a17a-470d-9cb9-f6e876c228b7 ccaec9837cb64771bf5c49dbb5dd3dd1 66f8c9c73e0148f2a337aeaccfdf1281 - - default default] 10.0.0.104 "PUT /v2.0/routers/75dd7902-5594-49b0-812e-66124682f75e/add_router_interface HTTP/1.1" status: 200 len: 503 time: 1.9892938
2026-07-02 11:19:40.888 10 INFO neutron.wsgi [None req-4116046f-717e-48a9-84be-e164dada1095 80d6069d8aa4438ba83c9c5a8a8565cc f1218680d9384e6f8765df9b0840e160 - - default default] 10.0.0.104 "DELETE /v2.0/ports/2d164237-df99-4aac-b8de-ed47d198e613 HTTP/1.1" status: 204 len: 168 time: 0.4290073
2026-07-02 11:19:40.943 10 INFO neutron.wsgi [None req-95665b30-394c-481d-ac75-7e2ff8367ed8 ccaec9837cb64771bf5c49dbb5dd3dd1 66f8c9c73e0148f2a337aeaccfdf1281 - - default default] 10.0.0.104 "GET /v2.0/ports/5b3821f4-9cee-497c-b6af-464e1f15651e HTTP/1.1" status: 200 len: 1149 time: 0.1122322
2026-07-02 11:19:40.999 10 INFO neutron.wsgi [None req-46c9211a-187c-47dd-97fc-78dad0a1c74e ccaec9837cb64771bf5c49dbb5dd3dd1 66f8c9c73e0148f2a337aeaccfdf1281 - - default default] 10.0.0.104 "GET /v2.0/ports/5b3821f4-9cee-497c-b6af-464e1f15651e HTTP/1.1" status: 200 len: 1149 time: 0.0504625
2026-07-02 11:19:41.013 9 INFO neutron.db.ovn_revision_numbers_db [None req-f4c65934-f4f2-410b-85bb-81713c3aadac - - - - - -] Successfully bumped revision number for resource 5b3821f4-9cee-497c-b6af-464e1f15651e (type: ports) to 2
2026-07-02 11:19:41.250 9 INFO neutron.db.ovn_revision_numbers_db [None req-f4c65934-f4f2-410b-85bb-81713c3aadac - - - - - -] Successfully bumped revision number for resource 5b3821f4-9cee-497c-b6af-464e1f15651e (type: router_ports) to 2
2026-07-02 11:19:41.348 10 INFO neutron.wsgi [None req-05cf781c-7fd4-4b69-880c-8ac2609ddb7f 80d6069d8aa4438ba83c9c5a8a8565cc f1218680d9384e6f8765df9b0840e160 - - default default] 10.0.0.104 "DELETE /v2.0/ports/72a56939-ace7-443d-a726-cd178a56ac1c HTTP/1.1" status: 204 len: 168 time: 0.4552038
2026-07-02 11:19:41.413 10 INFO neutron.wsgi [None req-30608dbe-81c2-4765-a313-2364e8a360e7 80d6069d8aa4438ba83c9c5a8a8565cc f1218680d9384e6f8765df9b0840e160 - - default default] 10.0.0.104 "GET /v2.0/ports?device_id=8efbbb83-f2b4-412d-b187-44a3e9fb4d1f HTTP/1.1" status: 200 len: 1140 time: 0.0591085
2026-07-02 11:19:41.453 10 WARNING neutron_lib.context [None req-ada9a18a-7640-496e-b9ec-a8879b139785 25c22777a63f43e8b54d72e1f4baaeaa 9aecfd6865914a649aa89f14608c319f - - default default] Method 'is_advsvc' is deprecated since 2023.2 release (neutron-lib 3.8.0) and will be removed once support for the old RBAC API policies will be removed from Neutron. Please use method 'is_service_role' instead.
2026-07-02 11:19:41.672 10 INFO neutron.db.ovn_revision_numbers_db [None req-ada9a18a-7640-496e-b9ec-a8879b139785 25c22777a63f43e8b54d72e1f4baaeaa 9aecfd6865914a649aa89f14608c319f - - default default] Successfully bumped revision number for resource c87937af-a4bd-4356-88f4-afa6411888b8 (type: security_groups) to 1
2026-07-02 11:19:41.694 10 INFO neutron.db.ovn_revision_numbers_db [None req-ada9a18a-7640-496e-b9ec-a8879b139785 25c22777a63f43e8b54d72e1f4baaeaa 9aecfd6865914a649aa89f14608c319f - - default default] Successfully bumped revision number for resource 7851e284-5432-4506-92df-c7f353d10742 (type: security_group_rules) to 0
2026-07-02 11:19:41.715 10 INFO neutron.db.ovn_revision_numbers_db [None req-ada9a18a-7640-496e-b9ec-a8879b139785 25c22777a63f43e8b54d72e1f4baaeaa 9aecfd6865914a649aa89f14608c319f - - default default] Successfully bumped revision number for resource 87eee3a5-002b-41ca-b80f-ab5661d66698 (type: security_group_rules) to 0
2026-07-02 11:19:41.737 10 INFO neutron.db.ovn_revision_numbers_db [None req-ada9a18a-7640-496e-b9ec-a8879b139785 25c22777a63f43e8b54d72e1f4baaeaa 9aecfd6865914a649aa89f14608c319f - - default default] Successfully bumped revision number for resource bd78f043-314b-477b-b36f-c52d5c8707a8 (type: security_group_rules) to 0
2026-07-02 11:19:41.753 10 INFO neutron.db.ovn_revision_numbers_db [None req-ada9a18a-7640-496e-b9ec-a8879b139785 25c22777a63f43e8b54d72e1f4baaeaa 9aecfd6865914a649aa89f14608c319f - - default default] Successfully bumped revision number for resource c7c80f08-12c4-4230-9229-b2e60e4700ff (type: security_group_rules) to 0
2026-07-02 11:19:41.814 10 INFO neutron.db.segments_db [None req-ada9a18a-7640-496e-b9ec-a8879b139785 25c22777a63f43e8b54d72e1f4baaeaa 9aecfd6865914a649aa89f14608c319f - - default default] Added segment 60606bb0-4297-478f-9416-433eb67bf9bb of type geneve for network 700f1633-4947-439d-9663-1da31fe7fa8f
2026-07-02 11:19:41.879 9 INFO neutron.wsgi [None req-5cbd2775-fd2e-4072-b99a-c597a177c59f ccaec9837cb64771bf5c49dbb5dd3dd1 66f8c9c73e0148f2a337aeaccfdf1281 - - default default] 10.0.0.104 "PUT /v2.0/routers/75dd7902-5594-49b0-812e-66124682f75e/remove_router_interface HTTP/1.1" status: 200 len: 503 time: 0.8737109 /var/lib/openstack/lib/python3.10/site-packages/pycadf/identifier.py:71: UserWarning: Invalid uuid: neutron. To ensure interoperability, identifiers should be a valid uuid. warnings.warn(('Invalid uuid: %s. To ensure interoperability, '
2026-07-02 11:19:41.927 9 INFO neutron.wsgi [None req-a88f0cdd-a3be-4597-bed5-b8c12fd2d6cb ccaec9837cb64771bf5c49dbb5dd3dd1 66f8c9c73e0148f2a337aeaccfdf1281 - - default default] 10.0.0.104 "GET /v2.0/ports/a734d6aa-354c-4976-afbe-0c76ab306ce1 HTTP/1.1" status: 200 len: 1141 time: 0.0431223
2026-07-02 11:19:42.023 10 INFO neutron.db.ovn_revision_numbers_db [None req-ada9a18a-7640-496e-b9ec-a8879b139785 25c22777a63f43e8b54d72e1f4baaeaa 9aecfd6865914a649aa89f14608c319f - - default default] Successfully bumped revision number for resource 700f1633-4947-439d-9663-1da31fe7fa8f (type: networks) to 1
2026-07-02 11:19:42.271 10 WARNING neutron.scheduler.dhcp_agent_scheduler [None req-ada9a18a-7640-496e-b9ec-a8879b139785 25c22777a63f43e8b54d72e1f4baaeaa 9aecfd6865914a649aa89f14608c319f - - default default] No more DHCP agents
2026-07-02 11:19:42.276 10 WARNING neutron.api.rpc.agentnotifiers.dhcp_rpc_agent_api [None req-ada9a18a-7640-496e-b9ec-a8879b139785 25c22777a63f43e8b54d72e1f4baaeaa 9aecfd6865914a649aa89f14608c319f - - default default] Unable to schedule network 700f1633-4947-439d-9663-1da31fe7fa8f: no agents available; will retry on subsequent port and subnet creation events.
2026-07-02 11:19:42.397 10 INFO neutron.db.ovn_revision_numbers_db [None req-ada9a18a-7640-496e-b9ec-a8879b139785 25c22777a63f43e8b54d72e1f4baaeaa 9aecfd6865914a649aa89f14608c319f - - default default] Successfully bumped revision number for resource dbdb0837-1dbd-485b-9981-e43df8cd3c4b (type: ports) to 1
2026-07-02 11:19:42.441 10 INFO neutron.wsgi [None req-ada9a18a-7640-496e-b9ec-a8879b139785 25c22777a63f43e8b54d72e1f4baaeaa 9aecfd6865914a649aa89f14608c319f - - default default] 10.0.0.104 "POST /v2.0/networks HTTP/1.1" status: 201 len: 843 time: 1.1272650
