2026-07-02 11:21:42.470 9 WARNING neutron_lib.context [None req-4a09ee94-b23a-4f56-a920-d84305ea2b7b cd37b53af6424803ab0818bb06b83bf6 eeb29f1391134e8c82c18b9303e04dfa - - default default] Method 'is_advsvc' is deprecated since 2023.2 release (neutron-lib 3.8.0) and will be removed once support for the old RBAC API policies will be removed from Neutron. Please use method 'is_service_role' instead.
2026-07-02 11:21:42.698 9 WARNING neutron.scheduler.dhcp_agent_scheduler [None req-4a09ee94-b23a-4f56-a920-d84305ea2b7b cd37b53af6424803ab0818bb06b83bf6 eeb29f1391134e8c82c18b9303e04dfa - - default default] No more DHCP agents
2026-07-02 11:21:42.699 9 WARNING neutron.api.rpc.agentnotifiers.dhcp_rpc_agent_api [None req-4a09ee94-b23a-4f56-a920-d84305ea2b7b cd37b53af6424803ab0818bb06b83bf6 eeb29f1391134e8c82c18b9303e04dfa - - default default] Unable to schedule network a5300c23-5f04-4650-b3d6-1f108560695b: no agents available; will retry on subsequent port and subnet creation events.
2026-07-02 11:21:42.815 9 INFO neutron.db.ovn_revision_numbers_db [None req-4a09ee94-b23a-4f56-a920-d84305ea2b7b cd37b53af6424803ab0818bb06b83bf6 eeb29f1391134e8c82c18b9303e04dfa - - default default] Successfully bumped revision number for resource f3bded20-2e4d-49d7-8511-91e142a3307f (type: ports) to 1
2026-07-02 11:21:42.840 9 INFO neutron.wsgi [None req-4a09ee94-b23a-4f56-a920-d84305ea2b7b cd37b53af6424803ab0818bb06b83bf6 eeb29f1391134e8c82c18b9303e04dfa - - default default] 10.0.0.104 "POST /v2.0/ports HTTP/1.1" status: 201 len: 942 time: 0.3789992 /var/lib/openstack/lib/python3.10/site-packages/pycadf/identifier.py:71: UserWarning: Invalid uuid: neutron. To ensure interoperability, identifiers should be a valid uuid. warnings.warn(('Invalid uuid: %s. To ensure interoperability, '
2026-07-02 11:21:42.849 9 WARNING neutron_lib.context [None req-3c2d3402-2fe1-4fce-ab9d-89190548a760 cd37b53af6424803ab0818bb06b83bf6 eeb29f1391134e8c82c18b9303e04dfa - - default default] Method 'is_advsvc' is deprecated since 2023.2 release (neutron-lib 3.8.0) and will be removed once support for the old RBAC API policies will be removed from Neutron. Please use method 'is_service_role' instead.
2026-07-02 11:21:43.090 9 INFO neutron.wsgi [None req-3c2d3402-2fe1-4fce-ab9d-89190548a760 cd37b53af6424803ab0818bb06b83bf6 eeb29f1391134e8c82c18b9303e04dfa - - default default] 10.0.0.104 "POST /v2.0/trunks HTTP/1.1" status: 201 len: 608 time: 0.2464027
2026-07-02 11:21:43.101 10 WARNING neutron_lib.context [None req-9659603d-8bfb-4288-9da9-059bac85dd15 cd37b53af6424803ab0818bb06b83bf6 eeb29f1391134e8c82c18b9303e04dfa - - default default] Method 'is_advsvc' is deprecated since 2023.2 release (neutron-lib 3.8.0) and will be removed once support for the old RBAC API policies will be removed from Neutron. Please use method 'is_service_role' instead.
2026-07-02 11:21:43.190 10 INFO neutron.db.segments_db [None req-9659603d-8bfb-4288-9da9-059bac85dd15 cd37b53af6424803ab0818bb06b83bf6 eeb29f1391134e8c82c18b9303e04dfa - - default default] Added segment 161a1b93-7202-4c38-a3fd-bf824054f586 of type geneve for network 15dcb9e4-a3c9-41e0-aff4-b8cb82fcae62
2026-07-02 11:21:43.338 10 INFO neutron.db.ovn_revision_numbers_db [None req-9659603d-8bfb-4288-9da9-059bac85dd15 cd37b53af6424803ab0818bb06b83bf6 eeb29f1391134e8c82c18b9303e04dfa - - default default] Successfully bumped revision number for resource 15dcb9e4-a3c9-41e0-aff4-b8cb82fcae62 (type: networks) to 1
2026-07-02 11:21:43.612 9 WARNING neutron_lib.context [None req-ea796c85-a65f-4d3b-b920-da9296e7363c d804ea9cbba34eccba4e59b7ceec8ec0 d113f35bdc3b4833859e9e7f314a6967 - - default default] Method 'is_advsvc' is deprecated since 2023.2 release (neutron-lib 3.8.0) and will be removed once support for the old RBAC API policies will be removed from Neutron. Please use method 'is_service_role' instead.
2026-07-02 11:21:43.613 10 WARNING neutron.scheduler.dhcp_agent_scheduler [None req-9659603d-8bfb-4288-9da9-059bac85dd15 cd37b53af6424803ab0818bb06b83bf6 eeb29f1391134e8c82c18b9303e04dfa - - default default] No more DHCP agents
2026-07-02 11:21:43.617 10 WARNING neutron.api.rpc.agentnotifiers.dhcp_rpc_agent_api [None req-9659603d-8bfb-4288-9da9-059bac85dd15 cd37b53af6424803ab0818bb06b83bf6 eeb29f1391134e8c82c18b9303e04dfa - - default default] Unable to schedule network 15dcb9e4-a3c9-41e0-aff4-b8cb82fcae62: no agents available; will retry on subsequent port and subnet creation events.
2026-07-02 11:21:43.841 10 INFO neutron.db.ovn_revision_numbers_db [None req-9659603d-8bfb-4288-9da9-059bac85dd15 cd37b53af6424803ab0818bb06b83bf6 eeb29f1391134e8c82c18b9303e04dfa - - default default] Successfully bumped revision number for resource 76e16337-3137-4684-bada-9d91af02cdf5 (type: ports) to 1
2026-07-02 11:21:43.943 10 INFO neutron.wsgi [None req-9659603d-8bfb-4288-9da9-059bac85dd15 cd37b53af6424803ab0818bb06b83bf6 eeb29f1391134e8c82c18b9303e04dfa - - default default] 10.0.0.104 "POST /v2.0/networks HTTP/1.1" status: 201 len: 831 time: 0.8480985
2026-07-02 11:21:43.951 10 WARNING neutron_lib.context [None req-c2358708-baf5-45f7-8a5e-9e3584534d79 cd37b53af6424803ab0818bb06b83bf6 eeb29f1391134e8c82c18b9303e04dfa - - default default] Method 'is_advsvc' is deprecated since 2023.2 release (neutron-lib 3.8.0) and will be removed once support for the old RBAC API policies will be removed from Neutron. Please use method 'is_service_role' instead.
2026-07-02 11:21:44.001 9 INFO neutron.db.ovn_revision_numbers_db [None req-ea796c85-a65f-4d3b-b920-da9296e7363c d804ea9cbba34eccba4e59b7ceec8ec0 d113f35bdc3b4833859e9e7f314a6967 - - default default] Successfully bumped revision number for resource f932fb38-f8ae-45f3-a1e7-16b9ed8dcda1 (type: security_groups) to 1
2026-07-02 11:21:44.057 9 INFO neutron.db.ovn_revision_numbers_db [None req-ea796c85-a65f-4d3b-b920-da9296e7363c d804ea9cbba34eccba4e59b7ceec8ec0 d113f35bdc3b4833859e9e7f314a6967 - - default default] Successfully bumped revision number for resource 129bcbca-2ebd-401a-b2ab-e8587a7b204d (type: security_group_rules) to 0
2026-07-02 11:21:44.170 9 INFO neutron.db.ovn_revision_numbers_db [None req-ea796c85-a65f-4d3b-b920-da9296e7363c d804ea9cbba34eccba4e59b7ceec8ec0 d113f35bdc3b4833859e9e7f314a6967 - - default default] Successfully bumped revision number for resource 18d26ba0-9575-4e3e-88de-ce896a82eac5 (type: security_group_rules) to 0
2026-07-02 11:21:44.453 9 INFO neutron.db.ovn_revision_numbers_db [None req-ea796c85-a65f-4d3b-b920-da9296e7363c d804ea9cbba34eccba4e59b7ceec8ec0 d113f35bdc3b4833859e9e7f314a6967 - - default default] Successfully bumped revision number for resource 497ad190-68fd-4096-b1c3-41fdb41585df (type: security_group_rules) to 0
2026-07-02 11:21:44.567 10 WARNING neutron.scheduler.dhcp_agent_scheduler [None req-c2358708-baf5-45f7-8a5e-9e3584534d79 cd37b53af6424803ab0818bb06b83bf6 eeb29f1391134e8c82c18b9303e04dfa - - default default] No more DHCP agents
2026-07-02 11:21:44.570 10 WARNING neutron.api.rpc.agentnotifiers.dhcp_rpc_agent_api [None req-c2358708-baf5-45f7-8a5e-9e3584534d79 cd37b53af6424803ab0818bb06b83bf6 eeb29f1391134e8c82c18b9303e04dfa - - default default] Unable to schedule network 15dcb9e4-a3c9-41e0-aff4-b8cb82fcae62: no agents available; will retry on subsequent port and subnet creation events.
2026-07-02 11:21:44.769 9 INFO neutron.db.ovn_revision_numbers_db [None req-ea796c85-a65f-4d3b-b920-da9296e7363c d804ea9cbba34eccba4e59b7ceec8ec0 d113f35bdc3b4833859e9e7f314a6967 - - default default] Successfully bumped revision number for resource fb1756b6-581f-4d46-8b71-dda91d4be8d0 (type: security_group_rules) to 0
2026-07-02 11:21:44.823 9 INFO neutron.db.segments_db [None req-ea796c85-a65f-4d3b-b920-da9296e7363c d804ea9cbba34eccba4e59b7ceec8ec0 d113f35bdc3b4833859e9e7f314a6967 - - default default] Added segment 9a341843-2eee-42b2-8366-0e16adb4ab96 of type geneve for network 6d0a7c03-8931-4269-a1df-8de8f70d82df
2026-07-02 11:21:44.924 10 INFO neutron.db.ovn_revision_numbers_db [None req-c2358708-baf5-45f7-8a5e-9e3584534d79 cd37b53af6424803ab0818bb06b83bf6 eeb29f1391134e8c82c18b9303e04dfa - - default default] Successfully bumped revision number for resource 878471d7-f18a-40e6-9e3a-1236af6b62ec (type: ports) to 1
2026-07-02 11:21:45.144 10 INFO neutron.wsgi [None req-c2358708-baf5-45f7-8a5e-9e3584534d79 cd37b53af6424803ab0818bb06b83bf6 eeb29f1391134e8c82c18b9303e04dfa - - default default] 10.0.0.104 "POST /v2.0/ports HTTP/1.1" status: 201 len: 942 time: 1.1978199 /var/lib/openstack/lib/python3.10/site-packages/pycadf/identifier.py:71: UserWarning: Invalid uuid: neutron. To ensure interoperability, identifiers should be a valid uuid. warnings.warn(('Invalid uuid: %s. To ensure interoperability, '
2026-07-02 11:21:45.154 10 WARNING neutron_lib.context [None req-c99bfc00-8748-4e11-b26d-92f8b3d6f09f cd37b53af6424803ab0818bb06b83bf6 eeb29f1391134e8c82c18b9303e04dfa - - default default] Method 'is_advsvc' is deprecated since 2023.2 release (neutron-lib 3.8.0) and will be removed once support for the old RBAC API policies will be removed from Neutron. Please use method 'is_service_role' instead.
2026-07-02 11:21:45.357 9 INFO neutron.db.ovn_revision_numbers_db [None req-ea796c85-a65f-4d3b-b920-da9296e7363c d804ea9cbba34eccba4e59b7ceec8ec0 d113f35bdc3b4833859e9e7f314a6967 - - default default] Successfully bumped revision number for resource 6d0a7c03-8931-4269-a1df-8de8f70d82df (type: networks) to 1
2026-07-02 11:21:45.601 9 WARNING neutron.scheduler.dhcp_agent_scheduler [None req-ea796c85-a65f-4d3b-b920-da9296e7363c d804ea9cbba34eccba4e59b7ceec8ec0 d113f35bdc3b4833859e9e7f314a6967 - - default default] No more DHCP agents
2026-07-02 11:21:45.604 9 WARNING neutron.api.rpc.agentnotifiers.dhcp_rpc_agent_api [None req-ea796c85-a65f-4d3b-b920-da9296e7363c d804ea9cbba34eccba4e59b7ceec8ec0 d113f35bdc3b4833859e9e7f314a6967 - - default default] Unable to schedule network 6d0a7c03-8931-4269-a1df-8de8f70d82df: no agents available; will retry on subsequent port and subnet creation events.
2026-07-02 11:21:45.862 9 INFO neutron.db.ovn_revision_numbers_db [None req-ea796c85-a65f-4d3b-b920-da9296e7363c d804ea9cbba34eccba4e59b7ceec8ec0 d113f35bdc3b4833859e9e7f314a6967 - - default default] Successfully bumped revision number for resource b215ee4b-3a3b-49f0-b2a5-cba2e18c7a6f (type: ports) to 1
2026-07-02 11:21:46.005 9 INFO neutron.wsgi [None req-ea796c85-a65f-4d3b-b920-da9296e7363c d804ea9cbba34eccba4e59b7ceec8ec0 d113f35bdc3b4833859e9e7f314a6967 - - default default] 10.0.0.104 "POST /v2.0/networks HTTP/1.1" status: 201 len: 826 time: 2.5483551
2026-07-02 11:21:46.025 10 WARNING neutron_lib.context [None req-b4507bde-5fc0-4fd3-ac01-3ff8f6ccea96 d804ea9cbba34eccba4e59b7ceec8ec0 d113f35bdc3b4833859e9e7f314a6967 - - default default] Method 'is_advsvc' is deprecated since 2023.2 release (neutron-lib 3.8.0) and will be removed once support for the old RBAC API policies will be removed from Neutron. Please use method 'is_service_role' instead.
2026-07-02 11:21:46.117 10 INFO neutron.wsgi [None req-c99bfc00-8748-4e11-b26d-92f8b3d6f09f cd37b53af6424803ab0818bb06b83bf6 eeb29f1391134e8c82c18b9303e04dfa - - default default] 10.0.0.104 "POST /v2.0/trunks HTTP/1.1" status: 201 len: 608 time: 0.9678018
2026-07-02 11:21:46.195 10 WARNING neutron_lib.context [None req-e14e657b-5ecc-4810-8b3a-1bb9ec82fe50 a00c6ecc1543401889b7ba617cc77895 9a437c3ea3ad4b11b999ca19a7d434ae - - default default] Method 'is_advsvc' is deprecated since 2023.2 release (neutron-lib 3.8.0) and will be removed once support for the old RBAC API policies will be removed from Neutron. Please use method 'is_service_role' instead.
2026-07-02 11:21:46.277 9 INFO neutron.wsgi [None req-b0f69078-3211-47ef-82da-8c0949283887 cd37b53af6424803ab0818bb06b83bf6 eeb29f1391134e8c82c18b9303e04dfa - - default default] 10.0.0.104 "PUT /v2.0/trunks/59255773-85e2-47ba-8c8d-18954de5288d/tags HTTP/1.1" status: 200 len: 210 time: 0.1513300
2026-07-02 11:21:46.414 10 INFO neutron.wsgi [None req-9fe1b199-98ae-4ec7-ab48-8002c8ee8484 cd37b53af6424803ab0818bb06b83bf6 eeb29f1391134e8c82c18b9303e04dfa - - default default] 10.0.0.104 "PUT /v2.0/trunks/a115ac9c-96c8-4d53-a4bc-0ea8b2393843/tags HTTP/1.1" status: 200 len: 218 time: 0.1309040
2026-07-02 11:21:46.436 10 WARNING neutron.scheduler.dhcp_agent_scheduler [None req-b4507bde-5fc0-4fd3-ac01-3ff8f6ccea96 d804ea9cbba34eccba4e59b7ceec8ec0 d113f35bdc3b4833859e9e7f314a6967 - - default default] No more DHCP agents
2026-07-02 11:21:46.439 10 WARNING neutron.api.rpc.agentnotifiers.dhcp_rpc_agent_api [None req-b4507bde-5fc0-4fd3-ac01-3ff8f6ccea96 d804ea9cbba34eccba4e59b7ceec8ec0 d113f35bdc3b4833859e9e7f314a6967 - - default default] Unable to schedule network 6d0a7c03-8931-4269-a1df-8de8f70d82df: no agents available; will retry on subsequent port and subnet creation events.
2026-07-02 11:21:46.557 10 INFO neutron.wsgi [None req-e14e657b-5ecc-4810-8b3a-1bb9ec82fe50 a00c6ecc1543401889b7ba617cc77895 9a437c3ea3ad4b11b999ca19a7d434ae - - default default] 10.0.0.104 "POST /v2.0/subnetpools HTTP/1.1" status: 201 len: 715 time: 0.5731738
2026-07-02 11:21:46.576 9 INFO neutron.wsgi [None req-609fd471-a7c5-4f75-83ac-ebe72cb7158a cd37b53af6424803ab0818bb06b83bf6 eeb29f1391134e8c82c18b9303e04dfa - - default default] 10.0.0.104 "PUT /v2.0/trunks/27c25ea5-ffa2-4175-b08c-eaa39f5a6d2e/tags HTTP/1.1" status: 200 len: 227 time: 0.1559181
2026-07-02 11:21:46.625 9 INFO neutron.wsgi [None req-308bfc69-2d73-4aca-95a0-892247694c8e a00c6ecc1543401889b7ba617cc77895 9a437c3ea3ad4b11b999ca19a7d434ae - - default default] 10.0.0.104 "PUT /v2.0/subnetpools/85f0d308-74c4-4401-93cb-453e13721891/tags HTTP/1.1" status: 200 len: 218 time: 0.0627720
2026-07-02 11:21:46.644 9 INFO neutron.wsgi [None req-a48ec99e-5b3f-4eb4-bb7a-c4c3c903e134 cd37b53af6424803ab0818bb06b83bf6 eeb29f1391134e8c82c18b9303e04dfa - - default default] 10.0.0.104 "PUT /v2.0/trunks/9354d2e4-efd7-47f6-b29b-71cfc1cbd2d0/tags HTTP/1.1" status: 200 len: 212 time: 0.0611489
2026-07-02 11:21:46.662 9 INFO neutron.wsgi [None req-73bd8e27-ec7a-4b03-b3b0-c1c5e21c0456 a00c6ecc1543401889b7ba617cc77895 9a437c3ea3ad4b11b999ca19a7d434ae - - default default] 10.0.0.104 "GET /v2.0/subnetpools/85f0d308-74c4-4401-93cb-453e13721891/tags HTTP/1.1" status: 200 len: 218 time: 0.0301278
2026-07-02 11:21:46.680 10 INFO neutron.wsgi [None req-ef44ebf4-306b-47a4-a809-3d1c73233b15 cd37b53af6424803ab0818bb06b83bf6 eeb29f1391134e8c82c18b9303e04dfa - - default default] 10.0.0.104 "GET /v2.0/trunks?tags=red HTTP/1.1" status: 200 len: 1447 time: 0.0276105
2026-07-02 11:21:46.713 10 INFO neutron.wsgi [None req-cb8f8622-9a0d-4094-ba2b-16d0556df23c cd37b53af6424803ab0818bb06b83bf6 eeb29f1391134e8c82c18b9303e04dfa - - default default] 10.0.0.104 "GET /v2.0/trunks?tags=red%2Cblue HTTP/1.1" status: 200 len: 1041 time: 0.0274382
2026-07-02 11:21:46.722 9 INFO neutron.wsgi [None req-a18f4f6c-4520-4cd3-99e5-d8d03d589d02 a00c6ecc1543401889b7ba617cc77895 9a437c3ea3ad4b11b999ca19a7d434ae - - default default] 10.0.0.104 "PUT /v2.0/subnetpools/85f0d308-74c4-4401-93cb-453e13721891/tags/green HTTP/1.1" status: 201 len: 201 time: 0.0547426
2026-07-02 11:21:46.746 10 INFO neutron.wsgi [None req-2a289c4c-53f4-41f5-bdca-d6dc622b0c47 cd37b53af6424803ab0818bb06b83bf6 eeb29f1391134e8c82c18b9303e04dfa - - default default] 10.0.0.104 "GET /v2.0/trunks?tags-any=blue HTTP/1.1" status: 200 len: 1041 time: 0.0282087
2026-07-02 11:21:46.765 10 INFO neutron.wsgi [None req-a05a79ad-e3ad-41cc-a53a-c0c01865b0ef a00c6ecc1543401889b7ba617cc77895 9a437c3ea3ad4b11b999ca19a7d434ae - - default default] 10.0.0.104 "GET /v2.0/subnetpools/85f0d308-74c4-4401-93cb-453e13721891/tags HTTP/1.1" status: 200 len: 227 time: 0.0360436
2026-07-02 11:21:46.785 9 INFO neutron.wsgi [None req-a43a4e2a-ec32-4468-8413-3766fe9f3c5a cd37b53af6424803ab0818bb06b83bf6 eeb29f1391134e8c82c18b9303e04dfa - - default default] 10.0.0.104 "GET /v2.0/trunks?tags-any=red%2Cblue HTTP/1.1" status: 200 len: 1447 time: 0.0335143
2026-07-02 11:21:46.797 9 INFO neutron.wsgi [None req-af04c95c-8caa-44a9-bf7c-f71b9ab5701b a00c6ecc1543401889b7ba617cc77895 9a437c3ea3ad4b11b999ca19a7d434ae - - default default] 10.0.0.104 "PUT /v2.0/subnetpools/85f0d308-74c4-4401-93cb-453e13721891/tags/red HTTP/1.1" status: 201 len: 201 time: 0.0284643
2026-07-02 11:21:46.811 10 INFO neutron.wsgi [None req-3ece1759-562c-47b6-946a-5e55cba76527 cd37b53af6424803ab0818bb06b83bf6 eeb29f1391134e8c82c18b9303e04dfa - - default default] 10.0.0.104 "GET /v2.0/trunks?not-tags=red HTTP/1.1" status: 200 len: 1013 time: 0.0214276
2026-07-02 11:21:46.837 9 INFO neutron.wsgi [None req-8c42443a-6f62-438d-8cbc-48e3c04dfa9e a00c6ecc1543401889b7ba617cc77895 9a437c3ea3ad4b11b999ca19a7d434ae - - default default] 10.0.0.104 "GET /v2.0/subnetpools/85f0d308-74c4-4401-93cb-453e13721891/tags HTTP/1.1" status: 200 len: 227 time: 0.0339544
2026-07-02 11:21:46.842 9 INFO neutron.wsgi [None req-eef87559-57da-4a0c-9e9c-1d2b989275d2 cd37b53af6424803ab0818bb06b83bf6 eeb29f1391134e8c82c18b9303e04dfa - - default default] 10.0.0.104 "GET /v2.0/trunks?not-tags=red%2Cblue HTTP/1.1" status: 200 len: 1419 time: 0.0246828
2026-07-02 11:21:46.878 10 INFO neutron.wsgi [None req-d7836d1a-0219-48c1-9101-814dd6ded54b cd37b53af6424803ab0818bb06b83bf6 eeb29f1391134e8c82c18b9303e04dfa - - default default] 10.0.0.104 "GET /v2.0/trunks?not-tags-any=blue HTTP/1.1" status: 200 len: 1419 time: 0.0307977
2026-07-02 11:21:46.915 9 INFO neutron.wsgi [None req-bfa54774-c268-4445-8180-23941f1ecb1b cd37b53af6424803ab0818bb06b83bf6 eeb29f1391134e8c82c18b9303e04dfa - - default default] 10.0.0.104 "GET /v2.0/trunks?not-tags-any=red%2Cblue HTTP/1.1" status: 200 len: 1013 time: 0.0316572
2026-07-02 11:21:46.932 9 INFO neutron.wsgi [None req-6847d334-e5b2-4c77-8e02-0279ae570db3 a00c6ecc1543401889b7ba617cc77895 9a437c3ea3ad4b11b999ca19a7d434ae - - default default] 10.0.0.104 "PUT /v2.0/subnetpools/85f0d308-74c4-4401-93cb-453e13721891/tags/black.or.white HTTP/1.1" status: 201 len: 201 time: 0.0900266
2026-07-02 11:21:46.948 9 INFO neutron.wsgi [None req-38e86293-0cc9-4bee-b935-e713a89c5835 cd37b53af6424803ab0818bb06b83bf6 eeb29f1391134e8c82c18b9303e04dfa - - default default] 10.0.0.104 "GET /v2.0/trunks/59255773-85e2-47ba-8c8d-18954de5288d HTTP/1.1" status: 200 len: 608 time: 0.0253160
2026-07-02 11:21:46.969 9 INFO neutron.wsgi [None req-94f37f07-8222-4ae8-bf7d-e7bdf2ae0b6c a00c6ecc1543401889b7ba617cc77895 9a437c3ea3ad4b11b999ca19a7d434ae - - default default] 10.0.0.104 "GET /v2.0/subnetpools/85f0d308-74c4-4401-93cb-453e13721891/tags HTTP/1.1" status: 200 len: 245 time: 0.0314322
2026-07-02 11:21:47.056 9 INFO neutron.wsgi [None req-5081fe01-f8b5-4d60-adc5-c2e6ed5b7aa4 a00c6ecc1543401889b7ba617cc77895 9a437c3ea3ad4b11b999ca19a7d434ae - - default default] 10.0.0.104 "PUT /v2.0/subnetpools/85f0d308-74c4-4401-93cb-453e13721891/tags HTTP/1.1" status: 200 len: 230 time: 0.0775540
2026-07-02 11:21:47.089 9 INFO neutron.wsgi [None req-1a94734b-80f6-4599-be99-932a40f3dcf0 a00c6ecc1543401889b7ba617cc77895 9a437c3ea3ad4b11b999ca19a7d434ae - - default default] 10.0.0.104 "GET /v2.0/subnetpools/85f0d308-74c4-4401-93cb-453e13721891/tags HTTP/1.1" status: 200 len: 230 time: 0.0273066
2026-07-02 11:21:47.123 9 INFO neutron.wsgi [None req-769b5b2e-4fe2-4279-b853-b92e65dfdb9b a00c6ecc1543401889b7ba617cc77895 9a437c3ea3ad4b11b999ca19a7d434ae - - default default] 10.0.0.104 "GET /v2.0/subnetpools/85f0d308-74c4-4401-93cb-453e13721891/tags/red HTTP/1.1" status: 204 len: 168 time: 0.0271189
2026-07-02 11:21:47.148 9 INFO neutron.api.v2.resource [None req-f716691a-e891-4eb3-8540-af185a385bbe a00c6ecc1543401889b7ba617cc77895 9a437c3ea3ad4b11b999ca19a7d434ae - - default default] show failed (client error): The resource could not be found.
2026-07-02 11:21:47.149 9 INFO neutron.wsgi [None req-f716691a-e891-4eb3-8540-af185a385bbe a00c6ecc1543401889b7ba617cc77895 9a437c3ea3ad4b11b999ca19a7d434ae - - default default] 10.0.0.104 "GET /v2.0/subnetpools/85f0d308-74c4-4401-93cb-453e13721891/tags/green HTTP/1.1" status: 404 len: 299 time: 0.0221841
2026-07-02 11:21:47.198 9 INFO neutron.wsgi [None req-5c861465-1fe3-42d4-95b2-2d31c82836a4 a00c6ecc1543401889b7ba617cc77895 9a437c3ea3ad4b11b999ca19a7d434ae - - default default] 10.0.0.104 "DELETE /v2.0/subnetpools/85f0d308-74c4-4401-93cb-453e13721891/tags/red HTTP/1.1" status: 204 len: 168 time: 0.0438597
2026-07-02 11:21:47.223 9 INFO neutron.wsgi [None req-8009f890-11b2-4f83-9267-7ad7c6d718e4 a00c6ecc1543401889b7ba617cc77895 9a437c3ea3ad4b11b999ca19a7d434ae - - default default] 10.0.0.104 "GET /v2.0/subnetpools/85f0d308-74c4-4401-93cb-453e13721891/tags HTTP/1.1" status: 200 len: 223 time: 0.0210204
2026-07-02 11:21:47.255 9 INFO neutron.api.v2.resource [None req-d2bc51dd-4b04-475a-aef5-0dc627322554 a00c6ecc1543401889b7ba617cc77895 9a437c3ea3ad4b11b999ca19a7d434ae - - default default] delete failed (client error): The resource could not be found.
2026-07-02 11:21:47.256 9 INFO neutron.wsgi [None req-d2bc51dd-4b04-475a-aef5-0dc627322554 a00c6ecc1543401889b7ba617cc77895 9a437c3ea3ad4b11b999ca19a7d434ae - - default default] 10.0.0.104 "DELETE /v2.0/subnetpools/85f0d308-74c4-4401-93cb-453e13721891/tags/green HTTP/1.1" status: 404 len: 299 time: 0.0284586
2026-07-02 11:21:47.325 10 INFO neutron.wsgi [None req-875dd2f1-32f5-474d-9a96-04188778ab9a cd37b53af6424803ab0818bb06b83bf6 eeb29f1391134e8c82c18b9303e04dfa - - default default] 10.0.0.104 "GET /v2.0/ports/bcb0a6e4-5d71-4a6b-90df-6da526aedc1b HTTP/1.1" status: 200 len: 1020 time: 0.3721416
2026-07-02 11:21:47.365 9 INFO neutron.wsgi [None req-ba279732-6c16-44f6-9000-90fbb42b7524 a00c6ecc1543401889b7ba617cc77895 9a437c3ea3ad4b11b999ca19a7d434ae - - default default] 10.0.0.104 "DELETE /v2.0/subnetpools/85f0d308-74c4-4401-93cb-453e13721891/tags HTTP/1.1" status: 204 len: 168 time: 0.1042416
2026-07-02 11:21:47.399 10 INFO neutron.wsgi [None req-d7fe9950-4573-4a6b-bae7-80192e4505de a00c6ecc1543401889b7ba617cc77895 9a437c3ea3ad4b11b999ca19a7d434ae - - default default] 10.0.0.104 "GET /v2.0/subnetpools/85f0d308-74c4-4401-93cb-453e13721891/tags HTTP/1.1" status: 200 len: 205 time: 0.0252886
2026-07-02 11:21:47.404 10 INFO neutron.db.ovn_revision_numbers_db [None req-b4507bde-5fc0-4fd3-ac01-3ff8f6ccea96 d804ea9cbba34eccba4e59b7ceec8ec0 d113f35bdc3b4833859e9e7f314a6967 - - default default] Successfully bumped revision number for resource b215ee4b-3a3b-49f0-b2a5-cba2e18c7a6f (type: ports) to 2
2026-07-02 11:21:47.487 9 INFO neutron.wsgi [None req-cbc0c2dc-dcbe-4911-8485-138213dd3463 cd37b53af6424803ab0818bb06b83bf6 eeb29f1391134e8c82c18b9303e04dfa - - default default] 10.0.0.104 "DELETE /v2.0/trunks/59255773-85e2-47ba-8c8d-18954de5288d HTTP/1.1" status: 204 len: 168 time: 0.1557343
2026-07-02 11:21:47.488 10 INFO neutron.db.ovn_revision_numbers_db [None req-b4507bde-5fc0-4fd3-ac01-3ff8f6ccea96 d804ea9cbba34eccba4e59b7ceec8ec0 d113f35bdc3b4833859e9e7f314a6967 - - default default] Successfully bumped revision number for resource f0f17b22-53a2-456a-83d2-92ad4ae46d28 (type: subnets) to 0
2026-07-02 11:21:47.493 9 INFO neutron.wsgi [None req-732aceac-53a8-4153-8778-fecbc4749d76 a00c6ecc1543401889b7ba617cc77895 9a437c3ea3ad4b11b999ca19a7d434ae - - default default] 10.0.0.104 "DELETE /v2.0/subnetpools/85f0d308-74c4-4401-93cb-453e13721891 HTTP/1.1" status: 204 len: 168 time: 0.0784042
2026-07-02 11:21:47.513 10 INFO neutron.wsgi [None req-b4507bde-5fc0-4fd3-ac01-3ff8f6ccea96 d804ea9cbba34eccba4e59b7ceec8ec0 d113f35bdc3b4833859e9e7f314a6967 - - default default] 10.0.0.104 "POST /v2.0/subnets HTTP/1.1" status: 201 len: 801 time: 1.5008724
2026-07-02 11:21:47.515 10 INFO neutron.wsgi [None req-a0eae80b-2063-405a-bd92-136da7cde152 cd37b53af6424803ab0818bb06b83bf6 eeb29f1391134e8c82c18b9303e04dfa - - default default] 10.0.0.104 "GET /v2.0/trunks/a115ac9c-96c8-4d53-a4bc-0ea8b2393843 HTTP/1.1" status: 200 len: 616 time: 0.0210989
2026-07-02 11:21:47.521 10 WARNING neutron_lib.context [None req-f34001c0-09ea-4179-9bbb-3c284a117ae3 d804ea9cbba34eccba4e59b7ceec8ec0 d113f35bdc3b4833859e9e7f314a6967 - - default default] Method 'is_advsvc' is deprecated since 2023.2 release (neutron-lib 3.8.0) and will be removed once support for the old RBAC API policies will be removed from Neutron. Please use method 'is_service_role' instead.
2026-07-02 11:21:47.606 9 INFO neutron.wsgi [None req-54648ef5-6f19-4797-825c-f75307b602f2 cd37b53af6424803ab0818bb06b83bf6 eeb29f1391134e8c82c18b9303e04dfa - - default default] 10.0.0.104 "GET /v2.0/ports/90de75f3-c408-4b0e-8110-bf959ff9da2c HTTP/1.1" status: 200 len: 1020 time: 0.0880210
2026-07-02 11:21:47.691 9 INFO neutron.wsgi [None req-6d8fd34f-4c73-4ed8-8e62-232a3034c4fe cd37b53af6424803ab0818bb06b83bf6 eeb29f1391134e8c82c18b9303e04dfa - - default default] 10.0.0.104 "DELETE /v2.0/trunks/a115ac9c-96c8-4d53-a4bc-0ea8b2393843 HTTP/1.1" status: 204 len: 168 time: 0.0791960
2026-07-02 11:21:47.712 9 INFO neutron.wsgi [None req-aec5bb3e-fa5d-4d54-ba8c-ba9998bce33b cd37b53af6424803ab0818bb06b83bf6 eeb29f1391134e8c82c18b9303e04dfa - - default default] 10.0.0.104 "GET /v2.0/trunks/27c25ea5-ffa2-4175-b08c-eaa39f5a6d2e HTTP/1.1" status: 200 len: 625 time: 0.0166955
2026-07-02 11:21:47.805 9 INFO neutron.wsgi [None req-b3247dcd-587e-432a-94a6-e9a207bdffed cd37b53af6424803ab0818bb06b83bf6 eeb29f1391134e8c82c18b9303e04dfa - - default default] 10.0.0.104 "GET /v2.0/ports/d7b353ae-c20d-4737-bf72-5c76e40eeecb HTTP/1.1" status: 200 len: 1020 time: 0.0882494
2026-07-02 11:21:47.901 9 INFO neutron.wsgi [None req-7155e1bf-33e9-4293-a43a-0f1773642754 cd37b53af6424803ab0818bb06b83bf6 eeb29f1391134e8c82c18b9303e04dfa - - default default] 10.0.0.104 "DELETE /v2.0/trunks/27c25ea5-ffa2-4175-b08c-eaa39f5a6d2e HTTP/1.1" status: 204 len: 168 time: 0.0881751
2026-07-02 11:21:47.923 9 INFO neutron.wsgi [None req-2c79e795-91d0-4817-a899-3d5708e8fa3e cd37b53af6424803ab0818bb06b83bf6 eeb29f1391134e8c82c18b9303e04dfa - - default default] 10.0.0.104 "GET /v2.0/trunks/9354d2e4-efd7-47f6-b29b-71cfc1cbd2d0 HTTP/1.1" status: 200 len: 610 time: 0.0162721
2026-07-02 11:21:48.007 10 WARNING neutron.scheduler.dhcp_agent_scheduler [None req-f34001c0-09ea-4179-9bbb-3c284a117ae3 d804ea9cbba34eccba4e59b7ceec8ec0 d113f35bdc3b4833859e9e7f314a6967 - - default default] No more DHCP agents
2026-07-02 11:21:48.009 10 WARNING neutron.api.rpc.agentnotifiers.dhcp_rpc_agent_api [None req-f34001c0-09ea-4179-9bbb-3c284a117ae3 d804ea9cbba34eccba4e59b7ceec8ec0 d113f35bdc3b4833859e9e7f314a6967 - - default default] Unable to schedule network 7dba4a88-12fc-43ab-8cec-fbe77622f4f5: no agents available; will retry on subsequent port and subnet creation events.
2026-07-02 11:21:48.030 9 INFO neutron.wsgi [None req-f88187e3-5b28-4ff6-9ea0-522ec40537df cd37b53af6424803ab0818bb06b83bf6 eeb29f1391134e8c82c18b9303e04dfa - - default default] 10.0.0.104 "GET /v2.0/ports/f3bded20-2e4d-49d7-8511-91e142a3307f HTTP/1.1" status: 200 len: 1020 time: 0.1024508
2026-07-02 11:21:48.069 9 INFO neutron.wsgi [-] 10.0.0.188 "GET / HTTP/1.1" status: 200 len: 246 time: 0.0014601
2026-07-02 11:21:48.071 9 INFO neutron.wsgi [-] 10.0.0.188 "GET / HTTP/1.1" status: 200 len: 246 time: 0.0009184
2026-07-02 11:21:48.136 9 INFO neutron.wsgi [None req-c278c00a-4da4-4cb8-988f-2c5da8e76d72 cd37b53af6424803ab0818bb06b83bf6 eeb29f1391134e8c82c18b9303e04dfa - - default default] 10.0.0.104 "DELETE /v2.0/trunks/9354d2e4-efd7-47f6-b29b-71cfc1cbd2d0 HTTP/1.1" status: 204 len: 168 time: 0.1016603
2026-07-02 11:21:48.169 10 INFO neutron.wsgi [None req-046ef66a-97a8-4c75-808c-177cd067f3ec cd37b53af6424803ab0818bb06b83bf6 eeb29f1391134e8c82c18b9303e04dfa - - default default] 10.0.0.104 "GET /v2.0/trunks/5f91583a-b674-4182-8b5f-76d8383ee1bc HTTP/1.1" status: 200 len: 603 time: 0.0220480
2026-07-02 11:21:48.185 10 INFO neutron.db.ovn_revision_numbers_db [None req-f34001c0-09ea-4179-9bbb-3c284a117ae3 d804ea9cbba34eccba4e59b7ceec8ec0 d113f35bdc3b4833859e9e7f314a6967 - - default default] Successfully bumped revision number for resource d47501b4-ad43-45f7-a673-e4ca14cda75b (type: ports) to 1
2026-07-02 11:21:48.289 9 INFO neutron.wsgi [None req-4a695130-f868-4845-9bc9-997231d77f38 cd37b53af6424803ab0818bb06b83bf6 eeb29f1391134e8c82c18b9303e04dfa - - default default] 10.0.0.104 "GET /v2.0/ports/878471d7-f18a-40e6-9e3a-1236af6b62ec HTTP/1.1" status: 200 len: 1020 time: 0.1160913
2026-07-02 11:21:48.418 10 INFO neutron.wsgi [None req-f259cbf7-0974-4e23-8ac1-31d90bee07d6 cd37b53af6424803ab0818bb06b83bf6 eeb29f1391134e8c82c18b9303e04dfa - - default default] 10.0.0.104 "DELETE /v2.0/trunks/5f91583a-b674-4182-8b5f-76d8383ee1bc HTTP/1.1" status: 204 len: 168 time: 0.1223216
2026-07-02 11:21:48.533 10 INFO neutron.db.ovn_revision_numbers_db [None req-2f0b1840-dec8-47b4-afd2-b68a522b1b51 f63d376226924d07afc233b4405cc6eb b4b9170b6db24199867095bad6c1b95f - - default default] Successfully bumped revision number for resource bb617355-4297-4789-8689-979611eda064 (type: security_groups) to 1
2026-07-02 11:21:48.549 10 INFO neutron.db.ovn_revision_numbers_db [None req-2f0b1840-dec8-47b4-afd2-b68a522b1b51 f63d376226924d07afc233b4405cc6eb b4b9170b6db24199867095bad6c1b95f - - default default] Successfully bumped revision number for resource 7b05f975-be29-4307-902d-ff92810013f0 (type: security_group_rules) to 0
2026-07-02 11:21:48.577 10 INFO neutron.db.ovn_revision_numbers_db [None req-2f0b1840-dec8-47b4-afd2-b68a522b1b51 f63d376226924d07afc233b4405cc6eb b4b9170b6db24199867095bad6c1b95f - - default default] Successfully bumped revision number for resource 8139d079-f230-4900-9df9-3e26666f754e (type: security_group_rules) to 0
2026-07-02 11:21:48.600 10 INFO neutron.db.ovn_revision_numbers_db [None req-2f0b1840-dec8-47b4-afd2-b68a522b1b51 f63d376226924d07afc233b4405cc6eb b4b9170b6db24199867095bad6c1b95f - - default default] Successfully bumped revision number for resource b80e1db2-72c9-4747-af16-df06ba2e01ec (type: security_group_rules) to 0
2026-07-02 11:21:48.622 10 INFO neutron.db.ovn_revision_numbers_db [None req-2f0b1840-dec8-47b4-afd2-b68a522b1b51 f63d376226924d07afc233b4405cc6eb b4b9170b6db24199867095bad6c1b95f - - default default] Successfully bumped revision number for resource e7dae34d-80f5-4936-9a1d-190498c2686f (type: security_group_rules) to 0
2026-07-02 11:21:48.658 10 INFO neutron.wsgi [None req-2f0b1840-dec8-47b4-afd2-b68a522b1b51 f63d376226924d07afc233b4405cc6eb b4b9170b6db24199867095bad6c1b95f - - default default] 10.0.0.104 "GET /v2.0/security-groups?tenant_id=0646caafa2a549a398c85ae43eb958ff&name=default HTTP/1.1" status: 200 len: 3124 time: 0.4135549
2026-07-02 11:21:48.762 9 INFO neutron.wsgi [None req-6f4d9600-faf5-4c84-99e9-06e7bc4f26f7 cd37b53af6424803ab0818bb06b83bf6 eeb29f1391134e8c82c18b9303e04dfa - - default default] 10.0.0.104 "DELETE /v2.0/ports/bcb0a6e4-5d71-4a6b-90df-6da526aedc1b HTTP/1.1" status: 204 len: 168 time: 0.3381677
2026-07-02 11:21:48.954 10 INFO neutron.plugins.ml2.drivers.ovn.mech_driver.ovsdb.commands [None req-9e7e3c20-ded6-4763-9261-2c862122cf48 - - - - - -] Schedule LRP lrp-d47501b4-ad43-45f7-a673-e4ca14cda75b on gateway bb383729-2780-416e-a3b2-bc4909aa93e9 with priority 1
2026-07-02 11:21:48.963 10 INFO neutron.plugins.ml2.drivers.ovn.mech_driver.mech_driver [None req-d29b10a6-2eee-414c-9d3b-db23914ab104 - - - - - -] OVN reports status up for port: d47501b4-ad43-45f7-a673-e4ca14cda75b
2026-07-02 11:21:48.982 10 INFO neutron.plugins.ml2.plugin [None req-d29b10a6-2eee-414c-9d3b-db23914ab104 - - - - - -] Attempt 1 to provision port d47501b4-ad43-45f7-a673-e4ca14cda75b
2026-07-02 11:21:48.987 10 INFO neutron.wsgi [None req-40017abb-4a63-4565-9eb2-54093246cfc3 f63d376226924d07afc233b4405cc6eb b4b9170b6db24199867095bad6c1b95f - - default default] 10.0.0.104 "DELETE /v2.0/security-groups/bb617355-4297-4789-8689-979611eda064 HTTP/1.1" status: 204 len: 168 time: 0.3222556
2026-07-02 11:21:49.011 10 INFO neutron.db.ovn_revision_numbers_db [None req-f34001c0-09ea-4179-9bbb-3c284a117ae3 d804ea9cbba34eccba4e59b7ceec8ec0 d113f35bdc3b4833859e9e7f314a6967 - - default default] Successfully bumped revision number for resource d47501b4-ad43-45f7-a673-e4ca14cda75b (type: router_ports) to 1
2026-07-02 11:21:49.023 9 INFO neutron.wsgi [None req-4a3410fe-023c-4954-8037-e989ab58dd48 cd37b53af6424803ab0818bb06b83bf6 eeb29f1391134e8c82c18b9303e04dfa - - default default] 10.0.0.104 "DELETE /v2.0/ports/90de75f3-c408-4b0e-8110-bf959ff9da2c HTTP/1.1" status: 204 len: 168 time: 0.2558806
2026-07-02 11:21:49.247 9 INFO neutron.db.ovn_revision_numbers_db [None req-23f64cef-a608-422f-ac50-70d9af278854 f63d376226924d07afc233b4405cc6eb b4b9170b6db24199867095bad6c1b95f - - default default] Successfully bumped revision number for resource 48ea60cb-8448-4d3e-af35-92061e51f333 (type: security_groups) to 1
2026-07-02 11:21:49.262 9 INFO neutron.db.ovn_revision_numbers_db [None req-23f64cef-a608-422f-ac50-70d9af278854 f63d376226924d07afc233b4405cc6eb b4b9170b6db24199867095bad6c1b95f - - default default] Successfully bumped revision number for resource 407c115c-3586-4302-9a78-593d2378d9b5 (type: security_group_rules) to 0
2026-07-02 11:21:49.286 9 INFO neutron.db.ovn_revision_numbers_db [None req-23f64cef-a608-422f-ac50-70d9af278854 f63d376226924d07afc233b4405cc6eb b4b9170b6db24199867095bad6c1b95f - - default default] Successfully bumped revision number for resource 50a98d44-20c7-4a5d-a32e-907e4cdfc372 (type: security_group_rules) to 0
2026-07-02 11:21:49.298 9 INFO neutron.wsgi [None req-a1076d36-ae03-4fa3-9768-aec6ec93ad0d cd37b53af6424803ab0818bb06b83bf6 eeb29f1391134e8c82c18b9303e04dfa - - default default] 10.0.0.104 "DELETE /v2.0/ports/d7b353ae-c20d-4737-bf72-5c76e40eeecb HTTP/1.1" status: 204 len: 168 time: 0.2687395
2026-07-02 11:21:49.301 9 INFO neutron.db.ovn_revision_numbers_db [None req-23f64cef-a608-422f-ac50-70d9af278854 f63d376226924d07afc233b4405cc6eb b4b9170b6db24199867095bad6c1b95f - - default default] Successfully bumped revision number for resource ab7970b3-c276-4937-9dea-e7c5007d3cfa (type: security_group_rules) to 0
2026-07-02 11:21:49.329 10 INFO neutron.db.ovn_revision_numbers_db [None req-f34001c0-09ea-4179-9bbb-3c284a117ae3 d804ea9cbba34eccba4e59b7ceec8ec0 d113f35bdc3b4833859e9e7f314a6967 - - default default] Successfully bumped revision number for resource 6d471329-47f2-4beb-8ad0-f4e52c978a6d (type: routers) to 2
2026-07-02 11:21:49.336 9 INFO neutron.db.ovn_revision_numbers_db [None req-23f64cef-a608-422f-ac50-70d9af278854 f63d376226924d07afc233b4405cc6eb b4b9170b6db24199867095bad6c1b95f - - default default] Successfully bumped revision number for resource bcc8893f-dfe9-41c5-9b79-259b0d1cc544 (type: security_group_rules) to 0
2026-07-02 11:21:49.347 10 INFO neutron.wsgi [None req-f34001c0-09ea-4179-9bbb-3c284a117ae3 d804ea9cbba34eccba4e59b7ceec8ec0 d113f35bdc3b4833859e9e7f314a6967 - - default default] 10.0.0.104 "POST /v2.0/routers HTTP/1.1" status: 201 len: 1134 time: 1.8294508
2026-07-02 11:21:49.362 9 INFO neutron.wsgi [None req-23f64cef-a608-422f-ac50-70d9af278854 f63d376226924d07afc233b4405cc6eb b4b9170b6db24199867095bad6c1b95f - - default default] 10.0.0.104 "GET /v2.0/security-groups?tenant_id=9a437c3ea3ad4b11b999ca19a7d434ae&name=default HTTP/1.1" status: 200 len: 3124 time: 0.2677655
2026-07-02 11:21:49.558 9 INFO neutron.wsgi [None req-87de7360-06fc-4dfe-a777-164dc6ccd62a cd37b53af6424803ab0818bb06b83bf6 eeb29f1391134e8c82c18b9303e04dfa - - default default] 10.0.0.104 "DELETE /v2.0/ports/f3bded20-2e4d-49d7-8511-91e142a3307f HTTP/1.1" status: 204 len: 168 time: 0.2541561
2026-07-02 11:21:49.634 10 INFO neutron.wsgi [None req-ad749239-33fd-4495-bb55-64e348e333c6 f63d376226924d07afc233b4405cc6eb b4b9170b6db24199867095bad6c1b95f - - default default] 10.0.0.104 "DELETE /v2.0/security-groups/48ea60cb-8448-4d3e-af35-92061e51f333 HTTP/1.1" status: 204 len: 168 time: 0.2602129
2026-07-02 11:21:49.808 9 INFO neutron.wsgi [None req-30aedd85-d358-4166-ba8e-cd6f6499d7c2 cd37b53af6424803ab0818bb06b83bf6 eeb29f1391134e8c82c18b9303e04dfa - - default default] 10.0.0.104 "DELETE /v2.0/ports/878471d7-f18a-40e6-9e3a-1236af6b62ec HTTP/1.1" status: 204 len: 168 time: 0.2436099
2026-07-02 11:21:50.032 10 WARNING neutron.scheduler.dhcp_agent_scheduler [None req-65442fba-0a4d-462d-89dc-9d1b6b1d8d8a d804ea9cbba34eccba4e59b7ceec8ec0 d113f35bdc3b4833859e9e7f314a6967 - - default default] No more DHCP agents
2026-07-02 11:21:50.035 10 WARNING neutron.api.rpc.agentnotifiers.dhcp_rpc_agent_api [None req-65442fba-0a4d-462d-89dc-9d1b6b1d8d8a d804ea9cbba34eccba4e59b7ceec8ec0 d113f35bdc3b4833859e9e7f314a6967 - - default default] Unable to schedule network 6d0a7c03-8931-4269-a1df-8de8f70d82df: no agents available; will retry on subsequent port and subnet creation events.
2026-07-02 11:21:50.236 9 INFO neutron.services.segments.plugin [-] Segment dd95b1ce-e802-43a6-92d8-5b9c59e98976 resource provider aggregate not found
2026-07-02 11:21:50.238 10 INFO neutron.db.ovn_revision_numbers_db [None req-65442fba-0a4d-462d-89dc-9d1b6b1d8d8a d804ea9cbba34eccba4e59b7ceec8ec0 d113f35bdc3b4833859e9e7f314a6967 - - default default] Successfully bumped revision number for resource 25c6cb13-e7f1-4d29-a859-6a730c4dd446 (type: ports) to 1
2026-07-02 11:21:50.243 9 INFO neutron.services.segments.plugin [-] Segment dd95b1ce-e802-43a6-92d8-5b9c59e98976 resource provider aggregate not found
2026-07-02 11:21:50.252 9 INFO neutron.services.segments.plugin [-] Segment dd95b1ce-e802-43a6-92d8-5b9c59e98976 resource provider not found; error: Placement Client Error (4xx): {"errors": [{"status": 404, "title": "Not Found", "detail": "The resource could not be found.\n\n No resource provider with uuid dd95b1ce-e802-43a6-92d8-5b9c59e98976 found for delete ", "request_id": "req-ea2d9d47-f3b8-4189-8fa5-00e2abb05a1b"}]}
2026-07-02 11:21:50.255 9 INFO neutron.services.segments.plugin [-] Segment dd95b1ce-e802-43a6-92d8-5b9c59e98976 resource provider not found; error: Placement Client Error (4xx): {"errors": [{"status": 404, "title": "Not Found", "detail": "The resource could not be found.\n\n No resource provider with uuid dd95b1ce-e802-43a6-92d8-5b9c59e98976 found for delete ", "request_id": "req-bcf33c56-2857-468f-b164-560731c15a88"}]}
2026-07-02 11:21:50.282 9 INFO neutron.wsgi [None req-49bfe0b1-3268-4c74-b115-b05841d0f13f cd37b53af6424803ab0818bb06b83bf6 eeb29f1391134e8c82c18b9303e04dfa - - default default] 10.0.0.104 "DELETE /v2.0/networks/2c5f2d8c-0fca-4bee-8758-9f2e6544676a HTTP/1.1" status: 204 len: 168 time: 0.4678571
2026-07-02 11:21:50.675 9 INFO neutron.wsgi [None req-15ddf255-303c-493b-bd80-196422cc3781 cd37b53af6424803ab0818bb06b83bf6 eeb29f1391134e8c82c18b9303e04dfa - - default default] 10.0.0.104 "DELETE /v2.0/networks/5965b5bd-50c7-41e0-8722-3adf05013718 HTTP/1.1" status: 204 len: 168 time: 0.3871663
2026-07-02 11:21:50.875 10 ERROR ovsdbapp.backend.ovs_idl.command [None req-65442fba-0a4d-462d-89dc-9d1b6b1d8d8a d804ea9cbba34eccba4e59b7ceec8ec0 d113f35bdc3b4833859e9e7f314a6967 - - default default] Error executing command (DbGetCommand): ovsdbapp.backend.ovs_idl.idlutils.RowNotFound: Cannot find Logical_Router_Port with name=lrp-25c6cb13-e7f1-4d29-a859-6a730c4dd446
2026-07-02 11:21:50.875 10 ERROR ovsdbapp.backend.ovs_idl.command
Traceback (most recent call last):
2026-07-02 11:21:50.875 10 ERROR ovsdbapp.backend.ovs_idl.command
File "/var/lib/openstack/lib/python3.10/site-packages/ovsdbapp/backend/ovs_idl/command.py", line 47, in execute
2026-07-02 11:21:50.875 10 ERROR ovsdbapp.backend.ovs_idl.command self.run_idl(None)
2026-07-02 11:21:50.875 10 ERROR ovsdbapp.backend.ovs_idl.command
File "/var/lib/openstack/lib/python3.10/site-packages/ovsdbapp/backend/ovs_idl/command.py", line 235, in run_idl
2026-07-02 11:21:50.875 10 ERROR ovsdbapp.backend.ovs_idl.command record = self.api.lookup(self.table, self.record)
2026-07-02 11:21:50.875 10 ERROR ovsdbapp.backend.ovs_idl.command
File "/var/lib/openstack/lib/python3.10/site-packages/ovsdbapp/backend/ovs_idl/__init__.py", line 184, in lookup
2026-07-02 11:21:50.875 10 ERROR ovsdbapp.backend.ovs_idl.command return self._lookup(table, record)
2026-07-02 11:21:50.875 10 ERROR ovsdbapp.backend.ovs_idl.command
File "/var/lib/openstack/lib/python3.10/site-packages/ovsdbapp/backend/ovs_idl/__init__.py", line 235, in _lookup
2026-07-02 11:21:50.875 10 ERROR ovsdbapp.backend.ovs_idl.command row = idlutils.row_by_value(self, rl.table, rl.column, record)
2026-07-02 11:21:50.875 10 ERROR ovsdbapp.backend.ovs_idl.command
File "/var/lib/openstack/lib/python3.10/site-packages/ovsdbapp/backend/ovs_idl/idlutils.py", line 114, in row_by_value
2026-07-02 11:21:50.875 10 ERROR ovsdbapp.backend.ovs_idl.command raise RowNotFound(table=table, col=column, match=match)
2026-07-02 11:21:50.875 10 ERROR ovsdbapp.backend.ovs_idl.command ovsdbapp.backend.ovs_idl.idlutils.RowNotFound: Cannot find Logical_Router_Port with name=lrp-25c6cb13-e7f1-4d29-a859-6a730c4dd446
2026-07-02 11:21:50.875 10 ERROR ovsdbapp.backend.ovs_idl.command 
2026-07-02 11:21:50.877 10 ERROR neutron_lib.callbacks.manager [None req-65442fba-0a4d-462d-89dc-9d1b6b1d8d8a d804ea9cbba34eccba4e59b7ceec8ec0 d113f35bdc3b4833859e9e7f314a6967 - - default default] Error during notification for neutron.services.ovn_l3.plugin.OVNL3RouterPlugin._port_update-8770631143142 port, after_update: ovsdbapp.backend.ovs_idl.idlutils.RowNotFound: Cannot find Logical_Router_Port with name=lrp-25c6cb13-e7f1-4d29-a859-6a730c4dd446
2026-07-02 11:21:50.877 10 ERROR neutron_lib.callbacks.manager
Traceback (most recent call last):
2026-07-02 11:21:50.877 10 ERROR neutron_lib.callbacks.manager
File "/var/lib/openstack/lib/python3.10/site-packages/neutron_lib/callbacks/manager.py", line 189, in _notify_loop
2026-07-02 11:21:50.877 10 ERROR neutron_lib.callbacks.manager callback.method(resource, event, trigger, payload=payload)
2026-07-02 11:21:50.877 10 ERROR neutron_lib.callbacks.manager
File "/var/lib/openstack/lib/python3.10/site-packages/neutron/services/ovn_l3/plugin.py", line 391, in _port_update
2026-07-02 11:21:50.877 10 ERROR neutron_lib.callbacks.manager l3plugin._ovn_client.update_router_port(context,
2026-07-02 11:21:50.877 10 ERROR neutron_lib.callbacks.manager
File "/var/lib/openstack/lib/python3.10/site-packages/neutron/plugins/ml2/drivers/ovn/mech_driver/ovsdb/ovn_client.py", line 1878, in update_router_port
2026-07-02 11:21:50.877 10 ERROR neutron_lib.callbacks.manager self._update_lrouter_port(context, port, if_exists=if_exists,
2026-07-02 11:21:50.877 10 ERROR neutron_lib.callbacks.manager
File "/var/lib/openstack/lib/python3.10/site-packages/neutron/plugins/ml2/drivers/ovn/mech_driver/ovsdb/ovn_client.py", line 1855, in _update_lrouter_port
2026-07-02 11:21:50.877 10 ERROR neutron_lib.callbacks.manager external_ids = self._nb_idl.db_get(
2026-07-02 11:21:50.877 10 ERROR neutron_lib.callbacks.manager
File "/var/lib/openstack/lib/python3.10/site-packages/ovsdbapp/backend/ovs_idl/command.py", line 47, in execute
2026-07-02 11:21:50.877 10 ERROR neutron_lib.callbacks.manager self.run_idl(None)
2026-07-02 11:21:50.877 10 ERROR neutron_lib.callbacks.manager
File "/var/lib/openstack/lib/python3.10/site-packages/ovsdbapp/backend/ovs_idl/command.py", line 235, in run_idl
2026-07-02 11:21:50.877 10 ERROR neutron_lib.callbacks.manager record = self.api.lookup(self.table, self.record)
2026-07-02 11:21:50.877 10 ERROR neutron_lib.callbacks.manager
File "/var/lib/openstack/lib/python3.10/site-packages/ovsdbapp/backend/ovs_idl/__init__.py", line 184, in lookup
2026-07-02 11:21:50.877 10 ERROR neutron_lib.callbacks.manager return self._lookup(table, record)
2026-07-02 11:21:50.877 10 ERROR neutron_lib.callbacks.manager
File "/var/lib/openstack/lib/python3.10/site-packages/ovsdbapp/backend/ovs_idl/__init__.py", line 235, in _lookup
2026-07-02 11:21:50.877 10 ERROR neutron_lib.callbacks.manager row = idlutils.row_by_value(self, rl.table, rl.column, record)
2026-07-02 11:21:50.877 10 ERROR neutron_lib.callbacks.manager
File "/var/lib/openstack/lib/python3.10/site-packages/ovsdbapp/backend/ovs_idl/idlutils.py", line 114, in row_by_value
2026-07-02 11:21:50.877 10 ERROR neutron_lib.callbacks.manager raise RowNotFound(table=table, col=column, match=match)
2026-07-02 11:21:50.877 10 ERROR neutron_lib.callbacks.manager ovsdbapp.backend.ovs_idl.idlutils.RowNotFound: Cannot find Logical_Router_Port with name=lrp-25c6cb13-e7f1-4d29-a859-6a730c4dd446
2026-07-02 11:21:50.877 10 ERROR neutron_lib.callbacks.manager 
2026-07-02 11:21:51.124 9 INFO neutron.wsgi [None req-2fdfde03-7fa9-46a4-9f5a-fe27718bec48 cd37b53af6424803ab0818bb06b83bf6 eeb29f1391134e8c82c18b9303e04dfa - - default default] 10.0.0.104 "DELETE /v2.0/networks/891eaeba-1184-415d-88bb-734e78f96bee HTTP/1.1" status: 204 len: 168 time: 0.4427834
2026-07-02 11:21:51.443 10 INFO neutron.db.ovn_revision_numbers_db [None req-65442fba-0a4d-462d-89dc-9d1b6b1d8d8a d804ea9cbba34eccba4e59b7ceec8ec0 d113f35bdc3b4833859e9e7f314a6967 - - default default] Successfully bumped revision number for resource 25c6cb13-e7f1-4d29-a859-6a730c4dd446 (type: ports) to 1
2026-07-02 11:21:51.511 10 WARNING neutron.scheduler.dhcp_agent_scheduler [None req-65442fba-0a4d-462d-89dc-9d1b6b1d8d8a d804ea9cbba34eccba4e59b7ceec8ec0 d113f35bdc3b4833859e9e7f314a6967 - - default default] No more DHCP agents
2026-07-02 11:21:51.512 10 WARNING neutron.api.rpc.agentnotifiers.dhcp_rpc_agent_api [None req-65442fba-0a4d-462d-89dc-9d1b6b1d8d8a d804ea9cbba34eccba4e59b7ceec8ec0 d113f35bdc3b4833859e9e7f314a6967 - - default default] Unable to schedule network 6d0a7c03-8931-4269-a1df-8de8f70d82df: no agents available; will retry on subsequent port and subnet creation events.
2026-07-02 11:21:51.815 9 INFO neutron.wsgi [None req-2bb8290c-b6d9-408b-aec8-ed7c27371f03 cd37b53af6424803ab0818bb06b83bf6 eeb29f1391134e8c82c18b9303e04dfa - - default default] 10.0.0.104 "DELETE /v2.0/networks/a5300c23-5f04-4650-b3d6-1f108560695b HTTP/1.1" status: 204 len: 168 time: 0.6850255
2026-07-02 11:21:51.884 10 INFO neutron.db.ovn_revision_numbers_db [None req-65442fba-0a4d-462d-89dc-9d1b6b1d8d8a d804ea9cbba34eccba4e59b7ceec8ec0 d113f35bdc3b4833859e9e7f314a6967 - - default default] Successfully bumped revision number for resource 25c6cb13-e7f1-4d29-a859-6a730c4dd446 (type: router_ports) to 1
2026-07-02 11:21:51.891 10 INFO neutron.wsgi [None req-65442fba-0a4d-462d-89dc-9d1b6b1d8d8a d804ea9cbba34eccba4e59b7ceec8ec0 d113f35bdc3b4833859e9e7f314a6967 - - default default] 10.0.0.104 "PUT /v2.0/routers/6d471329-47f2-4beb-8ad0-f4e52c978a6d/add_router_interface HTTP/1.1" status: 200 len: 503 time: 2.5393884
2026-07-02 11:21:51.901 10 WARNING neutron_lib.context [None req-399f15fa-b0e6-4e1b-8032-566d9a4b27ee d804ea9cbba34eccba4e59b7ceec8ec0 d113f35bdc3b4833859e9e7f314a6967 - - default default] Method 'is_advsvc' is deprecated since 2023.2 release (neutron-lib 3.8.0) and will be removed once support for the old RBAC API policies will be removed from Neutron. Please use method 'is_service_role' instead.
2026-07-02 11:21:52.256 9 INFO neutron.wsgi [None req-15039a5f-6855-4b0b-a315-fccd559d2fbf cd37b53af6424803ab0818bb06b83bf6 eeb29f1391134e8c82c18b9303e04dfa - - default default] 10.0.0.104 "DELETE /v2.0/networks/15dcb9e4-a3c9-41e0-aff4-b8cb82fcae62 HTTP/1.1" status: 204 len: 168 time: 0.4319022
2026-07-02 11:21:52.277 9 INFO neutron.services.segments.plugin [-] Segment e194448d-cba4-4b6f-b498-4a94a0709c3e resource provider aggregate not found
2026-07-02 11:21:52.281 9 INFO neutron.services.segments.plugin [-] Segment e194448d-cba4-4b6f-b498-4a94a0709c3e resource provider aggregate not found
2026-07-02 11:21:52.291 9 INFO neutron.services.segments.plugin [-] Segment e194448d-cba4-4b6f-b498-4a94a0709c3e resource provider not found; error: Placement Client Error (4xx): {"errors": [{"status": 404, "title": "Not Found", "detail": "The resource could not be found.\n\n No resource provider with uuid e194448d-cba4-4b6f-b498-4a94a0709c3e found for delete ", "request_id": "req-ccb3b6f4-94df-407c-bc72-14ae8d6de796"}]}
2026-07-02 11:21:52.297 9 INFO neutron.services.segments.plugin [-] Segment e194448d-cba4-4b6f-b498-4a94a0709c3e resource provider not found; error: Placement Client Error (4xx): {"errors": [{"status": 404, "title": "Not Found", "detail": "The resource could not be found.\n\n No resource provider with uuid e194448d-cba4-4b6f-b498-4a94a0709c3e found for delete ", "request_id": "req-3b59bef2-26f9-4015-9800-90b8c2158a4f"}]}
2026-07-02 11:21:52.305 9 INFO neutron.services.segments.plugin [-] Segment 8b07cdb6-72a3-41c7-b0ba-1bc0ec8b9d7e resource provider aggregate not found
2026-07-02 11:21:52.310 9 INFO neutron.services.segments.plugin [-] Segment 8b07cdb6-72a3-41c7-b0ba-1bc0ec8b9d7e resource provider aggregate not found
2026-07-02 11:21:52.316 9 INFO neutron.services.segments.plugin [-] Segment 8b07cdb6-72a3-41c7-b0ba-1bc0ec8b9d7e resource provider not found; error: Placement Client Error (4xx): {"errors": [{"status": 404, "title": "Not Found", "detail": "The resource could not be found.\n\n No resource provider with uuid 8b07cdb6-72a3-41c7-b0ba-1bc0ec8b9d7e found for delete ", "request_id": "req-3af2a306-b3d3-4ccd-8dcd-7b850f946609"}]}
2026-07-02 11:21:52.324 9 INFO neutron.services.segments.plugin [-] Segment 8b07cdb6-72a3-41c7-b0ba-1bc0ec8b9d7e resource provider not found; error: Placement Client Error (4xx): {"errors": [{"status": 404, "title": "Not Found", "detail": "The resource could not be found.\n\n No resource provider with uuid 8b07cdb6-72a3-41c7-b0ba-1bc0ec8b9d7e found for delete ", "request_id": "req-586c4327-e5e4-4915-853c-5f401cb0f2af"}]}
2026-07-02 11:21:52.328 9 INFO neutron.services.segments.plugin [-] Segment e7bc833b-d0c8-4bda-8132-ac224642fb5f resource provider aggregate not found
2026-07-02 11:21:52.337 9 INFO neutron.services.segments.plugin [-] Segment e7bc833b-d0c8-4bda-8132-ac224642fb5f resource provider aggregate not found
