2026-07-02 11:20:47.329 9 INFO neutron.wsgi [None req-d86a0959-9fb7-4215-8ed8-d66c46e7b3d9 fa82be6e6bd7498781479986be30cea8 2010d32d02714641a75bfe9b477c8343 - - default default] 10.0.0.104 "POST /v2.0/security-group-rules HTTP/1.1" status: 201 len: 795 time: 0.4975302 /var/lib/openstack/lib/python3.10/site-packages/pycadf/identifier.py:71: UserWarning: Invalid uuid: neutron. To ensure interoperability, identifiers should be a valid uuid. warnings.warn(('Invalid uuid: %s. To ensure interoperability, '
2026-07-02 11:20:47.339 9 WARNING neutron_lib.context [None req-18a98a81-fdbb-4ce4-bc8c-118567d07b61 fa82be6e6bd7498781479986be30cea8 2010d32d02714641a75bfe9b477c8343 - - default default] Method 'is_advsvc' is deprecated since 2023.2 release (neutron-lib 3.8.0) and will be removed once support for the old RBAC API policies will be removed from Neutron. Please use method 'is_service_role' instead.
2026-07-02 11:20:47.352 10 INFO neutron.db.ovn_revision_numbers_db [None req-ac730fb3-771c-4e07-87bc-c4375fa8a557 bfe758604ded457aa5a19d40e57d844e 5b40aa6bb48840a79b1a2f6508f12650 - - default default] Successfully bumped revision number for resource 3f88d492-5537-42de-9566-f7e4b610bc67 (type: networks) to 1
2026-07-02 11:20:47.354 9 INFO neutron.wsgi [req-4bffcc5b-2daa-4724-ba17-d830e9e58024 req-8c72a8a3-4b11-4fd3-8f6c-b154e2972606 784b24dd07fd4dd289a6c7370bffe2bc 098c676259a54711b0be2159fc39ba32 - - default default] 199.19.213.216 "POST /v2.0/ports HTTP/1.1" status: 201 len: 1158 time: 1.0907183
2026-07-02 11:20:47.571 10 WARNING neutron.scheduler.dhcp_agent_scheduler [None req-ac730fb3-771c-4e07-87bc-c4375fa8a557 bfe758604ded457aa5a19d40e57d844e 5b40aa6bb48840a79b1a2f6508f12650 - - default default] No more DHCP agents
2026-07-02 11:20:47.573 10 WARNING neutron.api.rpc.agentnotifiers.dhcp_rpc_agent_api [None req-ac730fb3-771c-4e07-87bc-c4375fa8a557 bfe758604ded457aa5a19d40e57d844e 5b40aa6bb48840a79b1a2f6508f12650 - - default default] Unable to schedule network 3f88d492-5537-42de-9566-f7e4b610bc67: no agents available; will retry on subsequent port and subnet creation events.
2026-07-02 11:20:47.603 9 INFO neutron.db.ovn_revision_numbers_db [None req-18a98a81-fdbb-4ce4-bc8c-118567d07b61 fa82be6e6bd7498781479986be30cea8 2010d32d02714641a75bfe9b477c8343 - - default default] Successfully bumped revision number for resource 6769c576-d672-42a8-94cf-0e5bb241b1b4 (type: security_group_rules) to 0
2026-07-02 11:20:47.644 9 INFO neutron.wsgi [None req-18a98a81-fdbb-4ce4-bc8c-118567d07b61 fa82be6e6bd7498781479986be30cea8 2010d32d02714641a75bfe9b477c8343 - - default default] 10.0.0.104 "POST /v2.0/security-group-rules HTTP/1.1" status: 201 len: 801 time: 0.3098807
2026-07-02 11:20:47.657 10 WARNING neutron_lib.context [None req-58ffd2e2-bc7a-46ff-9ce4-9153d3715145 fa82be6e6bd7498781479986be30cea8 2010d32d02714641a75bfe9b477c8343 - - default default] Method 'is_advsvc' is deprecated since 2023.2 release (neutron-lib 3.8.0) and will be removed once support for the old RBAC API policies will be removed from Neutron. Please use method 'is_service_role' instead.
2026-07-02 11:20:47.682 10 INFO neutron.db.ovn_revision_numbers_db [None req-ac730fb3-771c-4e07-87bc-c4375fa8a557 bfe758604ded457aa5a19d40e57d844e 5b40aa6bb48840a79b1a2f6508f12650 - - default default] Successfully bumped revision number for resource 1ab73183-12db-43c2-b940-5c29b1a1eb81 (type: ports) to 1
2026-07-02 11:20:47.713 10 INFO neutron.wsgi [None req-ac730fb3-771c-4e07-87bc-c4375fa8a557 bfe758604ded457aa5a19d40e57d844e 5b40aa6bb48840a79b1a2f6508f12650 - - default default] 10.0.0.104 "POST /v2.0/networks HTTP/1.1" status: 201 len: 830 time: 0.7994120
2026-07-02 11:20:47.724 10 WARNING neutron_lib.context [None req-b08f5296-ce9c-47d4-8b20-4dd1d8857bec bfe758604ded457aa5a19d40e57d844e 5b40aa6bb48840a79b1a2f6508f12650 - - default default] Method 'is_advsvc' is deprecated since 2023.2 release (neutron-lib 3.8.0) and will be removed once support for the old RBAC API policies will be removed from Neutron. Please use method 'is_service_role' instead.
2026-07-02 11:20:47.914 10 INFO neutron.db.ovn_revision_numbers_db [None req-58ffd2e2-bc7a-46ff-9ce4-9153d3715145 fa82be6e6bd7498781479986be30cea8 2010d32d02714641a75bfe9b477c8343 - - default default] Successfully bumped revision number for resource bf2c083d-7264-41a3-abdb-a26131a21cad (type: security_group_rules) to 0
2026-07-02 11:20:47.970 10 INFO neutron.wsgi [None req-58ffd2e2-bc7a-46ff-9ce4-9153d3715145 fa82be6e6bd7498781479986be30cea8 2010d32d02714641a75bfe9b477c8343 - - default default] 10.0.0.104 "POST /v2.0/security-group-rules HTTP/1.1" status: 201 len: 800 time: 0.3195794
2026-07-02 11:20:47.978 10 WARNING neutron_lib.context [None req-bb4d8074-b990-4491-afc1-97aa26a7d786 fa82be6e6bd7498781479986be30cea8 2010d32d02714641a75bfe9b477c8343 - - default default] Method 'is_advsvc' is deprecated since 2023.2 release (neutron-lib 3.8.0) and will be removed once support for the old RBAC API policies will be removed from Neutron. Please use method 'is_service_role' instead.
2026-07-02 11:20:48.037 10 WARNING neutron.scheduler.dhcp_agent_scheduler [None req-b08f5296-ce9c-47d4-8b20-4dd1d8857bec bfe758604ded457aa5a19d40e57d844e 5b40aa6bb48840a79b1a2f6508f12650 - - default default] No more DHCP agents
2026-07-02 11:20:48.043 10 WARNING neutron.api.rpc.agentnotifiers.dhcp_rpc_agent_api [None req-b08f5296-ce9c-47d4-8b20-4dd1d8857bec bfe758604ded457aa5a19d40e57d844e 5b40aa6bb48840a79b1a2f6508f12650 - - default default] Unable to schedule network 3f88d492-5537-42de-9566-f7e4b610bc67: no agents available; will retry on subsequent port and subnet creation events.
2026-07-02 11:20:48.064 10 INFO neutron.db.securitygroups_db [None req-bb4d8074-b990-4491-afc1-97aa26a7d786 fa82be6e6bd7498781479986be30cea8 2010d32d02714641a75bfe9b477c8343 - - default default] Project 2010d32d02714641a75bfe9b477c8343 added a security group rule with legacy IPv6 ICMP protocol name icmp, ipv6-icmp should be used instead. It was automatically converted.
2026-07-02 11:20:48.066 9 INFO neutron.wsgi [-] 10.0.0.188 "GET / HTTP/1.1" status: 200 len: 246 time: 0.0015867
2026-07-02 11:20:48.068 9 INFO neutron.wsgi [-] 10.0.0.188 "GET / HTTP/1.1" status: 200 len: 246 time: 0.0010636
2026-07-02 11:20:48.126 9 INFO neutron.db.ovn_revision_numbers_db [req-4bffcc5b-2daa-4724-ba17-d830e9e58024 req-8f3312a6-9aea-495e-a373-4d93c9447acc 5bd755704184419da7b2936b6a506c52 a8e519893ec1464d8b3cd5c14e0324a3 - - d91fc6351bc54adca7c884a8cd6efd02 d91fc6351bc54adca7c884a8cd6efd02] Successfully bumped revision number for resource cf3593fb-fe84-4c15-9dd6-79b272d1ec11 (type: ports) to 2 /var/lib/openstack/lib/python3.10/site-packages/pycadf/identifier.py:71: UserWarning: Invalid uuid: neutron. To ensure interoperability, identifiers should be a valid uuid. warnings.warn(('Invalid uuid: %s. To ensure interoperability, '
2026-07-02 11:20:48.287 9 WARNING neutron_lib.context [None req-883d4198-beea-4667-955f-cefb922d1b23 ded70dcce3ae4df3ae82007c4be442aa 52b6dec0026a420b9ce7fa01c7a48857 - - default default] Method 'is_advsvc' is deprecated since 2023.2 release (neutron-lib 3.8.0) and will be removed once support for the old RBAC API policies will be removed from Neutron. Please use method 'is_service_role' instead.
2026-07-02 11:20:48.313 9 INFO neutron.wsgi [req-ac287cbc-947f-4977-99b3-587a7c3e488e req-ac9378d8-0755-46f2-a471-f8d64168f8ee 784b24dd07fd4dd289a6c7370bffe2bc 098c676259a54711b0be2159fc39ba32 - - default default] 10.0.0.32 "GET /v2.0/ports?device_id=91daa1a0-19b4-48f7-b68e-c52a2218dda1 HTTP/1.1" status: 200 len: 1168 time: 0.0436618
2026-07-02 11:20:48.412 9 INFO neutron.wsgi [req-ac287cbc-947f-4977-99b3-587a7c3e488e req-184878aa-9863-4db1-aa32-3fffb022b917 784b24dd07fd4dd289a6c7370bffe2bc 098c676259a54711b0be2159fc39ba32 - - default default] 10.0.0.32 "GET /v2.0/security-groups?id=562d4608-29c9-4829-b9a9-249599ed93f2&fields=id&fields=name HTTP/1.1" status: 200 len: 312 time: 0.0907290
2026-07-02 11:20:48.468 10 INFO neutron.db.ovn_revision_numbers_db [None req-bb4d8074-b990-4491-afc1-97aa26a7d786 fa82be6e6bd7498781479986be30cea8 2010d32d02714641a75bfe9b477c8343 - - default default] Successfully bumped revision number for resource af93ad9d-7cbe-4700-8ad5-32b4f65fd592 (type: security_group_rules) to 0
2026-07-02 11:20:48.483 9 INFO neutron.db.ovn_revision_numbers_db [req-4bffcc5b-2daa-4724-ba17-d830e9e58024 req-8f3312a6-9aea-495e-a373-4d93c9447acc 5bd755704184419da7b2936b6a506c52 a8e519893ec1464d8b3cd5c14e0324a3 - - d91fc6351bc54adca7c884a8cd6efd02 d91fc6351bc54adca7c884a8cd6efd02] Successfully bumped revision number for resource cf3593fb-fe84-4c15-9dd6-79b272d1ec11 (type: ports) to 2
2026-07-02 11:20:48.508 9 INFO neutron.wsgi [req-4bffcc5b-2daa-4724-ba17-d830e9e58024 req-8f3312a6-9aea-495e-a373-4d93c9447acc 5bd755704184419da7b2936b6a506c52 a8e519893ec1464d8b3cd5c14e0324a3 - - d91fc6351bc54adca7c884a8cd6efd02 d91fc6351bc54adca7c884a8cd6efd02] 199.19.213.216 "PUT /v2.0/ports/cf3593fb-fe84-4c15-9dd6-79b272d1ec11 HTTP/1.1" status: 200 len: 1376 time: 1.1440966
2026-07-02 11:20:48.556 9 INFO neutron.notifiers.nova [-] Nova event matching ['req-437ae82e-acf3-4467-9e07-2d8c0a378f80'] response: {'name': 'network-changed', 'server_uuid': '91daa1a0-19b4-48f7-b68e-c52a2218dda1', 'tag': 'cf3593fb-fe84-4c15-9dd6-79b272d1ec11', 'status': 'completed', 'code': 200} /var/lib/openstack/lib/python3.10/site-packages/pycadf/identifier.py:71: UserWarning: Invalid uuid: neutron. To ensure interoperability, identifiers should be a valid uuid. warnings.warn(('Invalid uuid: %s. To ensure interoperability, '
2026-07-02 11:20:48.629 9 INFO neutron.wsgi [req-89b10bc4-471d-4b73-912e-861e73d94dc6 req-f3234eaf-4e06-4001-adbb-0af741a092db 5bd755704184419da7b2936b6a506c52 a8e519893ec1464d8b3cd5c14e0324a3 - - d91fc6351bc54adca7c884a8cd6efd02 d91fc6351bc54adca7c884a8cd6efd02] 199.19.213.216 "GET /v2.0/ports?tenant_id=098c676259a54711b0be2159fc39ba32&device_id=91daa1a0-19b4-48f7-b68e-c52a2218dda1 HTTP/1.1" status: 200 len: 1407 time: 0.0407481
2026-07-02 11:20:48.663 10 INFO neutron.wsgi [None req-bb4d8074-b990-4491-afc1-97aa26a7d786 fa82be6e6bd7498781479986be30cea8 2010d32d02714641a75bfe9b477c8343 - - default default] 10.0.0.104 "POST /v2.0/security-group-rules HTTP/1.1" status: 201 len: 806 time: 0.6878166
2026-07-02 11:20:48.673 10 WARNING neutron_lib.context [None req-3afa00b2-1765-4a4e-83e1-41599f0f0be1 fa82be6e6bd7498781479986be30cea8 2010d32d02714641a75bfe9b477c8343 - - default default] Method 'is_advsvc' is deprecated since 2023.2 release (neutron-lib 3.8.0) and will be removed once support for the old RBAC API policies will be removed from Neutron. Please use method 'is_service_role' instead.
2026-07-02 11:20:48.746 9 INFO neutron.wsgi [req-89b10bc4-471d-4b73-912e-861e73d94dc6 req-9d92f281-f3e6-4d41-aa42-6d69ceabf215 5bd755704184419da7b2936b6a506c52 a8e519893ec1464d8b3cd5c14e0324a3 - - d91fc6351bc54adca7c884a8cd6efd02 d91fc6351bc54adca7c884a8cd6efd02] 199.19.213.216 "GET /v2.0/networks?tenant_id=098c676259a54711b0be2159fc39ba32&shared=False HTTP/1.1" status: 200 len: 958 time: 0.1098933
2026-07-02 11:20:48.806 10 INFO neutron.db.securitygroups_db [None req-3afa00b2-1765-4a4e-83e1-41599f0f0be1 fa82be6e6bd7498781479986be30cea8 2010d32d02714641a75bfe9b477c8343 - - default default] Project 2010d32d02714641a75bfe9b477c8343 added a security group rule with legacy IPv6 ICMP protocol name icmp, ipv6-icmp should be used instead. It was automatically converted.
2026-07-02 11:20:48.821 9 INFO neutron.db.ovn_revision_numbers_db [None req-883d4198-beea-4667-955f-cefb922d1b23 ded70dcce3ae4df3ae82007c4be442aa 52b6dec0026a420b9ce7fa01c7a48857 - - default default] Successfully bumped revision number for resource 70974b13-2d45-4c78-a627-6d1f9e28bce6 (type: security_groups) to 1
2026-07-02 11:20:48.832 10 INFO neutron.db.ovn_revision_numbers_db [None req-b08f5296-ce9c-47d4-8b20-4dd1d8857bec bfe758604ded457aa5a19d40e57d844e 5b40aa6bb48840a79b1a2f6508f12650 - - default default] Successfully bumped revision number for resource 1ab73183-12db-43c2-b940-5c29b1a1eb81 (type: ports) to 2
2026-07-02 11:20:48.851 9 INFO neutron.db.ovn_revision_numbers_db [None req-883d4198-beea-4667-955f-cefb922d1b23 ded70dcce3ae4df3ae82007c4be442aa 52b6dec0026a420b9ce7fa01c7a48857 - - default default] Successfully bumped revision number for resource 10ce5113-d2cd-4ac4-8049-cdf9723cd679 (type: security_group_rules) to 0
2026-07-02 11:20:48.863 9 INFO neutron.wsgi [req-89b10bc4-471d-4b73-912e-861e73d94dc6 req-f74b1ec3-0cc1-4e81-b3fe-113983d5ec16 5bd755704184419da7b2936b6a506c52 a8e519893ec1464d8b3cd5c14e0324a3 - - d91fc6351bc54adca7c884a8cd6efd02 d91fc6351bc54adca7c884a8cd6efd02] 199.19.213.216 "GET /v2.0/networks?shared=True HTTP/1.1" status: 200 len: 952 time: 0.1108427
2026-07-02 11:20:48.933 9 INFO neutron.wsgi [req-4bffcc5b-2daa-4724-ba17-d830e9e58024 req-b2a10e01-9e86-4731-89e9-8fb3f9b01f73 5bd755704184419da7b2936b6a506c52 a8e519893ec1464d8b3cd5c14e0324a3 - - d91fc6351bc54adca7c884a8cd6efd02 d91fc6351bc54adca7c884a8cd6efd02] 199.19.213.216 "GET /v2.0/ports?tenant_id=098c676259a54711b0be2159fc39ba32&device_id=91daa1a0-19b4-48f7-b68e-c52a2218dda1 HTTP/1.1" status: 200 len: 1407 time: 0.0430617
2026-07-02 11:20:48.966 9 INFO neutron.wsgi [req-4bffcc5b-2daa-4724-ba17-d830e9e58024 req-8365e968-00b3-41a9-9d31-4fad281c645d 5bd755704184419da7b2936b6a506c52 a8e519893ec1464d8b3cd5c14e0324a3 - - d91fc6351bc54adca7c884a8cd6efd02 d91fc6351bc54adca7c884a8cd6efd02] 199.19.213.216 "GET /v2.0/floatingips?fixed_ip_address=10.100.0.9&port_id=cf3593fb-fe84-4c15-9dd6-79b272d1ec11 HTTP/1.1" status: 200 len: 217 time: 0.0247090
2026-07-02 11:20:49.004 9 INFO neutron.wsgi [req-4bffcc5b-2daa-4724-ba17-d830e9e58024 req-bb65f9ac-839a-4a92-980d-ee505a31653e 5bd755704184419da7b2936b6a506c52 a8e519893ec1464d8b3cd5c14e0324a3 - - d91fc6351bc54adca7c884a8cd6efd02 d91fc6351bc54adca7c884a8cd6efd02] 199.19.213.216 "GET /v2.0/subnets?id=08d60cb9-b0f5-4c7f-a603-eb4c7b4e5c24 HTTP/1.1" status: 200 len: 853 time: 0.0335567
2026-07-02 11:20:49.033 9 INFO neutron.wsgi [req-4bffcc5b-2daa-4724-ba17-d830e9e58024 req-d9674e8f-fd4d-43ad-8b81-f58396231aa9 5bd755704184419da7b2936b6a506c52 a8e519893ec1464d8b3cd5c14e0324a3 - - d91fc6351bc54adca7c884a8cd6efd02 d91fc6351bc54adca7c884a8cd6efd02] 199.19.213.216 "GET /v2.0/ports?network_id=0e631ec2-48d1-4c8a-877c-b664f74773cc&device_owner=network%3Adhcp HTTP/1.1" status: 200 len: 210 time: 0.0230343
2026-07-02 11:20:49.038 9 INFO neutron.db.ovn_revision_numbers_db [None req-883d4198-beea-4667-955f-cefb922d1b23 ded70dcce3ae4df3ae82007c4be442aa 52b6dec0026a420b9ce7fa01c7a48857 - - default default] Successfully bumped revision number for resource 29b79027-0944-41ee-aee2-5dff1fe7d245 (type: security_group_rules) to 0
2026-07-02 11:20:49.038 10 INFO neutron.db.ovn_revision_numbers_db [None req-b08f5296-ce9c-47d4-8b20-4dd1d8857bec bfe758604ded457aa5a19d40e57d844e 5b40aa6bb48840a79b1a2f6508f12650 - - default default] Successfully bumped revision number for resource 845cb50f-118a-4bce-9b43-e9fb07cba511 (type: subnets) to 0
2026-07-02 11:20:49.071 10 INFO neutron.db.ovn_revision_numbers_db [None req-3afa00b2-1765-4a4e-83e1-41599f0f0be1 fa82be6e6bd7498781479986be30cea8 2010d32d02714641a75bfe9b477c8343 - - default default] Successfully bumped revision number for resource 5c946ebe-87e9-4473-83eb-a7ae65843b27 (type: security_group_rules) to 0
2026-07-02 11:20:49.128 9 INFO neutron.wsgi [req-4bffcc5b-2daa-4724-ba17-d830e9e58024 req-4f2cc631-d960-47b9-8d97-bdba6a88c6be 5bd755704184419da7b2936b6a506c52 a8e519893ec1464d8b3cd5c14e0324a3 - - d91fc6351bc54adca7c884a8cd6efd02 d91fc6351bc54adca7c884a8cd6efd02] 199.19.213.216 "GET /v2.0/networks/0e631ec2-48d1-4c8a-877c-b664f74773cc?fields=segments HTTP/1.1" status: 200 len: 212 time: 0.0880868
2026-07-02 11:20:49.133 9 INFO neutron.db.ovn_revision_numbers_db [None req-883d4198-beea-4667-955f-cefb922d1b23 ded70dcce3ae4df3ae82007c4be442aa 52b6dec0026a420b9ce7fa01c7a48857 - - default default] Successfully bumped revision number for resource aa6c51d0-f03d-4a0d-bfaa-9b5b13737cfe (type: security_group_rules) to 0
2026-07-02 11:20:49.136 10 INFO neutron.wsgi [None req-b08f5296-ce9c-47d4-8b20-4dd1d8857bec bfe758604ded457aa5a19d40e57d844e 5b40aa6bb48840a79b1a2f6508f12650 - - default default] 10.0.0.104 "POST /v2.0/subnets HTTP/1.1" status: 201 len: 804 time: 1.4165964
2026-07-02 11:20:49.146 10 WARNING neutron_lib.context [None req-1f6c8ffb-9f45-474f-a0a9-a894313900af bfe758604ded457aa5a19d40e57d844e 5b40aa6bb48840a79b1a2f6508f12650 - - default default] Method 'is_advsvc' is deprecated since 2023.2 release (neutron-lib 3.8.0) and will be removed once support for the old RBAC API policies will be removed from Neutron. Please use method 'is_service_role' instead.
2026-07-02 11:20:49.194 9 INFO neutron.wsgi [req-4bffcc5b-2daa-4724-ba17-d830e9e58024 req-4f037316-aa0d-4f11-8ac1-5eb986c3d233 5bd755704184419da7b2936b6a506c52 a8e519893ec1464d8b3cd5c14e0324a3 - - d91fc6351bc54adca7c884a8cd6efd02 d91fc6351bc54adca7c884a8cd6efd02] 199.19.213.216 "GET /v2.0/networks/0e631ec2-48d1-4c8a-877c-b664f74773cc?fields=provider%3Aphysical_network&fields=provider%3Anetwork_type HTTP/1.1" status: 200 len: 277 time: 0.0594699
2026-07-02 11:20:49.306 9 INFO neutron.db.ovn_revision_numbers_db [None req-883d4198-beea-4667-955f-cefb922d1b23 ded70dcce3ae4df3ae82007c4be442aa 52b6dec0026a420b9ce7fa01c7a48857 - - default default] Successfully bumped revision number for resource e74dcce9-1c13-418b-b998-41b12fc19a4c (type: security_group_rules) to 0
2026-07-02 11:20:49.311 10 INFO neutron.wsgi [None req-3afa00b2-1765-4a4e-83e1-41599f0f0be1 fa82be6e6bd7498781479986be30cea8 2010d32d02714641a75bfe9b477c8343 - - default default] 10.0.0.104 "POST /v2.0/security-group-rules HTTP/1.1" status: 201 len: 805 time: 0.6423321
2026-07-02 11:20:49.380 9 INFO neutron.db.segments_db [None req-883d4198-beea-4667-955f-cefb922d1b23 ded70dcce3ae4df3ae82007c4be442aa 52b6dec0026a420b9ce7fa01c7a48857 - - default default] Added segment 227e424b-62ce-4773-bcff-8e978ec4f4e1 of type geneve for network 31631cf0-1ba4-408b-a099-843e08a390e7
2026-07-02 11:20:49.389 10 INFO neutron.db.segments_db [None req-1f6c8ffb-9f45-474f-a0a9-a894313900af bfe758604ded457aa5a19d40e57d844e 5b40aa6bb48840a79b1a2f6508f12650 - - default default] Added segment b7c08f37-249c-4db5-92af-2ce5cfffe21b of type geneve for network e96b34c6-277f-4ccc-a25a-1bc1881f4f1a
2026-07-02 11:20:49.600 9 INFO neutron.wsgi [req-20232fbe-6687-4548-bed4-59ed14e66bd8 req-94442694-0748-499a-83e3-87923e7bb165 784b24dd07fd4dd289a6c7370bffe2bc 098c676259a54711b0be2159fc39ba32 - - default default] 10.0.0.32 "GET /v2.0/ports?device_id=91daa1a0-19b4-48f7-b68e-c52a2218dda1 HTTP/1.1" status: 200 len: 1168 time: 0.1219664
2026-07-02 11:20:49.643 9 INFO neutron.db.ovn_revision_numbers_db [None req-883d4198-beea-4667-955f-cefb922d1b23 ded70dcce3ae4df3ae82007c4be442aa 52b6dec0026a420b9ce7fa01c7a48857 - - default default] Successfully bumped revision number for resource 31631cf0-1ba4-408b-a099-843e08a390e7 (type: networks) to 1
2026-07-02 11:20:49.661 9 INFO neutron.wsgi [req-20232fbe-6687-4548-bed4-59ed14e66bd8 req-c091d0f4-41b9-4175-8023-cd02c7a56146 784b24dd07fd4dd289a6c7370bffe2bc 098c676259a54711b0be2159fc39ba32 - - default default] 10.0.0.32 "GET /v2.0/security-groups?id=562d4608-29c9-4829-b9a9-249599ed93f2&fields=id&fields=name HTTP/1.1" status: 200 len: 312 time: 0.0517328
2026-07-02 11:20:49.672 10 INFO neutron.db.ovn_revision_numbers_db [None req-1f6c8ffb-9f45-474f-a0a9-a894313900af bfe758604ded457aa5a19d40e57d844e 5b40aa6bb48840a79b1a2f6508f12650 - - default default] Successfully bumped revision number for resource e96b34c6-277f-4ccc-a25a-1bc1881f4f1a (type: networks) to 1
2026-07-02 11:20:49.848 10 WARNING neutron_lib.context [None req-13ec3199-7d26-46d6-b608-8c2048698a10 fa82be6e6bd7498781479986be30cea8 2010d32d02714641a75bfe9b477c8343 - - default default] Method 'is_advsvc' is deprecated since 2023.2 release (neutron-lib 3.8.0) and will be removed once support for the old RBAC API policies will be removed from Neutron. Please use method 'is_service_role' instead.
2026-07-02 11:20:49.857 9 WARNING neutron.scheduler.dhcp_agent_scheduler [None req-883d4198-beea-4667-955f-cefb922d1b23 ded70dcce3ae4df3ae82007c4be442aa 52b6dec0026a420b9ce7fa01c7a48857 - - default default] No more DHCP agents
2026-07-02 11:20:49.859 9 WARNING neutron.api.rpc.agentnotifiers.dhcp_rpc_agent_api [None req-883d4198-beea-4667-955f-cefb922d1b23 ded70dcce3ae4df3ae82007c4be442aa 52b6dec0026a420b9ce7fa01c7a48857 - - default default] Unable to schedule network 31631cf0-1ba4-408b-a099-843e08a390e7: no agents available; will retry on subsequent port and subnet creation events.
2026-07-02 11:20:49.964 9 INFO neutron.db.ovn_revision_numbers_db [None req-883d4198-beea-4667-955f-cefb922d1b23 ded70dcce3ae4df3ae82007c4be442aa 52b6dec0026a420b9ce7fa01c7a48857 - - default default] Successfully bumped revision number for resource 2e9b2fbc-f9b1-4d80-9859-70b44d3526df (type: ports) to 1
2026-07-02 11:20:50.006 10 WARNING neutron.scheduler.dhcp_agent_scheduler [None req-1f6c8ffb-9f45-474f-a0a9-a894313900af bfe758604ded457aa5a19d40e57d844e 5b40aa6bb48840a79b1a2f6508f12650 - - default default] No more DHCP agents
2026-07-02 11:20:50.011 10 WARNING neutron.api.rpc.agentnotifiers.dhcp_rpc_agent_api [None req-1f6c8ffb-9f45-474f-a0a9-a894313900af bfe758604ded457aa5a19d40e57d844e 5b40aa6bb48840a79b1a2f6508f12650 - - default default] Unable to schedule network e96b34c6-277f-4ccc-a25a-1bc1881f4f1a: no agents available; will retry on subsequent port and subnet creation events.
2026-07-02 11:20:50.026 9 INFO neutron.wsgi [None req-883d4198-beea-4667-955f-cefb922d1b23 ded70dcce3ae4df3ae82007c4be442aa 52b6dec0026a420b9ce7fa01c7a48857 - - default default] 10.0.0.104 "POST /v2.0/networks HTTP/1.1" status: 201 len: 831 time: 1.8753536
2026-07-02 11:20:50.043 9 WARNING neutron_lib.context [None req-7a0db7e1-3fa3-4161-8788-01eb7ec1c2f5 ded70dcce3ae4df3ae82007c4be442aa 52b6dec0026a420b9ce7fa01c7a48857 - - default default] Method 'is_advsvc' is deprecated since 2023.2 release (neutron-lib 3.8.0) and will be removed once support for the old RBAC API policies will be removed from Neutron. Please use method 'is_service_role' instead.
2026-07-02 11:20:50.243 10 WARNING neutron.plugins.ml2.drivers.ovn.mech_driver.ovsdb.ovn_client [None req-d29b10a6-2eee-414c-9d3b-db23914ab104 - - - - - -] No hosting information found for port 9dded2ef-940f-4a9b-ad84-7f8a25b02ac1: RuntimeError: No hosting information found for port 9dded2ef-940f-4a9b-ad84-7f8a25b02ac1
2026-07-02 11:20:50.244 10 INFO neutron.plugins.ml2.drivers.ovn.mech_driver.mech_driver [None req-d29b10a6-2eee-414c-9d3b-db23914ab104 - - - - - -] OVN reports status up for port: cf3593fb-fe84-4c15-9dd6-79b272d1ec11
2026-07-02 11:20:50.373 10 INFO neutron.plugins.ml2.plugin [None req-d29b10a6-2eee-414c-9d3b-db23914ab104 - - - - - -] Attempt 1 to provision port cf3593fb-fe84-4c15-9dd6-79b272d1ec11
2026-07-02 11:20:50.376 10 INFO neutron.db.ovn_revision_numbers_db [None req-1f6c8ffb-9f45-474f-a0a9-a894313900af bfe758604ded457aa5a19d40e57d844e 5b40aa6bb48840a79b1a2f6508f12650 - - default default] Successfully bumped revision number for resource bb529758-61a3-4421-b1df-5701bf2adc31 (type: ports) to 1
2026-07-02 11:20:50.511 10 INFO neutron.notifiers.nova [-] Nova event matching ['req-0650f201-c6fd-40b4-b154-7cdae60b4673'] response: {'server_uuid': '91daa1a0-19b4-48f7-b68e-c52a2218dda1', 'name': 'network-vif-plugged', 'status': 'completed', 'tag': 'cf3593fb-fe84-4c15-9dd6-79b272d1ec11', 'code': 200}
2026-07-02 11:20:50.557 10 INFO neutron.db.ovn_revision_numbers_db [None req-13ec3199-7d26-46d6-b608-8c2048698a10 fa82be6e6bd7498781479986be30cea8 2010d32d02714641a75bfe9b477c8343 - - default default] Successfully bumped revision number for resource f48ed968-343e-4297-8b4c-4cdb9e1341fb (type: security_groups) to 1
2026-07-02 11:20:50.634 10 INFO neutron.wsgi [None req-1f6c8ffb-9f45-474f-a0a9-a894313900af bfe758604ded457aa5a19d40e57d844e 5b40aa6bb48840a79b1a2f6508f12650 - - default default] 10.0.0.104 "POST /v2.0/networks HTTP/1.1" status: 201 len: 830 time: 1.4929354 /var/lib/openstack/lib/python3.10/site-packages/pycadf/identifier.py:71: UserWarning: Invalid uuid: neutron. To ensure interoperability, identifiers should be a valid uuid. warnings.warn(('Invalid uuid: %s. To ensure interoperability, '
2026-07-02 11:20:50.648 9 WARNING neutron_lib.context [None req-970110eb-9480-4fe1-9518-3071b7601a7d bfe758604ded457aa5a19d40e57d844e 5b40aa6bb48840a79b1a2f6508f12650 - - default default] Method 'is_advsvc' is deprecated since 2023.2 release (neutron-lib 3.8.0) and will be removed once support for the old RBAC API policies will be removed from Neutron. Please use method 'is_service_role' instead.
2026-07-02 11:20:50.672 10 INFO neutron.db.ovn_revision_numbers_db [None req-13ec3199-7d26-46d6-b608-8c2048698a10 fa82be6e6bd7498781479986be30cea8 2010d32d02714641a75bfe9b477c8343 - - default default] Successfully bumped revision number for resource 10a10752-a77e-437e-aef5-33dc5de9125f (type: security_group_rules) to 0
2026-07-02 11:20:50.719 9 WARNING neutron.scheduler.dhcp_agent_scheduler [None req-7a0db7e1-3fa3-4161-8788-01eb7ec1c2f5 ded70dcce3ae4df3ae82007c4be442aa 52b6dec0026a420b9ce7fa01c7a48857 - - default default] No more DHCP agents
2026-07-02 11:20:50.725 9 WARNING neutron.api.rpc.agentnotifiers.dhcp_rpc_agent_api [None req-7a0db7e1-3fa3-4161-8788-01eb7ec1c2f5 ded70dcce3ae4df3ae82007c4be442aa 52b6dec0026a420b9ce7fa01c7a48857 - - default default] Unable to schedule network 31631cf0-1ba4-408b-a099-843e08a390e7: no agents available; will retry on subsequent port and subnet creation events.
2026-07-02 11:20:50.795 10 INFO neutron.wsgi [req-bfaefa6e-ecc8-46f4-b31a-60d61dc90a10 req-c5fe1b40-691f-4d19-bf00-7cd1a87d1a67 784b24dd07fd4dd289a6c7370bffe2bc 098c676259a54711b0be2159fc39ba32 - - default default] 10.0.0.32 "GET /v2.0/ports?device_id=91daa1a0-19b4-48f7-b68e-c52a2218dda1 HTTP/1.1" status: 200 len: 1170 time: 0.0485275
2026-07-02 11:20:50.858 10 INFO neutron.wsgi [req-bfaefa6e-ecc8-46f4-b31a-60d61dc90a10 req-f8f12d29-b66c-4169-89cf-76b2a619ca12 784b24dd07fd4dd289a6c7370bffe2bc 098c676259a54711b0be2159fc39ba32 - - default default] 10.0.0.32 "GET /v2.0/security-groups?id=562d4608-29c9-4829-b9a9-249599ed93f2&fields=id&fields=name HTTP/1.1" status: 200 len: 312 time: 0.0529418
2026-07-02 11:20:50.983 10 INFO neutron.db.ovn_revision_numbers_db [None req-13ec3199-7d26-46d6-b608-8c2048698a10 fa82be6e6bd7498781479986be30cea8 2010d32d02714641a75bfe9b477c8343 - - default default] Successfully bumped revision number for resource 9a1dfbb2-a187-498e-972e-effc8e2dd784 (type: security_group_rules) to 0
2026-07-02 11:20:51.273 10 INFO neutron.db.ovn_revision_numbers_db [None req-d29b10a6-2eee-414c-9d3b-db23914ab104 - - - - - -] Successfully bumped revision number for resource cf3593fb-fe84-4c15-9dd6-79b272d1ec11 (type: ports) to 4
2026-07-02 11:20:51.274 9 INFO neutron.db.ovn_revision_numbers_db [None req-7a0db7e1-3fa3-4161-8788-01eb7ec1c2f5 ded70dcce3ae4df3ae82007c4be442aa 52b6dec0026a420b9ce7fa01c7a48857 - - default default] Successfully bumped revision number for resource 1d62ee6b-9c08-4d3d-b066-d607d5fd635c (type: ports) to 1
2026-07-02 11:20:51.408 10 INFO neutron.wsgi [None req-13ec3199-7d26-46d6-b608-8c2048698a10 fa82be6e6bd7498781479986be30cea8 2010d32d02714641a75bfe9b477c8343 - - default default] 10.0.0.104 "POST /v2.0/security-groups HTTP/1.1" status: 201 len: 1858 time: 1.5663373 /var/lib/openstack/lib/python3.10/site-packages/pycadf/identifier.py:71: UserWarning: Invalid uuid: neutron. To ensure interoperability, identifiers should be a valid uuid. warnings.warn(('Invalid uuid: %s. To ensure interoperability, '
2026-07-02 11:20:51.417 10 WARNING neutron_lib.context [None req-e3786387-7bb2-4f2e-b6ee-0c5093f503e4 fa82be6e6bd7498781479986be30cea8 2010d32d02714641a75bfe9b477c8343 - - default default] Method 'is_advsvc' is deprecated since 2023.2 release (neutron-lib 3.8.0) and will be removed once support for the old RBAC API policies will be removed from Neutron. Please use method 'is_service_role' instead.
2026-07-02 11:20:51.461 9 INFO neutron.wsgi [None req-7a0db7e1-3fa3-4161-8788-01eb7ec1c2f5 ded70dcce3ae4df3ae82007c4be442aa 52b6dec0026a420b9ce7fa01c7a48857 - - default default] 10.0.0.104 "POST /v2.0/ports HTTP/1.1" status: 201 len: 942 time: 1.4282613 /var/lib/openstack/lib/python3.10/site-packages/pycadf/identifier.py:71: UserWarning: Invalid uuid: neutron. To ensure interoperability, identifiers should be a valid uuid. warnings.warn(('Invalid uuid: %s. To ensure interoperability, '
2026-07-02 11:20:51.470 9 WARNING neutron_lib.context [None req-de7e1f9e-395f-4bbe-8c89-58c102f72c96 ded70dcce3ae4df3ae82007c4be442aa 52b6dec0026a420b9ce7fa01c7a48857 - - default default] Method 'is_advsvc' is deprecated since 2023.2 release (neutron-lib 3.8.0) and will be removed once support for the old RBAC API policies will be removed from Neutron. Please use method 'is_service_role' instead.
2026-07-02 11:20:51.506 9 WARNING neutron.scheduler.dhcp_agent_scheduler [None req-970110eb-9480-4fe1-9518-3071b7601a7d bfe758604ded457aa5a19d40e57d844e 5b40aa6bb48840a79b1a2f6508f12650 - - default default] No more DHCP agents
2026-07-02 11:20:51.510 9 WARNING neutron.api.rpc.agentnotifiers.dhcp_rpc_agent_api [None req-970110eb-9480-4fe1-9518-3071b7601a7d bfe758604ded457aa5a19d40e57d844e 5b40aa6bb48840a79b1a2f6508f12650 - - default default] Unable to schedule network e96b34c6-277f-4ccc-a25a-1bc1881f4f1a: no agents available; will retry on subsequent port and subnet creation events.
2026-07-02 11:20:51.596 9 INFO neutron.db.segments_db [None req-de7e1f9e-395f-4bbe-8c89-58c102f72c96 ded70dcce3ae4df3ae82007c4be442aa 52b6dec0026a420b9ce7fa01c7a48857 - - default default] Added segment 3974d05b-7482-45f9-bf82-6c9febe0aeff of type geneve for network b8597888-87c6-4248-a491-068289fbbbcb
2026-07-02 11:20:51.825 10 INFO neutron.db.ovn_revision_numbers_db [None req-e3786387-7bb2-4f2e-b6ee-0c5093f503e4 fa82be6e6bd7498781479986be30cea8 2010d32d02714641a75bfe9b477c8343 - - default default] Successfully bumped revision number for resource 3446894c-5ab3-4404-9027-4fcc7b5c4a28 (type: security_group_rules) to 0
2026-07-02 11:20:51.835 9 INFO neutron.db.ovn_revision_numbers_db [None req-de7e1f9e-395f-4bbe-8c89-58c102f72c96 ded70dcce3ae4df3ae82007c4be442aa 52b6dec0026a420b9ce7fa01c7a48857 - - default default] Successfully bumped revision number for resource b8597888-87c6-4248-a491-068289fbbbcb (type: networks) to 1
2026-07-02 11:20:51.854 10 INFO neutron.wsgi [None req-e3786387-7bb2-4f2e-b6ee-0c5093f503e4 fa82be6e6bd7498781479986be30cea8 2010d32d02714641a75bfe9b477c8343 - - default default] 10.0.0.104 "POST /v2.0/security-group-rules HTTP/1.1" status: 201 len: 796 time: 0.4424307
2026-07-02 11:20:51.864 10 WARNING neutron_lib.context [None req-0b1f1d5c-8db2-4780-86ec-1214743f368f fa82be6e6bd7498781479986be30cea8 2010d32d02714641a75bfe9b477c8343 - - default default] Method 'is_advsvc' is deprecated since 2023.2 release (neutron-lib 3.8.0) and will be removed once support for the old RBAC API policies will be removed from Neutron. Please use method 'is_service_role' instead.
2026-07-02 11:20:52.014 9 INFO neutron.wsgi [req-0b86883d-f8e0-47dd-92ae-1b446e755f47 req-2fd87367-7e81-4537-915d-d7cfa8e14cc9 784b24dd07fd4dd289a6c7370bffe2bc 098c676259a54711b0be2159fc39ba32 - - default default] 10.0.0.32 "GET /v2.0/ports?device_id=91daa1a0-19b4-48f7-b68e-c52a2218dda1 HTTP/1.1" status: 200 len: 1170 time: 0.0786462
2026-07-02 11:20:52.065 10 INFO neutron.db.ovn_revision_numbers_db [None req-0b1f1d5c-8db2-4780-86ec-1214743f368f fa82be6e6bd7498781479986be30cea8 2010d32d02714641a75bfe9b477c8343 - - default default] Successfully bumped revision number for resource d23cca73-360e-4d8c-a3c2-e7fccb9463c9 (type: security_group_rules) to 0
2026-07-02 11:20:52.090 10 INFO neutron.wsgi [None req-0b1f1d5c-8db2-4780-86ec-1214743f368f fa82be6e6bd7498781479986be30cea8 2010d32d02714641a75bfe9b477c8343 - - default default] 10.0.0.104 "POST /v2.0/security-group-rules HTTP/1.1" status: 201 len: 801 time: 0.2302806
2026-07-02 11:20:52.098 9 INFO neutron.wsgi [req-0b86883d-f8e0-47dd-92ae-1b446e755f47 req-2779e3bf-9083-4d77-9c20-8698d42d8753 784b24dd07fd4dd289a6c7370bffe2bc 098c676259a54711b0be2159fc39ba32 - - default default] 10.0.0.32 "GET /v2.0/security-groups?id=562d4608-29c9-4829-b9a9-249599ed93f2&fields=id&fields=name HTTP/1.1" status: 200 len: 312 time: 0.0740454
2026-07-02 11:20:52.099 10 WARNING neutron_lib.context [None req-20e56e1a-484e-4863-9f82-0f76877b35ed fa82be6e6bd7498781479986be30cea8 2010d32d02714641a75bfe9b477c8343 - - default default] Method 'is_advsvc' is deprecated since 2023.2 release (neutron-lib 3.8.0) and will be removed once support for the old RBAC API policies will be removed from Neutron. Please use method 'is_service_role' instead.
2026-07-02 11:20:52.155 9 WARNING neutron.scheduler.dhcp_agent_scheduler [None req-de7e1f9e-395f-4bbe-8c89-58c102f72c96 ded70dcce3ae4df3ae82007c4be442aa 52b6dec0026a420b9ce7fa01c7a48857 - - default default] No more DHCP agents
2026-07-02 11:20:52.158 9 WARNING neutron.api.rpc.agentnotifiers.dhcp_rpc_agent_api [None req-de7e1f9e-395f-4bbe-8c89-58c102f72c96 ded70dcce3ae4df3ae82007c4be442aa 52b6dec0026a420b9ce7fa01c7a48857 - - default default] Unable to schedule network b8597888-87c6-4248-a491-068289fbbbcb: no agents available; will retry on subsequent port and subnet creation events.
2026-07-02 11:20:52.289 10 INFO neutron.wsgi [req-b03bcbc7-48e9-4cd9-b7a9-2072d6c8f9b6 req-4919c8a0-64da-4756-8fe1-79ac9fed57da 784b24dd07fd4dd289a6c7370bffe2bc 098c676259a54711b0be2159fc39ba32 - - default default] 10.0.0.32 "GET /v2.0/ports?device_id=91daa1a0-19b4-48f7-b68e-c52a2218dda1 HTTP/1.1" status: 200 len: 1170 time: 0.1201968
2026-07-02 11:20:52.323 9 INFO neutron.db.ovn_revision_numbers_db [None req-970110eb-9480-4fe1-9518-3071b7601a7d bfe758604ded457aa5a19d40e57d844e 5b40aa6bb48840a79b1a2f6508f12650 - - default default] Successfully bumped revision number for resource bb529758-61a3-4421-b1df-5701bf2adc31 (type: ports) to 2
2026-07-02 11:20:52.344 10 INFO neutron.wsgi [req-b03bcbc7-48e9-4cd9-b7a9-2072d6c8f9b6 req-97e61afa-98d8-4237-b676-0bd7f7927cd5 784b24dd07fd4dd289a6c7370bffe2bc 098c676259a54711b0be2159fc39ba32 - - default default] 10.0.0.32 "GET /v2.0/security-groups?id=562d4608-29c9-4829-b9a9-249599ed93f2&fields=id&fields=name HTTP/1.1" status: 200 len: 312 time: 0.0458424
2026-07-02 11:20:52.415 9 INFO neutron.wsgi [None req-b956cc71-5b37-41ca-945a-b2b81eef0e20 58723fcb59f949d398201f5cd721bee9 61c0b64c67ab4918bb25431c62e1e5be - - default default] 10.0.0.104 "GET /v2.0/ports?device_id=91daa1a0-19b4-48f7-b68e-c52a2218dda1 HTTP/1.1" status: 200 len: 1404 time: 0.0477140
2026-07-02 11:20:52.438 9 INFO neutron.db.ovn_revision_numbers_db [None req-de7e1f9e-395f-4bbe-8c89-58c102f72c96 ded70dcce3ae4df3ae82007c4be442aa 52b6dec0026a420b9ce7fa01c7a48857 - - default default] Successfully bumped revision number for resource af5c3eb4-bbf9-47e3-a7f4-9c9fbdd06a95 (type: ports) to 1
2026-07-02 11:20:52.543 10 INFO neutron.notifiers.nova [-] Nova event matching ['req-bdd22e5f-9dbd-44e6-b30d-f444c9bef134'] response: {'server_uuid': '91daa1a0-19b4-48f7-b68e-c52a2218dda1', 'name': 'network-vif-plugged', 'status': 'completed', 'tag': 'cf3593fb-fe84-4c15-9dd6-79b272d1ec11', 'code': 200}
2026-07-02 11:20:52.604 9 INFO neutron.db.ovn_revision_numbers_db [None req-970110eb-9480-4fe1-9518-3071b7601a7d bfe758604ded457aa5a19d40e57d844e 5b40aa6bb48840a79b1a2f6508f12650 - - default default] Successfully bumped revision number for resource fdd2fbb1-38e3-420a-8ecf-1e98cab35e99 (type: subnets) to 0
2026-07-02 11:20:52.614 9 INFO neutron.wsgi [None req-de7e1f9e-395f-4bbe-8c89-58c102f72c96 ded70dcce3ae4df3ae82007c4be442aa 52b6dec0026a420b9ce7fa01c7a48857 - - default default] 10.0.0.104 "POST /v2.0/networks HTTP/1.1" status: 201 len: 831 time: 1.1478026
2026-07-02 11:20:52.624 10 WARNING neutron_lib.context [None req-1e054b8c-080d-4507-b729-d050636e5aec ded70dcce3ae4df3ae82007c4be442aa 52b6dec0026a420b9ce7fa01c7a48857 - - default default] Method 'is_advsvc' is deprecated since 2023.2 release (neutron-lib 3.8.0) and will be removed once support for the old RBAC API policies will be removed from Neutron. Please use method 'is_service_role' instead.
2026-07-02 11:20:52.660 10 WARNING neutron.scheduler.dhcp_agent_scheduler [None req-20e56e1a-484e-4863-9f82-0f76877b35ed fa82be6e6bd7498781479986be30cea8 2010d32d02714641a75bfe9b477c8343 - - default default] No more DHCP agents
2026-07-02 11:20:52.669 10 WARNING neutron.api.rpc.agentnotifiers.dhcp_rpc_agent_api [None req-20e56e1a-484e-4863-9f82-0f76877b35ed fa82be6e6bd7498781479986be30cea8 2010d32d02714641a75bfe9b477c8343 - - default default] Unable to schedule network 7dba4a88-12fc-43ab-8cec-fbe77622f4f5: no agents available; will retry on subsequent port and subnet creation events.
2026-07-02 11:20:52.867 10 INFO neutron.wsgi [None req-8bdf7b7c-b229-4340-bdd0-a203e90dfbf6 f63d376226924d07afc233b4405cc6eb b4b9170b6db24199867095bad6c1b95f - - default default] 10.0.0.202 "GET /v2.0/networks HTTP/1.1" status: 200 len: 8251 time: 0.2366965
2026-07-02 11:20:52.925 9 INFO neutron.wsgi [None req-970110eb-9480-4fe1-9518-3071b7601a7d bfe758604ded457aa5a19d40e57d844e 5b40aa6bb48840a79b1a2f6508f12650 - - default default] 10.0.0.104 "POST /v2.0/subnets HTTP/1.1" status: 201 len: 804 time: 2.2834716
2026-07-02 11:20:52.934 10 WARNING neutron_lib.context [None req-dbb7962d-f453-4e07-985d-67dddebd0b0c bfe758604ded457aa5a19d40e57d844e 5b40aa6bb48840a79b1a2f6508f12650 - - default default] Method 'is_advsvc' is deprecated since 2023.2 release (neutron-lib 3.8.0) and will be removed once support for the old RBAC API policies will be removed from Neutron. Please use method 'is_service_role' instead.
2026-07-02 11:20:52.949 10 INFO neutron.wsgi [None req-301ee393-d15e-4c72-91dc-ad9abc2946ed f63d376226924d07afc233b4405cc6eb b4b9170b6db24199867095bad6c1b95f - - default default] 10.0.0.202 "GET /v2.0/subnets HTTP/1.1" status: 200 len: 5220 time: 0.0768285
2026-07-02 11:20:53.129 10 INFO neutron.wsgi [None req-f42e3e1c-1abf-4c9c-a8ee-ebd31d4a7db0 f63d376226924d07afc233b4405cc6eb b4b9170b6db24199867095bad6c1b95f - - default default] 10.0.0.202 "GET /v2.0/routers HTTP/1.1" status: 200 len: 3074 time: 0.1752536 /var/lib/openstack/lib/python3.10/site-packages/pycadf/identifier.py:71: UserWarning: Invalid uuid: neutron. To ensure interoperability, identifiers should be a valid uuid. warnings.warn(('Invalid uuid: %s. To ensure interoperability, '
2026-07-02 11:20:53.187 10 INFO neutron.wsgi [None req-e8471d07-5f52-478c-bad2-3d3570119fe5 f63d376226924d07afc233b4405cc6eb b4b9170b6db24199867095bad6c1b95f - - default default] 10.0.0.202 "GET /v2.0/agents?binary=ovn-controller HTTP/1.1" status: 200 len: 591 time: 0.0529017
2026-07-02 11:20:53.188 10 INFO neutron.db.segments_db [None req-dbb7962d-f453-4e07-985d-67dddebd0b0c bfe758604ded457aa5a19d40e57d844e 5b40aa6bb48840a79b1a2f6508f12650 - - default default] Added segment 94ffb310-c3bf-49d6-a33e-1c4ea3894215 of type geneve for network 1015b0d1-de94-47c5-a5f5-b2c24a161dbc
2026-07-02 11:20:53.195 10 WARNING neutron.scheduler.dhcp_agent_scheduler [None req-1e054b8c-080d-4507-b729-d050636e5aec ded70dcce3ae4df3ae82007c4be442aa 52b6dec0026a420b9ce7fa01c7a48857 - - default default] No more DHCP agents
2026-07-02 11:20:53.205 10 WARNING neutron.api.rpc.agentnotifiers.dhcp_rpc_agent_api [None req-1e054b8c-080d-4507-b729-d050636e5aec ded70dcce3ae4df3ae82007c4be442aa 52b6dec0026a420b9ce7fa01c7a48857 - - default default] Unable to schedule network b8597888-87c6-4248-a491-068289fbbbcb: no agents available; will retry on subsequent port and subnet creation events.
2026-07-02 11:20:53.230 10 INFO neutron.wsgi [None req-85ad5e9c-f0c8-4dc7-a594-2bc881731356 f63d376226924d07afc233b4405cc6eb b4b9170b6db24199867095bad6c1b95f - - default default] 10.0.0.202 "GET /v2.0/agents HTTP/1.1" status: 200 len: 1390 time: 0.0399008 /var/lib/openstack/lib/python3.10/site-packages/pycadf/identifier.py:71: UserWarning: Invalid uuid: neutron. To ensure interoperability, identifiers should be a valid uuid. warnings.warn(('Invalid uuid: %s. To ensure interoperability, '
2026-07-02 11:20:53.364 10 INFO neutron.wsgi [None req-7deeedac-a37b-4081-871e-668ffde7e81c f63d376226924d07afc233b4405cc6eb b4b9170b6db24199867095bad6c1b95f - - default default] 10.0.0.202 "GET /v2.0/floatingips HTTP/1.1" status: 200 len: 1572 time: 0.1249232
2026-07-02 11:20:53.426 9 INFO neutron.db.ovn_revision_numbers_db [None req-f9183a33-b25c-43df-927f-1ca46815e6ce 784b24dd07fd4dd289a6c7370bffe2bc 098c676259a54711b0be2159fc39ba32 - - default default] Successfully bumped revision number for resource 06488bc9-517a-4aa2-895b-a7741cdd9de3 (type: floatingips) to 4
2026-07-02 11:20:53.430 10 INFO neutron.wsgi [None req-b1b43655-cd07-4f89-ab7a-e8e1a28f8b63 f63d376226924d07afc233b4405cc6eb b4b9170b6db24199867095bad6c1b95f - - default default] 10.0.0.202 "GET /v2.0/network-ip-availabilities HTTP/1.1" status: 200 len: 4446 time: 0.0594797 /var/lib/openstack/lib/python3.10/site-packages/pycadf/identifier.py:71: UserWarning: Invalid uuid: neutron. To ensure interoperability, identifiers should be a valid uuid. warnings.warn(('Invalid uuid: %s. To ensure interoperability, '
2026-07-02 11:20:53.525 10 INFO neutron.db.ovn_revision_numbers_db [None req-1e054b8c-080d-4507-b729-d050636e5aec ded70dcce3ae4df3ae82007c4be442aa 52b6dec0026a420b9ce7fa01c7a48857 - - default default] Successfully bumped revision number for resource 7ccc18a9-a186-4774-b0e5-d914e0fbcd79 (type: ports) to 1
2026-07-02 11:20:53.548 9 INFO neutron.db.ovn_revision_numbers_db [None req-f9183a33-b25c-43df-927f-1ca46815e6ce 784b24dd07fd4dd289a6c7370bffe2bc 098c676259a54711b0be2159fc39ba32 - - default default] Successfully bumped revision number for resource 06488bc9-517a-4aa2-895b-a7741cdd9de3 (type: floatingips) to 5
2026-07-02 11:20:53.548 9 INFO neutron.db.l3_db [None req-f9183a33-b25c-43df-927f-1ca46815e6ce 784b24dd07fd4dd289a6c7370bffe2bc 098c676259a54711b0be2159fc39ba32 - - default default] Floating IP 06488bc9-517a-4aa2-895b-a7741cdd9de3 associated. External IP: 10.96.250.207, port: cf3593fb-fe84-4c15-9dd6-79b272d1ec11.
2026-07-02 11:20:53.549 10 INFO neutron.wsgi [None req-d215dd10-da87-4524-a610-cf92edf6ab31 f63d376226924d07afc233b4405cc6eb b4b9170b6db24199867095bad6c1b95f - - default default] 10.0.0.202 "GET /v2.0/security-groups HTTP/1.1" status: 200 len: 50983 time: 0.1082244
2026-07-02 11:20:53.575 9 INFO neutron.wsgi [None req-f9183a33-b25c-43df-927f-1ca46815e6ce 784b24dd07fd4dd289a6c7370bffe2bc 098c676259a54711b0be2159fc39ba32 - - default default] 10.0.0.104 "PUT /v2.0/floatingips/06488bc9-517a-4aa2-895b-a7741cdd9de3 HTTP/1.1" status: 200 len: 1049 time: 1.1555774
2026-07-02 11:20:53.603 10 INFO neutron.wsgi [None req-20e56e1a-484e-4863-9f82-0f76877b35ed fa82be6e6bd7498781479986be30cea8 2010d32d02714641a75bfe9b477c8343 - - default default] 10.0.0.104 "POST /v2.0/floatingips HTTP/1.1" status: 201 len: 751 time: 1.5088105
2026-07-02 11:20:53.610 10 INFO neutron.wsgi [None req-1e054b8c-080d-4507-b729-d050636e5aec ded70dcce3ae4df3ae82007c4be442aa 52b6dec0026a420b9ce7fa01c7a48857 - - default default] 10.0.0.104 "POST /v2.0/ports HTTP/1.1" status: 201 len: 942 time: 0.9919386
2026-07-02 11:20:53.615 9 INFO neutron.notifiers.nova [-] Nova event matching ['req-12851e55-ada0-4909-944d-2792d6c3462b'] response: {'name': 'network-changed', 'server_uuid': '91daa1a0-19b4-48f7-b68e-c52a2218dda1', 'tag': 'cf3593fb-fe84-4c15-9dd6-79b272d1ec11', 'status': 'completed', 'code': 200}
2026-07-02 11:20:53.620 10 WARNING neutron_lib.context [None req-de454015-0277-4f89-a929-a844edf8f6c0 ded70dcce3ae4df3ae82007c4be442aa 52b6dec0026a420b9ce7fa01c7a48857 - - default default] Method 'is_advsvc' is deprecated since 2023.2 release (neutron-lib 3.8.0) and will be removed once support for the old RBAC API policies will be removed from Neutron. Please use method 'is_service_role' instead.
2026-07-02 11:20:53.628 10 INFO neutron.db.ovn_revision_numbers_db [None req-dbb7962d-f453-4e07-985d-67dddebd0b0c bfe758604ded457aa5a19d40e57d844e 5b40aa6bb48840a79b1a2f6508f12650 - - default default] Successfully bumped revision number for resource 1015b0d1-de94-47c5-a5f5-b2c24a161dbc (type: networks) to 1
2026-07-02 11:20:53.648 10 INFO neutron.wsgi [None req-d6f0887c-5437-43a2-85d4-4d8bb100059e f63d376226924d07afc233b4405cc6eb b4b9170b6db24199867095bad6c1b95f - - default default] 10.0.0.202 "GET /v2.0/subnets HTTP/1.1" status: 200 len: 5220 time: 0.0875270
2026-07-02 11:20:53.653 9 INFO neutron.wsgi [None req-d1d7cbb3-0ce9-4d51-9355-fe3f35f06861 784b24dd07fd4dd289a6c7370bffe2bc 098c676259a54711b0be2159fc39ba32 - - default default] 10.0.0.104 "GET /v2.0/floatingips/06488bc9-517a-4aa2-895b-a7741cdd9de3 HTTP/1.1" status: 200 len: 1051 time: 0.0640824
2026-07-02 11:20:53.667 10 INFO neutron.wsgi [None req-60e64e57-f5d8-48f2-8f7e-2c12b38bd42b f63d376226924d07afc233b4405cc6eb b4b9170b6db24199867095bad6c1b95f - - default default] 10.0.0.202 "GET /v2.0/subnetpools HTTP/1.1" status: 200 len: 193 time: 0.0116198
2026-07-02 11:20:53.690 9 INFO neutron.wsgi [req-e3e8ffdf-9e78-4bfc-8f15-64587488ca15 req-02575105-c6ea-4259-b945-3f89486b5f3c 5bd755704184419da7b2936b6a506c52 a8e519893ec1464d8b3cd5c14e0324a3 - - d91fc6351bc54adca7c884a8cd6efd02 d91fc6351bc54adca7c884a8cd6efd02] 199.19.213.216 "GET /v2.0/ports?tenant_id=098c676259a54711b0be2159fc39ba32&device_id=91daa1a0-19b4-48f7-b68e-c52a2218dda1 HTTP/1.1" status: 200 len: 1409 time: 0.0541506
2026-07-02 11:20:53.741 9 INFO neutron.wsgi [req-059410a5-dc27-42d4-882e-156bd94f8937 req-35fcb4ce-ceca-439b-a3dc-366134494e40 fa82be6e6bd7498781479986be30cea8 2010d32d02714641a75bfe9b477c8343 - - default default] 10.0.0.32 "GET /v2.0/security-groups?name=tempest-secgroup-smoke-747862903&fields=id&tenant_id=2010d32d02714641a75bfe9b477c8343 HTTP/1.1" status: 200 len: 267 time: 0.0498741
2026-07-02 11:20:53.791 9 INFO neutron.wsgi [req-e3e8ffdf-9e78-4bfc-8f15-64587488ca15 req-1aae57c7-d73c-49f9-b9b5-01035e3d36d9 5bd755704184419da7b2936b6a506c52 a8e519893ec1464d8b3cd5c14e0324a3 - - d91fc6351bc54adca7c884a8cd6efd02 d91fc6351bc54adca7c884a8cd6efd02] 199.19.213.216 "GET /v2.0/networks?id=0e631ec2-48d1-4c8a-877c-b664f74773cc HTTP/1.1" status: 200 len: 958 time: 0.0913231
2026-07-02 11:20:53.811 9 INFO neutron.wsgi [req-059410a5-dc27-42d4-882e-156bd94f8937 req-6e647e1d-eac0-43f6-9dbb-9e4008cbf10e fa82be6e6bd7498781479986be30cea8 2010d32d02714641a75bfe9b477c8343 - - default default] 10.0.0.32 "GET /v2.0/security-groups?name=tempest-securitygroup--45206422&fields=id&tenant_id=2010d32d02714641a75bfe9b477c8343 HTTP/1.1" status: 200 len: 267 time: 0.0626256
2026-07-02 11:20:53.859 9 INFO neutron.wsgi [req-e3e8ffdf-9e78-4bfc-8f15-64587488ca15 req-bf5e79f9-58b8-4e1b-a9a4-c7bce57d7465 5bd755704184419da7b2936b6a506c52 a8e519893ec1464d8b3cd5c14e0324a3 - - d91fc6351bc54adca7c884a8cd6efd02 d91fc6351bc54adca7c884a8cd6efd02] 199.19.213.216 "GET /v2.0/floatingips?fixed_ip_address=10.100.0.9&port_id=cf3593fb-fe84-4c15-9dd6-79b272d1ec11 HTTP/1.1" status: 200 len: 1059 time: 0.0599463
2026-07-02 11:20:53.896 9 INFO neutron.wsgi [req-059410a5-dc27-42d4-882e-156bd94f8937 req-f786a886-098b-404a-b0ff-5e0d6422adc9 fa82be6e6bd7498781479986be30cea8 2010d32d02714641a75bfe9b477c8343 - - default default] 10.0.0.32 "GET /v2.0/networks?id=1b3428b8-3118-4f98-8f97-343f09bfca76 HTTP/1.1" status: 200 len: 871 time: 0.0747862
2026-07-02 11:20:53.904 9 INFO neutron.wsgi [req-e3e8ffdf-9e78-4bfc-8f15-64587488ca15 req-ab4490b5-2677-4497-bc44-e21be198ea5b 5bd755704184419da7b2936b6a506c52 a8e519893ec1464d8b3cd5c14e0324a3 - - d91fc6351bc54adca7c884a8cd6efd02 d91fc6351bc54adca7c884a8cd6efd02] 199.19.213.216 "GET /v2.0/subnets?id=08d60cb9-b0f5-4c7f-a603-eb4c7b4e5c24 HTTP/1.1" status: 200 len: 853 time: 0.0368228
2026-07-02 11:20:53.913 9 INFO neutron.wsgi [req-059410a5-dc27-42d4-882e-156bd94f8937 req-bd0eb775-f310-4154-aa98-e1141a38bb11 fa82be6e6bd7498781479986be30cea8 2010d32d02714641a75bfe9b477c8343 - - default default] 10.0.0.32 "GET /v2.0/quotas/2010d32d02714641a75bfe9b477c8343 HTTP/1.1" status: 200 len: 491 time: 0.0087314
2026-07-02 11:20:53.951 9 INFO neutron.wsgi [req-e3e8ffdf-9e78-4bfc-8f15-64587488ca15 req-e113f3e8-9eef-4189-af5c-08539da4ae49 5bd755704184419da7b2936b6a506c52 a8e519893ec1464d8b3cd5c14e0324a3 - - d91fc6351bc54adca7c884a8cd6efd02 d91fc6351bc54adca7c884a8cd6efd02] 199.19.213.216 "GET /v2.0/ports?network_id=0e631ec2-48d1-4c8a-877c-b664f74773cc&device_owner=network%3Adhcp HTTP/1.1" status: 200 len: 210 time: 0.0371990
2026-07-02 11:20:54.039 9 INFO neutron.wsgi [req-e3e8ffdf-9e78-4bfc-8f15-64587488ca15 req-2cb4f295-47a5-404e-8c7f-bfdaaa916f75 5bd755704184419da7b2936b6a506c52 a8e519893ec1464d8b3cd5c14e0324a3 - - d91fc6351bc54adca7c884a8cd6efd02 d91fc6351bc54adca7c884a8cd6efd02] 199.19.213.216 "GET /v2.0/networks/0e631ec2-48d1-4c8a-877c-b664f74773cc?fields=segments HTTP/1.1" status: 200 len: 212 time: 0.0803583
2026-07-02 11:20:54.041 9 INFO neutron.wsgi [req-059410a5-dc27-42d4-882e-156bd94f8937 req-f17800dd-8ea9-4ec2-822c-b049e8d16f17 fa82be6e6bd7498781479986be30cea8 2010d32d02714641a75bfe9b477c8343 - - default default] 10.0.0.32 "GET /v2.0/ports?tenant_id=2010d32d02714641a75bfe9b477c8343&fields=id HTTP/1.1" status: 200 len: 302 time: 0.1202524
2026-07-02 11:20:54.093 10 INFO neutron.wsgi [None req-1677ff49-750b-4aae-941b-0a202316315c f63d376226924d07afc233b4405cc6eb b4b9170b6db24199867095bad6c1b95f - - default default] 10.0.0.202 "GET /v2.0/ports HTTP/1.1" status: 200 len: 26038 time: 0.4216628
