2026-07-02 11:21:52.341 9 INFO neutron.services.segments.plugin [-] Segment e7bc833b-d0c8-4bda-8132-ac224642fb5f resource provider not found; error: Placement Client Error (4xx): {"errors": [{"status": 404, "title": "Not Found", "detail": "The resource could not be found.\n\n No resource provider with uuid e7bc833b-d0c8-4bda-8132-ac224642fb5f found for delete ", "request_id": "req-8b265e06-106e-4548-bbdb-eada086af766"}]}
2026-07-02 11:21:52.350 9 INFO neutron.services.segments.plugin [-] Segment e7bc833b-d0c8-4bda-8132-ac224642fb5f resource provider not found; error: Placement Client Error (4xx): {"errors": [{"status": 404, "title": "Not Found", "detail": "The resource could not be found.\n\n No resource provider with uuid e7bc833b-d0c8-4bda-8132-ac224642fb5f found for delete ", "request_id": "req-b2c29d58-ca6a-4753-ac51-6404a313ddf5"}]}
2026-07-02 11:21:52.355 9 INFO neutron.services.segments.plugin [-] Segment 161a1b93-7202-4c38-a3fd-bf824054f586 resource provider aggregate not found
2026-07-02 11:21:52.365 9 INFO neutron.services.segments.plugin [-] Segment 161a1b93-7202-4c38-a3fd-bf824054f586 resource provider not found; error: Placement Client Error (4xx): {"errors": [{"status": 404, "title": "Not Found", "detail": "The resource could not be found.\n\n No resource provider with uuid 161a1b93-7202-4c38-a3fd-bf824054f586 found for delete ", "request_id": "req-05829b17-8a07-4fc1-a390-f598ce78a7e6"}]}
2026-07-02 11:21:52.369 9 INFO neutron.services.segments.plugin [-] Segment 161a1b93-7202-4c38-a3fd-bf824054f586 resource provider aggregate not found
2026-07-02 11:21:52.388 9 INFO neutron.services.segments.plugin [-] Segment 161a1b93-7202-4c38-a3fd-bf824054f586 resource provider not found; error: Placement Client Error (4xx): {"errors": [{"status": 404, "title": "Not Found", "detail": "The resource could not be found.\n\n No resource provider with uuid 161a1b93-7202-4c38-a3fd-bf824054f586 found for delete ", "request_id": "req-e755d527-bcf6-4ff5-b2da-9c5c88b4c0aa"}]}
2026-07-02 11:21:52.663 10 WARNING neutron.scheduler.dhcp_agent_scheduler [None req-399f15fa-b0e6-4e1b-8032-566d9a4b27ee d804ea9cbba34eccba4e59b7ceec8ec0 d113f35bdc3b4833859e9e7f314a6967 - - default default] No more DHCP agents
2026-07-02 11:21:52.664 10 WARNING neutron.api.rpc.agentnotifiers.dhcp_rpc_agent_api [None req-399f15fa-b0e6-4e1b-8032-566d9a4b27ee d804ea9cbba34eccba4e59b7ceec8ec0 d113f35bdc3b4833859e9e7f314a6967 - - default default] Unable to schedule network 7dba4a88-12fc-43ab-8cec-fbe77622f4f5: no agents available; will retry on subsequent port and subnet creation events.
2026-07-02 11:21:52.807 10 INFO neutron.db.ovn_revision_numbers_db [None req-399f15fa-b0e6-4e1b-8032-566d9a4b27ee d804ea9cbba34eccba4e59b7ceec8ec0 d113f35bdc3b4833859e9e7f314a6967 - - default default] Successfully bumped revision number for resource 0f4f50bd-7f2e-4476-bda5-e54169d1796d (type: ports) to 1
2026-07-02 11:21:52.946 10 INFO neutron.wsgi [None req-578727f3-2de6-4430-b693-896378c82abe f63d376226924d07afc233b4405cc6eb b4b9170b6db24199867095bad6c1b95f - - default default] 10.0.0.202 "GET /v2.0/floatingips HTTP/1.1" status: 200 len: 193 time: 0.2476499
2026-07-02 11:21:53.069 10 INFO neutron.wsgi [None req-081ad2ce-4509-44bc-ba9a-17480c1c2d1a f63d376226924d07afc233b4405cc6eb b4b9170b6db24199867095bad6c1b95f - - default default] 10.0.0.202 "GET /v2.0/networks HTTP/1.1" status: 200 len: 3090 time: 0.1216006
2026-07-02 11:21:53.124 10 INFO neutron.wsgi [None req-4c1cb6f5-1d93-4994-b889-99c8d1203c87 f63d376226924d07afc233b4405cc6eb b4b9170b6db24199867095bad6c1b95f - - default default] 10.0.0.202 "GET /v2.0/network-ip-availabilities HTTP/1.1" status: 200 len: 1690 time: 0.0511596
2026-07-02 11:21:53.181 10 INFO neutron.wsgi [None req-2d92ab38-fa08-4b86-acbc-0603777f2938 f63d376226924d07afc233b4405cc6eb b4b9170b6db24199867095bad6c1b95f - - default default] 10.0.0.202 "GET /v2.0/subnets HTTP/1.1" status: 200 len: 2047 time: 0.0538151
2026-07-02 11:21:53.191 10 INFO neutron.wsgi [None req-6e068917-65ae-478b-becd-db7653473e26 f63d376226924d07afc233b4405cc6eb b4b9170b6db24199867095bad6c1b95f - - default default] 10.0.0.104 "GET /v2.0/security-groups?tenant_id=eeb29f1391134e8c82c18b9303e04dfa&name=default HTTP/1.1" status: 200 len: 3120 time: 0.1697512
2026-07-02 11:21:53.205 10 INFO neutron.wsgi [None req-2906ce2b-e62a-4b81-a3b9-3aa1b806564e f63d376226924d07afc233b4405cc6eb b4b9170b6db24199867095bad6c1b95f - - default default] 10.0.0.202 "GET /v2.0/subnetpools HTTP/1.1" status: 200 len: 193 time: 0.0132012
2026-07-02 11:21:53.250 10 INFO neutron.db.ovn_revision_numbers_db [None req-399f15fa-b0e6-4e1b-8032-566d9a4b27ee d804ea9cbba34eccba4e59b7ceec8ec0 d113f35bdc3b4833859e9e7f314a6967 - - default default] Successfully bumped revision number for resource 0f4f50bd-7f2e-4476-bda5-e54169d1796d (type: ports) to 1
2026-07-02 11:21:53.328 10 INFO neutron.wsgi [None req-cdf46078-d4f7-4c05-b5a8-b332a20b8694 f63d376226924d07afc233b4405cc6eb b4b9170b6db24199867095bad6c1b95f - - default default] 10.0.0.202 "GET /v2.0/routers HTTP/1.1" status: 200 len: 1131 time: 0.1217628
2026-07-02 11:21:53.345 10 INFO neutron.wsgi [None req-55f96989-9787-47cf-b2be-4ba8180acc08 f63d376226924d07afc233b4405cc6eb b4b9170b6db24199867095bad6c1b95f - - default default] 10.0.0.202 "GET /v2.0/agents?binary=ovn-controller HTTP/1.1" status: 200 len: 591 time: 0.0155418
2026-07-02 11:21:53.357 10 INFO neutron.db.segments_db [None req-399f15fa-b0e6-4e1b-8032-566d9a4b27ee d804ea9cbba34eccba4e59b7ceec8ec0 d113f35bdc3b4833859e9e7f314a6967 - - default default] Added segment 186a4e9c-16c6-424b-97f6-79ebcd369287 of type geneve for network 5fe1934e-a0c3-4508-9ae0-3275496e9d23
2026-07-02 11:21:53.368 10 INFO neutron.wsgi [None req-7cb239e6-a91d-4adb-8b2f-a1d6c417c766 f63d376226924d07afc233b4405cc6eb b4b9170b6db24199867095bad6c1b95f - - default default] 10.0.0.202 "GET /v2.0/agents HTTP/1.1" status: 200 len: 1390 time: 0.0217919
2026-07-02 11:21:53.413 9 INFO neutron.wsgi [None req-8b54b77a-d9a7-417f-bd03-10e8163877d2 f63d376226924d07afc233b4405cc6eb b4b9170b6db24199867095bad6c1b95f - - default default] 10.0.0.104 "DELETE /v2.0/security-groups/d592b43f-6a29-4d8d-a6f2-799a04836749 HTTP/1.1" status: 204 len: 168 time: 0.2148957
2026-07-02 11:21:53.636 9 INFO neutron.db.ovn_revision_numbers_db [None req-b6f1106e-afb3-4114-96a2-b7242c190488 f63d376226924d07afc233b4405cc6eb b4b9170b6db24199867095bad6c1b95f - - default default] Successfully bumped revision number for resource d9b8ded5-6b40-4fa9-8525-62a5fd0fc72c (type: security_groups) to 1
2026-07-02 11:21:53.650 9 INFO neutron.db.ovn_revision_numbers_db [None req-b6f1106e-afb3-4114-96a2-b7242c190488 f63d376226924d07afc233b4405cc6eb b4b9170b6db24199867095bad6c1b95f - - default default] Successfully bumped revision number for resource 0d65478c-a860-4bfc-9b91-58d169d9bcdd (type: security_group_rules) to 0
2026-07-02 11:21:53.665 9 INFO neutron.db.ovn_revision_numbers_db [None req-b6f1106e-afb3-4114-96a2-b7242c190488 f63d376226924d07afc233b4405cc6eb b4b9170b6db24199867095bad6c1b95f - - default default] Successfully bumped revision number for resource a776fd0c-37da-4473-b1b4-87053e8128a7 (type: security_group_rules) to 0
2026-07-02 11:21:53.681 9 INFO neutron.db.ovn_revision_numbers_db [None req-b6f1106e-afb3-4114-96a2-b7242c190488 f63d376226924d07afc233b4405cc6eb b4b9170b6db24199867095bad6c1b95f - - default default] Successfully bumped revision number for resource b3e6ecda-40f9-4c50-a8fe-6e2546098c24 (type: security_group_rules) to 0
2026-07-02 11:21:53.694 9 INFO neutron.db.ovn_revision_numbers_db [None req-b6f1106e-afb3-4114-96a2-b7242c190488 f63d376226924d07afc233b4405cc6eb b4b9170b6db24199867095bad6c1b95f - - default default] Successfully bumped revision number for resource ea718545-04af-4f3b-b76d-4d89a9350151 (type: security_group_rules) to 0
2026-07-02 11:21:53.712 10 INFO neutron.wsgi [None req-0b4be73a-b5e6-4123-8fd1-426bfe85093c f63d376226924d07afc233b4405cc6eb b4b9170b6db24199867095bad6c1b95f - - default default] 10.0.0.202 "GET /v2.0/security-groups HTTP/1.1" status: 200 len: 20486 time: 0.3426254
2026-07-02 11:21:53.712 9 INFO neutron.wsgi [None req-b6f1106e-afb3-4114-96a2-b7242c190488 f63d376226924d07afc233b4405cc6eb b4b9170b6db24199867095bad6c1b95f - - default default] 10.0.0.104 "GET /v2.0/security-groups?tenant_id=2f9eac5aa3aa4ca2aefc5c02c5153665&name=default HTTP/1.1" status: 200 len: 3124 time: 0.1869099
2026-07-02 11:21:53.762 10 INFO neutron.wsgi [None req-2a33bb72-8267-4777-bb6b-89f4ca05c722 f63d376226924d07afc233b4405cc6eb b4b9170b6db24199867095bad6c1b95f - - default default] 10.0.0.202 "GET /v2.0/subnets HTTP/1.1" status: 200 len: 2047 time: 0.0407023
2026-07-02 11:21:53.866 10 INFO neutron.wsgi [None req-5ef6bc5d-2070-445a-ac61-edaef2a066e3 f63d376226924d07afc233b4405cc6eb b4b9170b6db24199867095bad6c1b95f - - default default] 10.0.0.202 "GET /v2.0/ports HTTP/1.1" status: 200 len: 9618 time: 0.0930729
2026-07-02 11:21:53.877 10 INFO neutron.db.ovn_revision_numbers_db [None req-399f15fa-b0e6-4e1b-8032-566d9a4b27ee d804ea9cbba34eccba4e59b7ceec8ec0 d113f35bdc3b4833859e9e7f314a6967 - - default default] Successfully bumped revision number for resource 5fe1934e-a0c3-4508-9ae0-3275496e9d23 (type: networks) to 1
2026-07-02 11:21:53.916 9 INFO neutron.wsgi [None req-10a23e61-6e57-440a-a021-ba910d5bfac5 f63d376226924d07afc233b4405cc6eb b4b9170b6db24199867095bad6c1b95f - - default default] 10.0.0.104 "DELETE /v2.0/security-groups/d9b8ded5-6b40-4fa9-8525-62a5fd0fc72c HTTP/1.1" status: 204 len: 168 time: 0.1993799
2026-07-02 11:21:54.059 10 WARNING neutron.scheduler.dhcp_agent_scheduler [None req-399f15fa-b0e6-4e1b-8032-566d9a4b27ee d804ea9cbba34eccba4e59b7ceec8ec0 d113f35bdc3b4833859e9e7f314a6967 - - default default] No more DHCP agents
2026-07-02 11:21:54.061 10 WARNING neutron.api.rpc.agentnotifiers.dhcp_rpc_agent_api [None req-399f15fa-b0e6-4e1b-8032-566d9a4b27ee d804ea9cbba34eccba4e59b7ceec8ec0 d113f35bdc3b4833859e9e7f314a6967 - - default default] Unable to schedule network 5fe1934e-a0c3-4508-9ae0-3275496e9d23: no agents available; will retry on subsequent port and subnet creation events.
2026-07-02 11:21:54.167 10 INFO neutron.db.ovn_revision_numbers_db [None req-399f15fa-b0e6-4e1b-8032-566d9a4b27ee d804ea9cbba34eccba4e59b7ceec8ec0 d113f35bdc3b4833859e9e7f314a6967 - - default default] Successfully bumped revision number for resource d7e3daae-282e-4e68-9af7-881da91198bb (type: ports) to 1
2026-07-02 11:21:54.203 9 INFO neutron.db.ovn_revision_numbers_db [None req-1f3b3633-500b-49e1-a7ff-28caaec6e716 f63d376226924d07afc233b4405cc6eb b4b9170b6db24199867095bad6c1b95f - - default default] Successfully bumped revision number for resource 615a4da9-61c0-486c-a09c-59b6a9f16373 (type: security_groups) to 1
2026-07-02 11:21:54.217 9 INFO neutron.db.ovn_revision_numbers_db [None req-1f3b3633-500b-49e1-a7ff-28caaec6e716 f63d376226924d07afc233b4405cc6eb b4b9170b6db24199867095bad6c1b95f - - default default] Successfully bumped revision number for resource 1a5bbcba-2d7c-4fa9-bb7f-5e3ca5bb975c (type: security_group_rules) to 0
2026-07-02 11:21:54.230 9 INFO neutron.db.ovn_revision_numbers_db [None req-1f3b3633-500b-49e1-a7ff-28caaec6e716 f63d376226924d07afc233b4405cc6eb b4b9170b6db24199867095bad6c1b95f - - default default] Successfully bumped revision number for resource 3bf5b389-82d1-4311-b36b-e183f2d95585 (type: security_group_rules) to 0
2026-07-02 11:21:54.243 9 INFO neutron.db.ovn_revision_numbers_db [None req-1f3b3633-500b-49e1-a7ff-28caaec6e716 f63d376226924d07afc233b4405cc6eb b4b9170b6db24199867095bad6c1b95f - - default default] Successfully bumped revision number for resource 661d351a-dff8-421b-9c85-c6a2f14b272d (type: security_group_rules) to 0
2026-07-02 11:21:54.256 9 INFO neutron.db.ovn_revision_numbers_db [None req-1f3b3633-500b-49e1-a7ff-28caaec6e716 f63d376226924d07afc233b4405cc6eb b4b9170b6db24199867095bad6c1b95f - - default default] Successfully bumped revision number for resource e5a7ad8f-de21-415f-a264-043d8c5cd3cc (type: security_group_rules) to 0
2026-07-02 11:21:54.278 9 INFO neutron.wsgi [None req-1f3b3633-500b-49e1-a7ff-28caaec6e716 f63d376226924d07afc233b4405cc6eb b4b9170b6db24199867095bad6c1b95f - - default default] 10.0.0.104 "GET /v2.0/security-groups?tenant_id=a5878372e34445d5a56fe21d56b5a98e&name=default HTTP/1.1" status: 200 len: 3124 time: 0.1883059
2026-07-02 11:21:54.290 10 WARNING neutron.scheduler.dhcp_agent_scheduler [None req-399f15fa-b0e6-4e1b-8032-566d9a4b27ee d804ea9cbba34eccba4e59b7ceec8ec0 d113f35bdc3b4833859e9e7f314a6967 - - default default] No more DHCP agents
2026-07-02 11:21:54.293 10 WARNING neutron.api.rpc.agentnotifiers.dhcp_rpc_agent_api [None req-399f15fa-b0e6-4e1b-8032-566d9a4b27ee d804ea9cbba34eccba4e59b7ceec8ec0 d113f35bdc3b4833859e9e7f314a6967 - - default default] Unable to schedule network 5fe1934e-a0c3-4508-9ae0-3275496e9d23: no agents available; will retry on subsequent port and subnet creation events.
2026-07-02 11:21:54.316 10 INFO neutron.db.ovn_revision_numbers_db [None req-399f15fa-b0e6-4e1b-8032-566d9a4b27ee d804ea9cbba34eccba4e59b7ceec8ec0 d113f35bdc3b4833859e9e7f314a6967 - - default default] Successfully bumped revision number for resource 721b342e-2867-48de-b827-784e5ef25259 (type: subnets) to 0
2026-07-02 11:21:54.443 10 WARNING neutron.plugins.ml2.drivers.ovn.mech_driver.ovsdb.ovn_client [None req-d29b10a6-2eee-414c-9d3b-db23914ab104 - - - - - -] No hosting information found for port d47501b4-ad43-45f7-a673-e4ca14cda75b: RuntimeError: No hosting information found for port d47501b4-ad43-45f7-a673-e4ca14cda75b
2026-07-02 11:21:54.444 10 INFO neutron.plugins.ml2.drivers.ovn.mech_driver.mech_driver [None req-d29b10a6-2eee-414c-9d3b-db23914ab104 - - - - - -] OVN reports status up for port: 25c6cb13-e7f1-4d29-a859-6a730c4dd446
2026-07-02 11:21:54.455 10 INFO neutron.plugins.ml2.plugin [None req-d29b10a6-2eee-414c-9d3b-db23914ab104 - - - - - -] Attempt 1 to provision port 25c6cb13-e7f1-4d29-a859-6a730c4dd446
2026-07-02 11:21:54.495 9 INFO neutron.wsgi [None req-4224544a-ff41-49aa-9314-ef5541879aa3 f63d376226924d07afc233b4405cc6eb b4b9170b6db24199867095bad6c1b95f - - default default] 10.0.0.104 "DELETE /v2.0/security-groups/615a4da9-61c0-486c-a09c-59b6a9f16373 HTTP/1.1" status: 204 len: 168 time: 0.2124708
2026-07-02 11:21:54.940 10 WARNING neutron.scheduler.dhcp_agent_scheduler [None req-399f15fa-b0e6-4e1b-8032-566d9a4b27ee d804ea9cbba34eccba4e59b7ceec8ec0 d113f35bdc3b4833859e9e7f314a6967 - - default default] No more DHCP agents
2026-07-02 11:21:54.946 10 WARNING neutron.api.rpc.agentnotifiers.dhcp_rpc_agent_api [None req-399f15fa-b0e6-4e1b-8032-566d9a4b27ee d804ea9cbba34eccba4e59b7ceec8ec0 d113f35bdc3b4833859e9e7f314a6967 - - default default] Unable to schedule network 5fe1934e-a0c3-4508-9ae0-3275496e9d23: no agents available; will retry on subsequent port and subnet creation events.
2026-07-02 11:21:55.354 10 INFO neutron.db.ovn_revision_numbers_db [None req-d29b10a6-2eee-414c-9d3b-db23914ab104 - - - - - -] Successfully bumped revision number for resource 25c6cb13-e7f1-4d29-a859-6a730c4dd446 (type: ports) to 2
2026-07-02 11:21:55.429 10 INFO neutron.db.ovn_revision_numbers_db [None req-399f15fa-b0e6-4e1b-8032-566d9a4b27ee d804ea9cbba34eccba4e59b7ceec8ec0 d113f35bdc3b4833859e9e7f314a6967 - - default default] Successfully bumped revision number for resource 09ac2d02-1083-451e-8c6c-a8076277d81e (type: ports) to 1
2026-07-02 11:21:55.551 10 INFO neutron.db.ovn_revision_numbers_db [None req-d29b10a6-2eee-414c-9d3b-db23914ab104 - - - - - -] Successfully bumped revision number for resource 25c6cb13-e7f1-4d29-a859-6a730c4dd446 (type: router_ports) to 2
2026-07-02 11:21:55.945 10 ERROR ovsdbapp.backend.ovs_idl.command [None req-399f15fa-b0e6-4e1b-8032-566d9a4b27ee d804ea9cbba34eccba4e59b7ceec8ec0 d113f35bdc3b4833859e9e7f314a6967 - - default default] Error executing command (DbGetCommand): ovsdbapp.backend.ovs_idl.idlutils.RowNotFound: Cannot find Logical_Router_Port with name=lrp-09ac2d02-1083-451e-8c6c-a8076277d81e
2026-07-02 11:21:55.945 10 ERROR ovsdbapp.backend.ovs_idl.command
Traceback (most recent call last):
2026-07-02 11:21:55.945 10 ERROR ovsdbapp.backend.ovs_idl.command
File "/var/lib/openstack/lib/python3.10/site-packages/ovsdbapp/backend/ovs_idl/command.py", line 47, in execute
2026-07-02 11:21:55.945 10 ERROR ovsdbapp.backend.ovs_idl.command self.run_idl(None)
2026-07-02 11:21:55.945 10 ERROR ovsdbapp.backend.ovs_idl.command
File "/var/lib/openstack/lib/python3.10/site-packages/ovsdbapp/backend/ovs_idl/command.py", line 235, in run_idl
2026-07-02 11:21:55.945 10 ERROR ovsdbapp.backend.ovs_idl.command record = self.api.lookup(self.table, self.record)
2026-07-02 11:21:55.945 10 ERROR ovsdbapp.backend.ovs_idl.command
File "/var/lib/openstack/lib/python3.10/site-packages/ovsdbapp/backend/ovs_idl/__init__.py", line 184, in lookup
2026-07-02 11:21:55.945 10 ERROR ovsdbapp.backend.ovs_idl.command return self._lookup(table, record)
2026-07-02 11:21:55.945 10 ERROR ovsdbapp.backend.ovs_idl.command
File "/var/lib/openstack/lib/python3.10/site-packages/ovsdbapp/backend/ovs_idl/__init__.py", line 235, in _lookup
2026-07-02 11:21:55.945 10 ERROR ovsdbapp.backend.ovs_idl.command row = idlutils.row_by_value(self, rl.table, rl.column, record)
2026-07-02 11:21:55.945 10 ERROR ovsdbapp.backend.ovs_idl.command
File "/var/lib/openstack/lib/python3.10/site-packages/ovsdbapp/backend/ovs_idl/idlutils.py", line 114, in row_by_value
2026-07-02 11:21:55.945 10 ERROR ovsdbapp.backend.ovs_idl.command raise RowNotFound(table=table, col=column, match=match)
2026-07-02 11:21:55.945 10 ERROR ovsdbapp.backend.ovs_idl.command ovsdbapp.backend.ovs_idl.idlutils.RowNotFound: Cannot find Logical_Router_Port with name=lrp-09ac2d02-1083-451e-8c6c-a8076277d81e
2026-07-02 11:21:55.945 10 ERROR ovsdbapp.backend.ovs_idl.command 
2026-07-02 11:21:55.946 10 ERROR neutron_lib.callbacks.manager [None req-399f15fa-b0e6-4e1b-8032-566d9a4b27ee d804ea9cbba34eccba4e59b7ceec8ec0 d113f35bdc3b4833859e9e7f314a6967 - - default default] Error during notification for neutron.services.ovn_l3.plugin.OVNL3RouterPlugin._port_update-8770631143142 port, after_update: ovsdbapp.backend.ovs_idl.idlutils.RowNotFound: Cannot find Logical_Router_Port with name=lrp-09ac2d02-1083-451e-8c6c-a8076277d81e
2026-07-02 11:21:55.946 10 ERROR neutron_lib.callbacks.manager
Traceback (most recent call last):
2026-07-02 11:21:55.946 10 ERROR neutron_lib.callbacks.manager
File "/var/lib/openstack/lib/python3.10/site-packages/neutron_lib/callbacks/manager.py", line 189, in _notify_loop
2026-07-02 11:21:55.946 10 ERROR neutron_lib.callbacks.manager callback.method(resource, event, trigger, payload=payload)
2026-07-02 11:21:55.946 10 ERROR neutron_lib.callbacks.manager
File "/var/lib/openstack/lib/python3.10/site-packages/neutron/services/ovn_l3/plugin.py", line 391, in _port_update
2026-07-02 11:21:55.946 10 ERROR neutron_lib.callbacks.manager l3plugin._ovn_client.update_router_port(context,
2026-07-02 11:21:55.946 10 ERROR neutron_lib.callbacks.manager
File "/var/lib/openstack/lib/python3.10/site-packages/neutron/plugins/ml2/drivers/ovn/mech_driver/ovsdb/ovn_client.py", line 1878, in update_router_port
2026-07-02 11:21:55.946 10 ERROR neutron_lib.callbacks.manager self._update_lrouter_port(context, port, if_exists=if_exists,
2026-07-02 11:21:55.946 10 ERROR neutron_lib.callbacks.manager
File "/var/lib/openstack/lib/python3.10/site-packages/neutron/plugins/ml2/drivers/ovn/mech_driver/ovsdb/ovn_client.py", line 1855, in _update_lrouter_port
2026-07-02 11:21:55.946 10 ERROR neutron_lib.callbacks.manager external_ids = self._nb_idl.db_get(
2026-07-02 11:21:55.946 10 ERROR neutron_lib.callbacks.manager
File "/var/lib/openstack/lib/python3.10/site-packages/ovsdbapp/backend/ovs_idl/command.py", line 47, in execute
2026-07-02 11:21:55.946 10 ERROR neutron_lib.callbacks.manager self.run_idl(None)
2026-07-02 11:21:55.946 10 ERROR neutron_lib.callbacks.manager
File "/var/lib/openstack/lib/python3.10/site-packages/ovsdbapp/backend/ovs_idl/command.py", line 235, in run_idl
2026-07-02 11:21:55.946 10 ERROR neutron_lib.callbacks.manager record = self.api.lookup(self.table, self.record)
2026-07-02 11:21:55.946 10 ERROR neutron_lib.callbacks.manager
File "/var/lib/openstack/lib/python3.10/site-packages/ovsdbapp/backend/ovs_idl/__init__.py", line 184, in lookup
2026-07-02 11:21:55.946 10 ERROR neutron_lib.callbacks.manager return self._lookup(table, record)
2026-07-02 11:21:55.946 10 ERROR neutron_lib.callbacks.manager
File "/var/lib/openstack/lib/python3.10/site-packages/ovsdbapp/backend/ovs_idl/__init__.py", line 235, in _lookup
2026-07-02 11:21:55.946 10 ERROR neutron_lib.callbacks.manager row = idlutils.row_by_value(self, rl.table, rl.column, record)
2026-07-02 11:21:55.946 10 ERROR neutron_lib.callbacks.manager
File "/var/lib/openstack/lib/python3.10/site-packages/ovsdbapp/backend/ovs_idl/idlutils.py", line 114, in row_by_value
2026-07-02 11:21:55.946 10 ERROR neutron_lib.callbacks.manager raise RowNotFound(table=table, col=column, match=match)
2026-07-02 11:21:55.946 10 ERROR neutron_lib.callbacks.manager ovsdbapp.backend.ovs_idl.idlutils.RowNotFound: Cannot find Logical_Router_Port with name=lrp-09ac2d02-1083-451e-8c6c-a8076277d81e
2026-07-02 11:21:55.946 10 ERROR neutron_lib.callbacks.manager 
2026-07-02 11:21:56.125 10 INFO neutron.db.ovn_revision_numbers_db [None req-399f15fa-b0e6-4e1b-8032-566d9a4b27ee d804ea9cbba34eccba4e59b7ceec8ec0 d113f35bdc3b4833859e9e7f314a6967 - - default default] Successfully bumped revision number for resource 09ac2d02-1083-451e-8c6c-a8076277d81e (type: ports) to 1
2026-07-02 11:21:56.186 10 WARNING neutron.scheduler.dhcp_agent_scheduler [None req-399f15fa-b0e6-4e1b-8032-566d9a4b27ee d804ea9cbba34eccba4e59b7ceec8ec0 d113f35bdc3b4833859e9e7f314a6967 - - default default] No more DHCP agents
2026-07-02 11:21:56.187 10 WARNING neutron.api.rpc.agentnotifiers.dhcp_rpc_agent_api [None req-399f15fa-b0e6-4e1b-8032-566d9a4b27ee d804ea9cbba34eccba4e59b7ceec8ec0 d113f35bdc3b4833859e9e7f314a6967 - - default default] Unable to schedule network 5fe1934e-a0c3-4508-9ae0-3275496e9d23: no agents available; will retry on subsequent port and subnet creation events.
2026-07-02 11:21:56.668 10 INFO neutron.db.ovn_revision_numbers_db [None req-399f15fa-b0e6-4e1b-8032-566d9a4b27ee d804ea9cbba34eccba4e59b7ceec8ec0 d113f35bdc3b4833859e9e7f314a6967 - - default default] Successfully bumped revision number for resource 09ac2d02-1083-451e-8c6c-a8076277d81e (type: router_ports) to 1
2026-07-02 11:21:56.887 10 WARNING neutron.scheduler.dhcp_agent_scheduler [None req-1e3ad480-a18b-4ad5-97e0-9abbc7af33f6 - - - - - -] No more DHCP agents
2026-07-02 11:21:56.890 10 WARNING neutron.api.rpc.agentnotifiers.dhcp_rpc_agent_api [None req-1e3ad480-a18b-4ad5-97e0-9abbc7af33f6 - - - - - -] Unable to schedule network 5fe1934e-a0c3-4508-9ae0-3275496e9d23: no agents available; will retry on subsequent port and subnet creation events.
2026-07-02 11:21:57.092 10 INFO neutron.db.ovn_revision_numbers_db [None req-1e3ad480-a18b-4ad5-97e0-9abbc7af33f6 - - - - - -] Successfully bumped revision number for resource 729d7ce1-7130-4e3c-8b8e-b020ffae6500 (type: ports) to 1
2026-07-02 11:21:57.369 10 INFO neutron.db.ovn_revision_numbers_db [None req-1e3ad480-a18b-4ad5-97e0-9abbc7af33f6 - - - - - -] Successfully bumped revision number for resource 729d7ce1-7130-4e3c-8b8e-b020ffae6500 (type: ports) to 1
2026-07-02 11:21:57.628 10 INFO neutron.wsgi [None req-399f15fa-b0e6-4e1b-8032-566d9a4b27ee d804ea9cbba34eccba4e59b7ceec8ec0 d113f35bdc3b4833859e9e7f314a6967 - - default default] 10.0.0.104 "POST /v2.0/vpn/vpnservices HTTP/1.1" status: 201 len: 656 time: 5.7317784
2026-07-02 11:21:57.637 10 WARNING neutron_lib.context [None req-0beabb0f-b30f-47c1-99f8-a3d124ced1d8 d804ea9cbba34eccba4e59b7ceec8ec0 d113f35bdc3b4833859e9e7f314a6967 - - default default] Method 'is_advsvc' is deprecated since 2023.2 release (neutron-lib 3.8.0) and will be removed once support for the old RBAC API policies will be removed from Neutron. Please use method 'is_service_role' instead.
2026-07-02 11:21:57.826 9 WARNING neutron_lib.context [None req-0ae0e1a5-9479-4325-9d11-95d154cad9e7 69bcbfe450b64688ae29c4131800e0e4 9bc5a56b5ecf4890a07261d9a703605c - - default default] Method 'is_advsvc' is deprecated since 2023.2 release (neutron-lib 3.8.0) and will be removed once support for the old RBAC API policies will be removed from Neutron. Please use method 'is_service_role' instead.
2026-07-02 11:21:57.983 9 INFO neutron.db.ovn_revision_numbers_db [None req-0ae0e1a5-9479-4325-9d11-95d154cad9e7 69bcbfe450b64688ae29c4131800e0e4 9bc5a56b5ecf4890a07261d9a703605c - - default default] Successfully bumped revision number for resource d633e313-7786-4a20-a63e-b12e7c24071f (type: security_groups) to 1
2026-07-02 11:21:57.998 9 INFO neutron.db.ovn_revision_numbers_db [None req-0ae0e1a5-9479-4325-9d11-95d154cad9e7 69bcbfe450b64688ae29c4131800e0e4 9bc5a56b5ecf4890a07261d9a703605c - - default default] Successfully bumped revision number for resource 108d7fa0-9d52-4c39-9f31-f776bbefce9c (type: security_group_rules) to 0
2026-07-02 11:21:58.018 9 INFO neutron.db.ovn_revision_numbers_db [None req-0ae0e1a5-9479-4325-9d11-95d154cad9e7 69bcbfe450b64688ae29c4131800e0e4 9bc5a56b5ecf4890a07261d9a703605c - - default default] Successfully bumped revision number for resource 26751a29-2bac-4cb2-ba55-3730a83749c3 (type: security_group_rules) to 0
2026-07-02 11:21:58.033 9 INFO neutron.db.ovn_revision_numbers_db [None req-0ae0e1a5-9479-4325-9d11-95d154cad9e7 69bcbfe450b64688ae29c4131800e0e4 9bc5a56b5ecf4890a07261d9a703605c - - default default] Successfully bumped revision number for resource 283b4ff0-bca8-4880-827a-e2d21e3c0e87 (type: security_group_rules) to 0
2026-07-02 11:21:58.052 9 INFO neutron.db.ovn_revision_numbers_db [None req-0ae0e1a5-9479-4325-9d11-95d154cad9e7 69bcbfe450b64688ae29c4131800e0e4 9bc5a56b5ecf4890a07261d9a703605c - - default default] Successfully bumped revision number for resource c800aa3d-e80b-46b1-a513-d48a697f4ecb (type: security_group_rules) to 0
2026-07-02 11:21:58.115 9 INFO neutron.db.segments_db [None req-0ae0e1a5-9479-4325-9d11-95d154cad9e7 69bcbfe450b64688ae29c4131800e0e4 9bc5a56b5ecf4890a07261d9a703605c - - default default] Added segment 5b4abd7d-cc83-4641-93d2-9c3d4aaabd5c of type geneve for network 6436bd39-8d72-42dd-af48-3c7838d171bf
2026-07-02 11:21:58.264 9 INFO neutron.db.ovn_revision_numbers_db [None req-0ae0e1a5-9479-4325-9d11-95d154cad9e7 69bcbfe450b64688ae29c4131800e0e4 9bc5a56b5ecf4890a07261d9a703605c - - default default] Successfully bumped revision number for resource 6436bd39-8d72-42dd-af48-3c7838d171bf (type: networks) to 1
2026-07-02 11:21:58.294 10 INFO neutron.wsgi [None req-0beabb0f-b30f-47c1-99f8-a3d124ced1d8 d804ea9cbba34eccba4e59b7ceec8ec0 d113f35bdc3b4833859e9e7f314a6967 - - default default] 10.0.0.104 "POST /v2.0/vpn/vpnservices HTTP/1.1" status: 201 len: 623 time: 0.6613979
2026-07-02 11:21:58.304 10 WARNING neutron_lib.context [None req-b4b9cdf1-cc98-48a2-a50e-30df9f2a7049 d804ea9cbba34eccba4e59b7ceec8ec0 d113f35bdc3b4833859e9e7f314a6967 - - default default] Method 'is_advsvc' is deprecated since 2023.2 release (neutron-lib 3.8.0) and will be removed once support for the old RBAC API policies will be removed from Neutron. Please use method 'is_service_role' instead.
2026-07-02 11:21:58.339 10 INFO neutron.wsgi [None req-b4b9cdf1-cc98-48a2-a50e-30df9f2a7049 d804ea9cbba34eccba4e59b7ceec8ec0 d113f35bdc3b4833859e9e7f314a6967 - - default default] 10.0.0.104 "POST /v2.0/vpn/ikepolicies HTTP/1.1" status: 201 len: 603 time: 0.0399747
2026-07-02 11:21:58.351 10 WARNING neutron_lib.context [None req-423ce47e-6e44-4fc4-a616-a95ceb51439a d804ea9cbba34eccba4e59b7ceec8ec0 d113f35bdc3b4833859e9e7f314a6967 - - default default] Method 'is_advsvc' is deprecated since 2023.2 release (neutron-lib 3.8.0) and will be removed once support for the old RBAC API policies will be removed from Neutron. Please use method 'is_service_role' instead.
2026-07-02 11:21:58.386 10 INFO neutron.wsgi [None req-423ce47e-6e44-4fc4-a616-a95ceb51439a d804ea9cbba34eccba4e59b7ceec8ec0 d113f35bdc3b4833859e9e7f314a6967 - - default default] 10.0.0.104 "POST /v2.0/vpn/ipsecpolicies HTTP/1.1" status: 201 len: 611 time: 0.0414457
2026-07-02 11:21:58.405 9 WARNING neutron_lib.context [None req-dde599c3-fd08-4a1a-a8d9-75d956e8ba66 d804ea9cbba34eccba4e59b7ceec8ec0 d113f35bdc3b4833859e9e7f314a6967 - - default default] Method 'is_advsvc' is deprecated since 2023.2 release (neutron-lib 3.8.0) and will be removed once support for the old RBAC API policies will be removed from Neutron. Please use method 'is_service_role' instead.
2026-07-02 11:21:58.497 9 WARNING neutron.scheduler.dhcp_agent_scheduler [None req-0ae0e1a5-9479-4325-9d11-95d154cad9e7 69bcbfe450b64688ae29c4131800e0e4 9bc5a56b5ecf4890a07261d9a703605c - - default default] No more DHCP agents
2026-07-02 11:21:58.501 9 WARNING neutron.api.rpc.agentnotifiers.dhcp_rpc_agent_api [None req-0ae0e1a5-9479-4325-9d11-95d154cad9e7 69bcbfe450b64688ae29c4131800e0e4 9bc5a56b5ecf4890a07261d9a703605c - - default default] Unable to schedule network 6436bd39-8d72-42dd-af48-3c7838d171bf: no agents available; will retry on subsequent port and subnet creation events.
2026-07-02 11:21:58.520 9 INFO neutron.wsgi [None req-dde599c3-fd08-4a1a-a8d9-75d956e8ba66 d804ea9cbba34eccba4e59b7ceec8ec0 d113f35bdc3b4833859e9e7f314a6967 - - default default] 10.0.0.104 "POST /v2.0/vpn/endpoint-groups HTTP/1.1" status: 201 len: 528 time: 0.1295447
2026-07-02 11:21:58.536 10 WARNING neutron_lib.context [None req-53fd2e56-9a0a-4020-bfdd-f716ca6a9b92 d804ea9cbba34eccba4e59b7ceec8ec0 d113f35bdc3b4833859e9e7f314a6967 - - default default] Method 'is_advsvc' is deprecated since 2023.2 release (neutron-lib 3.8.0) and will be removed once support for the old RBAC API policies will be removed from Neutron. Please use method 'is_service_role' instead.
2026-07-02 11:21:58.602 10 INFO neutron.wsgi [None req-53fd2e56-9a0a-4020-bfdd-f716ca6a9b92 d804ea9cbba34eccba4e59b7ceec8ec0 d113f35bdc3b4833859e9e7f314a6967 - - default default] 10.0.0.104 "POST /v2.0/vpn/endpoint-groups HTTP/1.1" status: 201 len: 518 time: 0.0754137
2026-07-02 11:21:58.603 9 INFO neutron.db.ovn_revision_numbers_db [None req-0ae0e1a5-9479-4325-9d11-95d154cad9e7 69bcbfe450b64688ae29c4131800e0e4 9bc5a56b5ecf4890a07261d9a703605c - - default default] Successfully bumped revision number for resource 3696cfa8-22b7-45d0-8621-90148108c203 (type: ports) to 1
2026-07-02 11:21:58.613 10 WARNING neutron_lib.context [None req-cd968577-41a2-4587-8473-8e38fec62bc6 d804ea9cbba34eccba4e59b7ceec8ec0 d113f35bdc3b4833859e9e7f314a6967 - - default default] Method 'is_advsvc' is deprecated since 2023.2 release (neutron-lib 3.8.0) and will be removed once support for the old RBAC API policies will be removed from Neutron. Please use method 'is_service_role' instead.
2026-07-02 11:21:58.625 9 INFO neutron.wsgi [None req-0ae0e1a5-9479-4325-9d11-95d154cad9e7 69bcbfe450b64688ae29c4131800e0e4 9bc5a56b5ecf4890a07261d9a703605c - - default default] 10.0.0.104 "POST /v2.0/networks HTTP/1.1" status: 201 len: 831 time: 0.9644983
2026-07-02 11:21:58.695 9 INFO neutron.wsgi [None req-d48e0f58-b726-46c0-82ff-f731be33569c 69bcbfe450b64688ae29c4131800e0e4 9bc5a56b5ecf4890a07261d9a703605c - - default default] 10.0.0.104 "PUT /v2.0/networks/6436bd39-8d72-42dd-af48-3c7838d171bf/tags HTTP/1.1" status: 200 len: 218 time: 0.0615942
2026-07-02 11:21:58.744 9 INFO neutron.wsgi [None req-e3684aa3-1590-40de-8f98-cb8b3b168e1e 69bcbfe450b64688ae29c4131800e0e4 9bc5a56b5ecf4890a07261d9a703605c - - default default] 10.0.0.104 "GET /v2.0/networks/6436bd39-8d72-42dd-af48-3c7838d171bf/tags HTTP/1.1" status: 200 len: 218 time: 0.0449312
2026-07-02 11:21:58.804 9 INFO neutron.wsgi [None req-5ed6a0da-7dce-4882-8085-d6cf4ed75537 69bcbfe450b64688ae29c4131800e0e4 9bc5a56b5ecf4890a07261d9a703605c - - default default] 10.0.0.104 "PUT /v2.0/networks/6436bd39-8d72-42dd-af48-3c7838d171bf/tags/green HTTP/1.1" status: 201 len: 201 time: 0.0547311
2026-07-02 11:21:58.849 10 INFO neutron.wsgi [None req-f626d1d2-928d-4cae-8084-d9c574783f85 69bcbfe450b64688ae29c4131800e0e4 9bc5a56b5ecf4890a07261d9a703605c - - default default] 10.0.0.104 "GET /v2.0/networks/6436bd39-8d72-42dd-af48-3c7838d171bf/tags HTTP/1.1" status: 200 len: 227 time: 0.0393622
2026-07-02 11:21:58.905 9 INFO neutron.wsgi [None req-07010420-83cc-42fe-8255-53b041b2b27b 69bcbfe450b64688ae29c4131800e0e4 9bc5a56b5ecf4890a07261d9a703605c - - default default] 10.0.0.104 "PUT /v2.0/networks/6436bd39-8d72-42dd-af48-3c7838d171bf/tags/red HTTP/1.1" status: 201 len: 201 time: 0.0504756
2026-07-02 11:21:58.960 9 INFO neutron.wsgi [None req-794f78f8-869e-4eb0-b2f1-5013a0b83fa3 69bcbfe450b64688ae29c4131800e0e4 9bc5a56b5ecf4890a07261d9a703605c - - default default] 10.0.0.104 "GET /v2.0/networks/6436bd39-8d72-42dd-af48-3c7838d171bf/tags HTTP/1.1" status: 200 len: 227 time: 0.0502117
2026-07-02 11:21:59.044 9 INFO neutron.wsgi [None req-d4384ebd-d49d-4f11-a693-560827aba3cc 69bcbfe450b64688ae29c4131800e0e4 9bc5a56b5ecf4890a07261d9a703605c - - default default] 10.0.0.104 "PUT /v2.0/networks/6436bd39-8d72-42dd-af48-3c7838d171bf/tags/black.or.white HTTP/1.1" status: 201 len: 201 time: 0.0794609
2026-07-02 11:21:59.094 9 INFO neutron.wsgi [None req-7683239d-4d80-4e8c-ac4c-1488c7f04298 69bcbfe450b64688ae29c4131800e0e4 9bc5a56b5ecf4890a07261d9a703605c - - default default] 10.0.0.104 "GET /v2.0/networks/6436bd39-8d72-42dd-af48-3c7838d171bf/tags HTTP/1.1" status: 200 len: 245 time: 0.0441818
2026-07-02 11:21:59.149 9 INFO neutron.wsgi [None req-1ebcf97d-5b9c-4498-a2a6-c885424cde5f 69bcbfe450b64688ae29c4131800e0e4 9bc5a56b5ecf4890a07261d9a703605c - - default default] 10.0.0.104 "PUT /v2.0/networks/6436bd39-8d72-42dd-af48-3c7838d171bf/tags HTTP/1.1" status: 200 len: 230 time: 0.0506763
2026-07-02 11:21:59.188 9 INFO neutron.wsgi [None req-3e1115ca-4164-4957-b331-00fddb6e1b81 69bcbfe450b64688ae29c4131800e0e4 9bc5a56b5ecf4890a07261d9a703605c - - default default] 10.0.0.104 "GET /v2.0/networks/6436bd39-8d72-42dd-af48-3c7838d171bf/tags HTTP/1.1" status: 200 len: 230 time: 0.0350163
2026-07-02 11:21:59.235 9 INFO neutron.wsgi [None req-9d778079-d620-4990-9246-429f16bad5bd 69bcbfe450b64688ae29c4131800e0e4 9bc5a56b5ecf4890a07261d9a703605c - - default default] 10.0.0.104 "GET /v2.0/networks/6436bd39-8d72-42dd-af48-3c7838d171bf/tags/red HTTP/1.1" status: 204 len: 168 time: 0.0420473
2026-07-02 11:21:59.284 9 INFO neutron.api.v2.resource [None req-06da5ed6-8528-4161-92db-e690bbbbc4c7 69bcbfe450b64688ae29c4131800e0e4 9bc5a56b5ecf4890a07261d9a703605c - - default default] show failed (client error): The resource could not be found.
2026-07-02 11:21:59.285 9 INFO neutron.wsgi [None req-06da5ed6-8528-4161-92db-e690bbbbc4c7 69bcbfe450b64688ae29c4131800e0e4 9bc5a56b5ecf4890a07261d9a703605c - - default default] 10.0.0.104 "GET /v2.0/networks/6436bd39-8d72-42dd-af48-3c7838d171bf/tags/green HTTP/1.1" status: 404 len: 299 time: 0.0460627
2026-07-02 11:21:59.343 9 INFO neutron.wsgi [None req-61f1d72b-dc1f-4afb-8f7b-351b138b5f7f 69bcbfe450b64688ae29c4131800e0e4 9bc5a56b5ecf4890a07261d9a703605c - - default default] 10.0.0.104 "DELETE /v2.0/networks/6436bd39-8d72-42dd-af48-3c7838d171bf/tags/red HTTP/1.1" status: 204 len: 168 time: 0.0527270
2026-07-02 11:21:59.389 9 INFO neutron.wsgi [None req-2e90a737-0309-4895-818c-cb91b8201fda 69bcbfe450b64688ae29c4131800e0e4 9bc5a56b5ecf4890a07261d9a703605c - - default default] 10.0.0.104 "GET /v2.0/networks/6436bd39-8d72-42dd-af48-3c7838d171bf/tags HTTP/1.1" status: 200 len: 223 time: 0.0413959
2026-07-02 11:21:59.391 10 INFO neutron.db.ovn_revision_numbers_db [None req-cd968577-41a2-4587-8473-8e38fec62bc6 d804ea9cbba34eccba4e59b7ceec8ec0 d113f35bdc3b4833859e9e7f314a6967 - - default default] Successfully bumped revision number for resource 6d471329-47f2-4beb-8ad0-f4e52c978a6d (type: routers) to 5
2026-07-02 11:21:59.418 10 INFO neutron.wsgi [None req-cd968577-41a2-4587-8473-8e38fec62bc6 d804ea9cbba34eccba4e59b7ceec8ec0 d113f35bdc3b4833859e9e7f314a6967 - - default default] 10.0.0.104 "POST /v2.0/vpn/ipsec-site-connections HTTP/1.1" status: 201 len: 1002 time: 0.8103187
2026-07-02 11:21:59.429 10 WARNING neutron_lib.context [None req-738f8031-94ca-44b5-a918-9a5835ed3145 d804ea9cbba34eccba4e59b7ceec8ec0 d113f35bdc3b4833859e9e7f314a6967 - - default default] Method 'is_advsvc' is deprecated since 2023.2 release (neutron-lib 3.8.0) and will be removed once support for the old RBAC API policies will be removed from Neutron. Please use method 'is_service_role' instead.
2026-07-02 11:21:59.440 9 INFO neutron.api.v2.resource [None req-8466a8f8-03d7-43d5-afc2-a830e6688402 69bcbfe450b64688ae29c4131800e0e4 9bc5a56b5ecf4890a07261d9a703605c - - default default] delete failed (client error): The resource could not be found.
2026-07-02 11:21:59.442 9 INFO neutron.wsgi [None req-8466a8f8-03d7-43d5-afc2-a830e6688402 69bcbfe450b64688ae29c4131800e0e4 9bc5a56b5ecf4890a07261d9a703605c - - default default] 10.0.0.104 "DELETE /v2.0/networks/6436bd39-8d72-42dd-af48-3c7838d171bf/tags/green HTTP/1.1" status: 404 len: 299 time: 0.0471408
2026-07-02 11:21:59.467 10 INFO neutron.wsgi [None req-738f8031-94ca-44b5-a918-9a5835ed3145 d804ea9cbba34eccba4e59b7ceec8ec0 d113f35bdc3b4833859e9e7f314a6967 - - default default] 10.0.0.104 "POST /v2.0/vpn/endpoint-groups HTTP/1.1" status: 201 len: 489 time: 0.0416181
2026-07-02 11:21:59.500 10 INFO neutron.wsgi [None req-f6dfbf7a-3d3d-42d9-9699-f97193ad15f2 69bcbfe450b64688ae29c4131800e0e4 9bc5a56b5ecf4890a07261d9a703605c - - default default] 10.0.0.104 "DELETE /v2.0/networks/6436bd39-8d72-42dd-af48-3c7838d171bf/tags HTTP/1.1" status: 204 len: 168 time: 0.0533657
2026-07-02 11:21:59.508 9 INFO neutron.wsgi [None req-eee34036-d4f2-441f-a70b-7e59f77c5939 d804ea9cbba34eccba4e59b7ceec8ec0 d113f35bdc3b4833859e9e7f314a6967 - - default default] 10.0.0.104 "DELETE /v2.0/vpn/endpoint-groups/9ffd3da8-4db5-4849-b910-f98565f152e1 HTTP/1.1" status: 204 len: 168 time: 0.0362825
2026-07-02 11:21:59.527 10 INFO neutron.wsgi [None req-78439ab9-8313-415f-a2a1-05e213595d60 d804ea9cbba34eccba4e59b7ceec8ec0 d113f35bdc3b4833859e9e7f314a6967 - - default default] 10.0.0.104 "GET /v2.0/vpn/endpoint-groups HTTP/1.1" status: 200 len: 827 time: 0.0152102
2026-07-02 11:21:59.548 10 INFO neutron.wsgi [None req-6b0eb299-898f-4e87-a445-cb15359e21de 69bcbfe450b64688ae29c4131800e0e4 9bc5a56b5ecf4890a07261d9a703605c - - default default] 10.0.0.104 "GET /v2.0/networks/6436bd39-8d72-42dd-af48-3c7838d171bf/tags HTTP/1.1" status: 200 len: 205 time: 0.0419967
2026-07-02 11:21:59.548 9 INFO neutron.wsgi [None req-645a3946-ac8a-411d-89be-abff18292e82 d804ea9cbba34eccba4e59b7ceec8ec0 d113f35bdc3b4833859e9e7f314a6967 - - default default] 10.0.0.104 "GET /v2.0/vpn/endpoint-groups HTTP/1.1" status: 200 len: 827 time: 0.0169482
2026-07-02 11:21:59.939 10 INFO neutron.services.segments.plugin [-] Segment 5b4abd7d-cc83-4641-93d2-9c3d4aaabd5c resource provider aggregate not found
2026-07-02 11:21:59.944 10 INFO neutron.services.segments.plugin [-] Segment 5b4abd7d-cc83-4641-93d2-9c3d4aaabd5c resource provider aggregate not found
2026-07-02 11:21:59.958 10 INFO neutron.services.segments.plugin [-] Segment 5b4abd7d-cc83-4641-93d2-9c3d4aaabd5c resource provider not found; error: Placement Client Error (4xx): {"errors": [{"status": 404, "title": "Not Found", "detail": "The resource could not be found.\n\n No resource provider with uuid 5b4abd7d-cc83-4641-93d2-9c3d4aaabd5c found for delete ", "request_id": "req-7dbb1ad2-40c8-4414-9a05-d4ae18b02ffc"}]}
2026-07-02 11:21:59.959 10 INFO neutron.services.segments.plugin [-] Segment 5b4abd7d-cc83-4641-93d2-9c3d4aaabd5c resource provider not found; error: Placement Client Error (4xx): {"errors": [{"status": 404, "title": "Not Found", "detail": "The resource could not be found.\n\n No resource provider with uuid 5b4abd7d-cc83-4641-93d2-9c3d4aaabd5c found for delete ", "request_id": "req-54893eca-0842-4c4b-90d3-c6c778890556"}]}
2026-07-02 11:21:59.966 10 INFO neutron.wsgi [None req-716897e2-7f2b-42a6-8714-016b9a78125e 69bcbfe450b64688ae29c4131800e0e4 9bc5a56b5ecf4890a07261d9a703605c - - default default] 10.0.0.104 "DELETE /v2.0/networks/6436bd39-8d72-42dd-af48-3c7838d171bf HTTP/1.1" status: 204 len: 168 time: 0.4102893
2026-07-02 11:22:00.013 9 INFO neutron.wsgi [None req-28192cb2-11df-4f48-aa3b-8802e84eb4d9 d39e8ab8a46e4c97a0b8eca2a14be564 c715659adba4456aa61c6fc006b5b08b - - default default] 10.0.0.104 "POST /v2.0/vpn/ikepolicies HTTP/1.1" status: 201 len: 602 time: 0.0911634
2026-07-02 11:22:00.033 9 INFO neutron.wsgi [None req-b887c149-88d8-48bd-9406-8a94fa43c0b4 d804ea9cbba34eccba4e59b7ceec8ec0 d113f35bdc3b4833859e9e7f314a6967 - - default default] 10.0.0.104 "GET /v2.0/vpn/ikepolicies HTTP/1.1" status: 200 len: 992 time: 0.0135462
2026-07-02 11:22:00.089 9 INFO neutron.wsgi [None req-50c291f7-6168-4df2-b7ee-cf49e4345a96 d39e8ab8a46e4c97a0b8eca2a14be564 c715659adba4456aa61c6fc006b5b08b - - default default] 10.0.0.104 "DELETE /v2.0/vpn/ikepolicies/da037b8b-9c11-4c61-8be9-040118037cee HTTP/1.1" status: 204 len: 168 time: 0.0480623
2026-07-02 11:22:00.134 9 INFO neutron.wsgi [None req-ee8a7864-f277-4559-80ef-450ef5537283 d39e8ab8a46e4c97a0b8eca2a14be564 c715659adba4456aa61c6fc006b5b08b - - default default] 10.0.0.104 "POST /v2.0/vpn/ipsecpolicies HTTP/1.1" status: 201 len: 611 time: 0.0388665
2026-07-02 11:22:00.153 9 INFO neutron.wsgi [None req-e424b3a9-6e00-4774-87d7-57d3bc8a5e33 d804ea9cbba34eccba4e59b7ceec8ec0 d113f35bdc3b4833859e9e7f314a6967 - - default default] 10.0.0.104 "GET /v2.0/vpn/ipsecpolicies HTTP/1.1" status: 200 len: 1007 time: 0.0129943
2026-07-02 11:22:00.190 9 INFO neutron.wsgi [None req-deab7fe8-3217-4cf1-83db-85bf838e722a d39e8ab8a46e4c97a0b8eca2a14be564 c715659adba4456aa61c6fc006b5b08b - - default default] 10.0.0.104 "DELETE /v2.0/vpn/ipsecpolicies/774691f4-7807-4396-9008-0216a946b677 HTTP/1.1" status: 204 len: 168 time: 0.0306246
2026-07-02 11:22:00.200 9 WARNING neutron_lib.context [None req-809d893b-2485-43e3-9f6e-50b2602d72cd d804ea9cbba34eccba4e59b7ceec8ec0 d113f35bdc3b4833859e9e7f314a6967 - - default default] Method 'is_advsvc' is deprecated since 2023.2 release (neutron-lib 3.8.0) and will be removed once support for the old RBAC API policies will be removed from Neutron. Please use method 'is_service_role' instead.
2026-07-02 11:22:00.296 9 INFO neutron.db.segments_db [None req-809d893b-2485-43e3-9f6e-50b2602d72cd d804ea9cbba34eccba4e59b7ceec8ec0 d113f35bdc3b4833859e9e7f314a6967 - - default default] Added segment 78d3257d-1db3-4e96-b569-c4a97f7718e6 of type geneve for network a65237ba-c5a5-4e99-afa1-e44642e60bb9
2026-07-02 11:22:00.452 9 INFO neutron.db.ovn_revision_numbers_db [None req-809d893b-2485-43e3-9f6e-50b2602d72cd d804ea9cbba34eccba4e59b7ceec8ec0 d113f35bdc3b4833859e9e7f314a6967 - - default default] Successfully bumped revision number for resource a65237ba-c5a5-4e99-afa1-e44642e60bb9 (type: networks) to 1
2026-07-02 11:22:00.648 9 WARNING neutron.scheduler.dhcp_agent_scheduler [None req-809d893b-2485-43e3-9f6e-50b2602d72cd d804ea9cbba34eccba4e59b7ceec8ec0 d113f35bdc3b4833859e9e7f314a6967 - - default default] No more DHCP agents
2026-07-02 11:22:00.651 9 WARNING neutron.api.rpc.agentnotifiers.dhcp_rpc_agent_api [None req-809d893b-2485-43e3-9f6e-50b2602d72cd d804ea9cbba34eccba4e59b7ceec8ec0 d113f35bdc3b4833859e9e7f314a6967 - - default default] Unable to schedule network a65237ba-c5a5-4e99-afa1-e44642e60bb9: no agents available; will retry on subsequent port and subnet creation events.
2026-07-02 11:22:00.790 9 INFO neutron.db.ovn_revision_numbers_db [None req-809d893b-2485-43e3-9f6e-50b2602d72cd d804ea9cbba34eccba4e59b7ceec8ec0 d113f35bdc3b4833859e9e7f314a6967 - - default default] Successfully bumped revision number for resource 5f30a9e3-d403-441b-9371-e773bea16bc0 (type: ports) to 1
2026-07-02 11:22:00.821 10 WARNING neutron.plugins.ml2.drivers.ovn.mech_driver.ovsdb.ovn_client [None req-d29b10a6-2eee-414c-9d3b-db23914ab104 - - - - - -] No hosting information found for port 25c6cb13-e7f1-4d29-a859-6a730c4dd446: RuntimeError: No hosting information found for port 25c6cb13-e7f1-4d29-a859-6a730c4dd446
2026-07-02 11:22:00.821 10 INFO neutron.plugins.ml2.drivers.ovn.mech_driver.mech_driver [None req-d29b10a6-2eee-414c-9d3b-db23914ab104 - - - - - -] OVN reports status up for port: 09ac2d02-1083-451e-8c6c-a8076277d81e
2026-07-02 11:22:00.823 9 INFO neutron.wsgi [None req-809d893b-2485-43e3-9f6e-50b2602d72cd d804ea9cbba34eccba4e59b7ceec8ec0 d113f35bdc3b4833859e9e7f314a6967 - - default default] 10.0.0.104 "POST /v2.0/networks HTTP/1.1" status: 201 len: 831 time: 0.6272948
2026-07-02 11:22:00.842 9 WARNING neutron_lib.context [None req-1c71814c-d61c-4b7d-966a-2d210b3d78db d804ea9cbba34eccba4e59b7ceec8ec0 d113f35bdc3b4833859e9e7f314a6967 - - default default] Method 'is_advsvc' is deprecated since 2023.2 release (neutron-lib 3.8.0) and will be removed once support for the old RBAC API policies will be removed from Neutron. Please use method 'is_service_role' instead.
2026-07-02 11:22:00.843 10 INFO neutron.plugins.ml2.plugin [None req-d29b10a6-2eee-414c-9d3b-db23914ab104 - - - - - -] Attempt 1 to provision port 09ac2d02-1083-451e-8c6c-a8076277d81e
2026-07-02 11:22:00.889 10 INFO neutron.wsgi [None req-5d2c2e65-0c5e-4a35-b387-498e9bab20f2 f63d376226924d07afc233b4405cc6eb b4b9170b6db24199867095bad6c1b95f - - default default] 10.0.0.104 "GET /v2.0/security-groups?tenant_id=9bc5a56b5ecf4890a07261d9a703605c&name=default HTTP/1.1" status: 200 len: 3124 time: 0.1908453
2026-07-02 11:22:01.099 9 WARNING neutron.scheduler.dhcp_agent_scheduler [None req-1c71814c-d61c-4b7d-966a-2d210b3d78db d804ea9cbba34eccba4e59b7ceec8ec0 d113f35bdc3b4833859e9e7f314a6967 - - default default] No more DHCP agents
2026-07-02 11:22:01.101 9 WARNING neutron.api.rpc.agentnotifiers.dhcp_rpc_agent_api [None req-1c71814c-d61c-4b7d-966a-2d210b3d78db d804ea9cbba34eccba4e59b7ceec8ec0 d113f35bdc3b4833859e9e7f314a6967 - - default default] Unable to schedule network a65237ba-c5a5-4e99-afa1-e44642e60bb9: no agents available; will retry on subsequent port and subnet creation events.
2026-07-02 11:22:01.476 10 INFO neutron.wsgi [None req-8b95afb6-9c0e-43c9-9a20-18c79605b95f f63d376226924d07afc233b4405cc6eb b4b9170b6db24199867095bad6c1b95f - - default default] 10.0.0.104 "DELETE /v2.0/security-groups/d633e313-7786-4a20-a63e-b12e7c24071f HTTP/1.1" status: 204 len: 168 time: 0.5768001
2026-07-02 11:22:01.622 10 INFO neutron.db.ovn_revision_numbers_db [None req-d29b10a6-2eee-414c-9d3b-db23914ab104 - - - - - -] Successfully bumped revision number for resource 09ac2d02-1083-451e-8c6c-a8076277d81e (type: ports) to 2
2026-07-02 11:22:01.629 9 INFO neutron.db.ovn_revision_numbers_db [None req-1c71814c-d61c-4b7d-966a-2d210b3d78db d804ea9cbba34eccba4e59b7ceec8ec0 d113f35bdc3b4833859e9e7f314a6967 - - default default] Successfully bumped revision number for resource 5f30a9e3-d403-441b-9371-e773bea16bc0 (type: ports) to 2
2026-07-02 11:22:01.679 9 INFO neutron.db.ovn_revision_numbers_db [None req-1c71814c-d61c-4b7d-966a-2d210b3d78db d804ea9cbba34eccba4e59b7ceec8ec0 d113f35bdc3b4833859e9e7f314a6967 - - default default] Successfully bumped revision number for resource 106d0c9d-0365-42b7-a3db-d1cc7ebc06b8 (type: subnets) to 0
2026-07-02 11:22:01.694 9 INFO neutron.wsgi [None req-1c71814c-d61c-4b7d-966a-2d210b3d78db d804ea9cbba34eccba4e59b7ceec8ec0 d113f35bdc3b4833859e9e7f314a6967 - - default default] 10.0.0.104 "POST /v2.0/subnets HTTP/1.1" status: 201 len: 804 time: 0.8605382
2026-07-02 11:22:01.705 9 WARNING neutron_lib.context [None req-9bc35265-1c76-4d8f-b133-b3b944913d44 d804ea9cbba34eccba4e59b7ceec8ec0 d113f35bdc3b4833859e9e7f314a6967 - - default default] Method 'is_advsvc' is deprecated since 2023.2 release (neutron-lib 3.8.0) and will be removed once support for the old RBAC API policies will be removed from Neutron. Please use method 'is_service_role' instead.
2026-07-02 11:22:01.804 10 INFO neutron.db.ovn_revision_numbers_db [None req-9e326fba-2c67-4ff9-a98a-a5c137c01d88 f63d376226924d07afc233b4405cc6eb b4b9170b6db24199867095bad6c1b95f - - default default] Successfully bumped revision number for resource ef191f5c-6e71-4ca2-8832-fd60bc61aadc (type: security_groups) to 1
2026-07-02 11:22:01.838 10 INFO neutron.db.ovn_revision_numbers_db [None req-9e326fba-2c67-4ff9-a98a-a5c137c01d88 f63d376226924d07afc233b4405cc6eb b4b9170b6db24199867095bad6c1b95f - - default default] Successfully bumped revision number for resource 4909b198-d36e-4092-a6dc-078be41c1aab (type: security_group_rules) to 0
2026-07-02 11:22:01.849 10 INFO neutron.db.ovn_revision_numbers_db [None req-d29b10a6-2eee-414c-9d3b-db23914ab104 - - - - - -] Successfully bumped revision number for resource 09ac2d02-1083-451e-8c6c-a8076277d81e (type: router_ports) to 2
2026-07-02 11:22:01.851 10 INFO neutron.db.ovn_revision_numbers_db [None req-9e326fba-2c67-4ff9-a98a-a5c137c01d88 f63d376226924d07afc233b4405cc6eb b4b9170b6db24199867095bad6c1b95f - - default default] Successfully bumped revision number for resource 4a89a3da-377a-493c-89ec-242e4310c2eb (type: security_group_rules) to 0
2026-07-02 11:22:01.870 10 INFO neutron.db.ovn_revision_numbers_db [None req-9e326fba-2c67-4ff9-a98a-a5c137c01d88 f63d376226924d07afc233b4405cc6eb b4b9170b6db24199867095bad6c1b95f - - default default] Successfully bumped revision number for resource b4f39b17-6e5e-4461-9788-fb0072e1bf74 (type: security_group_rules) to 0
2026-07-02 11:22:01.908 10 INFO neutron.db.ovn_revision_numbers_db [None req-9e326fba-2c67-4ff9-a98a-a5c137c01d88 f63d376226924d07afc233b4405cc6eb b4b9170b6db24199867095bad6c1b95f - - default default] Successfully bumped revision number for resource ede3657b-1938-4483-be60-62599c3e7663 (type: security_group_rules) to 0
