2026-07-02 11:21:23.058 9 INFO neutron.notifiers.nova [-] Nova event matching ['req-67af2b4e-909a-480b-8f88-7132830bbace'] response: {'server_uuid': '987beea4-682f-4bb7-b7e1-34bef564fdf6', 'name': 'network-vif-unplugged', 'status': 'completed', 'tag': '6a50aadc-0f76-400d-a034-d8977ac660f5', 'code': 200}
2026-07-02 11:21:23.058 9 INFO neutron.notifiers.nova [-] Nova event matching ['req-67af2b4e-909a-480b-8f88-7132830bbace'] response: {'server_uuid': '987beea4-682f-4bb7-b7e1-34bef564fdf6', 'name': 'network-vif-deleted', 'tag': '6a50aadc-0f76-400d-a034-d8977ac660f5', 'status': 'completed', 'code': 200}
2026-07-02 11:21:23.228 9 INFO neutron.wsgi [None req-b77d0171-5665-479c-8053-35a51104bbd1 fa82be6e6bd7498781479986be30cea8 2010d32d02714641a75bfe9b477c8343 - - default default] 10.0.0.104 "DELETE /v2.0/security-groups/f48ed968-343e-4297-8b4c-4cdb9e1341fb HTTP/1.1" status: 204 len: 168 time: 0.1694767
2026-07-02 11:21:23.232 9 INFO neutron.wsgi [None req-7048d714-4ee4-4593-b01f-e580a51de002 d1886c02fea449fab3dcfaf7e835f1bf cb2ed86d15b04260b5bbab69439153e1 - - default default] 10.0.0.104 "POST /v2.0/floatingips HTTP/1.1" status: 201 len: 751 time: 1.0509892
2026-07-02 11:21:23.240 9 INFO neutron.api.v2.resource [None req-cc6f5e0f-d9f8-45b0-ace6-512f571697f1 fa82be6e6bd7498781479986be30cea8 2010d32d02714641a75bfe9b477c8343 - - default default] show failed (client error): The resource could not be found.
2026-07-02 11:21:23.241 9 INFO neutron.wsgi [None req-cc6f5e0f-d9f8-45b0-ace6-512f571697f1 fa82be6e6bd7498781479986be30cea8 2010d32d02714641a75bfe9b477c8343 - - default default] 10.0.0.104 "GET /v2.0/security-groups/f48ed968-343e-4297-8b4c-4cdb9e1341fb HTTP/1.1" status: 404 len: 347 time: 0.0078225
2026-07-02 11:21:23.252 10 WARNING neutron_lib.context [None req-22c28fa9-c71e-4274-8286-0ba83563299a d1886c02fea449fab3dcfaf7e835f1bf cb2ed86d15b04260b5bbab69439153e1 - - default default] Method 'is_advsvc' is deprecated since 2023.2 release (neutron-lib 3.8.0) and will be removed once support for the old RBAC API policies will be removed from Neutron. Please use method 'is_service_role' instead.
2026-07-02 11:21:23.607 9 INFO neutron.wsgi [None req-2e27f63a-6560-4556-905e-2ebaf6c3d13b fa82be6e6bd7498781479986be30cea8 2010d32d02714641a75bfe9b477c8343 - - default default] 10.0.0.104 "DELETE /v2.0/floatingips/8ad34076-37e3-49ac-828d-9ee5d59297f5 HTTP/1.1" status: 204 len: 168 time: 0.3630888
2026-07-02 11:21:23.684 10 INFO neutron.db.ovn_revision_numbers_db [None req-dba800dd-0266-4baf-af6a-1abb57a7c9e6 c31dd493864b4dd7a1d1bb102d63da93 4083d4c4beaa40a0a6560d9db14b0f93 - - default default] Successfully bumped revision number for resource 1924ad97-94bf-4959-a0e0-f00115009a28 (type: routers) to 2
2026-07-02 11:21:23.689 10 INFO neutron.wsgi [None req-dba800dd-0266-4baf-af6a-1abb57a7c9e6 c31dd493864b4dd7a1d1bb102d63da93 4083d4c4beaa40a0a6560d9db14b0f93 - - default default] 10.0.0.104 "PUT /v2.0/routers/1924ad97-94bf-4959-a0e0-f00115009a28 HTTP/1.1" status: 200 len: 775 time: 0.6674707
2026-07-02 11:21:23.711 10 INFO neutron.wsgi [None req-02cc035c-46d6-4160-a148-faea30fb28b1 c31dd493864b4dd7a1d1bb102d63da93 4083d4c4beaa40a0a6560d9db14b0f93 - - default default] 10.0.0.104 "GET /v2.0/ports?device_id=1924ad97-94bf-4959-a0e0-f00115009a28 HTTP/1.1" status: 200 len: 205 time: 0.0175576
2026-07-02 11:21:23.778 9 INFO neutron.wsgi [None req-0a74f353-a7a2-4398-a691-8f27e22e89ce fa82be6e6bd7498781479986be30cea8 2010d32d02714641a75bfe9b477c8343 - - default default] 10.0.0.104 "DELETE /v2.0/security-groups/6088ebc2-68f6-4d8f-91c7-2271c1ea1f5e HTTP/1.1" status: 204 len: 168 time: 0.1665092
2026-07-02 11:21:24.019 10 WARNING neutron.scheduler.dhcp_agent_scheduler [None req-22c28fa9-c71e-4274-8286-0ba83563299a d1886c02fea449fab3dcfaf7e835f1bf cb2ed86d15b04260b5bbab69439153e1 - - default default] No more DHCP agents
2026-07-02 11:21:24.027 10 WARNING neutron.api.rpc.agentnotifiers.dhcp_rpc_agent_api [None req-22c28fa9-c71e-4274-8286-0ba83563299a d1886c02fea449fab3dcfaf7e835f1bf cb2ed86d15b04260b5bbab69439153e1 - - default default] Unable to schedule network 7dba4a88-12fc-43ab-8cec-fbe77622f4f5: no agents available; will retry on subsequent port and subnet creation events.
2026-07-02 11:21:24.075 10 INFO neutron.wsgi [None req-4a78996a-de19-4676-9794-80d8c53ff72f c31dd493864b4dd7a1d1bb102d63da93 4083d4c4beaa40a0a6560d9db14b0f93 - - default default] 10.0.0.104 "DELETE /v2.0/routers/1924ad97-94bf-4959-a0e0-f00115009a28 HTTP/1.1" status: 204 len: 168 time: 0.3558695
2026-07-02 11:21:24.144 9 INFO neutron.wsgi [None req-d46e0170-d92c-425e-be24-4040a4d9c48f c31dd493864b4dd7a1d1bb102d63da93 4083d4c4beaa40a0a6560d9db14b0f93 - - default default] 10.0.0.104 "GET /v2.0/routers/25e337ee-20e3-42ea-b448-ebf57ee5aade HTTP/1.1" status: 200 len: 783 time: 0.0633209
2026-07-02 11:21:24.438 10 INFO neutron.wsgi [None req-22c28fa9-c71e-4274-8286-0ba83563299a d1886c02fea449fab3dcfaf7e835f1bf cb2ed86d15b04260b5bbab69439153e1 - - default default] 10.0.0.104 "POST /v2.0/floatingips HTTP/1.1" status: 201 len: 751 time: 1.2018309
2026-07-02 11:21:24.451 10 WARNING neutron_lib.context [None req-77f089dd-75a8-4877-932f-bc6f63f07c4a d1886c02fea449fab3dcfaf7e835f1bf cb2ed86d15b04260b5bbab69439153e1 - - default default] Method 'is_advsvc' is deprecated since 2023.2 release (neutron-lib 3.8.0) and will be removed once support for the old RBAC API policies will be removed from Neutron. Please use method 'is_service_role' instead.
2026-07-02 11:21:24.551 9 INFO neutron.db.ovn_revision_numbers_db [None req-2716f1c5-afa6-4900-8694-aea392be7abc c31dd493864b4dd7a1d1bb102d63da93 4083d4c4beaa40a0a6560d9db14b0f93 - - default default] Successfully bumped revision number for resource 25e337ee-20e3-42ea-b448-ebf57ee5aade (type: routers) to 2
2026-07-02 11:21:24.558 9 INFO neutron.wsgi [None req-2716f1c5-afa6-4900-8694-aea392be7abc c31dd493864b4dd7a1d1bb102d63da93 4083d4c4beaa40a0a6560d9db14b0f93 - - default default] 10.0.0.104 "PUT /v2.0/routers/25e337ee-20e3-42ea-b448-ebf57ee5aade HTTP/1.1" status: 200 len: 783 time: 0.4068279
2026-07-02 11:21:24.582 9 INFO neutron.wsgi [None req-9418f95d-5679-4d6f-9915-0bdd2ea86e23 c31dd493864b4dd7a1d1bb102d63da93 4083d4c4beaa40a0a6560d9db14b0f93 - - default default] 10.0.0.104 "GET /v2.0/ports?device_id=25e337ee-20e3-42ea-b448-ebf57ee5aade HTTP/1.1" status: 200 len: 205 time: 0.0197685
2026-07-02 11:21:24.785 10 WARNING neutron.scheduler.dhcp_agent_scheduler [None req-77f089dd-75a8-4877-932f-bc6f63f07c4a d1886c02fea449fab3dcfaf7e835f1bf cb2ed86d15b04260b5bbab69439153e1 - - default default] No more DHCP agents
2026-07-02 11:21:24.789 10 WARNING neutron.api.rpc.agentnotifiers.dhcp_rpc_agent_api [None req-77f089dd-75a8-4877-932f-bc6f63f07c4a d1886c02fea449fab3dcfaf7e835f1bf cb2ed86d15b04260b5bbab69439153e1 - - default default] Unable to schedule network 7dba4a88-12fc-43ab-8cec-fbe77622f4f5: no agents available; will retry on subsequent port and subnet creation events.
2026-07-02 11:21:24.841 9 INFO neutron.wsgi [None req-b8b17b1b-cab4-4d96-a4d0-af641ccd0b59 c31dd493864b4dd7a1d1bb102d63da93 4083d4c4beaa40a0a6560d9db14b0f93 - - default default] 10.0.0.104 "DELETE /v2.0/routers/25e337ee-20e3-42ea-b448-ebf57ee5aade HTTP/1.1" status: 204 len: 168 time: 0.2526433
2026-07-02 11:21:24.894 9 INFO neutron.wsgi [None req-96a33ff6-a7f5-4c10-baa5-749267637652 c31dd493864b4dd7a1d1bb102d63da93 4083d4c4beaa40a0a6560d9db14b0f93 - - default default] 10.0.0.104 "GET /v2.0/routers/2f6eb4c3-757c-4006-9a73-962f78ccdb1e HTTP/1.1" status: 200 len: 792 time: 0.0490766
2026-07-02 11:21:25.585 10 WARNING neutron_lib.context [None req-3c6e136f-197c-4347-bb42-0fde7fbedbce f505bb1763c445979243f4ecf623667c 6b0767defd6743eebb67b457502dc9ff - - default default] Method 'is_advsvc' is deprecated since 2023.2 release (neutron-lib 3.8.0) and will be removed once support for the old RBAC API policies will be removed from Neutron. Please use method 'is_service_role' instead.
2026-07-02 11:21:25.587 9 INFO neutron.db.ovn_revision_numbers_db [None req-9982fc89-4db2-4b7d-8012-2dfd63ccb63b c31dd493864b4dd7a1d1bb102d63da93 4083d4c4beaa40a0a6560d9db14b0f93 - - default default] Successfully bumped revision number for resource 2f6eb4c3-757c-4006-9a73-962f78ccdb1e (type: routers) to 2
2026-07-02 11:21:25.594 9 INFO neutron.wsgi [None req-9982fc89-4db2-4b7d-8012-2dfd63ccb63b c31dd493864b4dd7a1d1bb102d63da93 4083d4c4beaa40a0a6560d9db14b0f93 - - default default] 10.0.0.104 "PUT /v2.0/routers/2f6eb4c3-757c-4006-9a73-962f78ccdb1e HTTP/1.1" status: 200 len: 792 time: 0.6950912
2026-07-02 11:21:25.624 9 INFO neutron.wsgi [None req-19c0c845-3e5d-412e-b3bd-64d1192851e0 c31dd493864b4dd7a1d1bb102d63da93 4083d4c4beaa40a0a6560d9db14b0f93 - - default default] 10.0.0.104 "GET /v2.0/ports?device_id=2f6eb4c3-757c-4006-9a73-962f78ccdb1e HTTP/1.1" status: 200 len: 205 time: 0.0231855
2026-07-02 11:21:25.709 10 INFO neutron.wsgi [None req-77f089dd-75a8-4877-932f-bc6f63f07c4a d1886c02fea449fab3dcfaf7e835f1bf cb2ed86d15b04260b5bbab69439153e1 - - default default] 10.0.0.104 "POST /v2.0/floatingips HTTP/1.1" status: 201 len: 751 time: 1.2617037
2026-07-02 11:21:25.721 10 WARNING neutron_lib.context [None req-dd42bca9-af84-44e0-a206-b34dc0fc9df9 d1886c02fea449fab3dcfaf7e835f1bf cb2ed86d15b04260b5bbab69439153e1 - - default default] Method 'is_advsvc' is deprecated since 2023.2 release (neutron-lib 3.8.0) and will be removed once support for the old RBAC API policies will be removed from Neutron. Please use method 'is_service_role' instead.
2026-07-02 11:21:25.844 10 INFO neutron.wsgi [None req-97b905c4-fc72-43c1-a233-8e3aee653ff3 f63d376226924d07afc233b4405cc6eb b4b9170b6db24199867095bad6c1b95f - - default default] 10.0.0.104 "PUT /v2.0/routers/7c6c7523-c24a-4c45-be31-e18cdd35e841/remove_router_interface HTTP/1.1" status: 200 len: 503 time: 2.0305479
2026-07-02 11:21:25.907 10 INFO neutron.db.ovn_revision_numbers_db [None req-3c6e136f-197c-4347-bb42-0fde7fbedbce f505bb1763c445979243f4ecf623667c 6b0767defd6743eebb67b457502dc9ff - - default default] Successfully bumped revision number for resource 0984cd51-ca3f-455c-bc3a-6360134a5ee3 (type: security_groups) to 1
2026-07-02 11:21:25.929 10 INFO neutron.db.ovn_revision_numbers_db [None req-3c6e136f-197c-4347-bb42-0fde7fbedbce f505bb1763c445979243f4ecf623667c 6b0767defd6743eebb67b457502dc9ff - - default default] Successfully bumped revision number for resource 234a903d-12bc-4666-9fb2-531bb9d29046 (type: security_group_rules) to 0
2026-07-02 11:21:25.944 9 INFO neutron.wsgi [None req-b186b103-811b-4f84-b00a-cd88b55c957d c31dd493864b4dd7a1d1bb102d63da93 4083d4c4beaa40a0a6560d9db14b0f93 - - default default] 10.0.0.104 "DELETE /v2.0/routers/2f6eb4c3-757c-4006-9a73-962f78ccdb1e HTTP/1.1" status: 204 len: 168 time: 0.3125873
2026-07-02 11:21:25.948 10 INFO neutron.db.ovn_revision_numbers_db [None req-3c6e136f-197c-4347-bb42-0fde7fbedbce f505bb1763c445979243f4ecf623667c 6b0767defd6743eebb67b457502dc9ff - - default default] Successfully bumped revision number for resource 8241e810-0cb3-489e-906b-49c669a9dd9b (type: security_group_rules) to 0
2026-07-02 11:21:25.976 10 INFO neutron.db.ovn_revision_numbers_db [None req-3c6e136f-197c-4347-bb42-0fde7fbedbce f505bb1763c445979243f4ecf623667c 6b0767defd6743eebb67b457502dc9ff - - default default] Successfully bumped revision number for resource a61255c0-4685-41de-84e8-0e52b5e0bda4 (type: security_group_rules) to 0
2026-07-02 11:21:26.001 10 INFO neutron.db.ovn_revision_numbers_db [None req-3c6e136f-197c-4347-bb42-0fde7fbedbce f505bb1763c445979243f4ecf623667c 6b0767defd6743eebb67b457502dc9ff - - default default] Successfully bumped revision number for resource f341e488-5c61-43e0-a838-5e32193e79ef (type: security_group_rules) to 0
2026-07-02 11:21:26.013 9 INFO neutron.wsgi [None req-f51f7f90-39ff-4739-b7ed-56b48a526562 c31dd493864b4dd7a1d1bb102d63da93 4083d4c4beaa40a0a6560d9db14b0f93 - - default default] 10.0.0.104 "GET /v2.0/routers/6c6252d6-3db0-4a0e-a60d-ff4433141b3d HTTP/1.1" status: 200 len: 777 time: 0.0612516
2026-07-02 11:21:26.121 10 WARNING neutron.scheduler.dhcp_agent_scheduler [None req-dd42bca9-af84-44e0-a206-b34dc0fc9df9 d1886c02fea449fab3dcfaf7e835f1bf cb2ed86d15b04260b5bbab69439153e1 - - default default] No more DHCP agents
2026-07-02 11:21:26.124 10 WARNING neutron.api.rpc.agentnotifiers.dhcp_rpc_agent_api [None req-dd42bca9-af84-44e0-a206-b34dc0fc9df9 d1886c02fea449fab3dcfaf7e835f1bf cb2ed86d15b04260b5bbab69439153e1 - - default default] Unable to schedule network 7dba4a88-12fc-43ab-8cec-fbe77622f4f5: no agents available; will retry on subsequent port and subnet creation events.
2026-07-02 11:21:26.178 10 INFO neutron.db.ovn_revision_numbers_db [None req-3c6e136f-197c-4347-bb42-0fde7fbedbce f505bb1763c445979243f4ecf623667c 6b0767defd6743eebb67b457502dc9ff - - default default] Successfully bumped revision number for resource deb01a97-5466-45ca-be80-92bc65649b4c (type: security_groups) to 1
2026-07-02 11:21:26.204 10 INFO neutron.db.ovn_revision_numbers_db [None req-3c6e136f-197c-4347-bb42-0fde7fbedbce f505bb1763c445979243f4ecf623667c 6b0767defd6743eebb67b457502dc9ff - - default default] Successfully bumped revision number for resource 6a3b83f5-10fc-4cb4-8da7-59f3bdc09eb2 (type: security_group_rules) to 0
2026-07-02 11:21:26.221 10 INFO neutron.db.ovn_revision_numbers_db [None req-3c6e136f-197c-4347-bb42-0fde7fbedbce f505bb1763c445979243f4ecf623667c 6b0767defd6743eebb67b457502dc9ff - - default default] Successfully bumped revision number for resource 92ecb42f-21be-4ecd-b618-13712b5faf09 (type: security_group_rules) to 0
2026-07-02 11:21:26.241 10 INFO neutron.wsgi [None req-3c6e136f-197c-4347-bb42-0fde7fbedbce f505bb1763c445979243f4ecf623667c 6b0767defd6743eebb67b457502dc9ff - - default default] 10.0.0.104 "POST /v2.0/security-groups HTTP/1.1" status: 201 len: 1801 time: 1.0930979 /var/lib/openstack/lib/python3.10/site-packages/pycadf/identifier.py:71: UserWarning: Invalid uuid: neutron. To ensure interoperability, identifiers should be a valid uuid. warnings.warn(('Invalid uuid: %s. To ensure interoperability, '
2026-07-02 11:21:26.295 10 INFO neutron.wsgi [None req-19ed256b-c3ad-48d0-acfb-43996893adf4 f505bb1763c445979243f4ecf623667c 6b0767defd6743eebb67b457502dc9ff - - default default] 10.0.0.104 "PUT /v2.0/security-groups/deb01a97-5466-45ca-be80-92bc65649b4c/tags HTTP/1.1" status: 200 len: 218 time: 0.0478740
2026-07-02 11:21:26.343 10 INFO neutron.wsgi [None req-8d22ce61-80a2-4489-80b5-2040b07094e1 f505bb1763c445979243f4ecf623667c 6b0767defd6743eebb67b457502dc9ff - - default default] 10.0.0.104 "GET /v2.0/security-groups/deb01a97-5466-45ca-be80-92bc65649b4c/tags HTTP/1.1" status: 200 len: 218 time: 0.0331950
2026-07-02 11:21:26.388 10 INFO neutron.wsgi [None req-f4bd71d5-c2f2-404e-91ac-8988841dba8e f505bb1763c445979243f4ecf623667c 6b0767defd6743eebb67b457502dc9ff - - default default] 10.0.0.104 "PUT /v2.0/security-groups/deb01a97-5466-45ca-be80-92bc65649b4c/tags/green HTTP/1.1" status: 201 len: 201 time: 0.0409944
2026-07-02 11:21:26.440 10 INFO neutron.wsgi [None req-695c4c1f-da8d-459c-af24-2a481a275b11 f505bb1763c445979243f4ecf623667c 6b0767defd6743eebb67b457502dc9ff - - default default] 10.0.0.104 "GET /v2.0/security-groups/deb01a97-5466-45ca-be80-92bc65649b4c/tags HTTP/1.1" status: 200 len: 227 time: 0.0426214
2026-07-02 11:21:26.477 10 INFO neutron.wsgi [None req-d65c313c-30d0-4c49-89f6-6d6bea6badcf f505bb1763c445979243f4ecf623667c 6b0767defd6743eebb67b457502dc9ff - - default default] 10.0.0.104 "PUT /v2.0/security-groups/deb01a97-5466-45ca-be80-92bc65649b4c/tags/red HTTP/1.1" status: 201 len: 201 time: 0.0294113
2026-07-02 11:21:26.515 10 INFO neutron.wsgi [None req-102d2291-7507-4800-aaeb-bded22cf08ef f505bb1763c445979243f4ecf623667c 6b0767defd6743eebb67b457502dc9ff - - default default] 10.0.0.104 "GET /v2.0/security-groups/deb01a97-5466-45ca-be80-92bc65649b4c/tags HTTP/1.1" status: 200 len: 227 time: 0.0251219
2026-07-02 11:21:26.520 10 INFO neutron.wsgi [None req-dd42bca9-af84-44e0-a206-b34dc0fc9df9 d1886c02fea449fab3dcfaf7e835f1bf cb2ed86d15b04260b5bbab69439153e1 - - default default] 10.0.0.104 "POST /v2.0/floatingips HTTP/1.1" status: 201 len: 751 time: 0.8044791
2026-07-02 11:21:26.573 10 INFO neutron.wsgi [None req-553a616b-46f5-4858-b15c-924667715889 f505bb1763c445979243f4ecf623667c 6b0767defd6743eebb67b457502dc9ff - - default default] 10.0.0.104 "PUT /v2.0/security-groups/deb01a97-5466-45ca-be80-92bc65649b4c/tags/black.or.white HTTP/1.1" status: 201 len: 201 time: 0.0518255
2026-07-02 11:21:26.584 10 INFO neutron.wsgi [None req-61f2bee3-11c1-4d62-aef5-9f2bd280609a d1886c02fea449fab3dcfaf7e835f1bf cb2ed86d15b04260b5bbab69439153e1 - - default default] 10.0.0.104 "PUT /v2.0/floatingips/7b308054-9462-4389-9920-0b50036474c2/tags HTTP/1.1" status: 200 len: 210 time: 0.0564547
2026-07-02 11:21:26.605 10 INFO neutron.wsgi [None req-83aa508d-3ab6-48ba-a29c-0c9a17482c7d f505bb1763c445979243f4ecf623667c 6b0767defd6743eebb67b457502dc9ff - - default default] 10.0.0.104 "GET /v2.0/security-groups/deb01a97-5466-45ca-be80-92bc65649b4c/tags HTTP/1.1" status: 200 len: 245 time: 0.0272193
2026-07-02 11:21:26.633 10 INFO neutron.wsgi [None req-9923d1ac-7be3-4cd5-8be0-0ba240520bce d1886c02fea449fab3dcfaf7e835f1bf cb2ed86d15b04260b5bbab69439153e1 - - default default] 10.0.0.104 "PUT /v2.0/floatingips/d42e5153-c493-4528-a19b-a4bbabd46488/tags HTTP/1.1" status: 200 len: 218 time: 0.0437827
2026-07-02 11:21:26.674 10 INFO neutron.wsgi [None req-a44dccac-8bbc-4a8b-8c1d-47a9bbb7c162 d1886c02fea449fab3dcfaf7e835f1bf cb2ed86d15b04260b5bbab69439153e1 - - default default] 10.0.0.104 "PUT /v2.0/floatingips/075928b5-7180-44e6-91f8-5e0dd7307f64/tags HTTP/1.1" status: 200 len: 227 time: 0.0365889
2026-07-02 11:21:26.706 9 INFO neutron.wsgi [None req-80cd3096-1fc7-4657-be26-c33fd9a9662f f505bb1763c445979243f4ecf623667c 6b0767defd6743eebb67b457502dc9ff - - default default] 10.0.0.104 "PUT /v2.0/security-groups/deb01a97-5466-45ca-be80-92bc65649b4c/tags HTTP/1.1" status: 200 len: 230 time: 0.0937991
2026-07-02 11:21:26.725 10 INFO neutron.wsgi [None req-9a583110-6a23-4645-be94-23ba27a71349 d1886c02fea449fab3dcfaf7e835f1bf cb2ed86d15b04260b5bbab69439153e1 - - default default] 10.0.0.104 "PUT /v2.0/floatingips/c0f46e71-7ee6-459c-9cad-95510803a251/tags HTTP/1.1" status: 200 len: 212 time: 0.0457799
2026-07-02 11:21:26.744 10 INFO neutron.wsgi [None req-d86a50a8-0d5a-49a1-a798-1383529b9ff9 f505bb1763c445979243f4ecf623667c 6b0767defd6743eebb67b457502dc9ff - - default default] 10.0.0.104 "GET /v2.0/security-groups/deb01a97-5466-45ca-be80-92bc65649b4c/tags HTTP/1.1" status: 200 len: 230 time: 0.0302000
2026-07-02 11:21:26.772 10 INFO neutron.wsgi [None req-6b0216c8-ef2a-434e-bd55-3f3e09439a9a f505bb1763c445979243f4ecf623667c 6b0767defd6743eebb67b457502dc9ff - - default default] 10.0.0.104 "GET /v2.0/security-groups/deb01a97-5466-45ca-be80-92bc65649b4c/tags/red HTTP/1.1" status: 204 len: 168 time: 0.0226157
2026-07-02 11:21:26.790 9 INFO neutron.wsgi [None req-398f9c77-d8db-461e-802f-a598c1f68719 d1886c02fea449fab3dcfaf7e835f1bf cb2ed86d15b04260b5bbab69439153e1 - - default default] 10.0.0.104 "GET /v2.0/floatingips?tags=red HTTP/1.1" status: 200 len: 1866 time: 0.0599313
2026-07-02 11:21:26.793 9 INFO neutron.db.ovn_revision_numbers_db [None req-738cef8f-92b5-4e58-ba6c-72e7f803df57 c31dd493864b4dd7a1d1bb102d63da93 4083d4c4beaa40a0a6560d9db14b0f93 - - default default] Successfully bumped revision number for resource 6c6252d6-3db0-4a0e-a60d-ff4433141b3d (type: routers) to 2
2026-07-02 11:21:26.798 9 INFO neutron.wsgi [None req-738cef8f-92b5-4e58-ba6c-72e7f803df57 c31dd493864b4dd7a1d1bb102d63da93 4083d4c4beaa40a0a6560d9db14b0f93 - - default default] 10.0.0.104 "PUT /v2.0/routers/6c6252d6-3db0-4a0e-a60d-ff4433141b3d HTTP/1.1" status: 200 len: 777 time: 0.7795026
2026-07-02 11:21:26.816 10 INFO neutron.api.v2.resource [None req-42526fc0-4a0f-4d73-9a28-f086acf6b8fc f505bb1763c445979243f4ecf623667c 6b0767defd6743eebb67b457502dc9ff - - default default] show failed (client error): The resource could not be found.
2026-07-02 11:21:26.817 10 INFO neutron.wsgi [None req-42526fc0-4a0f-4d73-9a28-f086acf6b8fc f505bb1763c445979243f4ecf623667c 6b0767defd6743eebb67b457502dc9ff - - default default] 10.0.0.104 "GET /v2.0/security-groups/deb01a97-5466-45ca-be80-92bc65649b4c/tags/green HTTP/1.1" status: 404 len: 299 time: 0.0401831
2026-07-02 11:21:26.831 9 INFO neutron.wsgi [None req-161751c7-0309-4af9-b16f-9a13ad5b4664 c31dd493864b4dd7a1d1bb102d63da93 4083d4c4beaa40a0a6560d9db14b0f93 - - default default] 10.0.0.104 "GET /v2.0/ports?device_id=6c6252d6-3db0-4a0e-a60d-ff4433141b3d HTTP/1.1" status: 200 len: 205 time: 0.0292673
2026-07-02 11:21:26.842 10 INFO neutron.wsgi [None req-4c8763e0-587a-48a8-ad5d-21b143c30a36 d1886c02fea449fab3dcfaf7e835f1bf cb2ed86d15b04260b5bbab69439153e1 - - default default] 10.0.0.104 "GET /v2.0/floatingips?tags=red%2Cblue HTTP/1.1" status: 200 len: 1323 time: 0.0437424
2026-07-02 11:21:26.885 10 INFO neutron.wsgi [None req-366a1d4a-4881-4c8c-ae27-129ec555141a d1886c02fea449fab3dcfaf7e835f1bf cb2ed86d15b04260b5bbab69439153e1 - - default default] 10.0.0.104 "GET /v2.0/floatingips?tags-any=blue HTTP/1.1" status: 200 len: 1323 time: 0.0376589
2026-07-02 11:21:26.914 9 INFO neutron.wsgi [None req-c49bf4bf-0de2-47c7-a410-dd66d7a552ff f505bb1763c445979243f4ecf623667c 6b0767defd6743eebb67b457502dc9ff - - default default] 10.0.0.104 "DELETE /v2.0/security-groups/deb01a97-5466-45ca-be80-92bc65649b4c/tags/red HTTP/1.1" status: 204 len: 168 time: 0.0889912
2026-07-02 11:21:26.934 10 INFO neutron.wsgi [None req-6b41ae89-934b-4046-a80e-c41a96e5859d d1886c02fea449fab3dcfaf7e835f1bf cb2ed86d15b04260b5bbab69439153e1 - - default default] 10.0.0.104 "GET /v2.0/floatingips?tags-any=red%2Cblue HTTP/1.1" status: 200 len: 1866 time: 0.0445664
2026-07-02 11:21:26.970 10 INFO neutron.wsgi [None req-cfba3693-9ad7-4d27-a8c3-932ff64cc8d6 f505bb1763c445979243f4ecf623667c 6b0767defd6743eebb67b457502dc9ff - - default default] 10.0.0.104 "GET /v2.0/security-groups/deb01a97-5466-45ca-be80-92bc65649b4c/tags HTTP/1.1" status: 200 len: 223 time: 0.0477762
2026-07-02 11:21:26.975 10 INFO neutron.wsgi [None req-9ee2dbc8-6d28-4c04-9ab5-93ae7e93ac21 d1886c02fea449fab3dcfaf7e835f1bf cb2ed86d15b04260b5bbab69439153e1 - - default default] 10.0.0.104 "GET /v2.0/floatingips?not-tags=red HTTP/1.1" status: 200 len: 1295 time: 0.0365026
2026-07-02 11:21:27.058 10 INFO neutron.wsgi [None req-cb82d817-8ffe-4416-9466-871ed9a6ff6d d1886c02fea449fab3dcfaf7e835f1bf cb2ed86d15b04260b5bbab69439153e1 - - default default] 10.0.0.104 "GET /v2.0/floatingips?not-tags=red%2Cblue HTTP/1.1" status: 200 len: 1838 time: 0.0737760
2026-07-02 11:21:27.067 10 INFO neutron.api.v2.resource [None req-32c67ff7-4f79-40a4-8654-19cb433af894 f505bb1763c445979243f4ecf623667c 6b0767defd6743eebb67b457502dc9ff - - default default] delete failed (client error): The resource could not be found.
2026-07-02 11:21:27.068 10 INFO neutron.wsgi [None req-32c67ff7-4f79-40a4-8654-19cb433af894 f505bb1763c445979243f4ecf623667c 6b0767defd6743eebb67b457502dc9ff - - default default] 10.0.0.104 "DELETE /v2.0/security-groups/deb01a97-5466-45ca-be80-92bc65649b4c/tags/green HTTP/1.1" status: 404 len: 299 time: 0.0898840
2026-07-02 11:21:27.123 10 INFO neutron.wsgi [None req-ebbbc3d6-2ca8-4c69-9811-d5b8f73009dd d1886c02fea449fab3dcfaf7e835f1bf cb2ed86d15b04260b5bbab69439153e1 - - default default] 10.0.0.104 "GET /v2.0/floatingips?not-tags-any=blue HTTP/1.1" status: 200 len: 1838 time: 0.0605164
2026-07-02 11:21:27.140 9 INFO neutron.wsgi [None req-0c140267-ca10-428a-bdb6-2e0c021c4742 f505bb1763c445979243f4ecf623667c 6b0767defd6743eebb67b457502dc9ff - - default default] 10.0.0.104 "DELETE /v2.0/security-groups/deb01a97-5466-45ca-be80-92bc65649b4c/tags HTTP/1.1" status: 204 len: 168 time: 0.0640259
2026-07-02 11:21:27.149 9 INFO neutron.wsgi [None req-e6665c4d-fc22-4c5a-afc1-5908b2e66a68 c31dd493864b4dd7a1d1bb102d63da93 4083d4c4beaa40a0a6560d9db14b0f93 - - default default] 10.0.0.104 "DELETE /v2.0/routers/6c6252d6-3db0-4a0e-a60d-ff4433141b3d HTTP/1.1" status: 204 len: 168 time: 0.3142309
2026-07-02 11:21:27.163 10 INFO neutron.wsgi [None req-940832f4-8c7d-4ac8-830f-3a6caff06d3a d1886c02fea449fab3dcfaf7e835f1bf cb2ed86d15b04260b5bbab69439153e1 - - default default] 10.0.0.104 "GET /v2.0/floatingips?not-tags-any=red%2Cblue HTTP/1.1" status: 200 len: 1295 time: 0.0337553
2026-07-02 11:21:27.209 10 INFO neutron.wsgi [None req-0f1d043a-ad4d-4ea9-a4c1-8d4905715a97 c31dd493864b4dd7a1d1bb102d63da93 4083d4c4beaa40a0a6560d9db14b0f93 - - default default] 10.0.0.104 "GET /v2.0/routers/0a537190-2b57-4828-9852-5f0b3edb7d06 HTTP/1.1" status: 200 len: 770 time: 0.0554473
2026-07-02 11:21:27.218 9 INFO neutron.wsgi [None req-58726d9b-d756-4f0c-aaf1-2409bea1d510 f505bb1763c445979243f4ecf623667c 6b0767defd6743eebb67b457502dc9ff - - default default] 10.0.0.104 "GET /v2.0/security-groups/deb01a97-5466-45ca-be80-92bc65649b4c/tags HTTP/1.1" status: 200 len: 205 time: 0.0683272
2026-07-02 11:21:27.493 9 INFO neutron.wsgi [None req-d7debcfa-361e-4c9a-920c-4a6a1b123201 f505bb1763c445979243f4ecf623667c 6b0767defd6743eebb67b457502dc9ff - - default default] 10.0.0.104 "DELETE /v2.0/security-groups/deb01a97-5466-45ca-be80-92bc65649b4c HTTP/1.1" status: 204 len: 168 time: 0.2610724
2026-07-02 11:21:27.504 10 INFO neutron.wsgi [None req-10a2bc68-568c-4370-a0f8-54c1e555b147 c31dd493864b4dd7a1d1bb102d63da93 4083d4c4beaa40a0a6560d9db14b0f93 - - default default] 10.0.0.104 "PUT /v2.0/routers/0a537190-2b57-4828-9852-5f0b3edb7d06 HTTP/1.1" status: 200 len: 770 time: 0.2914336
2026-07-02 11:21:27.524 10 INFO neutron.wsgi [None req-e4e1e12e-0af9-4dea-bfe8-f79898faa671 c31dd493864b4dd7a1d1bb102d63da93 4083d4c4beaa40a0a6560d9db14b0f93 - - default default] 10.0.0.104 "GET /v2.0/ports?device_id=0a537190-2b57-4828-9852-5f0b3edb7d06 HTTP/1.1" status: 200 len: 205 time: 0.0166101
2026-07-02 11:21:27.563 9 INFO neutron.wsgi [None req-b811b5a9-6ddd-4420-a9e2-7416455670cb f63d376226924d07afc233b4405cc6eb b4b9170b6db24199867095bad6c1b95f - - default default] 10.0.0.104 "DELETE /v2.0/routers/7c6c7523-c24a-4c45-be31-e18cdd35e841 HTTP/1.1" status: 204 len: 168 time: 1.7125034
2026-07-02 11:21:27.816 10 INFO neutron.wsgi [None req-3d9a7e9f-59fd-4519-ab8a-721b3aa7be56 c31dd493864b4dd7a1d1bb102d63da93 4083d4c4beaa40a0a6560d9db14b0f93 - - default default] 10.0.0.104 "DELETE /v2.0/routers/0a537190-2b57-4828-9852-5f0b3edb7d06 HTTP/1.1" status: 204 len: 168 time: 0.2878208
2026-07-02 11:21:28.007 9 INFO neutron.wsgi [None req-61fcda22-052f-4d9b-9cd5-f09cf2459d22 d1886c02fea449fab3dcfaf7e835f1bf cb2ed86d15b04260b5bbab69439153e1 - - default default] 10.0.0.104 "DELETE /v2.0/floatingips/7b308054-9462-4389-9920-0b50036474c2 HTTP/1.1" status: 204 len: 168 time: 0.8348205
2026-07-02 11:21:28.102 9 INFO neutron.wsgi [None req-043cea2f-793d-4453-9904-40d47f3ab0bc f63d376226924d07afc233b4405cc6eb b4b9170b6db24199867095bad6c1b95f - - default default] 10.0.0.104 "DELETE /v2.0/subnets/0af88213-1a23-460b-8688-534383de57c2 HTTP/1.1" status: 204 len: 168 time: 0.5339630
2026-07-02 11:21:28.416 10 INFO neutron.wsgi [None req-e41260b0-bbae-4ef9-b678-0d414afdae3d d1886c02fea449fab3dcfaf7e835f1bf cb2ed86d15b04260b5bbab69439153e1 - - default default] 10.0.0.104 "DELETE /v2.0/floatingips/d42e5153-c493-4528-a19b-a4bbabd46488 HTTP/1.1" status: 204 len: 168 time: 0.3985984
2026-07-02 11:21:28.465 9 INFO neutron.services.segments.plugin [-] Segment 0dea100c-5213-4422-9564-6171a11610e3 resource provider aggregate not found
2026-07-02 11:21:28.470 9 INFO neutron.services.segments.plugin [-] Segment 0dea100c-5213-4422-9564-6171a11610e3 resource provider aggregate not found
2026-07-02 11:21:28.485 9 INFO neutron.services.segments.plugin [-] Segment 0dea100c-5213-4422-9564-6171a11610e3 resource provider not found; error: Placement Client Error (4xx): {"errors": [{"status": 404, "title": "Not Found", "detail": "The resource could not be found.\n\n No resource provider with uuid 0dea100c-5213-4422-9564-6171a11610e3 found for delete ", "request_id": "req-a9d6c787-a90d-4002-b144-2c81841428cf"}]}
2026-07-02 11:21:28.488 9 INFO neutron.services.segments.plugin [-] Segment 0dea100c-5213-4422-9564-6171a11610e3 resource provider not found; error: Placement Client Error (4xx): {"errors": [{"status": 404, "title": "Not Found", "detail": "The resource could not be found.\n\n No resource provider with uuid 0dea100c-5213-4422-9564-6171a11610e3 found for delete ", "request_id": "req-51534569-3cfd-4898-a7ab-cc2d0b95b7be"}]}
2026-07-02 11:21:28.500 9 INFO neutron.wsgi [None req-1e44553f-9d0c-41bf-8543-0655dcaff3d6 f63d376226924d07afc233b4405cc6eb b4b9170b6db24199867095bad6c1b95f - - default default] 10.0.0.104 "DELETE /v2.0/networks/1b3428b8-3118-4f98-8f97-343f09bfca76 HTTP/1.1" status: 204 len: 168 time: 0.3925843
2026-07-02 11:21:28.689 9 INFO neutron.db.ovn_revision_numbers_db [None req-ab3cc67b-4a89-440a-a8bb-45241d2aeae4 f63d376226924d07afc233b4405cc6eb b4b9170b6db24199867095bad6c1b95f - - default default] Successfully bumped revision number for resource 589b061e-26cf-41b0-a98b-bd045c3c98c0 (type: security_groups) to 1
2026-07-02 11:21:28.718 9 INFO neutron.db.ovn_revision_numbers_db [None req-ab3cc67b-4a89-440a-a8bb-45241d2aeae4 f63d376226924d07afc233b4405cc6eb b4b9170b6db24199867095bad6c1b95f - - default default] Successfully bumped revision number for resource 03d93ddf-2d3f-402f-b40a-577eab6799d7 (type: security_group_rules) to 0
2026-07-02 11:21:28.764 9 INFO neutron.db.ovn_revision_numbers_db [None req-ab3cc67b-4a89-440a-a8bb-45241d2aeae4 f63d376226924d07afc233b4405cc6eb b4b9170b6db24199867095bad6c1b95f - - default default] Successfully bumped revision number for resource 7de317d5-c1e7-46f1-860e-708e0771fd67 (type: security_group_rules) to 0
2026-07-02 11:21:28.778 10 INFO neutron.wsgi [None req-5fab941f-7bbc-4aaa-b746-0688a3bf16fb d1886c02fea449fab3dcfaf7e835f1bf cb2ed86d15b04260b5bbab69439153e1 - - default default] 10.0.0.104 "DELETE /v2.0/floatingips/075928b5-7180-44e6-91f8-5e0dd7307f64 HTTP/1.1" status: 204 len: 168 time: 0.3582153
2026-07-02 11:21:28.785 9 INFO neutron.db.ovn_revision_numbers_db [None req-ab3cc67b-4a89-440a-a8bb-45241d2aeae4 f63d376226924d07afc233b4405cc6eb b4b9170b6db24199867095bad6c1b95f - - default default] Successfully bumped revision number for resource 7ef9c017-56be-49ec-81ee-a76eaa20beaa (type: security_group_rules) to 0
2026-07-02 11:21:28.824 9 INFO neutron.db.ovn_revision_numbers_db [None req-ab3cc67b-4a89-440a-a8bb-45241d2aeae4 f63d376226924d07afc233b4405cc6eb b4b9170b6db24199867095bad6c1b95f - - default default] Successfully bumped revision number for resource 9cfd1520-712b-4ab0-9eff-148e7750c35d (type: security_group_rules) to 0
2026-07-02 11:21:28.875 9 INFO neutron.wsgi [None req-ab3cc67b-4a89-440a-a8bb-45241d2aeae4 f63d376226924d07afc233b4405cc6eb b4b9170b6db24199867095bad6c1b95f - - default default] 10.0.0.104 "GET /v2.0/security-groups?tenant_id=5b8ab3226b8b41eeaa66d4939947f806&name=default HTTP/1.1" status: 200 len: 3120 time: 0.6790397
2026-07-02 11:21:28.885 10 INFO neutron.db.ovn_revision_numbers_db [None req-a84efbe2-06cb-4e48-9352-56d1b27a24b8 f63d376226924d07afc233b4405cc6eb b4b9170b6db24199867095bad6c1b95f - - default default] Successfully bumped revision number for resource bf75a0b8-5c5f-489e-b770-63d050e63cf2 (type: security_groups) to 1
2026-07-02 11:21:28.905 10 INFO neutron.db.ovn_revision_numbers_db [None req-a84efbe2-06cb-4e48-9352-56d1b27a24b8 f63d376226924d07afc233b4405cc6eb b4b9170b6db24199867095bad6c1b95f - - default default] Successfully bumped revision number for resource 9ca0961e-9811-46e4-b987-ee76d154c5d2 (type: security_group_rules) to 0
2026-07-02 11:21:28.926 10 INFO neutron.db.ovn_revision_numbers_db [None req-a84efbe2-06cb-4e48-9352-56d1b27a24b8 f63d376226924d07afc233b4405cc6eb b4b9170b6db24199867095bad6c1b95f - - default default] Successfully bumped revision number for resource b24aab5c-f1b9-4bb9-9b6b-ae6204d3f9aa (type: security_group_rules) to 0
2026-07-02 11:21:28.947 10 INFO neutron.db.ovn_revision_numbers_db [None req-a84efbe2-06cb-4e48-9352-56d1b27a24b8 f63d376226924d07afc233b4405cc6eb b4b9170b6db24199867095bad6c1b95f - - default default] Successfully bumped revision number for resource cde15918-e463-418f-a61f-c3c5d6307282 (type: security_group_rules) to 0
2026-07-02 11:21:28.964 10 INFO neutron.db.ovn_revision_numbers_db [None req-a84efbe2-06cb-4e48-9352-56d1b27a24b8 f63d376226924d07afc233b4405cc6eb b4b9170b6db24199867095bad6c1b95f - - default default] Successfully bumped revision number for resource dd31aba9-fdd3-4dfe-8a3b-85b2f4b09414 (type: security_group_rules) to 0
2026-07-02 11:21:28.993 10 INFO neutron.wsgi [None req-a84efbe2-06cb-4e48-9352-56d1b27a24b8 f63d376226924d07afc233b4405cc6eb b4b9170b6db24199867095bad6c1b95f - - default default] 10.0.0.104 "GET /v2.0/security-groups?tenant_id=2aa7fc9c5057457b98abad786c4c033a&name=default HTTP/1.1" status: 200 len: 3120 time: 0.3835733
2026-07-02 11:21:29.116 10 INFO neutron.wsgi [None req-e626867f-53a9-483e-8e12-de515936a6c3 f63d376226924d07afc233b4405cc6eb b4b9170b6db24199867095bad6c1b95f - - default default] 10.0.0.104 "DELETE /v2.0/security-groups/589b061e-26cf-41b0-a98b-bd045c3c98c0 HTTP/1.1" status: 204 len: 168 time: 0.2362096
2026-07-02 11:21:29.236 10 INFO neutron.wsgi [None req-551eb3a5-435a-4744-8545-9f953304f87b f63d376226924d07afc233b4405cc6eb b4b9170b6db24199867095bad6c1b95f - - default default] 10.0.0.104 "GET /v2.0/security-groups?tenant_id=6b0767defd6743eebb67b457502dc9ff&name=default HTTP/1.1" status: 200 len: 3120 time: 0.0335014
2026-07-02 11:21:29.352 9 INFO neutron.wsgi [None req-5be3914a-b252-4638-87b0-a191d4d9fe2c d1886c02fea449fab3dcfaf7e835f1bf cb2ed86d15b04260b5bbab69439153e1 - - default default] 10.0.0.104 "DELETE /v2.0/floatingips/c0f46e71-7ee6-459c-9cad-95510803a251 HTTP/1.1" status: 204 len: 168 time: 0.5676675
2026-07-02 11:21:29.436 10 INFO neutron.wsgi [None req-fee05d3c-6fb2-4164-8f7d-a30d3a162b49 f63d376226924d07afc233b4405cc6eb b4b9170b6db24199867095bad6c1b95f - - default default] 10.0.0.104 "DELETE /v2.0/security-groups/0984cd51-ca3f-455c-bc3a-6360134a5ee3 HTTP/1.1" status: 204 len: 168 time: 0.1959338
2026-07-02 11:21:29.451 9 INFO neutron.wsgi [None req-b74598b2-079a-4859-b4cc-6b7973ebe146 f63d376226924d07afc233b4405cc6eb b4b9170b6db24199867095bad6c1b95f - - default default] 10.0.0.104 "DELETE /v2.0/security-groups/bf75a0b8-5c5f-489e-b770-63d050e63cf2 HTTP/1.1" status: 204 len: 168 time: 0.4499981
2026-07-02 11:21:30.103 9 INFO neutron.db.ovn_revision_numbers_db [None req-044aec01-9923-44be-8c7c-3a5118ed790f f63d376226924d07afc233b4405cc6eb b4b9170b6db24199867095bad6c1b95f - - default default] Successfully bumped revision number for resource d7a95a4e-b926-4846-8bdf-9306e03b07a4 (type: security_groups) to 1
2026-07-02 11:21:30.125 9 INFO neutron.db.ovn_revision_numbers_db [None req-044aec01-9923-44be-8c7c-3a5118ed790f f63d376226924d07afc233b4405cc6eb b4b9170b6db24199867095bad6c1b95f - - default default] Successfully bumped revision number for resource 1663a484-34be-425b-8fba-ac69b2fe11a6 (type: security_group_rules) to 0
2026-07-02 11:21:30.144 9 INFO neutron.db.ovn_revision_numbers_db [None req-044aec01-9923-44be-8c7c-3a5118ed790f f63d376226924d07afc233b4405cc6eb b4b9170b6db24199867095bad6c1b95f - - default default] Successfully bumped revision number for resource bf21ff70-c4de-4679-a5d8-32d9dfb16cdf (type: security_group_rules) to 0
2026-07-02 11:21:30.148 9 INFO neutron.wsgi [None req-ce8612a9-a6d9-4e8a-ae65-ed7709a9e621 d1886c02fea449fab3dcfaf7e835f1bf cb2ed86d15b04260b5bbab69439153e1 - - default default] 10.0.0.104 "DELETE /v2.0/floatingips/c827153a-d925-4ddf-a9ce-c60f076438ab HTTP/1.1" status: 204 len: 168 time: 0.7883992
2026-07-02 11:21:30.167 9 INFO neutron.db.ovn_revision_numbers_db [None req-044aec01-9923-44be-8c7c-3a5118ed790f f63d376226924d07afc233b4405cc6eb b4b9170b6db24199867095bad6c1b95f - - default default] Successfully bumped revision number for resource cde5e2b1-7b00-4010-aa89-218b38ab38b1 (type: security_group_rules) to 0
2026-07-02 11:21:30.185 9 INFO neutron.db.ovn_revision_numbers_db [None req-044aec01-9923-44be-8c7c-3a5118ed790f f63d376226924d07afc233b4405cc6eb b4b9170b6db24199867095bad6c1b95f - - default default] Successfully bumped revision number for resource e31a04ba-63c9-4706-9f81-29c41344e82d (type: security_group_rules) to 0
2026-07-02 11:21:30.243 9 INFO neutron.wsgi [None req-044aec01-9923-44be-8c7c-3a5118ed790f f63d376226924d07afc233b4405cc6eb b4b9170b6db24199867095bad6c1b95f - - default default] 10.0.0.104 "GET /v2.0/security-groups?tenant_id=4083d4c4beaa40a0a6560d9db14b0f93&name=default HTTP/1.1" status: 200 len: 3120 time: 0.6431558
2026-07-02 11:21:30.248 9 INFO neutron.wsgi [None req-c7ab5fa2-7b95-4cf6-bcf1-686964319982 f63d376226924d07afc233b4405cc6eb b4b9170b6db24199867095bad6c1b95f - - default default] 10.0.0.104 "PUT /v2.0/routers/837b587a-1604-439e-a0d6-3e594b371628/remove_router_interface HTTP/1.1" status: 200 len: 503 time: 1.7414608 /var/lib/openstack/lib/python3.10/site-packages/pycadf/identifier.py:71: UserWarning: Invalid uuid: neutron. To ensure interoperability, identifiers should be a valid uuid. warnings.warn(('Invalid uuid: %s. To ensure interoperability, '
2026-07-02 11:21:30.470 10 INFO neutron.wsgi [None req-7d091c00-5461-4c60-8d8b-6c6ca53b783b f63d376226924d07afc233b4405cc6eb b4b9170b6db24199867095bad6c1b95f - - default default] 10.0.0.104 "DELETE /v2.0/security-groups/d7a95a4e-b926-4846-8bdf-9306e03b07a4 HTTP/1.1" status: 204 len: 168 time: 0.2220492
2026-07-02 11:21:30.785 9 INFO neutron.db.ovn_revision_numbers_db [None req-4a5237dc-1c71-4fa4-9599-398e2e39f486 f63d376226924d07afc233b4405cc6eb b4b9170b6db24199867095bad6c1b95f - - default default] Successfully bumped revision number for resource 63c5a283-c457-4a61-b419-8d1741ad7aea (type: security_groups) to 1
2026-07-02 11:21:30.803 9 INFO neutron.db.ovn_revision_numbers_db [None req-4a5237dc-1c71-4fa4-9599-398e2e39f486 f63d376226924d07afc233b4405cc6eb b4b9170b6db24199867095bad6c1b95f - - default default] Successfully bumped revision number for resource 32807988-f71b-4263-92ad-8ed02c7038b9 (type: security_group_rules) to 0
2026-07-02 11:21:30.820 9 INFO neutron.db.ovn_revision_numbers_db [None req-4a5237dc-1c71-4fa4-9599-398e2e39f486 f63d376226924d07afc233b4405cc6eb b4b9170b6db24199867095bad6c1b95f - - default default] Successfully bumped revision number for resource 78b2df23-892e-4e75-b405-ea8c5cad9a30 (type: security_group_rules) to 0
2026-07-02 11:21:30.854 9 INFO neutron.db.ovn_revision_numbers_db [None req-4a5237dc-1c71-4fa4-9599-398e2e39f486 f63d376226924d07afc233b4405cc6eb b4b9170b6db24199867095bad6c1b95f - - default default] Successfully bumped revision number for resource 97048fb8-946b-45d0-a78c-25b607810000 (type: security_group_rules) to 0
2026-07-02 11:21:30.891 9 INFO neutron.db.ovn_revision_numbers_db [None req-4a5237dc-1c71-4fa4-9599-398e2e39f486 f63d376226924d07afc233b4405cc6eb b4b9170b6db24199867095bad6c1b95f - - default default] Successfully bumped revision number for resource d60a6d59-938f-44f9-ae99-d97cdb4f7e09 (type: security_group_rules) to 0
2026-07-02 11:21:30.925 9 INFO neutron.wsgi [None req-4a5237dc-1c71-4fa4-9599-398e2e39f486 f63d376226924d07afc233b4405cc6eb b4b9170b6db24199867095bad6c1b95f - - default default] 10.0.0.104 "GET /v2.0/security-groups?tenant_id=4b2c895ed51c45ad8fd1bf19c12823f5&name=default HTTP/1.1" status: 200 len: 3120 time: 0.3044047
2026-07-02 11:21:31.141 9 INFO neutron.wsgi [None req-19ca0952-df5d-4884-8d1b-6779dfbb2877 f63d376226924d07afc233b4405cc6eb b4b9170b6db24199867095bad6c1b95f - - default default] 10.0.0.104 "DELETE /v2.0/routers/837b587a-1604-439e-a0d6-3e594b371628 HTTP/1.1" status: 204 len: 168 time: 0.8882751
2026-07-02 11:21:31.340 9 INFO neutron.wsgi [None req-842b477d-5f6f-491c-9841-b29dff5bf694 f63d376226924d07afc233b4405cc6eb b4b9170b6db24199867095bad6c1b95f - - default default] 10.0.0.104 "DELETE /v2.0/subnets/a6618e93-172d-4275-900d-40851303464e HTTP/1.1" status: 204 len: 168 time: 0.1928380
2026-07-02 11:21:31.458 10 INFO neutron.db.ovn_revision_numbers_db [None req-38eea775-2562-42e8-823e-2f29980c0d94 f63d376226924d07afc233b4405cc6eb b4b9170b6db24199867095bad6c1b95f - - default default] Successfully bumped revision number for resource b917b56b-dc8e-4d20-a6fd-4e04bf65c9d2 (type: security_groups) to 1
2026-07-02 11:21:31.476 10 INFO neutron.wsgi [None req-993f18ad-edeb-4d89-a183-83d4b9b142e2 f63d376226924d07afc233b4405cc6eb b4b9170b6db24199867095bad6c1b95f - - default default] 10.0.0.104 "DELETE /v2.0/security-groups/63c5a283-c457-4a61-b419-8d1741ad7aea HTTP/1.1" status: 204 len: 168 time: 0.5447242
2026-07-02 11:21:31.501 10 INFO neutron.db.ovn_revision_numbers_db [None req-38eea775-2562-42e8-823e-2f29980c0d94 f63d376226924d07afc233b4405cc6eb b4b9170b6db24199867095bad6c1b95f - - default default] Successfully bumped revision number for resource 43d0a087-fb64-4867-9aaf-2436c4481358 (type: security_group_rules) to 0
2026-07-02 11:21:31.520 10 INFO neutron.db.ovn_revision_numbers_db [None req-38eea775-2562-42e8-823e-2f29980c0d94 f63d376226924d07afc233b4405cc6eb b4b9170b6db24199867095bad6c1b95f - - default default] Successfully bumped revision number for resource 9bc1433e-a77c-46b1-8e5f-06e8efa5df3f (type: security_group_rules) to 0
2026-07-02 11:21:31.539 10 INFO neutron.db.ovn_revision_numbers_db [None req-38eea775-2562-42e8-823e-2f29980c0d94 f63d376226924d07afc233b4405cc6eb b4b9170b6db24199867095bad6c1b95f - - default default] Successfully bumped revision number for resource 9dc645ca-25ef-4ca6-b406-4b4e3e065c59 (type: security_group_rules) to 0
2026-07-02 11:21:31.563 10 INFO neutron.db.ovn_revision_numbers_db [None req-38eea775-2562-42e8-823e-2f29980c0d94 f63d376226924d07afc233b4405cc6eb b4b9170b6db24199867095bad6c1b95f - - default default] Successfully bumped revision number for resource e77d46a5-811f-43a4-a539-f6fe83717e73 (type: security_group_rules) to 0
2026-07-02 11:21:31.585 10 INFO neutron.wsgi [None req-38eea775-2562-42e8-823e-2f29980c0d94 f63d376226924d07afc233b4405cc6eb b4b9170b6db24199867095bad6c1b95f - - default default] 10.0.0.104 "GET /v2.0/security-groups?tenant_id=cb2ed86d15b04260b5bbab69439153e1&name=default HTTP/1.1" status: 200 len: 3120 time: 0.5750058
2026-07-02 11:21:31.722 9 INFO neutron.services.segments.plugin [-] Segment b929a0a2-0447-4795-923d-6b72d5ebc230 resource provider aggregate not found
2026-07-02 11:21:31.726 9 INFO neutron.services.segments.plugin [-] Segment b929a0a2-0447-4795-923d-6b72d5ebc230 resource provider aggregate not found
2026-07-02 11:21:31.745 9 INFO neutron.services.segments.plugin [-] Segment b929a0a2-0447-4795-923d-6b72d5ebc230 resource provider not found; error: Placement Client Error (4xx): {"errors": [{"status": 404, "title": "Not Found", "detail": "The resource could not be found.\n\n No resource provider with uuid b929a0a2-0447-4795-923d-6b72d5ebc230 found for delete ", "request_id": "req-2341e7fd-7c3b-47cb-8a15-733d54adae03"}]}
2026-07-02 11:21:31.749 9 INFO neutron.services.segments.plugin [-] Segment b929a0a2-0447-4795-923d-6b72d5ebc230 resource provider not found; error: Placement Client Error (4xx): {"errors": [{"status": 404, "title": "Not Found", "detail": "The resource could not be found.\n\n No resource provider with uuid b929a0a2-0447-4795-923d-6b72d5ebc230 found for delete ", "request_id": "req-019ac9e5-96c8-4781-b466-83bf94b36160"}]}
2026-07-02 11:21:31.766 9 INFO neutron.wsgi [None req-1289a16f-2421-4b75-8a78-cbb27772bfd3 f63d376226924d07afc233b4405cc6eb b4b9170b6db24199867095bad6c1b95f - - default default] 10.0.0.104 "DELETE /v2.0/networks/950428a6-8b8f-4db8-9b26-26e98b688e72 HTTP/1.1" status: 204 len: 168 time: 0.4221301
2026-07-02 11:21:31.870 9 INFO neutron.wsgi [None req-085366de-2834-4c70-9096-d08234c87a0f f63d376226924d07afc233b4405cc6eb b4b9170b6db24199867095bad6c1b95f - - default default] 10.0.0.104 "DELETE /v2.0/security-groups/b917b56b-dc8e-4d20-a6fd-4e04bf65c9d2 HTTP/1.1" status: 204 len: 168 time: 0.2790277
2026-07-02 11:21:32.162 9 INFO neutron.db.ovn_revision_numbers_db [None req-c70fe2b7-4480-497c-b0e7-562d02b6bafc f63d376226924d07afc233b4405cc6eb b4b9170b6db24199867095bad6c1b95f - - default default] Successfully bumped revision number for resource 98739702-5e30-40f9-b12a-d56924b34599 (type: security_groups) to 1
2026-07-02 11:21:32.174 9 INFO neutron.db.ovn_revision_numbers_db [None req-c70fe2b7-4480-497c-b0e7-562d02b6bafc f63d376226924d07afc233b4405cc6eb b4b9170b6db24199867095bad6c1b95f - - default default] Successfully bumped revision number for resource 54c3ca68-f230-4852-b643-bc0cbb71a757 (type: security_group_rules) to 0
2026-07-02 11:21:32.194 9 INFO neutron.db.ovn_revision_numbers_db [None req-c70fe2b7-4480-497c-b0e7-562d02b6bafc f63d376226924d07afc233b4405cc6eb b4b9170b6db24199867095bad6c1b95f - - default default] Successfully bumped revision number for resource bf6553d9-99b9-4611-a31d-722baf2f350c (type: security_group_rules) to 0
2026-07-02 11:21:32.212 9 INFO neutron.db.ovn_revision_numbers_db [None req-c70fe2b7-4480-497c-b0e7-562d02b6bafc f63d376226924d07afc233b4405cc6eb b4b9170b6db24199867095bad6c1b95f - - default default] Successfully bumped revision number for resource c2017641-4007-4ccf-8a72-35c4ed5fc03b (type: security_group_rules) to 0
2026-07-02 11:21:32.234 9 INFO neutron.db.ovn_revision_numbers_db [None req-c70fe2b7-4480-497c-b0e7-562d02b6bafc f63d376226924d07afc233b4405cc6eb b4b9170b6db24199867095bad6c1b95f - - default default] Successfully bumped revision number for resource d7e73809-f884-4f0e-82c0-28e5d0387370 (type: security_group_rules) to 0
2026-07-02 11:21:32.236 10 INFO neutron.wsgi [None req-8465e8d4-2251-4197-a1c2-7cd11bfdf0eb f63d376226924d07afc233b4405cc6eb b4b9170b6db24199867095bad6c1b95f - - default default] 10.0.0.104 "GET /v2.0/security-groups?tenant_id=f8007ff451d54b1f89b988448eb8f44f&name=default HTTP/1.1" status: 200 len: 3120 time: 0.0472333
2026-07-02 11:21:32.255 9 INFO neutron.wsgi [None req-c70fe2b7-4480-497c-b0e7-562d02b6bafc f63d376226924d07afc233b4405cc6eb b4b9170b6db24199867095bad6c1b95f - - default default] 10.0.0.104 "GET /v2.0/security-groups?tenant_id=37c15b2d178342eba4e95149c6268cd0&name=default HTTP/1.1" status: 200 len: 3120 time: 0.2655473
2026-07-02 11:21:32.498 10 INFO neutron.wsgi [None req-9e637871-19c7-4129-9b41-99425b4cd9d9 f63d376226924d07afc233b4405cc6eb b4b9170b6db24199867095bad6c1b95f - - default default] 10.0.0.104 "DELETE /v2.0/security-groups/92a736e3-5731-43ad-97e8-9bd85c040f45 HTTP/1.1" status: 204 len: 168 time: 0.2513268
2026-07-02 11:21:32.502 10 INFO neutron.wsgi [None req-61a88aa7-ebc6-46f5-92bf-743fa9e234d9 f63d376226924d07afc233b4405cc6eb b4b9170b6db24199867095bad6c1b95f - - default default] 10.0.0.104 "DELETE /v2.0/security-groups/98739702-5e30-40f9-b12a-d56924b34599 HTTP/1.1" status: 204 len: 168 time: 0.2437401
2026-07-02 11:21:32.617 9 INFO neutron.wsgi [None req-8e95ec1e-9a76-4bbb-b408-cea5b68c766a f63d376226924d07afc233b4405cc6eb b4b9170b6db24199867095bad6c1b95f - - default default] 10.0.0.104 "GET /v2.0/security-groups?tenant_id=2010d32d02714641a75bfe9b477c8343&name=default HTTP/1.1" status: 200 len: 3120 time: 0.0346258
2026-07-02 11:21:32.754 10 INFO neutron.db.ovn_revision_numbers_db [None req-7a4443df-b12f-4fdb-bfe7-f2de737f8f91 f63d376226924d07afc233b4405cc6eb b4b9170b6db24199867095bad6c1b95f - - default default] Successfully bumped revision number for resource c957b28b-3dc5-4866-aa01-eb3947059dda (type: security_groups) to 1
2026-07-02 11:21:32.768 10 INFO neutron.db.ovn_revision_numbers_db [None req-7a4443df-b12f-4fdb-bfe7-f2de737f8f91 f63d376226924d07afc233b4405cc6eb b4b9170b6db24199867095bad6c1b95f - - default default] Successfully bumped revision number for resource 67708e92-a6ce-4b42-b2a0-70a3fbb400bc (type: security_group_rules) to 0
2026-07-02 11:21:32.781 10 INFO neutron.db.ovn_revision_numbers_db [None req-7a4443df-b12f-4fdb-bfe7-f2de737f8f91 f63d376226924d07afc233b4405cc6eb b4b9170b6db24199867095bad6c1b95f - - default default] Successfully bumped revision number for resource 82a0c99c-3a64-4a8d-aa4c-07d30154b724 (type: security_group_rules) to 0
2026-07-02 11:21:32.793 10 INFO neutron.db.ovn_revision_numbers_db [None req-7a4443df-b12f-4fdb-bfe7-f2de737f8f91 f63d376226924d07afc233b4405cc6eb b4b9170b6db24199867095bad6c1b95f - - default default] Successfully bumped revision number for resource 981e7724-679f-4cac-a315-8597431a6d84 (type: security_group_rules) to 0
2026-07-02 11:21:32.809 10 INFO neutron.db.ovn_revision_numbers_db [None req-7a4443df-b12f-4fdb-bfe7-f2de737f8f91 f63d376226924d07afc233b4405cc6eb b4b9170b6db24199867095bad6c1b95f - - default default] Successfully bumped revision number for resource f037f0d8-6b20-4d30-a1d1-cde3a4dd1819 (type: security_group_rules) to 0
2026-07-02 11:21:32.812 9 INFO neutron.wsgi [None req-a0d4a6d7-44eb-410d-8d02-e73e2883ce29 f63d376226924d07afc233b4405cc6eb b4b9170b6db24199867095bad6c1b95f - - default default] 10.0.0.104 "DELETE /v2.0/security-groups/031ecfec-818b-4fea-9f21-4aa3164f75cb HTTP/1.1" status: 204 len: 168 time: 0.1907487
2026-07-02 11:21:32.832 10 INFO neutron.wsgi [None req-7a4443df-b12f-4fdb-bfe7-f2de737f8f91 f63d376226924d07afc233b4405cc6eb b4b9170b6db24199867095bad6c1b95f - - default default] 10.0.0.104 "GET /v2.0/security-groups?tenant_id=75bbe53feeba4cc392e5fa5adaf2ca10&name=default HTTP/1.1" status: 200 len: 3120 time: 0.2439330
2026-07-02 11:21:33.053 9 INFO neutron.wsgi [None req-e1cb243d-01cb-419f-b5a4-d6c0025c9c2d f63d376226924d07afc233b4405cc6eb b4b9170b6db24199867095bad6c1b95f - - default default] 10.0.0.104 "DELETE /v2.0/security-groups/c957b28b-3dc5-4866-aa01-eb3947059dda HTTP/1.1" status: 204 len: 168 time: 0.2147834
2026-07-02 11:21:33.070 10 INFO neutron.wsgi [-] 10.0.0.188 "GET / HTTP/1.1" status: 200 len: 246 time: 0.0048964
2026-07-02 11:21:33.075 10 INFO neutron.wsgi [-] 10.0.0.188 "GET / HTTP/1.1" status: 200 len: 246 time: 0.0038538
