2026-07-02 11:18:29.497 9 INFO neutron.wsgi [None req-96500ba9-6bac-4b76-813b-036d6ed5bc09 d61f857a628c4400b99498499739aa02 de9c2dddd8424799b86c7eee9c093e40 - - default default] 10.0.0.104 "PUT /v2.0/ports/b2226908-60e4-4b6f-8b81-a84070577030 HTTP/1.1" status: 200 len: 946 time: 0.5557394
2026-07-02 11:18:29.508 9 INFO neutron.db.ovn_revision_numbers_db [None req-b0eef5ba-20db-48a0-af10-beb27b5f7d07 05b379ea3513461bbcba0952445a6ab2 5d9edaced78b42b8854e0858a17b945a - - default default] Successfully bumped revision number for resource a279d4eb-d3d7-4e7c-a49b-41f203973261 (type: security_group_rules) to 0
2026-07-02 11:18:29.545 9 INFO neutron.wsgi [req-9a146b08-e53f-43b2-92a3-0fb664c1d46f req-25e6f1e5-a07b-4c55-beb6-87b4009daaf3 dda040d441c341278631bef063b4b448 c3268db556024410af098b367da6fc42 - - default default] 10.0.0.32 "GET /v2.0/ports?device_id=cbb8e794-6c96-4e2a-8a19-8259719ef3c7 HTTP/1.1" status: 200 len: 1172 time: 0.0746739
2026-07-02 11:18:29.567 9 INFO neutron.wsgi [None req-b0eef5ba-20db-48a0-af10-beb27b5f7d07 05b379ea3513461bbcba0952445a6ab2 5d9edaced78b42b8854e0858a17b945a - - default default] 10.0.0.104 "POST /v2.0/security-group-rules HTTP/1.1" status: 201 len: 796 time: 0.4594679
2026-07-02 11:18:29.583 10 WARNING neutron_lib.context [None req-c56f0181-2bfc-4ce8-b92c-866d83290d20 05b379ea3513461bbcba0952445a6ab2 5d9edaced78b42b8854e0858a17b945a - - default default] Method 'is_advsvc' is deprecated since 2023.2 release (neutron-lib 3.8.0) and will be removed once support for the old RBAC API policies will be removed from Neutron. Please use method 'is_service_role' instead.
2026-07-02 11:18:29.613 9 INFO neutron.wsgi [req-9a146b08-e53f-43b2-92a3-0fb664c1d46f req-a76c885d-c0ed-434e-8d8f-2d2a2ed8321b dda040d441c341278631bef063b4b448 c3268db556024410af098b367da6fc42 - - default default] 10.0.0.32 "GET /v2.0/security-groups?id=1dfa8ca2-e9f3-458c-af19-d5fc4c6b300e&fields=id&fields=name HTTP/1.1" status: 200 len: 312 time: 0.0592117
2026-07-02 11:18:29.687 9 INFO neutron.wsgi [req-ee017a38-69be-4ac2-97c0-42b2f4305ab8 req-6c2afe01-c2ee-4470-a444-e94139fe6a01 dda040d441c341278631bef063b4b448 c3268db556024410af098b367da6fc42 - - default default] 199.19.213.216 "DELETE /v2.0/ports/b9eb474b-c677-40f9-89ae-4b55c29777f6 HTTP/1.1" status: 204 len: 173 time: 0.8611901
2026-07-02 11:18:30.118 10 INFO neutron.db.ovn_revision_numbers_db [None req-c56f0181-2bfc-4ce8-b92c-866d83290d20 05b379ea3513461bbcba0952445a6ab2 5d9edaced78b42b8854e0858a17b945a - - default default] Successfully bumped revision number for resource 45f3dc50-7284-4a5d-aadb-f03fde946575 (type: security_group_rules) to 0
2026-07-02 11:18:30.190 10 INFO neutron.wsgi [None req-c56f0181-2bfc-4ce8-b92c-866d83290d20 05b379ea3513461bbcba0952445a6ab2 5d9edaced78b42b8854e0858a17b945a - - default default] 10.0.0.104 "POST /v2.0/security-group-rules HTTP/1.1" status: 201 len: 801 time: 0.6154866
2026-07-02 11:18:30.207 9 WARNING neutron_lib.context [None req-d4b093f8-e38b-4dd6-a73d-fd1c1905f48a 05b379ea3513461bbcba0952445a6ab2 5d9edaced78b42b8854e0858a17b945a - - default default] Method 'is_advsvc' is deprecated since 2023.2 release (neutron-lib 3.8.0) and will be removed once support for the old RBAC API policies will be removed from Neutron. Please use method 'is_service_role' instead.
2026-07-02 11:18:30.235 10 INFO neutron.wsgi [None req-119c80cb-8f75-41c4-b869-00e113dd505f d61f857a628c4400b99498499739aa02 de9c2dddd8424799b86c7eee9c093e40 - - default default] 10.0.0.104 "DELETE /v2.0/ports/b2226908-60e4-4b6f-8b81-a84070577030 HTTP/1.1" status: 204 len: 168 time: 0.7330959
2026-07-02 11:18:30.386 9 INFO neutron.wsgi [None req-f0b2c234-ebc4-48cb-9211-72c21d4a3f19 d61f857a628c4400b99498499739aa02 de9c2dddd8424799b86c7eee9c093e40 - - default default] 10.0.0.104 "GET /v2.0/ports HTTP/1.1" status: 200 len: 1732 time: 0.1392744
2026-07-02 11:18:30.407 10 INFO neutron.pecan_wsgi.hooks.translation [None req-d1dc2c86-b42f-4d12-a1d9-8b4e6c080fc8 d61f857a628c4400b99498499739aa02 de9c2dddd8424799b86c7eee9c093e40 - - default default] GET failed (client error): The resource could not be found.
2026-07-02 11:18:30.408 10 INFO neutron.wsgi [None req-d1dc2c86-b42f-4d12-a1d9-8b4e6c080fc8 d61f857a628c4400b99498499739aa02 de9c2dddd8424799b86c7eee9c093e40 - - default default] 10.0.0.104 "GET /v2.0/ports/b2226908-60e4-4b6f-8b81-a84070577030 HTTP/1.1" status: 404 len: 333 time: 0.0171206
2026-07-02 11:18:30.466 9 INFO neutron.wsgi [None req-8751ac29-a367-4426-afa0-8f0c6f9e102d d61f857a628c4400b99498499739aa02 de9c2dddd8424799b86c7eee9c093e40 - - default default] 10.0.0.104 "GET /v2.0/ports HTTP/1.1" status: 200 len: 1732 time: 0.0506847
2026-07-02 11:18:30.540 10 INFO neutron.wsgi [None req-af68fe66-fd0c-431a-9941-fd29a481a741 d61f857a628c4400b99498499739aa02 de9c2dddd8424799b86c7eee9c093e40 - - default default] 10.0.0.104 "GET /v2.0/ports/daf07974-df9e-407a-a6aa-ea71c46a5ba4 HTTP/1.1" status: 200 len: 972 time: 0.0665016
2026-07-02 11:18:30.580 9 INFO neutron.notifiers.nova [-] Nova event matching ['req-a8a3354f-c7ef-43a9-aeb4-fe16014ab71f'] response: {'server_uuid': 'cbb8e794-6c96-4e2a-8a19-8259719ef3c7', 'name': 'network-vif-unplugged', 'status': 'completed', 'tag': 'b9eb474b-c677-40f9-89ae-4b55c29777f6', 'code': 200}
2026-07-02 11:18:30.580 9 INFO neutron.notifiers.nova [-] Nova event matching ['req-a8a3354f-c7ef-43a9-aeb4-fe16014ab71f'] response: {'server_uuid': 'cbb8e794-6c96-4e2a-8a19-8259719ef3c7', 'name': 'network-vif-deleted', 'tag': 'b9eb474b-c677-40f9-89ae-4b55c29777f6', 'status': 'completed', 'code': 200}
2026-07-02 11:18:30.584 9 INFO neutron.pecan_wsgi.hooks.translation [None req-b94676f5-ff44-4414-9a8a-d8baa4c4d1bd d61f857a628c4400b99498499739aa02 de9c2dddd8424799b86c7eee9c093e40 - - default default] DELETE failed (client error): The resource could not be found.
2026-07-02 11:18:30.587 9 INFO neutron.wsgi [None req-b94676f5-ff44-4414-9a8a-d8baa4c4d1bd d61f857a628c4400b99498499739aa02 de9c2dddd8424799b86c7eee9c093e40 - - default default] 10.0.0.104 "DELETE /v2.0/ports/bdd112f3-50b5-4bce-9a1f-6c3a678da3c7 HTTP/1.1" status: 404 len: 333 time: 0.0350866
2026-07-02 11:18:30.593 9 WARNING neutron.scheduler.dhcp_agent_scheduler [None req-d4b093f8-e38b-4dd6-a73d-fd1c1905f48a 05b379ea3513461bbcba0952445a6ab2 5d9edaced78b42b8854e0858a17b945a - - default default] No more DHCP agents
2026-07-02 11:18:30.603 9 WARNING neutron.api.rpc.agentnotifiers.dhcp_rpc_agent_api [None req-d4b093f8-e38b-4dd6-a73d-fd1c1905f48a 05b379ea3513461bbcba0952445a6ab2 5d9edaced78b42b8854e0858a17b945a - - default default] Unable to schedule network 7dba4a88-12fc-43ab-8cec-fbe77622f4f5: no agents available; will retry on subsequent port and subnet creation events.
2026-07-02 11:18:30.606 10 INFO neutron.wsgi [None req-2295442b-35b1-4b91-b9a3-68ca831f742a f63d376226924d07afc233b4405cc6eb b4b9170b6db24199867095bad6c1b95f - - default default] 10.0.0.104 "DELETE /v2.0/routers/b664f7d0-7cae-4e08-a2e7-6b8fa973ee26 HTTP/1.1" status: 204 len: 168 time: 1.3009467
2026-07-02 11:18:30.617 9 INFO neutron.pecan_wsgi.hooks.translation [None req-9d9873bb-c965-40be-9fb1-4f5f58e6b77a d61f857a628c4400b99498499739aa02 de9c2dddd8424799b86c7eee9c093e40 - - default default] DELETE failed (client error): The resource could not be found.
2026-07-02 11:18:30.620 9 INFO neutron.wsgi [None req-9d9873bb-c965-40be-9fb1-4f5f58e6b77a d61f857a628c4400b99498499739aa02 de9c2dddd8424799b86c7eee9c093e40 - - default default] 10.0.0.104 "DELETE /v2.0/subnets/532ca69c-b5e5-4148-91d7-85fecd9d3894 HTTP/1.1" status: 404 len: 337 time: 0.0245869
2026-07-02 11:18:30.649 9 INFO neutron.pecan_wsgi.hooks.translation [None req-6bddcb78-3f3f-4d1d-879a-9589efffd2f5 d61f857a628c4400b99498499739aa02 de9c2dddd8424799b86c7eee9c093e40 - - default default] DELETE failed (client error): The resource could not be found.
2026-07-02 11:18:30.652 9 INFO neutron.wsgi [None req-6bddcb78-3f3f-4d1d-879a-9589efffd2f5 d61f857a628c4400b99498499739aa02 de9c2dddd8424799b86c7eee9c093e40 - - default default] 10.0.0.104 "DELETE /v2.0/subnets/555e2f4e-b54b-4f33-a259-f38be501a42c HTTP/1.1" status: 404 len: 337 time: 0.0265112
2026-07-02 11:18:30.810 10 INFO neutron.wsgi [None req-caa733e0-1239-4a79-afc1-4670460ee698 f63d376226924d07afc233b4405cc6eb b4b9170b6db24199867095bad6c1b95f - - default default] 10.0.0.104 "DELETE /v2.0/subnets/883bdc29-2c7e-4cdf-af2d-c71730d866cd HTTP/1.1" status: 204 len: 168 time: 0.1996396
2026-07-02 11:18:31.209 10 INFO neutron.services.segments.plugin [-] Segment f19837b4-3f63-4df6-a26c-b4e63398ffbc resource provider aggregate not found
2026-07-02 11:18:31.213 10 INFO neutron.services.segments.plugin [-] Segment f19837b4-3f63-4df6-a26c-b4e63398ffbc resource provider aggregate not found
2026-07-02 11:18:31.227 10 INFO neutron.services.segments.plugin [-] Segment f19837b4-3f63-4df6-a26c-b4e63398ffbc resource provider not found; error: Placement Client Error (4xx): {"errors": [{"status": 404, "title": "Not Found", "detail": "The resource could not be found.\n\n No resource provider with uuid f19837b4-3f63-4df6-a26c-b4e63398ffbc found for delete ", "request_id": "req-0accbcb9-e65b-4304-9ccb-f4a3d756d4eb"}]}
2026-07-02 11:18:31.230 10 INFO neutron.services.segments.plugin [-] Segment f19837b4-3f63-4df6-a26c-b4e63398ffbc resource provider not found; error: Placement Client Error (4xx): {"errors": [{"status": 404, "title": "Not Found", "detail": "The resource could not be found.\n\n No resource provider with uuid f19837b4-3f63-4df6-a26c-b4e63398ffbc found for delete ", "request_id": "req-335e801b-b962-45e0-be15-ddda8fe68167"}]}
2026-07-02 11:18:31.241 10 INFO neutron.wsgi [None req-991ccb6c-679d-41b1-a940-a63dd7ecd63c f63d376226924d07afc233b4405cc6eb b4b9170b6db24199867095bad6c1b95f - - default default] 10.0.0.104 "DELETE /v2.0/networks/1e339f0d-bbfd-43a2-9911-5da7f074f2f3 HTTP/1.1" status: 204 len: 168 time: 0.4264290
2026-07-02 11:18:31.246 9 INFO neutron.wsgi [None req-6471cef0-715b-4248-88f6-d2f95ae04553 dda040d441c341278631bef063b4b448 c3268db556024410af098b367da6fc42 - - default default] 10.0.0.104 "DELETE /v2.0/security-groups/1dfa8ca2-e9f3-458c-af19-d5fc4c6b300e HTTP/1.1" status: 204 len: 168 time: 0.5355589
2026-07-02 11:18:31.265 10 INFO neutron.api.v2.resource [None req-7ecbc4a4-3753-4797-8636-8c04e99c118e dda040d441c341278631bef063b4b448 c3268db556024410af098b367da6fc42 - - default default] show failed (client error): The resource could not be found.
2026-07-02 11:18:31.267 10 INFO neutron.wsgi [None req-7ecbc4a4-3753-4797-8636-8c04e99c118e dda040d441c341278631bef063b4b448 c3268db556024410af098b367da6fc42 - - default default] 10.0.0.104 "GET /v2.0/security-groups/1dfa8ca2-e9f3-458c-af19-d5fc4c6b300e HTTP/1.1" status: 404 len: 347 time: 0.0153313
2026-07-02 11:18:31.347 9 INFO neutron.wsgi [None req-6b190e0f-5722-474a-9164-31862e7b4927 d61f857a628c4400b99498499739aa02 de9c2dddd8424799b86c7eee9c093e40 - - default default] 10.0.0.104 "DELETE /v2.0/ports/daf07974-df9e-407a-a6aa-ea71c46a5ba4 HTTP/1.1" status: 204 len: 168 time: 0.6814594
2026-07-02 11:18:31.408 9 INFO neutron.wsgi [None req-d4b093f8-e38b-4dd6-a73d-fd1c1905f48a 05b379ea3513461bbcba0952445a6ab2 5d9edaced78b42b8854e0858a17b945a - - default default] 10.0.0.104 "POST /v2.0/floatingips HTTP/1.1" status: 201 len: 751 time: 1.2090175
2026-07-02 11:18:31.461 9 INFO neutron.wsgi [None req-14670cdc-c34b-4f29-bbc3-08f7fa3c84af f63d376226924d07afc233b4405cc6eb b4b9170b6db24199867095bad6c1b95f - - default default] 10.0.0.104 "GET /v2.0/security-groups?tenant_id=498ce8ce0fd6405fa7107444cd9ac213&name=default HTTP/1.1" status: 200 len: 3120 time: 0.0468948
2026-07-02 11:18:31.689 10 INFO neutron.wsgi [None req-5b5ff590-9a03-470f-af63-c52ef4322eb2 dda040d441c341278631bef063b4b448 c3268db556024410af098b367da6fc42 - - default default] 10.0.0.104 "DELETE /v2.0/floatingips/9fc6fbcf-5a3f-46ef-9496-9ff16d90365c HTTP/1.1" status: 204 len: 168 time: 0.4180596
2026-07-02 11:18:31.738 9 INFO neutron.services.segments.plugin [-] Segment 5a8b7274-89ef-4bd9-b6fd-e18246a7e2bc resource provider aggregate not found
2026-07-02 11:18:31.742 9 INFO neutron.services.segments.plugin [-] Segment 5a8b7274-89ef-4bd9-b6fd-e18246a7e2bc resource provider aggregate not found
2026-07-02 11:18:31.758 9 INFO neutron.services.segments.plugin [-] Segment 5a8b7274-89ef-4bd9-b6fd-e18246a7e2bc resource provider not found; error: Placement Client Error (4xx): {"errors": [{"status": 404, "title": "Not Found", "detail": "The resource could not be found.\n\n No resource provider with uuid 5a8b7274-89ef-4bd9-b6fd-e18246a7e2bc found for delete ", "request_id": "req-962c8ee7-cde7-4401-a523-fe5bb21ba268"}]}
2026-07-02 11:18:31.761 9 INFO neutron.services.segments.plugin [-] Segment 5a8b7274-89ef-4bd9-b6fd-e18246a7e2bc resource provider not found; error: Placement Client Error (4xx): {"errors": [{"status": 404, "title": "Not Found", "detail": "The resource could not be found.\n\n No resource provider with uuid 5a8b7274-89ef-4bd9-b6fd-e18246a7e2bc found for delete ", "request_id": "req-9bb2316d-8c7f-46f0-84ab-45bb812fd3c9"}]}
2026-07-02 11:18:31.784 9 INFO neutron.wsgi [None req-d086ad97-3922-447a-aa29-540c0a9ae0d8 d61f857a628c4400b99498499739aa02 de9c2dddd8424799b86c7eee9c093e40 - - default default] 10.0.0.104 "DELETE /v2.0/networks/84bcff58-c583-425a-a953-70b2a114a287 HTTP/1.1" status: 204 len: 168 time: 0.4320638
2026-07-02 11:18:31.802 10 INFO neutron.wsgi [None req-8acb97f5-dec8-45b3-a1e3-ca1d65cf1d8b f63d376226924d07afc233b4405cc6eb b4b9170b6db24199867095bad6c1b95f - - default default] 10.0.0.104 "DELETE /v2.0/security-groups/3fd54cbd-1a5b-41e8-9ba9-0b5c02fb3be9 HTTP/1.1" status: 204 len: 168 time: 0.3373649
2026-07-02 11:18:32.591 10 INFO neutron.wsgi [None req-637cbff9-1da1-4531-ba98-ffae0f3078ec f63d376226924d07afc233b4405cc6eb b4b9170b6db24199867095bad6c1b95f - - default default] 10.0.0.104 "GET /v2.0/security-groups?tenant_id=de9c2dddd8424799b86c7eee9c093e40&name=default HTTP/1.1" status: 200 len: 3120 time: 0.2154217
2026-07-02 11:18:32.840 9 INFO neutron.wsgi [None req-cc677d1b-185a-4013-9103-2ce25d13072e f63d376226924d07afc233b4405cc6eb b4b9170b6db24199867095bad6c1b95f - - default default] 10.0.0.104 "DELETE /v2.0/security-groups/00ee0358-1382-4b52-b9e2-241f0eadfc1b HTTP/1.1" status: 204 len: 168 time: 0.2422929
2026-07-02 11:18:33.067 9 INFO neutron.wsgi [-] 10.0.0.188 "GET / HTTP/1.1" status: 200 len: 246 time: 0.0020249
2026-07-02 11:18:33.069 9 INFO neutron.wsgi [-] 10.0.0.188 "GET / HTTP/1.1" status: 200 len: 246 time: 0.0013721
2026-07-02 11:18:33.231 10 INFO neutron.wsgi [None req-1f6aec5e-6412-49fc-9efc-34720884b6dc f63d376226924d07afc233b4405cc6eb b4b9170b6db24199867095bad6c1b95f - - default default] 10.0.0.104 "PUT /v2.0/routers/16b85819-3436-4190-9477-0bca70926809/remove_router_interface HTTP/1.1" status: 200 len: 503 time: 1.5364113
2026-07-02 11:18:33.379 10 WARNING neutron.plugins.ml2.drivers.ovn.mech_driver.ovsdb.ovn_client [None req-d29b10a6-2eee-414c-9d3b-db23914ab104 - - - - - -] No hosting information found for port 775c96bd-0b2d-498b-a29c-79026245737f: RuntimeError: No hosting information found for port 775c96bd-0b2d-498b-a29c-79026245737f
2026-07-02 11:18:33.379 10 INFO neutron.plugins.ml2.drivers.ovn.mech_driver.mech_driver [None req-d29b10a6-2eee-414c-9d3b-db23914ab104 - - - - - -] OVN reports status down for port: b2226908-60e4-4b6f-8b81-a84070577030
2026-07-02 11:18:34.108 9 INFO neutron.wsgi [None req-daba76b5-e63f-4c2a-ae92-837519aca134 f63d376226924d07afc233b4405cc6eb b4b9170b6db24199867095bad6c1b95f - - default default] 10.0.0.104 "DELETE /v2.0/routers/16b85819-3436-4190-9477-0bca70926809 HTTP/1.1" status: 204 len: 168 time: 0.8710625 /var/lib/openstack/lib/python3.10/site-packages/pycadf/identifier.py:71: UserWarning: Invalid uuid: neutron. To ensure interoperability, identifiers should be a valid uuid. warnings.warn(('Invalid uuid: %s. To ensure interoperability, '
2026-07-02 11:18:34.136 9 INFO neutron.db.ovn_revision_numbers_db [None req-4f79c44a-f88a-493f-960f-9337b6b4484f f63d376226924d07afc233b4405cc6eb b4b9170b6db24199867095bad6c1b95f - - default default] Successfully bumped revision number for resource 23e95732-2e40-45ba-bc39-39b3ae3a7fe7 (type: security_groups) to 1
2026-07-02 11:18:34.155 9 INFO neutron.db.ovn_revision_numbers_db [None req-4f79c44a-f88a-493f-960f-9337b6b4484f f63d376226924d07afc233b4405cc6eb b4b9170b6db24199867095bad6c1b95f - - default default] Successfully bumped revision number for resource 7f81ad17-6c81-47c9-9bbf-f3885f773810 (type: security_group_rules) to 0
2026-07-02 11:18:34.171 9 INFO neutron.db.ovn_revision_numbers_db [None req-4f79c44a-f88a-493f-960f-9337b6b4484f f63d376226924d07afc233b4405cc6eb b4b9170b6db24199867095bad6c1b95f - - default default] Successfully bumped revision number for resource b15c8a91-a466-47b7-a34e-b1288e8cdd98 (type: security_group_rules) to 0
2026-07-02 11:18:34.187 9 INFO neutron.db.ovn_revision_numbers_db [None req-4f79c44a-f88a-493f-960f-9337b6b4484f f63d376226924d07afc233b4405cc6eb b4b9170b6db24199867095bad6c1b95f - - default default] Successfully bumped revision number for resource c0857783-bba5-4cd9-b79d-4db5f751dc5c (type: security_group_rules) to 0
2026-07-02 11:18:34.202 9 INFO neutron.db.ovn_revision_numbers_db [None req-4f79c44a-f88a-493f-960f-9337b6b4484f f63d376226924d07afc233b4405cc6eb b4b9170b6db24199867095bad6c1b95f - - default default] Successfully bumped revision number for resource dcbc7b25-b1c8-4358-a7cf-efbc019db662 (type: security_group_rules) to 0
2026-07-02 11:18:34.251 9 INFO neutron.db.segments_db [None req-4f79c44a-f88a-493f-960f-9337b6b4484f f63d376226924d07afc233b4405cc6eb b4b9170b6db24199867095bad6c1b95f - - default default] Added segment f5a8f67f-246d-491d-8188-2334b5009255 of type geneve for network 0f2bfdf8-7dae-4b5f-b883-aadef9d1744c
2026-07-02 11:18:34.307 10 INFO neutron.wsgi [None req-ca164742-8ea6-49fb-b641-0f1d067ed113 f63d376226924d07afc233b4405cc6eb b4b9170b6db24199867095bad6c1b95f - - default default] 10.0.0.104 "DELETE /v2.0/subnets/ebbd8709-fe2b-497c-98bf-12c9273388e4 HTTP/1.1" status: 204 len: 168 time: 0.1936102
2026-07-02 11:18:34.418 9 INFO neutron.db.ovn_revision_numbers_db [None req-4f79c44a-f88a-493f-960f-9337b6b4484f f63d376226924d07afc233b4405cc6eb b4b9170b6db24199867095bad6c1b95f - - default default] Successfully bumped revision number for resource 0f2bfdf8-7dae-4b5f-b883-aadef9d1744c (type: networks) to 1
2026-07-02 11:18:34.616 9 WARNING neutron.scheduler.dhcp_agent_scheduler [None req-4f79c44a-f88a-493f-960f-9337b6b4484f f63d376226924d07afc233b4405cc6eb b4b9170b6db24199867095bad6c1b95f - - default default] No more DHCP agents
2026-07-02 11:18:34.619 9 WARNING neutron.api.rpc.agentnotifiers.dhcp_rpc_agent_api [None req-4f79c44a-f88a-493f-960f-9337b6b4484f f63d376226924d07afc233b4405cc6eb b4b9170b6db24199867095bad6c1b95f - - default default] Unable to schedule network 0f2bfdf8-7dae-4b5f-b883-aadef9d1744c: no agents available; will retry on subsequent port and subnet creation events.
2026-07-02 11:18:34.661 10 INFO neutron.services.segments.plugin [-] Segment fc505743-7b09-456f-9ca1-b5879d408737 resource provider aggregate not found
2026-07-02 11:18:34.667 10 INFO neutron.services.segments.plugin [-] Segment fc505743-7b09-456f-9ca1-b5879d408737 resource provider aggregate not found
2026-07-02 11:18:34.670 9 WARNING neutron_lib.context [None req-f2c7fe50-1189-40f3-b674-c078f7b3bcb6 c31f5b4432dd4d989a0d0621f709800d ed73bc22b7a644b7a7c6ccb7d0fad344 - - default default] Method 'is_advsvc' is deprecated since 2023.2 release (neutron-lib 3.8.0) and will be removed once support for the old RBAC API policies will be removed from Neutron. Please use method 'is_service_role' instead.
2026-07-02 11:18:34.675 10 INFO neutron.services.segments.plugin [-] Segment fc505743-7b09-456f-9ca1-b5879d408737 resource provider not found; error: Placement Client Error (4xx): {"errors": [{"status": 404, "title": "Not Found", "detail": "The resource could not be found.\n\n No resource provider with uuid fc505743-7b09-456f-9ca1-b5879d408737 found for delete ", "request_id": "req-22a3138b-943d-4c46-9ef6-7449a8421c57"}]}
2026-07-02 11:18:34.689 10 INFO neutron.services.segments.plugin [-] Segment fc505743-7b09-456f-9ca1-b5879d408737 resource provider not found; error: Placement Client Error (4xx): {"errors": [{"status": 404, "title": "Not Found", "detail": "The resource could not be found.\n\n No resource provider with uuid fc505743-7b09-456f-9ca1-b5879d408737 found for delete ", "request_id": "req-656fb4c6-8261-435e-835b-e45de41f02fd"}]}
2026-07-02 11:18:34.715 10 INFO neutron.wsgi [None req-5db37e68-819d-46dd-833f-d995530e52b5 f63d376226924d07afc233b4405cc6eb b4b9170b6db24199867095bad6c1b95f - - default default] 10.0.0.104 "DELETE /v2.0/networks/e987c670-783f-4e53-a0cd-1e6ced10f869 HTTP/1.1" status: 204 len: 168 time: 0.4035110
2026-07-02 11:18:34.739 9 INFO neutron.db.ovn_revision_numbers_db [None req-4f79c44a-f88a-493f-960f-9337b6b4484f f63d376226924d07afc233b4405cc6eb b4b9170b6db24199867095bad6c1b95f - - default default] Successfully bumped revision number for resource 4feccf21-d34c-4eb7-b228-d31d22857c95 (type: ports) to 1
2026-07-02 11:18:34.764 9 INFO neutron.wsgi [None req-4f79c44a-f88a-493f-960f-9337b6b4484f f63d376226924d07afc233b4405cc6eb b4b9170b6db24199867095bad6c1b95f - - default default] 10.0.0.104 "POST /v2.0/networks HTTP/1.1" status: 201 len: 946 time: 1.0797105
2026-07-02 11:18:34.836 9 INFO neutron.db.ovn_revision_numbers_db [None req-f2c7fe50-1189-40f3-b674-c078f7b3bcb6 c31f5b4432dd4d989a0d0621f709800d ed73bc22b7a644b7a7c6ccb7d0fad344 - - default default] Successfully bumped revision number for resource 5d67f17d-07f1-4e1a-8bdc-a192cf21473e (type: security_groups) to 1
2026-07-02 11:18:34.849 9 INFO neutron.db.ovn_revision_numbers_db [None req-f2c7fe50-1189-40f3-b674-c078f7b3bcb6 c31f5b4432dd4d989a0d0621f709800d ed73bc22b7a644b7a7c6ccb7d0fad344 - - default default] Successfully bumped revision number for resource 460b8af6-6b00-4419-b152-46c428b1fc76 (type: security_group_rules) to 0
2026-07-02 11:18:34.863 9 INFO neutron.db.ovn_revision_numbers_db [None req-f2c7fe50-1189-40f3-b674-c078f7b3bcb6 c31f5b4432dd4d989a0d0621f709800d ed73bc22b7a644b7a7c6ccb7d0fad344 - - default default] Successfully bumped revision number for resource 74e2e5a5-ebf9-4357-a96f-cd90e3d58cf2 (type: security_group_rules) to 0
2026-07-02 11:18:34.879 9 INFO neutron.db.ovn_revision_numbers_db [None req-f2c7fe50-1189-40f3-b674-c078f7b3bcb6 c31f5b4432dd4d989a0d0621f709800d ed73bc22b7a644b7a7c6ccb7d0fad344 - - default default] Successfully bumped revision number for resource a0747855-273c-45ea-9caa-184c04475ba0 (type: security_group_rules) to 0
2026-07-02 11:18:34.891 9 INFO neutron.db.ovn_revision_numbers_db [None req-f2c7fe50-1189-40f3-b674-c078f7b3bcb6 c31f5b4432dd4d989a0d0621f709800d ed73bc22b7a644b7a7c6ccb7d0fad344 - - default default] Successfully bumped revision number for resource c3ca2d83-9747-477f-a334-574319ec3560 (type: security_group_rules) to 0
2026-07-02 11:18:34.892 10 INFO neutron.wsgi [None req-0d71cc2f-d3ec-4b14-b10f-05efb6d3039e f63d376226924d07afc233b4405cc6eb b4b9170b6db24199867095bad6c1b95f - - default default] 10.0.0.104 "GET /v2.0/security-groups?tenant_id=c3268db556024410af098b367da6fc42&name=default HTTP/1.1" status: 200 len: 3116 time: 0.0467279
2026-07-02 11:18:34.940 9 INFO neutron.db.segments_db [None req-f2c7fe50-1189-40f3-b674-c078f7b3bcb6 c31f5b4432dd4d989a0d0621f709800d ed73bc22b7a644b7a7c6ccb7d0fad344 - - default default] Added segment a18ef5bd-f671-4362-b7ad-1f181c4870bf of type geneve for network f2611290-3ea5-4fde-9010-2a82eccd0c29
2026-07-02 11:18:34.962 10 WARNING neutron.scheduler.dhcp_agent_scheduler [None req-d7f28472-50cc-4e12-adee-cab055f569cc f63d376226924d07afc233b4405cc6eb b4b9170b6db24199867095bad6c1b95f - - default default] No more DHCP agents
2026-07-02 11:18:34.963 10 WARNING neutron.api.rpc.agentnotifiers.dhcp_rpc_agent_api [None req-d7f28472-50cc-4e12-adee-cab055f569cc f63d376226924d07afc233b4405cc6eb b4b9170b6db24199867095bad6c1b95f - - default default] Unable to schedule network 0f2bfdf8-7dae-4b5f-b883-aadef9d1744c: no agents available; will retry on subsequent port and subnet creation events.
2026-07-02 11:18:35.134 9 INFO neutron.db.ovn_revision_numbers_db [None req-f2c7fe50-1189-40f3-b674-c078f7b3bcb6 c31f5b4432dd4d989a0d0621f709800d ed73bc22b7a644b7a7c6ccb7d0fad344 - - default default] Successfully bumped revision number for resource f2611290-3ea5-4fde-9010-2a82eccd0c29 (type: networks) to 1
2026-07-02 11:18:35.234 10 INFO neutron.wsgi [None req-f450294e-ff66-4edd-a311-66724ebbe833 f63d376226924d07afc233b4405cc6eb b4b9170b6db24199867095bad6c1b95f - - default default] 10.0.0.104 "DELETE /v2.0/security-groups/82c13d7a-9b1c-4ad3-81ce-a3667b185e46 HTTP/1.1" status: 204 len: 168 time: 0.3366802
2026-07-02 11:18:35.340 9 WARNING neutron.scheduler.dhcp_agent_scheduler [None req-f2c7fe50-1189-40f3-b674-c078f7b3bcb6 c31f5b4432dd4d989a0d0621f709800d ed73bc22b7a644b7a7c6ccb7d0fad344 - - default default] No more DHCP agents
2026-07-02 11:18:35.342 9 WARNING neutron.api.rpc.agentnotifiers.dhcp_rpc_agent_api [None req-f2c7fe50-1189-40f3-b674-c078f7b3bcb6 c31f5b4432dd4d989a0d0621f709800d ed73bc22b7a644b7a7c6ccb7d0fad344 - - default default] Unable to schedule network f2611290-3ea5-4fde-9010-2a82eccd0c29: no agents available; will retry on subsequent port and subnet creation events.
2026-07-02 11:18:35.443 9 INFO neutron.db.ovn_revision_numbers_db [None req-f2c7fe50-1189-40f3-b674-c078f7b3bcb6 c31f5b4432dd4d989a0d0621f709800d ed73bc22b7a644b7a7c6ccb7d0fad344 - - default default] Successfully bumped revision number for resource 74007d8e-909c-4854-866c-afa3bf80bdab (type: ports) to 1
2026-07-02 11:18:35.474 9 INFO neutron.wsgi [None req-f2c7fe50-1189-40f3-b674-c078f7b3bcb6 c31f5b4432dd4d989a0d0621f709800d ed73bc22b7a644b7a7c6ccb7d0fad344 - - default default] 10.0.0.104 "POST /v2.0/networks HTTP/1.1" status: 201 len: 829 time: 0.9055939
2026-07-02 11:18:35.490 9 WARNING neutron_lib.context [None req-7a18eb1e-c53f-4eb1-85b0-1c315b878827 c31f5b4432dd4d989a0d0621f709800d ed73bc22b7a644b7a7c6ccb7d0fad344 - - default default] Method 'is_advsvc' is deprecated since 2023.2 release (neutron-lib 3.8.0) and will be removed once support for the old RBAC API policies will be removed from Neutron. Please use method 'is_service_role' instead.
2026-07-02 11:18:35.558 10 INFO neutron.db.ovn_revision_numbers_db [None req-d7f28472-50cc-4e12-adee-cab055f569cc f63d376226924d07afc233b4405cc6eb b4b9170b6db24199867095bad6c1b95f - - default default] Successfully bumped revision number for resource 4feccf21-d34c-4eb7-b228-d31d22857c95 (type: ports) to 2
2026-07-02 11:18:35.585 9 INFO neutron.db.segments_db [None req-7a18eb1e-c53f-4eb1-85b0-1c315b878827 c31f5b4432dd4d989a0d0621f709800d ed73bc22b7a644b7a7c6ccb7d0fad344 - - default default] Added segment b4f4311f-daa0-484f-b4c6-b89b9ee63259 of type geneve for network 15429f5d-a448-4e0a-88f1-22c661f1de57
2026-07-02 11:18:35.610 10 INFO neutron.db.ovn_revision_numbers_db [None req-d7f28472-50cc-4e12-adee-cab055f569cc f63d376226924d07afc233b4405cc6eb b4b9170b6db24199867095bad6c1b95f - - default default] Successfully bumped revision number for resource 8df64a2a-8024-4a3d-b2b5-d52f7aaf6d72 (type: subnets) to 0
2026-07-02 11:18:35.628 10 INFO neutron.wsgi [None req-d7f28472-50cc-4e12-adee-cab055f569cc f63d376226924d07afc233b4405cc6eb b4b9170b6db24199867095bad6c1b95f - - default default] 10.0.0.104 "POST /v2.0/subnets HTTP/1.1" status: 201 len: 866 time: 0.8577244
2026-07-02 11:18:35.741 9 INFO neutron.db.ovn_revision_numbers_db [None req-7a18eb1e-c53f-4eb1-85b0-1c315b878827 c31f5b4432dd4d989a0d0621f709800d ed73bc22b7a644b7a7c6ccb7d0fad344 - - default default] Successfully bumped revision number for resource 15429f5d-a448-4e0a-88f1-22c661f1de57 (type: networks) to 1
2026-07-02 11:18:35.914 9 WARNING neutron.scheduler.dhcp_agent_scheduler [None req-7a18eb1e-c53f-4eb1-85b0-1c315b878827 c31f5b4432dd4d989a0d0621f709800d ed73bc22b7a644b7a7c6ccb7d0fad344 - - default default] No more DHCP agents
2026-07-02 11:18:35.916 9 WARNING neutron.api.rpc.agentnotifiers.dhcp_rpc_agent_api [None req-7a18eb1e-c53f-4eb1-85b0-1c315b878827 c31f5b4432dd4d989a0d0621f709800d ed73bc22b7a644b7a7c6ccb7d0fad344 - - default default] Unable to schedule network 15429f5d-a448-4e0a-88f1-22c661f1de57: no agents available; will retry on subsequent port and subnet creation events.
2026-07-02 11:18:35.999 9 INFO neutron.db.ovn_revision_numbers_db [None req-7a18eb1e-c53f-4eb1-85b0-1c315b878827 c31f5b4432dd4d989a0d0621f709800d ed73bc22b7a644b7a7c6ccb7d0fad344 - - default default] Successfully bumped revision number for resource c73f7d21-5a8e-4e1a-a193-3260feab2cbc (type: ports) to 1
2026-07-02 11:18:36.028 9 INFO neutron.wsgi [None req-7a18eb1e-c53f-4eb1-85b0-1c315b878827 c31f5b4432dd4d989a0d0621f709800d ed73bc22b7a644b7a7c6ccb7d0fad344 - - default default] 10.0.0.104 "POST /v2.0/networks HTTP/1.1" status: 201 len: 828 time: 0.5454798
2026-07-02 11:18:36.041 10 WARNING neutron_lib.context [None req-3a453e36-7407-46c8-8537-cf0de5a0fb04 c31f5b4432dd4d989a0d0621f709800d ed73bc22b7a644b7a7c6ccb7d0fad344 - - default default] Method 'is_advsvc' is deprecated since 2023.2 release (neutron-lib 3.8.0) and will be removed once support for the old RBAC API policies will be removed from Neutron. Please use method 'is_service_role' instead.
2026-07-02 11:18:36.186 10 WARNING neutron.scheduler.dhcp_agent_scheduler [None req-85e9a230-3409-42b6-b7d1-f93135ccccc7 f63d376226924d07afc233b4405cc6eb b4b9170b6db24199867095bad6c1b95f - - default default] No more DHCP agents
2026-07-02 11:18:36.191 10 WARNING neutron.api.rpc.agentnotifiers.dhcp_rpc_agent_api [None req-85e9a230-3409-42b6-b7d1-f93135ccccc7 f63d376226924d07afc233b4405cc6eb b4b9170b6db24199867095bad6c1b95f - - default default] Unable to schedule network 7dba4a88-12fc-43ab-8cec-fbe77622f4f5: no agents available; will retry on subsequent port and subnet creation events.
2026-07-02 11:18:36.226 9 INFO neutron.wsgi [req-c3e0c427-36d2-4497-9b28-f0eea3cbb355 req-18c401e9-051a-463e-ad8a-e7f94234c2f3 05b379ea3513461bbcba0952445a6ab2 5d9edaced78b42b8854e0858a17b945a - - default default] 10.0.0.32 "GET /v2.0/security-groups?name=tempest-securitygroup--1297067723&fields=id&tenant_id=5d9edaced78b42b8854e0858a17b945a HTTP/1.1" status: 200 len: 267 time: 0.0492375
2026-07-02 11:18:36.302 9 INFO neutron.wsgi [req-c3e0c427-36d2-4497-9b28-f0eea3cbb355 req-4998a898-30de-4ff7-b1b7-a7d9b682f687 05b379ea3513461bbcba0952445a6ab2 5d9edaced78b42b8854e0858a17b945a - - default default] 10.0.0.32 "GET /v2.0/networks?id=2f1398e9-80be-4fd5-a802-47e613df13e7 HTTP/1.1" status: 200 len: 878 time: 0.0667615
2026-07-02 11:18:36.318 9 INFO neutron.wsgi [req-c3e0c427-36d2-4497-9b28-f0eea3cbb355 req-04b1762f-f709-4a3d-b39b-c0482add7f0d 05b379ea3513461bbcba0952445a6ab2 5d9edaced78b42b8854e0858a17b945a - - default default] 10.0.0.32 "GET /v2.0/quotas/5d9edaced78b42b8854e0858a17b945a HTTP/1.1" status: 200 len: 491 time: 0.0086181
2026-07-02 11:18:36.410 10 WARNING neutron.scheduler.dhcp_agent_scheduler [None req-3a453e36-7407-46c8-8537-cf0de5a0fb04 c31f5b4432dd4d989a0d0621f709800d ed73bc22b7a644b7a7c6ccb7d0fad344 - - default default] No more DHCP agents
2026-07-02 11:18:36.412 10 WARNING neutron.api.rpc.agentnotifiers.dhcp_rpc_agent_api [None req-3a453e36-7407-46c8-8537-cf0de5a0fb04 c31f5b4432dd4d989a0d0621f709800d ed73bc22b7a644b7a7c6ccb7d0fad344 - - default default] Unable to schedule network f2611290-3ea5-4fde-9010-2a82eccd0c29: no agents available; will retry on subsequent port and subnet creation events.
2026-07-02 11:18:36.414 10 INFO neutron.db.ovn_revision_numbers_db [None req-85e9a230-3409-42b6-b7d1-f93135ccccc7 f63d376226924d07afc233b4405cc6eb b4b9170b6db24199867095bad6c1b95f - - default default] Successfully bumped revision number for resource 36d97f8b-f137-44a8-974c-678723ef3f1f (type: ports) to 1
2026-07-02 11:18:36.416 9 INFO neutron.wsgi [req-c3e0c427-36d2-4497-9b28-f0eea3cbb355 req-c68461cc-24c8-4343-8759-6e6cf97e2f0d 05b379ea3513461bbcba0952445a6ab2 5d9edaced78b42b8854e0858a17b945a - - default default] 10.0.0.32 "GET /v2.0/ports?tenant_id=5d9edaced78b42b8854e0858a17b945a&fields=id HTTP/1.1" status: 200 len: 302 time: 0.0921409
2026-07-02 11:18:36.477 9 INFO neutron.wsgi [req-c3e0c427-36d2-4497-9b28-f0eea3cbb355 req-a9253799-c476-43af-bed1-6cf8ad8c0b66 5bd755704184419da7b2936b6a506c52 a8e519893ec1464d8b3cd5c14e0324a3 - - d91fc6351bc54adca7c884a8cd6efd02 d91fc6351bc54adca7c884a8cd6efd02] 10.0.0.32 "GET /v2.0/networks/2f1398e9-80be-4fd5-a802-47e613df13e7?fields=segments HTTP/1.1" status: 200 len: 212 time: 0.0514848
2026-07-02 11:18:36.552 9 INFO neutron.wsgi [req-c3e0c427-36d2-4497-9b28-f0eea3cbb355 req-70ffc2f4-16f4-431e-8ee6-6b044bd2ec23 5bd755704184419da7b2936b6a506c52 a8e519893ec1464d8b3cd5c14e0324a3 - - d91fc6351bc54adca7c884a8cd6efd02 d91fc6351bc54adca7c884a8cd6efd02] 10.0.0.32 "GET /v2.0/networks/2f1398e9-80be-4fd5-a802-47e613df13e7?fields=provider%3Aphysical_network&fields=provider%3Anetwork_type HTTP/1.1" status: 200 len: 277 time: 0.0703826
2026-07-02 11:18:36.988 10 INFO neutron.wsgi [req-6469dae9-3a06-4686-b4ca-4f7b8e7fd873 req-e47a42c2-fa9c-498d-bbc0-facb878e6d27 05b379ea3513461bbcba0952445a6ab2 5d9edaced78b42b8854e0858a17b945a - - default default] 10.0.0.32 "GET /v2.0/ports?device_id=0f47c291-0726-4a27-bc6c-0eb653875917 HTTP/1.1" status: 200 len: 210 time: 0.0284231
2026-07-02 11:18:37.344 10 INFO neutron.db.ovn_revision_numbers_db [None req-3a453e36-7407-46c8-8537-cf0de5a0fb04 c31f5b4432dd4d989a0d0621f709800d ed73bc22b7a644b7a7c6ccb7d0fad344 - - default default] Successfully bumped revision number for resource 74007d8e-909c-4854-866c-afa3bf80bdab (type: ports) to 2
2026-07-02 11:18:37.358 9 INFO neutron.db.ovn_revision_numbers_db [None req-e1de3bde-410e-455e-8c90-aeb5c306eb1b f63d376226924d07afc233b4405cc6eb b4b9170b6db24199867095bad6c1b95f - - default default] Successfully bumped revision number for resource a0263092-d37a-4a20-be8f-19d56e0dca38 (type: security_groups) to 1
2026-07-02 11:18:37.373 9 INFO neutron.db.ovn_revision_numbers_db [None req-e1de3bde-410e-455e-8c90-aeb5c306eb1b f63d376226924d07afc233b4405cc6eb b4b9170b6db24199867095bad6c1b95f - - default default] Successfully bumped revision number for resource 03b59446-cf93-4d33-9d6a-ef12cde64311 (type: security_group_rules) to 0
2026-07-02 11:18:37.394 10 INFO neutron.db.ovn_revision_numbers_db [None req-3a453e36-7407-46c8-8537-cf0de5a0fb04 c31f5b4432dd4d989a0d0621f709800d ed73bc22b7a644b7a7c6ccb7d0fad344 - - default default] Successfully bumped revision number for resource 557a7c71-2a9f-4c8f-b03d-d3bb119d2e8e (type: subnets) to 0
2026-07-02 11:18:37.395 9 INFO neutron.db.ovn_revision_numbers_db [None req-e1de3bde-410e-455e-8c90-aeb5c306eb1b f63d376226924d07afc233b4405cc6eb b4b9170b6db24199867095bad6c1b95f - - default default] Successfully bumped revision number for resource 058db72b-246e-43e0-86fb-165c6c1a79c1 (type: security_group_rules) to 0
2026-07-02 11:18:37.413 10 INFO neutron.wsgi [None req-3a453e36-7407-46c8-8537-cf0de5a0fb04 c31f5b4432dd4d989a0d0621f709800d ed73bc22b7a644b7a7c6ccb7d0fad344 - - default default] 10.0.0.104 "POST /v2.0/subnets HTTP/1.1" status: 201 len: 801 time: 1.3801801
2026-07-02 11:18:37.414 9 INFO neutron.db.ovn_revision_numbers_db [None req-e1de3bde-410e-455e-8c90-aeb5c306eb1b f63d376226924d07afc233b4405cc6eb b4b9170b6db24199867095bad6c1b95f - - default default] Successfully bumped revision number for resource 6838632b-ec1d-4d52-886a-6ccce6ff4dd2 (type: security_group_rules) to 0
2026-07-02 11:18:37.427 9 WARNING neutron_lib.context [None req-a8eb50f2-aa59-40aa-ac7b-bcef37bf21e0 c31f5b4432dd4d989a0d0621f709800d ed73bc22b7a644b7a7c6ccb7d0fad344 - - default default] Method 'is_advsvc' is deprecated since 2023.2 release (neutron-lib 3.8.0) and will be removed once support for the old RBAC API policies will be removed from Neutron. Please use method 'is_service_role' instead.
2026-07-02 11:18:37.447 9 INFO neutron.db.ovn_revision_numbers_db [None req-e1de3bde-410e-455e-8c90-aeb5c306eb1b f63d376226924d07afc233b4405cc6eb b4b9170b6db24199867095bad6c1b95f - - default default] Successfully bumped revision number for resource e7307aae-ccde-40cb-af4f-d7f9e6fad2ba (type: security_group_rules) to 0
2026-07-02 11:18:37.460 10 INFO neutron.plugins.ml2.drivers.ovn.mech_driver.ovsdb.commands [None req-9e7e3c20-ded6-4763-9261-2c862122cf48 - - - - - -] Schedule LRP lrp-36d97f8b-f137-44a8-974c-678723ef3f1f on gateway bb383729-2780-416e-a3b2-bc4909aa93e9 with priority 1
2026-07-02 11:18:37.469 10 INFO neutron.plugins.ml2.drivers.ovn.mech_driver.mech_driver [None req-d29b10a6-2eee-414c-9d3b-db23914ab104 - - - - - -] OVN reports status up for port: 36d97f8b-f137-44a8-974c-678723ef3f1f
2026-07-02 11:18:37.497 10 INFO neutron.plugins.ml2.drivers.ovn.mech_driver.ovsdb.ovsdb_monitor [None req-57ece152-f378-422c-a484-3bc3c5f7fb34 - - - - - -] Router 97f8321e-f76b-4049-a4b6-bb4764bf38f6 is bound to host instance
2026-07-02 11:18:37.502 10 INFO neutron.plugins.ml2.plugin [None req-d29b10a6-2eee-414c-9d3b-db23914ab104 - - - - - -] Attempt 1 to provision port 36d97f8b-f137-44a8-974c-678723ef3f1f
2026-07-02 11:18:37.511 9 INFO neutron.db.segments_db [None req-e1de3bde-410e-455e-8c90-aeb5c306eb1b f63d376226924d07afc233b4405cc6eb b4b9170b6db24199867095bad6c1b95f - - default default] Added segment f30ed9df-6394-4bad-b2bc-2814c930bd71 of type geneve for network 15e676a4-bd79-483d-b9e5-448824b63b50
2026-07-02 11:18:37.546 10 INFO neutron.db.ovn_revision_numbers_db [None req-85e9a230-3409-42b6-b7d1-f93135ccccc7 f63d376226924d07afc233b4405cc6eb b4b9170b6db24199867095bad6c1b95f - - default default] Successfully bumped revision number for resource 36d97f8b-f137-44a8-974c-678723ef3f1f (type: router_ports) to 1
2026-07-02 11:18:37.681 10 INFO neutron.db.ovn_revision_numbers_db [None req-85e9a230-3409-42b6-b7d1-f93135ccccc7 f63d376226924d07afc233b4405cc6eb b4b9170b6db24199867095bad6c1b95f - - default default] Successfully bumped revision number for resource 97f8321e-f76b-4049-a4b6-bb4764bf38f6 (type: routers) to 2
2026-07-02 11:18:37.705 10 INFO neutron.wsgi [None req-85e9a230-3409-42b6-b7d1-f93135ccccc7 f63d376226924d07afc233b4405cc6eb b4b9170b6db24199867095bad6c1b95f - - default default] 10.0.0.104 "POST /v2.0/routers HTTP/1.1" status: 201 len: 1168 time: 2.0661049
2026-07-02 11:18:38.045 9 INFO neutron.wsgi [req-c3e0c427-36d2-4497-9b28-f0eea3cbb355 req-ea4c5b82-8cbe-4ebe-8411-1a60900f724b 05b379ea3513461bbcba0952445a6ab2 5d9edaced78b42b8854e0858a17b945a - - default default] 199.19.213.216 "GET /v2.0/networks?id=2f1398e9-80be-4fd5-a802-47e613df13e7 HTTP/1.1" status: 200 len: 878 time: 0.1340015
2026-07-02 11:18:38.146 9 INFO neutron.wsgi [req-f5f3521c-f07c-4abb-bb78-f9f342420d61 req-903b3b01-70f7-40dc-a37b-b7d71ac3c6cc 05b379ea3513461bbcba0952445a6ab2 5d9edaced78b42b8854e0858a17b945a - - default default] 10.0.0.32 "GET /v2.0/ports?device_id=0f47c291-0726-4a27-bc6c-0eb653875917 HTTP/1.1" status: 200 len: 210 time: 0.0843165
2026-07-02 11:18:38.200 9 INFO neutron.wsgi [req-c3e0c427-36d2-4497-9b28-f0eea3cbb355 req-c643949c-2c8e-4105-bad1-6a03ca46f5a6 05b379ea3513461bbcba0952445a6ab2 5d9edaced78b42b8854e0858a17b945a - - default default] 199.19.213.216 "GET /v2.0/security-groups?fields=id&fields=name&tenant_id=5d9edaced78b42b8854e0858a17b945a HTTP/1.1" status: 200 len: 380 time: 0.1492593
2026-07-02 11:18:38.226 9 WARNING neutron_lib.context [req-c3e0c427-36d2-4497-9b28-f0eea3cbb355 req-89089be4-fa1d-4387-8ada-bad22a6fe303 05b379ea3513461bbcba0952445a6ab2 5d9edaced78b42b8854e0858a17b945a - - default default] Method 'is_advsvc' is deprecated since 2023.2 release (neutron-lib 3.8.0) and will be removed once support for the old RBAC API policies will be removed from Neutron. Please use method 'is_service_role' instead.
2026-07-02 11:18:38.252 9 INFO neutron.db.ovn_revision_numbers_db [None req-e1de3bde-410e-455e-8c90-aeb5c306eb1b f63d376226924d07afc233b4405cc6eb b4b9170b6db24199867095bad6c1b95f - - default default] Successfully bumped revision number for resource 15e676a4-bd79-483d-b9e5-448824b63b50 (type: networks) to 1
2026-07-02 11:18:38.368 9 WARNING neutron.scheduler.dhcp_agent_scheduler [None req-a8eb50f2-aa59-40aa-ac7b-bcef37bf21e0 c31f5b4432dd4d989a0d0621f709800d ed73bc22b7a644b7a7c6ccb7d0fad344 - - default default] No more DHCP agents
2026-07-02 11:18:38.373 9 WARNING neutron.api.rpc.agentnotifiers.dhcp_rpc_agent_api [None req-a8eb50f2-aa59-40aa-ac7b-bcef37bf21e0 c31f5b4432dd4d989a0d0621f709800d ed73bc22b7a644b7a7c6ccb7d0fad344 - - default default] Unable to schedule network 15429f5d-a448-4e0a-88f1-22c661f1de57: no agents available; will retry on subsequent port and subnet creation events.
2026-07-02 11:18:38.562 9 WARNING neutron.scheduler.dhcp_agent_scheduler [None req-e1de3bde-410e-455e-8c90-aeb5c306eb1b f63d376226924d07afc233b4405cc6eb b4b9170b6db24199867095bad6c1b95f - - default default] No more DHCP agents
2026-07-02 11:18:38.586 9 WARNING neutron.api.rpc.agentnotifiers.dhcp_rpc_agent_api [None req-e1de3bde-410e-455e-8c90-aeb5c306eb1b f63d376226924d07afc233b4405cc6eb b4b9170b6db24199867095bad6c1b95f - - default default] Unable to schedule network 15e676a4-bd79-483d-b9e5-448824b63b50: no agents available; will retry on subsequent port and subnet creation events.
2026-07-02 11:18:38.594 10 WARNING neutron.scheduler.dhcp_agent_scheduler [None req-dcc4c548-284d-4ec2-94c5-779c4189b84d f63d376226924d07afc233b4405cc6eb b4b9170b6db24199867095bad6c1b95f - - default default] No more DHCP agents
2026-07-02 11:18:38.599 10 WARNING neutron.api.rpc.agentnotifiers.dhcp_rpc_agent_api [None req-dcc4c548-284d-4ec2-94c5-779c4189b84d f63d376226924d07afc233b4405cc6eb b4b9170b6db24199867095bad6c1b95f - - default default] Unable to schedule network 0f2bfdf8-7dae-4b5f-b883-aadef9d1744c: no agents available; will retry on subsequent port and subnet creation events.
2026-07-02 11:18:38.650 10 INFO neutron.db.ovn_revision_numbers_db [None req-57ece152-f378-422c-a484-3bc3c5f7fb34 - - - - - -] Successfully bumped revision number for resource 36d97f8b-f137-44a8-974c-678723ef3f1f (type: ports) to 1
2026-07-02 11:18:38.773 9 INFO neutron.db.ovn_revision_numbers_db [None req-e1de3bde-410e-455e-8c90-aeb5c306eb1b f63d376226924d07afc233b4405cc6eb b4b9170b6db24199867095bad6c1b95f - - default default] Successfully bumped revision number for resource d2fdcb74-59ac-4800-b163-de87efea0651 (type: ports) to 1
2026-07-02 11:18:38.806 10 INFO neutron.db.ovn_revision_numbers_db [None req-dcc4c548-284d-4ec2-94c5-779c4189b84d f63d376226924d07afc233b4405cc6eb b4b9170b6db24199867095bad6c1b95f - - default default] Successfully bumped revision number for resource 5c2fda7f-0bab-479d-b59b-033367059788 (type: ports) to 1
2026-07-02 11:18:38.817 9 INFO neutron.wsgi [None req-e1de3bde-410e-455e-8c90-aeb5c306eb1b f63d376226924d07afc233b4405cc6eb b4b9170b6db24199867095bad6c1b95f - - default default] 10.0.0.104 "POST /v2.0/networks HTTP/1.1" status: 201 len: 948 time: 1.8489966 /var/lib/openstack/lib/python3.10/site-packages/pycadf/identifier.py:71: UserWarning: Invalid uuid: neutron. To ensure interoperability, identifiers should be a valid uuid. warnings.warn(('Invalid uuid: %s. To ensure interoperability, '
2026-07-02 11:18:38.855 9 WARNING neutron.scheduler.dhcp_agent_scheduler [req-c3e0c427-36d2-4497-9b28-f0eea3cbb355 req-89089be4-fa1d-4387-8ada-bad22a6fe303 05b379ea3513461bbcba0952445a6ab2 5d9edaced78b42b8854e0858a17b945a - - default default] No more DHCP agents
2026-07-02 11:18:38.859 9 WARNING neutron.api.rpc.agentnotifiers.dhcp_rpc_agent_api [req-c3e0c427-36d2-4497-9b28-f0eea3cbb355 req-89089be4-fa1d-4387-8ada-bad22a6fe303 05b379ea3513461bbcba0952445a6ab2 5d9edaced78b42b8854e0858a17b945a - - default default] Unable to schedule network 2f1398e9-80be-4fd5-a802-47e613df13e7: no agents available; will retry on subsequent port and subnet creation events.
2026-07-02 11:18:39.135 10 INFO neutron.db.ovn_revision_numbers_db [None req-57ece152-f378-422c-a484-3bc3c5f7fb34 - - - - - -] Successfully bumped revision number for resource 36d97f8b-f137-44a8-974c-678723ef3f1f (type: router_ports) to 3
2026-07-02 11:18:39.141 9 WARNING neutron.scheduler.dhcp_agent_scheduler [None req-970f2cb4-556d-4b5c-8ae2-a95609931449 f63d376226924d07afc233b4405cc6eb b4b9170b6db24199867095bad6c1b95f - - default default] No more DHCP agents
2026-07-02 11:18:39.147 9 WARNING neutron.api.rpc.agentnotifiers.dhcp_rpc_agent_api [None req-970f2cb4-556d-4b5c-8ae2-a95609931449 f63d376226924d07afc233b4405cc6eb b4b9170b6db24199867095bad6c1b95f - - default default] Unable to schedule network 15e676a4-bd79-483d-b9e5-448824b63b50: no agents available; will retry on subsequent port and subnet creation events.
2026-07-02 11:18:39.216 9 INFO neutron.db.ovn_revision_numbers_db [req-c3e0c427-36d2-4497-9b28-f0eea3cbb355 req-89089be4-fa1d-4387-8ada-bad22a6fe303 05b379ea3513461bbcba0952445a6ab2 5d9edaced78b42b8854e0858a17b945a - - default default] Successfully bumped revision number for resource 0d42aa6d-6101-4bfb-9f79-d9056aef423b (type: ports) to 1
2026-07-02 11:18:39.248 9 INFO neutron.wsgi [req-c3e0c427-36d2-4497-9b28-f0eea3cbb355 req-89089be4-fa1d-4387-8ada-bad22a6fe303 05b379ea3513461bbcba0952445a6ab2 5d9edaced78b42b8854e0858a17b945a - - default default] 199.19.213.216 "POST /v2.0/ports HTTP/1.1" status: 201 len: 1158 time: 1.0390851 /var/lib/openstack/lib/python3.10/site-packages/pycadf/identifier.py:71: UserWarning: Invalid uuid: neutron. To ensure interoperability, identifiers should be a valid uuid. warnings.warn(('Invalid uuid: %s. To ensure interoperability, '
2026-07-02 11:18:39.350 9 INFO neutron.db.ovn_revision_numbers_db [None req-a8eb50f2-aa59-40aa-ac7b-bcef37bf21e0 c31f5b4432dd4d989a0d0621f709800d ed73bc22b7a644b7a7c6ccb7d0fad344 - - default default] Successfully bumped revision number for resource c73f7d21-5a8e-4e1a-a193-3260feab2cbc (type: ports) to 2
2026-07-02 11:18:39.376 10 INFO neutron.wsgi [req-6f38e274-b58d-4107-868d-ba405676c52c req-24b68155-853c-4ebc-98d1-d455b7897928 05b379ea3513461bbcba0952445a6ab2 5d9edaced78b42b8854e0858a17b945a - - default default] 10.0.0.32 "GET /v2.0/ports?device_id=0f47c291-0726-4a27-bc6c-0eb653875917 HTTP/1.1" status: 200 len: 1156 time: 0.1602788
2026-07-02 11:18:39.403 9 INFO neutron.db.ovn_revision_numbers_db [None req-a8eb50f2-aa59-40aa-ac7b-bcef37bf21e0 c31f5b4432dd4d989a0d0621f709800d ed73bc22b7a644b7a7c6ccb7d0fad344 - - default default] Successfully bumped revision number for resource ef3f711c-4120-4ed5-929b-db485540c4a1 (type: subnets) to 0
2026-07-02 11:18:39.422 9 INFO neutron.wsgi [None req-a8eb50f2-aa59-40aa-ac7b-bcef37bf21e0 c31f5b4432dd4d989a0d0621f709800d ed73bc22b7a644b7a7c6ccb7d0fad344 - - default default] 10.0.0.104 "POST /v2.0/subnets HTTP/1.1" status: 201 len: 801 time: 2.0018749
2026-07-02 11:18:39.434 9 WARNING neutron_lib.context [None req-ca5f5bf8-0d61-48d2-b49f-79576ecbb87b c31f5b4432dd4d989a0d0621f709800d ed73bc22b7a644b7a7c6ccb7d0fad344 - - default default] Method 'is_advsvc' is deprecated since 2023.2 release (neutron-lib 3.8.0) and will be removed once support for the old RBAC API policies will be removed from Neutron. Please use method 'is_service_role' instead.
2026-07-02 11:18:39.643 9 INFO neutron.db.ovn_revision_numbers_db [None req-ca5f5bf8-0d61-48d2-b49f-79576ecbb87b c31f5b4432dd4d989a0d0621f709800d ed73bc22b7a644b7a7c6ccb7d0fad344 - - default default] Successfully bumped revision number for resource 8a1afe7c-1fea-4265-ab78-2788ebd6bb3f (type: routers) to 1
2026-07-02 11:18:39.668 9 INFO neutron.wsgi [None req-ca5f5bf8-0d61-48d2-b49f-79576ecbb87b c31f5b4432dd4d989a0d0621f709800d ed73bc22b7a644b7a7c6ccb7d0fad344 - - default default] 10.0.0.104 "POST /v2.0/routers HTTP/1.1" status: 201 len: 802 time: 0.2399666
2026-07-02 11:18:39.681 10 INFO neutron.wsgi [req-6f38e274-b58d-4107-868d-ba405676c52c req-bd9268d3-fb7a-4e80-9d60-5b0116d70638 05b379ea3513461bbcba0952445a6ab2 5d9edaced78b42b8854e0858a17b945a - - default default] 10.0.0.32 "GET /v2.0/security-groups?id=fd6a07eb-0299-4c75-803f-2b4846dca2f9&fields=id&fields=name HTTP/1.1" status: 200 len: 313 time: 0.0683293
2026-07-02 11:18:39.817 10 INFO neutron.db.ovn_revision_numbers_db [None req-57ece152-f378-422c-a484-3bc3c5f7fb34 - - - - - -] Successfully bumped revision number for resource 36d97f8b-f137-44a8-974c-678723ef3f1f (type: ports) to 2
2026-07-02 11:18:39.893 10 ERROR ovsdbapp.backend.ovs_idl.command [None req-dcc4c548-284d-4ec2-94c5-779c4189b84d f63d376226924d07afc233b4405cc6eb b4b9170b6db24199867095bad6c1b95f - - default default] Error executing command (DbGetCommand): ovsdbapp.backend.ovs_idl.idlutils.RowNotFound: Cannot find Logical_Router_Port with name=lrp-5c2fda7f-0bab-479d-b59b-033367059788
2026-07-02 11:18:39.893 10 ERROR ovsdbapp.backend.ovs_idl.command
Traceback (most recent call last):
2026-07-02 11:18:39.893 10 ERROR ovsdbapp.backend.ovs_idl.command
File "/var/lib/openstack/lib/python3.10/site-packages/ovsdbapp/backend/ovs_idl/command.py", line 47, in execute
2026-07-02 11:18:39.893 10 ERROR ovsdbapp.backend.ovs_idl.command self.run_idl(None)
2026-07-02 11:18:39.893 10 ERROR ovsdbapp.backend.ovs_idl.command
File "/var/lib/openstack/lib/python3.10/site-packages/ovsdbapp/backend/ovs_idl/command.py", line 235, in run_idl
2026-07-02 11:18:39.893 10 ERROR ovsdbapp.backend.ovs_idl.command record = self.api.lookup(self.table, self.record)
2026-07-02 11:18:39.893 10 ERROR ovsdbapp.backend.ovs_idl.command
File "/var/lib/openstack/lib/python3.10/site-packages/ovsdbapp/backend/ovs_idl/__init__.py", line 184, in lookup
2026-07-02 11:18:39.893 10 ERROR ovsdbapp.backend.ovs_idl.command return self._lookup(table, record)
2026-07-02 11:18:39.893 10 ERROR ovsdbapp.backend.ovs_idl.command
File "/var/lib/openstack/lib/python3.10/site-packages/ovsdbapp/backend/ovs_idl/__init__.py", line 235, in _lookup
