Apr 12 19:34:23.137008 np0000165318 neutron-periodic-workers[105751]: DEBUG cotyledon.oslo_config_glue [-] ml2.overlay_ip_version = 4 {{(pid=105751) log_opt_values /opt/stack/data/venv/lib/python3.12/site-packages/oslo_config/cfg.py:3006}}
Apr 12 19:34:23.137008 np0000165318 neutron-periodic-workers[105751]: DEBUG cotyledon.oslo_config_glue [-] ml2.path_mtu = 0 {{(pid=105751) log_opt_values /opt/stack/data/venv/lib/python3.12/site-packages/oslo_config/cfg.py:3006}}
Apr 12 19:34:23.137204 np0000165318 neutron-periodic-workers[105751]: DEBUG cotyledon.oslo_config_glue [-] ml2.physical_network_mtus = {} {{(pid=105751) log_opt_values /opt/stack/data/venv/lib/python3.12/site-packages/oslo_config/cfg.py:3006}}
Apr 12 19:34:23.137204 np0000165318 neutron-periodic-workers[105751]: DEBUG cotyledon.oslo_config_glue [-] ml2.project_network_types = ['geneve'] {{(pid=105751) log_opt_values /opt/stack/data/venv/lib/python3.12/site-packages/oslo_config/cfg.py:3006}}
Apr 12 19:34:23.137204 np0000165318 neutron-periodic-workers[105751]: DEBUG cotyledon.oslo_config_glue [-] ml2.tunnelled_network_rp_name = rp_tunnelled {{(pid=105751) log_opt_values /opt/stack/data/venv/lib/python3.12/site-packages/oslo_config/cfg.py:3006}}
Apr 12 19:34:23.137204 np0000165318 neutron-periodic-workers[105751]: DEBUG cotyledon.oslo_config_glue [-] ml2.type_drivers = ['local', 'flat', 'vlan', 'geneve'] {{(pid=105751) log_opt_values /opt/stack/data/venv/lib/python3.12/site-packages/oslo_config/cfg.py:3006}}
Apr 12 19:34:23.137204 np0000165318 neutron-periodic-workers[105751]: DEBUG cotyledon.oslo_config_glue [-] ml2_type_flat.flat_networks = ['public'] {{(pid=105751) log_opt_values /opt/stack/data/venv/lib/python3.12/site-packages/oslo_config/cfg.py:3006}}
Apr 12 19:34:23.137204 np0000165318 neutron-periodic-workers[105751]: DEBUG cotyledon.oslo_config_glue [-] ml2_type_geneve.max_header_size = 38 {{(pid=105751) log_opt_values /opt/stack/data/venv/lib/python3.12/site-packages/oslo_config/cfg.py:3006}}
Apr 12 19:34:23.137204 np0000165318 neutron-periodic-workers[105751]: DEBUG cotyledon.oslo_config_glue [-] ml2_type_geneve.vni_ranges = ['1:65536'] {{(pid=105751) log_opt_values /opt/stack/data/venv/lib/python3.12/site-packages/oslo_config/cfg.py:3006}}
Apr 12 19:34:23.137204 np0000165318 neutron-periodic-workers[105751]: DEBUG cotyledon.oslo_config_glue [-] ml2_type_vlan.network_vlan_ranges = ['public'] {{(pid=105751) log_opt_values /opt/stack/data/venv/lib/python3.12/site-packages/oslo_config/cfg.py:3006}}
Apr 12 19:34:23.137204 np0000165318 neutron-periodic-workers[105751]: DEBUG cotyledon.oslo_config_glue [-] network_log.burst_limit = 25 {{(pid=105751) log_opt_values /opt/stack/data/venv/lib/python3.12/site-packages/oslo_config/cfg.py:3006}}
Apr 12 19:34:23.137443 np0000165318 neutron-periodic-workers[105751]: DEBUG cotyledon.oslo_config_glue [-] network_log.local_output_log_base = None {{(pid=105751) log_opt_values /opt/stack/data/venv/lib/python3.12/site-packages/oslo_config/cfg.py:3006}}
Apr 12 19:34:23.137443 np0000165318 neutron-periodic-workers[105751]: DEBUG cotyledon.oslo_config_glue [-] network_log.rate_limit = 100 {{(pid=105751) log_opt_values /opt/stack/data/venv/lib/python3.12/site-packages/oslo_config/cfg.py:3006}}
Apr 12 19:34:23.137443 np0000165318 neutron-periodic-workers[105751]: DEBUG cotyledon.oslo_config_glue [-] database.asyncio_connection = **** {{(pid=105751) log_opt_values /opt/stack/data/venv/lib/python3.12/site-packages/oslo_config/cfg.py:3006}}
Apr 12 19:34:23.137443 np0000165318 neutron-periodic-workers[105751]: DEBUG cotyledon.oslo_config_glue [-] database.asyncio_slave_connection = **** {{(pid=105751) log_opt_values /opt/stack/data/venv/lib/python3.12/site-packages/oslo_config/cfg.py:3006}}
Apr 12 19:34:23.137443 np0000165318 neutron-periodic-workers[105751]: DEBUG cotyledon.oslo_config_glue [-] database.backend = sqlalchemy {{(pid=105751) log_opt_values /opt/stack/data/venv/lib/python3.12/site-packages/oslo_config/cfg.py:3006}}
Apr 12 19:34:23.137443 np0000165318 neutron-periodic-workers[105751]: DEBUG cotyledon.oslo_config_glue [-] database.connection = **** {{(pid=105751) log_opt_values /opt/stack/data/venv/lib/python3.12/site-packages/oslo_config/cfg.py:3006}}
Apr 12 19:34:23.137443 np0000165318 neutron-periodic-workers[105751]: DEBUG cotyledon.oslo_config_glue [-] database.connection_debug = 0 {{(pid=105751) log_opt_values /opt/stack/data/venv/lib/python3.12/site-packages/oslo_config/cfg.py:3006}}
Apr 12 19:34:23.137443 np0000165318 neutron-periodic-workers[105751]: DEBUG cotyledon.oslo_config_glue [-] database.connection_parameters = {{(pid=105751) log_opt_values /opt/stack/data/venv/lib/python3.12/site-packages/oslo_config/cfg.py:3006}}
Apr 12 19:34:23.137443 np0000165318 neutron-periodic-workers[105751]: DEBUG cotyledon.oslo_config_glue [-] database.connection_recycle_time = 3600 {{(pid=105751) log_opt_values /opt/stack/data/venv/lib/python3.12/site-packages/oslo_config/cfg.py:3006}}
Apr 12 19:34:23.137642 np0000165318 neutron-periodic-workers[105751]: DEBUG cotyledon.oslo_config_glue [-] database.connection_trace = False {{(pid=105751) log_opt_values /opt/stack/data/venv/lib/python3.12/site-packages/oslo_config/cfg.py:3006}}
Apr 12 19:34:23.137642 np0000165318 neutron-periodic-workers[105751]: DEBUG cotyledon.oslo_config_glue [-] database.db_inc_retry_interval = True {{(pid=105751) log_opt_values /opt/stack/data/venv/lib/python3.12/site-packages/oslo_config/cfg.py:3006}}
Apr 12 19:34:23.137642 np0000165318 neutron-periodic-workers[105751]: DEBUG cotyledon.oslo_config_glue [-] database.db_max_retries = 20 {{(pid=105751) log_opt_values /opt/stack/data/venv/lib/python3.12/site-packages/oslo_config/cfg.py:3006}}
Apr 12 19:34:23.137642 np0000165318 neutron-periodic-workers[105751]: DEBUG cotyledon.oslo_config_glue [-] database.db_max_retry_interval = 10 {{(pid=105751) log_opt_values /opt/stack/data/venv/lib/python3.12/site-packages/oslo_config/cfg.py:3006}}
Apr 12 19:34:23.137642 np0000165318 neutron-periodic-workers[105751]: DEBUG cotyledon.oslo_config_glue [-] database.db_retry_interval = 1 {{(pid=105751) log_opt_values /opt/stack/data/venv/lib/python3.12/site-packages/oslo_config/cfg.py:3006}}
Apr 12 19:34:23.137642 np0000165318 neutron-periodic-workers[105751]: DEBUG cotyledon.oslo_config_glue [-] database.max_overflow = 50 {{(pid=105751) log_opt_values /opt/stack/data/venv/lib/python3.12/site-packages/oslo_config/cfg.py:3006}}
Apr 12 19:34:23.137642 np0000165318 neutron-periodic-workers[105751]: DEBUG cotyledon.oslo_config_glue [-] database.max_pool_size = 5 {{(pid=105751) log_opt_values /opt/stack/data/venv/lib/python3.12/site-packages/oslo_config/cfg.py:3006}}
Apr 12 19:34:23.137642 np0000165318 neutron-periodic-workers[105751]: DEBUG cotyledon.oslo_config_glue [-] database.max_retries = 10 {{(pid=105751) log_opt_values /opt/stack/data/venv/lib/python3.12/site-packages/oslo_config/cfg.py:3006}}
Apr 12 19:34:23.137642 np0000165318 neutron-periodic-workers[105751]: DEBUG cotyledon.oslo_config_glue [-] database.mysql_sql_mode = TRADITIONAL {{(pid=105751) log_opt_values /opt/stack/data/venv/lib/python3.12/site-packages/oslo_config/cfg.py:3006}}
Apr 12 19:34:23.137916 np0000165318 neutron-periodic-workers[105751]: DEBUG cotyledon.oslo_config_glue [-] database.mysql_wsrep_sync_wait = None {{(pid=105751) log_opt_values /opt/stack/data/venv/lib/python3.12/site-packages/oslo_config/cfg.py:3006}}
Apr 12 19:34:23.137916 np0000165318 neutron-periodic-workers[105751]: DEBUG cotyledon.oslo_config_glue [-] database.pool_timeout = None {{(pid=105751) log_opt_values /opt/stack/data/venv/lib/python3.12/site-packages/oslo_config/cfg.py:3006}}
Apr 12 19:34:23.137916 np0000165318 neutron-periodic-workers[105751]: DEBUG cotyledon.oslo_config_glue [-] database.retry_interval = 10 {{(pid=105751) log_opt_values /opt/stack/data/venv/lib/python3.12/site-packages/oslo_config/cfg.py:3006}}
Apr 12 19:34:23.137916 np0000165318 neutron-periodic-workers[105751]: DEBUG cotyledon.oslo_config_glue [-] database.slave_connection = **** {{(pid=105751) log_opt_values /opt/stack/data/venv/lib/python3.12/site-packages/oslo_config/cfg.py:3006}}
Apr 12 19:34:23.137916 np0000165318 neutron-periodic-workers[105751]: DEBUG cotyledon.oslo_config_glue [-] database.sqlite_synchronous = True {{(pid=105751) log_opt_values /opt/stack/data/venv/lib/python3.12/site-packages/oslo_config/cfg.py:3006}}
Apr 12 19:34:23.137916 np0000165318 neutron-periodic-workers[105751]: DEBUG cotyledon.oslo_config_glue [-] database.synchronous_reader = True {{(pid=105751) log_opt_values /opt/stack/data/venv/lib/python3.12/site-packages/oslo_config/cfg.py:3006}}
Apr 12 19:34:23.137916 np0000165318 neutron-periodic-workers[105751]: DEBUG cotyledon.oslo_config_glue [-] database.use_db_reconnect = False {{(pid=105751) log_opt_values /opt/stack/data/venv/lib/python3.12/site-packages/oslo_config/cfg.py:3006}}
Apr 12 19:34:23.137916 np0000165318 neutron-periodic-workers[105751]: DEBUG cotyledon.oslo_config_glue [-] ovn.bfd_min_rx = 1000 {{(pid=105751) log_opt_values /opt/stack/data/venv/lib/python3.12/site-packages/oslo_config/cfg.py:3006}}
Apr 12 19:34:23.137916 np0000165318 neutron-periodic-workers[105751]: DEBUG cotyledon.oslo_config_glue [-] ovn.bfd_min_tx = 100 {{(pid=105751) log_opt_values /opt/stack/data/venv/lib/python3.12/site-packages/oslo_config/cfg.py:3006}}
Apr 12 19:34:23.138152 np0000165318 neutron-periodic-workers[105751]: DEBUG cotyledon.oslo_config_glue [-] ovn.bfd_mult = 3 {{(pid=105751) log_opt_values /opt/stack/data/venv/lib/python3.12/site-packages/oslo_config/cfg.py:3006}}
Apr 12 19:34:23.138152 np0000165318 neutron-periodic-workers[105751]: DEBUG cotyledon.oslo_config_glue [-] ovn.broadcast_arps_to_all_routers = True {{(pid=105751) log_opt_values /opt/stack/data/venv/lib/python3.12/site-packages/oslo_config/cfg.py:3006}}
Apr 12 19:34:23.138152 np0000165318 neutron-periodic-workers[105751]: DEBUG cotyledon.oslo_config_glue [-] ovn.dhcp_default_lease_time = 43200 {{(pid=105751) log_opt_values /opt/stack/data/venv/lib/python3.12/site-packages/oslo_config/cfg.py:3006}}
Apr 12 19:34:23.138152 np0000165318 neutron-periodic-workers[105751]: DEBUG cotyledon.oslo_config_glue [-] ovn.disable_ovn_dhcp_for_baremetal_ports = False {{(pid=105751) log_opt_values /opt/stack/data/venv/lib/python3.12/site-packages/oslo_config/cfg.py:3006}}
Apr 12 19:34:23.138152 np0000165318 neutron-periodic-workers[105751]: DEBUG cotyledon.oslo_config_glue [-] ovn.dns_records_ovn_owned = False {{(pid=105751) log_opt_values /opt/stack/data/venv/lib/python3.12/site-packages/oslo_config/cfg.py:3006}}
Apr 12 19:34:23.138152 np0000165318 neutron-periodic-workers[105751]: DEBUG cotyledon.oslo_config_glue [-] ovn.dns_servers = [] {{(pid=105751) log_opt_values /opt/stack/data/venv/lib/python3.12/site-packages/oslo_config/cfg.py:3006}}
Apr 12 19:34:23.138152 np0000165318 neutron-periodic-workers[105751]: DEBUG cotyledon.oslo_config_glue [-] ovn.enable_distributed_floating_ip = False {{(pid=105751) log_opt_values /opt/stack/data/venv/lib/python3.12/site-packages/oslo_config/cfg.py:3006}}
Apr 12 19:34:23.138152 np0000165318 neutron-periodic-workers[105751]: DEBUG cotyledon.oslo_config_glue [-] ovn.fdb_age_threshold = 300 {{(pid=105751) log_opt_values /opt/stack/data/venv/lib/python3.12/site-packages/oslo_config/cfg.py:3006}}
Apr 12 19:34:23.138152 np0000165318 neutron-periodic-workers[105751]: DEBUG cotyledon.oslo_config_glue [-] ovn.ha_failover_strategy = normal {{(pid=105751) log_opt_values /opt/stack/data/venv/lib/python3.12/site-packages/oslo_config/cfg.py:3006}}
Apr 12 19:34:23.138408 np0000165318 neutron-periodic-workers[105751]: DEBUG cotyledon.oslo_config_glue [-] ovn.live_migration_activation_strategy = rarp {{(pid=105751) log_opt_values /opt/stack/data/venv/lib/python3.12/site-packages/oslo_config/cfg.py:3006}}
Apr 12 19:34:23.138408 np0000165318 neutron-periodic-workers[105751]: DEBUG cotyledon.oslo_config_glue [-] ovn.localnet_learn_fdb = False {{(pid=105751) log_opt_values /opt/stack/data/venv/lib/python3.12/site-packages/oslo_config/cfg.py:3006}}
Apr 12 19:34:23.138408 np0000165318 neutron-periodic-workers[105751]: DEBUG cotyledon.oslo_config_glue [-] ovn.mac_binding_age_threshold = 300 {{(pid=105751) log_opt_values /opt/stack/data/venv/lib/python3.12/site-packages/oslo_config/cfg.py:3006}}
Apr 12 19:34:23.138408 np0000165318 neutron-periodic-workers[105751]: DEBUG cotyledon.oslo_config_glue [-] ovn.neutron_sync_mode = log {{(pid=105751) log_opt_values /opt/stack/data/venv/lib/python3.12/site-packages/oslo_config/cfg.py:3006}}
Apr 12 19:34:23.138408 np0000165318 neutron-periodic-workers[105751]: DEBUG cotyledon.oslo_config_glue [-] ovn.ovn_dhcp4_global_options = {} {{(pid=105751) log_opt_values /opt/stack/data/venv/lib/python3.12/site-packages/oslo_config/cfg.py:3006}}
Apr 12 19:34:23.138408 np0000165318 neutron-periodic-workers[105751]: DEBUG cotyledon.oslo_config_glue [-] ovn.ovn_dhcp6_global_options = {} {{(pid=105751) log_opt_values /opt/stack/data/venv/lib/python3.12/site-packages/oslo_config/cfg.py:3006}}
Apr 12 19:34:23.138408 np0000165318 neutron-periodic-workers[105751]: DEBUG cotyledon.oslo_config_glue [-] ovn.ovn_l3_scheduler = leastloaded {{(pid=105751) log_opt_values /opt/stack/data/venv/lib/python3.12/site-packages/oslo_config/cfg.py:3006}}
Apr 12 19:34:23.138408 np0000165318 neutron-periodic-workers[105751]: DEBUG cotyledon.oslo_config_glue [-] ovn.ovn_metadata_enabled = True {{(pid=105751) log_opt_values /opt/stack/data/venv/lib/python3.12/site-packages/oslo_config/cfg.py:3006}}
Apr 12 19:34:23.138408 np0000165318 neutron-periodic-workers[105751]: DEBUG cotyledon.oslo_config_glue [-] ovn.ovn_nb_ca_cert = /opt/stack/data/CA/int-ca/ca-chain.pem {{(pid=105751) log_opt_values /opt/stack/data/venv/lib/python3.12/site-packages/oslo_config/cfg.py:3006}}
Apr 12 19:34:23.138665 np0000165318 neutron-periodic-workers[105751]: DEBUG cotyledon.oslo_config_glue [-] ovn.ovn_nb_certificate = /opt/stack/data/CA/int-ca/devstack-cert.crt {{(pid=105751) log_opt_values /opt/stack/data/venv/lib/python3.12/site-packages/oslo_config/cfg.py:3006}}
Apr 12 19:34:23.138665 np0000165318 neutron-periodic-workers[105751]: DEBUG cotyledon.oslo_config_glue [-] ovn.ovn_nb_connection = ['ssl:199.204.45.240:6641'] {{(pid=105751) log_opt_values /opt/stack/data/venv/lib/python3.12/site-packages/oslo_config/cfg.py:3006}}
Apr 12 19:34:23.138665 np0000165318 neutron-periodic-workers[105751]: DEBUG cotyledon.oslo_config_glue [-] ovn.ovn_nb_private_key = /opt/stack/data/CA/int-ca/private/devstack-cert.key {{(pid=105751) log_opt_values /opt/stack/data/venv/lib/python3.12/site-packages/oslo_config/cfg.py:3006}}
Apr 12 19:34:23.138665 np0000165318 neutron-periodic-workers[105751]: DEBUG cotyledon.oslo_config_glue [-] ovn.ovn_router_indirect_snat = False {{(pid=105751) log_opt_values /opt/stack/data/venv/lib/python3.12/site-packages/oslo_config/cfg.py:3006}}
Apr 12 19:34:23.138665 np0000165318 neutron-periodic-workers[105751]: DEBUG cotyledon.oslo_config_glue [-] ovn.ovn_sb_ca_cert = /opt/stack/data/CA/int-ca/ca-chain.pem {{(pid=105751) log_opt_values /opt/stack/data/venv/lib/python3.12/site-packages/oslo_config/cfg.py:3006}}
Apr 12 19:34:23.138665 np0000165318 neutron-periodic-workers[105751]: DEBUG cotyledon.oslo_config_glue [-] ovn.ovn_sb_certificate = /opt/stack/data/CA/int-ca/devstack-cert.crt {{(pid=105751) log_opt_values /opt/stack/data/venv/lib/python3.12/site-packages/oslo_config/cfg.py:3006}}
Apr 12 19:34:23.138665 np0000165318 neutron-periodic-workers[105751]: DEBUG cotyledon.oslo_config_glue [-] ovn.ovn_sb_connection = ['ssl:199.204.45.240:6642'] {{(pid=105751) log_opt_values /opt/stack/data/venv/lib/python3.12/site-packages/oslo_config/cfg.py:3006}}
Apr 12 19:34:23.138665 np0000165318 neutron-periodic-workers[105751]: DEBUG cotyledon.oslo_config_glue [-] ovn.ovn_sb_private_key = /opt/stack/data/CA/int-ca/private/devstack-cert.key {{(pid=105751) log_opt_values /opt/stack/data/venv/lib/python3.12/site-packages/oslo_config/cfg.py:3006}}
Apr 12 19:34:23.138861 np0000165318 neutron-periodic-workers[105751]: DEBUG cotyledon.oslo_config_glue [-] ovn.ovs_create_tap = False {{(pid=105751) log_opt_values /opt/stack/data/venv/lib/python3.12/site-packages/oslo_config/cfg.py:3006}}
Apr 12 19:34:23.138861 np0000165318 neutron-periodic-workers[105751]: DEBUG cotyledon.oslo_config_glue [-] ovn.ovsdb_connection_timeout = 180 {{(pid=105751) log_opt_values /opt/stack/data/venv/lib/python3.12/site-packages/oslo_config/cfg.py:3006}}
Apr 12 19:34:23.138861 np0000165318 neutron-periodic-workers[105751]: DEBUG cotyledon.oslo_config_glue [-] ovn.ovsdb_log_level = INFO {{(pid=105751) log_opt_values /opt/stack/data/venv/lib/python3.12/site-packages/oslo_config/cfg.py:3006}}
Apr 12 19:34:23.138861 np0000165318 neutron-periodic-workers[105751]: DEBUG cotyledon.oslo_config_glue [-] ovn.ovsdb_probe_interval = 60000 {{(pid=105751) log_opt_values /opt/stack/data/venv/lib/python3.12/site-packages/oslo_config/cfg.py:3006}}
Apr 12 19:34:23.138861 np0000165318 neutron-periodic-workers[105751]: DEBUG cotyledon.oslo_config_glue [-] ovn.ovsdb_retry_max_interval = 180 {{(pid=105751) log_opt_values /opt/stack/data/venv/lib/python3.12/site-packages/oslo_config/cfg.py:3006}}
Apr 12 19:34:23.138861 np0000165318 neutron-periodic-workers[105751]: DEBUG cotyledon.oslo_config_glue [-] ovn.stateless_nat_enabled = False {{(pid=105751) log_opt_values /opt/stack/data/venv/lib/python3.12/site-packages/oslo_config/cfg.py:3006}}
Apr 12 19:34:23.138861 np0000165318 neutron-periodic-workers[105751]: DEBUG cotyledon.oslo_config_glue [-] ovn.vhost_sock_dir = /var/run/openvswitch {{(pid=105751) log_opt_values /opt/stack/data/venv/lib/python3.12/site-packages/oslo_config/cfg.py:3006}}
Apr 12 19:34:23.138861 np0000165318 neutron-periodic-workers[105751]: DEBUG cotyledon.oslo_config_glue [-] OVS.bridge_mac_table_size = 50000 {{(pid=105751) log_opt_values /opt/stack/data/venv/lib/python3.12/site-packages/oslo_config/cfg.py:3006}}
Apr 12 19:34:23.138861 np0000165318 neutron-periodic-workers[105751]: DEBUG cotyledon.oslo_config_glue [-] OVS.igmp_flood = False {{(pid=105751) log_opt_values /opt/stack/data/venv/lib/python3.12/site-packages/oslo_config/cfg.py:3006}}
Apr 12 19:34:23.139064 np0000165318 neutron-periodic-workers[105751]: DEBUG cotyledon.oslo_config_glue [-] OVS.igmp_flood_reports = True {{(pid=105751) log_opt_values /opt/stack/data/venv/lib/python3.12/site-packages/oslo_config/cfg.py:3006}}
Apr 12 19:34:23.139064 np0000165318 neutron-periodic-workers[105751]: DEBUG cotyledon.oslo_config_glue [-] OVS.igmp_flood_unregistered = False {{(pid=105751) log_opt_values /opt/stack/data/venv/lib/python3.12/site-packages/oslo_config/cfg.py:3006}}
Apr 12 19:34:23.139064 np0000165318 neutron-periodic-workers[105751]: DEBUG cotyledon.oslo_config_glue [-] OVS.igmp_snooping_enable = False {{(pid=105751) log_opt_values /opt/stack/data/venv/lib/python3.12/site-packages/oslo_config/cfg.py:3006}}
Apr 12 19:34:23.139064 np0000165318 neutron-periodic-workers[105751]: DEBUG cotyledon.oslo_config_glue [-] OVS.ovsdb_timeout = 10 {{(pid=105751) log_opt_values /opt/stack/data/venv/lib/python3.12/site-packages/oslo_config/cfg.py:3006}}
Apr 12 19:34:23.139064 np0000165318 neutron-periodic-workers[105751]: DEBUG cotyledon.oslo_config_glue [-] ovn_nb_global.fdb_removal_limit = 0 {{(pid=105751) log_opt_values /opt/stack/data/venv/lib/python3.12/site-packages/oslo_config/cfg.py:3006}}
Apr 12 19:34:23.139064 np0000165318 neutron-periodic-workers[105751]: DEBUG cotyledon.oslo_config_glue [-] ovn_nb_global.ignore_lsp_down = False {{(pid=105751) log_opt_values /opt/stack/data/venv/lib/python3.12/site-packages/oslo_config/cfg.py:3006}}
Apr 12 19:34:23.139064 np0000165318 neutron-periodic-workers[105751]: DEBUG cotyledon.oslo_config_glue [-] ovn_nb_global.mac_binding_removal_limit = 0 {{(pid=105751) log_opt_values /opt/stack/data/venv/lib/python3.12/site-packages/oslo_config/cfg.py:3006}}
Apr 12 19:34:23.139064 np0000165318 neutron-periodic-workers[105751]: DEBUG cotyledon.oslo_config_glue [-] ******************************************************************************** {{(pid=105751) log_opt_values /opt/stack/data/venv/lib/python3.12/site-packages/oslo_config/cfg.py:3013}}
Apr 12 19:34:23.139064 np0000165318 neutron-periodic-workers[105751]: DEBUG cotyledon._service_worker [-] Run service ServiceWrapper(0) [105751] {{(pid=105751) wait_forever /opt/stack/data/venv/lib/python3.12/site-packages/cotyledon/_service_worker.py:218}}
Apr 12 19:34:32.770569 np0000165318 neutron-periodic-workers[104984]: DEBUG dbcounter [-] [104984] Writing DB stats neutron:SELECT=4 {{(pid=104984) stat_writer /opt/stack/data/venv/lib/python3.12/site-packages/dbcounter.py:115}}
Apr 12 19:35:06.094678 np0000165318 neutron-periodic-workers[105718]: DEBUG oslo_db.sqlalchemy.engines [None req-6bf960ea-9000-4e42-be8d-f22c729787b2 None None] Parent process 104984 forked (105718) with an open database connection, which is being discarded and recreated. {{(pid=105718) checkout /opt/stack/data/venv/lib/python3.12/site-packages/oslo_db/sqlalchemy/engines.py:402}}
Apr 12 19:35:06.102360 np0000165318 neutron-periodic-workers[105718]: DEBUG dbcounter [-] [105718] Writer thread running {{(pid=105718) stat_writer /opt/stack/data/venv/lib/python3.12/site-packages/dbcounter.py:102}}
Apr 12 19:35:06.110784 np0000165318 neutron-periodic-workers[105718]: DEBUG oslo.service.backend._threading.loopingcall [None req-6bf960ea-9000-4e42-be8d-f22c729787b2 None None] Fixed interval looping call 'neutron.plugins.ml2.plugin.DhcpAgentSchedulerDbMixin.remove_networks_from_down_agents' sleeping for 36.98 seconds {{(pid=105718) _run_loop /opt/stack/data/venv/lib/python3.12/site-packages/oslo_service/backend/_threading/loopingcall.py:125}}
Apr 12 19:35:16.110100 np0000165318 neutron-periodic-workers[105718]: DEBUG dbcounter [-] [105718] Writing DB stats neutron:SELECT=3 {{(pid=105718) stat_writer /opt/stack/data/venv/lib/python3.12/site-packages/dbcounter.py:115}}
Apr 12 19:35:16.132531 np0000165318 neutron-periodic-workers[105727]: DEBUG dbcounter [-] [105727] Writer thread running {{(pid=105727) stat_writer /opt/stack/data/venv/lib/python3.12/site-packages/dbcounter.py:102}}
Apr 12 19:35:16.136084 np0000165318 neutron-periodic-workers[105727]: DEBUG neutron.db.agents_db [None req-d5b70cff-e5e2-4364-b728-2218722535dd None None] Agent healthcheck: found 0 active agents {{(pid=105727) agent_health_check /opt/stack/neutron/neutron/db/agents_db.py:317}}
Apr 12 19:35:16.136327 np0000165318 neutron-periodic-workers[105727]: DEBUG oslo.service.backend._threading.loopingcall [None req-d5b70cff-e5e2-4364-b728-2218722535dd None None] Fixed interval looping call 'neutron.plugins.ml2.plugin.AgentDbMixin.agent_health_check' sleeping for 36.98 seconds {{(pid=105727) _run_loop /opt/stack/data/venv/lib/python3.12/site-packages/oslo_service/backend/_threading/loopingcall.py:125}}
Apr 12 19:35:26.133399 np0000165318 neutron-periodic-workers[105727]: DEBUG dbcounter [-] [105727] Writing DB stats neutron:SELECT=1 {{(pid=105727) stat_writer /opt/stack/data/venv/lib/python3.12/site-packages/dbcounter.py:115}}
Apr 12 19:35:43.102073 np0000165318 neutron-periodic-workers[105718]: DEBUG oslo.service.backend._threading.loopingcall [None req-6bf960ea-9000-4e42-be8d-f22c729787b2 None None] Fixed interval looping call 'neutron.plugins.ml2.plugin.DhcpAgentSchedulerDbMixin.remove_networks_from_down_agents' sleeping for 36.99 seconds {{(pid=105718) _run_loop /opt/stack/data/venv/lib/python3.12/site-packages/oslo_service/backend/_threading/loopingcall.py:125}}
Apr 12 19:35:53.101637 np0000165318 neutron-periodic-workers[105718]: DEBUG dbcounter [-] [105718] Writing DB stats neutron:SELECT=3 {{(pid=105718) stat_writer /opt/stack/data/venv/lib/python3.12/site-packages/dbcounter.py:115}}
Apr 12 19:35:53.122514 np0000165318 neutron-periodic-workers[105727]: DEBUG neutron.db.agents_db [None req-d5b70cff-e5e2-4364-b728-2218722535dd None None] Agent healthcheck: found 0 active agents {{(pid=105727) agent_health_check /opt/stack/neutron/neutron/db/agents_db.py:317}}
Apr 12 19:35:53.122987 np0000165318 neutron-periodic-workers[105727]: DEBUG oslo.service.backend._threading.loopingcall [None req-d5b70cff-e5e2-4364-b728-2218722535dd None None] Fixed interval looping call 'neutron.plugins.ml2.plugin.AgentDbMixin.agent_health_check' sleeping for 36.99 seconds {{(pid=105727) _run_loop /opt/stack/data/venv/lib/python3.12/site-packages/oslo_service/backend/_threading/loopingcall.py:125}}
Apr 12 19:36:03.121514 np0000165318 neutron-periodic-workers[105727]: DEBUG dbcounter [-] [105727] Writing DB stats neutron:SELECT=1 {{(pid=105727) stat_writer /opt/stack/data/venv/lib/python3.12/site-packages/dbcounter.py:115}}
Apr 12 19:36:08.172411 np0000165318 neutron-periodic-workers[105751]: DEBUG dbcounter [-] [105751] Writer thread running {{(pid=105751) stat_writer /opt/stack/data/venv/lib/python3.12/site-packages/dbcounter.py:102}}
Apr 12 19:36:08.184327 np0000165318 neutron-periodic-workers[105751]: DEBUG oslo.service.backend._threading.loopingcall [None req-57e1118e-3104-4f10-b6a2-d39dd6ea540c None None] Fixed interval looping call 'neutron.services.ovn_l3.plugin.L3_NAT_dbonly_mixin._clean_garbage' sleeping for 299.95 seconds {{(pid=105751) _run_loop /opt/stack/data/venv/lib/python3.12/site-packages/oslo_service/backend/_threading/loopingcall.py:125}}
Apr 12 19:36:18.173313 np0000165318 neutron-periodic-workers[105751]: DEBUG dbcounter [-] [105751] Writing DB stats neutron:SELECT=1 {{(pid=105751) stat_writer /opt/stack/data/venv/lib/python3.12/site-packages/dbcounter.py:115}}
Apr 12 19:36:20.103654 np0000165318 neutron-periodic-workers[105718]: DEBUG oslo.service.backend._threading.loopingcall [None req-6bf960ea-9000-4e42-be8d-f22c729787b2 None None] Fixed interval looping call 'neutron.plugins.ml2.plugin.DhcpAgentSchedulerDbMixin.remove_networks_from_down_agents' sleeping for 36.99 seconds {{(pid=105718) _run_loop /opt/stack/data/venv/lib/python3.12/site-packages/oslo_service/backend/_threading/loopingcall.py:125}}
Apr 12 19:36:23.147994 np0000165318 neutron-periodic-workers[105738]: DEBUG dbcounter [-] [105738] Writer thread running {{(pid=105738) stat_writer /opt/stack/data/venv/lib/python3.12/site-packages/dbcounter.py:102}}
Apr 12 19:36:23.150376 np0000165318 neutron-periodic-workers[105738]: DEBUG oslo.service.backend._threading.loopingcall [None req-a35591b1-48a1-492d-8e0f-8f840080604d None None] Fixed interval looping call 'neutron.db.quota.driver_nolock.DbQuotaNoLockDriver._remove_expired_reservations' sleeping for 119.98 seconds {{(pid=105738) _run_loop /opt/stack/data/venv/lib/python3.12/site-packages/oslo_service/backend/_threading/loopingcall.py:125}}
Apr 12 19:36:30.102563 np0000165318 neutron-periodic-workers[105718]: DEBUG dbcounter [-] [105718] Writing DB stats neutron:SELECT=3 {{(pid=105718) stat_writer /opt/stack/data/venv/lib/python3.12/site-packages/dbcounter.py:115}}
Apr 12 19:36:30.117810 np0000165318 neutron-periodic-workers[105727]: DEBUG neutron.db.agents_db [None req-d5b70cff-e5e2-4364-b728-2218722535dd None None] Agent healthcheck: found 0 active agents {{(pid=105727) agent_health_check /opt/stack/neutron/neutron/db/agents_db.py:317}}
Apr 12 19:36:30.118560 np0000165318 neutron-periodic-workers[105727]: DEBUG oslo.service.backend._threading.loopingcall [None req-d5b70cff-e5e2-4364-b728-2218722535dd None None] Fixed interval looping call 'neutron.plugins.ml2.plugin.AgentDbMixin.agent_health_check' sleeping for 37.00 seconds {{(pid=105727) _run_loop /opt/stack/data/venv/lib/python3.12/site-packages/oslo_service/backend/_threading/loopingcall.py:125}}
Apr 12 19:36:33.148747 np0000165318 neutron-periodic-workers[105738]: DEBUG dbcounter [-] [105738] Writing DB stats neutron:DELETE=1 {{(pid=105738) stat_writer /opt/stack/data/venv/lib/python3.12/site-packages/dbcounter.py:115}}
Apr 12 19:36:40.116862 np0000165318 neutron-periodic-workers[105727]: DEBUG dbcounter [-] [105727] Writing DB stats neutron:SELECT=1 {{(pid=105727) stat_writer /opt/stack/data/venv/lib/python3.12/site-packages/dbcounter.py:115}}
Apr 12 19:36:57.109361 np0000165318 neutron-periodic-workers[105718]: DEBUG oslo.service.backend._threading.loopingcall [None req-6bf960ea-9000-4e42-be8d-f22c729787b2 None None] Fixed interval looping call 'neutron.plugins.ml2.plugin.DhcpAgentSchedulerDbMixin.remove_networks_from_down_agents' sleeping for 36.99 seconds {{(pid=105718) _run_loop /opt/stack/data/venv/lib/python3.12/site-packages/oslo_service/backend/_threading/loopingcall.py:125}}
Apr 12 19:37:07.107207 np0000165318 neutron-periodic-workers[105718]: DEBUG dbcounter [-] [105718] Writing DB stats neutron:SELECT=3 {{(pid=105718) stat_writer /opt/stack/data/venv/lib/python3.12/site-packages/dbcounter.py:115}}
Apr 12 19:37:07.125244 np0000165318 neutron-periodic-workers[105727]: DEBUG neutron.db.agents_db [None req-d5b70cff-e5e2-4364-b728-2218722535dd None None] Agent healthcheck: found 0 active agents {{(pid=105727) agent_health_check /opt/stack/neutron/neutron/db/agents_db.py:317}}
Apr 12 19:37:07.125738 np0000165318 neutron-periodic-workers[105727]: DEBUG oslo.service.backend._threading.loopingcall [None req-d5b70cff-e5e2-4364-b728-2218722535dd None None] Fixed interval looping call 'neutron.plugins.ml2.plugin.AgentDbMixin.agent_health_check' sleeping for 36.99 seconds {{(pid=105727) _run_loop /opt/stack/data/venv/lib/python3.12/site-packages/oslo_service/backend/_threading/loopingcall.py:125}}
Apr 12 19:37:17.122459 np0000165318 neutron-periodic-workers[105727]: DEBUG dbcounter [-] [105727] Writing DB stats neutron:SELECT=1 {{(pid=105727) stat_writer /opt/stack/data/venv/lib/python3.12/site-packages/dbcounter.py:115}}
Apr 12 19:37:34.109674 np0000165318 neutron-periodic-workers[105718]: DEBUG oslo.service.backend._threading.loopingcall [None req-6bf960ea-9000-4e42-be8d-f22c729787b2 None None] Fixed interval looping call 'neutron.plugins.ml2.plugin.DhcpAgentSchedulerDbMixin.remove_networks_from_down_agents' sleeping for 36.99 seconds {{(pid=105718) _run_loop /opt/stack/data/venv/lib/python3.12/site-packages/oslo_service/backend/_threading/loopingcall.py:125}}
Apr 12 19:37:44.108599 np0000165318 neutron-periodic-workers[105718]: DEBUG dbcounter [-] [105718] Writing DB stats neutron:SELECT=3 {{(pid=105718) stat_writer /opt/stack/data/venv/lib/python3.12/site-packages/dbcounter.py:115}}
Apr 12 19:37:44.120561 np0000165318 neutron-periodic-workers[105727]: DEBUG neutron.db.agents_db [None req-d5b70cff-e5e2-4364-b728-2218722535dd None None] Agent healthcheck: found 0 active agents {{(pid=105727) agent_health_check /opt/stack/neutron/neutron/db/agents_db.py:317}}
Apr 12 19:37:44.121016 np0000165318 neutron-periodic-workers[105727]: DEBUG oslo.service.backend._threading.loopingcall [None req-d5b70cff-e5e2-4364-b728-2218722535dd None None] Fixed interval looping call 'neutron.plugins.ml2.plugin.AgentDbMixin.agent_health_check' sleeping for 37.00 seconds {{(pid=105727) _run_loop /opt/stack/data/venv/lib/python3.12/site-packages/oslo_service/backend/_threading/loopingcall.py:125}}
Apr 12 19:37:54.119949 np0000165318 neutron-periodic-workers[105727]: DEBUG dbcounter [-] [105727] Writing DB stats neutron:SELECT=1 {{(pid=105727) stat_writer /opt/stack/data/venv/lib/python3.12/site-packages/dbcounter.py:115}}
Apr 12 19:38:11.113083 np0000165318 neutron-periodic-workers[105718]: DEBUG oslo.service.backend._threading.loopingcall [None req-6bf960ea-9000-4e42-be8d-f22c729787b2 None None] Fixed interval looping call 'neutron.plugins.ml2.plugin.DhcpAgentSchedulerDbMixin.remove_networks_from_down_agents' sleeping for 36.99 seconds {{(pid=105718) _run_loop /opt/stack/data/venv/lib/python3.12/site-packages/oslo_service/backend/_threading/loopingcall.py:125}}
Apr 12 19:38:21.110921 np0000165318 neutron-periodic-workers[105718]: DEBUG dbcounter [-] [105718] Writing DB stats neutron:SELECT=3 {{(pid=105718) stat_writer /opt/stack/data/venv/lib/python3.12/site-packages/dbcounter.py:115}}
Apr 12 19:38:21.126896 np0000165318 neutron-periodic-workers[105727]: DEBUG neutron.db.agents_db [None req-d5b70cff-e5e2-4364-b728-2218722535dd None None] Agent healthcheck: found 0 active agents {{(pid=105727) agent_health_check /opt/stack/neutron/neutron/db/agents_db.py:317}}
Apr 12 19:38:21.127325 np0000165318 neutron-periodic-workers[105727]: DEBUG oslo.service.backend._threading.loopingcall [None req-d5b70cff-e5e2-4364-b728-2218722535dd None None] Fixed interval looping call 'neutron.plugins.ml2.plugin.AgentDbMixin.agent_health_check' sleeping for 36.99 seconds {{(pid=105727) _run_loop /opt/stack/data/venv/lib/python3.12/site-packages/oslo_service/backend/_threading/loopingcall.py:125}}
Apr 12 19:38:23.136981 np0000165318 neutron-periodic-workers[105738]: DEBUG oslo.service.backend._threading.loopingcall [None req-a35591b1-48a1-492d-8e0f-8f840080604d None None] Fixed interval looping call 'neutron.db.quota.driver_nolock.DbQuotaNoLockDriver._remove_expired_reservations' sleeping for 119.99 seconds {{(pid=105738) _run_loop /opt/stack/data/venv/lib/python3.12/site-packages/oslo_service/backend/_threading/loopingcall.py:125}}
Apr 12 19:38:31.125006 np0000165318 neutron-periodic-workers[105727]: DEBUG dbcounter [-] [105727] Writing DB stats neutron:SELECT=1 {{(pid=105727) stat_writer /opt/stack/data/venv/lib/python3.12/site-packages/dbcounter.py:115}}
Apr 12 19:38:33.135528 np0000165318 neutron-periodic-workers[105738]: DEBUG dbcounter [-] [105738] Writing DB stats neutron:DELETE=1 {{(pid=105738) stat_writer /opt/stack/data/venv/lib/python3.12/site-packages/dbcounter.py:115}}
Apr 12 19:38:48.115344 np0000165318 neutron-periodic-workers[105718]: DEBUG oslo.service.backend._threading.loopingcall [None req-6bf960ea-9000-4e42-be8d-f22c729787b2 None None] Fixed interval looping call 'neutron.plugins.ml2.plugin.DhcpAgentSchedulerDbMixin.remove_networks_from_down_agents' sleeping for 36.99 seconds {{(pid=105718) _run_loop /opt/stack/data/venv/lib/python3.12/site-packages/oslo_service/backend/_threading/loopingcall.py:125}}
Apr 12 19:38:58.114579 np0000165318 neutron-periodic-workers[105718]: DEBUG dbcounter [-] [105718] Writing DB stats neutron:SELECT=3 {{(pid=105718) stat_writer /opt/stack/data/venv/lib/python3.12/site-packages/dbcounter.py:115}}
Apr 12 19:38:58.125700 np0000165318 neutron-periodic-workers[105727]: DEBUG neutron.db.agents_db [None req-d5b70cff-e5e2-4364-b728-2218722535dd None None] Agent healthcheck: found 0 active agents {{(pid=105727) agent_health_check /opt/stack/neutron/neutron/db/agents_db.py:317}}
Apr 12 19:38:58.126009 np0000165318 neutron-periodic-workers[105727]: DEBUG oslo.service.backend._threading.loopingcall [None req-d5b70cff-e5e2-4364-b728-2218722535dd None None] Fixed interval looping call 'neutron.plugins.ml2.plugin.AgentDbMixin.agent_health_check' sleeping for 36.99 seconds {{(pid=105727) _run_loop /opt/stack/data/venv/lib/python3.12/site-packages/oslo_service/backend/_threading/loopingcall.py:125}}
Apr 12 19:39:08.122887 np0000165318 neutron-periodic-workers[105727]: DEBUG dbcounter [-] [105727] Writing DB stats neutron:SELECT=1 {{(pid=105727) stat_writer /opt/stack/data/venv/lib/python3.12/site-packages/dbcounter.py:115}}
Apr 12 19:39:25.117210 np0000165318 neutron-periodic-workers[105718]: DEBUG oslo.service.backend._threading.loopingcall [None req-6bf960ea-9000-4e42-be8d-f22c729787b2 None None] Fixed interval looping call 'neutron.plugins.ml2.plugin.DhcpAgentSchedulerDbMixin.remove_networks_from_down_agents' sleeping for 36.99 seconds {{(pid=105718) _run_loop /opt/stack/data/venv/lib/python3.12/site-packages/oslo_service/backend/_threading/loopingcall.py:125}}
Apr 12 19:39:35.115586 np0000165318 neutron-periodic-workers[105718]: DEBUG dbcounter [-] [105718] Writing DB stats neutron:SELECT=3 {{(pid=105718) stat_writer /opt/stack/data/venv/lib/python3.12/site-packages/dbcounter.py:115}}
Apr 12 19:39:35.120708 np0000165318 neutron-periodic-workers[105727]: DEBUG neutron.db.agents_db [None req-d5b70cff-e5e2-4364-b728-2218722535dd None None] Agent healthcheck: found 0 active agents {{(pid=105727) agent_health_check /opt/stack/neutron/neutron/db/agents_db.py:317}}
Apr 12 19:39:35.121322 np0000165318 neutron-periodic-workers[105727]: DEBUG oslo.service.backend._threading.loopingcall [None req-d5b70cff-e5e2-4364-b728-2218722535dd None None] Fixed interval looping call 'neutron.plugins.ml2.plugin.AgentDbMixin.agent_health_check' sleeping for 37.00 seconds {{(pid=105727) _run_loop /opt/stack/data/venv/lib/python3.12/site-packages/oslo_service/backend/_threading/loopingcall.py:125}}
Apr 12 19:39:45.120645 np0000165318 neutron-periodic-workers[105727]: DEBUG dbcounter [-] [105727] Writing DB stats neutron:SELECT=1 {{(pid=105727) stat_writer /opt/stack/data/venv/lib/python3.12/site-packages/dbcounter.py:115}}
Apr 12 19:40:02.116181 np0000165318 neutron-periodic-workers[105718]: DEBUG oslo.service.backend._threading.loopingcall [None req-6bf960ea-9000-4e42-be8d-f22c729787b2 None None] Fixed interval looping call 'neutron.plugins.ml2.plugin.DhcpAgentSchedulerDbMixin.remove_networks_from_down_agents' sleeping for 36.99 seconds {{(pid=105718) _run_loop /opt/stack/data/venv/lib/python3.12/site-packages/oslo_service/backend/_threading/loopingcall.py:125}}
Apr 12 19:40:12.115564 np0000165318 neutron-periodic-workers[105718]: DEBUG dbcounter [-] [105718] Writing DB stats neutron:SELECT=3 {{(pid=105718) stat_writer /opt/stack/data/venv/lib/python3.12/site-packages/dbcounter.py:115}}
Apr 12 19:40:12.127977 np0000165318 neutron-periodic-workers[105727]: DEBUG neutron.db.agents_db [None req-d5b70cff-e5e2-4364-b728-2218722535dd None None] Agent healthcheck: found 0 active agents {{(pid=105727) agent_health_check /opt/stack/neutron/neutron/db/agents_db.py:317}}
Apr 12 19:40:12.129387 np0000165318 neutron-periodic-workers[105727]: DEBUG oslo.service.backend._threading.loopingcall [None req-d5b70cff-e5e2-4364-b728-2218722535dd None None] Fixed interval looping call 'neutron.plugins.ml2.plugin.AgentDbMixin.agent_health_check' sleeping for 36.99 seconds {{(pid=105727) _run_loop /opt/stack/data/venv/lib/python3.12/site-packages/oslo_service/backend/_threading/loopingcall.py:125}}
Apr 12 19:40:22.124732 np0000165318 neutron-periodic-workers[105727]: DEBUG dbcounter [-] [105727] Writing DB stats neutron:SELECT=1 {{(pid=105727) stat_writer /opt/stack/data/venv/lib/python3.12/site-packages/dbcounter.py:115}}
Apr 12 19:40:23.133533 np0000165318 neutron-periodic-workers[105738]: DEBUG oslo.service.backend._threading.loopingcall [None req-a35591b1-48a1-492d-8e0f-8f840080604d None None] Fixed interval looping call 'neutron.db.quota.driver_nolock.DbQuotaNoLockDriver._remove_expired_reservations' sleeping for 119.99 seconds {{(pid=105738) _run_loop /opt/stack/data/venv/lib/python3.12/site-packages/oslo_service/backend/_threading/loopingcall.py:125}}
Apr 12 19:40:33.131326 np0000165318 neutron-periodic-workers[105738]: DEBUG dbcounter [-] [105738] Writing DB stats neutron:DELETE=1 {{(pid=105738) stat_writer /opt/stack/data/venv/lib/python3.12/site-packages/dbcounter.py:115}}
Apr 12 19:40:39.115518 np0000165318 neutron-periodic-workers[105718]: DEBUG oslo.service.backend._threading.loopingcall [None req-6bf960ea-9000-4e42-be8d-f22c729787b2 None None] Fixed interval looping call 'neutron.plugins.ml2.plugin.DhcpAgentSchedulerDbMixin.remove_networks_from_down_agents' sleeping for 36.99 seconds {{(pid=105718) _run_loop /opt/stack/data/venv/lib/python3.12/site-packages/oslo_service/backend/_threading/loopingcall.py:125}}
Apr 12 19:40:49.115076 np0000165318 neutron-periodic-workers[105718]: DEBUG dbcounter [-] [105718] Writing DB stats neutron:SELECT=3 {{(pid=105718) stat_writer /opt/stack/data/venv/lib/python3.12/site-packages/dbcounter.py:115}}
Apr 12 19:40:49.123472 np0000165318 neutron-periodic-workers[105727]: DEBUG neutron.db.agents_db [None req-d5b70cff-e5e2-4364-b728-2218722535dd None None] Agent healthcheck: found 0 active agents {{(pid=105727) agent_health_check /opt/stack/neutron/neutron/db/agents_db.py:317}}
Apr 12 19:40:49.123957 np0000165318 neutron-periodic-workers[105727]: DEBUG oslo.service.backend._threading.loopingcall [None req-d5b70cff-e5e2-4364-b728-2218722535dd None None] Fixed interval looping call 'neutron.plugins.ml2.plugin.AgentDbMixin.agent_health_check' sleeping for 36.99 seconds {{(pid=105727) _run_loop /opt/stack/data/venv/lib/python3.12/site-packages/oslo_service/backend/_threading/loopingcall.py:125}}
Apr 12 19:40:59.122456 np0000165318 neutron-periodic-workers[105727]: DEBUG dbcounter [-] [105727] Writing DB stats neutron:SELECT=1 {{(pid=105727) stat_writer /opt/stack/data/venv/lib/python3.12/site-packages/dbcounter.py:115}}
Apr 12 19:41:08.144675 np0000165318 neutron-periodic-workers[105751]: DEBUG oslo.service.backend._threading.loopingcall [None req-57e1118e-3104-4f10-b6a2-d39dd6ea540c None None] Fixed interval looping call 'neutron.services.ovn_l3.plugin.L3_NAT_dbonly_mixin._clean_garbage' sleeping for 299.99 seconds {{(pid=105751) _run_loop /opt/stack/data/venv/lib/python3.12/site-packages/oslo_service/backend/_threading/loopingcall.py:125}}
Apr 12 19:41:16.117693 np0000165318 neutron-periodic-workers[105718]: DEBUG oslo.service.backend._threading.loopingcall [None req-6bf960ea-9000-4e42-be8d-f22c729787b2 None None] Fixed interval looping call 'neutron.plugins.ml2.plugin.DhcpAgentSchedulerDbMixin.remove_networks_from_down_agents' sleeping for 36.99 seconds {{(pid=105718) _run_loop /opt/stack/data/venv/lib/python3.12/site-packages/oslo_service/backend/_threading/loopingcall.py:125}}
Apr 12 19:41:18.137630 np0000165318 neutron-periodic-workers[105751]: DEBUG dbcounter [-] [105751] Writing DB stats neutron:SELECT=1 {{(pid=105751) stat_writer /opt/stack/data/venv/lib/python3.12/site-packages/dbcounter.py:115}}
Apr 12 19:41:26.116312 np0000165318 neutron-periodic-workers[105718]: DEBUG dbcounter [-] [105718] Writing DB stats neutron:SELECT=3 {{(pid=105718) stat_writer /opt/stack/data/venv/lib/python3.12/site-packages/dbcounter.py:115}}
Apr 12 19:41:26.120522 np0000165318 neutron-periodic-workers[105727]: DEBUG neutron.db.agents_db [None req-d5b70cff-e5e2-4364-b728-2218722535dd None None] Agent healthcheck: found 0 active agents {{(pid=105727) agent_health_check /opt/stack/neutron/neutron/db/agents_db.py:317}}
Apr 12 19:41:26.120996 np0000165318 neutron-periodic-workers[105727]: DEBUG oslo.service.backend._threading.loopingcall [None req-d5b70cff-e5e2-4364-b728-2218722535dd None None] Fixed interval looping call 'neutron.plugins.ml2.plugin.AgentDbMixin.agent_health_check' sleeping for 36.99 seconds {{(pid=105727) _run_loop /opt/stack/data/venv/lib/python3.12/site-packages/oslo_service/backend/_threading/loopingcall.py:125}}
Apr 12 19:41:36.118391 np0000165318 neutron-periodic-workers[105727]: DEBUG dbcounter [-] [105727] Writing DB stats neutron:SELECT=1 {{(pid=105727) stat_writer /opt/stack/data/venv/lib/python3.12/site-packages/dbcounter.py:115}}
Apr 12 19:41:53.117880 np0000165318 neutron-periodic-workers[105718]: DEBUG oslo.service.backend._threading.loopingcall [None req-6bf960ea-9000-4e42-be8d-f22c729787b2 None None] Fixed interval looping call 'neutron.plugins.ml2.plugin.DhcpAgentSchedulerDbMixin.remove_networks_from_down_agents' sleeping for 36.99 seconds {{(pid=105718) _run_loop /opt/stack/data/venv/lib/python3.12/site-packages/oslo_service/backend/_threading/loopingcall.py:125}}
Apr 12 19:42:03.116632 np0000165318 neutron-periodic-workers[105727]: DEBUG neutron.db.agents_db [None req-d5b70cff-e5e2-4364-b728-2218722535dd None None] Agent healthcheck: found 0 active agents {{(pid=105727) agent_health_check /opt/stack/neutron/neutron/db/agents_db.py:317}}
Apr 12 19:42:03.116978 np0000165318 neutron-periodic-workers[105727]: DEBUG oslo.service.backend._threading.loopingcall [None req-d5b70cff-e5e2-4364-b728-2218722535dd None None] Fixed interval looping call 'neutron.plugins.ml2.plugin.AgentDbMixin.agent_health_check' sleeping for 36.99 seconds {{(pid=105727) _run_loop /opt/stack/data/venv/lib/python3.12/site-packages/oslo_service/backend/_threading/loopingcall.py:125}}
Apr 12 19:42:03.117501 np0000165318 neutron-periodic-workers[105718]: DEBUG dbcounter [-] [105718] Writing DB stats neutron:SELECT=3 {{(pid=105718) stat_writer /opt/stack/data/venv/lib/python3.12/site-packages/dbcounter.py:115}}
Apr 12 19:42:13.118704 np0000165318 neutron-periodic-workers[105727]: DEBUG dbcounter [-] [105727] Writing DB stats neutron:SELECT=1 {{(pid=105727) stat_writer /opt/stack/data/venv/lib/python3.12/site-packages/dbcounter.py:115}}
Apr 12 19:42:23.135406 np0000165318 neutron-periodic-workers[105738]: DEBUG oslo.service.backend._threading.loopingcall [None req-a35591b1-48a1-492d-8e0f-8f840080604d None None] Fixed interval looping call 'neutron.db.quota.driver_nolock.DbQuotaNoLockDriver._remove_expired_reservations' sleeping for 119.99 seconds {{(pid=105738) _run_loop /opt/stack/data/venv/lib/python3.12/site-packages/oslo_service/backend/_threading/loopingcall.py:125}}
Apr 12 19:42:30.123063 np0000165318 neutron-periodic-workers[105718]: DEBUG oslo.service.backend._threading.loopingcall [None req-6bf960ea-9000-4e42-be8d-f22c729787b2 None None] Fixed interval looping call 'neutron.plugins.ml2.plugin.DhcpAgentSchedulerDbMixin.remove_networks_from_down_agents' sleeping for 36.99 seconds {{(pid=105718) _run_loop /opt/stack/data/venv/lib/python3.12/site-packages/oslo_service/backend/_threading/loopingcall.py:125}}
Apr 12 19:42:33.135232 np0000165318 neutron-periodic-workers[105738]: DEBUG dbcounter [-] [105738] Writing DB stats neutron:DELETE=1 {{(pid=105738) stat_writer /opt/stack/data/venv/lib/python3.12/site-packages/dbcounter.py:115}}
Apr 12 19:42:40.113704 np0000165318 neutron-periodic-workers[105727]: DEBUG neutron.db.agents_db [None req-d5b70cff-e5e2-4364-b728-2218722535dd None None] Agent healthcheck: found 0 active agents {{(pid=105727) agent_health_check /opt/stack/neutron/neutron/db/agents_db.py:317}}
Apr 12 19:42:40.114553 np0000165318 neutron-periodic-workers[105727]: DEBUG oslo.service.backend._threading.loopingcall [None req-d5b70cff-e5e2-4364-b728-2218722535dd None None] Fixed interval looping call 'neutron.plugins.ml2.plugin.AgentDbMixin.agent_health_check' sleeping for 36.99 seconds {{(pid=105727) _run_loop /opt/stack/data/venv/lib/python3.12/site-packages/oslo_service/backend/_threading/loopingcall.py:125}}
Apr 12 19:42:40.122912 np0000165318 neutron-periodic-workers[105718]: DEBUG dbcounter [-] [105718] Writing DB stats neutron:SELECT=3 {{(pid=105718) stat_writer /opt/stack/data/venv/lib/python3.12/site-packages/dbcounter.py:115}}
Apr 12 19:42:50.111527 np0000165318 neutron-periodic-workers[105727]: DEBUG dbcounter [-] [105727] Writing DB stats neutron:SELECT=1 {{(pid=105727) stat_writer /opt/stack/data/venv/lib/python3.12/site-packages/dbcounter.py:115}}
Apr 12 19:43:07.123759 np0000165318 neutron-periodic-workers[105718]: DEBUG oslo.service.backend._threading.loopingcall [None req-6bf960ea-9000-4e42-be8d-f22c729787b2 None None] Fixed interval looping call 'neutron.plugins.ml2.plugin.DhcpAgentSchedulerDbMixin.remove_networks_from_down_agents' sleeping for 36.99 seconds {{(pid=105718) _run_loop /opt/stack/data/venv/lib/python3.12/site-packages/oslo_service/backend/_threading/loopingcall.py:125}}
Apr 12 19:43:17.109956 np0000165318 neutron-periodic-workers[105727]: DEBUG neutron.db.agents_db [None req-d5b70cff-e5e2-4364-b728-2218722535dd None None] Agent healthcheck: found 0 active agents {{(pid=105727) agent_health_check /opt/stack/neutron/neutron/db/agents_db.py:317}}
Apr 12 19:43:17.110959 np0000165318 neutron-periodic-workers[105727]: DEBUG oslo.service.backend._threading.loopingcall [None req-d5b70cff-e5e2-4364-b728-2218722535dd None None] Fixed interval looping call 'neutron.plugins.ml2.plugin.AgentDbMixin.agent_health_check' sleeping for 36.99 seconds {{(pid=105727) _run_loop /opt/stack/data/venv/lib/python3.12/site-packages/oslo_service/backend/_threading/loopingcall.py:125}}
Apr 12 19:43:17.123004 np0000165318 neutron-periodic-workers[105718]: DEBUG dbcounter [-] [105718] Writing DB stats neutron:SELECT=3 {{(pid=105718) stat_writer /opt/stack/data/venv/lib/python3.12/site-packages/dbcounter.py:115}}
Apr 12 19:43:27.108096 np0000165318 neutron-periodic-workers[105727]: DEBUG dbcounter [-] [105727] Writing DB stats neutron:SELECT=1 {{(pid=105727) stat_writer /opt/stack/data/venv/lib/python3.12/site-packages/dbcounter.py:115}}
Apr 12 19:43:44.123897 np0000165318 neutron-periodic-workers[105718]: DEBUG oslo.service.backend._threading.loopingcall [None req-6bf960ea-9000-4e42-be8d-f22c729787b2 None None] Fixed interval looping call 'neutron.plugins.ml2.plugin.DhcpAgentSchedulerDbMixin.remove_networks_from_down_agents' sleeping for 36.99 seconds {{(pid=105718) _run_loop /opt/stack/data/venv/lib/python3.12/site-packages/oslo_service/backend/_threading/loopingcall.py:125}}
Apr 12 19:43:54.107755 np0000165318 neutron-periodic-workers[105727]: DEBUG neutron.db.agents_db [None req-d5b70cff-e5e2-4364-b728-2218722535dd None None] Agent healthcheck: found 0 active agents {{(pid=105727) agent_health_check /opt/stack/neutron/neutron/db/agents_db.py:317}}
Apr 12 19:43:54.108604 np0000165318 neutron-periodic-workers[105727]: DEBUG oslo.service.backend._threading.loopingcall [None req-d5b70cff-e5e2-4364-b728-2218722535dd None None] Fixed interval looping call 'neutron.plugins.ml2.plugin.AgentDbMixin.agent_health_check' sleeping for 36.99 seconds {{(pid=105727) _run_loop /opt/stack/data/venv/lib/python3.12/site-packages/oslo_service/backend/_threading/loopingcall.py:125}}
Apr 12 19:43:54.123018 np0000165318 neutron-periodic-workers[105718]: DEBUG dbcounter [-] [105718] Writing DB stats neutron:SELECT=3 {{(pid=105718) stat_writer /opt/stack/data/venv/lib/python3.12/site-packages/dbcounter.py:115}}
