2026-03-31 05:57:52.124 9 INFO neutron.wsgi [None req-27828821-81c6-4d88-b194-079ecad544d0 21de7a83752349a0a81aaf6e44c2c114 ded60ee4096b4b9ea62251907e8b6e3f - - - -] 10.0.0.112 "PUT /v2.0/subnetpools/b96ef0b9-8993-4a9d-90f6-e3f929d1bd9b/tags HTTP/1.1" status: 200 len: 218 time: 0.0409045
2026-03-31 05:57:52.149 9 INFO neutron.wsgi [None req-f487ec4d-bcd5-4280-933c-c69b816121a7 21de7a83752349a0a81aaf6e44c2c114 ded60ee4096b4b9ea62251907e8b6e3f - - default default] 10.0.0.112 "GET /v2.0/subnetpools/b96ef0b9-8993-4a9d-90f6-e3f929d1bd9b/tags HTTP/1.1" status: 200 len: 218 time: 0.0195165
2026-03-31 05:57:52.183 9 INFO neutron.wsgi [None req-60eb1664-d052-43af-96a3-e18f832e5fce 21de7a83752349a0a81aaf6e44c2c114 ded60ee4096b4b9ea62251907e8b6e3f - - - -] 10.0.0.112 "PUT /v2.0/subnetpools/b96ef0b9-8993-4a9d-90f6-e3f929d1bd9b/tags/green HTTP/1.1" status: 201 len: 201 time: 0.0295086
2026-03-31 05:57:52.224 9 INFO neutron.wsgi [None req-a46a449e-a346-4dbd-bd3c-0cc4ae346cbd 21de7a83752349a0a81aaf6e44c2c114 ded60ee4096b4b9ea62251907e8b6e3f - - default default] 10.0.0.112 "GET /v2.0/subnetpools/b96ef0b9-8993-4a9d-90f6-e3f929d1bd9b/tags HTTP/1.1" status: 200 len: 227 time: 0.0350080
2026-03-31 05:57:52.249 9 INFO neutron.wsgi [None req-c52a1d08-a980-4084-8013-e4ddbd2a94f5 21de7a83752349a0a81aaf6e44c2c114 ded60ee4096b4b9ea62251907e8b6e3f - - - -] 10.0.0.112 "PUT /v2.0/subnetpools/b96ef0b9-8993-4a9d-90f6-e3f929d1bd9b/tags/red HTTP/1.1" status: 201 len: 201 time: 0.0187199
2026-03-31 05:57:52.271 9 INFO neutron.wsgi [None req-e781631f-5860-4396-a157-6f40658e0a25 21de7a83752349a0a81aaf6e44c2c114 ded60ee4096b4b9ea62251907e8b6e3f - - default default] 10.0.0.112 "GET /v2.0/subnetpools/b96ef0b9-8993-4a9d-90f6-e3f929d1bd9b/tags HTTP/1.1" status: 200 len: 227 time: 0.0171630
2026-03-31 05:57:52.304 9 INFO neutron.wsgi [None req-db185c31-3808-4ba3-ad03-eeda6c6e963e 21de7a83752349a0a81aaf6e44c2c114 ded60ee4096b4b9ea62251907e8b6e3f - - - -] 10.0.0.112 "PUT /v2.0/subnetpools/b96ef0b9-8993-4a9d-90f6-e3f929d1bd9b/tags/black.or.white HTTP/1.1" status: 201 len: 201 time: 0.0284805
2026-03-31 05:57:52.326 9 INFO neutron.wsgi [None req-abedd35c-4a21-465f-b56d-4d9ca5e19964 21de7a83752349a0a81aaf6e44c2c114 ded60ee4096b4b9ea62251907e8b6e3f - - default default] 10.0.0.112 "GET /v2.0/subnetpools/b96ef0b9-8993-4a9d-90f6-e3f929d1bd9b/tags HTTP/1.1" status: 200 len: 245 time: 0.0188694
2026-03-31 05:57:52.367 9 INFO neutron.wsgi [None req-4be015ba-8cc7-4680-b2fb-3eb17b8c6c05 21de7a83752349a0a81aaf6e44c2c114 ded60ee4096b4b9ea62251907e8b6e3f - - - -] 10.0.0.112 "PUT /v2.0/subnetpools/b96ef0b9-8993-4a9d-90f6-e3f929d1bd9b/tags HTTP/1.1" status: 200 len: 230 time: 0.0307722
2026-03-31 05:57:52.389 9 INFO neutron.wsgi [None req-04f939b7-fe54-465c-be68-bb25babbcbb4 21de7a83752349a0a81aaf6e44c2c114 ded60ee4096b4b9ea62251907e8b6e3f - - default default] 10.0.0.112 "GET /v2.0/subnetpools/b96ef0b9-8993-4a9d-90f6-e3f929d1bd9b/tags HTTP/1.1" status: 200 len: 230 time: 0.0165000
2026-03-31 05:57:52.410 9 INFO neutron.wsgi [None req-fac52e68-d8a0-43a9-b469-4601a480c6b2 21de7a83752349a0a81aaf6e44c2c114 ded60ee4096b4b9ea62251907e8b6e3f - - default default] 10.0.0.112 "GET /v2.0/subnetpools/b96ef0b9-8993-4a9d-90f6-e3f929d1bd9b/tags/red HTTP/1.1" status: 204 len: 168 time: 0.0158875
2026-03-31 05:57:52.429 9 INFO neutron.api.v2.resource [None req-9df3c920-389b-454e-adc9-2c39f64b6b8d 21de7a83752349a0a81aaf6e44c2c114 ded60ee4096b4b9ea62251907e8b6e3f - - default default] show failed (client error): The resource could not be found.
2026-03-31 05:57:52.430 9 INFO neutron.wsgi [None req-9df3c920-389b-454e-adc9-2c39f64b6b8d 21de7a83752349a0a81aaf6e44c2c114 ded60ee4096b4b9ea62251907e8b6e3f - - default default] 10.0.0.112 "GET /v2.0/subnetpools/b96ef0b9-8993-4a9d-90f6-e3f929d1bd9b/tags/green HTTP/1.1" status: 404 len: 299 time: 0.0149381
2026-03-31 05:57:52.438 10 WARNING neutron.scheduler.dhcp_agent_scheduler [None req-12c9a5d9-2959-4918-98f5-40299ae3d754 4fdc7b8f59f34265b6fba0d04e68f5f2 a240ec15a43e4f50ac0800657d5a2525 - - - -] No more DHCP agents
2026-03-31 05:57:52.442 10 WARNING neutron.api.rpc.agentnotifiers.dhcp_rpc_agent_api [None req-12c9a5d9-2959-4918-98f5-40299ae3d754 4fdc7b8f59f34265b6fba0d04e68f5f2 a240ec15a43e4f50ac0800657d5a2525 - - - -] Unable to schedule network 25013cf9-da18-47b4-b35b-f4efa2b2672f: no agents available; will retry on subsequent port and subnet creation events.
2026-03-31 05:57:52.463 9 INFO neutron.wsgi [None req-e02c8f08-2c74-400a-885b-f02e3adf1072 21de7a83752349a0a81aaf6e44c2c114 ded60ee4096b4b9ea62251907e8b6e3f - - - -] 10.0.0.112 "DELETE /v2.0/subnetpools/b96ef0b9-8993-4a9d-90f6-e3f929d1bd9b/tags/red HTTP/1.1" status: 204 len: 168 time: 0.0285511
2026-03-31 05:57:52.507 10 INFO neutron.wsgi [None req-b6fa9e1b-1392-4280-aec0-5a01489bab98 21de7a83752349a0a81aaf6e44c2c114 ded60ee4096b4b9ea62251907e8b6e3f - - default default] 10.0.0.112 "GET /v2.0/subnetpools/b96ef0b9-8993-4a9d-90f6-e3f929d1bd9b/tags HTTP/1.1" status: 200 len: 223 time: 0.0375502
2026-03-31 05:57:52.532 9 INFO neutron.api.v2.resource [None req-d8ea3f09-534e-4b7e-944c-a119bddefd58 21de7a83752349a0a81aaf6e44c2c114 ded60ee4096b4b9ea62251907e8b6e3f - - - -] delete failed (client error): The resource could not be found.
2026-03-31 05:57:52.533 9 INFO neutron.wsgi [None req-d8ea3f09-534e-4b7e-944c-a119bddefd58 21de7a83752349a0a81aaf6e44c2c114 ded60ee4096b4b9ea62251907e8b6e3f - - - -] 10.0.0.112 "DELETE /v2.0/subnetpools/b96ef0b9-8993-4a9d-90f6-e3f929d1bd9b/tags/green HTTP/1.1" status: 404 len: 299 time: 0.0201757
2026-03-31 05:57:52.570 9 INFO neutron.wsgi [None req-3013ac51-dc66-48a7-aec0-59d5f2053b3b 21de7a83752349a0a81aaf6e44c2c114 ded60ee4096b4b9ea62251907e8b6e3f - - - -] 10.0.0.112 "DELETE /v2.0/subnetpools/b96ef0b9-8993-4a9d-90f6-e3f929d1bd9b/tags HTTP/1.1" status: 204 len: 168 time: 0.0317707
2026-03-31 05:57:52.606 9 INFO neutron.wsgi [None req-4df7d48a-f296-4795-987f-42029235668c 21de7a83752349a0a81aaf6e44c2c114 ded60ee4096b4b9ea62251907e8b6e3f - - default default] 10.0.0.112 "GET /v2.0/subnetpools/b96ef0b9-8993-4a9d-90f6-e3f929d1bd9b/tags HTTP/1.1" status: 200 len: 205 time: 0.0304005
2026-03-31 05:57:52.695 9 INFO neutron.wsgi [None req-01c79971-e3b8-4fc6-9fdb-1b636b8181da 21de7a83752349a0a81aaf6e44c2c114 ded60ee4096b4b9ea62251907e8b6e3f - - - -] 10.0.0.112 "DELETE /v2.0/subnetpools/b96ef0b9-8993-4a9d-90f6-e3f929d1bd9b HTTP/1.1" status: 204 len: 168 time: 0.0776432
2026-03-31 05:57:52.768 10 INFO neutron.db.ovn_revision_numbers_db [None req-12c9a5d9-2959-4918-98f5-40299ae3d754 4fdc7b8f59f34265b6fba0d04e68f5f2 a240ec15a43e4f50ac0800657d5a2525 - - - -] Successfully bumped revision number for resource 016b90e3-af8e-4fa2-b06e-ccfd02e21567 (type: floatingips) to 0
2026-03-31 05:57:52.780 10 INFO neutron.wsgi [None req-12c9a5d9-2959-4918-98f5-40299ae3d754 4fdc7b8f59f34265b6fba0d04e68f5f2 a240ec15a43e4f50ac0800657d5a2525 - - - -] 10.0.0.112 "POST /v2.0/floatingips HTTP/1.1" status: 201 len: 751 time: 1.1752410
2026-03-31 05:57:53.059 10 WARNING neutron.scheduler.dhcp_agent_scheduler [None req-fdd990c6-871b-47e4-bcf3-299b86cf863d 4fdc7b8f59f34265b6fba0d04e68f5f2 a240ec15a43e4f50ac0800657d5a2525 - - - -] No more DHCP agents
2026-03-31 05:57:53.061 10 WARNING neutron.api.rpc.agentnotifiers.dhcp_rpc_agent_api [None req-fdd990c6-871b-47e4-bcf3-299b86cf863d 4fdc7b8f59f34265b6fba0d04e68f5f2 a240ec15a43e4f50ac0800657d5a2525 - - - -] Unable to schedule network 25013cf9-da18-47b4-b35b-f4efa2b2672f: no agents available; will retry on subsequent port and subnet creation events.
2026-03-31 05:57:53.378 10 INFO neutron.db.ovn_revision_numbers_db [None req-fdd990c6-871b-47e4-bcf3-299b86cf863d 4fdc7b8f59f34265b6fba0d04e68f5f2 a240ec15a43e4f50ac0800657d5a2525 - - - -] Successfully bumped revision number for resource 6805ff2d-855b-43a4-aae4-d874dc3b1837 (type: floatingips) to 0
2026-03-31 05:57:53.391 10 INFO neutron.wsgi [None req-fdd990c6-871b-47e4-bcf3-299b86cf863d 4fdc7b8f59f34265b6fba0d04e68f5f2 a240ec15a43e4f50ac0800657d5a2525 - - - -] 10.0.0.112 "POST /v2.0/floatingips HTTP/1.1" status: 201 len: 751 time: 0.6061096
2026-03-31 05:57:53.553 9 INFO neutron.db.ovn_revision_numbers_db [None req-e7e0346d-9cab-4307-a117-b7b567d14ecb b34d968fa3c54e66a91861aeefbdcb3d 116ac56d0cc84a83ac998d1801b5f7bf - - default default] Successfully bumped revision number for resource 3335a1db-9fd5-4c64-afa0-9a4d136065e9 (type: security_groups) to 1
2026-03-31 05:57:53.577 9 INFO neutron.wsgi [None req-e7e0346d-9cab-4307-a117-b7b567d14ecb b34d968fa3c54e66a91861aeefbdcb3d 116ac56d0cc84a83ac998d1801b5f7bf - - default default] 10.0.0.112 "GET /v2.0/security-groups?tenant_id=553fef8437eb4aca925df706071b07cd&name=default HTTP/1.1" status: 200 len: 2996 time: 0.2090871
2026-03-31 05:57:53.694 10 WARNING neutron.scheduler.dhcp_agent_scheduler [None req-ca6e2933-70b8-4879-b4f5-178f47138163 4fdc7b8f59f34265b6fba0d04e68f5f2 a240ec15a43e4f50ac0800657d5a2525 - - - -] No more DHCP agents
2026-03-31 05:57:53.699 10 WARNING neutron.api.rpc.agentnotifiers.dhcp_rpc_agent_api [None req-ca6e2933-70b8-4879-b4f5-178f47138163 4fdc7b8f59f34265b6fba0d04e68f5f2 a240ec15a43e4f50ac0800657d5a2525 - - - -] Unable to schedule network 25013cf9-da18-47b4-b35b-f4efa2b2672f: no agents available; will retry on subsequent port and subnet creation events.
2026-03-31 05:57:53.854 10 INFO neutron.wsgi [None req-9ca88963-73fc-40e6-9cd1-2b7b5e5a039e b34d968fa3c54e66a91861aeefbdcb3d 116ac56d0cc84a83ac998d1801b5f7bf - - - -] 10.0.0.112 "DELETE /v2.0/security-groups/3335a1db-9fd5-4c64-afa0-9a4d136065e9 HTTP/1.1" status: 204 len: 168 time: 0.2705109
2026-03-31 05:57:54.011 10 INFO neutron.db.ovn_revision_numbers_db [None req-ca6e2933-70b8-4879-b4f5-178f47138163 4fdc7b8f59f34265b6fba0d04e68f5f2 a240ec15a43e4f50ac0800657d5a2525 - - - -] Successfully bumped revision number for resource c820e3bd-a2b4-47f1-b7d8-34b3ef828f4f (type: floatingips) to 0
2026-03-31 05:57:54.024 10 INFO neutron.wsgi [None req-ca6e2933-70b8-4879-b4f5-178f47138163 4fdc7b8f59f34265b6fba0d04e68f5f2 a240ec15a43e4f50ac0800657d5a2525 - - - -] 10.0.0.112 "POST /v2.0/floatingips HTTP/1.1" status: 201 len: 751 time: 0.6287413
2026-03-31 05:57:54.084 9 INFO neutron.db.ovn_revision_numbers_db [None req-12379d55-5586-4cb9-8cde-8f9244fe549e b34d968fa3c54e66a91861aeefbdcb3d 116ac56d0cc84a83ac998d1801b5f7bf - - default default] Successfully bumped revision number for resource c1b6a472-33a2-41d9-bad0-4352bb9478c2 (type: security_groups) to 1
2026-03-31 05:57:54.107 9 INFO neutron.wsgi [None req-12379d55-5586-4cb9-8cde-8f9244fe549e b34d968fa3c54e66a91861aeefbdcb3d 116ac56d0cc84a83ac998d1801b5f7bf - - default default] 10.0.0.112 "GET /v2.0/security-groups?tenant_id=ded60ee4096b4b9ea62251907e8b6e3f&name=default HTTP/1.1" status: 200 len: 2996 time: 0.1434510
2026-03-31 05:57:54.311 9 INFO neutron.wsgi [None req-34557382-211b-4391-9488-f6c83cb67ad8 b34d968fa3c54e66a91861aeefbdcb3d 116ac56d0cc84a83ac998d1801b5f7bf - - - -] 10.0.0.112 "DELETE /v2.0/security-groups/c1b6a472-33a2-41d9-bad0-4352bb9478c2 HTTP/1.1" status: 204 len: 168 time: 0.2000682
2026-03-31 05:57:54.317 10 WARNING neutron.scheduler.dhcp_agent_scheduler [None req-a28e096a-a290-4d95-884d-0c8b0b72e43d 4fdc7b8f59f34265b6fba0d04e68f5f2 a240ec15a43e4f50ac0800657d5a2525 - - - -] No more DHCP agents
2026-03-31 05:57:54.319 10 WARNING neutron.api.rpc.agentnotifiers.dhcp_rpc_agent_api [None req-a28e096a-a290-4d95-884d-0c8b0b72e43d 4fdc7b8f59f34265b6fba0d04e68f5f2 a240ec15a43e4f50ac0800657d5a2525 - - - -] Unable to schedule network 25013cf9-da18-47b4-b35b-f4efa2b2672f: no agents available; will retry on subsequent port and subnet creation events.
2026-03-31 05:57:54.576 10 INFO neutron.db.ovn_revision_numbers_db [None req-a28e096a-a290-4d95-884d-0c8b0b72e43d 4fdc7b8f59f34265b6fba0d04e68f5f2 a240ec15a43e4f50ac0800657d5a2525 - - - -] Successfully bumped revision number for resource 5efb68ae-5f05-4080-863f-ef44f69e4959 (type: floatingips) to 0
2026-03-31 05:57:54.591 10 INFO neutron.wsgi [None req-a28e096a-a290-4d95-884d-0c8b0b72e43d 4fdc7b8f59f34265b6fba0d04e68f5f2 a240ec15a43e4f50ac0800657d5a2525 - - - -] 10.0.0.112 "POST /v2.0/floatingips HTTP/1.1" status: 201 len: 751 time: 0.5609448
2026-03-31 05:57:54.787 10 INFO neutron.wsgi [-] 10.0.0.32 "GET / HTTP/1.1" status: 200 len: 247 time: 0.0020568
2026-03-31 05:57:54.788 9 INFO neutron.wsgi [-] 10.0.0.32 "GET / HTTP/1.1" status: 200 len: 247 time: 0.0029709
2026-03-31 05:57:54.845 10 WARNING neutron.scheduler.dhcp_agent_scheduler [None req-b352f6d0-c8f7-4fc1-b92d-1e33cfaef06c 4fdc7b8f59f34265b6fba0d04e68f5f2 a240ec15a43e4f50ac0800657d5a2525 - - - -] No more DHCP agents
2026-03-31 05:57:54.847 10 WARNING neutron.api.rpc.agentnotifiers.dhcp_rpc_agent_api [None req-b352f6d0-c8f7-4fc1-b92d-1e33cfaef06c 4fdc7b8f59f34265b6fba0d04e68f5f2 a240ec15a43e4f50ac0800657d5a2525 - - - -] Unable to schedule network 25013cf9-da18-47b4-b35b-f4efa2b2672f: no agents available; will retry on subsequent port and subnet creation events.
2026-03-31 05:57:55.128 10 INFO neutron.db.ovn_revision_numbers_db [None req-b352f6d0-c8f7-4fc1-b92d-1e33cfaef06c 4fdc7b8f59f34265b6fba0d04e68f5f2 a240ec15a43e4f50ac0800657d5a2525 - - - -] Successfully bumped revision number for resource 0cf771b4-9551-4fcc-81b2-34cafb69d0b3 (type: floatingips) to 0
2026-03-31 05:57:55.143 10 INFO neutron.wsgi [None req-b352f6d0-c8f7-4fc1-b92d-1e33cfaef06c 4fdc7b8f59f34265b6fba0d04e68f5f2 a240ec15a43e4f50ac0800657d5a2525 - - - -] 10.0.0.112 "POST /v2.0/floatingips HTTP/1.1" status: 201 len: 751 time: 0.5470507
2026-03-31 05:57:55.205 10 INFO neutron.wsgi [None req-e8af585e-eda9-4403-87f1-a81090df3031 4fdc7b8f59f34265b6fba0d04e68f5f2 a240ec15a43e4f50ac0800657d5a2525 - - - -] 10.0.0.112 "PUT /v2.0/floatingips/016b90e3-af8e-4fa2-b06e-ccfd02e21567/tags HTTP/1.1" status: 200 len: 210 time: 0.0569990
2026-03-31 05:57:55.251 10 INFO neutron.wsgi [None req-cf53e471-eb1e-46ca-a732-5c059d39e54a 4fdc7b8f59f34265b6fba0d04e68f5f2 a240ec15a43e4f50ac0800657d5a2525 - - - -] 10.0.0.112 "PUT /v2.0/floatingips/6805ff2d-855b-43a4-aae4-d874dc3b1837/tags HTTP/1.1" status: 200 len: 218 time: 0.0408053
2026-03-31 05:57:55.301 10 INFO neutron.wsgi [None req-4f16f5fe-ee8c-432f-8f0d-8b29c17b1cfa 4fdc7b8f59f34265b6fba0d04e68f5f2 a240ec15a43e4f50ac0800657d5a2525 - - - -] 10.0.0.112 "PUT /v2.0/floatingips/c820e3bd-a2b4-47f1-b7d8-34b3ef828f4f/tags HTTP/1.1" status: 200 len: 227 time: 0.0461390
2026-03-31 05:57:55.346 10 INFO neutron.wsgi [None req-d5276b3e-980b-4999-a861-4c64def512d7 4fdc7b8f59f34265b6fba0d04e68f5f2 a240ec15a43e4f50ac0800657d5a2525 - - - -] 10.0.0.112 "PUT /v2.0/floatingips/5efb68ae-5f05-4080-863f-ef44f69e4959/tags HTTP/1.1" status: 200 len: 212 time: 0.0396106
2026-03-31 05:57:55.396 10 INFO neutron.wsgi [None req-d4ce450f-3154-46ba-968d-cee9130b09e9 4fdc7b8f59f34265b6fba0d04e68f5f2 a240ec15a43e4f50ac0800657d5a2525 - - default default] 10.0.0.112 "GET /v2.0/floatingips?tags=red HTTP/1.1" status: 200 len: 1866 time: 0.0441518
2026-03-31 05:57:55.454 10 INFO neutron.wsgi [None req-a0516361-91a2-40c5-9c32-e8564122b60f 4fdc7b8f59f34265b6fba0d04e68f5f2 a240ec15a43e4f50ac0800657d5a2525 - - default default] 10.0.0.112 "GET /v2.0/floatingips?tags=red%2Cblue HTTP/1.1" status: 200 len: 1323 time: 0.0528750
2026-03-31 05:57:55.507 10 INFO neutron.wsgi [None req-32f9aee0-f37e-4e57-baa6-35dac00ed820 4fdc7b8f59f34265b6fba0d04e68f5f2 a240ec15a43e4f50ac0800657d5a2525 - - default default] 10.0.0.112 "GET /v2.0/floatingips?tags-any=blue HTTP/1.1" status: 200 len: 1323 time: 0.0472038
2026-03-31 05:57:55.547 10 INFO neutron.wsgi [None req-d5e88bdc-4f0a-4c00-bef2-15a85a1e1d08 4fdc7b8f59f34265b6fba0d04e68f5f2 a240ec15a43e4f50ac0800657d5a2525 - - default default] 10.0.0.112 "GET /v2.0/floatingips?tags-any=red%2Cblue HTTP/1.1" status: 200 len: 1866 time: 0.0350525
2026-03-31 05:57:55.601 10 INFO neutron.wsgi [None req-42700b22-a9de-44ed-abce-9f04c14af322 4fdc7b8f59f34265b6fba0d04e68f5f2 a240ec15a43e4f50ac0800657d5a2525 - - default default] 10.0.0.112 "GET /v2.0/floatingips?not-tags=red HTTP/1.1" status: 200 len: 1295 time: 0.0503626
2026-03-31 05:57:55.666 9 INFO neutron.wsgi [None req-e2c9f879-e33a-40fc-8838-dc6e5f45541b 4fdc7b8f59f34265b6fba0d04e68f5f2 a240ec15a43e4f50ac0800657d5a2525 - - default default] 10.0.0.112 "GET /v2.0/floatingips?not-tags=red%2Cblue HTTP/1.1" status: 200 len: 1838 time: 0.0604851
2026-03-31 05:57:55.729 9 INFO neutron.wsgi [None req-9ac466f1-933d-4250-bbda-e331078dd97d 4fdc7b8f59f34265b6fba0d04e68f5f2 a240ec15a43e4f50ac0800657d5a2525 - - default default] 10.0.0.112 "GET /v2.0/floatingips?not-tags-any=blue HTTP/1.1" status: 200 len: 1838 time: 0.0582669
2026-03-31 05:57:56.044 9 INFO neutron.wsgi [None req-18891694-e3dc-4c49-a18e-72e9a79b4dc0 4fdc7b8f59f34265b6fba0d04e68f5f2 a240ec15a43e4f50ac0800657d5a2525 - - default default] 10.0.0.112 "GET /v2.0/floatingips?not-tags-any=red%2Cblue HTTP/1.1" status: 200 len: 1295 time: 0.3113146
2026-03-31 05:57:56.393 9 INFO neutron.wsgi [None req-32d83be5-0a36-4d87-869b-6548e78284b2 4fdc7b8f59f34265b6fba0d04e68f5f2 a240ec15a43e4f50ac0800657d5a2525 - - - -] 10.0.0.112 "DELETE /v2.0/floatingips/016b90e3-af8e-4fa2-b06e-ccfd02e21567 HTTP/1.1" status: 204 len: 168 time: 0.3435717
2026-03-31 05:57:56.794 9 INFO neutron.wsgi [None req-05e1740d-0e36-4154-987f-c142bdad5ee4 4fdc7b8f59f34265b6fba0d04e68f5f2 a240ec15a43e4f50ac0800657d5a2525 - - - -] 10.0.0.112 "DELETE /v2.0/floatingips/6805ff2d-855b-43a4-aae4-d874dc3b1837 HTTP/1.1" status: 204 len: 168 time: 0.3952572
2026-03-31 05:57:57.261 9 INFO neutron.wsgi [None req-367ea482-280e-46a1-8c19-1b44f5ff3867 4fdc7b8f59f34265b6fba0d04e68f5f2 a240ec15a43e4f50ac0800657d5a2525 - - - -] 10.0.0.112 "DELETE /v2.0/floatingips/c820e3bd-a2b4-47f1-b7d8-34b3ef828f4f HTTP/1.1" status: 204 len: 168 time: 0.4630394
2026-03-31 05:57:57.690 9 INFO neutron.wsgi [None req-c89e3ebc-cc44-47d3-a5a8-937930242153 4fdc7b8f59f34265b6fba0d04e68f5f2 a240ec15a43e4f50ac0800657d5a2525 - - - -] 10.0.0.112 "DELETE /v2.0/floatingips/5efb68ae-5f05-4080-863f-ef44f69e4959 HTTP/1.1" status: 204 len: 168 time: 0.4230037
2026-03-31 05:57:58.080 10 INFO neutron.wsgi [None req-e5e3074b-cb2a-4ef6-92db-8e30655df1af 4fdc7b8f59f34265b6fba0d04e68f5f2 a240ec15a43e4f50ac0800657d5a2525 - - - -] 10.0.0.112 "DELETE /v2.0/floatingips/0cf771b4-9551-4fcc-81b2-34cafb69d0b3 HTTP/1.1" status: 204 len: 168 time: 0.3857548
2026-03-31 05:57:59.102 9 INFO neutron.db.ovn_revision_numbers_db [None req-38587014-35ef-460f-8fa2-8d2acea6023f b34d968fa3c54e66a91861aeefbdcb3d 116ac56d0cc84a83ac998d1801b5f7bf - - default default] Successfully bumped revision number for resource 1ef3f86e-9d1c-4d56-8088-be4f724452fd (type: security_groups) to 1
2026-03-31 05:57:59.122 9 INFO neutron.wsgi [None req-38587014-35ef-460f-8fa2-8d2acea6023f b34d968fa3c54e66a91861aeefbdcb3d 116ac56d0cc84a83ac998d1801b5f7bf - - default default] 10.0.0.112 "GET /v2.0/security-groups?tenant_id=8951fa150d7f436e8d8eccedc008ba1a&name=default HTTP/1.1" status: 200 len: 2996 time: 0.2593167
2026-03-31 05:57:59.325 9 INFO neutron.wsgi [None req-072511a4-1046-41ea-b5e1-ff46e34da8a4 b34d968fa3c54e66a91861aeefbdcb3d 116ac56d0cc84a83ac998d1801b5f7bf - - - -] 10.0.0.112 "DELETE /v2.0/security-groups/1ef3f86e-9d1c-4d56-8088-be4f724452fd HTTP/1.1" status: 204 len: 168 time: 0.1970494
2026-03-31 05:57:59.533 9 INFO neutron.db.ovn_revision_numbers_db [None req-7e8272bf-9e8d-4365-96a2-e95404e98400 b34d968fa3c54e66a91861aeefbdcb3d 116ac56d0cc84a83ac998d1801b5f7bf - - default default] Successfully bumped revision number for resource 6c423695-d4bf-4383-bbc1-cd0eecdd6f6d (type: security_groups) to 1
2026-03-31 05:57:59.557 9 INFO neutron.wsgi [None req-7e8272bf-9e8d-4365-96a2-e95404e98400 b34d968fa3c54e66a91861aeefbdcb3d 116ac56d0cc84a83ac998d1801b5f7bf - - default default] 10.0.0.112 "GET /v2.0/security-groups?tenant_id=4d3c0e8c64234dc981d094b9757de607&name=default HTTP/1.1" status: 200 len: 2998 time: 0.1257281
2026-03-31 05:57:59.766 9 INFO neutron.wsgi [None req-73bc83d3-d458-474e-83e7-314ec48423c6 b34d968fa3c54e66a91861aeefbdcb3d 116ac56d0cc84a83ac998d1801b5f7bf - - - -] 10.0.0.112 "DELETE /v2.0/security-groups/6c423695-d4bf-4383-bbc1-cd0eecdd6f6d HTTP/1.1" status: 204 len: 168 time: 0.2034626
2026-03-31 05:58:00.025 9 INFO neutron.db.ovn_revision_numbers_db [None req-c9e2cc11-856a-4432-af00-8ca0e8a27f6b b34d968fa3c54e66a91861aeefbdcb3d 116ac56d0cc84a83ac998d1801b5f7bf - - default default] Successfully bumped revision number for resource 4d87cd4a-7e3e-4efa-bfce-8d4fdc582494 (type: security_groups) to 1
2026-03-31 05:58:00.053 9 INFO neutron.wsgi [None req-c9e2cc11-856a-4432-af00-8ca0e8a27f6b b34d968fa3c54e66a91861aeefbdcb3d 116ac56d0cc84a83ac998d1801b5f7bf - - default default] 10.0.0.112 "GET /v2.0/security-groups?tenant_id=a240ec15a43e4f50ac0800657d5a2525&name=default HTTP/1.1" status: 200 len: 3000 time: 0.1149099
2026-03-31 05:58:00.268 9 INFO neutron.wsgi [None req-af8cd603-28f6-4e2c-919c-7ba97a7c6ca5 b34d968fa3c54e66a91861aeefbdcb3d 116ac56d0cc84a83ac998d1801b5f7bf - - - -] 10.0.0.112 "DELETE /v2.0/security-groups/4d87cd4a-7e3e-4efa-bfce-8d4fdc582494 HTTP/1.1" status: 204 len: 168 time: 0.1989269
2026-03-31 05:58:03.977 9 INFO neutron.db.ovn_revision_numbers_db [None req-8082ca59-601a-4343-b10a-f57c434e6dc2 0c9b3d2bdb804cc7813483e24128b247 a4a9a487475843eb98dc2d803d9d2175 - - - -] Successfully bumped revision number for resource 4a26e0c2-586c-4cb2-b7a9-3d2aedc98ac8 (type: security_groups) to 1
2026-03-31 05:58:04.041 9 INFO neutron.db.segments_db [None req-8082ca59-601a-4343-b10a-f57c434e6dc2 0c9b3d2bdb804cc7813483e24128b247 a4a9a487475843eb98dc2d803d9d2175 - - - -] Added segment d5e330fc-051b-4264-ad67-03def2c6a74d of type geneve for network 10231788-7b5c-4eea-8435-694efe800180
2026-03-31 05:58:04.186 9 INFO neutron.db.ovn_revision_numbers_db [None req-8082ca59-601a-4343-b10a-f57c434e6dc2 0c9b3d2bdb804cc7813483e24128b247 a4a9a487475843eb98dc2d803d9d2175 - - - -] Successfully bumped revision number for resource 10231788-7b5c-4eea-8435-694efe800180 (type: networks) to 1
2026-03-31 05:58:04.382 9 WARNING neutron.scheduler.dhcp_agent_scheduler [None req-8082ca59-601a-4343-b10a-f57c434e6dc2 0c9b3d2bdb804cc7813483e24128b247 a4a9a487475843eb98dc2d803d9d2175 - - - -] No more DHCP agents
2026-03-31 05:58:04.384 9 WARNING neutron.api.rpc.agentnotifiers.dhcp_rpc_agent_api [None req-8082ca59-601a-4343-b10a-f57c434e6dc2 0c9b3d2bdb804cc7813483e24128b247 a4a9a487475843eb98dc2d803d9d2175 - - - -] Unable to schedule network 10231788-7b5c-4eea-8435-694efe800180: no agents available; will retry on subsequent port and subnet creation events.
2026-03-31 05:58:04.448 9 INFO neutron.db.ovn_revision_numbers_db [None req-8082ca59-601a-4343-b10a-f57c434e6dc2 0c9b3d2bdb804cc7813483e24128b247 a4a9a487475843eb98dc2d803d9d2175 - - - -] Successfully bumped revision number for resource 5c20e933-0fa4-423a-a35a-82a6e5061f02 (type: ports) to 1
2026-03-31 05:58:04.471 9 INFO neutron.wsgi [None req-8082ca59-601a-4343-b10a-f57c434e6dc2 0c9b3d2bdb804cc7813483e24128b247 a4a9a487475843eb98dc2d803d9d2175 - - - -] 10.0.0.112 "POST /v2.0/networks HTTP/1.1" status: 201 len: 838 time: 0.7996376
2026-03-31 05:58:04.531 10 INFO neutron.db.ovn_revision_numbers_db [None req-bb5d5b66-020a-49c3-b676-3a354b4707a7 11268cbabfa44731903763129c7ec64e 508937d9e3a64d6587f43b68d8797f25 - - - -] Successfully bumped revision number for resource be1f93e5-49b2-4260-9100-7345f1e89f7d (type: security_groups) to 1
2026-03-31 05:58:04.607 10 INFO neutron.db.ovn_revision_numbers_db [None req-bb5d5b66-020a-49c3-b676-3a354b4707a7 11268cbabfa44731903763129c7ec64e 508937d9e3a64d6587f43b68d8797f25 - - - -] Successfully bumped revision number for resource 4e3738f9-628e-4985-b936-3c319ab08bc7 (type: security_groups) to 1
2026-03-31 05:58:04.742 9 WARNING neutron.scheduler.dhcp_agent_scheduler [None req-f09ae1a0-bc71-4297-8984-fa0607354222 0c9b3d2bdb804cc7813483e24128b247 a4a9a487475843eb98dc2d803d9d2175 - - - -] No more DHCP agents
2026-03-31 05:58:04.746 9 WARNING neutron.api.rpc.agentnotifiers.dhcp_rpc_agent_api [None req-f09ae1a0-bc71-4297-8984-fa0607354222 0c9b3d2bdb804cc7813483e24128b247 a4a9a487475843eb98dc2d803d9d2175 - - - -] Unable to schedule network 10231788-7b5c-4eea-8435-694efe800180: no agents available; will retry on subsequent port and subnet creation events.
2026-03-31 05:58:05.021 10 INFO neutron.wsgi [None req-bb5d5b66-020a-49c3-b676-3a354b4707a7 11268cbabfa44731903763129c7ec64e 508937d9e3a64d6587f43b68d8797f25 - - - -] 10.0.0.112 "POST /v2.0/security-groups HTTP/1.1" status: 201 len: 1739 time: 0.6435938
2026-03-31 05:58:05.123 10 INFO neutron.db.ovn_revision_numbers_db [None req-6c80404d-6fb6-469d-a98c-a894bcdf4143 11268cbabfa44731903763129c7ec64e 508937d9e3a64d6587f43b68d8797f25 - - - -] Successfully bumped revision number for resource 1a50f561-5064-41b3-a9d1-2a9b70fa92bb (type: security_groups) to 1
2026-03-31 05:58:05.148 10 INFO neutron.wsgi [None req-6c80404d-6fb6-469d-a98c-a894bcdf4143 11268cbabfa44731903763129c7ec64e 508937d9e3a64d6587f43b68d8797f25 - - - -] 10.0.0.112 "POST /v2.0/security-groups HTTP/1.1" status: 201 len: 1739 time: 0.1212833
2026-03-31 05:58:05.212 9 INFO neutron.db.ovn_revision_numbers_db [None req-f09ae1a0-bc71-4297-8984-fa0607354222 0c9b3d2bdb804cc7813483e24128b247 a4a9a487475843eb98dc2d803d9d2175 - - - -] Successfully bumped revision number for resource 5c20e933-0fa4-423a-a35a-82a6e5061f02 (type: ports) to 2
2026-03-31 05:58:05.227 9 INFO neutron.db.ovn_revision_numbers_db [None req-f09ae1a0-bc71-4297-8984-fa0607354222 0c9b3d2bdb804cc7813483e24128b247 a4a9a487475843eb98dc2d803d9d2175 - - - -] Successfully bumped revision number for resource b9032e68-32e8-4323-9395-ba9f3a15849b (type: subnets) to 0
2026-03-31 05:58:05.247 9 INFO neutron.wsgi [None req-f09ae1a0-bc71-4297-8984-fa0607354222 0c9b3d2bdb804cc7813483e24128b247 a4a9a487475843eb98dc2d803d9d2175 - - - -] 10.0.0.112 "POST /v2.0/subnets HTTP/1.1" status: 201 len: 833 time: 0.7690883
2026-03-31 05:58:05.257 10 INFO neutron.db.ovn_revision_numbers_db [None req-4f6a506a-2b6e-4385-8aa1-d56fa8e449b6 11268cbabfa44731903763129c7ec64e 508937d9e3a64d6587f43b68d8797f25 - - - -] Successfully bumped revision number for resource 41eacf96-a6b9-4348-ad73-e69eb8ef8a2b (type: security_groups) to 1
2026-03-31 05:58:05.279 10 INFO neutron.wsgi [None req-4f6a506a-2b6e-4385-8aa1-d56fa8e449b6 11268cbabfa44731903763129c7ec64e 508937d9e3a64d6587f43b68d8797f25 - - - -] 10.0.0.112 "POST /v2.0/security-groups HTTP/1.1" status: 201 len: 1739 time: 0.1252544
2026-03-31 05:58:05.366 10 INFO neutron.wsgi [None req-d4d6bafa-3b5f-4ced-bc75-db953a31dff5 aafac7fac84b44ddb3cd72322cc9e5b2 5f8a5a367ade4377b9089e6441cc70e9 - - default default] 10.0.0.112 "GET /v2.0/subnetpools?name=shared-default-subnetpool-v6 HTTP/1.1" status: 200 len: 212 time: 0.1137040
2026-03-31 05:58:05.442 10 INFO neutron.db.ovn_revision_numbers_db [None req-553d4fc0-30f7-4297-a969-2b0a7b13a652 11268cbabfa44731903763129c7ec64e 508937d9e3a64d6587f43b68d8797f25 - - - -] Successfully bumped revision number for resource 02176221-5deb-49d3-b73f-c1e9a40a0d0d (type: security_groups) to 1
2026-03-31 05:58:05.471 10 INFO neutron.wsgi [None req-553d4fc0-30f7-4297-a969-2b0a7b13a652 11268cbabfa44731903763129c7ec64e 508937d9e3a64d6587f43b68d8797f25 - - - -] 10.0.0.112 "POST /v2.0/security-groups HTTP/1.1" status: 201 len: 1739 time: 0.1867692
2026-03-31 05:58:05.571 9 INFO neutron.db.ovn_revision_numbers_db [None req-e8d37e23-2a4d-4803-a216-52c0231e2bc2 11268cbabfa44731903763129c7ec64e 508937d9e3a64d6587f43b68d8797f25 - - - -] Successfully bumped revision number for resource c77b2d6f-8e7a-4787-8e38-1f11f4eb0183 (type: security_groups) to 1
2026-03-31 05:58:05.597 9 INFO neutron.wsgi [None req-e8d37e23-2a4d-4803-a216-52c0231e2bc2 11268cbabfa44731903763129c7ec64e 508937d9e3a64d6587f43b68d8797f25 - - - -] 10.0.0.112 "POST /v2.0/security-groups HTTP/1.1" status: 201 len: 1739 time: 0.1206944
2026-03-31 05:58:05.631 9 INFO neutron.wsgi [None req-d0b8125c-00f9-408c-a8a5-46743e1935dc 11268cbabfa44731903763129c7ec64e 508937d9e3a64d6587f43b68d8797f25 - - - -] 10.0.0.112 "PUT /v2.0/security-groups/4e3738f9-628e-4985-b936-3c319ab08bc7/tags HTTP/1.1" status: 200 len: 210 time: 0.0264261
2026-03-31 05:58:05.666 9 INFO neutron.wsgi [None req-772dd8ee-a445-4a46-b316-0b78f49ee557 11268cbabfa44731903763129c7ec64e 508937d9e3a64d6587f43b68d8797f25 - - - -] 10.0.0.112 "PUT /v2.0/security-groups/1a50f561-5064-41b3-a9d1-2a9b70fa92bb/tags HTTP/1.1" status: 200 len: 218 time: 0.0298257
2026-03-31 05:58:05.697 9 INFO neutron.wsgi [None req-2b54d330-2830-416a-bd82-01c420018cae 11268cbabfa44731903763129c7ec64e 508937d9e3a64d6587f43b68d8797f25 - - - -] 10.0.0.112 "PUT /v2.0/security-groups/41eacf96-a6b9-4348-ad73-e69eb8ef8a2b/tags HTTP/1.1" status: 200 len: 227 time: 0.0261998
2026-03-31 05:58:05.724 9 INFO neutron.wsgi [None req-64da14bc-6302-492c-bceb-2eb2a6363ca3 11268cbabfa44731903763129c7ec64e 508937d9e3a64d6587f43b68d8797f25 - - - -] 10.0.0.112 "PUT /v2.0/security-groups/02176221-5deb-49d3-b73f-c1e9a40a0d0d/tags HTTP/1.1" status: 200 len: 212 time: 0.0210650
2026-03-31 05:58:05.748 10 WARNING neutron.scheduler.dhcp_agent_scheduler [None req-18337eb8-8b92-4050-a53f-8e95c3b5a16d 0c9b3d2bdb804cc7813483e24128b247 a4a9a487475843eb98dc2d803d9d2175 - - - -] No more DHCP agents
2026-03-31 05:58:05.750 10 WARNING neutron.api.rpc.agentnotifiers.dhcp_rpc_agent_api [None req-18337eb8-8b92-4050-a53f-8e95c3b5a16d 0c9b3d2bdb804cc7813483e24128b247 a4a9a487475843eb98dc2d803d9d2175 - - - -] Unable to schedule network 10231788-7b5c-4eea-8435-694efe800180: no agents available; will retry on subsequent port and subnet creation events.
2026-03-31 05:58:05.763 10 INFO neutron.db.ovn_revision_numbers_db [None req-18337eb8-8b92-4050-a53f-8e95c3b5a16d 0c9b3d2bdb804cc7813483e24128b247 a4a9a487475843eb98dc2d803d9d2175 - - - -] Successfully bumped revision number for resource c9717c3c-81c4-449a-adb6-9ba807b7895b (type: subnets) to 0
2026-03-31 05:58:05.782 9 INFO neutron.wsgi [None req-8bfd524b-2106-48ad-90a9-da55eb40b8c9 11268cbabfa44731903763129c7ec64e 508937d9e3a64d6587f43b68d8797f25 - - default default] 10.0.0.112 "GET /v2.0/security-groups?tags=red HTTP/1.1" status: 200 len: 4819 time: 0.0517428
2026-03-31 05:58:05.783 10 INFO neutron.wsgi [None req-18337eb8-8b92-4050-a53f-8e95c3b5a16d 0c9b3d2bdb804cc7813483e24128b247 a4a9a487475843eb98dc2d803d9d2175 - - - -] 10.0.0.112 "POST /v2.0/subnets HTTP/1.1" status: 201 len: 906 time: 0.4111717
2026-03-31 05:58:05.853 9 INFO neutron.wsgi [None req-84b702a2-5c63-4841-8458-86ed0c90dae1 11268cbabfa44731903763129c7ec64e 508937d9e3a64d6587f43b68d8797f25 - - default default] 10.0.0.112 "GET /v2.0/security-groups?tags=red%2Cblue HTTP/1.1" status: 200 len: 3293 time: 0.0647471
2026-03-31 05:58:05.902 9 INFO neutron.db.segments_db [None req-0b4052d7-d430-4258-b842-a1b43541e92d 0c9b3d2bdb804cc7813483e24128b247 a4a9a487475843eb98dc2d803d9d2175 - - - -] Added segment 36f07a87-c5a9-4159-90c5-a2395be30ab3 of type geneve for network e9a25924-2c3d-4252-87ff-4eb1920ac20d
2026-03-31 05:58:05.912 9 INFO neutron.wsgi [None req-31b93fb5-502c-4042-af67-8bcbbf25a6aa 11268cbabfa44731903763129c7ec64e 508937d9e3a64d6587f43b68d8797f25 - - default default] 10.0.0.112 "GET /v2.0/security-groups?tags-any=blue HTTP/1.1" status: 200 len: 3293 time: 0.0530052
2026-03-31 05:58:06.000 10 INFO neutron.wsgi [None req-72814f67-c17f-4a37-8594-68d0e533213c 11268cbabfa44731903763129c7ec64e 508937d9e3a64d6587f43b68d8797f25 - - default default] 10.0.0.112 "GET /v2.0/security-groups?tags-any=red%2Cblue HTTP/1.1" status: 200 len: 4819 time: 0.0834296
2026-03-31 05:58:06.051 9 INFO neutron.db.ovn_revision_numbers_db [None req-0b4052d7-d430-4258-b842-a1b43541e92d 0c9b3d2bdb804cc7813483e24128b247 a4a9a487475843eb98dc2d803d9d2175 - - - -] Successfully bumped revision number for resource e9a25924-2c3d-4252-87ff-4eb1920ac20d (type: networks) to 1
2026-03-31 05:58:06.063 10 INFO neutron.wsgi [None req-5807f5ab-dbe4-4f57-b9a9-6709d02a409c 11268cbabfa44731903763129c7ec64e 508937d9e3a64d6587f43b68d8797f25 - - default default] 10.0.0.112 "GET /v2.0/security-groups?not-tags=red HTTP/1.1" status: 200 len: 6049 time: 0.0567219
2026-03-31 05:58:06.134 10 INFO neutron.wsgi [None req-eec8fecc-5861-4023-992d-cfb1ed8086d0 11268cbabfa44731903763129c7ec64e 508937d9e3a64d6587f43b68d8797f25 - - default default] 10.0.0.112 "GET /v2.0/security-groups?not-tags=red%2Cblue HTTP/1.1" status: 200 len: 7575 time: 0.0653129
2026-03-31 05:58:06.220 10 INFO neutron.wsgi [None req-59942e7a-b21e-4c0b-830c-b127331a9630 11268cbabfa44731903763129c7ec64e 508937d9e3a64d6587f43b68d8797f25 - - default default] 10.0.0.112 "GET /v2.0/security-groups?not-tags-any=blue HTTP/1.1" status: 200 len: 7575 time: 0.0808239
2026-03-31 05:58:06.251 9 WARNING neutron.scheduler.dhcp_agent_scheduler [None req-0b4052d7-d430-4258-b842-a1b43541e92d 0c9b3d2bdb804cc7813483e24128b247 a4a9a487475843eb98dc2d803d9d2175 - - - -] No more DHCP agents
2026-03-31 05:58:06.254 9 WARNING neutron.api.rpc.agentnotifiers.dhcp_rpc_agent_api [None req-0b4052d7-d430-4258-b842-a1b43541e92d 0c9b3d2bdb804cc7813483e24128b247 a4a9a487475843eb98dc2d803d9d2175 - - - -] Unable to schedule network e9a25924-2c3d-4252-87ff-4eb1920ac20d: no agents available; will retry on subsequent port and subnet creation events.
2026-03-31 05:58:06.286 10 INFO neutron.wsgi [None req-6c6dc1ce-0d5e-4825-b52b-09ba5de7d855 11268cbabfa44731903763129c7ec64e 508937d9e3a64d6587f43b68d8797f25 - - default default] 10.0.0.112 "GET /v2.0/security-groups?not-tags-any=red%2Cblue HTTP/1.1" status: 200 len: 6049 time: 0.0609341
2026-03-31 05:58:06.319 9 INFO neutron.db.ovn_revision_numbers_db [None req-0b4052d7-d430-4258-b842-a1b43541e92d 0c9b3d2bdb804cc7813483e24128b247 a4a9a487475843eb98dc2d803d9d2175 - - - -] Successfully bumped revision number for resource 5ec40d31-8ff4-4ec0-ab4b-819bd2f1919f (type: ports) to 1
2026-03-31 05:58:06.340 9 INFO neutron.wsgi [None req-0b4052d7-d430-4258-b842-a1b43541e92d 0c9b3d2bdb804cc7813483e24128b247 a4a9a487475843eb98dc2d803d9d2175 - - - -] 10.0.0.112 "POST /v2.0/networks HTTP/1.1" status: 201 len: 835 time: 0.5524254
2026-03-31 05:58:06.429 10 INFO neutron.wsgi [None req-e60799fd-c658-4588-b9a4-43ffa20298d9 11268cbabfa44731903763129c7ec64e 508937d9e3a64d6587f43b68d8797f25 - - - -] 10.0.0.112 "DELETE /v2.0/security-groups/4e3738f9-628e-4985-b936-3c319ab08bc7 HTTP/1.1" status: 204 len: 168 time: 0.1343992
2026-03-31 05:58:06.538 10 INFO neutron.wsgi [None req-785d24df-1998-4ca3-af0d-f44071739bb8 11268cbabfa44731903763129c7ec64e 508937d9e3a64d6587f43b68d8797f25 - - - -] 10.0.0.112 "DELETE /v2.0/security-groups/1a50f561-5064-41b3-a9d1-2a9b70fa92bb HTTP/1.1" status: 204 len: 168 time: 0.1045501
2026-03-31 05:58:06.619 9 WARNING neutron.scheduler.dhcp_agent_scheduler [None req-9ad3e1cf-798a-46d3-a062-8711a51f4a6a 0c9b3d2bdb804cc7813483e24128b247 a4a9a487475843eb98dc2d803d9d2175 - - - -] No more DHCP agents
2026-03-31 05:58:06.621 9 WARNING neutron.api.rpc.agentnotifiers.dhcp_rpc_agent_api [None req-9ad3e1cf-798a-46d3-a062-8711a51f4a6a 0c9b3d2bdb804cc7813483e24128b247 a4a9a487475843eb98dc2d803d9d2175 - - - -] Unable to schedule network e9a25924-2c3d-4252-87ff-4eb1920ac20d: no agents available; will retry on subsequent port and subnet creation events.
2026-03-31 05:58:06.646 10 INFO neutron.wsgi [None req-77074426-b188-4104-9c36-562537308966 11268cbabfa44731903763129c7ec64e 508937d9e3a64d6587f43b68d8797f25 - - - -] 10.0.0.112 "DELETE /v2.0/security-groups/41eacf96-a6b9-4348-ad73-e69eb8ef8a2b HTTP/1.1" status: 204 len: 168 time: 0.1040781
2026-03-31 05:58:06.771 10 INFO neutron.wsgi [None req-76647318-3fb2-4006-a369-ba8da6a2a70f 11268cbabfa44731903763129c7ec64e 508937d9e3a64d6587f43b68d8797f25 - - - -] 10.0.0.112 "DELETE /v2.0/security-groups/02176221-5deb-49d3-b73f-c1e9a40a0d0d HTTP/1.1" status: 204 len: 168 time: 0.1188512
2026-03-31 05:58:06.915 10 INFO neutron.wsgi [None req-71e1cdfb-fb57-4362-983e-f85dfb8ab55b 11268cbabfa44731903763129c7ec64e 508937d9e3a64d6587f43b68d8797f25 - - - -] 10.0.0.112 "DELETE /v2.0/security-groups/c77b2d6f-8e7a-4787-8e38-1f11f4eb0183 HTTP/1.1" status: 204 len: 168 time: 0.1392760
2026-03-31 05:58:07.067 9 INFO neutron.db.ovn_revision_numbers_db [None req-9ad3e1cf-798a-46d3-a062-8711a51f4a6a 0c9b3d2bdb804cc7813483e24128b247 a4a9a487475843eb98dc2d803d9d2175 - - - -] Successfully bumped revision number for resource 5ec40d31-8ff4-4ec0-ab4b-819bd2f1919f (type: ports) to 2
2026-03-31 05:58:07.088 9 INFO neutron.db.ovn_revision_numbers_db [None req-9ad3e1cf-798a-46d3-a062-8711a51f4a6a 0c9b3d2bdb804cc7813483e24128b247 a4a9a487475843eb98dc2d803d9d2175 - - - -] Successfully bumped revision number for resource 30b51e9c-687a-4054-9c26-e0741420bcdc (type: subnets) to 0
2026-03-31 05:58:07.105 9 INFO neutron.wsgi [None req-9ad3e1cf-798a-46d3-a062-8711a51f4a6a 0c9b3d2bdb804cc7813483e24128b247 a4a9a487475843eb98dc2d803d9d2175 - - - -] 10.0.0.112 "POST /v2.0/subnets HTTP/1.1" status: 201 len: 830 time: 0.7602735
2026-03-31 05:58:07.692 9 WARNING neutron.scheduler.dhcp_agent_scheduler [None req-245cc2b2-ebe9-4eda-a336-eeba8b0f5330 0c9b3d2bdb804cc7813483e24128b247 a4a9a487475843eb98dc2d803d9d2175 - - - -] No more DHCP agents
2026-03-31 05:58:07.694 9 WARNING neutron.api.rpc.agentnotifiers.dhcp_rpc_agent_api [None req-245cc2b2-ebe9-4eda-a336-eeba8b0f5330 0c9b3d2bdb804cc7813483e24128b247 a4a9a487475843eb98dc2d803d9d2175 - - - -] Unable to schedule network e9a25924-2c3d-4252-87ff-4eb1920ac20d: no agents available; will retry on subsequent port and subnet creation events.
2026-03-31 05:58:07.709 9 INFO neutron.db.ovn_revision_numbers_db [None req-245cc2b2-ebe9-4eda-a336-eeba8b0f5330 0c9b3d2bdb804cc7813483e24128b247 a4a9a487475843eb98dc2d803d9d2175 - - - -] Successfully bumped revision number for resource 98d97c18-83d0-42fb-b66c-35a378fc55aa (type: subnets) to 0
2026-03-31 05:58:07.727 9 INFO neutron.wsgi [None req-245cc2b2-ebe9-4eda-a336-eeba8b0f5330 0c9b3d2bdb804cc7813483e24128b247 a4a9a487475843eb98dc2d803d9d2175 - - - -] 10.0.0.112 "POST /v2.0/subnets HTTP/1.1" status: 201 len: 900 time: 0.6164274
2026-03-31 05:58:07.820 9 INFO neutron.db.segments_db [None req-59ec2dc3-5a22-493f-8353-02e8ccf1bc35 0c9b3d2bdb804cc7813483e24128b247 a4a9a487475843eb98dc2d803d9d2175 - - - -] Added segment 29aabfe9-8c69-49f9-9873-9dbffd118fdf of type geneve for network 8d816479-8964-45af-983e-5226c0f51cc6
2026-03-31 05:58:07.970 9 INFO neutron.db.ovn_revision_numbers_db [None req-59ec2dc3-5a22-493f-8353-02e8ccf1bc35 0c9b3d2bdb804cc7813483e24128b247 a4a9a487475843eb98dc2d803d9d2175 - - - -] Successfully bumped revision number for resource 8d816479-8964-45af-983e-5226c0f51cc6 (type: networks) to 1
2026-03-31 05:58:08.138 9 INFO neutron.db.ovn_revision_numbers_db [None req-97cd7c7c-42c2-4a88-85dc-4c53b249373b b34d968fa3c54e66a91861aeefbdcb3d 116ac56d0cc84a83ac998d1801b5f7bf - - default default] Successfully bumped revision number for resource 1068ce24-8eb9-49f7-b36c-ac4cbac4d934 (type: security_groups) to 1
2026-03-31 05:58:08.177 9 INFO neutron.wsgi [None req-97cd7c7c-42c2-4a88-85dc-4c53b249373b b34d968fa3c54e66a91861aeefbdcb3d 116ac56d0cc84a83ac998d1801b5f7bf - - default default] 10.0.0.112 "GET /v2.0/security-groups?tenant_id=de38ad3701d9457795d615b4dc1df982&name=default HTTP/1.1" status: 200 len: 3000 time: 0.3891530
2026-03-31 05:58:08.228 9 WARNING neutron.scheduler.dhcp_agent_scheduler [None req-59ec2dc3-5a22-493f-8353-02e8ccf1bc35 0c9b3d2bdb804cc7813483e24128b247 a4a9a487475843eb98dc2d803d9d2175 - - - -] No more DHCP agents
2026-03-31 05:58:08.234 9 WARNING neutron.api.rpc.agentnotifiers.dhcp_rpc_agent_api [None req-59ec2dc3-5a22-493f-8353-02e8ccf1bc35 0c9b3d2bdb804cc7813483e24128b247 a4a9a487475843eb98dc2d803d9d2175 - - - -] Unable to schedule network 8d816479-8964-45af-983e-5226c0f51cc6: no agents available; will retry on subsequent port and subnet creation events.
2026-03-31 05:58:08.319 9 INFO neutron.db.ovn_revision_numbers_db [None req-59ec2dc3-5a22-493f-8353-02e8ccf1bc35 0c9b3d2bdb804cc7813483e24128b247 a4a9a487475843eb98dc2d803d9d2175 - - - -] Successfully bumped revision number for resource b7e8bd39-5bf1-4a43-a461-e37a01f070d9 (type: ports) to 1
2026-03-31 05:58:08.344 9 INFO neutron.wsgi [None req-59ec2dc3-5a22-493f-8353-02e8ccf1bc35 0c9b3d2bdb804cc7813483e24128b247 a4a9a487475843eb98dc2d803d9d2175 - - - -] 10.0.0.112 "POST /v2.0/networks HTTP/1.1" status: 201 len: 837 time: 0.6094618
2026-03-31 05:58:08.391 10 INFO neutron.wsgi [None req-56c39294-30eb-4dcc-9cf7-86ae4e604e7a b34d968fa3c54e66a91861aeefbdcb3d 116ac56d0cc84a83ac998d1801b5f7bf - - - -] 10.0.0.112 "DELETE /v2.0/security-groups/1068ce24-8eb9-49f7-b36c-ac4cbac4d934 HTTP/1.1" status: 204 len: 168 time: 0.2078032
2026-03-31 05:58:08.543 10 INFO neutron.wsgi [None req-4e5921fe-4844-4a56-9e59-273fd3983316 b34d968fa3c54e66a91861aeefbdcb3d 116ac56d0cc84a83ac998d1801b5f7bf - - default default] 10.0.0.112 "GET /v2.0/security-groups?tenant_id=508937d9e3a64d6587f43b68d8797f25&name=default HTTP/1.1" status: 200 len: 3000 time: 0.0372250
2026-03-31 05:58:08.657 9 WARNING neutron.scheduler.dhcp_agent_scheduler [None req-b9f93048-9c40-49bd-a3bd-edd2a7a3a396 0c9b3d2bdb804cc7813483e24128b247 a4a9a487475843eb98dc2d803d9d2175 - - - -] No more DHCP agents
2026-03-31 05:58:08.659 9 WARNING neutron.api.rpc.agentnotifiers.dhcp_rpc_agent_api [None req-b9f93048-9c40-49bd-a3bd-edd2a7a3a396 0c9b3d2bdb804cc7813483e24128b247 a4a9a487475843eb98dc2d803d9d2175 - - - -] Unable to schedule network 8d816479-8964-45af-983e-5226c0f51cc6: no agents available; will retry on subsequent port and subnet creation events.
2026-03-31 05:58:08.855 9 INFO neutron.wsgi [None req-cc5d8128-55c3-4b6c-9d99-212dfc2b7ab9 b34d968fa3c54e66a91861aeefbdcb3d 116ac56d0cc84a83ac998d1801b5f7bf - - - -] 10.0.0.112 "DELETE /v2.0/security-groups/be1f93e5-49b2-4260-9100-7345f1e89f7d HTTP/1.1" status: 204 len: 168 time: 0.3054104
2026-03-31 05:58:09.211 9 INFO neutron.db.ovn_revision_numbers_db [None req-cf88e2ea-d055-465a-afd4-5b649bed23c3 b34d968fa3c54e66a91861aeefbdcb3d 116ac56d0cc84a83ac998d1801b5f7bf - - default default] Successfully bumped revision number for resource 1878ed26-86d4-4b34-8e8d-e00efb6b0bdb (type: security_groups) to 1
2026-03-31 05:58:09.223 9 INFO neutron.db.ovn_revision_numbers_db [None req-b9f93048-9c40-49bd-a3bd-edd2a7a3a396 0c9b3d2bdb804cc7813483e24128b247 a4a9a487475843eb98dc2d803d9d2175 - - - -] Successfully bumped revision number for resource b7e8bd39-5bf1-4a43-a461-e37a01f070d9 (type: ports) to 2
2026-03-31 05:58:09.235 9 INFO neutron.wsgi [None req-cf88e2ea-d055-465a-afd4-5b649bed23c3 b34d968fa3c54e66a91861aeefbdcb3d 116ac56d0cc84a83ac998d1801b5f7bf - - default default] 10.0.0.112 "GET /v2.0/security-groups?tenant_id=4ab1e33ede544915b14eb5c209a39409&name=default HTTP/1.1" status: 200 len: 3000 time: 0.1824021
2026-03-31 05:58:09.246 9 INFO neutron.db.ovn_revision_numbers_db [None req-b9f93048-9c40-49bd-a3bd-edd2a7a3a396 0c9b3d2bdb804cc7813483e24128b247 a4a9a487475843eb98dc2d803d9d2175 - - - -] Successfully bumped revision number for resource 7bcdfa14-edfd-44af-93be-23e841474564 (type: subnets) to 0
2026-03-31 05:58:09.263 9 INFO neutron.wsgi [None req-b9f93048-9c40-49bd-a3bd-edd2a7a3a396 0c9b3d2bdb804cc7813483e24128b247 a4a9a487475843eb98dc2d803d9d2175 - - - -] 10.0.0.112 "POST /v2.0/subnets HTTP/1.1" status: 201 len: 831 time: 0.9122815
2026-03-31 05:58:09.563 10 INFO neutron.wsgi [None req-e7735be5-bfd6-4cf7-bdfb-ae39d104c199 b34d968fa3c54e66a91861aeefbdcb3d 116ac56d0cc84a83ac998d1801b5f7bf - - - -] 10.0.0.112 "DELETE /v2.0/security-groups/1878ed26-86d4-4b34-8e8d-e00efb6b0bdb HTTP/1.1" status: 204 len: 168 time: 0.3221409
2026-03-31 05:58:09.647 10 WARNING neutron.scheduler.dhcp_agent_scheduler [None req-56469b0b-eede-402d-919e-14ce7a16c26b 0c9b3d2bdb804cc7813483e24128b247 a4a9a487475843eb98dc2d803d9d2175 - - - -] No more DHCP agents
2026-03-31 05:58:09.649 10 WARNING neutron.api.rpc.agentnotifiers.dhcp_rpc_agent_api [None req-56469b0b-eede-402d-919e-14ce7a16c26b 0c9b3d2bdb804cc7813483e24128b247 a4a9a487475843eb98dc2d803d9d2175 - - - -] Unable to schedule network 8d816479-8964-45af-983e-5226c0f51cc6: no agents available; will retry on subsequent port and subnet creation events.
2026-03-31 05:58:09.663 10 INFO neutron.db.ovn_revision_numbers_db [None req-56469b0b-eede-402d-919e-14ce7a16c26b 0c9b3d2bdb804cc7813483e24128b247 a4a9a487475843eb98dc2d803d9d2175 - - - -] Successfully bumped revision number for resource 91528bff-3b3f-4db8-8077-6d4d44ee40f6 (type: subnets) to 0
2026-03-31 05:58:09.680 10 INFO neutron.wsgi [None req-56469b0b-eede-402d-919e-14ce7a16c26b 0c9b3d2bdb804cc7813483e24128b247 a4a9a487475843eb98dc2d803d9d2175 - - - -] 10.0.0.112 "POST /v2.0/subnets HTTP/1.1" status: 201 len: 905 time: 0.4109538
2026-03-31 05:58:09.789 9 INFO neutron.wsgi [-] 10.0.0.32 "GET / HTTP/1.1" status: 200 len: 247 time: 0.0031128
2026-03-31 05:58:09.792 9 INFO neutron.wsgi [-] 10.0.0.32 "GET / HTTP/1.1" status: 200 len: 247 time: 0.0024703
2026-03-31 05:58:10.203 10 WARNING neutron.scheduler.dhcp_agent_scheduler [None req-cd079c5a-1ac8-4888-9d04-fb281340894d 0c9b3d2bdb804cc7813483e24128b247 a4a9a487475843eb98dc2d803d9d2175 - - - -] No more DHCP agents
2026-03-31 05:58:10.205 10 WARNING neutron.api.rpc.agentnotifiers.dhcp_rpc_agent_api [None req-cd079c5a-1ac8-4888-9d04-fb281340894d 0c9b3d2bdb804cc7813483e24128b247 a4a9a487475843eb98dc2d803d9d2175 - - - -] Unable to schedule network 25013cf9-da18-47b4-b35b-f4efa2b2672f: no agents available; will retry on subsequent port and subnet creation events.
2026-03-31 05:58:10.360 10 INFO neutron.db.ovn_revision_numbers_db [None req-cd079c5a-1ac8-4888-9d04-fb281340894d 0c9b3d2bdb804cc7813483e24128b247 a4a9a487475843eb98dc2d803d9d2175 - - - -] Successfully bumped revision number for resource 11bb1daa-46ed-4253-832f-5ccc1929b04f (type: ports) to 1
2026-03-31 05:58:10.985 9 INFO neutron.plugins.ml2.drivers.ovn.mech_driver.mech_driver [None req-702d114a-2955-484c-b91d-e9c0669c1cca - - - - - -] OVN reports status up for port: 11bb1daa-46ed-4253-832f-5ccc1929b04f
2026-03-31 05:58:10.997 9 INFO neutron.plugins.ml2.drivers.ovn.mech_driver.ovsdb.ovsdb_monitor [None req-a5b89471-609e-4a9f-8b2e-9901ca73e063 - - - - - -] Router 54a011a5-8f8c-486d-bbc8-9f9ad0a5260b is bound to host instance
2026-03-31 05:58:11.009 9 INFO neutron.plugins.ml2.plugin [None req-702d114a-2955-484c-b91d-e9c0669c1cca - - - - - -] Attempt 1 to provision port 11bb1daa-46ed-4253-832f-5ccc1929b04f
2026-03-31 05:58:11.010 10 INFO neutron.db.ovn_revision_numbers_db [None req-cd079c5a-1ac8-4888-9d04-fb281340894d 0c9b3d2bdb804cc7813483e24128b247 a4a9a487475843eb98dc2d803d9d2175 - - - -] Successfully bumped revision number for resource 11bb1daa-46ed-4253-832f-5ccc1929b04f (type: router_ports) to 1
2026-03-31 05:58:11.098 10 INFO neutron.db.ovn_revision_numbers_db [None req-cd079c5a-1ac8-4888-9d04-fb281340894d 0c9b3d2bdb804cc7813483e24128b247 a4a9a487475843eb98dc2d803d9d2175 - - - -] Successfully bumped revision number for resource 54a011a5-8f8c-486d-bbc8-9f9ad0a5260b (type: routers) to 3
2026-03-31 05:58:11.114 10 INFO neutron.wsgi [None req-cd079c5a-1ac8-4888-9d04-fb281340894d 0c9b3d2bdb804cc7813483e24128b247 a4a9a487475843eb98dc2d803d9d2175 - - - -] 10.0.0.112 "POST /v2.0/routers HTTP/1.1" status: 201 len: 865 time: 1.4274094
2026-03-31 05:58:11.566 9 INFO neutron.db.ovn_revision_numbers_db [None req-a5b89471-609e-4a9f-8b2e-9901ca73e063 - - - - - -] Successfully bumped revision number for resource 11bb1daa-46ed-4253-832f-5ccc1929b04f (type: ports) to 1
2026-03-31 05:58:11.853 9 INFO neutron.db.ovn_revision_numbers_db [None req-a5b89471-609e-4a9f-8b2e-9901ca73e063 - - - - - -] Successfully bumped revision number for resource 11bb1daa-46ed-4253-832f-5ccc1929b04f (type: router_ports) to 3
2026-03-31 05:58:12.016 9 INFO neutron.db.ovn_revision_numbers_db [None req-a5b89471-609e-4a9f-8b2e-9901ca73e063 - - - - - -] Successfully bumped revision number for resource 11bb1daa-46ed-4253-832f-5ccc1929b04f (type: ports) to 2
2026-03-31 05:58:12.095 10 WARNING neutron.scheduler.dhcp_agent_scheduler [None req-0af1090b-67b0-4ae9-a18d-d7a885143ac3 0c9b3d2bdb804cc7813483e24128b247 a4a9a487475843eb98dc2d803d9d2175 - - default default] No more DHCP agents
2026-03-31 05:58:12.096 10 WARNING neutron.api.rpc.agentnotifiers.dhcp_rpc_agent_api [None req-0af1090b-67b0-4ae9-a18d-d7a885143ac3 0c9b3d2bdb804cc7813483e24128b247 a4a9a487475843eb98dc2d803d9d2175 - - default default] Unable to schedule network 10231788-7b5c-4eea-8435-694efe800180: no agents available; will retry on subsequent port and subnet creation events.
2026-03-31 05:58:12.254 9 INFO neutron.db.ovn_revision_numbers_db [None req-a5b89471-609e-4a9f-8b2e-9901ca73e063 - - - - - -] Successfully bumped revision number for resource 11bb1daa-46ed-4253-832f-5ccc1929b04f (type: ports) to 4
2026-03-31 05:58:12.254 10 INFO neutron.db.ovn_revision_numbers_db [None req-0af1090b-67b0-4ae9-a18d-d7a885143ac3 0c9b3d2bdb804cc7813483e24128b247 a4a9a487475843eb98dc2d803d9d2175 - - default default] Successfully bumped revision number for resource ad73aecd-7360-4231-a717-558210cdaf0a (type: ports) to 1
2026-03-31 05:58:12.820 9 INFO neutron.db.ovn_revision_numbers_db [None req-a5b89471-609e-4a9f-8b2e-9901ca73e063 - - - - - -] Successfully bumped revision number for resource 11bb1daa-46ed-4253-832f-5ccc1929b04f (type: router_ports) to 4
2026-03-31 05:58:12.866 10 INFO neutron.db.ovn_revision_numbers_db [None req-0af1090b-67b0-4ae9-a18d-d7a885143ac3 0c9b3d2bdb804cc7813483e24128b247 a4a9a487475843eb98dc2d803d9d2175 - - default default] Successfully bumped revision number for resource ad73aecd-7360-4231-a717-558210cdaf0a (type: router_ports) to 2
2026-03-31 05:58:13.058 10 INFO neutron.db.ovn_revision_numbers_db [None req-0af1090b-67b0-4ae9-a18d-d7a885143ac3 0c9b3d2bdb804cc7813483e24128b247 a4a9a487475843eb98dc2d803d9d2175 - - default default] Successfully bumped revision number for resource ad73aecd-7360-4231-a717-558210cdaf0a (type: ports) to 2
