+ COMMAND=start + start + start_ovn + exec neutron-server --config-file /etc/neutron/neutron.conf --config-file /tmp/pod-shared/ovn.ini --config-file /etc/neutron/plugins/ml2/ml2_conf.ini /var/lib/openstack/lib/python3.10/site-packages/munch/__init__.py:24: UserWarning: pkg_resources is deprecated as an API. See https://setuptools.pypa.io/en/latest/pkg_resources.html. The pkg_resources package is slated for removal as early as 2025-11-30. Refrain from using this package or pin to Setuptools<81. import pkg_resources
2026-03-31 05:15:36.900 1 INFO neutron.common.config [-] Logging enabled!
2026-03-31 05:15:36.900 1 INFO neutron.common.config [-] /var/lib/openstack/bin/neutron-server version 21.2.2.dev24
2026-03-31 05:15:36.903 1 INFO neutron.common.config [-] Logging enabled!
2026-03-31 05:15:36.903 1 INFO neutron.common.config [-] /var/lib/openstack/bin/neutron-server version 21.2.2.dev24
2026-03-31 05:15:37.137 1 INFO neutron.manager [-] Loading core plugin: ml2
2026-03-31 05:15:37.844 1 INFO neutron.plugins.ml2.managers [-] Configured type driver names: ['flat', 'vlan', 'geneve']
2026-03-31 05:15:37.846 1 INFO neutron.plugins.ml2.drivers.type_flat [-] Arbitrary flat physical_network names allowed
2026-03-31 05:15:37.849 1 INFO neutron.plugins.ml2.drivers.type_vlan [-] Network VLAN ranges: OrderedDict([('external', [(1, 4094)])])
2026-03-31 05:15:37.849 1 INFO neutron.plugins.ml2.managers [-] Loaded type driver names: ['flat', 'geneve', 'vlan']
2026-03-31 05:15:37.850 1 INFO neutron.plugins.ml2.managers [-] Registered types: dict_keys(['flat', 'geneve', 'vlan'])
2026-03-31 05:15:37.850 1 INFO neutron.plugins.ml2.managers [-] Tenant network_types: ['geneve']
2026-03-31 05:15:37.850 1 INFO neutron.plugins.ml2.managers [-] Configured extension driver names: ['dns_domain_ports', 'port_security', 'qos']
2026-03-31 05:15:37.856 1 INFO neutron.plugins.ml2.managers [-] Loaded extension driver names: ['dns_domain_ports', 'port_security', 'qos']
2026-03-31 05:15:37.857 1 INFO neutron.plugins.ml2.managers [-] Registered extension drivers: ['dns_domain_ports', 'port_security', 'qos']
2026-03-31 05:15:37.857 1 INFO neutron.plugins.ml2.managers [-] Configured mechanism driver names: ['ovn']
2026-03-31 05:15:38.204 1 INFO neutron.plugins.ml2.managers [-] Loaded mechanism driver names: ['ovn']
2026-03-31 05:15:38.204 1 INFO neutron.plugins.ml2.managers [-] Registered mechanism drivers: ['ovn']
2026-03-31 05:15:38.204 1 INFO neutron.plugins.ml2.managers [-] No mechanism drivers provide segment reachability information for agent scheduling.
2026-03-31 05:15:38.221 1 INFO neutron.plugins.ml2.managers [-] Initializing driver for type 'flat'
2026-03-31 05:15:38.222 1 INFO neutron.plugins.ml2.drivers.type_flat [-] ML2 FlatTypeDriver initialization complete
2026-03-31 05:15:38.222 1 INFO neutron.plugins.ml2.managers [-] Initializing driver for type 'geneve'
2026-03-31 05:15:38.222 1 INFO neutron.plugins.ml2.drivers.type_tunnel [-] geneve ID ranges: [(1, 65536)]
2026-03-31 05:15:40.598 1 INFO neutron.plugins.ml2.managers [None req-57173ff1-e2b4-435e-80a3-402d582e18ff - - - - - -] Initializing driver for type 'vlan'
2026-03-31 05:15:40.753 1 INFO neutron.plugins.ml2.drivers.type_vlan [None req-57173ff1-e2b4-435e-80a3-402d582e18ff - - - - - -] VlanTypeDriver initialization complete
2026-03-31 05:15:40.753 1 INFO neutron.plugins.ml2.managers [None req-57173ff1-e2b4-435e-80a3-402d582e18ff - - - - - -] Initializing extension driver 'dns_domain_ports'
2026-03-31 05:15:40.753 1 INFO neutron.plugins.ml2.extensions.dns_integration [None req-57173ff1-e2b4-435e-80a3-402d582e18ff - - - - - -] DNSDomainPortsExtensionDriver initialization complete
2026-03-31 05:15:40.754 1 INFO neutron.plugins.ml2.managers [None req-57173ff1-e2b4-435e-80a3-402d582e18ff - - - - - -] Initializing extension driver 'port_security'
2026-03-31 05:15:40.754 1 INFO neutron.plugins.ml2.extensions.port_security [None req-57173ff1-e2b4-435e-80a3-402d582e18ff - - - - - -] PortSecurityExtensionDriver initialization complete
2026-03-31 05:15:40.754 1 INFO neutron.plugins.ml2.managers [None req-57173ff1-e2b4-435e-80a3-402d582e18ff - - - - - -] Initializing extension driver 'qos'
2026-03-31 05:15:40.755 1 INFO neutron.plugins.ml2.managers [None req-57173ff1-e2b4-435e-80a3-402d582e18ff - - - - - -] Initializing mechanism driver 'ovn'
2026-03-31 05:15:40.755 1 INFO neutron.plugins.ml2.drivers.ovn.mech_driver.mech_driver [None req-57173ff1-e2b4-435e-80a3-402d582e18ff - - - - - -] Starting OVNMechanismDriver
2026-03-31 05:15:40.782 1 INFO neutron.services.logapi.drivers.ovn.driver [None req-57173ff1-e2b4-435e-80a3-402d582e18ff - - - - - -] OVN logging driver registered
2026-03-31 05:15:40.787 1 INFO neutron.quota [None req-57173ff1-e2b4-435e-80a3-402d582e18ff - - - - - -] Loaded quota_driver: .
2026-03-31 05:15:40.788 1 INFO neutron.plugins.ml2.plugin [None req-57173ff1-e2b4-435e-80a3-402d582e18ff - - - - - -] Modular L2 Plugin initialization complete
2026-03-31 05:15:40.788 1 INFO neutron.plugins.ml2.managers [None req-57173ff1-e2b4-435e-80a3-402d582e18ff - - - - - -] Got dns-integration extension from driver 'dns_domain_ports'
2026-03-31 05:15:40.788 1 INFO neutron.plugins.ml2.managers [None req-57173ff1-e2b4-435e-80a3-402d582e18ff - - - - - -] Got dns-domain-ports extension from driver 'dns_domain_ports'
2026-03-31 05:15:40.788 1 INFO neutron.plugins.ml2.managers [None req-57173ff1-e2b4-435e-80a3-402d582e18ff - - - - - -] Got port-security extension from driver 'port_security'
2026-03-31 05:15:40.788 1 INFO neutron.extensions.vlantransparent [None req-57173ff1-e2b4-435e-80a3-402d582e18ff - - - - - -] Disabled vlantransparent extension.
2026-03-31 05:15:40.788 1 INFO neutron.manager [None req-57173ff1-e2b4-435e-80a3-402d582e18ff - - - - - -] Loading Plugin: qos
2026-03-31 05:15:40.797 1 INFO neutron.manager [None req-57173ff1-e2b4-435e-80a3-402d582e18ff - - - - - -] Loading Plugin: ovn-router
2026-03-31 05:15:40.813 1 INFO neutron.services.ovn_l3.plugin [None req-57173ff1-e2b4-435e-80a3-402d582e18ff - - - - - -] Starting OVNL3RouterPlugin
2026-03-31 05:15:40.813 1 INFO neutron.manager [None req-57173ff1-e2b4-435e-80a3-402d582e18ff - - - - - -] Loading Plugin: segments
2026-03-31 05:15:40.884 1 INFO neutron.manager [None req-57173ff1-e2b4-435e-80a3-402d582e18ff - - - - - -] Loading Plugin: trunk
2026-03-31 05:15:40.890 1 INFO neutron.manager [None req-57173ff1-e2b4-435e-80a3-402d582e18ff - - - - - -] Loading Plugin: log
2026-03-31 05:15:40.892 1 INFO neutron.manager [None req-57173ff1-e2b4-435e-80a3-402d582e18ff - - - - - -] Loading Plugin: auto_allocate
2026-03-31 05:15:40.895 1 INFO neutron.manager [None req-57173ff1-e2b4-435e-80a3-402d582e18ff - - - - - -] Loading Plugin: tag
2026-03-31 05:15:40.898 1 INFO neutron.manager [None req-57173ff1-e2b4-435e-80a3-402d582e18ff - - - - - -] Loading Plugin: timestamp
2026-03-31 05:15:40.900 1 INFO neutron.manager [None req-57173ff1-e2b4-435e-80a3-402d582e18ff - - - - - -] Loading Plugin: network_ip_availability
2026-03-31 05:15:40.903 1 INFO neutron.manager [None req-57173ff1-e2b4-435e-80a3-402d582e18ff - - - - - -] Loading Plugin: flavors
2026-03-31 05:15:40.907 1 INFO neutron.manager [None req-57173ff1-e2b4-435e-80a3-402d582e18ff - - - - - -] Loading Plugin: revisions
2026-03-31 05:15:40.910 1 INFO neutron.api.extensions [None req-57173ff1-e2b4-435e-80a3-402d582e18ff - - - - - -] Initializing extension manager.
2026-03-31 05:15:40.911 1 INFO neutron.api.extensions [None req-57173ff1-e2b4-435e-80a3-402d582e18ff - - - - - -] Loaded extension: address-group
2026-03-31 05:15:40.912 1 INFO neutron.api.extensions [None req-57173ff1-e2b4-435e-80a3-402d582e18ff - - - - - -] Loaded extension: address-scope
2026-03-31 05:15:40.912 1 INFO neutron.api.extensions [None req-57173ff1-e2b4-435e-80a3-402d582e18ff - - - - - -] Extension router-admin-state-down-before-update not supported by any of loaded plugins
2026-03-31 05:15:40.913 1 INFO neutron.api.extensions [None req-57173ff1-e2b4-435e-80a3-402d582e18ff - - - - - -] Loaded extension: agent
2026-03-31 05:15:40.913 1 INFO neutron.api.extensions [None req-57173ff1-e2b4-435e-80a3-402d582e18ff - - - - - -] Extension agent-resources-synced not supported by any of loaded plugins
2026-03-31 05:15:40.914 1 INFO neutron.api.extensions [None req-57173ff1-e2b4-435e-80a3-402d582e18ff - - - - - -] Loaded extension: allowed-address-pairs
2026-03-31 05:15:40.915 1 INFO neutron.api.extensions [None req-57173ff1-e2b4-435e-80a3-402d582e18ff - - - - - -] Loaded extension: auto-allocated-topology
2026-03-31 05:15:40.916 1 INFO neutron.api.extensions [None req-57173ff1-e2b4-435e-80a3-402d582e18ff - - - - - -] Loaded extension: availability_zone
2026-03-31 05:15:40.916 1 INFO neutron.api.extensions [None req-57173ff1-e2b4-435e-80a3-402d582e18ff - - - - - -] Extension availability_zone_filter not supported by any of loaded plugins
2026-03-31 05:15:40.916 1 INFO neutron.api.extensions [None req-57173ff1-e2b4-435e-80a3-402d582e18ff - - - - - -] Extension data-plane-status not supported by any of loaded plugins
2026-03-31 05:15:40.917 1 INFO neutron.api.extensions [None req-57173ff1-e2b4-435e-80a3-402d582e18ff - - - - - -] Loaded extension: default-subnetpools
2026-03-31 05:15:40.918 1 INFO neutron.api.extensions [None req-57173ff1-e2b4-435e-80a3-402d582e18ff - - - - - -] Loaded extension: dhcp_agent_scheduler
2026-03-31 05:15:40.919 1 INFO neutron.api.extensions [None req-57173ff1-e2b4-435e-80a3-402d582e18ff - - - - - -] Loaded extension: dns-integration
2026-03-31 05:15:40.919 1 INFO neutron.api.extensions [None req-57173ff1-e2b4-435e-80a3-402d582e18ff - - - - - -] Loaded extension: dns-domain-ports
2026-03-31 05:15:40.920 1 INFO neutron.api.extensions [None req-57173ff1-e2b4-435e-80a3-402d582e18ff - - - - - -] Loaded extension: dns-integration-domain-keywords
2026-03-31 05:15:40.920 1 INFO neutron.api.extensions [None req-57173ff1-e2b4-435e-80a3-402d582e18ff - - - - - -] Extension dvr not supported by any of loaded plugins
2026-03-31 05:15:40.920 1 INFO neutron.api.extensions [None req-57173ff1-e2b4-435e-80a3-402d582e18ff - - - - - -] Extension ecmp_routes not supported by any of loaded plugins
2026-03-31 05:15:40.921 1 INFO neutron.api.extensions [None req-57173ff1-e2b4-435e-80a3-402d582e18ff - - - - - -] Extension empty-string-filtering not supported by any of loaded plugins
2026-03-31 05:15:40.921 1 INFO neutron.api.extensions [None req-57173ff1-e2b4-435e-80a3-402d582e18ff - - - - - -] Extension expose-l3-conntrack-helper not supported by any of loaded plugins
2026-03-31 05:15:40.922 1 INFO neutron.api.extensions [None req-57173ff1-e2b4-435e-80a3-402d582e18ff - - - - - -] Extension expose-port-forwarding-in-fip not supported by any of loaded plugins
2026-03-31 05:15:40.922 1 INFO neutron.api.extensions [None req-57173ff1-e2b4-435e-80a3-402d582e18ff - - - - - -] Loaded extension: external-net
2026-03-31 05:15:40.923 1 INFO neutron.api.extensions [None req-57173ff1-e2b4-435e-80a3-402d582e18ff - - - - - -] Loaded extension: extra_dhcp_opt
2026-03-31 05:15:40.923 1 INFO neutron.api.extensions [None req-57173ff1-e2b4-435e-80a3-402d582e18ff - - - - - -] Loaded extension: extraroute
2026-03-31 05:15:40.924 1 INFO neutron.api.extensions [None req-57173ff1-e2b4-435e-80a3-402d582e18ff - - - - - -] Extension extraroute-atomic not supported by any of loaded plugins
2026-03-31 05:15:40.924 1 INFO neutron.api.extensions [None req-57173ff1-e2b4-435e-80a3-402d582e18ff - - - - - -] Loaded extension: filter-validation
2026-03-31 05:15:40.925 1 INFO neutron.api.extensions [None req-57173ff1-e2b4-435e-80a3-402d582e18ff - - - - - -] Extension floating-ip-port-forwarding-description not supported by any of loaded plugins
2026-03-31 05:15:40.925 1 INFO neutron.api.extensions [None req-57173ff1-e2b4-435e-80a3-402d582e18ff - - - - - -] Loaded extension: floating-ip-port-forwarding-detail
2026-03-31 05:15:40.926 1 INFO neutron.api.extensions [None req-57173ff1-e2b4-435e-80a3-402d582e18ff - - - - - -] Extension floating-ip-port-forwarding-port-ranges not supported by any of loaded plugins
2026-03-31 05:15:40.926 1 INFO neutron.api.extensions [None req-57173ff1-e2b4-435e-80a3-402d582e18ff - - - - - -] Loaded extension: fip-port-details
2026-03-31 05:15:40.927 1 INFO neutron.api.extensions [None req-57173ff1-e2b4-435e-80a3-402d582e18ff - - - - - -] Loaded extension: flavors
2026-03-31 05:15:40.928 1 INFO neutron.api.extensions [None req-57173ff1-e2b4-435e-80a3-402d582e18ff - - - - - -] Extension floating-ip-port-forwarding not supported by any of loaded plugins
2026-03-31 05:15:40.928 1 INFO neutron.api.extensions [None req-57173ff1-e2b4-435e-80a3-402d582e18ff - - - - - -] Loaded extension: floatingip-pools
2026-03-31 05:15:40.929 1 INFO neutron.api.extensions [None req-57173ff1-e2b4-435e-80a3-402d582e18ff - - - - - -] Loaded extension: ip_allocation
2026-03-31 05:15:40.929 1 INFO neutron.api.extensions [None req-57173ff1-e2b4-435e-80a3-402d582e18ff - - - - - -] Extension ip-substring-filtering not supported by any of loaded plugins
2026-03-31 05:15:40.930 1 INFO neutron.api.extensions [None req-57173ff1-e2b4-435e-80a3-402d582e18ff - - - - - -] Loaded extension: l2_adjacency
2026-03-31 05:15:40.931 1 INFO neutron.api.extensions [None req-57173ff1-e2b4-435e-80a3-402d582e18ff - - - - - -] Loaded extension: router
2026-03-31 05:15:40.932 1 INFO neutron.api.extensions [None req-57173ff1-e2b4-435e-80a3-402d582e18ff - - - - - -] Extension l3-conntrack-helper not supported by any of loaded plugins
2026-03-31 05:15:40.932 1 INFO neutron.api.extensions [None req-57173ff1-e2b4-435e-80a3-402d582e18ff - - - - - -] Loaded extension: ext-gw-mode
2026-03-31 05:15:40.933 1 INFO neutron.api.extensions [None req-57173ff1-e2b4-435e-80a3-402d582e18ff - - - - - -] Extension l3-ha not supported by any of loaded plugins
2026-03-31 05:15:40.933 1 INFO neutron.api.extensions [None req-57173ff1-e2b4-435e-80a3-402d582e18ff - - - - - -] Extension l3-ext-ndp-proxy not supported by any of loaded plugins
2026-03-31 05:15:40.934 1 INFO neutron.api.extensions [None req-57173ff1-e2b4-435e-80a3-402d582e18ff - - - - - -] Extension l3-flavors not supported by any of loaded plugins
2026-03-31 05:15:40.934 1 INFO neutron.api.extensions [None req-57173ff1-e2b4-435e-80a3-402d582e18ff - - - - - -] Extension l3-ndp-proxy not supported by any of loaded plugins
2026-03-31 05:15:40.935 1 INFO neutron.api.extensions [None req-57173ff1-e2b4-435e-80a3-402d582e18ff - - - - - -] Extension l3-port-ip-change-not-allowed not supported by any of loaded plugins
2026-03-31 05:15:40.937 1 INFO neutron.api.extensions [None req-57173ff1-e2b4-435e-80a3-402d582e18ff - - - - - -] Extension l3_agent_scheduler not supported by any of loaded plugins
2026-03-31 05:15:40.938 1 INFO neutron.api.extensions [None req-57173ff1-e2b4-435e-80a3-402d582e18ff - - - - - -] Extension local_ip not supported by any of loaded plugins
2026-03-31 05:15:40.938 1 INFO neutron.api.extensions [None req-57173ff1-e2b4-435e-80a3-402d582e18ff - - - - - -] Loaded extension: logging
2026-03-31 05:15:40.939 1 INFO neutron.api.extensions [None req-57173ff1-e2b4-435e-80a3-402d582e18ff - - - - - -] Extension metering not supported by any of loaded plugins
2026-03-31 05:15:40.940 1 INFO neutron.api.extensions [None req-57173ff1-e2b4-435e-80a3-402d582e18ff - - - - - -] Extension metering_source_and_destination_fields not supported by any of loaded plugins
2026-03-31 05:15:40.940 1 INFO neutron.api.extensions [None req-57173ff1-e2b4-435e-80a3-402d582e18ff - - - - - -] Loaded extension: multi-provider
2026-03-31 05:15:40.941 1 INFO neutron.api.extensions [None req-57173ff1-e2b4-435e-80a3-402d582e18ff - - - - - -] Loaded extension: net-mtu
2026-03-31 05:15:40.941 1 INFO neutron.api.extensions [None req-57173ff1-e2b4-435e-80a3-402d582e18ff - - - - - -] Loaded extension: net-mtu-writable
2026-03-31 05:15:40.942 1 INFO neutron.api.extensions [None req-57173ff1-e2b4-435e-80a3-402d582e18ff - - - - - -] Loaded extension: network_availability_zone
2026-03-31 05:15:40.942 1 INFO neutron.api.extensions [None req-57173ff1-e2b4-435e-80a3-402d582e18ff - - - - - -] Loaded extension: network-ip-availability
2026-03-31 05:15:40.943 1 INFO neutron.api.extensions [None req-57173ff1-e2b4-435e-80a3-402d582e18ff - - - - - -] Extension network-segment-range not supported by any of loaded plugins
2026-03-31 05:15:40.944 1 INFO neutron.api.extensions [None req-57173ff1-e2b4-435e-80a3-402d582e18ff - - - - - -] Loaded extension: pagination
2026-03-31 05:15:40.944 1 INFO neutron.api.extensions [None req-57173ff1-e2b4-435e-80a3-402d582e18ff - - - - - -] Loaded extension: port-device-profile
2026-03-31 05:15:40.944 1 INFO neutron.api.extensions [None req-57173ff1-e2b4-435e-80a3-402d582e18ff - - - - - -] Extension port-mac-override not supported by any of loaded plugins
2026-03-31 05:15:40.945 1 INFO neutron.api.extensions [None req-57173ff1-e2b4-435e-80a3-402d582e18ff - - - - - -] Loaded extension: port-mac-address-regenerate
2026-03-31 05:15:40.945 1 INFO neutron.api.extensions [None req-57173ff1-e2b4-435e-80a3-402d582e18ff - - - - - -] Loaded extension: port-numa-affinity-policy
2026-03-31 05:15:40.946 1 INFO neutron.api.extensions [None req-57173ff1-e2b4-435e-80a3-402d582e18ff - - - - - -] Loaded extension: port-resource-request
2026-03-31 05:15:40.946 1 INFO neutron.api.extensions [None req-57173ff1-e2b4-435e-80a3-402d582e18ff - - - - - -] Loaded extension: port-resource-request-groups
2026-03-31 05:15:40.947 1 INFO neutron.api.extensions [None req-57173ff1-e2b4-435e-80a3-402d582e18ff - - - - - -] Loaded extension: binding
2026-03-31 05:15:40.947 1 INFO neutron.api.extensions [None req-57173ff1-e2b4-435e-80a3-402d582e18ff - - - - - -] Loaded extension: binding-extended
2026-03-31 05:15:40.948 1 INFO neutron.api.extensions [None req-57173ff1-e2b4-435e-80a3-402d582e18ff - - - - - -] Loaded extension: port-security
2026-03-31 05:15:40.948 1 INFO neutron.api.extensions [None req-57173ff1-e2b4-435e-80a3-402d582e18ff - - - - - -] Loaded extension: project-id
2026-03-31 05:15:40.949 1 INFO neutron.api.extensions [None req-57173ff1-e2b4-435e-80a3-402d582e18ff - - - - - -] Loaded extension: provider
2026-03-31 05:15:40.950 1 INFO neutron.api.extensions [None req-57173ff1-e2b4-435e-80a3-402d582e18ff - - - - - -] Loaded extension: qos
2026-03-31 05:15:40.951 1 INFO neutron.api.extensions [None req-57173ff1-e2b4-435e-80a3-402d582e18ff - - - - - -] Loaded extension: qos-bw-limit-direction
2026-03-31 05:15:40.951 1 INFO neutron.api.extensions [None req-57173ff1-e2b4-435e-80a3-402d582e18ff - - - - - -] Loaded extension: qos-bw-minimum-ingress
2026-03-31 05:15:40.951 1 INFO neutron.api.extensions [None req-57173ff1-e2b4-435e-80a3-402d582e18ff - - - - - -] Loaded extension: qos-default
2026-03-31 05:15:40.952 1 INFO neutron.api.extensions [None req-57173ff1-e2b4-435e-80a3-402d582e18ff - - - - - -] Loaded extension: qos-fip
2026-03-31 05:15:40.952 1 INFO neutron.api.extensions [None req-57173ff1-e2b4-435e-80a3-402d582e18ff - - - - - -] Extension qos-fip-network-policy not supported by any of loaded plugins
2026-03-31 05:15:40.953 1 INFO neutron.api.extensions [None req-57173ff1-e2b4-435e-80a3-402d582e18ff - - - - - -] Loaded extension: qos-gateway-ip
2026-03-31 05:15:40.953 1 INFO neutron.api.extensions [None req-57173ff1-e2b4-435e-80a3-402d582e18ff - - - - - -] Loaded extension: qos-port-network-policy
2026-03-31 05:15:40.954 1 INFO neutron.api.extensions [None req-57173ff1-e2b4-435e-80a3-402d582e18ff - - - - - -] Loaded extension: qos-pps-minimum
2026-03-31 05:15:40.954 1 INFO neutron.api.extensions [None req-57173ff1-e2b4-435e-80a3-402d582e18ff - - - - - -] Loaded extension: qos-pps-minimum-rule-alias
2026-03-31 05:15:40.955 1 INFO neutron.api.extensions [None req-57173ff1-e2b4-435e-80a3-402d582e18ff - - - - - -] Loaded extension: qos-pps
2026-03-31 05:15:40.955 1 INFO neutron.api.extensions [None req-57173ff1-e2b4-435e-80a3-402d582e18ff - - - - - -] Loaded extension: qos-rule-type-details
2026-03-31 05:15:40.956 1 INFO neutron.api.extensions [None req-57173ff1-e2b4-435e-80a3-402d582e18ff - - - - - -] Loaded extension: qos-rule-type-filter
2026-03-31 05:15:40.956 1 INFO neutron.api.extensions [None req-57173ff1-e2b4-435e-80a3-402d582e18ff - - - - - -] Loaded extension: qos-rules-alias
2026-03-31 05:15:40.957 1 INFO neutron.api.extensions [None req-57173ff1-e2b4-435e-80a3-402d582e18ff - - - - - -] Loaded extension: quota-check-limit
2026-03-31 05:15:40.958 1 INFO neutron.api.extensions [None req-57173ff1-e2b4-435e-80a3-402d582e18ff - - - - - -] Loaded extension: quotas
2026-03-31 05:15:40.959 1 INFO neutron.api.extensions [None req-57173ff1-e2b4-435e-80a3-402d582e18ff - - - - - -] Loaded extension: quota_details
2026-03-31 05:15:40.960 1 INFO neutron.api.extensions [None req-57173ff1-e2b4-435e-80a3-402d582e18ff - - - - - -] Loaded extension: rbac-policies
2026-03-31 05:15:40.961 1 INFO neutron.api.extensions [None req-57173ff1-e2b4-435e-80a3-402d582e18ff - - - - - -] Extension rbac-address-group not supported by any of loaded plugins
2026-03-31 05:15:40.961 1 INFO neutron.api.extensions [None req-57173ff1-e2b4-435e-80a3-402d582e18ff - - - - - -] Loaded extension: rbac-address-scope
2026-03-31 05:15:40.961 1 INFO neutron.api.extensions [None req-57173ff1-e2b4-435e-80a3-402d582e18ff - - - - - -] Loaded extension: rbac-security-groups
2026-03-31 05:15:40.962 1 INFO neutron.api.extensions [None req-57173ff1-e2b4-435e-80a3-402d582e18ff - - - - - -] Extension rbac-subnetpool not supported by any of loaded plugins
2026-03-31 05:15:40.962 1 INFO neutron.api.extensions [None req-57173ff1-e2b4-435e-80a3-402d582e18ff - - - - - -] Loaded extension: revision-if-match
2026-03-31 05:15:40.963 1 INFO neutron.api.extensions [None req-57173ff1-e2b4-435e-80a3-402d582e18ff - - - - - -] Loaded extension: standard-attr-revisions
2026-03-31 05:15:40.963 1 INFO neutron.api.extensions [None req-57173ff1-e2b4-435e-80a3-402d582e18ff - - - - - -] Loaded extension: router_availability_zone
2026-03-31 05:15:40.964 1 INFO neutron.api.extensions [None req-57173ff1-e2b4-435e-80a3-402d582e18ff - - - - - -] Extension router-service-type not supported by any of loaded plugins
2026-03-31 05:15:40.964 1 INFO neutron.api.extensions [None req-57173ff1-e2b4-435e-80a3-402d582e18ff - - - - - -] Loaded extension: security-groups-normalized-cidr
2026-03-31 05:15:40.965 1 INFO neutron.api.extensions [None req-57173ff1-e2b4-435e-80a3-402d582e18ff - - - - - -] Extension port-security-groups-filtering not supported by any of loaded plugins
2026-03-31 05:15:40.965 1 INFO neutron.api.extensions [None req-57173ff1-e2b4-435e-80a3-402d582e18ff - - - - - -] Loaded extension: security-groups-remote-address-group
2026-03-31 05:15:40.966 1 INFO neutron.api.extensions [None req-57173ff1-e2b4-435e-80a3-402d582e18ff - - - - - -] Loaded extension: security-groups-shared-filtering
2026-03-31 05:15:40.972 1 INFO neutron.api.extensions [None req-57173ff1-e2b4-435e-80a3-402d582e18ff - - - - - -] Loaded extension: security-group
2026-03-31 05:15:40.973 1 INFO neutron.api.extensions [None req-57173ff1-e2b4-435e-80a3-402d582e18ff - - - - - -] Loaded extension: segment
2026-03-31 05:15:40.973 1 INFO neutron.api.extensions [None req-57173ff1-e2b4-435e-80a3-402d582e18ff - - - - - -] Loaded extension: segments-peer-subnet-host-routes
2026-03-31 05:15:40.974 1 INFO neutron.api.extensions [None req-57173ff1-e2b4-435e-80a3-402d582e18ff - - - - - -] Loaded extension: service-type
2026-03-31 05:15:40.974 1 INFO neutron.api.extensions [None req-57173ff1-e2b4-435e-80a3-402d582e18ff - - - - - -] Loaded extension: sorting
2026-03-31 05:15:40.975 1 INFO neutron.api.extensions [None req-57173ff1-e2b4-435e-80a3-402d582e18ff - - - - - -] Loaded extension: standard-attr-segment
2026-03-31 05:15:40.975 1 INFO neutron.api.extensions [None req-57173ff1-e2b4-435e-80a3-402d582e18ff - - - - - -] Loaded extension: standard-attr-description
2026-03-31 05:15:40.976 1 INFO neutron.api.extensions [None req-57173ff1-e2b4-435e-80a3-402d582e18ff - - - - - -] Loaded extension: stateful-security-group
2026-03-31 05:15:40.976 1 WARNING neutron.api.extensions [None req-57173ff1-e2b4-435e-80a3-402d582e18ff - - - - - -] Did not find expected name "Stdattrs_common" in /var/lib/openstack/lib/python3.10/site-packages/neutron/extensions/stdattrs_common.py
2026-03-31 05:15:40.977 1 INFO neutron.api.extensions [None req-57173ff1-e2b4-435e-80a3-402d582e18ff - - - - - -] Loaded extension: subnet-dns-publish-fixed-ip
2026-03-31 05:15:40.977 1 INFO neutron.api.extensions [None req-57173ff1-e2b4-435e-80a3-402d582e18ff - - - - - -] Extension subnet_onboard not supported by any of loaded plugins
2026-03-31 05:15:40.978 1 INFO neutron.api.extensions [None req-57173ff1-e2b4-435e-80a3-402d582e18ff - - - - - -] Loaded extension: subnet-segmentid-writable
2026-03-31 05:15:40.978 1 INFO neutron.api.extensions [None req-57173ff1-e2b4-435e-80a3-402d582e18ff - - - - - -] Loaded extension: subnet-service-types
2026-03-31 05:15:40.979 1 INFO neutron.api.extensions [None req-57173ff1-e2b4-435e-80a3-402d582e18ff - - - - - -] Loaded extension: subnet_allocation
2026-03-31 05:15:40.979 1 INFO neutron.api.extensions [None req-57173ff1-e2b4-435e-80a3-402d582e18ff - - - - - -] Loaded extension: subnetpool-prefix-ops
2026-03-31 05:15:40.980 1 INFO neutron.api.extensions [None req-57173ff1-e2b4-435e-80a3-402d582e18ff - - - - - -] Extension tag-ports-during-bulk-creation not supported by any of loaded plugins
2026-03-31 05:15:40.981 1 INFO neutron.api.extensions [None req-57173ff1-e2b4-435e-80a3-402d582e18ff - - - - - -] Loaded extension: standard-attr-tag
2026-03-31 05:15:40.982 1 INFO neutron.api.extensions [None req-57173ff1-e2b4-435e-80a3-402d582e18ff - - - - - -] Loaded extension: standard-attr-timestamp
2026-03-31 05:15:40.983 1 INFO neutron.api.extensions [None req-57173ff1-e2b4-435e-80a3-402d582e18ff - - - - - -] Loaded extension: trunk
2026-03-31 05:15:40.983 1 INFO neutron.api.extensions [None req-57173ff1-e2b4-435e-80a3-402d582e18ff - - - - - -] Loaded extension: trunk-details
2026-03-31 05:15:40.984 1 INFO neutron.api.extensions [None req-57173ff1-e2b4-435e-80a3-402d582e18ff - - - - - -] Extension uplink-status-propagation not supported by any of loaded plugins
2026-03-31 05:15:40.984 1 INFO neutron.api.extensions [None req-57173ff1-e2b4-435e-80a3-402d582e18ff - - - - - -] Extension vlan-transparent not supported by any of loaded plugins
2026-03-31 05:15:40.985 1 INFO neutron.quota.resource_registry [None req-57173ff1-e2b4-435e-80a3-402d582e18ff - - - - - -] Creating instance of TrackedResource for resource:network
2026-03-31 05:15:40.986 1 INFO neutron.quota.resource_registry [None req-57173ff1-e2b4-435e-80a3-402d582e18ff - - - - - -] Creating instance of TrackedResource for resource:subnet
2026-03-31 05:15:40.986 1 INFO neutron.quota.resource_registry [None req-57173ff1-e2b4-435e-80a3-402d582e18ff - - - - - -] Creating instance of TrackedResource for resource:subnetpool
2026-03-31 05:15:40.986 1 INFO neutron.quota.resource_registry [None req-57173ff1-e2b4-435e-80a3-402d582e18ff - - - - - -] Creating instance of TrackedResource for resource:port
2026-03-31 05:15:40.987 1 INFO neutron.quota.resource_registry [None req-57173ff1-e2b4-435e-80a3-402d582e18ff - - - - - -] Creating instance of TrackedResource for resource:router
2026-03-31 05:15:40.987 1 INFO neutron.quota.resource_registry [None req-57173ff1-e2b4-435e-80a3-402d582e18ff - - - - - -] Creating instance of TrackedResource for resource:floatingip
2026-03-31 05:15:40.989 1 INFO neutron.quota.resource_registry [None req-57173ff1-e2b4-435e-80a3-402d582e18ff - - - - - -] Creating instance of CountableResource for resource:rbac_policy
2026-03-31 05:15:40.989 1 INFO neutron.quota.resource_registry [None req-57173ff1-e2b4-435e-80a3-402d582e18ff - - - - - -] Creating instance of TrackedResource for resource:security_group
2026-03-31 05:15:40.989 1 INFO neutron.quota.resource_registry [None req-57173ff1-e2b4-435e-80a3-402d582e18ff - - - - - -] Creating instance of TrackedResource for resource:security_group_rule
2026-03-31 05:15:40.989 1 INFO neutron.quota.resource_registry [None req-57173ff1-e2b4-435e-80a3-402d582e18ff - - - - - -] Creating instance of TrackedResource for resource:subnetpool
2026-03-31 05:15:40.990 1 WARNING neutron.quota.resource_registry [None req-57173ff1-e2b4-435e-80a3-402d582e18ff - - - - - -] subnetpool is already registered
2026-03-31 05:15:40.990 1 INFO neutron.quota.resource_registry [None req-57173ff1-e2b4-435e-80a3-402d582e18ff - - - - - -] Creating instance of CountableResource for resource:trunk
2026-03-31 05:15:40.992 1 INFO neutron.quota.resource_registry [None req-57173ff1-e2b4-435e-80a3-402d582e18ff - - - - - -] Creating instance of TrackedResource for resource:router
2026-03-31 05:15:40.992 1 WARNING neutron.quota.resource_registry [None req-57173ff1-e2b4-435e-80a3-402d582e18ff - - - - - -] router is already registered
2026-03-31 05:15:40.992 1 INFO neutron.quota.resource_registry [None req-57173ff1-e2b4-435e-80a3-402d582e18ff - - - - - -] Creating instance of TrackedResource for resource:floatingip
2026-03-31 05:15:40.992 1 WARNING neutron.quota.resource_registry [None req-57173ff1-e2b4-435e-80a3-402d582e18ff - - - - - -] floatingip is already registered
2026-03-31 05:15:40.994 1 INFO neutron.quota.resource_registry [None req-57173ff1-e2b4-435e-80a3-402d582e18ff - - - - - -] Creating instance of CountableResource for resource:rbac_policy
2026-03-31 05:15:40.994 1 WARNING neutron.quota.resource_registry [None req-57173ff1-e2b4-435e-80a3-402d582e18ff - - - - - -] rbac_policy is already registered
2026-03-31 05:15:40.994 1 INFO neutron.quota.resource_registry [None req-57173ff1-e2b4-435e-80a3-402d582e18ff - - - - - -] Creating instance of TrackedResource for resource:security_group
2026-03-31 05:15:40.994 1 WARNING neutron.quota.resource_registry [None req-57173ff1-e2b4-435e-80a3-402d582e18ff - - - - - -] security_group is already registered
2026-03-31 05:15:40.994 1 INFO neutron.quota.resource_registry [None req-57173ff1-e2b4-435e-80a3-402d582e18ff - - - - - -] Creating instance of TrackedResource for resource:security_group_rule
2026-03-31 05:15:40.995 1 WARNING neutron.quota.resource_registry [None req-57173ff1-e2b4-435e-80a3-402d582e18ff - - - - - -] security_group_rule is already registered
2026-03-31 05:15:40.995 1 INFO neutron.quota.resource_registry [None req-57173ff1-e2b4-435e-80a3-402d582e18ff - - - - - -] Creating instance of TrackedResource for resource:subnetpool
2026-03-31 05:15:40.995 1 WARNING neutron.quota.resource_registry [None req-57173ff1-e2b4-435e-80a3-402d582e18ff - - - - - -] subnetpool is already registered
2026-03-31 05:15:40.995 1 INFO neutron.quota.resource_registry [None req-57173ff1-e2b4-435e-80a3-402d582e18ff - - - - - -] Creating instance of CountableResource for resource:trunk
2026-03-31 05:15:40.995 1 WARNING neutron.quota.resource_registry [None req-57173ff1-e2b4-435e-80a3-402d582e18ff - - - - - -] trunk is already registered
2026-03-31 05:15:41.023 1 WARNING keystonemiddleware._common.config [None req-57173ff1-e2b4-435e-80a3-402d582e18ff - - - - - -] The option "audit_map_file" is not known to keystonemiddleware
2026-03-31 05:15:41.029 1 WARNING oslo_config.cfg [None req-57173ff1-e2b4-435e-80a3-402d582e18ff - - - - - -] Deprecated: Option "auth_uri" from group "keystone_authtoken" is deprecated. Use option "www_authenticate_uri" from group "keystone_authtoken".
2026-03-31 05:15:41.033 1 INFO oslo_service.service [None req-57173ff1-e2b4-435e-80a3-402d582e18ff - - - - - -] Starting 2 workers
2026-03-31 05:15:41.040 1 INFO neutron.service [None req-57173ff1-e2b4-435e-80a3-402d582e18ff - - - - - -] Neutron service started, listening on 0.0.0.0:9696
2026-03-31 05:15:41.056 1 INFO oslo_service.service [None req-57173ff1-e2b4-435e-80a3-402d582e18ff - - - - - -] Starting 2 workers
2026-03-31 05:15:41.061 9 INFO neutron.db.ovn_hash_ring_db [None req-d5077080-d153-4dbf-afd9-34ad0ab9d1b1 - - - - - -] Nodes from host "neutron-server-7d8474b744-9qfmp" and group "mechanism_driver" removed from the Hash Ring
2026-03-31 05:15:41.063 1 INFO oslo_service.service [None req-57173ff1-e2b4-435e-80a3-402d582e18ff - - - - - -] Starting 1 workers
2026-03-31 05:15:41.066 1 INFO oslo_service.service [None req-57173ff1-e2b4-435e-80a3-402d582e18ff - - - - - -] Starting 1 workers
2026-03-31 05:15:41.067 12 INFO neutron.plugins.ml2.drivers.ovn.mech_driver.ovsdb.impl_idl_ovn [-] Getting OvsdbNbOvnIdl for RpcWorker with retry
2026-03-31 05:15:41.069 9 INFO neutron.db.ovn_hash_ring_db [None req-d5077080-d153-4dbf-afd9-34ad0ab9d1b1 - - - - - -] Node 440b98cd-43c9-4725-868b-410276f8aa90 from host "neutron-server-7d8474b744-9qfmp" and group "mechanism_driver" added to the Hash Ring
2026-03-31 05:15:41.069 1 INFO oslo_service.service [None req-57173ff1-e2b4-435e-80a3-402d582e18ff - - - - - -] Starting 1 workers
2026-03-31 05:15:41.070 9 INFO neutron.plugins.ml2.drivers.ovn.mech_driver.mech_driver [None req-d5077080-d153-4dbf-afd9-34ad0ab9d1b1 - - - - - -] Hash Ring probing thread has started
2026-03-31 05:15:41.072 13 INFO neutron.plugins.ml2.drivers.ovn.mech_driver.ovsdb.impl_idl_ovn [-] Getting OvsdbNbOvnIdl for RpcWorker with retry
2026-03-31 05:15:41.072 9 INFO neutron.plugins.ml2.drivers.ovn.mech_driver.ovsdb.impl_idl_ovn [None req-d5077080-d153-4dbf-afd9-34ad0ab9d1b1 - - - - - -] Getting OvsdbNbOvnIdl for WorkerService with retry
2026-03-31 05:15:41.076 15 INFO neutron.plugins.ml2.drivers.ovn.mech_driver.ovsdb.impl_idl_ovn [-] Getting OvsdbNbOvnIdl for MaintenanceWorker with retry
2026-03-31 05:15:41.082 1 WARNING oslo_config.cfg [-] Deprecated: Option "auth_uri" from group "keystone_authtoken" is deprecated for removal (The auth_uri option is deprecated in favor of www_authenticate_uri and will be removed in the S release.). Its value may be silently ignored in the future.
2026-03-31 05:15:41.099 12 INFO ovsdbapp.backend.ovs_idl.vlog [None req-93c2d8a1-f5ae-446f-ad50-3647db6ad3cd - - - - - -] tcp:10.100.80.31:6641: connecting...
2026-03-31 05:15:41.100 12 INFO ovsdbapp.backend.ovs_idl.vlog [None req-93c2d8a1-f5ae-446f-ad50-3647db6ad3cd - - - - - -] tcp:10.100.80.31:6641: connected
2026-03-31 05:15:41.105 10 INFO neutron.db.ovn_hash_ring_db [None req-fc58b2ad-49a2-4f78-8725-beb506f2f089 - - - - - -] Node 03905b11-52df-4584-8f21-724043af246f from host "neutron-server-7d8474b744-9qfmp" and group "mechanism_driver" added to the Hash Ring
2026-03-31 05:15:41.107 9 INFO ovsdbapp.backend.ovs_idl.vlog [None req-d5077080-d153-4dbf-afd9-34ad0ab9d1b1 - - - - - -] tcp:10.100.80.31:6641: connecting...
2026-03-31 05:15:41.107 10 INFO neutron.plugins.ml2.drivers.ovn.mech_driver.ovsdb.impl_idl_ovn [None req-fc58b2ad-49a2-4f78-8725-beb506f2f089 - - - - - -] Getting OvsdbNbOvnIdl for WorkerService with retry
2026-03-31 05:15:41.107 9 INFO ovsdbapp.backend.ovs_idl.vlog [None req-d5077080-d153-4dbf-afd9-34ad0ab9d1b1 - - - - - -] tcp:10.100.80.31:6641: connected
2026-03-31 05:15:41.108 13 INFO ovsdbapp.backend.ovs_idl.vlog [None req-d9f55e6e-6dc4-40f3-bfa0-58f16ea52a46 - - - - - -] tcp:10.100.80.31:6641: connecting...
2026-03-31 05:15:41.109 13 INFO ovsdbapp.backend.ovs_idl.vlog [None req-d9f55e6e-6dc4-40f3-bfa0-58f16ea52a46 - - - - - -] tcp:10.100.80.31:6641: connected
2026-03-31 05:15:41.111 15 INFO ovsdbapp.backend.ovs_idl.vlog [-] tcp:10.100.80.31:6641: connecting...
2026-03-31 05:15:41.111 15 INFO ovsdbapp.backend.ovs_idl.vlog [-] tcp:10.100.80.31:6641: connected
2026-03-31 05:15:41.144 10 INFO ovsdbapp.backend.ovs_idl.vlog [None req-fc58b2ad-49a2-4f78-8725-beb506f2f089 - - - - - -] tcp:10.100.80.31:6641: connecting...
2026-03-31 05:15:41.144 10 INFO ovsdbapp.backend.ovs_idl.vlog [None req-fc58b2ad-49a2-4f78-8725-beb506f2f089 - - - - - -] tcp:10.100.80.31:6641: connected
2026-03-31 05:15:41.146 15 INFO neutron.plugins.ml2.drivers.ovn.mech_driver.ovsdb.impl_idl_ovn [-] Getting OvsdbSbOvnIdl for MaintenanceWorker with retry
2026-03-31 05:15:41.153 15 INFO ovsdbapp.backend.ovs_idl.vlog [-] tcp:10.96.105.175:6642: connecting...
2026-03-31 05:15:41.154 15 INFO ovsdbapp.backend.ovs_idl.vlog [-] tcp:10.96.105.175:6642: connected
2026-03-31 05:15:41.154 12 INFO neutron.plugins.ml2.drivers.ovn.mech_driver.ovsdb.impl_idl_ovn [None req-93c2d8a1-f5ae-446f-ad50-3647db6ad3cd - - - - - -] Getting OvsdbSbOvnIdl for RpcWorker with retry
2026-03-31 05:15:41.161 12 INFO ovsdbapp.backend.ovs_idl.vlog [None req-93c2d8a1-f5ae-446f-ad50-3647db6ad3cd - - - - - -] tcp:10.96.105.175:6642: connecting...
2026-03-31 05:15:41.161 12 INFO ovsdbapp.backend.ovs_idl.vlog [None req-93c2d8a1-f5ae-446f-ad50-3647db6ad3cd - - - - - -] tcp:10.96.105.175:6642: connected
2026-03-31 05:15:41.169 13 INFO neutron.plugins.ml2.drivers.ovn.mech_driver.ovsdb.impl_idl_ovn [None req-d9f55e6e-6dc4-40f3-bfa0-58f16ea52a46 - - - - - -] Getting OvsdbSbOvnIdl for RpcWorker with retry
2026-03-31 05:15:41.176 13 INFO ovsdbapp.backend.ovs_idl.vlog [None req-d9f55e6e-6dc4-40f3-bfa0-58f16ea52a46 - - - - - -] tcp:10.96.105.175:6642: connecting...
2026-03-31 05:15:41.176 13 INFO ovsdbapp.backend.ovs_idl.vlog [None req-d9f55e6e-6dc4-40f3-bfa0-58f16ea52a46 - - - - - -] tcp:10.96.105.175:6642: connected
2026-03-31 05:15:41.182 9 INFO neutron.plugins.ml2.drivers.ovn.mech_driver.ovsdb.impl_idl_ovn [None req-d5077080-d153-4dbf-afd9-34ad0ab9d1b1 - - - - - -] Getting OvsdbSbOvnIdl for WorkerService with retry
2026-03-31 05:15:41.192 15 INFO neutron.plugins.ml2.drivers.ovn.mech_driver.ovsdb.extensions.qos [-] Starting OVNClientQosExtension
2026-03-31 05:15:41.193 9 INFO ovsdbapp.backend.ovs_idl.vlog [None req-d5077080-d153-4dbf-afd9-34ad0ab9d1b1 - - - - - -] tcp:10.96.105.175:6642: connecting...
2026-03-31 05:15:41.193 15 INFO neutron.plugins.ml2.drivers.ovn.mech_driver.ovsdb.extensions.placement [-] Starting OVNClientPlacementExtension
2026-03-31 05:15:41.193 9 INFO ovsdbapp.backend.ovs_idl.vlog [None req-d5077080-d153-4dbf-afd9-34ad0ab9d1b1 - - - - - -] tcp:10.96.105.175:6642: connected
2026-03-31 05:15:41.193 15 INFO neutron.plugins.ml2.drivers.ovn.mech_driver.ovsdb.extensions.qos [-] Starting OVNClientQosExtension
2026-03-31 05:15:41.202 15 INFO neutron.plugins.ml2.drivers.ovn.mech_driver.mech_driver [-] Maintenance task thread has started
2026-03-31 05:15:41.206 10 INFO neutron.plugins.ml2.drivers.ovn.mech_driver.ovsdb.impl_idl_ovn [None req-fc58b2ad-49a2-4f78-8725-beb506f2f089 - - - - - -] Getting OvsdbSbOvnIdl for WorkerService with retry
2026-03-31 05:15:41.218 10 INFO ovsdbapp.backend.ovs_idl.vlog [None req-fc58b2ad-49a2-4f78-8725-beb506f2f089 - - - - - -] tcp:10.96.105.175:6642: connecting...
2026-03-31 05:15:41.218 10 INFO ovsdbapp.backend.ovs_idl.vlog [None req-fc58b2ad-49a2-4f78-8725-beb506f2f089 - - - - - -] tcp:10.96.105.175:6642: connected
2026-03-31 05:15:41.253 9 INFO neutron.wsgi [-] (9) wsgi starting up on http://0.0.0.0:9696
2026-03-31 05:15:41.288 10 INFO neutron.wsgi [-] (10) wsgi starting up on http://0.0.0.0:9696
2026-03-31 05:15:41.363 15 INFO neutron.db.ovn_hash_ring_db [None req-d21d4978-6247-4c18-abb2-043c97a8f51a - - - - - -] Cleaned up Hash Ring nodes older than 5 days
2026-03-31 05:15:41.404 15 INFO neutron.plugins.ml2.drivers.ovn.mech_driver.ovsdb.extensions.qos [None req-d21d4978-6247-4c18-abb2-043c97a8f51a - - - - - -] Starting OVNClientQosExtension
2026-03-31 05:15:44.804 9 INFO neutron.wsgi [-] 10.0.0.32 "GET / HTTP/1.1" status: 200 len: 247 time: 0.0040534 /var/lib/openstack/lib/python3.10/site-packages/memcache.py:1303: SyntaxWarning: "is" with a literal. Did you mean "=="? if key is '': /var/lib/openstack/lib/python3.10/site-packages/memcache.py:1304: SyntaxWarning: "is" with a literal. Did you mean "=="? if key_extra_len is 0: /var/lib/openstack/lib/python3.10/site-packages/pycadf/identifier.py:71: UserWarning: Invalid uuid: unknown. To ensure interoperability, identifiers should be a valid uuid. warnings.warn(('Invalid uuid: %s. To ensure interoperability, '
2026-03-31 05:15:51.396 15 INFO neutron.plugins.ml2.drivers.ovn.mech_driver.ovsdb.extensions.qos [None req-bfd730c2-69bb-4dde-9acb-45a1eaeac852 - - - - - -] Starting OVNClientQosExtension
2026-03-31 05:15:51.403 10 WARNING oslo_policy.policy [None req-680c2e43-6a71-44ad-a300-c5b8f0ab610e b34d968fa3c54e66a91861aeefbdcb3d 116ac56d0cc84a83ac998d1801b5f7bf - - default default] Policies ['delete_port', 'update_port:allowed_address_pairs', 'update_port:allowed_address_pairs:ip_address', 'update_port:allowed_address_pairs:mac_address', 'update_port:fixed_ips', 'update_port:mac_address'] reference a rule that is not defined.
2026-03-31 05:15:51.409 15 INFO neutron.plugins.ml2.drivers.ovn.mech_driver.ovsdb.extensions.qos [None req-bfd730c2-69bb-4dde-9acb-45a1eaeac852 - - - - - -] Starting OVNClientQosExtension
2026-03-31 05:15:51.695 10 INFO neutron.wsgi [None req-680c2e43-6a71-44ad-a300-c5b8f0ab610e b34d968fa3c54e66a91861aeefbdcb3d 116ac56d0cc84a83ac998d1801b5f7bf - - default default] 199.204.45.33,10.0.0.32 "GET /v2.0/networks HTTP/1.1" status: 200 len: 189 time: 0.9186811
2026-03-31 05:15:51.841 10 INFO neutron.plugins.ml2.drivers.ovn.mech_driver.ovsdb.extensions.qos [None req-d0c3ddde-71ef-429e-900b-b1a8c24939d7 b34d968fa3c54e66a91861aeefbdcb3d 116ac56d0cc84a83ac998d1801b5f7bf - - - -] Starting OVNClientQosExtension
2026-03-31 05:15:51.842 10 INFO neutron.plugins.ml2.drivers.ovn.mech_driver.ovsdb.extensions.placement [None req-d0c3ddde-71ef-429e-900b-b1a8c24939d7 b34d968fa3c54e66a91861aeefbdcb3d 116ac56d0cc84a83ac998d1801b5f7bf - - - -] Starting OVNClientPlacementExtension
2026-03-31 05:15:51.872 10 INFO neutron.db.ovn_revision_numbers_db [None req-d0c3ddde-71ef-429e-900b-b1a8c24939d7 b34d968fa3c54e66a91861aeefbdcb3d 116ac56d0cc84a83ac998d1801b5f7bf - - - -] Successfully bumped revision number for resource f43aaa7c-cd22-4b6e-97f2-dd35c67150a2 (type: security_groups) to 1
2026-03-31 05:15:51.886 10 WARNING neutron.services.revisions.revision_plugin [None req-d0c3ddde-71ef-429e-900b-b1a8c24939d7 b34d968fa3c54e66a91861aeefbdcb3d 116ac56d0cc84a83ac998d1801b5f7bf - - - -] Could not find related network for resource to bump revision.
2026-03-31 05:15:51.956 10 INFO neutron.db.segments_db [None req-d0c3ddde-71ef-429e-900b-b1a8c24939d7 b34d968fa3c54e66a91861aeefbdcb3d 116ac56d0cc84a83ac998d1801b5f7bf - - - -] Added segment 2487a232-7003-440d-9bbd-3ba97e3bc046 of type flat for network 25013cf9-da18-47b4-b35b-f4efa2b2672f
2026-03-31 05:15:52.162 10 INFO neutron.db.ovn_revision_numbers_db [None req-d0c3ddde-71ef-429e-900b-b1a8c24939d7 b34d968fa3c54e66a91861aeefbdcb3d 116ac56d0cc84a83ac998d1801b5f7bf - - - -] Successfully bumped revision number for resource 25013cf9-da18-47b4-b35b-f4efa2b2672f (type: networks) to 1
2026-03-31 05:15:52.440 10 WARNING neutron.scheduler.dhcp_agent_scheduler [None req-d0c3ddde-71ef-429e-900b-b1a8c24939d7 b34d968fa3c54e66a91861aeefbdcb3d 116ac56d0cc84a83ac998d1801b5f7bf - - - -] No more DHCP agents
2026-03-31 05:15:52.443 10 WARNING neutron.api.rpc.agentnotifiers.dhcp_rpc_agent_api [None req-d0c3ddde-71ef-429e-900b-b1a8c24939d7 b34d968fa3c54e66a91861aeefbdcb3d 116ac56d0cc84a83ac998d1801b5f7bf - - - -] Unable to schedule network 25013cf9-da18-47b4-b35b-f4efa2b2672f: no agents available; will retry on subsequent port and subnet creation events.
2026-03-31 05:15:52.558 10 INFO neutron.db.ovn_revision_numbers_db [None req-d0c3ddde-71ef-429e-900b-b1a8c24939d7 b34d968fa3c54e66a91861aeefbdcb3d 116ac56d0cc84a83ac998d1801b5f7bf - - - -] Successfully bumped revision number for resource 58ca5fa2-9786-4a2a-9ac6-bebd583f2581 (type: ports) to 1
2026-03-31 05:15:52.584 10 INFO neutron.wsgi [None req-d0c3ddde-71ef-429e-900b-b1a8c24939d7 b34d968fa3c54e66a91861aeefbdcb3d 116ac56d0cc84a83ac998d1801b5f7bf - - - -] 199.204.45.33,10.0.0.32 "POST /v2.0/networks HTTP/1.1" status: 201 len: 886 time: 0.8849578
2026-03-31 05:15:53.759 10 INFO neutron.wsgi [None req-5a0f6f63-8daa-465a-8dab-39c93731dda3 b34d968fa3c54e66a91861aeefbdcb3d 116ac56d0cc84a83ac998d1801b5f7bf - - default default] 199.204.45.33,10.0.0.32 "GET /v2.0/subnets HTTP/1.1" status: 200 len: 188 time: 0.0625179
2026-03-31 05:15:53.832 10 INFO neutron.wsgi [None req-b7b18ed7-3164-4070-aa73-5544872cef52 b34d968fa3c54e66a91861aeefbdcb3d 116ac56d0cc84a83ac998d1801b5f7bf - - default default] 199.204.45.33,10.0.0.32 "GET /v2.0/networks HTTP/1.1" status: 200 len: 890 time: 0.0657730
2026-03-31 05:15:54.163 10 WARNING neutron.scheduler.dhcp_agent_scheduler [None req-60bba0d4-c69f-4026-aa93-9089e7409749 b34d968fa3c54e66a91861aeefbdcb3d 116ac56d0cc84a83ac998d1801b5f7bf - - - -] No more DHCP agents
2026-03-31 05:15:54.165 10 WARNING neutron.api.rpc.agentnotifiers.dhcp_rpc_agent_api [None req-60bba0d4-c69f-4026-aa93-9089e7409749 b34d968fa3c54e66a91861aeefbdcb3d 116ac56d0cc84a83ac998d1801b5f7bf - - - -] Unable to schedule network 25013cf9-da18-47b4-b35b-f4efa2b2672f: no agents available; will retry on subsequent port and subnet creation events.
2026-03-31 05:15:54.787 9 INFO neutron.wsgi [-] 10.0.0.32 "GET / HTTP/1.1" status: 200 len: 247 time: 0.0019341
2026-03-31 05:15:54.837 10 INFO neutron.db.ovn_revision_numbers_db [None req-60bba0d4-c69f-4026-aa93-9089e7409749 b34d968fa3c54e66a91861aeefbdcb3d 116ac56d0cc84a83ac998d1801b5f7bf - - - -] Successfully bumped revision number for resource 58ca5fa2-9786-4a2a-9ac6-bebd583f2581 (type: ports) to 2
2026-03-31 05:15:54.853 10 INFO neutron.db.ovn_revision_numbers_db [None req-60bba0d4-c69f-4026-aa93-9089e7409749 b34d968fa3c54e66a91861aeefbdcb3d 116ac56d0cc84a83ac998d1801b5f7bf - - - -] Successfully bumped revision number for resource f2d0d601-c10b-44af-be79-8eecf9644b92 (type: subnets) to 0
2026-03-31 05:15:54.870 10 INFO neutron.wsgi [None req-60bba0d4-c69f-4026-aa93-9089e7409749 b34d968fa3c54e66a91861aeefbdcb3d 116ac56d0cc84a83ac998d1801b5f7bf - - - -] 199.204.45.33,10.0.0.32 "POST /v2.0/subnets HTTP/1.1" status: 201 len: 821 time: 1.0341697
2026-03-31 05:16:09.788 9 INFO neutron.wsgi [-] 10.0.0.32 "GET / HTTP/1.1" status: 200 len: 247 time: 0.0023432
2026-03-31 05:16:24.788 10 INFO neutron.wsgi [-] 10.0.0.32 "GET / HTTP/1.1" status: 200 len: 247 time: 0.0022268
2026-03-31 05:16:39.788 9 INFO neutron.wsgi [-] 10.0.0.32 "GET / HTTP/1.1" status: 200 len: 247 time: 0.0018556
2026-03-31 05:16:39.789 10 INFO neutron.wsgi [-] 10.0.0.32 "GET / HTTP/1.1" status: 200 len: 247 time: 0.0025053
2026-03-31 05:16:54.788 10 INFO neutron.wsgi [-] 10.0.0.32 "GET / HTTP/1.1" status: 200 len: 247 time: 0.0035806
2026-03-31 05:16:54.789 9 INFO neutron.wsgi [-] 10.0.0.32 "GET / HTTP/1.1" status: 200 len: 247 time: 0.0031574
2026-03-31 05:17:09.788 10 INFO neutron.wsgi [-] 10.0.0.32 "GET / HTTP/1.1" status: 200 len: 247 time: 0.0020151
2026-03-31 05:17:09.788 9 INFO neutron.wsgi [-] 10.0.0.32 "GET / HTTP/1.1" status: 200 len: 247 time: 0.0022628
2026-03-31 05:17:24.788 10 INFO neutron.wsgi [-] 10.0.0.32 "GET / HTTP/1.1" status: 200 len: 247 time: 0.0026696
2026-03-31 05:17:24.789 9 INFO neutron.wsgi [-] 10.0.0.32 "GET / HTTP/1.1" status: 200 len: 247 time: 0.0030832
2026-03-31 05:17:39.787 10 INFO neutron.wsgi [-] 10.0.0.32 "GET / HTTP/1.1" status: 200 len: 247 time: 0.0017717
2026-03-31 05:17:39.789 9 INFO neutron.wsgi [-] 10.0.0.32 "GET / HTTP/1.1" status: 200 len: 247 time: 0.0028849
2026-03-31 05:17:54.788 9 INFO neutron.wsgi [-] 10.0.0.32 "GET / HTTP/1.1" status: 200 len: 247 time: 0.0025930
2026-03-31 05:17:54.799 10 INFO neutron.wsgi [-] 10.0.0.32 "GET / HTTP/1.1" status: 200 len: 247 time: 0.0114193
2026-03-31 05:18:09.788 10 INFO neutron.wsgi [-] 10.0.0.32 "GET / HTTP/1.1" status: 200 len: 247 time: 0.0026083
2026-03-31 05:18:09.789 9 INFO neutron.wsgi [-] 10.0.0.32 "GET / HTTP/1.1" status: 200 len: 247 time: 0.0035803
2026-03-31 05:18:24.792 9 INFO neutron.wsgi [-] 10.0.0.32 "GET / HTTP/1.1" status: 200 len: 247 time: 0.0020068
2026-03-31 05:18:24.796 9 INFO neutron.wsgi [-] 10.0.0.32 "GET / HTTP/1.1" status: 200 len: 247 time: 0.0032406
2026-03-31 05:18:39.788 10 INFO neutron.wsgi [-] 10.0.0.32 "GET / HTTP/1.1" status: 200 len: 247 time: 0.0028977
2026-03-31 05:18:39.789 9 INFO neutron.wsgi [-] 10.0.0.32 "GET / HTTP/1.1" status: 200 len: 247 time: 0.0032837
2026-03-31 05:18:54.788 9 INFO neutron.wsgi [-] 10.0.0.32 "GET / HTTP/1.1" status: 200 len: 247 time: 0.0021150
2026-03-31 05:18:54.789 10 INFO neutron.wsgi [-] 10.0.0.32 "GET / HTTP/1.1" status: 200 len: 247 time: 0.0034060
2026-03-31 05:19:09.788 9 INFO neutron.wsgi [-] 10.0.0.32 "GET / HTTP/1.1" status: 200 len: 247 time: 0.0021026
2026-03-31 05:19:09.788 10 INFO neutron.wsgi [-] 10.0.0.32 "GET / HTTP/1.1" status: 200 len: 247 time: 0.0025976
2026-03-31 05:19:24.788 10 INFO neutron.wsgi [-] 10.0.0.32 "GET / HTTP/1.1" status: 200 len: 247 time: 0.0018258
2026-03-31 05:19:24.790 9 INFO neutron.wsgi [-] 10.0.0.32 "GET / HTTP/1.1" status: 200 len: 247 time: 0.0030313
2026-03-31 05:19:39.789 9 INFO neutron.wsgi [-] 10.0.0.32 "GET / HTTP/1.1" status: 200 len: 247 time: 0.0027704
2026-03-31 05:19:39.790 10 INFO neutron.wsgi [-] 10.0.0.32 "GET / HTTP/1.1" status: 200 len: 247 time: 0.0045657
2026-03-31 05:19:54.788 10 INFO neutron.wsgi [-] 10.0.0.32 "GET / HTTP/1.1" status: 200 len: 247 time: 0.0021489
2026-03-31 05:19:54.789 9 INFO neutron.wsgi [-] 10.0.0.32 "GET / HTTP/1.1" status: 200 len: 247 time: 0.0038249
2026-03-31 05:20:09.787 9 INFO neutron.wsgi [-] 10.0.0.32 "GET / HTTP/1.1" status: 200 len: 247 time: 0.0020700
2026-03-31 05:20:09.788 10 INFO neutron.wsgi [-] 10.0.0.32 "GET / HTTP/1.1" status: 200 len: 247 time: 0.0024836
2026-03-31 05:20:24.788 9 INFO neutron.wsgi [-] 10.0.0.32 "GET / HTTP/1.1" status: 200 len: 247 time: 0.0026662
2026-03-31 05:20:24.789 10 INFO neutron.wsgi [-] 10.0.0.32 "GET / HTTP/1.1" status: 200 len: 247 time: 0.0033722
2026-03-31 05:20:39.789 10 INFO neutron.wsgi [-] 10.0.0.32 "GET / HTTP/1.1" status: 200 len: 247 time: 0.0039642
2026-03-31 05:20:39.789 9 INFO neutron.wsgi [-] 10.0.0.32 "GET / HTTP/1.1" status: 200 len: 247 time: 0.0042813
