2026-03-31 05:54:30.036 9 INFO neutron.wsgi [req-c24b86ec-1b4f-4c11-b9e9-07f557150772 req-64284cff-7073-4e8f-b410-4e3abdb5ae7c 1b3676ed46c64fda80480b98022351ed 0bb1274a8bd340be97f54670b6c299c4 - - default default] 10.0.0.162 "GET /v2.0/ports?tenant_id=0bb1274a8bd340be97f54670b6c299c4&fields=id HTTP/1.1" status: 200 len: 302 time: 0.1284010
2026-03-31 05:54:30.041 10 INFO neutron.wsgi [None req-166f0aa3-2c8d-4e54-8b96-53099ec4297d b34d968fa3c54e66a91861aeefbdcb3d 116ac56d0cc84a83ac998d1801b5f7bf - - default default] 10.0.0.14 "GET /v2.0/subnets HTTP/1.1" status: 200 len: 3413 time: 0.0528665
2026-03-31 05:54:30.057 10 INFO neutron.wsgi [None req-6f8cb9cb-703e-4b45-b57e-1b32703a0f64 b34d968fa3c54e66a91861aeefbdcb3d 116ac56d0cc84a83ac998d1801b5f7bf - - default default] 10.0.0.14 "GET /v2.0/subnetpools HTTP/1.1" status: 200 len: 193 time: 0.0134075
2026-03-31 05:54:30.159 9 INFO neutron.wsgi [req-c24b86ec-1b4f-4c11-b9e9-07f557150772 req-44bdfa03-c898-47c7-9a57-f17170e5ae04 3cf9ac9c4e1f4be9af6d101223fe58e6 6206c9fab6804eaeb9be2d0ea08bb351 - - 3c680beb115549078a461d54a7509f8a 3c680beb115549078a461d54a7509f8a] 10.0.0.162 "GET /v2.0/networks/a0a698a3-1573-47f1-874b-e50895013a2f?fields=segments HTTP/1.1" status: 200 len: 212 time: 0.0988941
2026-03-31 05:54:30.232 10 INFO neutron.wsgi [None req-bf435226-66f4-4c02-acfb-4f34df95ed55 b34d968fa3c54e66a91861aeefbdcb3d 116ac56d0cc84a83ac998d1801b5f7bf - - - -] 10.0.0.112 "DELETE /v2.0/routers/0799e7cb-93c0-4721-b820-0ca897996a6b HTTP/1.1" status: 204 len: 168 time: 1.0312855
2026-03-31 05:54:30.292 10 INFO neutron.wsgi [None req-0d0b2254-580e-4369-a9f5-094dd4bfeb67 b34d968fa3c54e66a91861aeefbdcb3d 116ac56d0cc84a83ac998d1801b5f7bf - - default default] 10.0.0.14 "GET /v2.0/security-groups HTTP/1.1" status: 200 len: 30660 time: 0.2328706
2026-03-31 05:54:30.293 9 INFO neutron.wsgi [req-c24b86ec-1b4f-4c11-b9e9-07f557150772 req-5be3f692-382f-4215-9fd1-62b4913c24fb 3cf9ac9c4e1f4be9af6d101223fe58e6 6206c9fab6804eaeb9be2d0ea08bb351 - - 3c680beb115549078a461d54a7509f8a 3c680beb115549078a461d54a7509f8a] 10.0.0.162 "GET /v2.0/networks/a0a698a3-1573-47f1-874b-e50895013a2f?fields=provider%3Aphysical_network&fields=provider%3Anetwork_type HTTP/1.1" status: 200 len: 277 time: 0.1150777
2026-03-31 05:54:30.337 10 INFO neutron.wsgi [None req-bfa338a0-f14f-4d3a-ae9e-2572f1d28c3f b34d968fa3c54e66a91861aeefbdcb3d 116ac56d0cc84a83ac998d1801b5f7bf - - default default] 10.0.0.14 "GET /v2.0/floatingips HTTP/1.1" status: 200 len: 730 time: 0.0397635
2026-03-31 05:54:30.439 10 INFO neutron.wsgi [None req-cb1b3273-9a57-475d-b7de-4cc31dc08e9f b34d968fa3c54e66a91861aeefbdcb3d 116ac56d0cc84a83ac998d1801b5f7bf - - default default] 10.0.0.14 "GET /v2.0/routers HTTP/1.1" status: 200 len: 1543 time: 0.1011159
2026-03-31 05:54:30.478 10 INFO neutron.wsgi [None req-0ce905d7-73bd-49ee-8f44-f3472e11bec7 b34d968fa3c54e66a91861aeefbdcb3d 116ac56d0cc84a83ac998d1801b5f7bf - - default default] 10.0.0.14 "GET /v2.0/agents?binary=ovn-controller HTTP/1.1" status: 200 len: 591 time: 0.0349634
2026-03-31 05:54:30.497 10 INFO neutron.plugins.ml2.drivers.ovn.mech_driver.mech_driver [None req-c0577559-ae65-4b87-be56-405fa6918704 - - - - - -] OVN reports status down for port: b2f6c7ab-1f50-4f62-9eeb-bc6c7e45bca7
2026-03-31 05:54:30.510 10 INFO neutron.wsgi [req-c52ee2cc-3b35-4ee1-a92b-45f524a4bdb0 req-0a5746f9-5ced-4742-be16-bc95f31ae504 dc192fa64e8743f18df4f5805a2cb1b5 185f86b5def54c2990885f8ef2a0a2fb - - default default] 10.0.0.162 "GET /v2.0/ports?device_id=33f25fa3-a125-4522-955b-f49115dbdfb6 HTTP/1.1" status: 200 len: 1170 time: 0.0837421
2026-03-31 05:54:30.613 9 INFO neutron.wsgi [None req-01bd2638-86c1-47bc-91bf-743af467b08f b34d968fa3c54e66a91861aeefbdcb3d 116ac56d0cc84a83ac998d1801b5f7bf - - - -] 10.0.0.112 "DELETE /v2.0/subnets/cea85863-361f-41ef-a0be-9454f0aa5be3 HTTP/1.1" status: 204 len: 168 time: 0.3750749
2026-03-31 05:54:30.623 10 INFO neutron.wsgi [None req-4ee20f29-c879-4a43-b136-44ddd2cb3fb0 b34d968fa3c54e66a91861aeefbdcb3d 116ac56d0cc84a83ac998d1801b5f7bf - - default default] 10.0.0.14 "GET /v2.0/networks HTTP/1.1" status: 200 len: 5339 time: 0.1438470
2026-03-31 05:54:30.634 10 INFO neutron.wsgi [req-c52ee2cc-3b35-4ee1-a92b-45f524a4bdb0 req-3df5b404-e84c-4a32-8f1d-b3070ea3cbd9 dc192fa64e8743f18df4f5805a2cb1b5 185f86b5def54c2990885f8ef2a0a2fb - - default default] 10.0.0.162 "GET /v2.0/security-groups?id=6823ca7c-63a8-4e67-a257-405bc823af49&fields=id&fields=name HTTP/1.1" status: 200 len: 286 time: 0.1100051
2026-03-31 05:54:30.651 10 INFO neutron.wsgi [None req-fe1ccba2-0eac-49c8-bf37-75d1c58b0909 b34d968fa3c54e66a91861aeefbdcb3d 116ac56d0cc84a83ac998d1801b5f7bf - - default default] 10.0.0.14 "GET /v2.0/agents HTTP/1.1" status: 200 len: 997 time: 0.0159681
2026-03-31 05:54:30.713 9 INFO neutron.wsgi [req-644accd3-6dab-47a9-a0db-3bc87187030c req-892a63bc-e723-44fa-ab21-d65437c55ab1 1b3676ed46c64fda80480b98022351ed 0bb1274a8bd340be97f54670b6c299c4 - - default default] 10.0.0.162 "GET /v2.0/ports?device_id=9a3798e5-2db6-4399-866d-1fb7454507ae HTTP/1.1" status: 200 len: 210 time: 0.0389009
2026-03-31 05:54:30.756 9 INFO neutron.wsgi [None req-66217e12-e942-4337-8cf2-201736131611 274340b773d347b28ff57d53eb369ee8 73a5ee873b0c4f6c994ecee79e12594d - - - -] 10.0.0.112 "DELETE /v2.0/networks/61ef227c-a6b7-432c-abf8-e5047c5ecacd HTTP/1.1" status: 204 len: 168 time: 0.8030221
2026-03-31 05:54:30.815 9 INFO neutron.wsgi [req-87de3673-b93d-407a-a2ee-25ddb69ec2a6 req-f86f2de1-4be3-4d63-8595-1bcbefdafb21 dc192fa64e8743f18df4f5805a2cb1b5 185f86b5def54c2990885f8ef2a0a2fb - - default default] 199.204.45.33 "GET /v2.0/ports?device_id=33f25fa3-a125-4522-955b-f49115dbdfb6 HTTP/1.1" status: 200 len: 1168 time: 0.0649829
2026-03-31 05:54:30.898 10 INFO neutron.wsgi [None req-304c9aae-591e-47e9-afae-074b46606027 274340b773d347b28ff57d53eb369ee8 73a5ee873b0c4f6c994ecee79e12594d - - default default] 10.0.0.112 "GET /v2.0/networks HTTP/1.1" status: 200 len: 845 time: 0.1378236
2026-03-31 05:54:30.989 10 INFO neutron.db.ovn_revision_numbers_db [None req-c0577559-ae65-4b87-be56-405fa6918704 - - - - - -] Successfully bumped revision number for resource b2f6c7ab-1f50-4f62-9eeb-bc6c7e45bca7 (type: ports) to 5
2026-03-31 05:54:31.038 10 INFO neutron.db.segments_db [None req-10668315-7f68-4963-847e-357fa07705a5 274340b773d347b28ff57d53eb369ee8 73a5ee873b0c4f6c994ecee79e12594d - - - -] Added segment 9193eb23-cf5c-4eb6-bceb-5493a5412259 of type geneve for network b87a3195-86da-4cbe-9e8b-c1adbfa12f55
2026-03-31 05:54:31.190 10 INFO neutron.db.ovn_revision_numbers_db [None req-10668315-7f68-4963-847e-357fa07705a5 274340b773d347b28ff57d53eb369ee8 73a5ee873b0c4f6c994ecee79e12594d - - - -] Successfully bumped revision number for resource b87a3195-86da-4cbe-9e8b-c1adbfa12f55 (type: networks) to 1
2026-03-31 05:54:31.279 9 INFO neutron.wsgi [None req-784d7209-0dd5-4eaf-bc7f-490c3c60e5d1 b34d968fa3c54e66a91861aeefbdcb3d 116ac56d0cc84a83ac998d1801b5f7bf - - - -] 10.0.0.112 "DELETE /v2.0/networks/6981ad54-31d1-4570-b8a8-1d590d484707 HTTP/1.1" status: 204 len: 168 time: 0.6531355
2026-03-31 05:54:31.295 9 INFO neutron.wsgi [None req-00c3019c-5331-4579-9ef2-f5ab927f657a dc192fa64e8743f18df4f5805a2cb1b5 185f86b5def54c2990885f8ef2a0a2fb - - - -] 199.204.45.33 "DELETE /v2.0/ports/b2f6c7ab-1f50-4f62-9eeb-bc6c7e45bca7 HTTP/1.1" status: 204 len: 173 time: 0.4764352
2026-03-31 05:54:31.349 9 INFO neutron.notifiers.nova [-] Nova event matching ['req-3554efc4-e0d7-4583-aa81-1c7cde843873'] response: {'server_uuid': '33f25fa3-a125-4522-955b-f49115dbdfb6', 'name': 'network-vif-deleted', 'tag': 'b2f6c7ab-1f50-4f62-9eeb-bc6c7e45bca7', 'status': 'completed', 'code': 200}
2026-03-31 05:54:31.519 9 INFO neutron.wsgi [None req-c79fd0a0-7c28-4697-bfb0-dccb988b3c36 b34d968fa3c54e66a91861aeefbdcb3d 116ac56d0cc84a83ac998d1801b5f7bf - - default default] 10.0.0.112 "GET /v2.0/security-groups?tenant_id=1d68786e0cf3410e8e069a1c0940b408&name=default HTTP/1.1" status: 200 len: 2992 time: 0.0727601
2026-03-31 05:54:31.571 10 INFO neutron.notifiers.nova [-] Nova event matching ['req-bfdc330b-7a51-43bf-8a73-8abdbdfbb4e7'] response: {'server_uuid': '33f25fa3-a125-4522-955b-f49115dbdfb6', 'name': 'network-vif-plugged', 'status': 'completed', 'tag': 'b2f6c7ab-1f50-4f62-9eeb-bc6c7e45bca7', 'code': 200}
2026-03-31 05:54:31.572 10 INFO neutron.notifiers.nova [-] Nova event matching ['req-bfdc330b-7a51-43bf-8a73-8abdbdfbb4e7'] response: {'server_uuid': '33f25fa3-a125-4522-955b-f49115dbdfb6', 'name': 'network-vif-unplugged', 'status': 'completed', 'tag': 'b2f6c7ab-1f50-4f62-9eeb-bc6c7e45bca7', 'code': 200}
2026-03-31 05:54:31.572 10 INFO neutron.notifiers.nova [-] Nova event matching ['req-bfdc330b-7a51-43bf-8a73-8abdbdfbb4e7'] response: {'server_uuid': '33f25fa3-a125-4522-955b-f49115dbdfb6', 'name': 'network-vif-plugged', 'status': 'completed', 'tag': 'b2f6c7ab-1f50-4f62-9eeb-bc6c7e45bca7', 'code': 200}
2026-03-31 05:54:31.593 9 INFO neutron.wsgi [req-c24b86ec-1b4f-4c11-b9e9-07f557150772 req-cb624616-d393-4f2c-b762-48249833b92e 1b3676ed46c64fda80480b98022351ed 0bb1274a8bd340be97f54670b6c299c4 - - default default] 199.204.45.33 "GET /v2.0/networks?id=a0a698a3-1573-47f1-874b-e50895013a2f HTTP/1.1" status: 200 len: 879 time: 0.1182282
2026-03-31 05:54:31.667 9 INFO neutron.wsgi [req-c24b86ec-1b4f-4c11-b9e9-07f557150772 req-006a1f8c-b0d3-4f68-ab77-7a0bae1b0736 1b3676ed46c64fda80480b98022351ed 0bb1274a8bd340be97f54670b6c299c4 - - default default] 199.204.45.33 "GET /v2.0/security-groups?fields=id&fields=name&tenant_id=0bb1274a8bd340be97f54670b6c299c4 HTTP/1.1" status: 200 len: 380 time: 0.0401790 /var/lib/openstack/lib/python3.10/site-packages/pycadf/identifier.py:71: UserWarning: Invalid uuid: neutron. To ensure interoperability, identifiers should be a valid uuid. warnings.warn(('Invalid uuid: %s. To ensure interoperability, '
2026-03-31 05:54:31.785 10 WARNING neutron.scheduler.dhcp_agent_scheduler [None req-10668315-7f68-4963-847e-357fa07705a5 274340b773d347b28ff57d53eb369ee8 73a5ee873b0c4f6c994ecee79e12594d - - - -] No more DHCP agents
2026-03-31 05:54:31.791 10 WARNING neutron.api.rpc.agentnotifiers.dhcp_rpc_agent_api [None req-10668315-7f68-4963-847e-357fa07705a5 274340b773d347b28ff57d53eb369ee8 73a5ee873b0c4f6c994ecee79e12594d - - - -] Unable to schedule network b87a3195-86da-4cbe-9e8b-c1adbfa12f55: no agents available; will retry on subsequent port and subnet creation events.
2026-03-31 05:54:31.815 9 INFO neutron.wsgi [req-f1a51de8-cb53-479a-8166-7fc9debd32fc req-97ed471c-de2a-4187-920b-6146ab52f1cb 1b3676ed46c64fda80480b98022351ed 0bb1274a8bd340be97f54670b6c299c4 - - default default] 10.0.0.162 "GET /v2.0/ports?device_id=9a3798e5-2db6-4399-866d-1fb7454507ae HTTP/1.1" status: 200 len: 210 time: 0.0234425
2026-03-31 05:54:31.842 9 INFO neutron.wsgi [None req-44f52fba-cf12-418e-994c-b411d88fb6b6 b34d968fa3c54e66a91861aeefbdcb3d 116ac56d0cc84a83ac998d1801b5f7bf - - - -] 10.0.0.112 "DELETE /v2.0/security-groups/7aabd890-75d0-4a1c-9e10-a02c2807bd5b HTTP/1.1" status: 204 len: 168 time: 0.3177445
2026-03-31 05:54:31.887 10 INFO neutron.db.ovn_revision_numbers_db [None req-10668315-7f68-4963-847e-357fa07705a5 274340b773d347b28ff57d53eb369ee8 73a5ee873b0c4f6c994ecee79e12594d - - - -] Successfully bumped revision number for resource 5a8af488-b242-41b7-a955-ea1451aad0e5 (type: ports) to 1
2026-03-31 05:54:31.921 10 INFO neutron.wsgi [None req-10668315-7f68-4963-847e-357fa07705a5 274340b773d347b28ff57d53eb369ee8 73a5ee873b0c4f6c994ecee79e12594d - - - -] 10.0.0.112 "POST /v2.0/networks HTTP/1.1" status: 201 len: 848 time: 1.0128884
2026-03-31 05:54:31.927 9 INFO neutron.services.segments.plugin [-] Segment 063ff5d5-e78b-4696-bc79-0b8e3895a5ac resource provider aggregate not found
2026-03-31 05:54:31.933 9 INFO neutron.services.segments.plugin [-] Segment 063ff5d5-e78b-4696-bc79-0b8e3895a5ac resource provider aggregate not found
2026-03-31 05:54:31.956 9 INFO neutron.services.segments.plugin [-] Segment 063ff5d5-e78b-4696-bc79-0b8e3895a5ac resource provider not found; error: Placement Client Error (4xx): {"errors": [{"status": 404, "title": "Not Found", "detail": "The resource could not be found.\n\n No resource provider with uuid 063ff5d5-e78b-4696-bc79-0b8e3895a5ac found for delete ", "request_id": "req-615d9d85-3001-4756-8412-370c046b2b2b"}]}
2026-03-31 05:54:31.977 9 INFO neutron.services.segments.plugin [-] Segment 063ff5d5-e78b-4696-bc79-0b8e3895a5ac resource provider not found; error: Placement Client Error (4xx): {"errors": [{"status": 404, "title": "Not Found", "detail": "The resource could not be found.\n\n No resource provider with uuid 063ff5d5-e78b-4696-bc79-0b8e3895a5ac found for delete ", "request_id": "req-514f9140-b74f-4f30-b2ae-8835713b60fc"}]}
2026-03-31 05:54:31.997 9 INFO neutron.services.segments.plugin [-] Segment 4db36886-fc5c-4242-9fae-8820e3f20abc resource provider aggregate not found
2026-03-31 05:54:32.009 9 INFO neutron.services.segments.plugin [-] Segment 4db36886-fc5c-4242-9fae-8820e3f20abc resource provider aggregate not found
2026-03-31 05:54:32.035 9 INFO neutron.services.segments.plugin [-] Segment 4db36886-fc5c-4242-9fae-8820e3f20abc resource provider not found; error: Placement Client Error (4xx): {"errors": [{"status": 404, "title": "Not Found", "detail": "The resource could not be found.\n\n No resource provider with uuid 4db36886-fc5c-4242-9fae-8820e3f20abc found for delete ", "request_id": "req-ba38a593-18ce-4939-9bd6-e457a8b9ec09"}]}
2026-03-31 05:54:32.036 9 INFO neutron.services.segments.plugin [-] Segment 4db36886-fc5c-4242-9fae-8820e3f20abc resource provider not found; error: Placement Client Error (4xx): {"errors": [{"status": 404, "title": "Not Found", "detail": "The resource could not be found.\n\n No resource provider with uuid 4db36886-fc5c-4242-9fae-8820e3f20abc found for delete ", "request_id": "req-74814e20-23f6-4fb0-a023-ca62b8ff1bdd"}]}
2026-03-31 05:54:32.067 10 INFO neutron.db.segments_db [None req-2f894ee5-c520-4366-be85-a7beacad29aa 274340b773d347b28ff57d53eb369ee8 73a5ee873b0c4f6c994ecee79e12594d - - - -] Added segment 6522251e-51b6-4bad-9149-f06f70e5b955 of type geneve for network 5c39c50f-6ace-437e-b509-8eba18ed3e74
2026-03-31 05:54:32.124 9 WARNING neutron.scheduler.dhcp_agent_scheduler [None req-90d59318-6e2a-46d5-837f-4c075b099282 1b3676ed46c64fda80480b98022351ed 0bb1274a8bd340be97f54670b6c299c4 - - - -] No more DHCP agents
2026-03-31 05:54:32.127 9 WARNING neutron.api.rpc.agentnotifiers.dhcp_rpc_agent_api [None req-90d59318-6e2a-46d5-837f-4c075b099282 1b3676ed46c64fda80480b98022351ed 0bb1274a8bd340be97f54670b6c299c4 - - - -] Unable to schedule network a0a698a3-1573-47f1-874b-e50895013a2f: no agents available; will retry on subsequent port and subnet creation events.
2026-03-31 05:54:32.269 9 INFO neutron.db.ovn_revision_numbers_db [None req-90d59318-6e2a-46d5-837f-4c075b099282 1b3676ed46c64fda80480b98022351ed 0bb1274a8bd340be97f54670b6c299c4 - - - -] Successfully bumped revision number for resource dbe56ed8-423c-48ec-9a61-c734c0bf8927 (type: ports) to 1
2026-03-31 05:54:32.290 9 INFO neutron.wsgi [None req-90d59318-6e2a-46d5-837f-4c075b099282 1b3676ed46c64fda80480b98022351ed 0bb1274a8bd340be97f54670b6c299c4 - - - -] 199.204.45.33 "POST /v2.0/ports HTTP/1.1" status: 201 len: 1158 time: 0.6112947 /var/lib/openstack/lib/python3.10/site-packages/pycadf/identifier.py:71: UserWarning: Invalid uuid: neutron. To ensure interoperability, identifiers should be a valid uuid. warnings.warn(('Invalid uuid: %s. To ensure interoperability, '
2026-03-31 05:54:32.307 10 INFO neutron.db.ovn_revision_numbers_db [None req-2f894ee5-c520-4366-be85-a7beacad29aa 274340b773d347b28ff57d53eb369ee8 73a5ee873b0c4f6c994ecee79e12594d - - - -] Successfully bumped revision number for resource 5c39c50f-6ace-437e-b509-8eba18ed3e74 (type: networks) to 1
2026-03-31 05:54:32.604 10 WARNING neutron.scheduler.dhcp_agent_scheduler [None req-2f894ee5-c520-4366-be85-a7beacad29aa 274340b773d347b28ff57d53eb369ee8 73a5ee873b0c4f6c994ecee79e12594d - - - -] No more DHCP agents
2026-03-31 05:54:32.611 10 WARNING neutron.api.rpc.agentnotifiers.dhcp_rpc_agent_api [None req-2f894ee5-c520-4366-be85-a7beacad29aa 274340b773d347b28ff57d53eb369ee8 73a5ee873b0c4f6c994ecee79e12594d - - - -] Unable to schedule network 5c39c50f-6ace-437e-b509-8eba18ed3e74: no agents available; will retry on subsequent port and subnet creation events.
2026-03-31 05:54:32.716 9 INFO neutron.db.ovn_revision_numbers_db [None req-3c5d4174-709d-4646-b34b-4323ea6f117b 3cf9ac9c4e1f4be9af6d101223fe58e6 6206c9fab6804eaeb9be2d0ea08bb351 - - - -] Successfully bumped revision number for resource dbe56ed8-423c-48ec-9a61-c734c0bf8927 (type: ports) to 2
2026-03-31 05:54:32.732 10 INFO neutron.db.ovn_revision_numbers_db [None req-2f894ee5-c520-4366-be85-a7beacad29aa 274340b773d347b28ff57d53eb369ee8 73a5ee873b0c4f6c994ecee79e12594d - - - -] Successfully bumped revision number for resource 480ea55b-fd4c-42b6-9ff5-bdbb9f01cc65 (type: ports) to 1
2026-03-31 05:54:32.786 10 INFO neutron.wsgi [None req-2f894ee5-c520-4366-be85-a7beacad29aa 274340b773d347b28ff57d53eb369ee8 73a5ee873b0c4f6c994ecee79e12594d - - - -] 10.0.0.112 "POST /v2.0/networks HTTP/1.1" status: 201 len: 848 time: 0.8514216 /var/lib/openstack/lib/python3.10/site-packages/pycadf/identifier.py:71: UserWarning: Invalid uuid: neutron. To ensure interoperability, identifiers should be a valid uuid. warnings.warn(('Invalid uuid: %s. To ensure interoperability, '
2026-03-31 05:54:33.026 10 INFO neutron.wsgi [req-3d0c549b-e97b-4836-8f4a-1025e33cd653 req-e2a3596e-83ff-4017-abdd-571ad0090771 1b3676ed46c64fda80480b98022351ed 0bb1274a8bd340be97f54670b6c299c4 - - default default] 10.0.0.162 "GET /v2.0/ports?device_id=9a3798e5-2db6-4399-866d-1fb7454507ae HTTP/1.1" status: 200 len: 1168 time: 0.1425464
2026-03-31 05:54:33.092 10 INFO neutron.wsgi [req-3d0c549b-e97b-4836-8f4a-1025e33cd653 req-91247d73-889a-43bc-859b-806c81b2a878 1b3676ed46c64fda80480b98022351ed 0bb1274a8bd340be97f54670b6c299c4 - - default default] 10.0.0.162 "GET /v2.0/security-groups?id=cabb751c-5eb9-4eb4-bb88-3a9fd0401d6d&fields=id&fields=name HTTP/1.1" status: 200 len: 313 time: 0.0571282
2026-03-31 05:54:33.239 10 INFO neutron.wsgi [None req-573f5259-2ff7-496a-880f-0a0f1e2688c0 b34d968fa3c54e66a91861aeefbdcb3d 116ac56d0cc84a83ac998d1801b5f7bf - - - -] 10.0.0.112 "PUT /v2.0/routers/e01bfb8a-aae1-4717-bc66-10bdd95406d5/remove_router_interface HTTP/1.1" status: 200 len: 503 time: 1.5348284 /var/lib/openstack/lib/python3.10/site-packages/pycadf/identifier.py:71: UserWarning: Invalid uuid: neutron. To ensure interoperability, identifiers should be a valid uuid. warnings.warn(('Invalid uuid: %s. To ensure interoperability, '
2026-03-31 05:54:33.419 9 INFO neutron.db.ovn_revision_numbers_db [None req-3c5d4174-709d-4646-b34b-4323ea6f117b 3cf9ac9c4e1f4be9af6d101223fe58e6 6206c9fab6804eaeb9be2d0ea08bb351 - - - -] Successfully bumped revision number for resource dbe56ed8-423c-48ec-9a61-c734c0bf8927 (type: ports) to 2
2026-03-31 05:54:33.467 9 INFO neutron.wsgi [None req-3c5d4174-709d-4646-b34b-4323ea6f117b 3cf9ac9c4e1f4be9af6d101223fe58e6 6206c9fab6804eaeb9be2d0ea08bb351 - - - -] 199.204.45.33 "PUT /v2.0/ports/dbe56ed8-423c-48ec-9a61-c734c0bf8927 HTTP/1.1" status: 200 len: 1328 time: 1.1664331
2026-03-31 05:54:33.503 9 INFO neutron.notifiers.nova [-] Nova event matching ['req-398efc8f-e069-430d-b006-e186bc1953d1'] response: {'name': 'network-changed', 'server_uuid': '9a3798e5-2db6-4399-866d-1fb7454507ae', 'tag': 'dbe56ed8-423c-48ec-9a61-c734c0bf8927', 'status': 'completed', 'code': 200} /var/lib/openstack/lib/python3.10/site-packages/pycadf/identifier.py:71: UserWarning: Invalid uuid: neutron. To ensure interoperability, identifiers should be a valid uuid. warnings.warn(('Invalid uuid: %s. To ensure interoperability, '
2026-03-31 05:54:33.554 9 INFO neutron.wsgi [req-c24b86ec-1b4f-4c11-b9e9-07f557150772 req-9d2f6323-cfff-484e-b7eb-3e36815d6662 3cf9ac9c4e1f4be9af6d101223fe58e6 6206c9fab6804eaeb9be2d0ea08bb351 - - 3c680beb115549078a461d54a7509f8a 3c680beb115549078a461d54a7509f8a] 199.204.45.33 "GET /v2.0/ports?tenant_id=0bb1274a8bd340be97f54670b6c299c4&device_id=9a3798e5-2db6-4399-866d-1fb7454507ae HTTP/1.1" status: 200 len: 1359 time: 0.0496962
2026-03-31 05:54:33.600 9 INFO neutron.wsgi [req-c24b86ec-1b4f-4c11-b9e9-07f557150772 req-c32f66f6-8d75-44bb-b565-87f28cd8a9ff 3cf9ac9c4e1f4be9af6d101223fe58e6 6206c9fab6804eaeb9be2d0ea08bb351 - - 3c680beb115549078a461d54a7509f8a 3c680beb115549078a461d54a7509f8a] 199.204.45.33 "GET /v2.0/floatingips?fixed_ip_address=10.100.0.8&port_id=dbe56ed8-423c-48ec-9a61-c734c0bf8927 HTTP/1.1" status: 200 len: 217 time: 0.0376348
2026-03-31 05:54:33.638 9 INFO neutron.wsgi [req-c24b86ec-1b4f-4c11-b9e9-07f557150772 req-44c75411-60e4-4608-a5d1-c8d3a86a9a41 3cf9ac9c4e1f4be9af6d101223fe58e6 6206c9fab6804eaeb9be2d0ea08bb351 - - 3c680beb115549078a461d54a7509f8a 3c680beb115549078a461d54a7509f8a] 199.204.45.33 "GET /v2.0/subnets?id=5698dda4-82db-4c23-9dec-9ca33e762f69 HTTP/1.1" status: 200 len: 873 time: 0.0314450
2026-03-31 05:54:33.675 9 INFO neutron.wsgi [req-c24b86ec-1b4f-4c11-b9e9-07f557150772 req-57283a88-28f9-4930-a345-5e53a566f2f4 3cf9ac9c4e1f4be9af6d101223fe58e6 6206c9fab6804eaeb9be2d0ea08bb351 - - 3c680beb115549078a461d54a7509f8a 3c680beb115549078a461d54a7509f8a] 199.204.45.33 "GET /v2.0/ports?network_id=a0a698a3-1573-47f1-874b-e50895013a2f&device_owner=network%3Adhcp HTTP/1.1" status: 200 len: 210 time: 0.0302012
2026-03-31 05:54:33.777 9 INFO neutron.wsgi [req-c24b86ec-1b4f-4c11-b9e9-07f557150772 req-a80078de-c46e-46f0-9b06-2e9548910fac 3cf9ac9c4e1f4be9af6d101223fe58e6 6206c9fab6804eaeb9be2d0ea08bb351 - - 3c680beb115549078a461d54a7509f8a 3c680beb115549078a461d54a7509f8a] 199.204.45.33 "GET /v2.0/networks/a0a698a3-1573-47f1-874b-e50895013a2f?fields=segments HTTP/1.1" status: 200 len: 212 time: 0.0916736 /var/lib/openstack/lib/python3.10/site-packages/pycadf/identifier.py:71: UserWarning: Invalid uuid: neutron. To ensure interoperability, identifiers should be a valid uuid. warnings.warn(('Invalid uuid: %s. To ensure interoperability, '
2026-03-31 05:54:33.861 9 INFO neutron.wsgi [req-c24b86ec-1b4f-4c11-b9e9-07f557150772 req-a1e2d3ba-df3b-45c4-ac22-2829594d9606 3cf9ac9c4e1f4be9af6d101223fe58e6 6206c9fab6804eaeb9be2d0ea08bb351 - - 3c680beb115549078a461d54a7509f8a 3c680beb115549078a461d54a7509f8a] 199.204.45.33 "GET /v2.0/networks/a0a698a3-1573-47f1-874b-e50895013a2f?fields=provider%3Aphysical_network&fields=provider%3Anetwork_type HTTP/1.1" status: 200 len: 277 time: 0.0736697
2026-03-31 05:54:33.913 10 INFO neutron.wsgi [None req-827c718f-2747-4635-9598-7fd05f9df0e3 b34d968fa3c54e66a91861aeefbdcb3d 116ac56d0cc84a83ac998d1801b5f7bf - - - -] 10.0.0.112 "DELETE /v2.0/routers/e01bfb8a-aae1-4717-bc66-10bdd95406d5 HTTP/1.1" status: 204 len: 168 time: 0.6700008 /var/lib/openstack/lib/python3.10/site-packages/pycadf/identifier.py:71: UserWarning: Invalid uuid: neutron. To ensure interoperability, identifiers should be a valid uuid. warnings.warn(('Invalid uuid: %s. To ensure interoperability, '
2026-03-31 05:54:33.936 9 WARNING neutron.scheduler.dhcp_agent_scheduler [None req-7f22a2ef-1b41-497a-94c1-055515503bd0 274340b773d347b28ff57d53eb369ee8 73a5ee873b0c4f6c994ecee79e12594d - - - -] No more DHCP agents
2026-03-31 05:54:33.939 9 WARNING neutron.api.rpc.agentnotifiers.dhcp_rpc_agent_api [None req-7f22a2ef-1b41-497a-94c1-055515503bd0 274340b773d347b28ff57d53eb369ee8 73a5ee873b0c4f6c994ecee79e12594d - - - -] Unable to schedule network b87a3195-86da-4cbe-9e8b-c1adbfa12f55: no agents available; will retry on subsequent port and subnet creation events.
2026-03-31 05:54:33.960 9 INFO neutron.wsgi [req-feedcff7-3651-493c-aba9-4e77c7b18924 req-dc02d1fe-fdee-4089-94ce-59204a543c3f 3cf9ac9c4e1f4be9af6d101223fe58e6 6206c9fab6804eaeb9be2d0ea08bb351 - - 3c680beb115549078a461d54a7509f8a 3c680beb115549078a461d54a7509f8a] 199.204.45.33 "GET /v2.0/ports?tenant_id=0bb1274a8bd340be97f54670b6c299c4&device_id=9a3798e5-2db6-4399-866d-1fb7454507ae HTTP/1.1" status: 200 len: 1359 time: 0.0518172 /var/lib/openstack/lib/python3.10/site-packages/pycadf/identifier.py:71: UserWarning: Invalid uuid: neutron. To ensure interoperability, identifiers should be a valid uuid. warnings.warn(('Invalid uuid: %s. To ensure interoperability, '
2026-03-31 05:54:34.059 9 INFO neutron.db.ovn_revision_numbers_db [None req-7f22a2ef-1b41-497a-94c1-055515503bd0 274340b773d347b28ff57d53eb369ee8 73a5ee873b0c4f6c994ecee79e12594d - - - -] Successfully bumped revision number for resource aca0a4bf-1f17-4821-8708-e254578291f7 (type: ports) to 1
2026-03-31 05:54:34.062 9 INFO neutron.wsgi [req-feedcff7-3651-493c-aba9-4e77c7b18924 req-cd36cd41-45ef-4d57-8b56-740494161ece 3cf9ac9c4e1f4be9af6d101223fe58e6 6206c9fab6804eaeb9be2d0ea08bb351 - - 3c680beb115549078a461d54a7509f8a 3c680beb115549078a461d54a7509f8a] 199.204.45.33 "GET /v2.0/networks?id=a0a698a3-1573-47f1-874b-e50895013a2f HTTP/1.1" status: 200 len: 978 time: 0.0932665
2026-03-31 05:54:34.108 9 INFO neutron.wsgi [req-feedcff7-3651-493c-aba9-4e77c7b18924 req-3637d4e7-6c80-47de-9756-6c71f3f8fab4 3cf9ac9c4e1f4be9af6d101223fe58e6 6206c9fab6804eaeb9be2d0ea08bb351 - - 3c680beb115549078a461d54a7509f8a 3c680beb115549078a461d54a7509f8a] 199.204.45.33 "GET /v2.0/floatingips?fixed_ip_address=10.100.0.8&port_id=dbe56ed8-423c-48ec-9a61-c734c0bf8927 HTTP/1.1" status: 200 len: 217 time: 0.0390935
2026-03-31 05:54:34.113 9 WARNING neutron.scheduler.dhcp_agent_scheduler [None req-7f22a2ef-1b41-497a-94c1-055515503bd0 274340b773d347b28ff57d53eb369ee8 73a5ee873b0c4f6c994ecee79e12594d - - - -] No more DHCP agents
2026-03-31 05:54:34.116 9 WARNING neutron.api.rpc.agentnotifiers.dhcp_rpc_agent_api [None req-7f22a2ef-1b41-497a-94c1-055515503bd0 274340b773d347b28ff57d53eb369ee8 73a5ee873b0c4f6c994ecee79e12594d - - - -] Unable to schedule network 5c39c50f-6ace-437e-b509-8eba18ed3e74: no agents available; will retry on subsequent port and subnet creation events. /var/lib/openstack/lib/python3.10/site-packages/pycadf/identifier.py:71: UserWarning: Invalid uuid: neutron. To ensure interoperability, identifiers should be a valid uuid. warnings.warn(('Invalid uuid: %s. To ensure interoperability, '
2026-03-31 05:54:34.170 9 INFO neutron.wsgi [req-feedcff7-3651-493c-aba9-4e77c7b18924 req-2f13854a-0db1-4bb7-bcc3-2e29eade8d95 3cf9ac9c4e1f4be9af6d101223fe58e6 6206c9fab6804eaeb9be2d0ea08bb351 - - 3c680beb115549078a461d54a7509f8a 3c680beb115549078a461d54a7509f8a] 199.204.45.33 "GET /v2.0/subnets?id=5698dda4-82db-4c23-9dec-9ca33e762f69 HTTP/1.1" status: 200 len: 873 time: 0.0551786
2026-03-31 05:54:34.211 9 INFO neutron.wsgi [req-feedcff7-3651-493c-aba9-4e77c7b18924 req-b1c28ea3-fa7e-4aea-a097-0191ceeebaa3 3cf9ac9c4e1f4be9af6d101223fe58e6 6206c9fab6804eaeb9be2d0ea08bb351 - - 3c680beb115549078a461d54a7509f8a 3c680beb115549078a461d54a7509f8a] 199.204.45.33 "GET /v2.0/ports?network_id=a0a698a3-1573-47f1-874b-e50895013a2f&device_owner=network%3Adhcp HTTP/1.1" status: 200 len: 210 time: 0.0297232
2026-03-31 05:54:34.239 9 INFO neutron.db.ovn_revision_numbers_db [None req-7f22a2ef-1b41-497a-94c1-055515503bd0 274340b773d347b28ff57d53eb369ee8 73a5ee873b0c4f6c994ecee79e12594d - - - -] Successfully bumped revision number for resource cd4ecd5a-4f40-4569-82aa-0e087d935752 (type: ports) to 1
2026-03-31 05:54:34.302 9 INFO neutron.wsgi [None req-7f22a2ef-1b41-497a-94c1-055515503bd0 274340b773d347b28ff57d53eb369ee8 73a5ee873b0c4f6c994ecee79e12594d - - - -] 10.0.0.112 "POST /v2.0/ports HTTP/1.1" status: 201 len: 1705 time: 1.5101204
2026-03-31 05:54:34.347 9 INFO neutron.wsgi [req-feedcff7-3651-493c-aba9-4e77c7b18924 req-0a00825f-a16d-40eb-9e11-99665fd5e65a 3cf9ac9c4e1f4be9af6d101223fe58e6 6206c9fab6804eaeb9be2d0ea08bb351 - - 3c680beb115549078a461d54a7509f8a 3c680beb115549078a461d54a7509f8a] 199.204.45.33 "GET /v2.0/networks/a0a698a3-1573-47f1-874b-e50895013a2f?fields=segments HTTP/1.1" status: 200 len: 212 time: 0.1256073
2026-03-31 05:54:34.451 9 INFO neutron.wsgi [req-feedcff7-3651-493c-aba9-4e77c7b18924 req-cf52825a-9961-40c7-9d89-5def43cb8710 3cf9ac9c4e1f4be9af6d101223fe58e6 6206c9fab6804eaeb9be2d0ea08bb351 - - 3c680beb115549078a461d54a7509f8a 3c680beb115549078a461d54a7509f8a] 199.204.45.33 "GET /v2.0/networks/a0a698a3-1573-47f1-874b-e50895013a2f?fields=provider%3Aphysical_network&fields=provider%3Anetwork_type HTTP/1.1" status: 200 len: 277 time: 0.0973344
2026-03-31 05:54:34.500 9 INFO neutron.wsgi [None req-28795513-195b-4239-9f61-3423c9a1adff 274340b773d347b28ff57d53eb369ee8 73a5ee873b0c4f6c994ecee79e12594d - - default default] 10.0.0.112 "GET /v2.0/ports HTTP/1.1" status: 200 len: 3212 time: 0.1910958
2026-03-31 05:54:34.505 10 INFO neutron.wsgi [req-d15b8487-eaea-497c-9616-e140e2656ef2 req-0e484b52-eda5-417a-9af6-33d8c265db00 1b3676ed46c64fda80480b98022351ed 0bb1274a8bd340be97f54670b6c299c4 - - default default] 10.0.0.162 "GET /v2.0/ports?device_id=9a3798e5-2db6-4399-866d-1fb7454507ae HTTP/1.1" status: 200 len: 1168 time: 0.0462148
2026-03-31 05:54:34.568 10 INFO neutron.wsgi [req-d15b8487-eaea-497c-9616-e140e2656ef2 req-791d97aa-7eec-45ac-95f4-951fa9f92eea 1b3676ed46c64fda80480b98022351ed 0bb1274a8bd340be97f54670b6c299c4 - - default default] 10.0.0.162 "GET /v2.0/security-groups?id=cabb751c-5eb9-4eb4-bb88-3a9fd0401d6d&fields=id&fields=name HTTP/1.1" status: 200 len: 313 time: 0.0512788
2026-03-31 05:54:34.610 10 INFO neutron.wsgi [None req-7404ec07-d8e0-40bd-8cd3-91f4512a541a b34d968fa3c54e66a91861aeefbdcb3d 116ac56d0cc84a83ac998d1801b5f7bf - - - -] 10.0.0.112 "DELETE /v2.0/subnets/6e906703-3e18-435e-99f4-0abcc18f6e0d HTTP/1.1" status: 204 len: 168 time: 0.6915998
2026-03-31 05:54:34.853 9 INFO neutron.wsgi [None req-2ebeecc7-71f8-4f12-b93a-90275ff5a5b2 274340b773d347b28ff57d53eb369ee8 73a5ee873b0c4f6c994ecee79e12594d - - - -] 10.0.0.112 "DELETE /v2.0/ports/aca0a4bf-1f17-4821-8708-e254578291f7 HTTP/1.1" status: 204 len: 168 time: 0.3478014
2026-03-31 05:54:35.114 10 INFO neutron.plugins.ml2.drivers.ovn.mech_driver.mech_driver [None req-c0577559-ae65-4b87-be56-405fa6918704 - - - - - -] OVN reports status up for port: dbe56ed8-423c-48ec-9a61-c734c0bf8927
2026-03-31 05:54:35.136 10 INFO neutron.services.segments.plugin [-] Segment b15bdc8f-368b-45d1-9ac0-542f8bcea76c resource provider aggregate not found
2026-03-31 05:54:35.144 10 INFO neutron.services.segments.plugin [-] Segment b15bdc8f-368b-45d1-9ac0-542f8bcea76c resource provider aggregate not found
2026-03-31 05:54:35.162 9 INFO neutron.wsgi [None req-34f13a08-f22e-44aa-ad7d-f43ac62086d5 274340b773d347b28ff57d53eb369ee8 73a5ee873b0c4f6c994ecee79e12594d - - - -] 10.0.0.112 "DELETE /v2.0/ports/cd4ecd5a-4f40-4569-82aa-0e087d935752 HTTP/1.1" status: 204 len: 168 time: 0.3030035
2026-03-31 05:54:35.170 10 INFO neutron.services.segments.plugin [-] Segment b15bdc8f-368b-45d1-9ac0-542f8bcea76c resource provider not found; error: Placement Client Error (4xx): {"errors": [{"status": 404, "title": "Not Found", "detail": "The resource could not be found.\n\n No resource provider with uuid b15bdc8f-368b-45d1-9ac0-542f8bcea76c found for delete ", "request_id": "req-7954940f-1d02-46c9-a776-c4284b3ea3bb"}]}
2026-03-31 05:54:35.172 10 INFO neutron.plugins.ml2.plugin [None req-c0577559-ae65-4b87-be56-405fa6918704 - - - - - -] Attempt 1 to provision port dbe56ed8-423c-48ec-9a61-c734c0bf8927
2026-03-31 05:54:35.176 10 INFO neutron.services.segments.plugin [-] Segment b15bdc8f-368b-45d1-9ac0-542f8bcea76c resource provider not found; error: Placement Client Error (4xx): {"errors": [{"status": 404, "title": "Not Found", "detail": "The resource could not be found.\n\n No resource provider with uuid b15bdc8f-368b-45d1-9ac0-542f8bcea76c found for delete ", "request_id": "req-66ffe512-a1b8-4112-8442-0a47c33e564f"}]}
2026-03-31 05:54:35.212 9 INFO neutron.wsgi [None req-02e34439-1753-49b2-b642-8b9d5f2a7500 274340b773d347b28ff57d53eb369ee8 73a5ee873b0c4f6c994ecee79e12594d - - default default] 10.0.0.112 "GET /v2.0/ports HTTP/1.1" status: 200 len: 1718 time: 0.0452185
2026-03-31 05:54:35.222 10 INFO neutron.wsgi [None req-38cb9c2b-79d4-4d85-8063-66a701e90415 b34d968fa3c54e66a91861aeefbdcb3d 116ac56d0cc84a83ac998d1801b5f7bf - - - -] 10.0.0.112 "DELETE /v2.0/networks/b7fc7aac-7da8-435a-97cb-2edb29f1c4f7 HTTP/1.1" status: 204 len: 168 time: 0.6062052
2026-03-31 05:54:35.325 9 INFO neutron.db.segments_db [None req-68310cd2-8197-4b57-b8e4-b873de2de5ae 274340b773d347b28ff57d53eb369ee8 73a5ee873b0c4f6c994ecee79e12594d - - - -] Added segment a263a482-d360-45f5-a7dc-2e56f99551e7 of type geneve for network d37a5107-bdf7-46fe-912c-f764b27a5e75
2026-03-31 05:54:35.351 10 INFO neutron.notifiers.nova [-] Nova event matching ['req-1f4a308e-81f9-423a-aa8f-6233cd5e5178'] response: {'server_uuid': '9a3798e5-2db6-4399-866d-1fb7454507ae', 'name': 'network-vif-plugged', 'status': 'completed', 'tag': 'dbe56ed8-423c-48ec-9a61-c734c0bf8927', 'code': 200}
2026-03-31 05:54:35.501 10 INFO neutron.db.ovn_revision_numbers_db [None req-c0577559-ae65-4b87-be56-405fa6918704 - - - - - -] Successfully bumped revision number for resource dbe56ed8-423c-48ec-9a61-c734c0bf8927 (type: ports) to 4
2026-03-31 05:54:35.508 9 INFO neutron.db.ovn_revision_numbers_db [None req-68310cd2-8197-4b57-b8e4-b873de2de5ae 274340b773d347b28ff57d53eb369ee8 73a5ee873b0c4f6c994ecee79e12594d - - - -] Successfully bumped revision number for resource d37a5107-bdf7-46fe-912c-f764b27a5e75 (type: networks) to 1
2026-03-31 05:54:35.599 10 INFO neutron.wsgi [None req-9d9cee2d-6d29-4b7a-ad13-9030642fd268 b34d968fa3c54e66a91861aeefbdcb3d 116ac56d0cc84a83ac998d1801b5f7bf - - default default] 10.0.0.112 "GET /v2.0/security-groups?tenant_id=185f86b5def54c2990885f8ef2a0a2fb&name=default HTTP/1.1" status: 200 len: 2996 time: 0.0548599 /var/lib/openstack/lib/python3.10/site-packages/pycadf/identifier.py:71: UserWarning: Invalid uuid: neutron. To ensure interoperability, identifiers should be a valid uuid. warnings.warn(('Invalid uuid: %s. To ensure interoperability, '
2026-03-31 05:54:35.721 10 INFO neutron.wsgi [req-bda4696a-d716-4e3b-81ca-ebf0d70a0b71 req-54a48e52-2961-4e65-8f80-6df903ba61ee 1b3676ed46c64fda80480b98022351ed 0bb1274a8bd340be97f54670b6c299c4 - - default default] 10.0.0.162 "GET /v2.0/ports?device_id=9a3798e5-2db6-4399-866d-1fb7454507ae HTTP/1.1" status: 200 len: 1170 time: 0.0659025
2026-03-31 05:54:35.757 9 WARNING neutron.scheduler.dhcp_agent_scheduler [None req-68310cd2-8197-4b57-b8e4-b873de2de5ae 274340b773d347b28ff57d53eb369ee8 73a5ee873b0c4f6c994ecee79e12594d - - - -] No more DHCP agents
2026-03-31 05:54:35.760 9 WARNING neutron.api.rpc.agentnotifiers.dhcp_rpc_agent_api [None req-68310cd2-8197-4b57-b8e4-b873de2de5ae 274340b773d347b28ff57d53eb369ee8 73a5ee873b0c4f6c994ecee79e12594d - - - -] Unable to schedule network d37a5107-bdf7-46fe-912c-f764b27a5e75: no agents available; will retry on subsequent port and subnet creation events.
2026-03-31 05:54:35.807 10 INFO neutron.wsgi [req-bda4696a-d716-4e3b-81ca-ebf0d70a0b71 req-efc1c405-c562-43ac-8750-048c7c434d52 1b3676ed46c64fda80480b98022351ed 0bb1274a8bd340be97f54670b6c299c4 - - default default] 10.0.0.162 "GET /v2.0/security-groups?id=cabb751c-5eb9-4eb4-bb88-3a9fd0401d6d&fields=id&fields=name HTTP/1.1" status: 200 len: 313 time: 0.0767355
2026-03-31 05:54:35.861 9 INFO neutron.db.ovn_revision_numbers_db [None req-68310cd2-8197-4b57-b8e4-b873de2de5ae 274340b773d347b28ff57d53eb369ee8 73a5ee873b0c4f6c994ecee79e12594d - - - -] Successfully bumped revision number for resource b62c3bd8-835b-447e-b667-6d95488c83cf (type: ports) to 1
2026-03-31 05:54:35.898 9 INFO neutron.wsgi [None req-68310cd2-8197-4b57-b8e4-b873de2de5ae 274340b773d347b28ff57d53eb369ee8 73a5ee873b0c4f6c994ecee79e12594d - - - -] 10.0.0.112 "POST /v2.0/networks HTTP/1.1" status: 201 len: 848 time: 0.6795547
2026-03-31 05:54:35.963 10 INFO neutron.wsgi [None req-b9685f5b-033a-4953-bbde-79c1907cde9f b34d968fa3c54e66a91861aeefbdcb3d 116ac56d0cc84a83ac998d1801b5f7bf - - - -] 10.0.0.112 "DELETE /v2.0/security-groups/6823ca7c-63a8-4e67-a257-405bc823af49 HTTP/1.1" status: 204 len: 168 time: 0.3491228
2026-03-31 05:54:36.001 10 INFO neutron.db.segments_db [None req-80629227-523f-49ec-b973-88ff24ebc446 274340b773d347b28ff57d53eb369ee8 73a5ee873b0c4f6c994ecee79e12594d - - - -] Added segment 131b7576-7fde-4f03-8dba-076513dd77c6 of type geneve for network 3851147a-5f4d-41ca-aa6e-e4279f196dd5
2026-03-31 05:54:36.137 10 INFO neutron.db.ovn_revision_numbers_db [None req-80629227-523f-49ec-b973-88ff24ebc446 274340b773d347b28ff57d53eb369ee8 73a5ee873b0c4f6c994ecee79e12594d - - - -] Successfully bumped revision number for resource 3851147a-5f4d-41ca-aa6e-e4279f196dd5 (type: networks) to 1
2026-03-31 05:54:36.401 10 WARNING neutron.scheduler.dhcp_agent_scheduler [None req-80629227-523f-49ec-b973-88ff24ebc446 274340b773d347b28ff57d53eb369ee8 73a5ee873b0c4f6c994ecee79e12594d - - - -] No more DHCP agents
2026-03-31 05:54:36.405 10 WARNING neutron.api.rpc.agentnotifiers.dhcp_rpc_agent_api [None req-80629227-523f-49ec-b973-88ff24ebc446 274340b773d347b28ff57d53eb369ee8 73a5ee873b0c4f6c994ecee79e12594d - - - -] Unable to schedule network 3851147a-5f4d-41ca-aa6e-e4279f196dd5: no agents available; will retry on subsequent port and subnet creation events.
2026-03-31 05:54:36.511 10 INFO neutron.db.ovn_revision_numbers_db [None req-80629227-523f-49ec-b973-88ff24ebc446 274340b773d347b28ff57d53eb369ee8 73a5ee873b0c4f6c994ecee79e12594d - - - -] Successfully bumped revision number for resource 4cbe47fb-39a1-4ec1-b28a-d876376d51c0 (type: ports) to 1
2026-03-31 05:54:36.544 10 INFO neutron.wsgi [None req-80629227-523f-49ec-b973-88ff24ebc446 274340b773d347b28ff57d53eb369ee8 73a5ee873b0c4f6c994ecee79e12594d - - - -] 10.0.0.112 "POST /v2.0/networks HTTP/1.1" status: 201 len: 849 time: 0.6389441
2026-03-31 05:54:37.041 9 INFO neutron.wsgi [req-82a27fdc-8043-427a-8068-3fcadad8e875 req-caf79357-d531-4c79-9384-08f913f2c0ce 1b3676ed46c64fda80480b98022351ed 0bb1274a8bd340be97f54670b6c299c4 - - default default] 10.0.0.162 "GET /v2.0/ports?device_id=9a3798e5-2db6-4399-866d-1fb7454507ae HTTP/1.1" status: 200 len: 1170 time: 0.1467104
2026-03-31 05:54:37.095 9 INFO neutron.wsgi [req-82a27fdc-8043-427a-8068-3fcadad8e875 req-8f7cf0ea-94c3-4b96-914b-2169ee7e9d3f 1b3676ed46c64fda80480b98022351ed 0bb1274a8bd340be97f54670b6c299c4 - - default default] 10.0.0.162 "GET /v2.0/security-groups?id=cabb751c-5eb9-4eb4-bb88-3a9fd0401d6d&fields=id&fields=name HTTP/1.1" status: 200 len: 313 time: 0.0443926
2026-03-31 05:54:37.152 9 WARNING neutron.scheduler.dhcp_agent_scheduler [None req-fa3b3013-ddf9-4d39-8268-8790e37d001f 274340b773d347b28ff57d53eb369ee8 73a5ee873b0c4f6c994ecee79e12594d - - - -] No more DHCP agents
2026-03-31 05:54:37.155 9 WARNING neutron.api.rpc.agentnotifiers.dhcp_rpc_agent_api [None req-fa3b3013-ddf9-4d39-8268-8790e37d001f 274340b773d347b28ff57d53eb369ee8 73a5ee873b0c4f6c994ecee79e12594d - - - -] Unable to schedule network d37a5107-bdf7-46fe-912c-f764b27a5e75: no agents available; will retry on subsequent port and subnet creation events.
2026-03-31 05:54:37.209 10 INFO neutron.wsgi [req-9984c653-4256-4393-a2d5-3a2b0911b1a8 req-a47710ea-315e-4392-b713-be24f99c59e3 1b3676ed46c64fda80480b98022351ed 0bb1274a8bd340be97f54670b6c299c4 - - default default] 10.0.0.162 "GET /v2.0/ports?device_id=9a3798e5-2db6-4399-866d-1fb7454507ae HTTP/1.1" status: 200 len: 1170 time: 0.0486929
2026-03-31 05:54:37.389 10 INFO neutron.notifiers.nova [-] Nova event matching ['req-f73fcefe-7a38-4bf0-9216-5f09605e174f'] response: {'server_uuid': '9a3798e5-2db6-4399-866d-1fb7454507ae', 'name': 'network-vif-plugged', 'status': 'completed', 'tag': 'dbe56ed8-423c-48ec-9a61-c734c0bf8927', 'code': 200}
2026-03-31 05:54:38.070 9 INFO neutron.db.l3_db [None req-a3b19113-dc29-4209-9fd5-249c27d7b960 1b3676ed46c64fda80480b98022351ed 0bb1274a8bd340be97f54670b6c299c4 - - - -] Floating IP b57c432b-d593-4b2c-ae65-7d42589a254f associated. External IP: 10.96.250.220, port: dbe56ed8-423c-48ec-9a61-c734c0bf8927.
2026-03-31 05:54:38.327 10 INFO neutron.db.ovn_revision_numbers_db [None req-971a0250-1ca2-4008-97cb-ac3a9b73c6a3 b34d968fa3c54e66a91861aeefbdcb3d 116ac56d0cc84a83ac998d1801b5f7bf - - default default] Successfully bumped revision number for resource 450b73e7-731a-4f69-a672-e04ca1e0346b (type: security_groups) to 1
2026-03-31 05:54:38.353 10 INFO neutron.wsgi [None req-971a0250-1ca2-4008-97cb-ac3a9b73c6a3 b34d968fa3c54e66a91861aeefbdcb3d 116ac56d0cc84a83ac998d1801b5f7bf - - default default] 10.0.0.112 "GET /v2.0/security-groups?tenant_id=eebaafdbf9634345abc6ce52be28a6d8&name=default HTTP/1.1" status: 200 len: 2996 time: 0.3119581
2026-03-31 05:54:38.519 9 INFO neutron.db.ovn_revision_numbers_db [None req-a3b19113-dc29-4209-9fd5-249c27d7b960 1b3676ed46c64fda80480b98022351ed 0bb1274a8bd340be97f54670b6c299c4 - - - -] Successfully bumped revision number for resource b57c432b-d593-4b2c-ae65-7d42589a254f (type: floatingips) to 1
2026-03-31 05:54:38.575 10 INFO neutron.wsgi [None req-8a32dc32-a0cc-472c-8687-1d3dc37d9f83 b34d968fa3c54e66a91861aeefbdcb3d 116ac56d0cc84a83ac998d1801b5f7bf - - - -] 10.0.0.112 "DELETE /v2.0/security-groups/450b73e7-731a-4f69-a672-e04ca1e0346b HTTP/1.1" status: 204 len: 168 time: 0.2154019
2026-03-31 05:54:38.618 9 INFO neutron.db.ovn_revision_numbers_db [None req-fa3b3013-ddf9-4d39-8268-8790e37d001f 274340b773d347b28ff57d53eb369ee8 73a5ee873b0c4f6c994ecee79e12594d - - - -] Successfully bumped revision number for resource b62c3bd8-835b-447e-b667-6d95488c83cf (type: ports) to 2
2026-03-31 05:54:38.638 9 INFO neutron.db.ovn_revision_numbers_db [None req-fa3b3013-ddf9-4d39-8268-8790e37d001f 274340b773d347b28ff57d53eb369ee8 73a5ee873b0c4f6c994ecee79e12594d - - - -] Successfully bumped revision number for resource 84ee5459-2ee3-407b-b127-977d1318407d (type: subnets) to 0
2026-03-31 05:54:38.642 9 INFO neutron.db.ovn_revision_numbers_db [None req-a3b19113-dc29-4209-9fd5-249c27d7b960 1b3676ed46c64fda80480b98022351ed 0bb1274a8bd340be97f54670b6c299c4 - - - -] Successfully bumped revision number for resource b57c432b-d593-4b2c-ae65-7d42589a254f (type: floatingips) to 2
2026-03-31 05:54:38.682 9 WARNING neutron.scheduler.dhcp_agent_scheduler [None req-fa3b3013-ddf9-4d39-8268-8790e37d001f 274340b773d347b28ff57d53eb369ee8 73a5ee873b0c4f6c994ecee79e12594d - - - -] No more DHCP agents
2026-03-31 05:54:38.685 9 WARNING neutron.api.rpc.agentnotifiers.dhcp_rpc_agent_api [None req-fa3b3013-ddf9-4d39-8268-8790e37d001f 274340b773d347b28ff57d53eb369ee8 73a5ee873b0c4f6c994ecee79e12594d - - - -] Unable to schedule network 3851147a-5f4d-41ca-aa6e-e4279f196dd5: no agents available; will retry on subsequent port and subnet creation events.
2026-03-31 05:54:38.704 9 INFO neutron.wsgi [None req-a3b19113-dc29-4209-9fd5-249c27d7b960 1b3676ed46c64fda80480b98022351ed 0bb1274a8bd340be97f54670b6c299c4 - - - -] 10.0.0.112 "PUT /v2.0/floatingips/b57c432b-d593-4b2c-ae65-7d42589a254f HTTP/1.1" status: 200 len: 1049 time: 1.4832633
2026-03-31 05:54:38.776 9 INFO neutron.notifiers.nova [-] Nova event matching ['req-0f86bf13-b7ce-4ade-b776-7b9a1733ac22'] response: {'name': 'network-changed', 'server_uuid': '9a3798e5-2db6-4399-866d-1fb7454507ae', 'tag': 'dbe56ed8-423c-48ec-9a61-c734c0bf8927', 'status': 'completed', 'code': 200} /var/lib/openstack/lib/python3.10/site-packages/pycadf/identifier.py:71: UserWarning: Invalid uuid: neutron. To ensure interoperability, identifiers should be a valid uuid. warnings.warn(('Invalid uuid: %s. To ensure interoperability, '
2026-03-31 05:54:38.796 10 INFO neutron.db.ovn_revision_numbers_db [None req-676e070e-88a3-49b8-acf6-17d646a4deb0 b34d968fa3c54e66a91861aeefbdcb3d 116ac56d0cc84a83ac998d1801b5f7bf - - default default] Successfully bumped revision number for resource 7efdd5fc-85f1-4874-a0a4-b009ed023098 (type: security_groups) to 1
2026-03-31 05:54:38.831 10 INFO neutron.wsgi [None req-676e070e-88a3-49b8-acf6-17d646a4deb0 b34d968fa3c54e66a91861aeefbdcb3d 116ac56d0cc84a83ac998d1801b5f7bf - - default default] 10.0.0.112 "GET /v2.0/security-groups?tenant_id=f6a7ba2ba42e49dea5379f227ea20b7a&name=default HTTP/1.1" status: 200 len: 2996 time: 0.1578345
2026-03-31 05:54:38.850 9 INFO neutron.wsgi [req-091a6ece-81fd-4f12-a172-5b426d406012 req-a59ccdfc-7d07-444e-904e-40ffad0fa255 3cf9ac9c4e1f4be9af6d101223fe58e6 6206c9fab6804eaeb9be2d0ea08bb351 - - 3c680beb115549078a461d54a7509f8a 3c680beb115549078a461d54a7509f8a] 199.204.45.33 "GET /v2.0/ports?tenant_id=0bb1274a8bd340be97f54670b6c299c4&device_id=9a3798e5-2db6-4399-866d-1fb7454507ae HTTP/1.1" status: 200 len: 1361 time: 0.0668793
2026-03-31 05:54:38.853 10 INFO neutron.wsgi [req-469c7484-9130-4a56-836c-578b6547eea2 req-4e307ec8-3f1c-495d-9a82-04cf0a4cf9e5 1b3676ed46c64fda80480b98022351ed 0bb1274a8bd340be97f54670b6c299c4 - - default default] 10.0.0.162 "GET /v2.0/ports?device_id=9a3798e5-2db6-4399-866d-1fb7454507ae HTTP/1.1" status: 200 len: 1170 time: 0.1001792
2026-03-31 05:54:38.899 10 INFO neutron.wsgi [req-469c7484-9130-4a56-836c-578b6547eea2 req-f1d7718b-709b-4511-9145-b79fd86d1b78 1b3676ed46c64fda80480b98022351ed 0bb1274a8bd340be97f54670b6c299c4 - - default default] 10.0.0.162 "GET /v2.0/security-groups?id=cabb751c-5eb9-4eb4-bb88-3a9fd0401d6d&fields=id&fields=name HTTP/1.1" status: 200 len: 313 time: 0.0382478
2026-03-31 05:54:39.027 9 INFO neutron.wsgi [req-091a6ece-81fd-4f12-a172-5b426d406012 req-77d0bb3c-e344-46e6-be91-cf18fa7cf9f8 3cf9ac9c4e1f4be9af6d101223fe58e6 6206c9fab6804eaeb9be2d0ea08bb351 - - 3c680beb115549078a461d54a7509f8a 3c680beb115549078a461d54a7509f8a] 199.204.45.33 "GET /v2.0/networks?id=a0a698a3-1573-47f1-874b-e50895013a2f HTTP/1.1" status: 200 len: 978 time: 0.1522007
2026-03-31 05:54:39.124 9 INFO neutron.wsgi [req-091a6ece-81fd-4f12-a172-5b426d406012 req-7e46c699-98bf-46f2-b2af-99e951a3e0d1 3cf9ac9c4e1f4be9af6d101223fe58e6 6206c9fab6804eaeb9be2d0ea08bb351 - - 3c680beb115549078a461d54a7509f8a 3c680beb115549078a461d54a7509f8a] 199.204.45.33 "GET /v2.0/floatingips?fixed_ip_address=10.100.0.8&port_id=dbe56ed8-423c-48ec-9a61-c734c0bf8927 HTTP/1.1" status: 200 len: 1059 time: 0.0725491
2026-03-31 05:54:39.234 9 INFO neutron.wsgi [req-091a6ece-81fd-4f12-a172-5b426d406012 req-abe2ded0-79c7-4671-914d-dcc3a70d4bc0 3cf9ac9c4e1f4be9af6d101223fe58e6 6206c9fab6804eaeb9be2d0ea08bb351 - - 3c680beb115549078a461d54a7509f8a 3c680beb115549078a461d54a7509f8a] 199.204.45.33 "GET /v2.0/subnets?id=5698dda4-82db-4c23-9dec-9ca33e762f69 HTTP/1.1" status: 200 len: 873 time: 0.1030846
2026-03-31 05:54:39.245 10 INFO neutron.plugins.ml2.drivers.ovn.mech_driver.mech_driver [None req-c0577559-ae65-4b87-be56-405fa6918704 - - - - - -] OVN reports status down for port: dbe56ed8-423c-48ec-9a61-c734c0bf8927
2026-03-31 05:54:39.262 9 INFO neutron.wsgi [req-3c5131ce-294c-435c-a07b-9d9fc724ea82 req-898db3d3-6bf5-42dd-b08b-5866c92a6e3d 1b3676ed46c64fda80480b98022351ed 0bb1274a8bd340be97f54670b6c299c4 - - default default] 10.0.0.162 "GET /v2.0/ports?device_id=9a3798e5-2db6-4399-866d-1fb7454507ae HTTP/1.1" status: 200 len: 1170 time: 0.0954266
2026-03-31 05:54:39.318 9 INFO neutron.wsgi [req-091a6ece-81fd-4f12-a172-5b426d406012 req-4464202b-03c9-4274-a8a8-ca0ccdbc8c22 3cf9ac9c4e1f4be9af6d101223fe58e6 6206c9fab6804eaeb9be2d0ea08bb351 - - 3c680beb115549078a461d54a7509f8a 3c680beb115549078a461d54a7509f8a] 199.204.45.33 "GET /v2.0/ports?network_id=a0a698a3-1573-47f1-874b-e50895013a2f&device_owner=network%3Adhcp HTTP/1.1" status: 200 len: 210 time: 0.0619950
2026-03-31 05:54:39.371 9 INFO neutron.wsgi [req-3c5131ce-294c-435c-a07b-9d9fc724ea82 req-4620be43-12ca-4302-8557-6b405d38416a 1b3676ed46c64fda80480b98022351ed 0bb1274a8bd340be97f54670b6c299c4 - - default default] 10.0.0.162 "GET /v2.0/security-groups?id=cabb751c-5eb9-4eb4-bb88-3a9fd0401d6d&fields=id&fields=name HTTP/1.1" status: 200 len: 313 time: 0.0973158
2026-03-31 05:54:39.448 10 INFO neutron.notifiers.nova [-] Nova event matching ['req-2dedf447-98e5-4a0f-9dfa-9d9a65e3932e'] response: {'server_uuid': '9a3798e5-2db6-4399-866d-1fb7454507ae', 'name': 'network-vif-unplugged', 'status': 'completed', 'tag': 'dbe56ed8-423c-48ec-9a61-c734c0bf8927', 'code': 200}
2026-03-31 05:54:39.473 9 INFO neutron.wsgi [req-091a6ece-81fd-4f12-a172-5b426d406012 req-4ff5cf69-00cc-47f9-9571-a1ec0f03c20b 3cf9ac9c4e1f4be9af6d101223fe58e6 6206c9fab6804eaeb9be2d0ea08bb351 - - 3c680beb115549078a461d54a7509f8a 3c680beb115549078a461d54a7509f8a] 199.204.45.33 "GET /v2.0/networks/a0a698a3-1573-47f1-874b-e50895013a2f?fields=segments HTTP/1.1" status: 200 len: 212 time: 0.1484838
2026-03-31 05:54:39.564 9 INFO neutron.wsgi [None req-1153c586-3da6-40b5-b72a-702e55846d29 b34d968fa3c54e66a91861aeefbdcb3d 116ac56d0cc84a83ac998d1801b5f7bf - - - -] 10.0.0.112 "DELETE /v2.0/security-groups/7efdd5fc-85f1-4874-a0a4-b009ed023098 HTTP/1.1" status: 204 len: 168 time: 0.7273464
2026-03-31 05:54:39.598 10 INFO neutron.wsgi [req-7b934da7-4ff8-406a-a8a4-526ae996e13a req-e4af3c1c-a8c3-486e-bade-4447ce588e8a 1b3676ed46c64fda80480b98022351ed 0bb1274a8bd340be97f54670b6c299c4 - - default default] 199.204.45.33 "GET /v2.0/ports?device_id=9a3798e5-2db6-4399-866d-1fb7454507ae HTTP/1.1" status: 200 len: 1168 time: 0.0787833
2026-03-31 05:54:39.608 9 INFO neutron.wsgi [req-091a6ece-81fd-4f12-a172-5b426d406012 req-7bc50551-58bd-49ef-876f-2494dbc4fdfe 3cf9ac9c4e1f4be9af6d101223fe58e6 6206c9fab6804eaeb9be2d0ea08bb351 - - 3c680beb115549078a461d54a7509f8a 3c680beb115549078a461d54a7509f8a] 199.204.45.33 "GET /v2.0/networks/a0a698a3-1573-47f1-874b-e50895013a2f?fields=provider%3Aphysical_network&fields=provider%3Anetwork_type HTTP/1.1" status: 200 len: 277 time: 0.1230671
2026-03-31 05:54:39.663 10 INFO neutron.db.ovn_revision_numbers_db [None req-c0577559-ae65-4b87-be56-405fa6918704 - - - - - -] Successfully bumped revision number for resource dbe56ed8-423c-48ec-9a61-c734c0bf8927 (type: ports) to 5
