2026-03-31 05:55:06.712 10 INFO neutron.wsgi [None req-59b88d0e-005b-4728-818d-3fb862b3f9f6 6ff4301cd8cc400aa7a5893576fa5eda 42c9499efa554f27b5b3db44e6b3514a - - default default] 10.0.0.112 "GET /v2.0/ HTTP/1.1" status: 200 len: 826 time: 0.2253439
2026-03-31 05:55:06.724 9 INFO neutron.wsgi [None req-c05f9c12-fd38-4314-a1b4-e74aba40122b b34d968fa3c54e66a91861aeefbdcb3d 116ac56d0cc84a83ac998d1801b5f7bf - - default default] 10.0.0.112 "GET /v2.0/security-groups?tenant_id=cec46d9adc3f4de4b01b33a670fe2d44&name=default HTTP/1.1" status: 200 len: 2996 time: 0.2769606
2026-03-31 05:55:06.767 9 WARNING neutron.scheduler.dhcp_agent_scheduler [None req-8d418f4a-e261-4bc9-998a-a6f7bb36870c 038fb46bc9f94e6ea9fdd4c61e287f67 7a77d99f586a4a24a163ae7141265cb3 - - default default] No more DHCP agents
2026-03-31 05:55:06.771 9 WARNING neutron.api.rpc.agentnotifiers.dhcp_rpc_agent_api [None req-8d418f4a-e261-4bc9-998a-a6f7bb36870c 038fb46bc9f94e6ea9fdd4c61e287f67 7a77d99f586a4a24a163ae7141265cb3 - - default default] Unable to schedule network 736994ec-fb58-4735-bd7b-9014e53ade60: no agents available; will retry on subsequent port and subnet creation events.
2026-03-31 05:55:06.909 10 INFO neutron.wsgi [None req-4dda664b-e46d-4f93-abcd-67db052aac91 b34d968fa3c54e66a91861aeefbdcb3d 116ac56d0cc84a83ac998d1801b5f7bf - - - -] 10.0.0.112 "DELETE /v2.0/security-groups/9e9f0e64-259f-4bc2-bcef-f6fdcd26721a HTTP/1.1" status: 204 len: 168 time: 0.1798191
2026-03-31 05:55:07.450 9 INFO neutron.db.ovn_revision_numbers_db [None req-702d114a-2955-484c-b91d-e9c0669c1cca - - - - - -] Successfully bumped revision number for resource 54d63672-a6d8-4b3a-9704-368ce23783d1 (type: ports) to 3
2026-03-31 05:55:07.561 10 INFO neutron.db.ovn_revision_numbers_db [None req-18b01b7f-4a87-4063-859e-f5e82afb684c b34d968fa3c54e66a91861aeefbdcb3d 116ac56d0cc84a83ac998d1801b5f7bf - - default default] Successfully bumped revision number for resource b409d7d0-b217-4cf5-ac5f-9d93b0d5d5eb (type: security_groups) to 1
2026-03-31 05:55:07.583 10 INFO neutron.wsgi [None req-18b01b7f-4a87-4063-859e-f5e82afb684c b34d968fa3c54e66a91861aeefbdcb3d 116ac56d0cc84a83ac998d1801b5f7bf - - default default] 10.0.0.112 "GET /v2.0/security-groups?tenant_id=42c9499efa554f27b5b3db44e6b3514a&name=default HTTP/1.1" status: 200 len: 2996 time: 0.2709796
2026-03-31 05:55:07.599 9 INFO neutron.db.ovn_revision_numbers_db [None req-8d418f4a-e261-4bc9-998a-a6f7bb36870c 038fb46bc9f94e6ea9fdd4c61e287f67 7a77d99f586a4a24a163ae7141265cb3 - - - -] Successfully bumped revision number for resource 54d63672-a6d8-4b3a-9704-368ce23783d1 (type: router_ports) to 3
2026-03-31 05:55:07.602 9 INFO neutron.wsgi [None req-8d418f4a-e261-4bc9-998a-a6f7bb36870c 038fb46bc9f94e6ea9fdd4c61e287f67 7a77d99f586a4a24a163ae7141265cb3 - - - -] 10.0.0.112 "PUT /v2.0/routers/92d82afd-0a42-4939-8dd4-d1059b9cc4c2/add_router_interface HTTP/1.1" status: 200 len: 503 time: 2.4268510
2026-03-31 05:55:07.731 9 INFO neutron.wsgi [None req-f154741f-5f4b-45ce-b198-e5ba947add72 038fb46bc9f94e6ea9fdd4c61e287f67 7a77d99f586a4a24a163ae7141265cb3 - - default default] 10.0.0.112 "GET /v2.0/ports/54d63672-a6d8-4b3a-9704-368ce23783d1 HTTP/1.1" status: 200 len: 1149 time: 0.1242115
2026-03-31 05:55:07.753 9 INFO neutron.db.ovn_revision_numbers_db [None req-ac9707d6-7ac9-4bf5-a356-f7e83d7ad2d9 b34d968fa3c54e66a91861aeefbdcb3d 116ac56d0cc84a83ac998d1801b5f7bf - - default default] Successfully bumped revision number for resource a3f911b1-d638-4cec-9476-7a11ad1c85f7 (type: security_groups) to 1
2026-03-31 05:55:07.778 9 INFO neutron.wsgi [None req-ac9707d6-7ac9-4bf5-a356-f7e83d7ad2d9 b34d968fa3c54e66a91861aeefbdcb3d 116ac56d0cc84a83ac998d1801b5f7bf - - default default] 10.0.0.112 "GET /v2.0/security-groups?tenant_id=c896de0da18f4f9bbbe13802c44c83a7&name=default HTTP/1.1" status: 200 len: 2996 time: 0.3112924
2026-03-31 05:55:07.811 10 INFO neutron.wsgi [None req-bdbd7ba4-92b8-4ca6-ad44-e3b2cb967905 b34d968fa3c54e66a91861aeefbdcb3d 116ac56d0cc84a83ac998d1801b5f7bf - - - -] 10.0.0.112 "DELETE /v2.0/security-groups/b409d7d0-b217-4cf5-ac5f-9d93b0d5d5eb HTTP/1.1" status: 204 len: 168 time: 0.2230027
2026-03-31 05:55:07.831 10 INFO neutron.wsgi [None req-bf660259-7731-4099-98e2-03ea120d4f5b 038fb46bc9f94e6ea9fdd4c61e287f67 7a77d99f586a4a24a163ae7141265cb3 - - default default] 10.0.0.112 "GET /v2.0/ports/54d63672-a6d8-4b3a-9704-368ce23783d1 HTTP/1.1" status: 200 len: 1149 time: 0.0901988
2026-03-31 05:55:07.997 9 INFO neutron.wsgi [None req-196b648c-23e5-4fa7-833b-5748786f6c6d b34d968fa3c54e66a91861aeefbdcb3d 116ac56d0cc84a83ac998d1801b5f7bf - - - -] 10.0.0.112 "DELETE /v2.0/security-groups/a3f911b1-d638-4cec-9476-7a11ad1c85f7 HTTP/1.1" status: 204 len: 168 time: 0.2132554
2026-03-31 05:55:08.666 10 INFO neutron.wsgi [None req-f43d49cc-d904-4269-a3b2-5f3964669f3b 038fb46bc9f94e6ea9fdd4c61e287f67 7a77d99f586a4a24a163ae7141265cb3 - - - -] 10.0.0.112 "PUT /v2.0/routers/92d82afd-0a42-4939-8dd4-d1059b9cc4c2/remove_router_interface HTTP/1.1" status: 200 len: 503 time: 0.8301203 /var/lib/openstack/lib/python3.10/site-packages/pycadf/identifier.py:71: UserWarning: Invalid uuid: neutron. To ensure interoperability, identifiers should be a valid uuid. warnings.warn(('Invalid uuid: %s. To ensure interoperability, '
2026-03-31 05:55:08.758 10 INFO neutron.wsgi [None req-81b92f65-5230-4881-bef8-5e96c6dfc137 038fb46bc9f94e6ea9fdd4c61e287f67 7a77d99f586a4a24a163ae7141265cb3 - - default default] 10.0.0.112 "GET /v2.0/ports/fd1ef5a0-a81f-4363-a09a-3a2b304ef27b HTTP/1.1" status: 200 len: 1141 time: 0.0880647
2026-03-31 05:55:09.788 9 INFO neutron.wsgi [-] 10.0.0.32 "GET / HTTP/1.1" status: 200 len: 247 time: 0.0022278
2026-03-31 05:55:09.790 9 INFO neutron.wsgi [-] 10.0.0.32 "GET / HTTP/1.1" status: 200 len: 247 time: 0.0013280
2026-03-31 05:55:10.049 10 WARNING neutron.plugins.ml2.drivers.ovn.mech_driver.ovsdb.ovn_client [None req-c0577559-ae65-4b87-be56-405fa6918704 - - - - - -] No port found with ID fd1ef5a0-a81f-4363-a09a-3a2b304ef27b: RuntimeError: No port found with ID fd1ef5a0-a81f-4363-a09a-3a2b304ef27b
2026-03-31 05:55:10.129 10 INFO neutron.wsgi [None req-8aad1365-e3c0-4316-a596-d7e7d23cefe3 038fb46bc9f94e6ea9fdd4c61e287f67 7a77d99f586a4a24a163ae7141265cb3 - - - -] 10.0.0.112 "PUT /v2.0/routers/92d82afd-0a42-4939-8dd4-d1059b9cc4c2/remove_router_interface HTTP/1.1" status: 200 len: 503 time: 1.3625858 /var/lib/openstack/lib/python3.10/site-packages/pycadf/identifier.py:71: UserWarning: Invalid uuid: neutron. To ensure interoperability, identifiers should be a valid uuid. warnings.warn(('Invalid uuid: %s. To ensure interoperability, '
2026-03-31 05:55:10.178 10 INFO neutron.wsgi [None req-31fa461f-b5a6-40cf-a8e5-abaebf926d40 038fb46bc9f94e6ea9fdd4c61e287f67 7a77d99f586a4a24a163ae7141265cb3 - - default default] 10.0.0.112 "GET /v2.0/ports?device_id=92d82afd-0a42-4939-8dd4-d1059b9cc4c2 HTTP/1.1" status: 200 len: 205 time: 0.0432158
2026-03-31 05:55:10.187 9 INFO neutron.db.ovn_revision_numbers_db [None req-837e69bc-5778-46b1-b35c-a9bbe9703594 896a3cf892c8447cb4d5384d5fc8ee3e 0d37e78b371d4619821eb681831bd375 - - - -] Successfully bumped revision number for resource 26177d81-4ca7-4cf4-ab3e-b26626ad9b4a (type: security_groups) to 1
2026-03-31 05:55:10.246 9 INFO neutron.db.segments_db [None req-837e69bc-5778-46b1-b35c-a9bbe9703594 896a3cf892c8447cb4d5384d5fc8ee3e 0d37e78b371d4619821eb681831bd375 - - - -] Added segment 4b0a6d9c-0fdc-475e-bbbc-5d06abb1b488 of type geneve for network 9643af62-de3e-45d6-ba23-adc480dde70f
2026-03-31 05:55:10.420 9 INFO neutron.db.ovn_revision_numbers_db [None req-837e69bc-5778-46b1-b35c-a9bbe9703594 896a3cf892c8447cb4d5384d5fc8ee3e 0d37e78b371d4619821eb681831bd375 - - - -] Successfully bumped revision number for resource 9643af62-de3e-45d6-ba23-adc480dde70f (type: networks) to 1
2026-03-31 05:55:10.499 10 INFO neutron.wsgi [None req-51ab2f8a-ba81-40b2-a0d5-519f306f7b34 038fb46bc9f94e6ea9fdd4c61e287f67 7a77d99f586a4a24a163ae7141265cb3 - - - -] 10.0.0.112 "DELETE /v2.0/routers/92d82afd-0a42-4939-8dd4-d1059b9cc4c2 HTTP/1.1" status: 204 len: 168 time: 0.3160577
2026-03-31 05:55:10.678 9 WARNING neutron.scheduler.dhcp_agent_scheduler [None req-837e69bc-5778-46b1-b35c-a9bbe9703594 896a3cf892c8447cb4d5384d5fc8ee3e 0d37e78b371d4619821eb681831bd375 - - - -] No more DHCP agents
2026-03-31 05:55:10.682 9 WARNING neutron.api.rpc.agentnotifiers.dhcp_rpc_agent_api [None req-837e69bc-5778-46b1-b35c-a9bbe9703594 896a3cf892c8447cb4d5384d5fc8ee3e 0d37e78b371d4619821eb681831bd375 - - - -] Unable to schedule network 9643af62-de3e-45d6-ba23-adc480dde70f: no agents available; will retry on subsequent port and subnet creation events.
2026-03-31 05:55:10.729 10 INFO neutron.wsgi [None req-59531d1d-04ef-49f1-b246-c012f605b4ef 038fb46bc9f94e6ea9fdd4c61e287f67 7a77d99f586a4a24a163ae7141265cb3 - - - -] 10.0.0.112 "DELETE /v2.0/subnets/90016560-487a-4d10-9798-91d67efa3f7c HTTP/1.1" status: 204 len: 168 time: 0.2248638
2026-03-31 05:55:10.799 9 INFO neutron.db.ovn_revision_numbers_db [None req-837e69bc-5778-46b1-b35c-a9bbe9703594 896a3cf892c8447cb4d5384d5fc8ee3e 0d37e78b371d4619821eb681831bd375 - - - -] Successfully bumped revision number for resource 7a4577e4-d0d3-475d-a56d-0d271f75e53c (type: ports) to 1
2026-03-31 05:55:10.830 9 INFO neutron.wsgi [None req-837e69bc-5778-46b1-b35c-a9bbe9703594 896a3cf892c8447cb4d5384d5fc8ee3e 0d37e78b371d4619821eb681831bd375 - - - -] 10.0.0.112 "POST /v2.0/networks HTTP/1.1" status: 201 len: 848 time: 0.8941829
2026-03-31 05:55:11.058 10 INFO neutron.wsgi [None req-185f6d77-3ff4-46bb-bf33-cb187095e755 038fb46bc9f94e6ea9fdd4c61e287f67 7a77d99f586a4a24a163ae7141265cb3 - - - -] 10.0.0.112 "DELETE /v2.0/subnets/36d91022-d2d1-4452-8b92-c79c050156e5 HTTP/1.1" status: 204 len: 168 time: 0.3210998
2026-03-31 05:55:11.291 10 WARNING neutron.scheduler.dhcp_agent_scheduler [None req-1d718380-fab1-4ce3-9176-8e98d48bb8ce 896a3cf892c8447cb4d5384d5fc8ee3e 0d37e78b371d4619821eb681831bd375 - - - -] No more DHCP agents
2026-03-31 05:55:11.309 10 WARNING neutron.api.rpc.agentnotifiers.dhcp_rpc_agent_api [None req-1d718380-fab1-4ce3-9176-8e98d48bb8ce 896a3cf892c8447cb4d5384d5fc8ee3e 0d37e78b371d4619821eb681831bd375 - - - -] Unable to schedule network 9643af62-de3e-45d6-ba23-adc480dde70f: no agents available; will retry on subsequent port and subnet creation events.
2026-03-31 05:55:11.363 10 INFO neutron.db.ovn_revision_numbers_db [None req-1d718380-fab1-4ce3-9176-8e98d48bb8ce 896a3cf892c8447cb4d5384d5fc8ee3e 0d37e78b371d4619821eb681831bd375 - - - -] Successfully bumped revision number for resource 55420348-c4ce-456f-b641-5384ad3b5108 (type: subnets) to 0
2026-03-31 05:55:11.390 10 INFO neutron.wsgi [None req-1d718380-fab1-4ce3-9176-8e98d48bb8ce 896a3cf892c8447cb4d5384d5fc8ee3e 0d37e78b371d4619821eb681831bd375 - - - -] 10.0.0.112 "POST /v2.0/subnets HTTP/1.1" status: 201 len: 802 time: 0.5513408
2026-03-31 05:55:11.636 10 INFO neutron.services.segments.plugin [-] Segment 13d4ae45-44fe-42c5-9495-650ae77746e5 resource provider aggregate not found
2026-03-31 05:55:11.641 10 INFO neutron.services.segments.plugin [-] Segment 13d4ae45-44fe-42c5-9495-650ae77746e5 resource provider aggregate not found
2026-03-31 05:55:11.663 10 INFO neutron.services.segments.plugin [-] Segment 13d4ae45-44fe-42c5-9495-650ae77746e5 resource provider not found; error: Placement Client Error (4xx): {"errors": [{"status": 404, "title": "Not Found", "detail": "The resource could not be found.\n\n No resource provider with uuid 13d4ae45-44fe-42c5-9495-650ae77746e5 found for delete ", "request_id": "req-9fe36d5d-9fec-4253-924a-ac0a2ba090be"}]}
2026-03-31 05:55:11.664 10 INFO neutron.services.segments.plugin [-] Segment 13d4ae45-44fe-42c5-9495-650ae77746e5 resource provider not found; error: Placement Client Error (4xx): {"errors": [{"status": 404, "title": "Not Found", "detail": "The resource could not be found.\n\n No resource provider with uuid 13d4ae45-44fe-42c5-9495-650ae77746e5 found for delete ", "request_id": "req-f3f159a3-46fa-4769-8ade-e802332df72c"}]}
2026-03-31 05:55:11.679 10 INFO neutron.wsgi [None req-fe41a677-44e1-480c-8a5d-23b705b20e6e 038fb46bc9f94e6ea9fdd4c61e287f67 7a77d99f586a4a24a163ae7141265cb3 - - - -] 10.0.0.112 "DELETE /v2.0/networks/736994ec-fb58-4735-bd7b-9014e53ade60 HTTP/1.1" status: 204 len: 168 time: 0.6163716
2026-03-31 05:55:11.943 9 INFO neutron.db.ovn_revision_numbers_db [None req-45cefb82-dc98-4201-8d77-5187aee5497f b34d968fa3c54e66a91861aeefbdcb3d 116ac56d0cc84a83ac998d1801b5f7bf - - default default] Successfully bumped revision number for resource 33990c2e-ca5f-475c-aa46-74a4557ef782 (type: security_groups) to 1
2026-03-31 05:55:11.983 9 INFO neutron.wsgi [None req-45cefb82-dc98-4201-8d77-5187aee5497f b34d968fa3c54e66a91861aeefbdcb3d 116ac56d0cc84a83ac998d1801b5f7bf - - default default] 10.0.0.112 "GET /v2.0/security-groups?tenant_id=bbf159d2732c48afa46fa8face6540f7&name=default HTTP/1.1" status: 200 len: 2996 time: 0.6941848
2026-03-31 05:55:11.991 9 WARNING neutron.scheduler.dhcp_agent_scheduler [None req-3114e58e-efff-4d3f-a558-1c2b92349ab1 896a3cf892c8447cb4d5384d5fc8ee3e 0d37e78b371d4619821eb681831bd375 - - - -] No more DHCP agents
2026-03-31 05:55:11.998 9 WARNING neutron.api.rpc.agentnotifiers.dhcp_rpc_agent_api [None req-3114e58e-efff-4d3f-a558-1c2b92349ab1 896a3cf892c8447cb4d5384d5fc8ee3e 0d37e78b371d4619821eb681831bd375 - - - -] Unable to schedule network 25013cf9-da18-47b4-b35b-f4efa2b2672f: no agents available; will retry on subsequent port and subnet creation events.
2026-03-31 05:55:12.150 9 INFO neutron.db.ovn_revision_numbers_db [None req-3114e58e-efff-4d3f-a558-1c2b92349ab1 896a3cf892c8447cb4d5384d5fc8ee3e 0d37e78b371d4619821eb681831bd375 - - - -] Successfully bumped revision number for resource 3143c223-4b76-4d48-b42d-1e8cfdf6c461 (type: ports) to 1
2026-03-31 05:55:12.176 10 INFO neutron.wsgi [None req-b1ce6a9c-74ea-4091-a393-87b6bc9813b4 038fb46bc9f94e6ea9fdd4c61e287f67 7a77d99f586a4a24a163ae7141265cb3 - - - -] 10.0.0.112 "DELETE /v2.0/networks/3afaf867-9365-4d2c-a669-4182e4d43814 HTTP/1.1" status: 204 len: 168 time: 0.4898233
2026-03-31 05:55:12.303 9 INFO neutron.wsgi [None req-f8b6de2b-35cc-4d55-8017-b695b244f957 b34d968fa3c54e66a91861aeefbdcb3d 116ac56d0cc84a83ac998d1801b5f7bf - - - -] 10.0.0.112 "DELETE /v2.0/security-groups/33990c2e-ca5f-475c-aa46-74a4557ef782 HTTP/1.1" status: 204 len: 168 time: 0.3112309
2026-03-31 05:55:12.343 9 INFO neutron.db.segments_db [None req-d4895660-d014-4cdd-99e6-cf5ba5a18e8a 038fb46bc9f94e6ea9fdd4c61e287f67 7a77d99f586a4a24a163ae7141265cb3 - - - -] Added segment 93cc3630-1d8d-4029-af49-88cb1911c3ac of type geneve for network 875c654c-548f-4201-a0fc-e59b30815be6
2026-03-31 05:55:12.613 9 INFO neutron.db.ovn_revision_numbers_db [None req-d4895660-d014-4cdd-99e6-cf5ba5a18e8a 038fb46bc9f94e6ea9fdd4c61e287f67 7a77d99f586a4a24a163ae7141265cb3 - - - -] Successfully bumped revision number for resource 875c654c-548f-4201-a0fc-e59b30815be6 (type: networks) to 1
2026-03-31 05:55:12.759 9 INFO neutron.db.ovn_revision_numbers_db [None req-9f387c3e-348c-4355-afe8-f0fd4d6b85c0 b34d968fa3c54e66a91861aeefbdcb3d 116ac56d0cc84a83ac998d1801b5f7bf - - default default] Successfully bumped revision number for resource 80455143-e988-4e63-aef4-822dabe549bf (type: security_groups) to 1
2026-03-31 05:55:12.806 9 INFO neutron.wsgi [None req-9f387c3e-348c-4355-afe8-f0fd4d6b85c0 b34d968fa3c54e66a91861aeefbdcb3d 116ac56d0cc84a83ac998d1801b5f7bf - - default default] 10.0.0.112 "GET /v2.0/security-groups?tenant_id=ac4a656800d04758900905ad4121d63c&name=default HTTP/1.1" status: 200 len: 2996 time: 0.3951902
2026-03-31 05:55:13.068 10 INFO neutron.wsgi [None req-672987cf-b092-430a-8e72-e2338a4b48f1 b34d968fa3c54e66a91861aeefbdcb3d 116ac56d0cc84a83ac998d1801b5f7bf - - - -] 10.0.0.112 "DELETE /v2.0/security-groups/80455143-e988-4e63-aef4-822dabe549bf HTTP/1.1" status: 204 len: 168 time: 0.2524929
2026-03-31 05:55:13.244 9 WARNING neutron.plugins.ml2.drivers.ovn.mech_driver.ovsdb.ovn_client [None req-702d114a-2955-484c-b91d-e9c0669c1cca - - - - - -] No port found with ID 54d63672-a6d8-4b3a-9704-368ce23783d1: RuntimeError: No port found with ID 54d63672-a6d8-4b3a-9704-368ce23783d1
2026-03-31 05:55:13.308 9 WARNING neutron.scheduler.dhcp_agent_scheduler [None req-d4895660-d014-4cdd-99e6-cf5ba5a18e8a 038fb46bc9f94e6ea9fdd4c61e287f67 7a77d99f586a4a24a163ae7141265cb3 - - - -] No more DHCP agents
2026-03-31 05:55:13.310 9 WARNING neutron.api.rpc.agentnotifiers.dhcp_rpc_agent_api [None req-d4895660-d014-4cdd-99e6-cf5ba5a18e8a 038fb46bc9f94e6ea9fdd4c61e287f67 7a77d99f586a4a24a163ae7141265cb3 - - - -] Unable to schedule network 875c654c-548f-4201-a0fc-e59b30815be6: no agents available; will retry on subsequent port and subnet creation events.
2026-03-31 05:55:13.437 9 INFO neutron.db.ovn_revision_numbers_db [None req-d4895660-d014-4cdd-99e6-cf5ba5a18e8a 038fb46bc9f94e6ea9fdd4c61e287f67 7a77d99f586a4a24a163ae7141265cb3 - - - -] Successfully bumped revision number for resource 6055143a-617c-4e29-9dda-fcec80143aba (type: ports) to 1
2026-03-31 05:55:13.497 9 INFO neutron.wsgi [None req-d4895660-d014-4cdd-99e6-cf5ba5a18e8a 038fb46bc9f94e6ea9fdd4c61e287f67 7a77d99f586a4a24a163ae7141265cb3 - - - -] 10.0.0.112 "POST /v2.0/networks HTTP/1.1" status: 201 len: 833 time: 1.3150964
2026-03-31 05:55:13.534 10 INFO neutron.plugins.ml2.drivers.ovn.mech_driver.mech_driver [None req-c0577559-ae65-4b87-be56-405fa6918704 - - - - - -] OVN reports status up for port: 3143c223-4b76-4d48-b42d-1e8cfdf6c461
2026-03-31 05:55:13.550 10 INFO neutron.plugins.ml2.plugin [None req-c0577559-ae65-4b87-be56-405fa6918704 - - - - - -] Attempt 1 to provision port 3143c223-4b76-4d48-b42d-1e8cfdf6c461
2026-03-31 05:55:13.558 9 INFO neutron.db.ovn_revision_numbers_db [None req-3114e58e-efff-4d3f-a558-1c2b92349ab1 896a3cf892c8447cb4d5384d5fc8ee3e 0d37e78b371d4619821eb681831bd375 - - - -] Successfully bumped revision number for resource 3143c223-4b76-4d48-b42d-1e8cfdf6c461 (type: router_ports) to 1
2026-03-31 05:55:13.690 10 INFO neutron.services.segments.plugin [-] Segment 9e4b6475-2182-4929-bf99-eecc8e724a5f resource provider aggregate not found
2026-03-31 05:55:13.697 10 INFO neutron.services.segments.plugin [-] Segment 9e4b6475-2182-4929-bf99-eecc8e724a5f resource provider aggregate not found
2026-03-31 05:55:13.697 9 INFO neutron.db.ovn_revision_numbers_db [None req-3114e58e-efff-4d3f-a558-1c2b92349ab1 896a3cf892c8447cb4d5384d5fc8ee3e 0d37e78b371d4619821eb681831bd375 - - - -] Successfully bumped revision number for resource 3ee2e6e9-1260-4a65-a1ac-16979e64c1f4 (type: routers) to 3
2026-03-31 05:55:13.719 10 INFO neutron.services.segments.plugin [-] Segment 9e4b6475-2182-4929-bf99-eecc8e724a5f resource provider not found; error: Placement Client Error (4xx): {"errors": [{"status": 404, "title": "Not Found", "detail": "The resource could not be found.\n\n No resource provider with uuid 9e4b6475-2182-4929-bf99-eecc8e724a5f found for delete ", "request_id": "req-515789ed-ebdd-473c-a2e9-8bd2a383e19a"}]}
2026-03-31 05:55:13.720 10 INFO neutron.services.segments.plugin [-] Segment 9e4b6475-2182-4929-bf99-eecc8e724a5f resource provider not found; error: Placement Client Error (4xx): {"errors": [{"status": 404, "title": "Not Found", "detail": "The resource could not be found.\n\n No resource provider with uuid 9e4b6475-2182-4929-bf99-eecc8e724a5f found for delete ", "request_id": "req-8deb1560-3400-440d-b8ae-1981803ea8d1"}]}
2026-03-31 05:55:13.728 9 INFO neutron.wsgi [None req-3114e58e-efff-4d3f-a558-1c2b92349ab1 896a3cf892c8447cb4d5384d5fc8ee3e 0d37e78b371d4619821eb681831bd375 - - - -] 10.0.0.112 "POST /v2.0/routers HTTP/1.1" status: 201 len: 874 time: 2.3317761
2026-03-31 05:55:13.764 10 INFO neutron.db.ovn_revision_numbers_db [None req-f5fa2fda-6864-4bcc-95b1-e7839c6456d1 b34d968fa3c54e66a91861aeefbdcb3d 116ac56d0cc84a83ac998d1801b5f7bf - - default default] Successfully bumped revision number for resource abaae04f-e675-4508-bd81-a470548ae0f6 (type: security_groups) to 1
2026-03-31 05:55:13.788 10 INFO neutron.wsgi [None req-f5fa2fda-6864-4bcc-95b1-e7839c6456d1 b34d968fa3c54e66a91861aeefbdcb3d 116ac56d0cc84a83ac998d1801b5f7bf - - default default] 10.0.0.112 "GET /v2.0/security-groups?tenant_id=48e3f84c678541fa8449579616e77b1a&name=default HTTP/1.1" status: 200 len: 2996 time: 0.5379319
2026-03-31 05:55:13.901 9 WARNING neutron.scheduler.dhcp_agent_scheduler [None req-a97cbcee-70eb-4a8d-88af-f398dd19c707 038fb46bc9f94e6ea9fdd4c61e287f67 7a77d99f586a4a24a163ae7141265cb3 - - - -] No more DHCP agents
2026-03-31 05:55:13.929 9 WARNING neutron.api.rpc.agentnotifiers.dhcp_rpc_agent_api [None req-a97cbcee-70eb-4a8d-88af-f398dd19c707 038fb46bc9f94e6ea9fdd4c61e287f67 7a77d99f586a4a24a163ae7141265cb3 - - - -] Unable to schedule network 875c654c-548f-4201-a0fc-e59b30815be6: no agents available; will retry on subsequent port and subnet creation events.
2026-03-31 05:55:13.960 9 INFO neutron.db.ovn_revision_numbers_db [None req-a97cbcee-70eb-4a8d-88af-f398dd19c707 038fb46bc9f94e6ea9fdd4c61e287f67 7a77d99f586a4a24a163ae7141265cb3 - - - -] Successfully bumped revision number for resource 233ef2b0-5959-48d3-85b0-c82b2eb36ac6 (type: subnets) to 0
2026-03-31 05:55:13.980 10 INFO neutron.wsgi [None req-84ee7774-2602-4281-895d-f98fafe00075 b34d968fa3c54e66a91861aeefbdcb3d 116ac56d0cc84a83ac998d1801b5f7bf - - - -] 10.0.0.112 "DELETE /v2.0/security-groups/abaae04f-e675-4508-bd81-a470548ae0f6 HTTP/1.1" status: 204 len: 168 time: 0.1862381
2026-03-31 05:55:13.997 9 INFO neutron.wsgi [None req-a97cbcee-70eb-4a8d-88af-f398dd19c707 038fb46bc9f94e6ea9fdd4c61e287f67 7a77d99f586a4a24a163ae7141265cb3 - - - -] 10.0.0.112 "POST /v2.0/subnets HTTP/1.1" status: 201 len: 821 time: 0.4938195
2026-03-31 05:55:14.169 10 INFO neutron.db.ovn_revision_numbers_db [None req-7b75c2db-767b-4b49-a5e9-26d005cb1df0 038fb46bc9f94e6ea9fdd4c61e287f67 7a77d99f586a4a24a163ae7141265cb3 - - - -] Successfully bumped revision number for resource a08772a3-59bb-45bb-a750-648fa727adf8 (type: routers) to 1
2026-03-31 05:55:14.186 10 INFO neutron.wsgi [None req-7b75c2db-767b-4b49-a5e9-26d005cb1df0 038fb46bc9f94e6ea9fdd4c61e287f67 7a77d99f586a4a24a163ae7141265cb3 - - - -] 10.0.0.112 "POST /v2.0/routers HTTP/1.1" status: 201 len: 690 time: 0.1833801
2026-03-31 05:55:14.249 10 INFO neutron.db.ovn_revision_numbers_db [None req-01008c42-671a-44d5-ad4a-67393dc695ae b34d968fa3c54e66a91861aeefbdcb3d 116ac56d0cc84a83ac998d1801b5f7bf - - default default] Successfully bumped revision number for resource 25c8bef3-1437-4629-9d16-94b57c3f68bf (type: security_groups) to 1
2026-03-31 05:55:14.290 10 INFO neutron.wsgi [None req-01008c42-671a-44d5-ad4a-67393dc695ae b34d968fa3c54e66a91861aeefbdcb3d 116ac56d0cc84a83ac998d1801b5f7bf - - default default] 10.0.0.112 "GET /v2.0/security-groups?tenant_id=0224f6b28ac44e32a3efc40fcd7afdc4&name=default HTTP/1.1" status: 200 len: 2996 time: 0.1977668
2026-03-31 05:55:14.448 9 WARNING neutron.scheduler.dhcp_agent_scheduler [None req-149d0026-bde7-4f77-84b2-b72c1e9174ab 896a3cf892c8447cb4d5384d5fc8ee3e 0d37e78b371d4619821eb681831bd375 - - default default] No more DHCP agents
2026-03-31 05:55:14.451 9 WARNING neutron.api.rpc.agentnotifiers.dhcp_rpc_agent_api [None req-149d0026-bde7-4f77-84b2-b72c1e9174ab 896a3cf892c8447cb4d5384d5fc8ee3e 0d37e78b371d4619821eb681831bd375 - - default default] Unable to schedule network 9643af62-de3e-45d6-ba23-adc480dde70f: no agents available; will retry on subsequent port and subnet creation events.
2026-03-31 05:55:14.569 10 WARNING neutron.scheduler.dhcp_agent_scheduler [None req-9f0db517-d443-4305-96a5-2981e018b2c0 038fb46bc9f94e6ea9fdd4c61e287f67 7a77d99f586a4a24a163ae7141265cb3 - - - -] No more DHCP agents
2026-03-31 05:55:14.571 10 WARNING neutron.api.rpc.agentnotifiers.dhcp_rpc_agent_api [None req-9f0db517-d443-4305-96a5-2981e018b2c0 038fb46bc9f94e6ea9fdd4c61e287f67 7a77d99f586a4a24a163ae7141265cb3 - - - -] Unable to schedule network 875c654c-548f-4201-a0fc-e59b30815be6: no agents available; will retry on subsequent port and subnet creation events.
2026-03-31 05:55:14.607 9 INFO neutron.wsgi [None req-5101d562-1cc3-4ea3-957a-73d95496157e b34d968fa3c54e66a91861aeefbdcb3d 116ac56d0cc84a83ac998d1801b5f7bf - - - -] 10.0.0.112 "DELETE /v2.0/security-groups/25c8bef3-1437-4629-9d16-94b57c3f68bf HTTP/1.1" status: 204 len: 168 time: 0.3113906
2026-03-31 05:55:14.628 9 INFO neutron.db.ovn_revision_numbers_db [None req-149d0026-bde7-4f77-84b2-b72c1e9174ab 896a3cf892c8447cb4d5384d5fc8ee3e 0d37e78b371d4619821eb681831bd375 - - default default] Successfully bumped revision number for resource 7d63a116-b7d9-4204-8656-4d8ff669a296 (type: ports) to 1
2026-03-31 05:55:14.665 10 INFO neutron.db.ovn_revision_numbers_db [None req-9f0db517-d443-4305-96a5-2981e018b2c0 038fb46bc9f94e6ea9fdd4c61e287f67 7a77d99f586a4a24a163ae7141265cb3 - - - -] Successfully bumped revision number for resource b3fd3b64-5685-4761-bc9f-6674bcfbd08d (type: ports) to 1
2026-03-31 05:55:14.690 10 INFO neutron.wsgi [None req-9f0db517-d443-4305-96a5-2981e018b2c0 038fb46bc9f94e6ea9fdd4c61e287f67 7a77d99f586a4a24a163ae7141265cb3 - - - -] 10.0.0.112 "POST /v2.0/ports HTTP/1.1" status: 201 len: 1162 time: 0.4970634 /var/lib/openstack/lib/python3.10/site-packages/pycadf/identifier.py:71: UserWarning: Invalid uuid: neutron. To ensure interoperability, identifiers should be a valid uuid. warnings.warn(('Invalid uuid: %s. To ensure interoperability, '
2026-03-31 05:55:15.179 10 INFO neutron.db.ovn_revision_numbers_db [None req-02652643-ca76-4c8b-a990-259dbd877ecc 038fb46bc9f94e6ea9fdd4c61e287f67 7a77d99f586a4a24a163ae7141265cb3 - - default default] Successfully bumped revision number for resource b3fd3b64-5685-4761-bc9f-6674bcfbd08d (type: router_ports) to 2
2026-03-31 05:55:15.179 9 INFO neutron.plugins.ml2.drivers.ovn.mech_driver.mech_driver [None req-702d114a-2955-484c-b91d-e9c0669c1cca - - - - - -] OVN reports status up for port: b3fd3b64-5685-4761-bc9f-6674bcfbd08d
2026-03-31 05:55:15.205 9 INFO neutron.plugins.ml2.plugin [None req-702d114a-2955-484c-b91d-e9c0669c1cca - - - - - -] Attempt 1 to provision port b3fd3b64-5685-4761-bc9f-6674bcfbd08d
2026-03-31 05:55:15.297 9 INFO neutron.db.ovn_revision_numbers_db [None req-149d0026-bde7-4f77-84b2-b72c1e9174ab 896a3cf892c8447cb4d5384d5fc8ee3e 0d37e78b371d4619821eb681831bd375 - - default default] Successfully bumped revision number for resource 7d63a116-b7d9-4204-8656-4d8ff669a296 (type: router_ports) to 2
2026-03-31 05:55:15.365 10 INFO neutron.db.ovn_revision_numbers_db [None req-02652643-ca76-4c8b-a990-259dbd877ecc 038fb46bc9f94e6ea9fdd4c61e287f67 7a77d99f586a4a24a163ae7141265cb3 - - default default] Successfully bumped revision number for resource b3fd3b64-5685-4761-bc9f-6674bcfbd08d (type: ports) to 2
2026-03-31 05:55:15.545 9 INFO neutron.db.ovn_revision_numbers_db [None req-149d0026-bde7-4f77-84b2-b72c1e9174ab 896a3cf892c8447cb4d5384d5fc8ee3e 0d37e78b371d4619821eb681831bd375 - - default default] Successfully bumped revision number for resource 7d63a116-b7d9-4204-8656-4d8ff669a296 (type: ports) to 2
2026-03-31 05:55:15.654 9 INFO neutron.db.ovn_revision_numbers_db [None req-702d114a-2955-484c-b91d-e9c0669c1cca - - - - - -] Successfully bumped revision number for resource b3fd3b64-5685-4761-bc9f-6674bcfbd08d (type: ports) to 3
2026-03-31 05:55:15.699 9 WARNING neutron.scheduler.dhcp_agent_scheduler [None req-149d0026-bde7-4f77-84b2-b72c1e9174ab 896a3cf892c8447cb4d5384d5fc8ee3e 0d37e78b371d4619821eb681831bd375 - - default default] No more DHCP agents
2026-03-31 05:55:15.708 9 WARNING neutron.api.rpc.agentnotifiers.dhcp_rpc_agent_api [None req-149d0026-bde7-4f77-84b2-b72c1e9174ab 896a3cf892c8447cb4d5384d5fc8ee3e 0d37e78b371d4619821eb681831bd375 - - default default] Unable to schedule network 9643af62-de3e-45d6-ba23-adc480dde70f: no agents available; will retry on subsequent port and subnet creation events.
2026-03-31 05:55:16.290 9 INFO neutron.db.ovn_revision_numbers_db [None req-702d114a-2955-484c-b91d-e9c0669c1cca - - - - - -] Successfully bumped revision number for resource b3fd3b64-5685-4761-bc9f-6674bcfbd08d (type: router_ports) to 3
2026-03-31 05:55:16.474 10 INFO neutron.db.ovn_revision_numbers_db [None req-02652643-ca76-4c8b-a990-259dbd877ecc 038fb46bc9f94e6ea9fdd4c61e287f67 7a77d99f586a4a24a163ae7141265cb3 - - default default] Successfully bumped revision number for resource b3fd3b64-5685-4761-bc9f-6674bcfbd08d (type: ports) to 4
2026-03-31 05:55:16.520 9 INFO neutron.db.ovn_revision_numbers_db [None req-149d0026-bde7-4f77-84b2-b72c1e9174ab 896a3cf892c8447cb4d5384d5fc8ee3e 0d37e78b371d4619821eb681831bd375 - - - -] Successfully bumped revision number for resource 7d63a116-b7d9-4204-8656-4d8ff669a296 (type: router_ports) to 2
2026-03-31 05:55:16.523 9 INFO neutron.wsgi [None req-149d0026-bde7-4f77-84b2-b72c1e9174ab 896a3cf892c8447cb4d5384d5fc8ee3e 0d37e78b371d4619821eb681831bd375 - - - -] 10.0.0.112 "PUT /v2.0/routers/3ee2e6e9-1260-4a65-a1ac-16979e64c1f4/add_router_interface HTTP/1.1" status: 200 len: 503 time: 2.7865565 /var/lib/openstack/lib/python3.10/site-packages/pycadf/identifier.py:71: UserWarning: Invalid uuid: neutron. To ensure interoperability, identifiers should be a valid uuid. warnings.warn(('Invalid uuid: %s. To ensure interoperability, '
2026-03-31 05:55:16.573 10 WARNING neutron.scheduler.dhcp_agent_scheduler [None req-02652643-ca76-4c8b-a990-259dbd877ecc 038fb46bc9f94e6ea9fdd4c61e287f67 7a77d99f586a4a24a163ae7141265cb3 - - default default] No more DHCP agents
2026-03-31 05:55:16.575 10 WARNING neutron.api.rpc.agentnotifiers.dhcp_rpc_agent_api [None req-02652643-ca76-4c8b-a990-259dbd877ecc 038fb46bc9f94e6ea9fdd4c61e287f67 7a77d99f586a4a24a163ae7141265cb3 - - default default] Unable to schedule network 875c654c-548f-4201-a0fc-e59b30815be6: no agents available; will retry on subsequent port and subnet creation events.
2026-03-31 05:55:16.798 10 INFO neutron.db.ovn_revision_numbers_db [None req-02652643-ca76-4c8b-a990-259dbd877ecc 038fb46bc9f94e6ea9fdd4c61e287f67 7a77d99f586a4a24a163ae7141265cb3 - - - -] Successfully bumped revision number for resource b3fd3b64-5685-4761-bc9f-6674bcfbd08d (type: router_ports) to 4
2026-03-31 05:55:16.801 10 INFO neutron.wsgi [None req-02652643-ca76-4c8b-a990-259dbd877ecc 038fb46bc9f94e6ea9fdd4c61e287f67 7a77d99f586a4a24a163ae7141265cb3 - - - -] 10.0.0.112 "PUT /v2.0/routers/a08772a3-59bb-45bb-a750-648fa727adf8/add_router_interface HTTP/1.1" status: 200 len: 503 time: 2.1032822 /var/lib/openstack/lib/python3.10/site-packages/pycadf/identifier.py:71: UserWarning: Invalid uuid: neutron. To ensure interoperability, identifiers should be a valid uuid. warnings.warn(('Invalid uuid: %s. To ensure interoperability, '
2026-03-31 05:55:16.910 10 INFO neutron.wsgi [None req-a3acd88e-249e-465d-a305-a43603ec3453 038fb46bc9f94e6ea9fdd4c61e287f67 7a77d99f586a4a24a163ae7141265cb3 - - default default] 10.0.0.112 "GET /v2.0/ports/b3fd3b64-5685-4761-bc9f-6674bcfbd08d HTTP/1.1" status: 200 len: 1220 time: 0.1031058
2026-03-31 05:55:16.937 9 WARNING neutron.scheduler.dhcp_agent_scheduler [None req-870d66a7-0221-40b0-83fb-9a8cb1c172c3 896a3cf892c8447cb4d5384d5fc8ee3e 0d37e78b371d4619821eb681831bd375 - - - -] No more DHCP agents
2026-03-31 05:55:16.944 9 WARNING neutron.api.rpc.agentnotifiers.dhcp_rpc_agent_api [None req-870d66a7-0221-40b0-83fb-9a8cb1c172c3 896a3cf892c8447cb4d5384d5fc8ee3e 0d37e78b371d4619821eb681831bd375 - - - -] Unable to schedule network 9643af62-de3e-45d6-ba23-adc480dde70f: no agents available; will retry on subsequent port and subnet creation events.
2026-03-31 05:55:17.147 9 INFO neutron.db.ovn_revision_numbers_db [None req-870d66a7-0221-40b0-83fb-9a8cb1c172c3 896a3cf892c8447cb4d5384d5fc8ee3e 0d37e78b371d4619821eb681831bd375 - - - -] Successfully bumped revision number for resource 998e5098-6dab-4baa-9b89-aa303b8e618b (type: ports) to 1
2026-03-31 05:55:17.184 9 INFO neutron.wsgi [None req-870d66a7-0221-40b0-83fb-9a8cb1c172c3 896a3cf892c8447cb4d5384d5fc8ee3e 0d37e78b371d4619821eb681831bd375 - - - -] 10.0.0.112 "POST /v2.0/ports HTTP/1.1" status: 201 len: 1154 time: 0.6542990 /var/lib/openstack/lib/python3.10/site-packages/pycadf/identifier.py:71: UserWarning: Invalid uuid: neutron. To ensure interoperability, identifiers should be a valid uuid. warnings.warn(('Invalid uuid: %s. To ensure interoperability, '
2026-03-31 05:55:17.711 9 WARNING neutron.scheduler.dhcp_agent_scheduler [None req-69d63b04-ffc4-4180-8195-d3c49d342533 896a3cf892c8447cb4d5384d5fc8ee3e 0d37e78b371d4619821eb681831bd375 - - - -] No more DHCP agents
2026-03-31 05:55:17.717 9 WARNING neutron.api.rpc.agentnotifiers.dhcp_rpc_agent_api [None req-69d63b04-ffc4-4180-8195-d3c49d342533 896a3cf892c8447cb4d5384d5fc8ee3e 0d37e78b371d4619821eb681831bd375 - - - -] Unable to schedule network 9643af62-de3e-45d6-ba23-adc480dde70f: no agents available; will retry on subsequent port and subnet creation events.
2026-03-31 05:55:17.781 10 INFO neutron.wsgi [None req-b85aa88b-2553-4a3b-9a14-28b3cce42b7e 038fb46bc9f94e6ea9fdd4c61e287f67 7a77d99f586a4a24a163ae7141265cb3 - - - -] 10.0.0.112 "PUT /v2.0/routers/a08772a3-59bb-45bb-a750-648fa727adf8/remove_router_interface HTTP/1.1" status: 200 len: 503 time: 0.8616948 /var/lib/openstack/lib/python3.10/site-packages/pycadf/identifier.py:71: UserWarning: Invalid uuid: neutron. To ensure interoperability, identifiers should be a valid uuid. warnings.warn(('Invalid uuid: %s. To ensure interoperability, '
2026-03-31 05:55:17.884 10 INFO neutron.api.v2.resource [None req-64536a40-6c97-4d8a-8de6-82cf7d345780 038fb46bc9f94e6ea9fdd4c61e287f67 7a77d99f586a4a24a163ae7141265cb3 - - default default] remove_router_interface failed (client error): The resource could not be found.
2026-03-31 05:55:17.886 10 INFO neutron.wsgi [None req-64536a40-6c97-4d8a-8de6-82cf7d345780 038fb46bc9f94e6ea9fdd4c61e287f67 7a77d99f586a4a24a163ae7141265cb3 - - default default] 10.0.0.112 "PUT /v2.0/routers/a08772a3-59bb-45bb-a750-648fa727adf8/remove_router_interface HTTP/1.1" status: 404 len: 398 time: 0.0996482
2026-03-31 05:55:17.892 9 INFO neutron.db.ovn_revision_numbers_db [None req-69d63b04-ffc4-4180-8195-d3c49d342533 896a3cf892c8447cb4d5384d5fc8ee3e 0d37e78b371d4619821eb681831bd375 - - - -] Successfully bumped revision number for resource cbb8e30c-5f2e-46d0-ba33-ab8db3e27734 (type: ports) to 1
2026-03-31 05:55:17.918 9 INFO neutron.wsgi [None req-69d63b04-ffc4-4180-8195-d3c49d342533 896a3cf892c8447cb4d5384d5fc8ee3e 0d37e78b371d4619821eb681831bd375 - - - -] 10.0.0.112 "POST /v2.0/ports HTTP/1.1" status: 201 len: 1153 time: 0.7280085
2026-03-31 05:55:17.924 10 INFO neutron.wsgi [None req-4f55f7ed-082a-4474-8e7e-fffd7823e487 038fb46bc9f94e6ea9fdd4c61e287f67 7a77d99f586a4a24a163ae7141265cb3 - - default default] 10.0.0.112 "GET /v2.0/ports?device_id=a08772a3-59bb-45bb-a750-648fa727adf8 HTTP/1.1" status: 200 len: 205 time: 0.0289090 /var/lib/openstack/lib/python3.10/site-packages/pycadf/identifier.py:71: UserWarning: Invalid uuid: neutron. To ensure interoperability, identifiers should be a valid uuid. warnings.warn(('Invalid uuid: %s. To ensure interoperability, '
2026-03-31 05:55:18.239 10 INFO neutron.wsgi [None req-c956dd3c-3876-44d0-8030-cee4cd559fc4 038fb46bc9f94e6ea9fdd4c61e287f67 7a77d99f586a4a24a163ae7141265cb3 - - - -] 10.0.0.112 "DELETE /v2.0/routers/a08772a3-59bb-45bb-a750-648fa727adf8 HTTP/1.1" status: 204 len: 168 time: 0.3085732
2026-03-31 05:55:18.321 9 WARNING neutron.scheduler.dhcp_agent_scheduler [None req-bd48feb6-facc-4249-865b-baa07a01cf3a 896a3cf892c8447cb4d5384d5fc8ee3e 0d37e78b371d4619821eb681831bd375 - - - -] No more DHCP agents
2026-03-31 05:55:18.323 9 WARNING neutron.api.rpc.agentnotifiers.dhcp_rpc_agent_api [None req-bd48feb6-facc-4249-865b-baa07a01cf3a 896a3cf892c8447cb4d5384d5fc8ee3e 0d37e78b371d4619821eb681831bd375 - - - -] Unable to schedule network 25013cf9-da18-47b4-b35b-f4efa2b2672f: no agents available; will retry on subsequent port and subnet creation events.
2026-03-31 05:55:18.493 10 INFO neutron.wsgi [None req-d765ae33-ca59-4dce-b6a9-738f9b8812dd 038fb46bc9f94e6ea9fdd4c61e287f67 7a77d99f586a4a24a163ae7141265cb3 - - - -] 10.0.0.112 "DELETE /v2.0/subnets/233ef2b0-5959-48d3-85b0-c82b2eb36ac6 HTTP/1.1" status: 204 len: 168 time: 0.2470236
2026-03-31 05:55:18.624 10 WARNING neutron.plugins.ml2.drivers.ovn.mech_driver.ovsdb.ovn_client [None req-c0577559-ae65-4b87-be56-405fa6918704 - - - - - -] No hosting information found for port 3143c223-4b76-4d48-b42d-1e8cfdf6c461: RuntimeError: No hosting information found for port 3143c223-4b76-4d48-b42d-1e8cfdf6c461
2026-03-31 05:55:18.625 10 INFO neutron.plugins.ml2.drivers.ovn.mech_driver.mech_driver [None req-c0577559-ae65-4b87-be56-405fa6918704 - - - - - -] OVN reports status up for port: 7d63a116-b7d9-4204-8656-4d8ff669a296
2026-03-31 05:55:18.650 10 INFO neutron.plugins.ml2.plugin [None req-c0577559-ae65-4b87-be56-405fa6918704 - - - - - -] Attempt 1 to provision port 7d63a116-b7d9-4204-8656-4d8ff669a296
2026-03-31 05:55:18.845 9 INFO neutron.db.l3_db [None req-bd48feb6-facc-4249-865b-baa07a01cf3a 896a3cf892c8447cb4d5384d5fc8ee3e 0d37e78b371d4619821eb681831bd375 - - - -] Floating IP bca0179b-734d-490c-b1ae-8e862eeb3082 associated. External IP: 10.96.250.204, port: cbb8e30c-5f2e-46d0-ba33-ab8db3e27734.
2026-03-31 05:55:18.989 10 INFO neutron.services.segments.plugin [-] Segment 93cc3630-1d8d-4029-af49-88cb1911c3ac resource provider aggregate not found
2026-03-31 05:55:18.994 10 INFO neutron.services.segments.plugin [-] Segment 93cc3630-1d8d-4029-af49-88cb1911c3ac resource provider aggregate not found
2026-03-31 05:55:19.018 10 INFO neutron.services.segments.plugin [-] Segment 93cc3630-1d8d-4029-af49-88cb1911c3ac resource provider not found; error: Placement Client Error (4xx): {"errors": [{"status": 404, "title": "Not Found", "detail": "The resource could not be found.\n\n No resource provider with uuid 93cc3630-1d8d-4029-af49-88cb1911c3ac found for delete ", "request_id": "req-9e70fb04-259a-45e4-b9c1-07b8158a43ce"}]}
2026-03-31 05:55:19.019 10 INFO neutron.services.segments.plugin [-] Segment 93cc3630-1d8d-4029-af49-88cb1911c3ac resource provider not found; error: Placement Client Error (4xx): {"errors": [{"status": 404, "title": "Not Found", "detail": "The resource could not be found.\n\n No resource provider with uuid 93cc3630-1d8d-4029-af49-88cb1911c3ac found for delete ", "request_id": "req-98f33ccd-bf84-4878-8b4d-f97034613e41"}]}
2026-03-31 05:55:19.049 10 INFO neutron.wsgi [None req-7b167a05-dd33-41f6-8ae2-fe61787f0daa 038fb46bc9f94e6ea9fdd4c61e287f67 7a77d99f586a4a24a163ae7141265cb3 - - - -] 10.0.0.112 "DELETE /v2.0/networks/875c654c-548f-4201-a0fc-e59b30815be6 HTTP/1.1" status: 204 len: 168 time: 0.5494373
2026-03-31 05:55:19.079 10 INFO neutron.db.ovn_revision_numbers_db [None req-c0577559-ae65-4b87-be56-405fa6918704 - - - - - -] Successfully bumped revision number for resource 7d63a116-b7d9-4204-8656-4d8ff669a296 (type: ports) to 3
2026-03-31 05:55:19.148 9 INFO neutron.db.ovn_revision_numbers_db [None req-bd48feb6-facc-4249-865b-baa07a01cf3a 896a3cf892c8447cb4d5384d5fc8ee3e 0d37e78b371d4619821eb681831bd375 - - - -] Successfully bumped revision number for resource bca0179b-734d-490c-b1ae-8e862eeb3082 (type: floatingips) to 0
2026-03-31 05:55:19.183 10 INFO neutron.db.segments_db [None req-e3a79f72-587e-4737-b24d-61234520e9cb 038fb46bc9f94e6ea9fdd4c61e287f67 7a77d99f586a4a24a163ae7141265cb3 - - - -] Added segment f0928b04-336b-4f98-bb03-e9ab6feabe88 of type geneve for network b9d936c1-b4e0-4d9b-ab68-206dbfe6eff6
2026-03-31 05:55:19.223 10 INFO neutron.db.ovn_revision_numbers_db [None req-c0577559-ae65-4b87-be56-405fa6918704 - - - - - -] Successfully bumped revision number for resource 7d63a116-b7d9-4204-8656-4d8ff669a296 (type: router_ports) to 3
2026-03-31 05:55:19.224 9 INFO neutron.db.ovn_revision_numbers_db [None req-950abd6a-77e1-4ef9-aa64-96a733691172 b34d968fa3c54e66a91861aeefbdcb3d 116ac56d0cc84a83ac998d1801b5f7bf - - default default] Successfully bumped revision number for resource 2883aca4-54c0-4975-904c-bffe859cec22 (type: security_groups) to 1
2026-03-31 05:55:19.255 9 INFO neutron.wsgi [None req-950abd6a-77e1-4ef9-aa64-96a733691172 b34d968fa3c54e66a91861aeefbdcb3d 116ac56d0cc84a83ac998d1801b5f7bf - - default default] 10.0.0.112 "GET /v2.0/security-groups?tenant_id=d45b2ee03dc94dec97b192df3fc3457e&name=default HTTP/1.1" status: 200 len: 2996 time: 0.4932258
2026-03-31 05:55:19.274 9 INFO neutron.db.ovn_revision_numbers_db [None req-bd48feb6-facc-4249-865b-baa07a01cf3a 896a3cf892c8447cb4d5384d5fc8ee3e 0d37e78b371d4619821eb681831bd375 - - - -] Successfully bumped revision number for resource bca0179b-734d-490c-b1ae-8e862eeb3082 (type: floatingips) to 1
2026-03-31 05:55:19.327 9 INFO neutron.wsgi [None req-bd48feb6-facc-4249-865b-baa07a01cf3a 896a3cf892c8447cb4d5384d5fc8ee3e 0d37e78b371d4619821eb681831bd375 - - - -] 10.0.0.112 "POST /v2.0/floatingips HTTP/1.1" status: 201 len: 1040 time: 1.4029996
2026-03-31 05:55:19.520 9 INFO neutron.db.l3_db [None req-a017fa50-4afd-4581-90b6-0b43cc1990c5 896a3cf892c8447cb4d5384d5fc8ee3e 0d37e78b371d4619821eb681831bd375 - - - -] Floating IP bca0179b-734d-490c-b1ae-8e862eeb3082 disassociated. External IP: 10.96.250.204, port: cbb8e30c-5f2e-46d0-ba33-ab8db3e27734.
2026-03-31 05:55:19.551 9 INFO neutron.db.ovn_revision_numbers_db [None req-a017fa50-4afd-4581-90b6-0b43cc1990c5 896a3cf892c8447cb4d5384d5fc8ee3e 0d37e78b371d4619821eb681831bd375 - - - -] Successfully bumped revision number for resource bca0179b-734d-490c-b1ae-8e862eeb3082 (type: floatingips) to 2
2026-03-31 05:55:19.618 9 INFO neutron.wsgi [None req-c01dfa20-f5ed-4eec-b571-17dc04f5cfa7 b34d968fa3c54e66a91861aeefbdcb3d 116ac56d0cc84a83ac998d1801b5f7bf - - - -] 10.0.0.112 "DELETE /v2.0/security-groups/2883aca4-54c0-4975-904c-bffe859cec22 HTTP/1.1" status: 204 len: 168 time: 0.3568652
2026-03-31 05:55:19.649 9 INFO neutron.wsgi [None req-a017fa50-4afd-4581-90b6-0b43cc1990c5 896a3cf892c8447cb4d5384d5fc8ee3e 0d37e78b371d4619821eb681831bd375 - - - -] 10.0.0.112 "PUT /v2.0/floatingips/bca0179b-734d-490c-b1ae-8e862eeb3082 HTTP/1.1" status: 200 len: 748 time: 0.3142409
2026-03-31 05:55:19.913 10 INFO neutron.db.ovn_revision_numbers_db [None req-e3a79f72-587e-4737-b24d-61234520e9cb 038fb46bc9f94e6ea9fdd4c61e287f67 7a77d99f586a4a24a163ae7141265cb3 - - - -] Successfully bumped revision number for resource b9d936c1-b4e0-4d9b-ab68-206dbfe6eff6 (type: networks) to 1
2026-03-31 05:55:20.074 9 INFO neutron.wsgi [None req-4dc7e5fa-09c1-4ffa-b7f6-b6d9f8db3b60 896a3cf892c8447cb4d5384d5fc8ee3e 0d37e78b371d4619821eb681831bd375 - - - -] 10.0.0.112 "DELETE /v2.0/floatingips/bca0179b-734d-490c-b1ae-8e862eeb3082 HTTP/1.1" status: 204 len: 168 time: 0.4199278
2026-03-31 05:55:20.158 10 WARNING neutron.scheduler.dhcp_agent_scheduler [None req-e3a79f72-587e-4737-b24d-61234520e9cb 038fb46bc9f94e6ea9fdd4c61e287f67 7a77d99f586a4a24a163ae7141265cb3 - - - -] No more DHCP agents
2026-03-31 05:55:20.161 10 WARNING neutron.api.rpc.agentnotifiers.dhcp_rpc_agent_api [None req-e3a79f72-587e-4737-b24d-61234520e9cb 038fb46bc9f94e6ea9fdd4c61e287f67 7a77d99f586a4a24a163ae7141265cb3 - - - -] Unable to schedule network b9d936c1-b4e0-4d9b-ab68-206dbfe6eff6: no agents available; will retry on subsequent port and subnet creation events.
2026-03-31 05:55:20.255 10 INFO neutron.db.ovn_revision_numbers_db [None req-e3a79f72-587e-4737-b24d-61234520e9cb 038fb46bc9f94e6ea9fdd4c61e287f67 7a77d99f586a4a24a163ae7141265cb3 - - - -] Successfully bumped revision number for resource ffb36614-0d67-4449-9ba1-b4ac87e6d20f (type: ports) to 1
2026-03-31 05:55:20.275 10 INFO neutron.wsgi [None req-e3a79f72-587e-4737-b24d-61234520e9cb 038fb46bc9f94e6ea9fdd4c61e287f67 7a77d99f586a4a24a163ae7141265cb3 - - - -] 10.0.0.112 "POST /v2.0/networks HTTP/1.1" status: 201 len: 831 time: 1.2147248
2026-03-31 05:55:20.374 9 WARNING neutron.scheduler.dhcp_agent_scheduler [None req-081b55eb-1144-46c9-a27d-1f46113438b8 896a3cf892c8447cb4d5384d5fc8ee3e 0d37e78b371d4619821eb681831bd375 - - - -] No more DHCP agents
2026-03-31 05:55:20.378 9 WARNING neutron.api.rpc.agentnotifiers.dhcp_rpc_agent_api [None req-081b55eb-1144-46c9-a27d-1f46113438b8 896a3cf892c8447cb4d5384d5fc8ee3e 0d37e78b371d4619821eb681831bd375 - - - -] Unable to schedule network 25013cf9-da18-47b4-b35b-f4efa2b2672f: no agents available; will retry on subsequent port and subnet creation events.
2026-03-31 05:55:20.532 10 WARNING neutron.scheduler.dhcp_agent_scheduler [None req-faecf03a-056e-44d9-aa0b-dafbcdfc38c6 038fb46bc9f94e6ea9fdd4c61e287f67 7a77d99f586a4a24a163ae7141265cb3 - - - -] No more DHCP agents
2026-03-31 05:55:20.534 10 WARNING neutron.api.rpc.agentnotifiers.dhcp_rpc_agent_api [None req-faecf03a-056e-44d9-aa0b-dafbcdfc38c6 038fb46bc9f94e6ea9fdd4c61e287f67 7a77d99f586a4a24a163ae7141265cb3 - - - -] Unable to schedule network b9d936c1-b4e0-4d9b-ab68-206dbfe6eff6: no agents available; will retry on subsequent port and subnet creation events.
2026-03-31 05:55:20.547 10 INFO neutron.db.ovn_revision_numbers_db [None req-faecf03a-056e-44d9-aa0b-dafbcdfc38c6 038fb46bc9f94e6ea9fdd4c61e287f67 7a77d99f586a4a24a163ae7141265cb3 - - - -] Successfully bumped revision number for resource 44253574-2441-46f5-aaba-25aded4b8f38 (type: subnets) to 0
2026-03-31 05:55:20.563 10 INFO neutron.wsgi [None req-faecf03a-056e-44d9-aa0b-dafbcdfc38c6 038fb46bc9f94e6ea9fdd4c61e287f67 7a77d99f586a4a24a163ae7141265cb3 - - - -] 10.0.0.112 "POST /v2.0/subnets HTTP/1.1" status: 201 len: 821 time: 0.2771463
2026-03-31 05:55:20.825 10 INFO neutron.db.ovn_revision_numbers_db [None req-498c77dc-d66a-4502-8d5d-9ea5e41f3ead 038fb46bc9f94e6ea9fdd4c61e287f67 7a77d99f586a4a24a163ae7141265cb3 - - - -] Successfully bumped revision number for resource ad1a5d1c-a382-44a0-b822-b006cad14333 (type: routers) to 1
2026-03-31 05:55:20.841 10 INFO neutron.wsgi [None req-498c77dc-d66a-4502-8d5d-9ea5e41f3ead 038fb46bc9f94e6ea9fdd4c61e287f67 7a77d99f586a4a24a163ae7141265cb3 - - - -] 10.0.0.112 "POST /v2.0/routers HTTP/1.1" status: 201 len: 691 time: 0.2737863
2026-03-31 05:55:20.932 10 INFO neutron.db.ovn_revision_numbers_db [None req-fd5ccf5c-42b9-4e7c-819f-eee14f1fb21f b34d968fa3c54e66a91861aeefbdcb3d 116ac56d0cc84a83ac998d1801b5f7bf - - default default] Successfully bumped revision number for resource dbcafce7-cda2-40b7-8d66-691894f5c6b2 (type: security_groups) to 1
2026-03-31 05:55:20.965 10 INFO neutron.wsgi [None req-fd5ccf5c-42b9-4e7c-819f-eee14f1fb21f b34d968fa3c54e66a91861aeefbdcb3d 116ac56d0cc84a83ac998d1801b5f7bf - - default default] 10.0.0.112 "GET /v2.0/security-groups?tenant_id=1149f91881f74e58aaddcfedc1d72a36&name=default HTTP/1.1" status: 200 len: 2996 time: 0.4525063
2026-03-31 05:55:21.343 9 INFO neutron.db.l3_db [None req-081b55eb-1144-46c9-a27d-1f46113438b8 896a3cf892c8447cb4d5384d5fc8ee3e 0d37e78b371d4619821eb681831bd375 - - - -] Floating IP 8dccfc09-87d1-4077-b8c6-1cb60213427d associated. External IP: 10.96.250.209, port: 998e5098-6dab-4baa-9b89-aa303b8e618b.
2026-03-31 05:55:21.415 10 INFO neutron.wsgi [None req-81652c0b-d4b1-4da6-b0dd-5bb4f1d06c12 b34d968fa3c54e66a91861aeefbdcb3d 116ac56d0cc84a83ac998d1801b5f7bf - - - -] 10.0.0.112 "DELETE /v2.0/security-groups/dbcafce7-cda2-40b7-8d66-691894f5c6b2 HTTP/1.1" status: 204 len: 168 time: 0.4452550
2026-03-31 05:55:21.433 10 WARNING neutron.scheduler.dhcp_agent_scheduler [None req-27dd7e4c-b8b4-4191-8d61-4177b54be834 038fb46bc9f94e6ea9fdd4c61e287f67 7a77d99f586a4a24a163ae7141265cb3 - - default default] No more DHCP agents
2026-03-31 05:55:21.437 10 WARNING neutron.api.rpc.agentnotifiers.dhcp_rpc_agent_api [None req-27dd7e4c-b8b4-4191-8d61-4177b54be834 038fb46bc9f94e6ea9fdd4c61e287f67 7a77d99f586a4a24a163ae7141265cb3 - - default default] Unable to schedule network b9d936c1-b4e0-4d9b-ab68-206dbfe6eff6: no agents available; will retry on subsequent port and subnet creation events.
2026-03-31 05:55:21.536 10 INFO neutron.db.ovn_revision_numbers_db [None req-27dd7e4c-b8b4-4191-8d61-4177b54be834 038fb46bc9f94e6ea9fdd4c61e287f67 7a77d99f586a4a24a163ae7141265cb3 - - default default] Successfully bumped revision number for resource 9f703f4b-0443-4620-8c26-280233f92d94 (type: ports) to 1
2026-03-31 05:55:21.553 9 WARNING neutron.plugins.ml2.drivers.ovn.mech_driver.ovsdb.ovn_client [None req-702d114a-2955-484c-b91d-e9c0669c1cca - - - - - -] No port found with ID b3fd3b64-5685-4761-bc9f-6674bcfbd08d: RuntimeError: No port found with ID b3fd3b64-5685-4761-bc9f-6674bcfbd08d /var/lib/openstack/lib/python3.10/site-packages/pycadf/identifier.py:71: UserWarning: Invalid uuid: neutron. To ensure interoperability, identifiers should be a valid uuid. warnings.warn(('Invalid uuid: %s. To ensure interoperability, '
2026-03-31 05:55:21.669 9 INFO neutron.db.ovn_revision_numbers_db [None req-081b55eb-1144-46c9-a27d-1f46113438b8 896a3cf892c8447cb4d5384d5fc8ee3e 0d37e78b371d4619821eb681831bd375 - - - -] Successfully bumped revision number for resource 8dccfc09-87d1-4077-b8c6-1cb60213427d (type: floatingips) to 0
2026-03-31 05:55:21.810 9 INFO neutron.db.ovn_revision_numbers_db [None req-081b55eb-1144-46c9-a27d-1f46113438b8 896a3cf892c8447cb4d5384d5fc8ee3e 0d37e78b371d4619821eb681831bd375 - - - -] Successfully bumped revision number for resource 8dccfc09-87d1-4077-b8c6-1cb60213427d (type: floatingips) to 1
2026-03-31 05:55:21.832 9 INFO neutron.db.ovn_revision_numbers_db [None req-ff534954-6e89-4de5-94e8-e856f1c170d7 b34d968fa3c54e66a91861aeefbdcb3d 116ac56d0cc84a83ac998d1801b5f7bf - - default default] Successfully bumped revision number for resource 87af290f-578b-4951-ab76-f775df485d16 (type: security_groups) to 1
2026-03-31 05:55:21.868 9 INFO neutron.wsgi [None req-081b55eb-1144-46c9-a27d-1f46113438b8 896a3cf892c8447cb4d5384d5fc8ee3e 0d37e78b371d4619821eb681831bd375 - - - -] 10.0.0.112 "POST /v2.0/floatingips HTTP/1.1" status: 201 len: 1041 time: 1.7870142
