2026-03-31 05:54:53.224 9 INFO neutron.pecan_wsgi.hooks.translation [None req-9f946b86-00f9-4f2d-bfb6-4eb4de00d3c2 dab651a14a9445918d41b3df5ae830bd c86a5afacb654f1193a3e8b6fa362733 - - default default] GET failed (client error): The resource could not be found.
2026-03-31 05:54:53.226 9 INFO neutron.wsgi [None req-9f946b86-00f9-4f2d-bfb6-4eb4de00d3c2 dab651a14a9445918d41b3df5ae830bd c86a5afacb654f1193a3e8b6fa362733 - - default default] 10.0.0.112 "GET /v2.0/ports/7ca0299e-604a-4ece-921b-587ae934a6e4 HTTP/1.1" status: 404 len: 333 time: 0.0235963
2026-03-31 05:54:53.456 10 INFO neutron.wsgi [None req-40bfb5b3-7e6b-443a-bc00-ff89db7b1e17 dab651a14a9445918d41b3df5ae830bd c86a5afacb654f1193a3e8b6fa362733 - - - -] 10.0.0.112 "DELETE /v2.0/subnets/4a176c06-15f7-4a2c-bc43-926b05abe55e HTTP/1.1" status: 204 len: 168 time: 0.2240467
2026-03-31 05:54:53.549 9 INFO neutron.wsgi [None req-9d4ee4eb-15ca-46da-b98c-0ad4fbf40aec 3ab2f19c453c48faa895ccf85b72784f b1ec0786afcf4742832033802537fd14 - - - -] 10.0.0.112 "DELETE /v2.0/ports/ff25c094-2bf6-44f3-bcf0-c1c03709ca8a HTTP/1.1" status: 204 len: 168 time: 0.4612682
2026-03-31 05:54:53.580 9 INFO neutron.pecan_wsgi.hooks.translation [None req-9da5d337-b239-41ef-ad2c-8ba957bfab97 3ab2f19c453c48faa895ccf85b72784f b1ec0786afcf4742832033802537fd14 - - default default] GET failed (client error): The resource could not be found.
2026-03-31 05:54:53.582 9 INFO neutron.wsgi [None req-9da5d337-b239-41ef-ad2c-8ba957bfab97 3ab2f19c453c48faa895ccf85b72784f b1ec0786afcf4742832033802537fd14 - - default default] 10.0.0.112 "GET /v2.0/ports/ff25c094-2bf6-44f3-bcf0-c1c03709ca8a HTTP/1.1" status: 404 len: 333 time: 0.0276949
2026-03-31 05:54:53.843 9 INFO neutron.wsgi [None req-c0d3d8bb-d883-4a54-ad84-b9fabf7307af 3ab2f19c453c48faa895ccf85b72784f b1ec0786afcf4742832033802537fd14 - - - -] 10.0.0.112 "DELETE /v2.0/subnets/aa9fae4b-31ba-47bc-940a-d8daa5974918 HTTP/1.1" status: 204 len: 168 time: 0.2545202
2026-03-31 05:54:53.916 10 INFO neutron.services.segments.plugin [-] Segment 0f04b6aa-efcc-4a1a-86c4-6213f7c9bcf2 resource provider aggregate not found
2026-03-31 05:54:53.921 10 INFO neutron.services.segments.plugin [-] Segment 0f04b6aa-efcc-4a1a-86c4-6213f7c9bcf2 resource provider aggregate not found
2026-03-31 05:54:53.942 10 INFO neutron.services.segments.plugin [-] Segment 0f04b6aa-efcc-4a1a-86c4-6213f7c9bcf2 resource provider not found; error: Placement Client Error (4xx): {"errors": [{"status": 404, "title": "Not Found", "detail": "The resource could not be found.\n\n No resource provider with uuid 0f04b6aa-efcc-4a1a-86c4-6213f7c9bcf2 found for delete ", "request_id": "req-016ec997-442f-4781-bc37-39c6cd28f01e"}]}
2026-03-31 05:54:53.943 10 INFO neutron.services.segments.plugin [-] Segment 0f04b6aa-efcc-4a1a-86c4-6213f7c9bcf2 resource provider not found; error: Placement Client Error (4xx): {"errors": [{"status": 404, "title": "Not Found", "detail": "The resource could not be found.\n\n No resource provider with uuid 0f04b6aa-efcc-4a1a-86c4-6213f7c9bcf2 found for delete ", "request_id": "req-e11906e9-38cd-4558-93d5-8b26f697f635"}]}
2026-03-31 05:54:53.961 10 INFO neutron.wsgi [None req-6b8e91dc-d652-44e0-829a-780bf5358dfd dab651a14a9445918d41b3df5ae830bd c86a5afacb654f1193a3e8b6fa362733 - - - -] 10.0.0.112 "DELETE /v2.0/networks/7f1e6571-fa97-4bee-8c63-18c7fc913a9a HTTP/1.1" status: 204 len: 168 time: 0.4991934
2026-03-31 05:54:54.385 9 WARNING neutron.scheduler.dhcp_agent_scheduler [None req-180c5d95-9e7c-4692-92b6-a82c0ef58267 dab651a14a9445918d41b3df5ae830bd c86a5afacb654f1193a3e8b6fa362733 - - - -] No more DHCP agents
2026-03-31 05:54:54.388 9 WARNING neutron.api.rpc.agentnotifiers.dhcp_rpc_agent_api [None req-180c5d95-9e7c-4692-92b6-a82c0ef58267 dab651a14a9445918d41b3df5ae830bd c86a5afacb654f1193a3e8b6fa362733 - - - -] Unable to schedule network db3313c1-2a4b-4c93-ae75-fc2b665aebde: no agents available; will retry on subsequent port and subnet creation events.
2026-03-31 05:54:54.452 9 INFO neutron.services.segments.plugin [-] Segment 880164ac-793c-4be9-97bd-73537d6742a6 resource provider aggregate not found
2026-03-31 05:54:54.458 9 INFO neutron.services.segments.plugin [-] Segment 880164ac-793c-4be9-97bd-73537d6742a6 resource provider aggregate not found
2026-03-31 05:54:54.496 9 INFO neutron.services.segments.plugin [-] Segment 880164ac-793c-4be9-97bd-73537d6742a6 resource provider not found; error: Placement Client Error (4xx): {"errors": [{"status": 404, "title": "Not Found", "detail": "The resource could not be found.\n\n No resource provider with uuid 880164ac-793c-4be9-97bd-73537d6742a6 found for delete ", "request_id": "req-e1aafe39-f75d-40de-a46f-da89fe80a736"}]}
2026-03-31 05:54:54.497 9 INFO neutron.services.segments.plugin [-] Segment 880164ac-793c-4be9-97bd-73537d6742a6 resource provider not found; error: Placement Client Error (4xx): {"errors": [{"status": 404, "title": "Not Found", "detail": "The resource could not be found.\n\n No resource provider with uuid 880164ac-793c-4be9-97bd-73537d6742a6 found for delete ", "request_id": "req-0a807da0-d2ba-45f0-93db-54563d5a82a2"}]}
2026-03-31 05:54:54.533 9 INFO neutron.wsgi [None req-b79e5965-24a5-4671-badf-3179c049b6f2 3ab2f19c453c48faa895ccf85b72784f b1ec0786afcf4742832033802537fd14 - - - -] 10.0.0.112 "DELETE /v2.0/networks/4ea56291-4fcf-4d9f-ab7b-4d90a66894d7 HTTP/1.1" status: 204 len: 168 time: 0.6826553
2026-03-31 05:54:54.546 9 INFO neutron.db.ovn_revision_numbers_db [None req-180c5d95-9e7c-4692-92b6-a82c0ef58267 dab651a14a9445918d41b3df5ae830bd c86a5afacb654f1193a3e8b6fa362733 - - - -] Successfully bumped revision number for resource 644ef045-6a61-47b0-bfca-5c3b83dfff8b (type: ports) to 1
2026-03-31 05:54:54.575 9 INFO neutron.wsgi [None req-180c5d95-9e7c-4692-92b6-a82c0ef58267 dab651a14a9445918d41b3df5ae830bd c86a5afacb654f1193a3e8b6fa362733 - - - -] 10.0.0.112 "POST /v2.0/ports HTTP/1.1" status: 201 len: 978 time: 0.6057875 /var/lib/openstack/lib/python3.10/site-packages/pycadf/identifier.py:71: UserWarning: Invalid uuid: neutron. To ensure interoperability, identifiers should be a valid uuid. warnings.warn(('Invalid uuid: %s. To ensure interoperability, '
2026-03-31 05:54:54.791 10 INFO neutron.wsgi [-] 10.0.0.32 "GET / HTTP/1.1" status: 200 len: 247 time: 0.0020528
2026-03-31 05:54:54.793 10 INFO neutron.wsgi [-] 10.0.0.32 "GET / HTTP/1.1" status: 200 len: 247 time: 0.0010951
2026-03-31 05:54:54.836 10 WARNING neutron.scheduler.dhcp_agent_scheduler [None req-4060b597-4a99-4488-b53a-49ad4f7a7c98 3ab2f19c453c48faa895ccf85b72784f b1ec0786afcf4742832033802537fd14 - - - -] No more DHCP agents
2026-03-31 05:54:54.838 10 WARNING neutron.api.rpc.agentnotifiers.dhcp_rpc_agent_api [None req-4060b597-4a99-4488-b53a-49ad4f7a7c98 3ab2f19c453c48faa895ccf85b72784f b1ec0786afcf4742832033802537fd14 - - - -] Unable to schedule network 8fe6feda-b1e6-4c3f-bf01-8c801499767b: no agents available; will retry on subsequent port and subnet creation events.
2026-03-31 05:54:54.874 9 INFO neutron.db.ovn_revision_numbers_db [None req-abbe2cfd-7d70-4340-a980-46458097e1de dab651a14a9445918d41b3df5ae830bd c86a5afacb654f1193a3e8b6fa362733 - - - -] Successfully bumped revision number for resource 644ef045-6a61-47b0-bfca-5c3b83dfff8b (type: ports) to 2
2026-03-31 05:54:54.888 9 INFO neutron.wsgi [None req-abbe2cfd-7d70-4340-a980-46458097e1de dab651a14a9445918d41b3df5ae830bd c86a5afacb654f1193a3e8b6fa362733 - - - -] 10.0.0.112 "PUT /v2.0/ports/644ef045-6a61-47b0-bfca-5c3b83dfff8b HTTP/1.1" status: 200 len: 946 time: 0.3081746 /var/lib/openstack/lib/python3.10/site-packages/pycadf/identifier.py:71: UserWarning: Invalid uuid: neutron. To ensure interoperability, identifiers should be a valid uuid. warnings.warn(('Invalid uuid: %s. To ensure interoperability, '
2026-03-31 05:54:54.910 10 INFO neutron.db.ovn_revision_numbers_db [None req-f968fb4e-dbfd-4d92-bd3a-e7f5a24133cc b34d968fa3c54e66a91861aeefbdcb3d 116ac56d0cc84a83ac998d1801b5f7bf - - default default] Successfully bumped revision number for resource c94f2b8c-2eb8-468b-a85b-ceb8b76cb447 (type: security_groups) to 1
2026-03-31 05:54:54.947 10 INFO neutron.wsgi [None req-f968fb4e-dbfd-4d92-bd3a-e7f5a24133cc b34d968fa3c54e66a91861aeefbdcb3d 116ac56d0cc84a83ac998d1801b5f7bf - - default default] 10.0.0.112 "GET /v2.0/security-groups?tenant_id=aeeefc3d0c694140816403cf5cd0aa9d&name=default HTTP/1.1" status: 200 len: 2996 time: 0.5089433 /var/lib/openstack/lib/python3.10/site-packages/pycadf/identifier.py:71: UserWarning: Invalid uuid: neutron. To ensure interoperability, identifiers should be a valid uuid. warnings.warn(('Invalid uuid: %s. To ensure interoperability, '
2026-03-31 05:54:54.972 10 INFO neutron.db.ovn_revision_numbers_db [None req-4060b597-4a99-4488-b53a-49ad4f7a7c98 3ab2f19c453c48faa895ccf85b72784f b1ec0786afcf4742832033802537fd14 - - - -] Successfully bumped revision number for resource 79b3cfc0-bd95-46bc-a9fa-8136570534f4 (type: ports) to 1
2026-03-31 05:54:55.007 10 INFO neutron.wsgi [None req-4060b597-4a99-4488-b53a-49ad4f7a7c98 3ab2f19c453c48faa895ccf85b72784f b1ec0786afcf4742832033802537fd14 - - - -] 10.0.0.112 "POST /v2.0/ports HTTP/1.1" status: 201 len: 973 time: 0.4670599
2026-03-31 05:54:55.194 9 INFO neutron.wsgi [None req-efab98ae-cf92-45c6-b851-2fcc2684a8a9 dab651a14a9445918d41b3df5ae830bd c86a5afacb654f1193a3e8b6fa362733 - - - -] 10.0.0.112 "DELETE /v2.0/ports/644ef045-6a61-47b0-bfca-5c3b83dfff8b HTTP/1.1" status: 204 len: 168 time: 0.3005233
2026-03-31 05:54:55.279 10 INFO neutron.wsgi [None req-0afc42e7-087e-464a-8331-343cabc28ad3 b34d968fa3c54e66a91861aeefbdcb3d 116ac56d0cc84a83ac998d1801b5f7bf - - - -] 10.0.0.112 "DELETE /v2.0/security-groups/c94f2b8c-2eb8-468b-a85b-ceb8b76cb447 HTTP/1.1" status: 204 len: 168 time: 0.3252981
2026-03-31 05:54:55.305 10 INFO neutron.db.ovn_revision_numbers_db [None req-f4bda30c-98dc-42fc-bea5-01e39f0957ac 3ab2f19c453c48faa895ccf85b72784f b1ec0786afcf4742832033802537fd14 - - - -] Successfully bumped revision number for resource 79b3cfc0-bd95-46bc-a9fa-8136570534f4 (type: ports) to 2
2026-03-31 05:54:55.317 10 INFO neutron.wsgi [None req-f4bda30c-98dc-42fc-bea5-01e39f0957ac 3ab2f19c453c48faa895ccf85b72784f b1ec0786afcf4742832033802537fd14 - - - -] 10.0.0.112 "PUT /v2.0/ports/79b3cfc0-bd95-46bc-a9fa-8136570534f4 HTTP/1.1" status: 200 len: 946 time: 0.3053265 /var/lib/openstack/lib/python3.10/site-packages/pycadf/identifier.py:71: UserWarning: Invalid uuid: neutron. To ensure interoperability, identifiers should be a valid uuid. warnings.warn(('Invalid uuid: %s. To ensure interoperability, '
2026-03-31 05:54:55.648 10 INFO neutron.db.ovn_revision_numbers_db [None req-fa4f3158-d6ac-4d01-9b5c-7885b4ea651b b34d968fa3c54e66a91861aeefbdcb3d 116ac56d0cc84a83ac998d1801b5f7bf - - default default] Successfully bumped revision number for resource 3e97f93b-6762-43c3-8b28-a4a5dc3b5439 (type: security_groups) to 1
2026-03-31 05:54:55.665 10 INFO neutron.wsgi [None req-61395564-d115-4122-8fba-035ffc94831d 3ab2f19c453c48faa895ccf85b72784f b1ec0786afcf4742832033802537fd14 - - - -] 10.0.0.112 "DELETE /v2.0/ports/79b3cfc0-bd95-46bc-a9fa-8136570534f4 HTTP/1.1" status: 204 len: 168 time: 0.3417926
2026-03-31 05:54:55.675 10 INFO neutron.wsgi [None req-fa4f3158-d6ac-4d01-9b5c-7885b4ea651b b34d968fa3c54e66a91861aeefbdcb3d 116ac56d0cc84a83ac998d1801b5f7bf - - default default] 10.0.0.112 "GET /v2.0/security-groups?tenant_id=6cb283d3ac0f4aee80cd5c85d2e93c4f&name=default HTTP/1.1" status: 200 len: 2996 time: 0.2388813
2026-03-31 05:54:55.750 9 INFO neutron.wsgi [None req-c09be8e8-5a06-4181-be22-fceadb271eae dab651a14a9445918d41b3df5ae830bd c86a5afacb654f1193a3e8b6fa362733 - - default default] 10.0.0.112 "GET /v2.0/ports HTTP/1.1" status: 200 len: 1732 time: 0.5501037
2026-03-31 05:54:55.775 9 INFO neutron.pecan_wsgi.hooks.translation [None req-488c1d69-d1bb-48d8-9c0f-6ae68528d08b dab651a14a9445918d41b3df5ae830bd c86a5afacb654f1193a3e8b6fa362733 - - default default] GET failed (client error): The resource could not be found.
2026-03-31 05:54:55.777 9 INFO neutron.wsgi [None req-488c1d69-d1bb-48d8-9c0f-6ae68528d08b dab651a14a9445918d41b3df5ae830bd c86a5afacb654f1193a3e8b6fa362733 - - default default] 10.0.0.112 "GET /v2.0/ports/644ef045-6a61-47b0-bfca-5c3b83dfff8b HTTP/1.1" status: 404 len: 333 time: 0.0221791
2026-03-31 05:54:55.837 9 INFO neutron.wsgi [None req-3737d1db-cf4e-481f-b0bd-64643b92ed11 dab651a14a9445918d41b3df5ae830bd c86a5afacb654f1193a3e8b6fa362733 - - default default] 10.0.0.112 "GET /v2.0/ports HTTP/1.1" status: 200 len: 1732 time: 0.0552981
2026-03-31 05:54:55.883 9 INFO neutron.wsgi [None req-4558580b-d707-47f9-a82c-72eec8d9cd3d dab651a14a9445918d41b3df5ae830bd c86a5afacb654f1193a3e8b6fa362733 - - default default] 10.0.0.112 "GET /v2.0/ports/ccbfea92-2eba-46aa-b73f-b00bc05bb470 HTTP/1.1" status: 200 len: 972 time: 0.0377254
2026-03-31 05:54:55.913 9 INFO neutron.pecan_wsgi.hooks.translation [None req-19fe2397-f202-4170-b4d7-6ccea20b9024 dab651a14a9445918d41b3df5ae830bd c86a5afacb654f1193a3e8b6fa362733 - - - -] DELETE failed (client error): The resource could not be found.
2026-03-31 05:54:55.916 9 INFO neutron.wsgi [None req-19fe2397-f202-4170-b4d7-6ccea20b9024 dab651a14a9445918d41b3df5ae830bd c86a5afacb654f1193a3e8b6fa362733 - - - -] 10.0.0.112 "DELETE /v2.0/ports/7ca0299e-604a-4ece-921b-587ae934a6e4 HTTP/1.1" status: 404 len: 333 time: 0.0271111
2026-03-31 05:54:55.944 9 INFO neutron.pecan_wsgi.hooks.translation [None req-a52c5838-d44c-4902-8635-e5904910daa3 dab651a14a9445918d41b3df5ae830bd c86a5afacb654f1193a3e8b6fa362733 - - - -] DELETE failed (client error): The resource could not be found.
2026-03-31 05:54:55.948 9 INFO neutron.wsgi [None req-a52c5838-d44c-4902-8635-e5904910daa3 dab651a14a9445918d41b3df5ae830bd c86a5afacb654f1193a3e8b6fa362733 - - - -] 10.0.0.112 "DELETE /v2.0/subnets/4a176c06-15f7-4a2c-bc43-926b05abe55e HTTP/1.1" status: 404 len: 337 time: 0.0268011
2026-03-31 05:54:55.974 9 INFO neutron.pecan_wsgi.hooks.translation [None req-83242a9d-0fcb-444f-bbcf-0d3dbe40b315 dab651a14a9445918d41b3df5ae830bd c86a5afacb654f1193a3e8b6fa362733 - - - -] DELETE failed (client error): The resource could not be found.
2026-03-31 05:54:55.978 9 INFO neutron.wsgi [None req-83242a9d-0fcb-444f-bbcf-0d3dbe40b315 dab651a14a9445918d41b3df5ae830bd c86a5afacb654f1193a3e8b6fa362733 - - - -] 10.0.0.112 "DELETE /v2.0/subnets/ebc92ebe-e924-4705-b20b-a1eda6b9cea7 HTTP/1.1" status: 404 len: 337 time: 0.0243323
2026-03-31 05:54:56.189 10 INFO neutron.wsgi [None req-d02e7117-66de-4b4a-a86c-336a75902679 3ab2f19c453c48faa895ccf85b72784f b1ec0786afcf4742832033802537fd14 - - default default] 10.0.0.112 "GET /v2.0/ports HTTP/1.1" status: 200 len: 1727 time: 0.5165646
2026-03-31 05:54:56.218 9 INFO neutron.pecan_wsgi.hooks.translation [None req-a2a4f33a-0b00-4068-8b98-59d96f490293 3ab2f19c453c48faa895ccf85b72784f b1ec0786afcf4742832033802537fd14 - - default default] GET failed (client error): The resource could not be found.
2026-03-31 05:54:56.220 9 INFO neutron.wsgi [None req-a2a4f33a-0b00-4068-8b98-59d96f490293 3ab2f19c453c48faa895ccf85b72784f b1ec0786afcf4742832033802537fd14 - - default default] 10.0.0.112 "GET /v2.0/ports/79b3cfc0-bd95-46bc-a9fa-8136570534f4 HTTP/1.1" status: 404 len: 333 time: 0.0232365
2026-03-31 05:54:56.326 9 INFO neutron.wsgi [None req-6b0fa3d0-294f-4bf6-a6c2-c29d7bcf2602 3ab2f19c453c48faa895ccf85b72784f b1ec0786afcf4742832033802537fd14 - - default default] 10.0.0.112 "GET /v2.0/ports HTTP/1.1" status: 200 len: 1727 time: 0.0980847
2026-03-31 05:54:56.338 9 INFO neutron.wsgi [None req-8ce88c1b-55f0-4b49-942a-fc44fa20206a dab651a14a9445918d41b3df5ae830bd c86a5afacb654f1193a3e8b6fa362733 - - - -] 10.0.0.112 "DELETE /v2.0/ports/ccbfea92-2eba-46aa-b73f-b00bc05bb470 HTTP/1.1" status: 204 len: 168 time: 0.3546870
2026-03-31 05:54:56.342 10 INFO neutron.wsgi [None req-4d0f50b0-062b-4fe7-80cd-c0a9d038d668 b34d968fa3c54e66a91861aeefbdcb3d 116ac56d0cc84a83ac998d1801b5f7bf - - - -] 10.0.0.112 "DELETE /v2.0/security-groups/3e97f93b-6762-43c3-8b28-a4a5dc3b5439 HTTP/1.1" status: 204 len: 168 time: 0.6617246
2026-03-31 05:54:56.387 9 INFO neutron.wsgi [None req-9fe307bf-0e3c-4a8f-997a-81b5456fc5da 3ab2f19c453c48faa895ccf85b72784f b1ec0786afcf4742832033802537fd14 - - default default] 10.0.0.112 "GET /v2.0/ports/9a723d18-4898-420e-aebe-bda758f6af58 HTTP/1.1" status: 200 len: 967 time: 0.0523264
2026-03-31 05:54:56.415 10 INFO neutron.pecan_wsgi.hooks.translation [None req-5df70962-7d5e-4add-b18f-fc4d1fce0e15 3ab2f19c453c48faa895ccf85b72784f b1ec0786afcf4742832033802537fd14 - - - -] DELETE failed (client error): The resource could not be found.
2026-03-31 05:54:56.418 10 INFO neutron.wsgi [None req-5df70962-7d5e-4add-b18f-fc4d1fce0e15 3ab2f19c453c48faa895ccf85b72784f b1ec0786afcf4742832033802537fd14 - - - -] 10.0.0.112 "DELETE /v2.0/ports/ff25c094-2bf6-44f3-bcf0-c1c03709ca8a HTTP/1.1" status: 404 len: 333 time: 0.0237970
2026-03-31 05:54:56.456 9 INFO neutron.pecan_wsgi.hooks.translation [None req-7a5c8294-7367-4d84-b383-8f39c6f966da 3ab2f19c453c48faa895ccf85b72784f b1ec0786afcf4742832033802537fd14 - - - -] DELETE failed (client error): The resource could not be found.
2026-03-31 05:54:56.459 9 INFO neutron.wsgi [None req-7a5c8294-7367-4d84-b383-8f39c6f966da 3ab2f19c453c48faa895ccf85b72784f b1ec0786afcf4742832033802537fd14 - - - -] 10.0.0.112 "DELETE /v2.0/subnets/aa9fae4b-31ba-47bc-940a-d8daa5974918 HTTP/1.1" status: 404 len: 337 time: 0.0348382
2026-03-31 05:54:56.486 9 INFO neutron.pecan_wsgi.hooks.translation [None req-85298e35-da53-4ad8-a74c-ca49d7b3ec15 3ab2f19c453c48faa895ccf85b72784f b1ec0786afcf4742832033802537fd14 - - - -] DELETE failed (client error): The resource could not be found.
2026-03-31 05:54:56.489 9 INFO neutron.wsgi [None req-85298e35-da53-4ad8-a74c-ca49d7b3ec15 3ab2f19c453c48faa895ccf85b72784f b1ec0786afcf4742832033802537fd14 - - - -] 10.0.0.112 "DELETE /v2.0/subnets/6d52711d-871b-498a-81ab-8acd13fe9b50 HTTP/1.1" status: 404 len: 337 time: 0.0221910
2026-03-31 05:54:56.817 9 INFO neutron.services.segments.plugin [-] Segment 34ca9c42-4447-4360-b84d-3afc37ba220c resource provider aggregate not found
2026-03-31 05:54:56.824 9 INFO neutron.services.segments.plugin [-] Segment 34ca9c42-4447-4360-b84d-3afc37ba220c resource provider aggregate not found
2026-03-31 05:54:56.844 10 INFO neutron.wsgi [None req-6f9fc719-5a81-443e-ad88-b4081edf06c9 3ab2f19c453c48faa895ccf85b72784f b1ec0786afcf4742832033802537fd14 - - - -] 10.0.0.112 "DELETE /v2.0/ports/9a723d18-4898-420e-aebe-bda758f6af58 HTTP/1.1" status: 204 len: 168 time: 0.3484964
2026-03-31 05:54:56.863 9 INFO neutron.services.segments.plugin [-] Segment 34ca9c42-4447-4360-b84d-3afc37ba220c resource provider not found; error: Placement Client Error (4xx): {"errors": [{"status": 404, "title": "Not Found", "detail": "The resource could not be found.\n\n No resource provider with uuid 34ca9c42-4447-4360-b84d-3afc37ba220c found for delete ", "request_id": "req-59e1ec46-259b-46e3-8eb2-f2d097067bb4"}]}
2026-03-31 05:54:56.863 9 INFO neutron.services.segments.plugin [-] Segment 34ca9c42-4447-4360-b84d-3afc37ba220c resource provider not found; error: Placement Client Error (4xx): {"errors": [{"status": 404, "title": "Not Found", "detail": "The resource could not be found.\n\n No resource provider with uuid 34ca9c42-4447-4360-b84d-3afc37ba220c found for delete ", "request_id": "req-377adfe7-00f1-4cbd-86c5-74e974d29a5e"}]}
2026-03-31 05:54:56.913 9 INFO neutron.wsgi [None req-d979806e-2749-4a28-a7b3-9922ab5424db dab651a14a9445918d41b3df5ae830bd c86a5afacb654f1193a3e8b6fa362733 - - - -] 10.0.0.112 "DELETE /v2.0/networks/db3313c1-2a4b-4c93-ae75-fc2b665aebde HTTP/1.1" status: 204 len: 168 time: 0.5686092
2026-03-31 05:54:57.239 10 INFO neutron.services.segments.plugin [-] Segment 9473fe88-d9e3-406e-b7dc-0eb6303959a9 resource provider aggregate not found
2026-03-31 05:54:57.243 10 INFO neutron.services.segments.plugin [-] Segment 9473fe88-d9e3-406e-b7dc-0eb6303959a9 resource provider aggregate not found
2026-03-31 05:54:57.269 10 INFO neutron.services.segments.plugin [-] Segment 9473fe88-d9e3-406e-b7dc-0eb6303959a9 resource provider not found; error: Placement Client Error (4xx): {"errors": [{"status": 404, "title": "Not Found", "detail": "The resource could not be found.\n\n No resource provider with uuid 9473fe88-d9e3-406e-b7dc-0eb6303959a9 found for delete ", "request_id": "req-a3dc65f4-2a87-4da7-aa85-95320ed28a0e"}]}
2026-03-31 05:54:57.270 10 INFO neutron.services.segments.plugin [-] Segment 9473fe88-d9e3-406e-b7dc-0eb6303959a9 resource provider not found; error: Placement Client Error (4xx): {"errors": [{"status": 404, "title": "Not Found", "detail": "The resource could not be found.\n\n No resource provider with uuid 9473fe88-d9e3-406e-b7dc-0eb6303959a9 found for delete ", "request_id": "req-5fabd152-c6ec-4bf6-978e-3abe3f3f1e8a"}]}
2026-03-31 05:54:57.296 10 INFO neutron.wsgi [None req-5081f6dd-6893-42be-bcfe-fee94f4eb3d4 3ab2f19c453c48faa895ccf85b72784f b1ec0786afcf4742832033802537fd14 - - - -] 10.0.0.112 "DELETE /v2.0/networks/8fe6feda-b1e6-4c3f-bf01-8c801499767b HTTP/1.1" status: 204 len: 168 time: 0.4450064
2026-03-31 05:54:57.484 9 INFO neutron.db.ovn_revision_numbers_db [None req-e5268d7f-ad89-4ce6-8677-da96699a008d b34d968fa3c54e66a91861aeefbdcb3d 116ac56d0cc84a83ac998d1801b5f7bf - - default default] Successfully bumped revision number for resource a9a1b778-a8cd-4bfd-9f3a-122b6236f7d8 (type: security_groups) to 1
2026-03-31 05:54:57.510 9 INFO neutron.wsgi [None req-e5268d7f-ad89-4ce6-8677-da96699a008d b34d968fa3c54e66a91861aeefbdcb3d 116ac56d0cc84a83ac998d1801b5f7bf - - default default] 10.0.0.112 "GET /v2.0/security-groups?tenant_id=af6b245bfe694feba38ce8a1a4dcd42f&name=default HTTP/1.1" status: 200 len: 2996 time: 0.3475788
2026-03-31 05:54:57.726 9 INFO neutron.wsgi [None req-7b5cba9f-30ef-43ee-9696-f65546c8c1ec b34d968fa3c54e66a91861aeefbdcb3d 116ac56d0cc84a83ac998d1801b5f7bf - - - -] 10.0.0.112 "DELETE /v2.0/security-groups/a9a1b778-a8cd-4bfd-9f3a-122b6236f7d8 HTTP/1.1" status: 204 len: 168 time: 0.2109504
2026-03-31 05:54:57.730 9 INFO neutron.wsgi [None req-d3afa267-ee21-49f4-be65-eb03cf53b36b b34d968fa3c54e66a91861aeefbdcb3d 116ac56d0cc84a83ac998d1801b5f7bf - - default default] 10.0.0.112 "GET /v2.0/security-groups?tenant_id=c86a5afacb654f1193a3e8b6fa362733&name=default HTTP/1.1" status: 200 len: 2996 time: 0.2814858
2026-03-31 05:54:57.821 9 INFO neutron.wsgi [None req-4cdeaf81-57d7-4c21-b2c5-ac805922653f b34d968fa3c54e66a91861aeefbdcb3d 116ac56d0cc84a83ac998d1801b5f7bf - - default default] 10.0.0.112 "GET /v2.0/security-groups?tenant_id=b1ec0786afcf4742832033802537fd14&name=default HTTP/1.1" status: 200 len: 2996 time: 0.0812562
2026-03-31 05:54:57.921 10 INFO neutron.wsgi [None req-f8ed1a0d-ca29-49c4-8cdf-8e60fa247c91 b34d968fa3c54e66a91861aeefbdcb3d 116ac56d0cc84a83ac998d1801b5f7bf - - - -] 10.0.0.112 "DELETE /v2.0/security-groups/334dfc08-2383-4075-aa21-14c3dc23513c HTTP/1.1" status: 204 len: 168 time: 0.1856914
2026-03-31 05:54:57.958 10 INFO neutron.db.ovn_revision_numbers_db [None req-d5d25233-bbbb-4887-ade7-8ec0933a9310 b34d968fa3c54e66a91861aeefbdcb3d 116ac56d0cc84a83ac998d1801b5f7bf - - default default] Successfully bumped revision number for resource 00f7ddd6-6eaa-4729-8096-f1b52bac65ee (type: security_groups) to 1
2026-03-31 05:54:57.987 10 INFO neutron.wsgi [None req-d5d25233-bbbb-4887-ade7-8ec0933a9310 b34d968fa3c54e66a91861aeefbdcb3d 116ac56d0cc84a83ac998d1801b5f7bf - - default default] 10.0.0.112 "GET /v2.0/security-groups?tenant_id=a39d434a111c405c81036b603610f734&name=default HTTP/1.1" status: 200 len: 2996 time: 0.1284132
2026-03-31 05:54:58.068 9 INFO neutron.wsgi [None req-258665d6-e700-4643-92c9-8ebecba4718d b34d968fa3c54e66a91861aeefbdcb3d 116ac56d0cc84a83ac998d1801b5f7bf - - - -] 10.0.0.112 "DELETE /v2.0/security-groups/17dab55a-3a8b-48c9-94f6-966fd6eae50b HTTP/1.1" status: 204 len: 168 time: 0.2416487
2026-03-31 05:54:58.190 10 INFO neutron.wsgi [None req-1ef67fdf-6cb5-4bdf-87fb-6cb867eebca3 b34d968fa3c54e66a91861aeefbdcb3d 116ac56d0cc84a83ac998d1801b5f7bf - - - -] 10.0.0.112 "DELETE /v2.0/security-groups/00f7ddd6-6eaa-4729-8096-f1b52bac65ee HTTP/1.1" status: 204 len: 168 time: 0.1968963
2026-03-31 05:55:00.411 10 INFO neutron.db.ovn_revision_numbers_db [None req-b5d71093-766e-42e2-8ba0-b389f3bcca42 038fb46bc9f94e6ea9fdd4c61e287f67 7a77d99f586a4a24a163ae7141265cb3 - - - -] Successfully bumped revision number for resource 97e9fb69-0210-4e49-abb3-83021709f655 (type: security_groups) to 1
2026-03-31 05:55:00.447 9 INFO neutron.db.ovn_revision_numbers_db [None req-73e87550-5a21-4f77-8fc5-55d5f1b70c0d a8a346a0cda343c4a7e4d9fa9ad64df9 99665f9bb9d34938ac8a75aae42f484a - - - -] Successfully bumped revision number for resource fcb45f12-089a-4d0d-93f6-2e185da532ca (type: security_groups) to 1
2026-03-31 05:55:00.504 10 INFO neutron.db.segments_db [None req-b5d71093-766e-42e2-8ba0-b389f3bcca42 038fb46bc9f94e6ea9fdd4c61e287f67 7a77d99f586a4a24a163ae7141265cb3 - - - -] Added segment 9e4b6475-2182-4929-bf99-eecc8e724a5f of type geneve for network 3afaf867-9365-4d2c-a669-4182e4d43814
2026-03-31 05:55:00.557 9 INFO neutron.db.ovn_revision_numbers_db [None req-73e87550-5a21-4f77-8fc5-55d5f1b70c0d a8a346a0cda343c4a7e4d9fa9ad64df9 99665f9bb9d34938ac8a75aae42f484a - - - -] Successfully bumped revision number for resource 5270d888-b0ce-49f9-8380-f674a56b0d85 (type: security_groups) to 1
2026-03-31 05:55:00.587 9 INFO neutron.wsgi [None req-73e87550-5a21-4f77-8fc5-55d5f1b70c0d a8a346a0cda343c4a7e4d9fa9ad64df9 99665f9bb9d34938ac8a75aae42f484a - - - -] 10.0.0.112 "POST /v2.0/security-groups HTTP/1.1" status: 201 len: 1760 time: 0.3457713
2026-03-31 05:55:00.754 10 INFO neutron.wsgi [None req-3997ff71-ad39-49f0-9488-fb9ac191e2e6 a8a346a0cda343c4a7e4d9fa9ad64df9 99665f9bb9d34938ac8a75aae42f484a - - default default] 10.0.0.112 "GET /v2.0/security-groups HTTP/1.1" status: 200 len: 4538 time: 0.1602452
2026-03-31 05:55:00.798 10 INFO neutron.db.ovn_revision_numbers_db [None req-b5d71093-766e-42e2-8ba0-b389f3bcca42 038fb46bc9f94e6ea9fdd4c61e287f67 7a77d99f586a4a24a163ae7141265cb3 - - - -] Successfully bumped revision number for resource 3afaf867-9365-4d2c-a669-4182e4d43814 (type: networks) to 1
2026-03-31 05:55:00.872 9 INFO neutron.db.ovn_revision_numbers_db [None req-20de8335-38a8-4ccf-9549-1cd531f997f2 a8a346a0cda343c4a7e4d9fa9ad64df9 99665f9bb9d34938ac8a75aae42f484a - - - -] Successfully bumped revision number for resource 5270d888-b0ce-49f9-8380-f674a56b0d85 (type: security_groups) to 2
2026-03-31 05:55:00.877 9 INFO neutron.wsgi [None req-20de8335-38a8-4ccf-9549-1cd531f997f2 a8a346a0cda343c4a7e4d9fa9ad64df9 99665f9bb9d34938ac8a75aae42f484a - - - -] 10.0.0.112 "PUT /v2.0/security-groups/5270d888-b0ce-49f9-8380-f674a56b0d85 HTTP/1.1" status: 200 len: 1792 time: 0.1147723
2026-03-31 05:55:00.917 9 INFO neutron.wsgi [None req-331386db-0ef2-4cbe-b6be-c755663e7ba8 a8a346a0cda343c4a7e4d9fa9ad64df9 99665f9bb9d34938ac8a75aae42f484a - - default default] 10.0.0.112 "GET /v2.0/security-groups/5270d888-b0ce-49f9-8380-f674a56b0d85 HTTP/1.1" status: 200 len: 1792 time: 0.0327406
2026-03-31 05:55:01.096 10 WARNING neutron.scheduler.dhcp_agent_scheduler [None req-b5d71093-766e-42e2-8ba0-b389f3bcca42 038fb46bc9f94e6ea9fdd4c61e287f67 7a77d99f586a4a24a163ae7141265cb3 - - - -] No more DHCP agents
2026-03-31 05:55:01.099 10 WARNING neutron.api.rpc.agentnotifiers.dhcp_rpc_agent_api [None req-b5d71093-766e-42e2-8ba0-b389f3bcca42 038fb46bc9f94e6ea9fdd4c61e287f67 7a77d99f586a4a24a163ae7141265cb3 - - - -] Unable to schedule network 3afaf867-9365-4d2c-a669-4182e4d43814: no agents available; will retry on subsequent port and subnet creation events.
2026-03-31 05:55:01.176 10 INFO neutron.wsgi [None req-78fb8ff3-d3b1-4ca9-8870-422708b6b580 a8a346a0cda343c4a7e4d9fa9ad64df9 99665f9bb9d34938ac8a75aae42f484a - - - -] 10.0.0.112 "DELETE /v2.0/security-groups/5270d888-b0ce-49f9-8380-f674a56b0d85 HTTP/1.1" status: 204 len: 168 time: 0.2477174
2026-03-31 05:55:01.205 10 INFO neutron.db.ovn_revision_numbers_db [None req-b5d71093-766e-42e2-8ba0-b389f3bcca42 038fb46bc9f94e6ea9fdd4c61e287f67 7a77d99f586a4a24a163ae7141265cb3 - - - -] Successfully bumped revision number for resource 7dc55f72-b88f-4d86-b246-b2fd2faa0dbc (type: ports) to 1
2026-03-31 05:55:01.239 10 INFO neutron.wsgi [None req-b5d71093-766e-42e2-8ba0-b389f3bcca42 038fb46bc9f94e6ea9fdd4c61e287f67 7a77d99f586a4a24a163ae7141265cb3 - - - -] 10.0.0.112 "POST /v2.0/networks HTTP/1.1" status: 201 len: 833 time: 1.1686792
2026-03-31 05:55:01.255 9 INFO neutron.wsgi [None req-bd82fb9a-0f7f-44ac-a127-95202b9f1c53 a8a346a0cda343c4a7e4d9fa9ad64df9 99665f9bb9d34938ac8a75aae42f484a - - default default] 10.0.0.112 "GET /v2.0/security-groups HTTP/1.1" status: 200 len: 2996 time: 0.0585377
2026-03-31 05:55:01.277 9 INFO neutron.api.v2.resource [None req-7298e24c-fae6-4ef8-a94f-6d66ebb6e362 a8a346a0cda343c4a7e4d9fa9ad64df9 99665f9bb9d34938ac8a75aae42f484a - - - -] delete failed (client error): The resource could not be found.
2026-03-31 05:55:01.280 9 INFO neutron.wsgi [None req-7298e24c-fae6-4ef8-a94f-6d66ebb6e362 a8a346a0cda343c4a7e4d9fa9ad64df9 99665f9bb9d34938ac8a75aae42f484a - - - -] 10.0.0.112 "DELETE /v2.0/security-groups/5270d888-b0ce-49f9-8380-f674a56b0d85 HTTP/1.1" status: 404 len: 347 time: 0.0188160
2026-03-31 05:55:01.371 9 INFO neutron.db.segments_db [None req-2c43b4e8-e33b-486e-862c-3892b8a3e645 038fb46bc9f94e6ea9fdd4c61e287f67 7a77d99f586a4a24a163ae7141265cb3 - - - -] Added segment 13d4ae45-44fe-42c5-9495-650ae77746e5 of type geneve for network 736994ec-fb58-4735-bd7b-9014e53ade60
2026-03-31 05:55:01.471 9 INFO neutron.db.ovn_revision_numbers_db [None req-b8c2588c-e99b-4fec-8d2b-b08926e60972 a8a346a0cda343c4a7e4d9fa9ad64df9 99665f9bb9d34938ac8a75aae42f484a - - - -] Successfully bumped revision number for resource 26a34ff9-1470-486e-a79b-224250340338 (type: security_groups) to 1
2026-03-31 05:55:01.510 9 INFO neutron.wsgi [None req-b8c2588c-e99b-4fec-8d2b-b08926e60972 a8a346a0cda343c4a7e4d9fa9ad64df9 99665f9bb9d34938ac8a75aae42f484a - - - -] 10.0.0.112 "POST /v2.0/security-groups HTTP/1.1" status: 201 len: 1760 time: 0.2229657
2026-03-31 05:55:01.552 9 INFO neutron.db.ovn_revision_numbers_db [None req-2c43b4e8-e33b-486e-862c-3892b8a3e645 038fb46bc9f94e6ea9fdd4c61e287f67 7a77d99f586a4a24a163ae7141265cb3 - - - -] Successfully bumped revision number for resource 736994ec-fb58-4735-bd7b-9014e53ade60 (type: networks) to 1
2026-03-31 05:55:01.714 9 INFO neutron.db.ovn_revision_numbers_db [None req-d7cc75e0-8ed9-446b-97b9-dee4910d60f2 a8a346a0cda343c4a7e4d9fa9ad64df9 99665f9bb9d34938ac8a75aae42f484a - - - -] Successfully bumped revision number for resource d5562230-c217-4d3c-af7c-d93b9ad889fc (type: security_group_rules) to 0
2026-03-31 05:55:01.759 9 INFO neutron.wsgi [None req-d7cc75e0-8ed9-446b-97b9-dee4910d60f2 a8a346a0cda343c4a7e4d9fa9ad64df9 99665f9bb9d34938ac8a75aae42f484a - - - -] 10.0.0.112 "POST /v2.0/security-group-rules HTTP/1.1" status: 201 len: 768 time: 0.2397749
2026-03-31 05:55:01.796 9 INFO neutron.wsgi [None req-458f120b-474f-416c-afaf-5a190a1ebe3e a8a346a0cda343c4a7e4d9fa9ad64df9 99665f9bb9d34938ac8a75aae42f484a - - default default] 10.0.0.112 "GET /v2.0/security-group-rules/d5562230-c217-4d3c-af7c-d93b9ad889fc HTTP/1.1" status: 200 len: 763 time: 0.0321426
2026-03-31 05:55:01.802 9 WARNING neutron.scheduler.dhcp_agent_scheduler [None req-2c43b4e8-e33b-486e-862c-3892b8a3e645 038fb46bc9f94e6ea9fdd4c61e287f67 7a77d99f586a4a24a163ae7141265cb3 - - - -] No more DHCP agents
2026-03-31 05:55:01.808 9 WARNING neutron.api.rpc.agentnotifiers.dhcp_rpc_agent_api [None req-2c43b4e8-e33b-486e-862c-3892b8a3e645 038fb46bc9f94e6ea9fdd4c61e287f67 7a77d99f586a4a24a163ae7141265cb3 - - - -] Unable to schedule network 736994ec-fb58-4735-bd7b-9014e53ade60: no agents available; will retry on subsequent port and subnet creation events.
2026-03-31 05:55:01.862 10 INFO neutron.wsgi [None req-3b87ca9d-3eab-4a92-977e-3c72b77e687c a8a346a0cda343c4a7e4d9fa9ad64df9 99665f9bb9d34938ac8a75aae42f484a - - default default] 10.0.0.112 "GET /v2.0/security-group-rules HTTP/1.1" status: 200 len: 4113 time: 0.0514240
2026-03-31 05:55:01.889 9 INFO neutron.db.ovn_revision_numbers_db [None req-2c43b4e8-e33b-486e-862c-3892b8a3e645 038fb46bc9f94e6ea9fdd4c61e287f67 7a77d99f586a4a24a163ae7141265cb3 - - - -] Successfully bumped revision number for resource 0294c045-8579-4428-8de6-f8cdfa53d55d (type: ports) to 1
2026-03-31 05:55:01.910 9 INFO neutron.wsgi [None req-2c43b4e8-e33b-486e-862c-3892b8a3e645 038fb46bc9f94e6ea9fdd4c61e287f67 7a77d99f586a4a24a163ae7141265cb3 - - - -] 10.0.0.112 "POST /v2.0/networks HTTP/1.1" status: 201 len: 833 time: 0.6666877
2026-03-31 05:55:02.038 10 INFO neutron.wsgi [None req-092eb4e8-a88b-46e8-b0eb-9debe840ffc3 a8a346a0cda343c4a7e4d9fa9ad64df9 99665f9bb9d34938ac8a75aae42f484a - - - -] 10.0.0.112 "DELETE /v2.0/security-group-rules/d5562230-c217-4d3c-af7c-d93b9ad889fc HTTP/1.1" status: 204 len: 168 time: 0.1661961
2026-03-31 05:55:02.101 9 INFO neutron.wsgi [None req-16264bd1-e204-4bc8-bf5a-78acbf4b406a a8a346a0cda343c4a7e4d9fa9ad64df9 99665f9bb9d34938ac8a75aae42f484a - - default default] 10.0.0.112 "GET /v2.0/security-group-rules HTTP/1.1" status: 200 len: 3567 time: 0.0549929
2026-03-31 05:55:02.237 9 INFO neutron.db.ovn_revision_numbers_db [None req-d3f4e4a9-d242-449b-adb0-d2b7f7287f5a a8a346a0cda343c4a7e4d9fa9ad64df9 99665f9bb9d34938ac8a75aae42f484a - - - -] Successfully bumped revision number for resource e7673cb6-81c0-418b-9ce4-df48f49fbe67 (type: security_group_rules) to 0
2026-03-31 05:55:02.264 9 INFO neutron.wsgi [None req-d3f4e4a9-d242-449b-adb0-d2b7f7287f5a a8a346a0cda343c4a7e4d9fa9ad64df9 99665f9bb9d34938ac8a75aae42f484a - - - -] 10.0.0.112 "POST /v2.0/security-group-rules HTTP/1.1" status: 201 len: 768 time: 0.1564288
2026-03-31 05:55:02.285 9 INFO neutron.wsgi [None req-58b53080-d771-4e6f-aeb3-b7004022f5cd a8a346a0cda343c4a7e4d9fa9ad64df9 99665f9bb9d34938ac8a75aae42f484a - - default default] 10.0.0.112 "GET /v2.0/security-group-rules/e7673cb6-81c0-418b-9ce4-df48f49fbe67 HTTP/1.1" status: 200 len: 763 time: 0.0150290
2026-03-31 05:55:02.291 10 WARNING neutron.scheduler.dhcp_agent_scheduler [None req-009f029d-087f-49f3-a6a4-61c9701b6755 038fb46bc9f94e6ea9fdd4c61e287f67 7a77d99f586a4a24a163ae7141265cb3 - - - -] No more DHCP agents
2026-03-31 05:55:02.295 10 WARNING neutron.api.rpc.agentnotifiers.dhcp_rpc_agent_api [None req-009f029d-087f-49f3-a6a4-61c9701b6755 038fb46bc9f94e6ea9fdd4c61e287f67 7a77d99f586a4a24a163ae7141265cb3 - - - -] Unable to schedule network 3afaf867-9365-4d2c-a669-4182e4d43814: no agents available; will retry on subsequent port and subnet creation events.
2026-03-31 05:55:02.312 10 INFO neutron.db.ovn_revision_numbers_db [None req-009f029d-087f-49f3-a6a4-61c9701b6755 038fb46bc9f94e6ea9fdd4c61e287f67 7a77d99f586a4a24a163ae7141265cb3 - - - -] Successfully bumped revision number for resource 36d91022-d2d1-4452-8b92-c79c050156e5 (type: subnets) to 0
2026-03-31 05:55:02.322 9 INFO neutron.wsgi [None req-fc10c04c-238b-468a-8ace-8cd857dabe61 a8a346a0cda343c4a7e4d9fa9ad64df9 99665f9bb9d34938ac8a75aae42f484a - - default default] 10.0.0.112 "GET /v2.0/security-group-rules HTTP/1.1" status: 200 len: 4113 time: 0.0322936
2026-03-31 05:55:02.338 10 INFO neutron.wsgi [None req-009f029d-087f-49f3-a6a4-61c9701b6755 038fb46bc9f94e6ea9fdd4c61e287f67 7a77d99f586a4a24a163ae7141265cb3 - - - -] 10.0.0.112 "POST /v2.0/subnets HTTP/1.1" status: 201 len: 821 time: 0.4212344
2026-03-31 05:55:02.494 9 INFO neutron.wsgi [None req-67b44c17-e5a2-4c95-8f96-7aaddc2857cc a8a346a0cda343c4a7e4d9fa9ad64df9 99665f9bb9d34938ac8a75aae42f484a - - - -] 10.0.0.112 "DELETE /v2.0/security-group-rules/e7673cb6-81c0-418b-9ce4-df48f49fbe67 HTTP/1.1" status: 204 len: 168 time: 0.1670685
2026-03-31 05:55:02.530 9 INFO neutron.wsgi [None req-7a006ea3-ce76-431f-b84b-1bab2b72e781 a8a346a0cda343c4a7e4d9fa9ad64df9 99665f9bb9d34938ac8a75aae42f484a - - default default] 10.0.0.112 "GET /v2.0/security-group-rules HTTP/1.1" status: 200 len: 3567 time: 0.0299559
2026-03-31 05:55:02.609 9 WARNING neutron.scheduler.dhcp_agent_scheduler [None req-c324e4e3-1416-4477-98a3-63b501aa9ac5 038fb46bc9f94e6ea9fdd4c61e287f67 7a77d99f586a4a24a163ae7141265cb3 - - - -] No more DHCP agents
2026-03-31 05:55:02.611 9 WARNING neutron.api.rpc.agentnotifiers.dhcp_rpc_agent_api [None req-c324e4e3-1416-4477-98a3-63b501aa9ac5 038fb46bc9f94e6ea9fdd4c61e287f67 7a77d99f586a4a24a163ae7141265cb3 - - - -] Unable to schedule network 736994ec-fb58-4735-bd7b-9014e53ade60: no agents available; will retry on subsequent port and subnet creation events.
2026-03-31 05:55:02.627 9 INFO neutron.db.ovn_revision_numbers_db [None req-c324e4e3-1416-4477-98a3-63b501aa9ac5 038fb46bc9f94e6ea9fdd4c61e287f67 7a77d99f586a4a24a163ae7141265cb3 - - - -] Successfully bumped revision number for resource 90016560-487a-4d10-9798-91d67efa3f7c (type: subnets) to 0
2026-03-31 05:55:02.645 9 INFO neutron.wsgi [None req-c324e4e3-1416-4477-98a3-63b501aa9ac5 038fb46bc9f94e6ea9fdd4c61e287f67 7a77d99f586a4a24a163ae7141265cb3 - - - -] 10.0.0.112 "POST /v2.0/subnets HTTP/1.1" status: 201 len: 830 time: 0.3005047
2026-03-31 05:55:02.671 10 INFO neutron.db.ovn_revision_numbers_db [None req-b2fe6826-17b5-41b1-87e8-96a3252c1bba a8a346a0cda343c4a7e4d9fa9ad64df9 99665f9bb9d34938ac8a75aae42f484a - - - -] Successfully bumped revision number for resource 60279e01-446e-4eb6-809a-7225c24c236c (type: security_group_rules) to 0
2026-03-31 05:55:02.695 10 INFO neutron.wsgi [None req-b2fe6826-17b5-41b1-87e8-96a3252c1bba a8a346a0cda343c4a7e4d9fa9ad64df9 99665f9bb9d34938ac8a75aae42f484a - - - -] 10.0.0.112 "POST /v2.0/security-group-rules HTTP/1.1" status: 201 len: 769 time: 0.1592062
2026-03-31 05:55:02.721 10 INFO neutron.wsgi [None req-593bc28a-4258-44ca-af8b-ee0ed328d98d a8a346a0cda343c4a7e4d9fa9ad64df9 99665f9bb9d34938ac8a75aae42f484a - - default default] 10.0.0.112 "GET /v2.0/security-group-rules/60279e01-446e-4eb6-809a-7225c24c236c HTTP/1.1" status: 200 len: 764 time: 0.0186403
2026-03-31 05:55:02.769 10 INFO neutron.wsgi [None req-20c99d03-7b0a-4325-852a-4ca4c2fb876e a8a346a0cda343c4a7e4d9fa9ad64df9 99665f9bb9d34938ac8a75aae42f484a - - default default] 10.0.0.112 "GET /v2.0/security-group-rules HTTP/1.1" status: 200 len: 4114 time: 0.0398219
2026-03-31 05:55:02.862 9 INFO neutron.db.ovn_revision_numbers_db [None req-14996693-3f26-499d-a5d7-116ba759d165 038fb46bc9f94e6ea9fdd4c61e287f67 7a77d99f586a4a24a163ae7141265cb3 - - - -] Successfully bumped revision number for resource 92d82afd-0a42-4939-8dd4-d1059b9cc4c2 (type: routers) to 1
2026-03-31 05:55:02.876 9 INFO neutron.wsgi [None req-14996693-3f26-499d-a5d7-116ba759d165 038fb46bc9f94e6ea9fdd4c61e287f67 7a77d99f586a4a24a163ae7141265cb3 - - - -] 10.0.0.112 "POST /v2.0/routers HTTP/1.1" status: 201 len: 690 time: 0.2262840
2026-03-31 05:55:02.904 10 INFO neutron.wsgi [None req-509954d8-880d-40c8-af03-400c81344d45 a8a346a0cda343c4a7e4d9fa9ad64df9 99665f9bb9d34938ac8a75aae42f484a - - - -] 10.0.0.112 "DELETE /v2.0/security-group-rules/60279e01-446e-4eb6-809a-7225c24c236c HTTP/1.1" status: 204 len: 168 time: 0.1300333
2026-03-31 05:55:02.946 10 INFO neutron.wsgi [None req-fbde9d0f-33ee-403f-84a4-0a1cab327537 a8a346a0cda343c4a7e4d9fa9ad64df9 99665f9bb9d34938ac8a75aae42f484a - - default default] 10.0.0.112 "GET /v2.0/security-group-rules HTTP/1.1" status: 200 len: 3567 time: 0.0374982
2026-03-31 05:55:03.122 10 INFO neutron.wsgi [None req-8ac88f60-d500-477b-b67d-e476995346d4 a8a346a0cda343c4a7e4d9fa9ad64df9 99665f9bb9d34938ac8a75aae42f484a - - - -] 10.0.0.112 "DELETE /v2.0/security-groups/26a34ff9-1470-486e-a79b-224250340338 HTTP/1.1" status: 204 len: 168 time: 0.1707182
2026-03-31 05:55:03.180 10 INFO neutron.wsgi [None req-a0c3e458-f719-46f4-82db-18844309bded a8a346a0cda343c4a7e4d9fa9ad64df9 99665f9bb9d34938ac8a75aae42f484a - - default default] 10.0.0.112 "GET /v2.0/security-groups HTTP/1.1" status: 200 len: 2996 time: 0.0487669
2026-03-31 05:55:03.224 10 INFO neutron.wsgi [None req-9ea45410-04f4-4a1f-a41f-7979f355195a a8a346a0cda343c4a7e4d9fa9ad64df9 99665f9bb9d34938ac8a75aae42f484a - - default default] 10.0.0.112 "GET /v2.0/security-groups HTTP/1.1" status: 200 len: 2996 time: 0.0367205
2026-03-31 05:55:03.465 10 INFO neutron.db.ovn_revision_numbers_db [None req-9e6b6911-39fe-485f-9b4b-acc559ac32ae b34d968fa3c54e66a91861aeefbdcb3d 116ac56d0cc84a83ac998d1801b5f7bf - - default default] Successfully bumped revision number for resource 2a8333d2-37d4-4cd6-b51b-0fd8b61ae546 (type: security_groups) to 1
2026-03-31 05:55:03.497 10 INFO neutron.wsgi [None req-9e6b6911-39fe-485f-9b4b-acc559ac32ae b34d968fa3c54e66a91861aeefbdcb3d 116ac56d0cc84a83ac998d1801b5f7bf - - default default] 10.0.0.112 "GET /v2.0/security-groups?tenant_id=f5627edc27d74a7095683ffc967d245a&name=default HTTP/1.1" status: 200 len: 2996 time: 0.3951392
2026-03-31 05:55:03.757 10 INFO neutron.wsgi [None req-fd66a2d5-b82d-47d2-aa9e-1fc172a9567f b34d968fa3c54e66a91861aeefbdcb3d 116ac56d0cc84a83ac998d1801b5f7bf - - - -] 10.0.0.112 "DELETE /v2.0/security-groups/2a8333d2-37d4-4cd6-b51b-0fd8b61ae546 HTTP/1.1" status: 204 len: 168 time: 0.2540615
2026-03-31 05:55:03.771 9 WARNING neutron.scheduler.dhcp_agent_scheduler [None req-8bf7d017-cc03-4e56-a833-808ff596bbf3 038fb46bc9f94e6ea9fdd4c61e287f67 7a77d99f586a4a24a163ae7141265cb3 - - default default] No more DHCP agents
2026-03-31 05:55:03.774 9 WARNING neutron.api.rpc.agentnotifiers.dhcp_rpc_agent_api [None req-8bf7d017-cc03-4e56-a833-808ff596bbf3 038fb46bc9f94e6ea9fdd4c61e287f67 7a77d99f586a4a24a163ae7141265cb3 - - default default] Unable to schedule network 3afaf867-9365-4d2c-a669-4182e4d43814: no agents available; will retry on subsequent port and subnet creation events.
2026-03-31 05:55:03.883 9 INFO neutron.db.ovn_revision_numbers_db [None req-8bf7d017-cc03-4e56-a833-808ff596bbf3 038fb46bc9f94e6ea9fdd4c61e287f67 7a77d99f586a4a24a163ae7141265cb3 - - default default] Successfully bumped revision number for resource fd1ef5a0-a81f-4363-a09a-3a2b304ef27b (type: ports) to 1
2026-03-31 05:55:04.038 10 INFO neutron.wsgi [None req-efafdf4f-57a1-4966-9d08-e0c3a8ae40b8 b34d968fa3c54e66a91861aeefbdcb3d 116ac56d0cc84a83ac998d1801b5f7bf - - default default] 10.0.0.112 "GET /v2.0/security-groups?tenant_id=99665f9bb9d34938ac8a75aae42f484a&name=default HTTP/1.1" status: 200 len: 2996 time: 0.2542191
2026-03-31 05:55:04.202 9 INFO neutron.db.ovn_revision_numbers_db [None req-93537c95-c01a-4906-b75d-0aa87b336ec2 b34d968fa3c54e66a91861aeefbdcb3d 116ac56d0cc84a83ac998d1801b5f7bf - - default default] Successfully bumped revision number for resource bafe7340-448f-423f-a1be-a3de9d11f445 (type: security_groups) to 1
2026-03-31 05:55:04.253 9 INFO neutron.wsgi [None req-93537c95-c01a-4906-b75d-0aa87b336ec2 b34d968fa3c54e66a91861aeefbdcb3d 116ac56d0cc84a83ac998d1801b5f7bf - - default default] 10.0.0.112 "GET /v2.0/security-groups?tenant_id=244912eb9b8c44cf9ae4b7c80aa7b38c&name=default HTTP/1.1" status: 200 len: 2996 time: 0.2605009
2026-03-31 05:55:04.380 10 INFO neutron.wsgi [None req-99c80240-45f6-4cde-854a-a08157b743fc b34d968fa3c54e66a91861aeefbdcb3d 116ac56d0cc84a83ac998d1801b5f7bf - - - -] 10.0.0.112 "DELETE /v2.0/security-groups/fcb45f12-089a-4d0d-93f6-2e185da532ca HTTP/1.1" status: 204 len: 168 time: 0.3304944
2026-03-31 05:55:04.508 10 INFO neutron.plugins.ml2.drivers.ovn.mech_driver.mech_driver [None req-c0577559-ae65-4b87-be56-405fa6918704 - - - - - -] OVN reports status up for port: fd1ef5a0-a81f-4363-a09a-3a2b304ef27b
2026-03-31 05:55:04.518 10 INFO neutron.plugins.ml2.plugin [None req-c0577559-ae65-4b87-be56-405fa6918704 - - - - - -] Attempt 1 to provision port fd1ef5a0-a81f-4363-a09a-3a2b304ef27b
2026-03-31 05:55:04.519 9 INFO neutron.db.ovn_revision_numbers_db [None req-8bf7d017-cc03-4e56-a833-808ff596bbf3 038fb46bc9f94e6ea9fdd4c61e287f67 7a77d99f586a4a24a163ae7141265cb3 - - default default] Successfully bumped revision number for resource fd1ef5a0-a81f-4363-a09a-3a2b304ef27b (type: router_ports) to 2
2026-03-31 05:55:04.658 9 INFO neutron.wsgi [None req-50e3b280-c00a-48fc-8da0-b595be4ae59a b34d968fa3c54e66a91861aeefbdcb3d 116ac56d0cc84a83ac998d1801b5f7bf - - - -] 10.0.0.112 "DELETE /v2.0/security-groups/bafe7340-448f-423f-a1be-a3de9d11f445 HTTP/1.1" status: 204 len: 168 time: 0.3985236
2026-03-31 05:55:04.672 9 INFO neutron.db.ovn_revision_numbers_db [None req-8bf7d017-cc03-4e56-a833-808ff596bbf3 038fb46bc9f94e6ea9fdd4c61e287f67 7a77d99f586a4a24a163ae7141265cb3 - - default default] Successfully bumped revision number for resource fd1ef5a0-a81f-4363-a09a-3a2b304ef27b (type: ports) to 2
2026-03-31 05:55:04.765 9 WARNING neutron.scheduler.dhcp_agent_scheduler [None req-8bf7d017-cc03-4e56-a833-808ff596bbf3 038fb46bc9f94e6ea9fdd4c61e287f67 7a77d99f586a4a24a163ae7141265cb3 - - default default] No more DHCP agents
2026-03-31 05:55:04.768 9 WARNING neutron.api.rpc.agentnotifiers.dhcp_rpc_agent_api [None req-8bf7d017-cc03-4e56-a833-808ff596bbf3 038fb46bc9f94e6ea9fdd4c61e287f67 7a77d99f586a4a24a163ae7141265cb3 - - default default] Unable to schedule network 3afaf867-9365-4d2c-a669-4182e4d43814: no agents available; will retry on subsequent port and subnet creation events.
2026-03-31 05:55:04.789 10 INFO neutron.db.ovn_revision_numbers_db [None req-c0577559-ae65-4b87-be56-405fa6918704 - - - - - -] Successfully bumped revision number for resource fd1ef5a0-a81f-4363-a09a-3a2b304ef27b (type: ports) to 3
2026-03-31 05:55:04.899 10 INFO neutron.db.ovn_revision_numbers_db [None req-c0577559-ae65-4b87-be56-405fa6918704 - - - - - -] Successfully bumped revision number for resource fd1ef5a0-a81f-4363-a09a-3a2b304ef27b (type: router_ports) to 3
2026-03-31 05:55:05.033 9 INFO neutron.db.ovn_revision_numbers_db [None req-8bf7d017-cc03-4e56-a833-808ff596bbf3 038fb46bc9f94e6ea9fdd4c61e287f67 7a77d99f586a4a24a163ae7141265cb3 - - - -] Successfully bumped revision number for resource fd1ef5a0-a81f-4363-a09a-3a2b304ef27b (type: router_ports) to 3
2026-03-31 05:55:05.036 9 INFO neutron.wsgi [None req-8bf7d017-cc03-4e56-a833-808ff596bbf3 038fb46bc9f94e6ea9fdd4c61e287f67 7a77d99f586a4a24a163ae7141265cb3 - - - -] 10.0.0.112 "PUT /v2.0/routers/92d82afd-0a42-4939-8dd4-d1059b9cc4c2/add_router_interface HTTP/1.1" status: 200 len: 503 time: 2.1542711
2026-03-31 05:55:05.165 9 INFO neutron.wsgi [None req-18bb078e-db75-4b25-b4c5-b815f0ef5de9 038fb46bc9f94e6ea9fdd4c61e287f67 7a77d99f586a4a24a163ae7141265cb3 - - default default] 10.0.0.112 "GET /v2.0/ports/fd1ef5a0-a81f-4363-a09a-3a2b304ef27b HTTP/1.1" status: 200 len: 1141 time: 0.1240234
2026-03-31 05:55:05.720 9 WARNING neutron.scheduler.dhcp_agent_scheduler [None req-8d418f4a-e261-4bc9-998a-a6f7bb36870c 038fb46bc9f94e6ea9fdd4c61e287f67 7a77d99f586a4a24a163ae7141265cb3 - - default default] No more DHCP agents
2026-03-31 05:55:05.721 9 WARNING neutron.api.rpc.agentnotifiers.dhcp_rpc_agent_api [None req-8d418f4a-e261-4bc9-998a-a6f7bb36870c 038fb46bc9f94e6ea9fdd4c61e287f67 7a77d99f586a4a24a163ae7141265cb3 - - default default] Unable to schedule network 736994ec-fb58-4735-bd7b-9014e53ade60: no agents available; will retry on subsequent port and subnet creation events.
2026-03-31 05:55:05.844 9 INFO neutron.db.ovn_revision_numbers_db [None req-8d418f4a-e261-4bc9-998a-a6f7bb36870c 038fb46bc9f94e6ea9fdd4c61e287f67 7a77d99f586a4a24a163ae7141265cb3 - - default default] Successfully bumped revision number for resource 54d63672-a6d8-4b3a-9704-368ce23783d1 (type: ports) to 1
2026-03-31 05:55:06.117 9 INFO neutron.db.ovn_revision_numbers_db [None req-52e30edf-83d7-4ecf-ad2a-04e2f4cfa921 b34d968fa3c54e66a91861aeefbdcb3d 116ac56d0cc84a83ac998d1801b5f7bf - - default default] Successfully bumped revision number for resource 31b77855-2610-4020-a6ea-a018a2fa05ec (type: security_groups) to 1
2026-03-31 05:55:06.138 9 INFO neutron.wsgi [None req-52e30edf-83d7-4ecf-ad2a-04e2f4cfa921 b34d968fa3c54e66a91861aeefbdcb3d 116ac56d0cc84a83ac998d1801b5f7bf - - default default] 10.0.0.112 "GET /v2.0/security-groups?tenant_id=742992e88a7e48829468629946a67a14&name=default HTTP/1.1" status: 200 len: 2996 time: 0.4267976
2026-03-31 05:55:06.328 10 INFO neutron.wsgi [None req-624023d8-ee4d-48ac-ad0d-7c6cc941e88d b34d968fa3c54e66a91861aeefbdcb3d 116ac56d0cc84a83ac998d1801b5f7bf - - - -] 10.0.0.112 "DELETE /v2.0/security-groups/31b77855-2610-4020-a6ea-a018a2fa05ec HTTP/1.1" status: 204 len: 168 time: 0.1853364
2026-03-31 05:55:06.437 9 INFO neutron.plugins.ml2.drivers.ovn.mech_driver.mech_driver [None req-702d114a-2955-484c-b91d-e9c0669c1cca - - - - - -] OVN reports status up for port: 54d63672-a6d8-4b3a-9704-368ce23783d1
2026-03-31 05:55:06.454 9 INFO neutron.plugins.ml2.plugin [None req-702d114a-2955-484c-b91d-e9c0669c1cca - - - - - -] Attempt 1 to provision port 54d63672-a6d8-4b3a-9704-368ce23783d1
2026-03-31 05:55:06.455 9 INFO neutron.db.ovn_revision_numbers_db [None req-8d418f4a-e261-4bc9-998a-a6f7bb36870c 038fb46bc9f94e6ea9fdd4c61e287f67 7a77d99f586a4a24a163ae7141265cb3 - - default default] Successfully bumped revision number for resource 54d63672-a6d8-4b3a-9704-368ce23783d1 (type: router_ports) to 2
2026-03-31 05:55:06.479 10 INFO neutron.wsgi [-] 10.0.0.112 "GET / HTTP/1.1" status: 200 len: 279 time: 0.0031061
2026-03-31 05:55:06.618 9 INFO neutron.db.ovn_revision_numbers_db [None req-8d418f4a-e261-4bc9-998a-a6f7bb36870c 038fb46bc9f94e6ea9fdd4c61e287f67 7a77d99f586a4a24a163ae7141265cb3 - - default default] Successfully bumped revision number for resource 54d63672-a6d8-4b3a-9704-368ce23783d1 (type: ports) to 2
2026-03-31 05:55:06.661 9 INFO neutron.db.ovn_revision_numbers_db [None req-c05f9c12-fd38-4314-a1b4-e74aba40122b b34d968fa3c54e66a91861aeefbdcb3d 116ac56d0cc84a83ac998d1801b5f7bf - - default default] Successfully bumped revision number for resource 9e9f0e64-259f-4bc2-bcef-f6fdcd26721a (type: security_groups) to 1
