2026-03-31 05:55:56.565 9 WARNING neutron.scheduler.dhcp_agent_scheduler [None req-50189554-f833-4f56-9bb6-6bb5b2d6eff6 86f25780c5964d72870e571e0c130114 d8abb2eaeff34606b4aa7f3c2489be37 - - - -] No more DHCP agents
2026-03-31 05:55:56.567 9 WARNING neutron.api.rpc.agentnotifiers.dhcp_rpc_agent_api [None req-50189554-f833-4f56-9bb6-6bb5b2d6eff6 86f25780c5964d72870e571e0c130114 d8abb2eaeff34606b4aa7f3c2489be37 - - - -] Unable to schedule network a709a4ee-7b18-4a07-bd32-0dec15e3fc2c: no agents available; will retry on subsequent port and subnet creation events.
2026-03-31 05:55:56.634 9 INFO neutron.db.ovn_revision_numbers_db [None req-50189554-f833-4f56-9bb6-6bb5b2d6eff6 86f25780c5964d72870e571e0c130114 d8abb2eaeff34606b4aa7f3c2489be37 - - - -] Successfully bumped revision number for resource 256a82bc-6c2f-4a17-ae3f-196b5bb416f4 (type: ports) to 1
2026-03-31 05:55:56.658 9 INFO neutron.wsgi [None req-50189554-f833-4f56-9bb6-6bb5b2d6eff6 86f25780c5964d72870e571e0c130114 d8abb2eaeff34606b4aa7f3c2489be37 - - - -] 10.0.0.112 "POST /v2.0/networks HTTP/1.1" status: 201 len: 831 time: 0.5646875
2026-03-31 05:55:56.719 10 INFO neutron.wsgi [None req-660ebe1b-7b66-476b-b508-182211f74674 b34d968fa3c54e66a91861aeefbdcb3d 116ac56d0cc84a83ac998d1801b5f7bf - - - -] 10.0.0.112 "DELETE /v2.0/security-groups/8758b75b-5241-438c-96d8-5b4210c0879a HTTP/1.1" status: 204 len: 168 time: 0.2203503
2026-03-31 05:55:56.753 9 INFO neutron.db.segments_db [None req-95ea3402-8c87-40c2-b557-e3b3f7fa7e5f 86f25780c5964d72870e571e0c130114 d8abb2eaeff34606b4aa7f3c2489be37 - - - -] Added segment f180230c-0e00-4d90-a3a2-52baf94ead12 of type geneve for network 3c9ef625-67c7-4c08-b5dd-0aedc90bcce3
2026-03-31 05:55:56.886 9 INFO neutron.db.ovn_revision_numbers_db [None req-95ea3402-8c87-40c2-b557-e3b3f7fa7e5f 86f25780c5964d72870e571e0c130114 d8abb2eaeff34606b4aa7f3c2489be37 - - - -] Successfully bumped revision number for resource 3c9ef625-67c7-4c08-b5dd-0aedc90bcce3 (type: networks) to 1
2026-03-31 05:55:57.131 9 WARNING neutron.scheduler.dhcp_agent_scheduler [None req-95ea3402-8c87-40c2-b557-e3b3f7fa7e5f 86f25780c5964d72870e571e0c130114 d8abb2eaeff34606b4aa7f3c2489be37 - - - -] No more DHCP agents
2026-03-31 05:55:57.134 9 WARNING neutron.api.rpc.agentnotifiers.dhcp_rpc_agent_api [None req-95ea3402-8c87-40c2-b557-e3b3f7fa7e5f 86f25780c5964d72870e571e0c130114 d8abb2eaeff34606b4aa7f3c2489be37 - - - -] Unable to schedule network 3c9ef625-67c7-4c08-b5dd-0aedc90bcce3: no agents available; will retry on subsequent port and subnet creation events.
2026-03-31 05:55:57.216 9 INFO neutron.db.ovn_revision_numbers_db [None req-95ea3402-8c87-40c2-b557-e3b3f7fa7e5f 86f25780c5964d72870e571e0c130114 d8abb2eaeff34606b4aa7f3c2489be37 - - - -] Successfully bumped revision number for resource 26947ac2-ca96-4b7a-a40b-27f1b73def9c (type: ports) to 1
2026-03-31 05:55:57.219 9 INFO neutron.db.ovn_revision_numbers_db [None req-ea7cd9fa-bba1-4422-add6-31ead89d760f c14a28cf6ced4484bff336b6b6ee6a12 8ae50ad619b0426680c57340bbe68fc8 - - - -] Successfully bumped revision number for resource 8cef13f3-7f30-4a97-a8e5-8fdd7f2d369b (type: security_groups) to 1
2026-03-31 05:55:57.254 9 INFO neutron.wsgi [None req-95ea3402-8c87-40c2-b557-e3b3f7fa7e5f 86f25780c5964d72870e571e0c130114 d8abb2eaeff34606b4aa7f3c2489be37 - - - -] 10.0.0.112 "POST /v2.0/networks HTTP/1.1" status: 201 len: 831 time: 0.5913038
2026-03-31 05:55:57.288 9 INFO neutron.db.segments_db [None req-ea7cd9fa-bba1-4422-add6-31ead89d760f c14a28cf6ced4484bff336b6b6ee6a12 8ae50ad619b0426680c57340bbe68fc8 - - - -] Added segment 49075f40-4674-47dd-8945-d3736e00903f of type geneve for network 6d62892b-d18a-4326-8abf-a52d71ee7006
2026-03-31 05:55:57.328 10 INFO neutron.wsgi [None req-cee7a86c-73c7-4c9c-82e3-9b7916b6a086 86f25780c5964d72870e571e0c130114 d8abb2eaeff34606b4aa7f3c2489be37 - - - -] 10.0.0.112 "PUT /v2.0/networks/5f2e1699-8a7b-4960-bd7f-9771afb5d8b2/tags HTTP/1.1" status: 200 len: 210 time: 0.0682294
2026-03-31 05:55:57.416 10 INFO neutron.wsgi [None req-19ce06e9-127b-4305-8070-331479e08ed6 86f25780c5964d72870e571e0c130114 d8abb2eaeff34606b4aa7f3c2489be37 - - - -] 10.0.0.112 "PUT /v2.0/networks/2dab63b3-a594-434f-be2d-55e375fe1b71/tags HTTP/1.1" status: 200 len: 218 time: 0.0829809
2026-03-31 05:55:57.436 9 INFO neutron.db.ovn_revision_numbers_db [None req-ea7cd9fa-bba1-4422-add6-31ead89d760f c14a28cf6ced4484bff336b6b6ee6a12 8ae50ad619b0426680c57340bbe68fc8 - - - -] Successfully bumped revision number for resource 6d62892b-d18a-4326-8abf-a52d71ee7006 (type: networks) to 1
2026-03-31 05:55:57.487 10 INFO neutron.wsgi [None req-1d3d78f2-0eb6-46f7-9b7e-8ba7980ab3b9 86f25780c5964d72870e571e0c130114 d8abb2eaeff34606b4aa7f3c2489be37 - - - -] 10.0.0.112 "PUT /v2.0/networks/ec58c656-8439-46d5-bfb6-ba4d9198370c/tags HTTP/1.1" status: 200 len: 227 time: 0.0644357
2026-03-31 05:55:57.815 9 INFO neutron.wsgi [None req-b9a383d2-3c08-4089-8505-ddb7e1dfa764 86f25780c5964d72870e571e0c130114 d8abb2eaeff34606b4aa7f3c2489be37 - - - -] 10.0.0.112 "PUT /v2.0/networks/a709a4ee-7b18-4a07-bd32-0dec15e3fc2c/tags HTTP/1.1" status: 200 len: 212 time: 0.0692592
2026-03-31 05:55:57.923 9 INFO neutron.wsgi [None req-1ed6fbdf-50b3-4c0b-a18e-16b20e335820 86f25780c5964d72870e571e0c130114 d8abb2eaeff34606b4aa7f3c2489be37 - - default default] 10.0.0.112 "GET /v2.0/networks?tags=red HTTP/1.1" status: 200 len: 2068 time: 0.1022592
2026-03-31 05:55:58.015 9 WARNING neutron.scheduler.dhcp_agent_scheduler [None req-ea7cd9fa-bba1-4422-add6-31ead89d760f c14a28cf6ced4484bff336b6b6ee6a12 8ae50ad619b0426680c57340bbe68fc8 - - - -] No more DHCP agents
2026-03-31 05:55:58.021 9 INFO neutron.wsgi [None req-084d4d83-f57c-4bb2-ba3b-257e84b67f12 86f25780c5964d72870e571e0c130114 d8abb2eaeff34606b4aa7f3c2489be37 - - default default] 10.0.0.112 "GET /v2.0/networks?tags=red%2Cblue HTTP/1.1" status: 200 len: 1456 time: 0.0920229
2026-03-31 05:55:58.023 9 WARNING neutron.api.rpc.agentnotifiers.dhcp_rpc_agent_api [None req-ea7cd9fa-bba1-4422-add6-31ead89d760f c14a28cf6ced4484bff336b6b6ee6a12 8ae50ad619b0426680c57340bbe68fc8 - - - -] Unable to schedule network 6d62892b-d18a-4326-8abf-a52d71ee7006: no agents available; will retry on subsequent port and subnet creation events.
2026-03-31 05:55:58.142 9 INFO neutron.wsgi [None req-beaaa923-4ac3-4bc0-bea9-f18f4bcdc11c 86f25780c5964d72870e571e0c130114 d8abb2eaeff34606b4aa7f3c2489be37 - - default default] 10.0.0.112 "GET /v2.0/networks?tags-any=blue HTTP/1.1" status: 200 len: 1456 time: 0.1048825
2026-03-31 05:55:58.166 9 INFO neutron.db.ovn_revision_numbers_db [None req-ea7cd9fa-bba1-4422-add6-31ead89d760f c14a28cf6ced4484bff336b6b6ee6a12 8ae50ad619b0426680c57340bbe68fc8 - - - -] Successfully bumped revision number for resource 5ebab411-49d9-41d5-9b3b-cffce1539f24 (type: ports) to 1
2026-03-31 05:55:58.212 9 INFO neutron.wsgi [None req-ea7cd9fa-bba1-4422-add6-31ead89d760f c14a28cf6ced4484bff336b6b6ee6a12 8ae50ad619b0426680c57340bbe68fc8 - - - -] 10.0.0.112 "POST /v2.0/networks HTTP/1.1" status: 201 len: 829 time: 1.4346769
2026-03-31 05:55:58.219 9 INFO neutron.wsgi [None req-9520dd2a-44b4-443d-afb6-7f198e937426 86f25780c5964d72870e571e0c130114 d8abb2eaeff34606b4aa7f3c2489be37 - - default default] 10.0.0.112 "GET /v2.0/networks?tags-any=red%2Cblue HTTP/1.1" status: 200 len: 2068 time: 0.0675101
2026-03-31 05:55:58.348 9 INFO neutron.wsgi [None req-652f6509-1923-4c7e-923e-3393354e85fa 86f25780c5964d72870e571e0c130114 d8abb2eaeff34606b4aa7f3c2489be37 - - default default] 10.0.0.112 "GET /v2.0/networks?not-tags=red HTTP/1.1" status: 200 len: 2069 time: 0.1214952
2026-03-31 05:55:58.389 9 INFO neutron.db.segments_db [None req-ad638b77-8206-42a6-80d3-a96961f6c9f5 c14a28cf6ced4484bff336b6b6ee6a12 8ae50ad619b0426680c57340bbe68fc8 - - - -] Added segment 0a634234-4d17-4969-ad54-714eb2c04d32 of type geneve for network f4e7c41d-8771-43d0-b980-93e9a65dc21a
2026-03-31 05:55:58.517 9 INFO neutron.wsgi [None req-c607a511-8d15-4a4f-81ad-ce2afdda9a06 86f25780c5964d72870e571e0c130114 d8abb2eaeff34606b4aa7f3c2489be37 - - default default] 10.0.0.112 "GET /v2.0/networks?not-tags=red%2Cblue HTTP/1.1" status: 200 len: 2681 time: 0.1634479
2026-03-31 05:55:58.690 9 INFO neutron.wsgi [None req-64289b4c-5957-4dc7-a398-f1e738842fec 86f25780c5964d72870e571e0c130114 d8abb2eaeff34606b4aa7f3c2489be37 - - default default] 10.0.0.112 "GET /v2.0/networks?not-tags-any=blue HTTP/1.1" status: 200 len: 2681 time: 0.1652856
2026-03-31 05:55:58.692 9 INFO neutron.db.ovn_revision_numbers_db [None req-ad638b77-8206-42a6-80d3-a96961f6c9f5 c14a28cf6ced4484bff336b6b6ee6a12 8ae50ad619b0426680c57340bbe68fc8 - - - -] Successfully bumped revision number for resource f4e7c41d-8771-43d0-b980-93e9a65dc21a (type: networks) to 1
2026-03-31 05:55:59.111 9 INFO neutron.wsgi [None req-10d5dc47-15a6-44a9-87b5-b545194aace9 86f25780c5964d72870e571e0c130114 d8abb2eaeff34606b4aa7f3c2489be37 - - default default] 10.0.0.112 "GET /v2.0/networks?not-tags-any=red%2Cblue HTTP/1.1" status: 200 len: 2069 time: 0.4147720
2026-03-31 05:55:59.206 9 WARNING neutron.scheduler.dhcp_agent_scheduler [None req-ad638b77-8206-42a6-80d3-a96961f6c9f5 c14a28cf6ced4484bff336b6b6ee6a12 8ae50ad619b0426680c57340bbe68fc8 - - - -] No more DHCP agents
2026-03-31 05:55:59.209 9 WARNING neutron.api.rpc.agentnotifiers.dhcp_rpc_agent_api [None req-ad638b77-8206-42a6-80d3-a96961f6c9f5 c14a28cf6ced4484bff336b6b6ee6a12 8ae50ad619b0426680c57340bbe68fc8 - - - -] Unable to schedule network f4e7c41d-8771-43d0-b980-93e9a65dc21a: no agents available; will retry on subsequent port and subnet creation events.
2026-03-31 05:55:59.225 10 INFO neutron.wsgi [None req-2ba7bf45-2d92-4369-a80a-1de88a3775a7 b34d968fa3c54e66a91861aeefbdcb3d 116ac56d0cc84a83ac998d1801b5f7bf - - - -] 10.0.0.112 "PUT /v2.0/routers/93ba0383-1130-4552-98f0-5486da10b143/remove_router_interface HTTP/1.1" status: 200 len: 503 time: 1.6595740
2026-03-31 05:55:59.308 9 INFO neutron.db.ovn_revision_numbers_db [None req-ad638b77-8206-42a6-80d3-a96961f6c9f5 c14a28cf6ced4484bff336b6b6ee6a12 8ae50ad619b0426680c57340bbe68fc8 - - - -] Successfully bumped revision number for resource 0d2f1a68-e7e8-4e1a-8819-4776ae5031f4 (type: ports) to 1
2026-03-31 05:55:59.354 9 INFO neutron.wsgi [None req-ad638b77-8206-42a6-80d3-a96961f6c9f5 c14a28cf6ced4484bff336b6b6ee6a12 8ae50ad619b0426680c57340bbe68fc8 - - - -] 10.0.0.112 "POST /v2.0/networks HTTP/1.1" status: 201 len: 829 time: 1.1338828 /var/lib/openstack/lib/python3.10/site-packages/pycadf/identifier.py:71: UserWarning: Invalid uuid: neutron. To ensure interoperability, identifiers should be a valid uuid. warnings.warn(('Invalid uuid: %s. To ensure interoperability, '
2026-03-31 05:55:59.671 10 INFO neutron.services.segments.plugin [-] Segment 40e79354-f0a2-439b-bb80-41a2227f5d96 resource provider aggregate not found
2026-03-31 05:55:59.708 10 INFO neutron.services.segments.plugin [-] Segment 40e79354-f0a2-439b-bb80-41a2227f5d96 resource provider not found; error: Placement Client Error (4xx): {"errors": [{"status": 404, "title": "Not Found", "detail": "The resource could not be found.\n\n No resource provider with uuid 40e79354-f0a2-439b-bb80-41a2227f5d96 found for delete ", "request_id": "req-7652ace9-8347-4be1-80c7-46e2d4547053"}]}
2026-03-31 05:55:59.708 10 INFO neutron.services.segments.plugin [-] Segment 40e79354-f0a2-439b-bb80-41a2227f5d96 resource provider aggregate not found
2026-03-31 05:55:59.738 10 INFO neutron.services.segments.plugin [-] Segment 40e79354-f0a2-439b-bb80-41a2227f5d96 resource provider not found; error: Placement Client Error (4xx): {"errors": [{"status": 404, "title": "Not Found", "detail": "The resource could not be found.\n\n No resource provider with uuid 40e79354-f0a2-439b-bb80-41a2227f5d96 found for delete ", "request_id": "req-4e5ff682-3739-4119-9dbb-78ce7d36525c"}]}
2026-03-31 05:55:59.780 10 INFO neutron.wsgi [None req-c0e71d57-f3c4-45e3-9311-d042b3137682 86f25780c5964d72870e571e0c130114 d8abb2eaeff34606b4aa7f3c2489be37 - - - -] 10.0.0.112 "DELETE /v2.0/networks/5f2e1699-8a7b-4960-bd7f-9771afb5d8b2 HTTP/1.1" status: 204 len: 168 time: 0.6621377
2026-03-31 05:55:59.807 10 WARNING neutron.scheduler.dhcp_agent_scheduler [None req-f7a91086-45c1-45ad-92d8-78984133fab7 c14a28cf6ced4484bff336b6b6ee6a12 8ae50ad619b0426680c57340bbe68fc8 - - - -] No more DHCP agents
2026-03-31 05:55:59.809 10 WARNING neutron.api.rpc.agentnotifiers.dhcp_rpc_agent_api [None req-f7a91086-45c1-45ad-92d8-78984133fab7 c14a28cf6ced4484bff336b6b6ee6a12 8ae50ad619b0426680c57340bbe68fc8 - - - -] Unable to schedule network 6d62892b-d18a-4326-8abf-a52d71ee7006: no agents available; will retry on subsequent port and subnet creation events.
2026-03-31 05:56:00.099 9 INFO neutron.wsgi [None req-df9796b9-aa1a-4412-83f7-7904a63f0d69 b34d968fa3c54e66a91861aeefbdcb3d 116ac56d0cc84a83ac998d1801b5f7bf - - - -] 10.0.0.112 "DELETE /v2.0/routers/93ba0383-1130-4552-98f0-5486da10b143 HTTP/1.1" status: 204 len: 168 time: 0.8681848
2026-03-31 05:56:00.310 10 INFO neutron.db.ovn_revision_numbers_db [None req-f7a91086-45c1-45ad-92d8-78984133fab7 c14a28cf6ced4484bff336b6b6ee6a12 8ae50ad619b0426680c57340bbe68fc8 - - - -] Successfully bumped revision number for resource 5ebab411-49d9-41d5-9b3b-cffce1539f24 (type: ports) to 2
2026-03-31 05:56:00.327 9 INFO neutron.services.segments.plugin [-] Segment 7a5a0ac2-6483-44cc-90a8-cbbfe5318491 resource provider aggregate not found
2026-03-31 05:56:00.342 10 INFO neutron.db.ovn_revision_numbers_db [None req-f7a91086-45c1-45ad-92d8-78984133fab7 c14a28cf6ced4484bff336b6b6ee6a12 8ae50ad619b0426680c57340bbe68fc8 - - - -] Successfully bumped revision number for resource 36491645-105a-47c8-b681-ecb47b652230 (type: subnets) to 0
2026-03-31 05:56:00.346 9 INFO neutron.services.segments.plugin [-] Segment 7a5a0ac2-6483-44cc-90a8-cbbfe5318491 resource provider not found; error: Placement Client Error (4xx): {"errors": [{"status": 404, "title": "Not Found", "detail": "The resource could not be found.\n\n No resource provider with uuid 7a5a0ac2-6483-44cc-90a8-cbbfe5318491 found for delete ", "request_id": "req-80c4993e-4049-4e48-8289-e99cd00d552f"}]}
2026-03-31 05:56:00.347 9 INFO neutron.services.segments.plugin [-] Segment 7a5a0ac2-6483-44cc-90a8-cbbfe5318491 resource provider aggregate not found
2026-03-31 05:56:00.363 10 INFO neutron.wsgi [None req-f7a91086-45c1-45ad-92d8-78984133fab7 c14a28cf6ced4484bff336b6b6ee6a12 8ae50ad619b0426680c57340bbe68fc8 - - - -] 10.0.0.112 "POST /v2.0/subnets HTTP/1.1" status: 201 len: 801 time: 1.0021741
2026-03-31 05:56:00.369 9 INFO neutron.services.segments.plugin [-] Segment 7a5a0ac2-6483-44cc-90a8-cbbfe5318491 resource provider not found; error: Placement Client Error (4xx): {"errors": [{"status": 404, "title": "Not Found", "detail": "The resource could not be found.\n\n No resource provider with uuid 7a5a0ac2-6483-44cc-90a8-cbbfe5318491 found for delete ", "request_id": "req-c8afa1ce-729a-40ec-8700-1787ae954e15"}]}
2026-03-31 05:56:00.386 9 INFO neutron.wsgi [None req-c2a62c38-2e10-4135-b426-9e0c7a3df6da 86f25780c5964d72870e571e0c130114 d8abb2eaeff34606b4aa7f3c2489be37 - - - -] 10.0.0.112 "DELETE /v2.0/networks/2dab63b3-a594-434f-be2d-55e375fe1b71 HTTP/1.1" status: 204 len: 168 time: 0.5980721
2026-03-31 05:56:00.427 9 INFO neutron.wsgi [None req-edf19833-6e98-46ca-a1f0-201e837f0a56 b34d968fa3c54e66a91861aeefbdcb3d 116ac56d0cc84a83ac998d1801b5f7bf - - - -] 10.0.0.112 "DELETE /v2.0/subnets/a71892f9-6653-4021-9f7b-904a9a362d3e HTTP/1.1" status: 204 len: 168 time: 0.3222241
2026-03-31 05:56:00.883 9 INFO neutron.wsgi [None req-42a356eb-1248-4ae6-bf85-ae111ad9b97c b34d968fa3c54e66a91861aeefbdcb3d 116ac56d0cc84a83ac998d1801b5f7bf - - - -] 10.0.0.112 "DELETE /v2.0/networks/9ceb8b2e-9217-4d49-bca3-9db34d9bf2de HTTP/1.1" status: 204 len: 168 time: 0.4509265
2026-03-31 05:56:00.925 10 WARNING neutron.scheduler.dhcp_agent_scheduler [None req-c66f13cf-a822-4f86-9764-e1f616e0ecb9 c14a28cf6ced4484bff336b6b6ee6a12 8ae50ad619b0426680c57340bbe68fc8 - - - -] No more DHCP agents
2026-03-31 05:56:00.931 10 WARNING neutron.api.rpc.agentnotifiers.dhcp_rpc_agent_api [None req-c66f13cf-a822-4f86-9764-e1f616e0ecb9 c14a28cf6ced4484bff336b6b6ee6a12 8ae50ad619b0426680c57340bbe68fc8 - - - -] Unable to schedule network f4e7c41d-8771-43d0-b980-93e9a65dc21a: no agents available; will retry on subsequent port and subnet creation events.
2026-03-31 05:56:00.973 10 WARNING neutron.scheduler.dhcp_agent_scheduler [None req-24f30bf5-66b5-4f99-8c78-f2d60eea2f9b b8cebc8802c642228213217e015fdcda 48b143d645ec449da619226565e43cc7 - - - -] No more DHCP agents
2026-03-31 05:56:00.978 10 WARNING neutron.api.rpc.agentnotifiers.dhcp_rpc_agent_api [None req-24f30bf5-66b5-4f99-8c78-f2d60eea2f9b b8cebc8802c642228213217e015fdcda 48b143d645ec449da619226565e43cc7 - - - -] Unable to schedule network 25013cf9-da18-47b4-b35b-f4efa2b2672f: no agents available; will retry on subsequent port and subnet creation events.
2026-03-31 05:56:01.110 9 INFO neutron.wsgi [None req-1f35dfe6-a239-4cd8-b5ee-4e27364ce45c b34d968fa3c54e66a91861aeefbdcb3d 116ac56d0cc84a83ac998d1801b5f7bf - - default default] 10.0.0.112 "GET /v2.0/security-groups?tenant_id=e1d35bbd1e23488e80a04bd75a5b1d1a&name=default HTTP/1.1" status: 200 len: 2996 time: 0.0287778
2026-03-31 05:56:01.249 10 INFO neutron.wsgi [None req-1bd49cc8-47e7-4b3e-a00b-48a72fb7588a 86f25780c5964d72870e571e0c130114 d8abb2eaeff34606b4aa7f3c2489be37 - - - -] 10.0.0.112 "DELETE /v2.0/networks/ec58c656-8439-46d5-bfb6-ba4d9198370c HTTP/1.1" status: 204 len: 168 time: 0.8535180
2026-03-31 05:56:01.358 9 INFO neutron.wsgi [None req-c174ad7d-6ed0-4ee8-ae02-17401de1350d b34d968fa3c54e66a91861aeefbdcb3d 116ac56d0cc84a83ac998d1801b5f7bf - - - -] 10.0.0.112 "DELETE /v2.0/security-groups/69581f8b-1d42-4497-85d0-f2d1d9850a9c HTTP/1.1" status: 204 len: 168 time: 0.2432666
2026-03-31 05:56:01.745 10 INFO neutron.services.segments.plugin [-] Segment e6f100d1-09a8-401e-9905-aacb283de260 resource provider aggregate not found
2026-03-31 05:56:01.768 10 INFO neutron.services.segments.plugin [-] Segment e6f100d1-09a8-401e-9905-aacb283de260 resource provider aggregate not found
2026-03-31 05:56:01.771 9 INFO neutron.wsgi [None req-7da7ded9-c3a6-422c-8469-2dfbed0cc3e2 86f25780c5964d72870e571e0c130114 d8abb2eaeff34606b4aa7f3c2489be37 - - - -] 10.0.0.112 "DELETE /v2.0/networks/a709a4ee-7b18-4a07-bd32-0dec15e3fc2c HTTP/1.1" status: 204 len: 168 time: 0.5165086
2026-03-31 05:56:01.776 10 INFO neutron.services.segments.plugin [-] Segment e6f100d1-09a8-401e-9905-aacb283de260 resource provider not found; error: Placement Client Error (4xx): {"errors": [{"status": 404, "title": "Not Found", "detail": "The resource could not be found.\n\n No resource provider with uuid e6f100d1-09a8-401e-9905-aacb283de260 found for delete ", "request_id": "req-80d2a7de-b967-4b2a-afca-45698db1d9cb"}]}
2026-03-31 05:56:01.792 10 INFO neutron.services.segments.plugin [-] Segment e6f100d1-09a8-401e-9905-aacb283de260 resource provider not found; error: Placement Client Error (4xx): {"errors": [{"status": 404, "title": "Not Found", "detail": "The resource could not be found.\n\n No resource provider with uuid e6f100d1-09a8-401e-9905-aacb283de260 found for delete ", "request_id": "req-1e5871bf-b34d-4423-979c-5475a168513d"}]}
2026-03-31 05:56:01.902 10 INFO neutron.db.ovn_revision_numbers_db [None req-24f30bf5-66b5-4f99-8c78-f2d60eea2f9b b8cebc8802c642228213217e015fdcda 48b143d645ec449da619226565e43cc7 - - - -] Successfully bumped revision number for resource 93220af3-dbe6-434f-8a26-e44a39d16624 (type: floatingips) to 0
2026-03-31 05:56:01.935 10 INFO neutron.wsgi [None req-24f30bf5-66b5-4f99-8c78-f2d60eea2f9b b8cebc8802c642228213217e015fdcda 48b143d645ec449da619226565e43cc7 - - - -] 10.0.0.112 "POST /v2.0/floatingips HTTP/1.1" status: 201 len: 751 time: 1.6990101
2026-03-31 05:56:02.018 9 INFO neutron.wsgi [None req-481dd834-fe5a-4f53-813e-fef8f86bd075 b8cebc8802c642228213217e015fdcda 48b143d645ec449da619226565e43cc7 - - - -] 10.0.0.112 "PUT /v2.0/floatingips/93220af3-dbe6-434f-8a26-e44a39d16624/tags HTTP/1.1" status: 200 len: 218 time: 0.0769238
2026-03-31 05:56:02.062 9 INFO neutron.wsgi [None req-f825b973-0c50-4a07-9b63-cfac1b3b83c8 b8cebc8802c642228213217e015fdcda 48b143d645ec449da619226565e43cc7 - - default default] 10.0.0.112 "GET /v2.0/floatingips/93220af3-dbe6-434f-8a26-e44a39d16624/tags HTTP/1.1" status: 200 len: 218 time: 0.0372775
2026-03-31 05:56:02.072 10 INFO neutron.db.ovn_revision_numbers_db [None req-c66f13cf-a822-4f86-9764-e1f616e0ecb9 c14a28cf6ced4484bff336b6b6ee6a12 8ae50ad619b0426680c57340bbe68fc8 - - - -] Successfully bumped revision number for resource 0d2f1a68-e7e8-4e1a-8819-4776ae5031f4 (type: ports) to 2
2026-03-31 05:56:02.114 10 INFO neutron.db.ovn_revision_numbers_db [None req-c66f13cf-a822-4f86-9764-e1f616e0ecb9 c14a28cf6ced4484bff336b6b6ee6a12 8ae50ad619b0426680c57340bbe68fc8 - - - -] Successfully bumped revision number for resource 06ea112d-8146-4e9b-b609-11f28154ef42 (type: subnets) to 0
2026-03-31 05:56:02.123 9 INFO neutron.wsgi [None req-41d9bdaa-cbd7-441c-94cf-23a14eb5f738 b8cebc8802c642228213217e015fdcda 48b143d645ec449da619226565e43cc7 - - - -] 10.0.0.112 "PUT /v2.0/floatingips/93220af3-dbe6-434f-8a26-e44a39d16624/tags/green HTTP/1.1" status: 201 len: 201 time: 0.0545259
2026-03-31 05:56:02.135 10 INFO neutron.wsgi [None req-c66f13cf-a822-4f86-9764-e1f616e0ecb9 c14a28cf6ced4484bff336b6b6ee6a12 8ae50ad619b0426680c57340bbe68fc8 - - - -] 10.0.0.112 "POST /v2.0/subnets HTTP/1.1" status: 201 len: 801 time: 1.7635121
2026-03-31 05:56:02.156 9 INFO neutron.wsgi [None req-b9d6a024-84c7-4e2f-a729-92bd0172279b b8cebc8802c642228213217e015fdcda 48b143d645ec449da619226565e43cc7 - - default default] 10.0.0.112 "GET /v2.0/floatingips/93220af3-dbe6-434f-8a26-e44a39d16624/tags HTTP/1.1" status: 200 len: 227 time: 0.0273194
2026-03-31 05:56:02.199 9 INFO neutron.wsgi [None req-4f015aff-88f7-4881-9813-a08a05bf89e6 b8cebc8802c642228213217e015fdcda 48b143d645ec449da619226565e43cc7 - - - -] 10.0.0.112 "PUT /v2.0/floatingips/93220af3-dbe6-434f-8a26-e44a39d16624/tags/red HTTP/1.1" status: 201 len: 201 time: 0.0369561
2026-03-31 05:56:02.241 9 INFO neutron.wsgi [None req-35aa7a94-ebf2-47c9-96f4-885c483bbe86 b8cebc8802c642228213217e015fdcda 48b143d645ec449da619226565e43cc7 - - default default] 10.0.0.112 "GET /v2.0/floatingips/93220af3-dbe6-434f-8a26-e44a39d16624/tags HTTP/1.1" status: 200 len: 227 time: 0.0360696
2026-03-31 05:56:02.370 9 INFO neutron.services.segments.plugin [-] Segment 02983412-0d14-4fc3-a3d8-7d2288266eec resource provider aggregate not found
2026-03-31 05:56:02.388 10 INFO neutron.db.ovn_revision_numbers_db [None req-1de74485-1043-47a4-ad60-8a3e84bec8ca c14a28cf6ced4484bff336b6b6ee6a12 8ae50ad619b0426680c57340bbe68fc8 - - - -] Successfully bumped revision number for resource 45ac4f55-6184-44df-a3fe-120b6610ceac (type: routers) to 1
2026-03-31 05:56:02.395 9 INFO neutron.wsgi [None req-af116c4a-534c-44bd-81c3-3b28fe3de750 b8cebc8802c642228213217e015fdcda 48b143d645ec449da619226565e43cc7 - - - -] 10.0.0.112 "PUT /v2.0/floatingips/93220af3-dbe6-434f-8a26-e44a39d16624/tags/black.or.white HTTP/1.1" status: 201 len: 201 time: 0.1477680
2026-03-31 05:56:02.399 10 INFO neutron.wsgi [None req-a8170918-1a5d-452e-bdb0-059feaf28335 86f25780c5964d72870e571e0c130114 d8abb2eaeff34606b4aa7f3c2489be37 - - - -] 10.0.0.112 "DELETE /v2.0/networks/3c9ef625-67c7-4c08-b5dd-0aedc90bcce3 HTTP/1.1" status: 204 len: 168 time: 0.6223211
2026-03-31 05:56:02.407 9 INFO neutron.services.segments.plugin [-] Segment 02983412-0d14-4fc3-a3d8-7d2288266eec resource provider not found; error: Placement Client Error (4xx): {"errors": [{"status": 404, "title": "Not Found", "detail": "The resource could not be found.\n\n No resource provider with uuid 02983412-0d14-4fc3-a3d8-7d2288266eec found for delete ", "request_id": "req-cbaf134a-4d21-4260-9314-c27fe337d8e4"}]}
2026-03-31 05:56:02.411 10 INFO neutron.wsgi [None req-1de74485-1043-47a4-ad60-8a3e84bec8ca c14a28cf6ced4484bff336b6b6ee6a12 8ae50ad619b0426680c57340bbe68fc8 - - - -] 10.0.0.112 "POST /v2.0/routers HTTP/1.1" status: 201 len: 686 time: 0.2708132
2026-03-31 05:56:02.414 9 INFO neutron.services.segments.plugin [-] Segment 02983412-0d14-4fc3-a3d8-7d2288266eec resource provider aggregate not found
2026-03-31 05:56:02.439 9 INFO neutron.services.segments.plugin [-] Segment 02983412-0d14-4fc3-a3d8-7d2288266eec resource provider not found; error: Placement Client Error (4xx): {"errors": [{"status": 404, "title": "Not Found", "detail": "The resource could not be found.\n\n No resource provider with uuid 02983412-0d14-4fc3-a3d8-7d2288266eec found for delete ", "request_id": "req-bba94038-af59-4bea-990c-49fa5727274e"}]}
2026-03-31 05:56:02.444 9 INFO neutron.services.segments.plugin [-] Segment 7f8821e2-7fca-4208-826b-32abcb082104 resource provider aggregate not found
2026-03-31 05:56:02.457 9 INFO neutron.wsgi [None req-b378465e-f411-4dc8-b193-8dea56ea0feb b8cebc8802c642228213217e015fdcda 48b143d645ec449da619226565e43cc7 - - default default] 10.0.0.112 "GET /v2.0/floatingips/93220af3-dbe6-434f-8a26-e44a39d16624/tags HTTP/1.1" status: 200 len: 245 time: 0.0575104
2026-03-31 05:56:02.461 9 INFO neutron.services.segments.plugin [-] Segment 7f8821e2-7fca-4208-826b-32abcb082104 resource provider aggregate not found
2026-03-31 05:56:02.468 9 INFO neutron.services.segments.plugin [-] Segment 7f8821e2-7fca-4208-826b-32abcb082104 resource provider not found; error: Placement Client Error (4xx): {"errors": [{"status": 404, "title": "Not Found", "detail": "The resource could not be found.\n\n No resource provider with uuid 7f8821e2-7fca-4208-826b-32abcb082104 found for delete ", "request_id": "req-27ff1ac7-76e0-4e1c-9f2c-2cf480330e38"}]}
2026-03-31 05:56:02.479 9 INFO neutron.services.segments.plugin [-] Segment 7f8821e2-7fca-4208-826b-32abcb082104 resource provider not found; error: Placement Client Error (4xx): {"errors": [{"status": 404, "title": "Not Found", "detail": "The resource could not be found.\n\n No resource provider with uuid 7f8821e2-7fca-4208-826b-32abcb082104 found for delete ", "request_id": "req-ee2e1c74-364c-44f1-80ad-57e6e5748262"}]}
2026-03-31 05:56:02.523 9 INFO neutron.wsgi [None req-99690d3f-3cfa-4dba-94c6-2b968b479375 b8cebc8802c642228213217e015fdcda 48b143d645ec449da619226565e43cc7 - - - -] 10.0.0.112 "PUT /v2.0/floatingips/93220af3-dbe6-434f-8a26-e44a39d16624/tags HTTP/1.1" status: 200 len: 230 time: 0.0538714
2026-03-31 05:56:02.564 9 INFO neutron.wsgi [None req-682cbcf2-f14c-4981-960d-85509c00bf3f b8cebc8802c642228213217e015fdcda 48b143d645ec449da619226565e43cc7 - - default default] 10.0.0.112 "GET /v2.0/floatingips/93220af3-dbe6-434f-8a26-e44a39d16624/tags HTTP/1.1" status: 200 len: 230 time: 0.0359173
2026-03-31 05:56:02.600 9 INFO neutron.wsgi [None req-8868a175-0eb9-4b0d-93b6-f2359f07ef56 b8cebc8802c642228213217e015fdcda 48b143d645ec449da619226565e43cc7 - - default default] 10.0.0.112 "GET /v2.0/floatingips/93220af3-dbe6-434f-8a26-e44a39d16624/tags/red HTTP/1.1" status: 204 len: 168 time: 0.0292807
2026-03-31 05:56:02.633 9 INFO neutron.api.v2.resource [None req-da1df84c-4686-4856-8106-bee1c862a3fd b8cebc8802c642228213217e015fdcda 48b143d645ec449da619226565e43cc7 - - default default] show failed (client error): The resource could not be found.
2026-03-31 05:56:02.635 9 INFO neutron.wsgi [None req-da1df84c-4686-4856-8106-bee1c862a3fd b8cebc8802c642228213217e015fdcda 48b143d645ec449da619226565e43cc7 - - default default] 10.0.0.112 "GET /v2.0/floatingips/93220af3-dbe6-434f-8a26-e44a39d16624/tags/green HTTP/1.1" status: 404 len: 299 time: 0.0288663
2026-03-31 05:56:02.687 9 INFO neutron.wsgi [None req-33dbeaa2-da28-49d2-b0b9-36f9c1ad27bb b8cebc8802c642228213217e015fdcda 48b143d645ec449da619226565e43cc7 - - - -] 10.0.0.112 "DELETE /v2.0/floatingips/93220af3-dbe6-434f-8a26-e44a39d16624/tags/red HTTP/1.1" status: 204 len: 168 time: 0.0450559
2026-03-31 05:56:02.719 9 INFO neutron.wsgi [None req-bccaa037-be2e-41b7-a967-da9f25b25559 b8cebc8802c642228213217e015fdcda 48b143d645ec449da619226565e43cc7 - - default default] 10.0.0.112 "GET /v2.0/floatingips/93220af3-dbe6-434f-8a26-e44a39d16624/tags HTTP/1.1" status: 200 len: 223 time: 0.0280979
2026-03-31 05:56:02.760 9 INFO neutron.api.v2.resource [None req-9ec98f79-48bf-4bdb-9c8d-08df9f100be5 b8cebc8802c642228213217e015fdcda 48b143d645ec449da619226565e43cc7 - - - -] delete failed (client error): The resource could not be found.
2026-03-31 05:56:02.761 9 INFO neutron.wsgi [None req-9ec98f79-48bf-4bdb-9c8d-08df9f100be5 b8cebc8802c642228213217e015fdcda 48b143d645ec449da619226565e43cc7 - - - -] 10.0.0.112 "DELETE /v2.0/floatingips/93220af3-dbe6-434f-8a26-e44a39d16624/tags/green HTTP/1.1" status: 404 len: 299 time: 0.0364783
2026-03-31 05:56:02.805 9 INFO neutron.wsgi [None req-ac5e9b34-af7b-4403-84e0-1a882c450979 b8cebc8802c642228213217e015fdcda 48b143d645ec449da619226565e43cc7 - - - -] 10.0.0.112 "DELETE /v2.0/floatingips/93220af3-dbe6-434f-8a26-e44a39d16624/tags HTTP/1.1" status: 204 len: 168 time: 0.0390069
2026-03-31 05:56:02.837 9 INFO neutron.wsgi [None req-10fd17cd-b305-4f4d-8fc8-637e62ad0b8d b8cebc8802c642228213217e015fdcda 48b143d645ec449da619226565e43cc7 - - default default] 10.0.0.112 "GET /v2.0/floatingips/93220af3-dbe6-434f-8a26-e44a39d16624/tags HTTP/1.1" status: 200 len: 205 time: 0.0260410
2026-03-31 05:56:02.850 10 WARNING neutron.scheduler.dhcp_agent_scheduler [None req-37f344e3-2d3f-4483-94b2-4dac3dc9a419 c14a28cf6ced4484bff336b6b6ee6a12 8ae50ad619b0426680c57340bbe68fc8 - - default default] No more DHCP agents
2026-03-31 05:56:02.854 10 WARNING neutron.api.rpc.agentnotifiers.dhcp_rpc_agent_api [None req-37f344e3-2d3f-4483-94b2-4dac3dc9a419 c14a28cf6ced4484bff336b6b6ee6a12 8ae50ad619b0426680c57340bbe68fc8 - - default default] Unable to schedule network 6d62892b-d18a-4326-8abf-a52d71ee7006: no agents available; will retry on subsequent port and subnet creation events.
2026-03-31 05:56:03.021 10 INFO neutron.db.ovn_revision_numbers_db [None req-37f344e3-2d3f-4483-94b2-4dac3dc9a419 c14a28cf6ced4484bff336b6b6ee6a12 8ae50ad619b0426680c57340bbe68fc8 - - default default] Successfully bumped revision number for resource a2470f4f-db53-43d8-9e31-80644749a6ec (type: ports) to 1
2026-03-31 05:56:03.503 9 INFO neutron.plugins.ml2.drivers.ovn.mech_driver.mech_driver [None req-702d114a-2955-484c-b91d-e9c0669c1cca - - - - - -] OVN reports status up for port: a2470f4f-db53-43d8-9e31-80644749a6ec
2026-03-31 05:56:03.505 10 INFO neutron.db.ovn_revision_numbers_db [None req-37f344e3-2d3f-4483-94b2-4dac3dc9a419 c14a28cf6ced4484bff336b6b6ee6a12 8ae50ad619b0426680c57340bbe68fc8 - - default default] Successfully bumped revision number for resource a2470f4f-db53-43d8-9e31-80644749a6ec (type: router_ports) to 2
2026-03-31 05:56:03.512 9 INFO neutron.plugins.ml2.plugin [None req-702d114a-2955-484c-b91d-e9c0669c1cca - - - - - -] Attempt 1 to provision port a2470f4f-db53-43d8-9e31-80644749a6ec
2026-03-31 05:56:03.595 10 INFO neutron.db.ovn_revision_numbers_db [None req-8a7e5dcf-993c-4d29-9f30-3070ee244981 b34d968fa3c54e66a91861aeefbdcb3d 116ac56d0cc84a83ac998d1801b5f7bf - - default default] Successfully bumped revision number for resource 194d0bd8-2290-4237-a23f-4647537e8d1b (type: security_groups) to 1
2026-03-31 05:56:03.630 10 INFO neutron.wsgi [None req-8a7e5dcf-993c-4d29-9f30-3070ee244981 b34d968fa3c54e66a91861aeefbdcb3d 116ac56d0cc84a83ac998d1801b5f7bf - - default default] 10.0.0.112 "GET /v2.0/security-groups?tenant_id=c4cd2cebba8044b5bdb4c21d5dcd434e&name=default HTTP/1.1" status: 200 len: 2996 time: 0.4114985
2026-03-31 05:56:03.695 10 INFO neutron.db.ovn_revision_numbers_db [None req-37f344e3-2d3f-4483-94b2-4dac3dc9a419 c14a28cf6ced4484bff336b6b6ee6a12 8ae50ad619b0426680c57340bbe68fc8 - - default default] Successfully bumped revision number for resource a2470f4f-db53-43d8-9e31-80644749a6ec (type: ports) to 2
2026-03-31 05:56:03.800 10 INFO neutron.services.segments.plugin [-] Segment f180230c-0e00-4d90-a3a2-52baf94ead12 resource provider aggregate not found
2026-03-31 05:56:03.802 9 INFO neutron.wsgi [None req-45f19e37-1c94-4c04-91b0-0327a4c51cfd b8cebc8802c642228213217e015fdcda 48b143d645ec449da619226565e43cc7 - - - -] 10.0.0.112 "DELETE /v2.0/floatingips/93220af3-dbe6-434f-8a26-e44a39d16624 HTTP/1.1" status: 204 len: 168 time: 0.9581065
2026-03-31 05:56:03.815 10 WARNING neutron.scheduler.dhcp_agent_scheduler [None req-37f344e3-2d3f-4483-94b2-4dac3dc9a419 c14a28cf6ced4484bff336b6b6ee6a12 8ae50ad619b0426680c57340bbe68fc8 - - default default] No more DHCP agents
2026-03-31 05:56:03.817 10 WARNING neutron.api.rpc.agentnotifiers.dhcp_rpc_agent_api [None req-37f344e3-2d3f-4483-94b2-4dac3dc9a419 c14a28cf6ced4484bff336b6b6ee6a12 8ae50ad619b0426680c57340bbe68fc8 - - default default] Unable to schedule network 6d62892b-d18a-4326-8abf-a52d71ee7006: no agents available; will retry on subsequent port and subnet creation events.
2026-03-31 05:56:03.820 10 INFO neutron.services.segments.plugin [-] Segment f180230c-0e00-4d90-a3a2-52baf94ead12 resource provider aggregate not found
2026-03-31 05:56:03.826 10 INFO neutron.services.segments.plugin [-] Segment f180230c-0e00-4d90-a3a2-52baf94ead12 resource provider not found; error: Placement Client Error (4xx): {"errors": [{"status": 404, "title": "Not Found", "detail": "The resource could not be found.\n\n No resource provider with uuid f180230c-0e00-4d90-a3a2-52baf94ead12 found for delete ", "request_id": "req-5bd47de4-c875-4d1f-b9ac-8ad706893685"}]}
2026-03-31 05:56:03.843 10 INFO neutron.services.segments.plugin [-] Segment f180230c-0e00-4d90-a3a2-52baf94ead12 resource provider not found; error: Placement Client Error (4xx): {"errors": [{"status": 404, "title": "Not Found", "detail": "The resource could not be found.\n\n No resource provider with uuid f180230c-0e00-4d90-a3a2-52baf94ead12 found for delete ", "request_id": "req-4b1f3f9e-6563-45d0-8ef3-bf319cacce2c"}]}
2026-03-31 05:56:03.901 9 INFO neutron.db.ovn_revision_numbers_db [None req-702d114a-2955-484c-b91d-e9c0669c1cca - - - - - -] Successfully bumped revision number for resource a2470f4f-db53-43d8-9e31-80644749a6ec (type: ports) to 3
2026-03-31 05:56:04.003 9 INFO neutron.wsgi [None req-cd95b096-bef6-4e58-bbd8-1fb420a4832f b34d968fa3c54e66a91861aeefbdcb3d 116ac56d0cc84a83ac998d1801b5f7bf - - - -] 10.0.0.112 "DELETE /v2.0/security-groups/194d0bd8-2290-4237-a23f-4647537e8d1b HTTP/1.1" status: 204 len: 168 time: 0.3681607
2026-03-31 05:56:04.013 10 INFO neutron.db.ovn_revision_numbers_db [None req-37f344e3-2d3f-4483-94b2-4dac3dc9a419 c14a28cf6ced4484bff336b6b6ee6a12 8ae50ad619b0426680c57340bbe68fc8 - - - -] Successfully bumped revision number for resource a2470f4f-db53-43d8-9e31-80644749a6ec (type: router_ports) to 3
2026-03-31 05:56:04.016 10 INFO neutron.wsgi [None req-37f344e3-2d3f-4483-94b2-4dac3dc9a419 c14a28cf6ced4484bff336b6b6ee6a12 8ae50ad619b0426680c57340bbe68fc8 - - - -] 10.0.0.112 "PUT /v2.0/routers/45ac4f55-6184-44df-a3fe-120b6610ceac/add_router_interface HTTP/1.1" status: 200 len: 503 time: 1.5996561
2026-03-31 05:56:04.053 10 INFO neutron.wsgi [None req-4779b573-9055-4659-b0d9-001be452b42a c14a28cf6ced4484bff336b6b6ee6a12 8ae50ad619b0426680c57340bbe68fc8 - - default default] 10.0.0.112 "GET /v2.0/ports/a2470f4f-db53-43d8-9e31-80644749a6ec HTTP/1.1" status: 200 len: 1137 time: 0.0332913
2026-03-31 05:56:04.565 10 INFO neutron.db.ovn_revision_numbers_db [None req-465f865c-718f-41b5-a30c-29897c07677a b34d968fa3c54e66a91861aeefbdcb3d 116ac56d0cc84a83ac998d1801b5f7bf - - default default] Successfully bumped revision number for resource f57f594c-b982-4d86-bf57-1c731de14aa0 (type: security_groups) to 1
2026-03-31 05:56:04.599 10 INFO neutron.wsgi [None req-465f865c-718f-41b5-a30c-29897c07677a b34d968fa3c54e66a91861aeefbdcb3d 116ac56d0cc84a83ac998d1801b5f7bf - - default default] 10.0.0.112 "GET /v2.0/security-groups?tenant_id=780e88a6459e4131b84096c85f4ccb9c&name=default HTTP/1.1" status: 200 len: 2996 time: 0.5100663
2026-03-31 05:56:04.720 9 INFO neutron.db.ovn_revision_numbers_db [None req-96559d40-d031-4271-a006-70b53668928d b34d968fa3c54e66a91861aeefbdcb3d 116ac56d0cc84a83ac998d1801b5f7bf - - default default] Successfully bumped revision number for resource 11592361-d3f2-42b5-a8f1-af2bc06fc79c (type: security_groups) to 1
2026-03-31 05:56:04.747 9 INFO neutron.wsgi [None req-96559d40-d031-4271-a006-70b53668928d b34d968fa3c54e66a91861aeefbdcb3d 116ac56d0cc84a83ac998d1801b5f7bf - - default default] 10.0.0.112 "GET /v2.0/security-groups?tenant_id=34c8993f14234a088bceb8ae2c453f75&name=default HTTP/1.1" status: 200 len: 2996 time: 0.3023989
2026-03-31 05:56:04.874 10 WARNING neutron.scheduler.dhcp_agent_scheduler [None req-9b4c8090-8d54-4385-9b31-22917edb411d c14a28cf6ced4484bff336b6b6ee6a12 8ae50ad619b0426680c57340bbe68fc8 - - default default] No more DHCP agents
2026-03-31 05:56:04.880 10 WARNING neutron.api.rpc.agentnotifiers.dhcp_rpc_agent_api [None req-9b4c8090-8d54-4385-9b31-22917edb411d c14a28cf6ced4484bff336b6b6ee6a12 8ae50ad619b0426680c57340bbe68fc8 - - default default] Unable to schedule network f4e7c41d-8771-43d0-b980-93e9a65dc21a: no agents available; will retry on subsequent port and subnet creation events.
2026-03-31 05:56:04.885 10 INFO neutron.wsgi [None req-d1562ea6-4db3-4c81-87b8-f5552cb13f89 b34d968fa3c54e66a91861aeefbdcb3d 116ac56d0cc84a83ac998d1801b5f7bf - - - -] 10.0.0.112 "DELETE /v2.0/security-groups/f57f594c-b982-4d86-bf57-1c731de14aa0 HTTP/1.1" status: 204 len: 168 time: 0.2806323
2026-03-31 05:56:04.974 9 INFO neutron.wsgi [None req-c3fe9e75-2ec7-41dc-9111-f7654091a698 b34d968fa3c54e66a91861aeefbdcb3d 116ac56d0cc84a83ac998d1801b5f7bf - - - -] 10.0.0.112 "DELETE /v2.0/security-groups/11592361-d3f2-42b5-a8f1-af2bc06fc79c HTTP/1.1" status: 204 len: 168 time: 0.2211256
2026-03-31 05:56:05.018 10 INFO neutron.db.ovn_revision_numbers_db [None req-9b4c8090-8d54-4385-9b31-22917edb411d c14a28cf6ced4484bff336b6b6ee6a12 8ae50ad619b0426680c57340bbe68fc8 - - default default] Successfully bumped revision number for resource 974c9cf8-8c6f-425f-822c-454b497e3260 (type: ports) to 1
2026-03-31 05:56:05.079 9 INFO neutron.wsgi [None req-526ae354-819f-435b-adaf-9e773570d676 b34d968fa3c54e66a91861aeefbdcb3d 116ac56d0cc84a83ac998d1801b5f7bf - - default default] 10.0.0.112 "GET /v2.0/security-groups?tenant_id=d8abb2eaeff34606b4aa7f3c2489be37&name=default HTTP/1.1" status: 200 len: 2996 time: 0.0387254
2026-03-31 05:56:05.215 10 INFO neutron.db.ovn_revision_numbers_db [None req-9eabff7b-f468-4df8-85e3-c883983af942 b34d968fa3c54e66a91861aeefbdcb3d 116ac56d0cc84a83ac998d1801b5f7bf - - default default] Successfully bumped revision number for resource ac4c810d-957c-4c87-9856-37225de46d37 (type: security_groups) to 1
2026-03-31 05:56:05.249 10 INFO neutron.wsgi [None req-9eabff7b-f468-4df8-85e3-c883983af942 b34d968fa3c54e66a91861aeefbdcb3d 116ac56d0cc84a83ac998d1801b5f7bf - - default default] 10.0.0.112 "GET /v2.0/security-groups?tenant_id=48b143d645ec449da619226565e43cc7&name=default HTTP/1.1" status: 200 len: 2996 time: 0.1695387
2026-03-31 05:56:05.265 9 INFO neutron.wsgi [None req-9f79bc32-34ea-4301-9f38-8328bf8a16a2 b34d968fa3c54e66a91861aeefbdcb3d 116ac56d0cc84a83ac998d1801b5f7bf - - - -] 10.0.0.112 "DELETE /v2.0/security-groups/8a29ea68-d900-4452-82b8-279709dbe0f1 HTTP/1.1" status: 204 len: 168 time: 0.1800041
2026-03-31 05:56:05.637 10 INFO neutron.db.ovn_revision_numbers_db [None req-9b4c8090-8d54-4385-9b31-22917edb411d c14a28cf6ced4484bff336b6b6ee6a12 8ae50ad619b0426680c57340bbe68fc8 - - default default] Successfully bumped revision number for resource 974c9cf8-8c6f-425f-822c-454b497e3260 (type: router_ports) to 2
2026-03-31 05:56:05.643 10 INFO neutron.wsgi [None req-d9169f4e-8709-4964-8032-0a2128d446e2 b34d968fa3c54e66a91861aeefbdcb3d 116ac56d0cc84a83ac998d1801b5f7bf - - - -] 10.0.0.112 "DELETE /v2.0/security-groups/ac4c810d-957c-4c87-9856-37225de46d37 HTTP/1.1" status: 204 len: 168 time: 0.3874507
2026-03-31 05:56:05.796 10 INFO neutron.db.ovn_revision_numbers_db [None req-9b4c8090-8d54-4385-9b31-22917edb411d c14a28cf6ced4484bff336b6b6ee6a12 8ae50ad619b0426680c57340bbe68fc8 - - default default] Successfully bumped revision number for resource 974c9cf8-8c6f-425f-822c-454b497e3260 (type: ports) to 2
2026-03-31 05:56:05.872 10 WARNING neutron.scheduler.dhcp_agent_scheduler [None req-9b4c8090-8d54-4385-9b31-22917edb411d c14a28cf6ced4484bff336b6b6ee6a12 8ae50ad619b0426680c57340bbe68fc8 - - default default] No more DHCP agents
2026-03-31 05:56:05.873 10 WARNING neutron.api.rpc.agentnotifiers.dhcp_rpc_agent_api [None req-9b4c8090-8d54-4385-9b31-22917edb411d c14a28cf6ced4484bff336b6b6ee6a12 8ae50ad619b0426680c57340bbe68fc8 - - default default] Unable to schedule network f4e7c41d-8771-43d0-b980-93e9a65dc21a: no agents available; will retry on subsequent port and subnet creation events.
2026-03-31 05:56:06.038 10 INFO neutron.db.ovn_revision_numbers_db [None req-9b4c8090-8d54-4385-9b31-22917edb411d c14a28cf6ced4484bff336b6b6ee6a12 8ae50ad619b0426680c57340bbe68fc8 - - - -] Successfully bumped revision number for resource 974c9cf8-8c6f-425f-822c-454b497e3260 (type: router_ports) to 2
2026-03-31 05:56:06.041 10 INFO neutron.wsgi [None req-9b4c8090-8d54-4385-9b31-22917edb411d c14a28cf6ced4484bff336b6b6ee6a12 8ae50ad619b0426680c57340bbe68fc8 - - - -] 10.0.0.112 "PUT /v2.0/routers/45ac4f55-6184-44df-a3fe-120b6610ceac/add_router_interface HTTP/1.1" status: 200 len: 503 time: 1.9815645
2026-03-31 05:56:06.137 10 INFO neutron.wsgi [None req-ceaccf8b-a593-4aa8-a9dd-a0d97bafcabf c14a28cf6ced4484bff336b6b6ee6a12 8ae50ad619b0426680c57340bbe68fc8 - - default default] 10.0.0.112 "GET /v2.0/ports/974c9cf8-8c6f-425f-822c-454b497e3260 HTTP/1.1" status: 200 len: 1135 time: 0.0911617
2026-03-31 05:56:06.167 10 INFO neutron.wsgi [None req-09e51dec-1df7-4f3f-b061-f2eaec55f9e2 c14a28cf6ced4484bff336b6b6ee6a12 8ae50ad619b0426680c57340bbe68fc8 - - default default] 10.0.0.112 "GET /v2.0/ports/974c9cf8-8c6f-425f-822c-454b497e3260 HTTP/1.1" status: 200 len: 1135 time: 0.0253851
2026-03-31 05:56:07.205 10 INFO neutron.wsgi [None req-b4a7af29-7113-4c3e-b731-6c7274c248be c14a28cf6ced4484bff336b6b6ee6a12 8ae50ad619b0426680c57340bbe68fc8 - - default default] 10.0.0.112 "GET /v2.0/ports/974c9cf8-8c6f-425f-822c-454b497e3260 HTTP/1.1" status: 200 len: 1135 time: 0.0307679
2026-03-31 05:56:08.246 10 INFO neutron.wsgi [None req-dfee465f-d90c-4656-a00b-81f1701ab5f8 c14a28cf6ced4484bff336b6b6ee6a12 8ae50ad619b0426680c57340bbe68fc8 - - default default] 10.0.0.112 "GET /v2.0/ports/974c9cf8-8c6f-425f-822c-454b497e3260 HTTP/1.1" status: 200 len: 1135 time: 0.0359912
2026-03-31 05:56:09.173 9 INFO neutron.wsgi [None req-ef3c06a9-e8ce-4a95-aacd-c4375e412f5b 95677ec9c4f343e59fca2488b6e54e40 49c244404c894b1798bd756f8fb509cf - - - -] 10.0.0.112 "POST /v2.0/qos/policies HTTP/1.1" status: 201 len: 558 time: 0.2566745
2026-03-31 05:56:09.220 9 INFO neutron.wsgi [None req-b5db8139-559c-40a6-a846-8a16a5f068b2 95677ec9c4f343e59fca2488b6e54e40 49c244404c894b1798bd756f8fb509cf - - - -] 10.0.0.112 "PUT /v2.0/policies/eccd1fee-e5f1-42a9-8f4b-0cd2be44e00e/tags HTTP/1.1" status: 200 len: 218 time: 0.0386298
2026-03-31 05:56:09.255 10 INFO neutron.wsgi [None req-af8e8f31-a266-4631-bf89-9cff80be9734 95677ec9c4f343e59fca2488b6e54e40 49c244404c894b1798bd756f8fb509cf - - default default] 10.0.0.112 "GET /v2.0/policies/eccd1fee-e5f1-42a9-8f4b-0cd2be44e00e/tags HTTP/1.1" status: 200 len: 218 time: 0.0286086
2026-03-31 05:56:09.314 10 INFO neutron.wsgi [None req-441157de-fb4e-4b1b-bf63-c67fe419daad c14a28cf6ced4484bff336b6b6ee6a12 8ae50ad619b0426680c57340bbe68fc8 - - default default] 10.0.0.112 "GET /v2.0/ports/974c9cf8-8c6f-425f-822c-454b497e3260 HTTP/1.1" status: 200 len: 1135 time: 0.0580380
2026-03-31 05:56:09.324 10 INFO neutron.wsgi [None req-9b87dfe6-9838-4d58-aba3-52008ba7b00a 95677ec9c4f343e59fca2488b6e54e40 49c244404c894b1798bd756f8fb509cf - - - -] 10.0.0.112 "PUT /v2.0/policies/eccd1fee-e5f1-42a9-8f4b-0cd2be44e00e/tags/green HTTP/1.1" status: 201 len: 201 time: 0.0517864
2026-03-31 05:56:09.351 10 INFO neutron.wsgi [None req-a32daefd-2107-43cd-a785-a1a2f0f2dc0e 95677ec9c4f343e59fca2488b6e54e40 49c244404c894b1798bd756f8fb509cf - - default default] 10.0.0.112 "GET /v2.0/policies/eccd1fee-e5f1-42a9-8f4b-0cd2be44e00e/tags HTTP/1.1" status: 200 len: 227 time: 0.0182767
2026-03-31 05:56:09.375 10 INFO neutron.wsgi [None req-bf7320ac-b34b-4905-8a52-040b7d789453 95677ec9c4f343e59fca2488b6e54e40 49c244404c894b1798bd756f8fb509cf - - - -] 10.0.0.112 "PUT /v2.0/policies/eccd1fee-e5f1-42a9-8f4b-0cd2be44e00e/tags/red HTTP/1.1" status: 201 len: 201 time: 0.0177515
2026-03-31 05:56:09.397 10 INFO neutron.wsgi [None req-475cc039-8b9d-4da1-b456-5b36256a4baf 95677ec9c4f343e59fca2488b6e54e40 49c244404c894b1798bd756f8fb509cf - - default default] 10.0.0.112 "GET /v2.0/policies/eccd1fee-e5f1-42a9-8f4b-0cd2be44e00e/tags HTTP/1.1" status: 200 len: 227 time: 0.0157952
2026-03-31 05:56:09.434 10 INFO neutron.wsgi [None req-24325399-9bae-4016-a640-b26a85ee95d0 95677ec9c4f343e59fca2488b6e54e40 49c244404c894b1798bd756f8fb509cf - - - -] 10.0.0.112 "PUT /v2.0/policies/eccd1fee-e5f1-42a9-8f4b-0cd2be44e00e/tags/black.or.white HTTP/1.1" status: 201 len: 201 time: 0.0318229
2026-03-31 05:56:09.451 10 INFO neutron.wsgi [None req-fd4e9d70-c490-4fc9-b41d-937fb41c2686 95677ec9c4f343e59fca2488b6e54e40 49c244404c894b1798bd756f8fb509cf - - default default] 10.0.0.112 "GET /v2.0/policies/eccd1fee-e5f1-42a9-8f4b-0cd2be44e00e/tags HTTP/1.1" status: 200 len: 245 time: 0.0136232
2026-03-31 05:56:09.481 9 INFO neutron.wsgi [None req-fe86d0c4-c57e-4b87-94af-5db1214ac0f9 95677ec9c4f343e59fca2488b6e54e40 49c244404c894b1798bd756f8fb509cf - - - -] 10.0.0.112 "PUT /v2.0/policies/eccd1fee-e5f1-42a9-8f4b-0cd2be44e00e/tags HTTP/1.1" status: 200 len: 230 time: 0.0240002
2026-03-31 05:56:09.501 9 INFO neutron.wsgi [None req-9fc0301e-27ff-444a-bada-5f6001d81787 95677ec9c4f343e59fca2488b6e54e40 49c244404c894b1798bd756f8fb509cf - - default default] 10.0.0.112 "GET /v2.0/policies/eccd1fee-e5f1-42a9-8f4b-0cd2be44e00e/tags HTTP/1.1" status: 200 len: 230 time: 0.0149357
2026-03-31 05:56:09.528 9 INFO neutron.wsgi [None req-48da1900-e6d7-409d-826c-6683588b8043 95677ec9c4f343e59fca2488b6e54e40 49c244404c894b1798bd756f8fb509cf - - default default] 10.0.0.112 "GET /v2.0/policies/eccd1fee-e5f1-42a9-8f4b-0cd2be44e00e/tags/red HTTP/1.1" status: 204 len: 168 time: 0.0220242
2026-03-31 05:56:09.543 9 INFO neutron.api.v2.resource [None req-39a09432-8adf-4b9c-8093-91fbc600954a 95677ec9c4f343e59fca2488b6e54e40 49c244404c894b1798bd756f8fb509cf - - default default] show failed (client error): The resource could not be found.
2026-03-31 05:56:09.544 9 INFO neutron.wsgi [None req-39a09432-8adf-4b9c-8093-91fbc600954a 95677ec9c4f343e59fca2488b6e54e40 49c244404c894b1798bd756f8fb509cf - - default default] 10.0.0.112 "GET /v2.0/policies/eccd1fee-e5f1-42a9-8f4b-0cd2be44e00e/tags/green HTTP/1.1" status: 404 len: 299 time: 0.0110834
2026-03-31 05:56:09.575 9 INFO neutron.wsgi [None req-3d4a427c-d483-4304-8824-633c3db67dbe 95677ec9c4f343e59fca2488b6e54e40 49c244404c894b1798bd756f8fb509cf - - - -] 10.0.0.112 "DELETE /v2.0/policies/eccd1fee-e5f1-42a9-8f4b-0cd2be44e00e/tags/red HTTP/1.1" status: 204 len: 168 time: 0.0255914
2026-03-31 05:56:09.596 9 INFO neutron.wsgi [None req-4d0ba6ad-36df-4bf1-aece-4078459b52c1 95677ec9c4f343e59fca2488b6e54e40 49c244404c894b1798bd756f8fb509cf - - default default] 10.0.0.112 "GET /v2.0/policies/eccd1fee-e5f1-42a9-8f4b-0cd2be44e00e/tags HTTP/1.1" status: 200 len: 223 time: 0.0149384
2026-03-31 05:56:09.625 10 INFO neutron.api.v2.resource [None req-c0cc818a-4a99-4833-8fad-db16fad95048 95677ec9c4f343e59fca2488b6e54e40 49c244404c894b1798bd756f8fb509cf - - - -] delete failed (client error): The resource could not be found.
2026-03-31 05:56:09.627 10 INFO neutron.wsgi [None req-c0cc818a-4a99-4833-8fad-db16fad95048 95677ec9c4f343e59fca2488b6e54e40 49c244404c894b1798bd756f8fb509cf - - - -] 10.0.0.112 "DELETE /v2.0/policies/eccd1fee-e5f1-42a9-8f4b-0cd2be44e00e/tags/green HTTP/1.1" status: 404 len: 299 time: 0.0205517
2026-03-31 05:56:09.654 10 INFO neutron.wsgi [None req-642c7fdd-9081-4409-ae04-024838191b5f 95677ec9c4f343e59fca2488b6e54e40 49c244404c894b1798bd756f8fb509cf - - - -] 10.0.0.112 "DELETE /v2.0/policies/eccd1fee-e5f1-42a9-8f4b-0cd2be44e00e/tags HTTP/1.1" status: 204 len: 168 time: 0.0221674
2026-03-31 05:56:09.670 10 INFO neutron.wsgi [None req-974c92c4-32e5-4ef7-8e9c-804386b7c2a7 95677ec9c4f343e59fca2488b6e54e40 49c244404c894b1798bd756f8fb509cf - - default default] 10.0.0.112 "GET /v2.0/policies/eccd1fee-e5f1-42a9-8f4b-0cd2be44e00e/tags HTTP/1.1" status: 200 len: 205 time: 0.0101376
2026-03-31 05:56:09.733 9 INFO neutron.wsgi [None req-fdda6aff-20bd-4f2f-b1b9-8bc4b1d9bff2 95677ec9c4f343e59fca2488b6e54e40 49c244404c894b1798bd756f8fb509cf - - - -] 10.0.0.112 "DELETE /v2.0/qos/policies/eccd1fee-e5f1-42a9-8f4b-0cd2be44e00e HTTP/1.1" status: 204 len: 168 time: 0.0544183
2026-03-31 05:56:09.787 9 INFO neutron.wsgi [-] 10.0.0.32 "GET / HTTP/1.1" status: 200 len: 247 time: 0.0016053
2026-03-31 05:56:09.789 10 INFO neutron.wsgi [-] 10.0.0.32 "GET / HTTP/1.1" status: 200 len: 247 time: 0.0026984
2026-03-31 05:56:09.979 9 INFO neutron.db.ovn_revision_numbers_db [None req-7c6e08dc-958f-4369-9add-1c9d1df8c4f5 7a6d05932fca448c8f6e9d829ff5ab56 d876ca22b473405e86ad4f1ed65e80df - - - -] Successfully bumped revision number for resource 3e044c9b-46df-400f-a854-1074cda9c637 (type: security_groups) to 1
2026-03-31 05:56:10.018 9 WARNING neutron.plugins.ml2.drivers.ovn.mech_driver.ovsdb.ovn_client [None req-702d114a-2955-484c-b91d-e9c0669c1cca - - - - - -] No hosting information found for port a2470f4f-db53-43d8-9e31-80644749a6ec: RuntimeError: No hosting information found for port a2470f4f-db53-43d8-9e31-80644749a6ec
