2026-03-31 05:53:30.283 9 INFO neutron.db.ovn_revision_numbers_db [None req-a5b89471-609e-4a9f-8b2e-9901ca73e063 - - - - - -] Successfully bumped revision number for resource fc9712ca-f347-490c-9873-2e97ab915619 (type: router_ports) to 3
2026-03-31 05:53:30.385 10 INFO neutron.wsgi [None req-6a7810b2-ca67-4745-9600-3efcf26561d7 b34d968fa3c54e66a91861aeefbdcb3d 116ac56d0cc84a83ac998d1801b5f7bf - - default default] 10.0.0.14 "GET /v2.0/security-groups HTTP/1.1" status: 200 len: 27907 time: 0.4401319
2026-03-31 05:53:30.501 10 INFO neutron.wsgi [None req-fea921c4-b6d4-490f-af81-7e5ee5dcf7e2 b34d968fa3c54e66a91861aeefbdcb3d 116ac56d0cc84a83ac998d1801b5f7bf - - default default] 10.0.0.14 "GET /v2.0/subnets HTTP/1.1" status: 200 len: 4075 time: 0.0931301
2026-03-31 05:53:30.535 10 INFO neutron.wsgi [None req-d93dccd2-3869-418f-929e-c6cba9b3c228 b34d968fa3c54e66a91861aeefbdcb3d 116ac56d0cc84a83ac998d1801b5f7bf - - default default] 10.0.0.14 "GET /v2.0/subnetpools HTTP/1.1" status: 200 len: 193 time: 0.0299411
2026-03-31 05:53:30.601 9 INFO neutron.db.ovn_revision_numbers_db [None req-a5b89471-609e-4a9f-8b2e-9901ca73e063 - - - - - -] Successfully bumped revision number for resource fc9712ca-f347-490c-9873-2e97ab915619 (type: ports) to 2
2026-03-31 05:53:30.679 10 INFO neutron.wsgi [None req-c1abfe1b-6f8c-43dd-89e4-bd5e237fb936 b34d968fa3c54e66a91861aeefbdcb3d 116ac56d0cc84a83ac998d1801b5f7bf - - default default] 10.0.0.14 "GET /v2.0/networks HTTP/1.1" status: 200 len: 5403 time: 0.1411116
2026-03-31 05:53:30.767 10 INFO neutron.wsgi [None req-6a44a0d5-1af2-4162-b622-e9e36c4b3c34 b34d968fa3c54e66a91861aeefbdcb3d 116ac56d0cc84a83ac998d1801b5f7bf - - default default] 10.0.0.14 "GET /v2.0/ports HTTP/1.1" status: 200 len: 15768 time: 0.0812876
2026-03-31 05:53:30.825 9 INFO neutron.db.ovn_revision_numbers_db [None req-b575d12e-8828-4ebb-95b6-bf7dc09aff9e b34d968fa3c54e66a91861aeefbdcb3d 116ac56d0cc84a83ac998d1801b5f7bf - - default default] Successfully bumped revision number for resource 9c83a8f0-8e3d-481b-9aa5-cc433a93ef75 (type: router_ports) to 2
2026-03-31 05:53:31.166 10 INFO neutron.wsgi [None req-73317977-b11b-494d-9103-82b2f1c0da0d b34d968fa3c54e66a91861aeefbdcb3d 116ac56d0cc84a83ac998d1801b5f7bf - - default default] 10.0.0.14 "GET /v2.0/routers HTTP/1.1" status: 200 len: 2708 time: 0.3891106
2026-03-31 05:53:31.179 9 WARNING neutron.scheduler.dhcp_agent_scheduler [None req-8c80e8d1-aeba-482c-ab65-b8340c02c07f b34d968fa3c54e66a91861aeefbdcb3d 116ac56d0cc84a83ac998d1801b5f7bf - - - -] No more DHCP agents
2026-03-31 05:53:31.190 9 WARNING neutron.api.rpc.agentnotifiers.dhcp_rpc_agent_api [None req-8c80e8d1-aeba-482c-ab65-b8340c02c07f b34d968fa3c54e66a91861aeefbdcb3d 116ac56d0cc84a83ac998d1801b5f7bf - - - -] Unable to schedule network 25013cf9-da18-47b4-b35b-f4efa2b2672f: no agents available; will retry on subsequent port and subnet creation events.
2026-03-31 05:53:31.226 9 INFO neutron.db.ovn_revision_numbers_db [None req-b575d12e-8828-4ebb-95b6-bf7dc09aff9e b34d968fa3c54e66a91861aeefbdcb3d 116ac56d0cc84a83ac998d1801b5f7bf - - default default] Successfully bumped revision number for resource 9c83a8f0-8e3d-481b-9aa5-cc433a93ef75 (type: ports) to 2
2026-03-31 05:53:31.245 10 INFO neutron.wsgi [None req-70880b95-a692-41e2-be1b-9d871799f40f b34d968fa3c54e66a91861aeefbdcb3d 116ac56d0cc84a83ac998d1801b5f7bf - - default default] 10.0.0.14 "GET /v2.0/agents?binary=ovn-controller HTTP/1.1" status: 200 len: 591 time: 0.0706410
2026-03-31 05:53:31.249 9 INFO neutron.db.ovn_revision_numbers_db [None req-a5b89471-609e-4a9f-8b2e-9901ca73e063 - - - - - -] Successfully bumped revision number for resource fc9712ca-f347-490c-9873-2e97ab915619 (type: ports) to 4
2026-03-31 05:53:31.303 10 INFO neutron.wsgi [None req-2e7011a2-cd21-4457-a489-a13784245c14 b34d968fa3c54e66a91861aeefbdcb3d 116ac56d0cc84a83ac998d1801b5f7bf - - default default] 10.0.0.14 "GET /v2.0/agents HTTP/1.1" status: 200 len: 997 time: 0.0535729
2026-03-31 05:53:31.353 10 INFO neutron.wsgi [None req-b8b48e8f-b890-430a-bc49-db2549a38d5e b34d968fa3c54e66a91861aeefbdcb3d 116ac56d0cc84a83ac998d1801b5f7bf - - default default] 10.0.0.14 "GET /v2.0/floatingips HTTP/1.1" status: 200 len: 193 time: 0.0477979
2026-03-31 05:53:31.380 10 INFO neutron.db.ovn_revision_numbers_db [None req-fd8a5338-c4b3-4483-ae9f-bbf1d54b7cc5 - - - - - -] Successfully bumped revision number for resource 4da9bfc0-2cba-475c-9a50-98e3f2dafd31 (type: ports) to 1
2026-03-31 05:53:31.401 10 INFO neutron.wsgi [None req-be8a9b62-6699-462e-a945-6f41ec68bbfe b34d968fa3c54e66a91861aeefbdcb3d 116ac56d0cc84a83ac998d1801b5f7bf - - default default] 10.0.0.14 "GET /v2.0/network-ip-availabilities HTTP/1.1" status: 200 len: 3212 time: 0.0399513
2026-03-31 05:53:31.424 9 WARNING neutron.scheduler.dhcp_agent_scheduler [None req-b575d12e-8828-4ebb-95b6-bf7dc09aff9e b34d968fa3c54e66a91861aeefbdcb3d 116ac56d0cc84a83ac998d1801b5f7bf - - default default] No more DHCP agents
2026-03-31 05:53:31.431 9 WARNING neutron.api.rpc.agentnotifiers.dhcp_rpc_agent_api [None req-b575d12e-8828-4ebb-95b6-bf7dc09aff9e b34d968fa3c54e66a91861aeefbdcb3d 116ac56d0cc84a83ac998d1801b5f7bf - - default default] Unable to schedule network 6981ad54-31d1-4570-b8a8-1d590d484707: no agents available; will retry on subsequent port and subnet creation events.
2026-03-31 05:53:31.440 9 INFO neutron.db.ovn_revision_numbers_db [None req-8c80e8d1-aeba-482c-ab65-b8340c02c07f b34d968fa3c54e66a91861aeefbdcb3d 116ac56d0cc84a83ac998d1801b5f7bf - - - -] Successfully bumped revision number for resource e4226bc7-c5a4-46ef-b01b-a57dbe2460da (type: ports) to 1
2026-03-31 05:53:31.519 10 INFO neutron.db.ovn_revision_numbers_db [None req-f146d8d8-bb30-45e8-be60-c557de7db490 b34d968fa3c54e66a91861aeefbdcb3d 116ac56d0cc84a83ac998d1801b5f7bf - - default default] Successfully bumped revision number for resource 40721e34-989c-4d2c-b017-6ffd9b82e1ee (type: router_ports) to 2
2026-03-31 05:53:31.563 10 INFO neutron.db.ovn_revision_numbers_db [None req-3a52356c-de78-4fa6-99c7-7873a253679d b34d968fa3c54e66a91861aeefbdcb3d 116ac56d0cc84a83ac998d1801b5f7bf - - - -] Successfully bumped revision number for resource 7137ec47-d1c0-4b2e-91d9-c1a1c1ed806d (type: router_ports) to 3
2026-03-31 05:53:31.565 10 INFO neutron.wsgi [None req-3a52356c-de78-4fa6-99c7-7873a253679d b34d968fa3c54e66a91861aeefbdcb3d 116ac56d0cc84a83ac998d1801b5f7bf - - - -] 10.0.0.112 "PUT /v2.0/routers/be1cfb88-33b9-4cd5-accc-b63ac714a206/add_router_interface HTTP/1.1" status: 200 len: 503 time: 4.6307135
2026-03-31 05:53:31.772 10 INFO neutron.db.ovn_revision_numbers_db [None req-f146d8d8-bb30-45e8-be60-c557de7db490 b34d968fa3c54e66a91861aeefbdcb3d 116ac56d0cc84a83ac998d1801b5f7bf - - default default] Successfully bumped revision number for resource 40721e34-989c-4d2c-b017-6ffd9b82e1ee (type: ports) to 2
2026-03-31 05:53:31.819 9 INFO neutron.db.ovn_revision_numbers_db [None req-a5b89471-609e-4a9f-8b2e-9901ca73e063 - - - - - -] Successfully bumped revision number for resource fc9712ca-f347-490c-9873-2e97ab915619 (type: router_ports) to 4
2026-03-31 05:53:31.873 10 WARNING neutron.scheduler.dhcp_agent_scheduler [None req-f146d8d8-bb30-45e8-be60-c557de7db490 b34d968fa3c54e66a91861aeefbdcb3d 116ac56d0cc84a83ac998d1801b5f7bf - - default default] No more DHCP agents
2026-03-31 05:53:31.882 10 WARNING neutron.api.rpc.agentnotifiers.dhcp_rpc_agent_api [None req-f146d8d8-bb30-45e8-be60-c557de7db490 b34d968fa3c54e66a91861aeefbdcb3d 116ac56d0cc84a83ac998d1801b5f7bf - - default default] Unable to schedule network 5c02952c-0222-4969-a238-663162ce3b27: no agents available; will retry on subsequent port and subnet creation events.
2026-03-31 05:53:31.927 10 INFO neutron.db.ovn_revision_numbers_db [None req-fd8a5338-c4b3-4483-ae9f-bbf1d54b7cc5 - - - - - -] Successfully bumped revision number for resource 4da9bfc0-2cba-475c-9a50-98e3f2dafd31 (type: router_ports) to 3
2026-03-31 05:53:32.323 10 INFO neutron.db.ovn_revision_numbers_db [None req-fd8a5338-c4b3-4483-ae9f-bbf1d54b7cc5 - - - - - -] Successfully bumped revision number for resource 4da9bfc0-2cba-475c-9a50-98e3f2dafd31 (type: ports) to 2
2026-03-31 05:53:32.382 10 INFO neutron.plugins.ml2.drivers.ovn.mech_driver.mech_driver [None req-c0577559-ae65-4b87-be56-405fa6918704 - - - - - -] OVN reports status up for port: fc9712ca-f347-490c-9873-2e97ab915619
2026-03-31 05:53:32.397 9 INFO neutron.db.ovn_revision_numbers_db [None req-7d33791f-6391-4122-8002-b836cfcec6a7 838b8322bbcb402382d30b1a9412e8c3 9b9270e9caed466d94d5fc071d22111f - - - -] Successfully bumped revision number for resource 03a11845-36d1-4b98-ae96-dfb910165865 (type: security_groups) to 1
2026-03-31 05:53:32.411 10 INFO neutron.plugins.ml2.plugin [None req-c0577559-ae65-4b87-be56-405fa6918704 - - - - - -] Attempt 1 to provision port fc9712ca-f347-490c-9873-2e97ab915619
2026-03-31 05:53:32.455 9 INFO neutron.wsgi [None req-7d33791f-6391-4122-8002-b836cfcec6a7 838b8322bbcb402382d30b1a9412e8c3 9b9270e9caed466d94d5fc071d22111f - - - -] 10.0.0.112 "POST /v2.0/security-groups HTTP/1.1" status: 201 len: 1795 time: 0.3359139
2026-03-31 05:53:32.780 10 INFO neutron.db.ovn_revision_numbers_db [None req-2be01bd0-cdd5-4d4a-9ea4-5496cc52b283 838b8322bbcb402382d30b1a9412e8c3 9b9270e9caed466d94d5fc071d22111f - - - -] Successfully bumped revision number for resource d0eee0fd-c205-4cc4-8746-bdf169340a7f (type: security_group_rules) to 0
2026-03-31 05:53:32.803 9 INFO neutron.db.ovn_revision_numbers_db [None req-8c80e8d1-aeba-482c-ab65-b8340c02c07f b34d968fa3c54e66a91861aeefbdcb3d 116ac56d0cc84a83ac998d1801b5f7bf - - - -] Successfully bumped revision number for resource e4226bc7-c5a4-46ef-b01b-a57dbe2460da (type: router_ports) to 1
2026-03-31 05:53:32.813 10 INFO neutron.db.ovn_revision_numbers_db [None req-fd8a5338-c4b3-4483-ae9f-bbf1d54b7cc5 - - - - - -] Successfully bumped revision number for resource 4da9bfc0-2cba-475c-9a50-98e3f2dafd31 (type: ports) to 4
2026-03-31 05:53:32.824 10 INFO neutron.wsgi [None req-2be01bd0-cdd5-4d4a-9ea4-5496cc52b283 838b8322bbcb402382d30b1a9412e8c3 9b9270e9caed466d94d5fc071d22111f - - - -] 10.0.0.112 "POST /v2.0/security-group-rules HTTP/1.1" status: 201 len: 764 time: 0.3615236
2026-03-31 05:53:33.128 9 INFO neutron.db.ovn_revision_numbers_db [None req-8c80e8d1-aeba-482c-ab65-b8340c02c07f b34d968fa3c54e66a91861aeefbdcb3d 116ac56d0cc84a83ac998d1801b5f7bf - - - -] Successfully bumped revision number for resource c56134f0-4462-4fdd-a0ea-9a5aba004e60 (type: routers) to 3
2026-03-31 05:53:33.149 9 INFO neutron.wsgi [None req-8c80e8d1-aeba-482c-ab65-b8340c02c07f b34d968fa3c54e66a91861aeefbdcb3d 116ac56d0cc84a83ac998d1801b5f7bf - - - -] 10.0.0.112 "POST /v2.0/routers HTTP/1.1" status: 201 len: 881 time: 3.1270692
2026-03-31 05:53:33.252 9 INFO neutron.db.ovn_revision_numbers_db [None req-b575d12e-8828-4ebb-95b6-bf7dc09aff9e b34d968fa3c54e66a91861aeefbdcb3d 116ac56d0cc84a83ac998d1801b5f7bf - - - -] Successfully bumped revision number for resource 9c83a8f0-8e3d-481b-9aa5-cc433a93ef75 (type: router_ports) to 2
2026-03-31 05:53:33.255 9 INFO neutron.wsgi [None req-b575d12e-8828-4ebb-95b6-bf7dc09aff9e b34d968fa3c54e66a91861aeefbdcb3d 116ac56d0cc84a83ac998d1801b5f7bf - - - -] 10.0.0.112 "PUT /v2.0/routers/0799e7cb-93c0-4721-b820-0ca897996a6b/add_router_interface HTTP/1.1" status: 200 len: 503 time: 5.2213905
2026-03-31 05:53:33.308 10 INFO neutron.db.ovn_revision_numbers_db [None req-411be48d-2d50-4677-9237-905e49a83bf6 838b8322bbcb402382d30b1a9412e8c3 9b9270e9caed466d94d5fc071d22111f - - - -] Successfully bumped revision number for resource d8d52f15-190a-4e16-8974-89ce25e9b3a8 (type: security_group_rules) to 0
2026-03-31 05:53:33.369 10 INFO neutron.wsgi [None req-411be48d-2d50-4677-9237-905e49a83bf6 838b8322bbcb402382d30b1a9412e8c3 9b9270e9caed466d94d5fc071d22111f - - - -] 10.0.0.112 "POST /v2.0/security-group-rules HTTP/1.1" status: 201 len: 769 time: 0.5382967
2026-03-31 05:53:33.402 10 INFO neutron.db.ovn_revision_numbers_db [None req-fd8a5338-c4b3-4483-ae9f-bbf1d54b7cc5 - - - - - -] Successfully bumped revision number for resource 4da9bfc0-2cba-475c-9a50-98e3f2dafd31 (type: router_ports) to 4
2026-03-31 05:53:33.466 10 INFO neutron.plugins.ml2.drivers.ovn.mech_driver.ovsdb.ovsdb_monitor [None req-fd8a5338-c4b3-4483-ae9f-bbf1d54b7cc5 - - - - - -] Router c56134f0-4462-4fdd-a0ea-9a5aba004e60 is bound to host instance
2026-03-31 05:53:33.517 10 INFO neutron.db.ovn_revision_numbers_db [None req-f146d8d8-bb30-45e8-be60-c557de7db490 b34d968fa3c54e66a91861aeefbdcb3d 116ac56d0cc84a83ac998d1801b5f7bf - - - -] Successfully bumped revision number for resource 40721e34-989c-4d2c-b017-6ffd9b82e1ee (type: router_ports) to 2
2026-03-31 05:53:33.519 10 INFO neutron.wsgi [None req-f146d8d8-bb30-45e8-be60-c557de7db490 b34d968fa3c54e66a91861aeefbdcb3d 116ac56d0cc84a83ac998d1801b5f7bf - - - -] 10.0.0.112 "PUT /v2.0/routers/8763f5d2-8254-43b7-a0b5-24727f104710/add_router_interface HTTP/1.1" status: 200 len: 503 time: 5.0051148
2026-03-31 05:53:33.670 9 WARNING neutron.scheduler.dhcp_agent_scheduler [None req-956f6ee7-c345-4cf1-8e3e-40e64e7ac263 b34d968fa3c54e66a91861aeefbdcb3d 116ac56d0cc84a83ac998d1801b5f7bf - - default default] No more DHCP agents
2026-03-31 05:53:33.671 9 WARNING neutron.api.rpc.agentnotifiers.dhcp_rpc_agent_api [None req-956f6ee7-c345-4cf1-8e3e-40e64e7ac263 b34d968fa3c54e66a91861aeefbdcb3d 116ac56d0cc84a83ac998d1801b5f7bf - - default default] Unable to schedule network c7d865ea-79aa-4955-a25f-ff41af6836d2: no agents available; will retry on subsequent port and subnet creation events.
2026-03-31 05:53:33.780 10 WARNING neutron.scheduler.dhcp_agent_scheduler [None req-532ed35b-86ee-40bc-8b66-6fdb671b8dad 838b8322bbcb402382d30b1a9412e8c3 9b9270e9caed466d94d5fc071d22111f - - - -] No more DHCP agents
2026-03-31 05:53:33.793 9 INFO neutron.db.ovn_revision_numbers_db [None req-956f6ee7-c345-4cf1-8e3e-40e64e7ac263 b34d968fa3c54e66a91861aeefbdcb3d 116ac56d0cc84a83ac998d1801b5f7bf - - default default] Successfully bumped revision number for resource 9f3e802b-b04b-49eb-8400-da0b99235597 (type: ports) to 1
2026-03-31 05:53:33.795 10 WARNING neutron.api.rpc.agentnotifiers.dhcp_rpc_agent_api [None req-532ed35b-86ee-40bc-8b66-6fdb671b8dad 838b8322bbcb402382d30b1a9412e8c3 9b9270e9caed466d94d5fc071d22111f - - - -] Unable to schedule network 25013cf9-da18-47b4-b35b-f4efa2b2672f: no agents available; will retry on subsequent port and subnet creation events.
2026-03-31 05:53:34.007 10 INFO neutron.db.ovn_revision_numbers_db [None req-90d62858-859e-4824-af99-df6c66a53760 d2c4a0c9c5c14d37ab085c7a668d59e2 1d68786e0cf3410e8e069a1c0940b408 - - - -] Successfully bumped revision number for resource 25846298-a03a-461d-be93-751f9fee83be (type: security_groups) to 1
2026-03-31 05:53:34.206 10 INFO neutron.wsgi [None req-90d62858-859e-4824-af99-df6c66a53760 d2c4a0c9c5c14d37ab085c7a668d59e2 1d68786e0cf3410e8e069a1c0940b408 - - - -] 10.0.0.112 "POST /v2.0/security-groups HTTP/1.1" status: 201 len: 1797 time: 0.4280264
2026-03-31 05:53:34.264 10 INFO neutron.plugins.ml2.drivers.ovn.mech_driver.mech_driver [None req-c0577559-ae65-4b87-be56-405fa6918704 - - - - - -] OVN reports status up for port: 9f3e802b-b04b-49eb-8400-da0b99235597
2026-03-31 05:53:34.277 9 INFO neutron.db.ovn_revision_numbers_db [None req-956f6ee7-c345-4cf1-8e3e-40e64e7ac263 b34d968fa3c54e66a91861aeefbdcb3d 116ac56d0cc84a83ac998d1801b5f7bf - - default default] Successfully bumped revision number for resource 9f3e802b-b04b-49eb-8400-da0b99235597 (type: router_ports) to 2
2026-03-31 05:53:34.290 10 INFO neutron.plugins.ml2.plugin [None req-c0577559-ae65-4b87-be56-405fa6918704 - - - - - -] Attempt 1 to provision port 9f3e802b-b04b-49eb-8400-da0b99235597
2026-03-31 05:53:34.399 9 INFO neutron.db.ovn_revision_numbers_db [None req-6852fe7b-85c7-411b-82cb-b5d4b7cac26a d2c4a0c9c5c14d37ab085c7a668d59e2 1d68786e0cf3410e8e069a1c0940b408 - - - -] Successfully bumped revision number for resource 7e55d5b3-959b-4467-bfb2-7d9195c56673 (type: security_group_rules) to 0
2026-03-31 05:53:34.429 10 INFO neutron.db.ovn_revision_numbers_db [None req-532ed35b-86ee-40bc-8b66-6fdb671b8dad 838b8322bbcb402382d30b1a9412e8c3 9b9270e9caed466d94d5fc071d22111f - - - -] Successfully bumped revision number for resource dc39ce16-3e51-425d-b981-504a3bcea865 (type: floatingips) to 0
2026-03-31 05:53:34.438 9 INFO neutron.db.ovn_revision_numbers_db [None req-956f6ee7-c345-4cf1-8e3e-40e64e7ac263 b34d968fa3c54e66a91861aeefbdcb3d 116ac56d0cc84a83ac998d1801b5f7bf - - default default] Successfully bumped revision number for resource 9f3e802b-b04b-49eb-8400-da0b99235597 (type: ports) to 2
2026-03-31 05:53:34.449 9 INFO neutron.wsgi [None req-6852fe7b-85c7-411b-82cb-b5d4b7cac26a d2c4a0c9c5c14d37ab085c7a668d59e2 1d68786e0cf3410e8e069a1c0940b408 - - - -] 10.0.0.112 "POST /v2.0/security-group-rules HTTP/1.1" status: 201 len: 764 time: 0.2275953
2026-03-31 05:53:34.455 10 INFO neutron.wsgi [None req-532ed35b-86ee-40bc-8b66-6fdb671b8dad 838b8322bbcb402382d30b1a9412e8c3 9b9270e9caed466d94d5fc071d22111f - - - -] 10.0.0.112 "POST /v2.0/floatingips HTTP/1.1" status: 201 len: 751 time: 1.0796230
2026-03-31 05:53:34.476 10 INFO neutron.db.ovn_revision_numbers_db [None req-fd8a5338-c4b3-4483-ae9f-bbf1d54b7cc5 - - - - - -] Successfully bumped revision number for resource e4226bc7-c5a4-46ef-b01b-a57dbe2460da (type: ports) to 1
2026-03-31 05:53:34.577 9 WARNING neutron.plugins.ml2.drivers.ovn.mech_driver.ovsdb.ovn_client [None req-702d114a-2955-484c-b91d-e9c0669c1cca - - - - - -] No hosting information found for port 7137ec47-d1c0-4b2e-91d9-c1a1c1ed806d: RuntimeError: No hosting information found for port 7137ec47-d1c0-4b2e-91d9-c1a1c1ed806d
2026-03-31 05:53:34.577 9 INFO neutron.plugins.ml2.drivers.ovn.mech_driver.mech_driver [None req-702d114a-2955-484c-b91d-e9c0669c1cca - - - - - -] OVN reports status up for port: 9c83a8f0-8e3d-481b-9aa5-cc433a93ef75
2026-03-31 05:53:34.598 9 WARNING neutron.scheduler.dhcp_agent_scheduler [None req-956f6ee7-c345-4cf1-8e3e-40e64e7ac263 b34d968fa3c54e66a91861aeefbdcb3d 116ac56d0cc84a83ac998d1801b5f7bf - - default default] No more DHCP agents
2026-03-31 05:53:34.601 9 WARNING neutron.api.rpc.agentnotifiers.dhcp_rpc_agent_api [None req-956f6ee7-c345-4cf1-8e3e-40e64e7ac263 b34d968fa3c54e66a91861aeefbdcb3d 116ac56d0cc84a83ac998d1801b5f7bf - - default default] Unable to schedule network c7d865ea-79aa-4955-a25f-ff41af6836d2: no agents available; will retry on subsequent port and subnet creation events.
2026-03-31 05:53:34.604 9 INFO neutron.plugins.ml2.plugin [None req-702d114a-2955-484c-b91d-e9c0669c1cca - - - - - -] Attempt 1 to provision port 9c83a8f0-8e3d-481b-9aa5-cc433a93ef75
2026-03-31 05:53:34.607 9 INFO neutron.db.ovn_revision_numbers_db [None req-4c6b0eed-2281-481e-b2c8-49b9b8e89367 f9a3a3a46f02433e8c138b16a4da9e60 10e52d26936b45edbae67d52611b5303 - - - -] Successfully bumped revision number for resource e63984f0-06fd-4d8f-bbe9-da60542fb7e1 (type: security_groups) to 1
2026-03-31 05:53:34.692 10 INFO neutron.db.ovn_revision_numbers_db [None req-c0577559-ae65-4b87-be56-405fa6918704 - - - - - -] Successfully bumped revision number for resource 9f3e802b-b04b-49eb-8400-da0b99235597 (type: ports) to 3
2026-03-31 05:53:34.835 10 INFO neutron.db.ovn_revision_numbers_db [None req-c0577559-ae65-4b87-be56-405fa6918704 - - - - - -] Successfully bumped revision number for resource 9f3e802b-b04b-49eb-8400-da0b99235597 (type: router_ports) to 3
2026-03-31 05:53:34.898 9 INFO neutron.wsgi [None req-4c6b0eed-2281-481e-b2c8-49b9b8e89367 f9a3a3a46f02433e8c138b16a4da9e60 10e52d26936b45edbae67d52611b5303 - - - -] 10.0.0.162 "POST /v2.0/security-groups HTTP/1.1" status: 201 len: 1821 time: 0.5539076
2026-03-31 05:53:34.920 10 INFO neutron.db.ovn_revision_numbers_db [None req-fd8a5338-c4b3-4483-ae9f-bbf1d54b7cc5 - - - - - -] Successfully bumped revision number for resource e4226bc7-c5a4-46ef-b01b-a57dbe2460da (type: router_ports) to 3
2026-03-31 05:53:35.033 9 INFO neutron.db.ovn_revision_numbers_db [None req-91b9dc77-8a66-46ec-8ae9-d7a8c220d578 d2c4a0c9c5c14d37ab085c7a668d59e2 1d68786e0cf3410e8e069a1c0940b408 - - - -] Successfully bumped revision number for resource 4edf80e7-f704-4685-99e7-176f724b5e99 (type: security_group_rules) to 0
2026-03-31 05:53:35.050 10 INFO neutron.db.ovn_revision_numbers_db [None req-fd8a5338-c4b3-4483-ae9f-bbf1d54b7cc5 - - - - - -] Successfully bumped revision number for resource e4226bc7-c5a4-46ef-b01b-a57dbe2460da (type: ports) to 2
2026-03-31 05:53:35.134 9 INFO neutron.wsgi [None req-91b9dc77-8a66-46ec-8ae9-d7a8c220d578 d2c4a0c9c5c14d37ab085c7a668d59e2 1d68786e0cf3410e8e069a1c0940b408 - - - -] 10.0.0.112 "POST /v2.0/security-group-rules HTTP/1.1" status: 201 len: 769 time: 0.6780522
2026-03-31 05:53:35.266 9 INFO neutron.db.ovn_revision_numbers_db [None req-dc45e006-26e6-4803-aec9-a1b20b4f01a5 f9a3a3a46f02433e8c138b16a4da9e60 10e52d26936b45edbae67d52611b5303 - - - -] Successfully bumped revision number for resource b576196c-29c3-438a-9c04-fdaf76e7054a (type: security_groups) to 1
2026-03-31 05:53:35.313 10 INFO neutron.db.ovn_revision_numbers_db [None req-fd8a5338-c4b3-4483-ae9f-bbf1d54b7cc5 - - - - - -] Successfully bumped revision number for resource e4226bc7-c5a4-46ef-b01b-a57dbe2460da (type: ports) to 4
2026-03-31 05:53:35.330 10 INFO neutron.wsgi [req-7d894351-932c-4028-a3c6-eeadb38b175c req-26e153b2-7b80-4ce3-8adc-c488ca004bce 838b8322bbcb402382d30b1a9412e8c3 9b9270e9caed466d94d5fc071d22111f - - default default] 10.0.0.162 "GET /v2.0/security-groups?name=tempest-securitygroup--1537776527&fields=id&tenant_id=9b9270e9caed466d94d5fc071d22111f HTTP/1.1" status: 200 len: 267 time: 0.0400550
2026-03-31 05:53:35.347 9 INFO neutron.wsgi [None req-dc45e006-26e6-4803-aec9-a1b20b4f01a5 f9a3a3a46f02433e8c138b16a4da9e60 10e52d26936b45edbae67d52611b5303 - - - -] 10.0.0.162 "POST /v2.0/security-groups HTTP/1.1" status: 201 len: 1823 time: 0.4183397
2026-03-31 05:53:35.560 9 INFO neutron.db.ovn_revision_numbers_db [None req-702d114a-2955-484c-b91d-e9c0669c1cca - - - - - -] Successfully bumped revision number for resource 9c83a8f0-8e3d-481b-9aa5-cc433a93ef75 (type: ports) to 3
2026-03-31 05:53:35.659 10 INFO neutron.wsgi [req-7d894351-932c-4028-a3c6-eeadb38b175c req-fd4ce072-c48c-428d-ade9-8246e7160cbc 838b8322bbcb402382d30b1a9412e8c3 9b9270e9caed466d94d5fc071d22111f - - default default] 10.0.0.162 "GET /v2.0/networks?id=d4c23331-ec43-49e1-8bfa-21f09af25f64 HTTP/1.1" status: 200 len: 882 time: 0.3039696
2026-03-31 05:53:35.677 10 INFO neutron.wsgi [req-7d894351-932c-4028-a3c6-eeadb38b175c req-e3f71535-c247-4b25-b62c-a6e606f28d17 838b8322bbcb402382d30b1a9412e8c3 9b9270e9caed466d94d5fc071d22111f - - default default] 10.0.0.162 "GET /v2.0/quotas/9b9270e9caed466d94d5fc071d22111f HTTP/1.1" status: 200 len: 386 time: 0.0112286
2026-03-31 05:53:35.740 9 INFO neutron.db.ovn_revision_numbers_db [None req-a8a5387f-14e7-483c-b946-80c4b7536c17 f9a3a3a46f02433e8c138b16a4da9e60 10e52d26936b45edbae67d52611b5303 - - - -] Successfully bumped revision number for resource 4b3d7e74-e671-4d77-b6e7-1a98b1b833c0 (type: security_groups) to 1
2026-03-31 05:53:35.821 10 INFO neutron.wsgi [req-7d894351-932c-4028-a3c6-eeadb38b175c req-94b3e2c3-7271-4b4a-b7ef-75dabf9b76c2 838b8322bbcb402382d30b1a9412e8c3 9b9270e9caed466d94d5fc071d22111f - - default default] 10.0.0.162 "GET /v2.0/ports?tenant_id=9b9270e9caed466d94d5fc071d22111f&fields=id HTTP/1.1" status: 200 len: 302 time: 0.1267292
2026-03-31 05:53:35.847 10 INFO neutron.db.ovn_revision_numbers_db [None req-fd8a5338-c4b3-4483-ae9f-bbf1d54b7cc5 - - - - - -] Successfully bumped revision number for resource e4226bc7-c5a4-46ef-b01b-a57dbe2460da (type: router_ports) to 4
2026-03-31 05:53:36.018 9 INFO neutron.wsgi [None req-a8a5387f-14e7-483c-b946-80c4b7536c17 f9a3a3a46f02433e8c138b16a4da9e60 10e52d26936b45edbae67d52611b5303 - - - -] 10.0.0.162 "POST /v2.0/security-groups HTTP/1.1" status: 201 len: 1821 time: 0.6394944
2026-03-31 05:53:36.083 9 INFO neutron.db.ovn_revision_numbers_db [None req-702d114a-2955-484c-b91d-e9c0669c1cca - - - - - -] Successfully bumped revision number for resource 9c83a8f0-8e3d-481b-9aa5-cc433a93ef75 (type: router_ports) to 3
2026-03-31 05:53:36.123 9 WARNING neutron.scheduler.dhcp_agent_scheduler [None req-3edfa076-2d98-4939-9e40-d6bbd04c06f4 d2c4a0c9c5c14d37ab085c7a668d59e2 1d68786e0cf3410e8e069a1c0940b408 - - - -] No more DHCP agents
2026-03-31 05:53:36.141 9 WARNING neutron.api.rpc.agentnotifiers.dhcp_rpc_agent_api [None req-3edfa076-2d98-4939-9e40-d6bbd04c06f4 d2c4a0c9c5c14d37ab085c7a668d59e2 1d68786e0cf3410e8e069a1c0940b408 - - - -] Unable to schedule network 25013cf9-da18-47b4-b35b-f4efa2b2672f: no agents available; will retry on subsequent port and subnet creation events.
2026-03-31 05:53:36.222 9 INFO neutron.wsgi [req-43d78a4b-c8e7-4e0c-8ad9-b46f89c067c5 req-ae94e12d-7ff0-4e79-ac10-287d5e829911 f9a3a3a46f02433e8c138b16a4da9e60 10e52d26936b45edbae67d52611b5303 - - default default] 10.0.0.162 "GET /v2.0/security-groups?tenant_id=10e52d26936b45edbae67d52611b5303 HTTP/1.1" status: 200 len: 7793 time: 0.1612778
2026-03-31 05:53:36.238 10 INFO neutron.wsgi [req-7d894351-932c-4028-a3c6-eeadb38b175c req-039e6e72-bfa9-473f-aab5-95328c624177 3cf9ac9c4e1f4be9af6d101223fe58e6 6206c9fab6804eaeb9be2d0ea08bb351 - - 3c680beb115549078a461d54a7509f8a 3c680beb115549078a461d54a7509f8a] 10.0.0.162 "GET /v2.0/extensions HTTP/1.1" status: 200 len: 16525 time: 0.0477679
2026-03-31 05:53:36.313 10 INFO neutron.wsgi [req-7d894351-932c-4028-a3c6-eeadb38b175c req-b63708b7-8cbe-4d7b-a9b4-86fd0bf3133d 3cf9ac9c4e1f4be9af6d101223fe58e6 6206c9fab6804eaeb9be2d0ea08bb351 - - 3c680beb115549078a461d54a7509f8a 3c680beb115549078a461d54a7509f8a] 10.0.0.162 "GET /v2.0/networks/d4c23331-ec43-49e1-8bfa-21f09af25f64?fields=segments HTTP/1.1" status: 200 len: 212 time: 0.0694985
2026-03-31 05:53:36.333 9 INFO neutron.wsgi [req-43d78a4b-c8e7-4e0c-8ad9-b46f89c067c5 req-8c992b2a-f511-423c-b05e-d5926d4497d1 f9a3a3a46f02433e8c138b16a4da9e60 10e52d26936b45edbae67d52611b5303 - - default default] 10.0.0.162 "GET /v2.0/security-groups/ee46651a-4b14-4cf8-bec8-43c5a339a64e HTTP/1.1" status: 200 len: 2994 time: 0.1013649
2026-03-31 05:53:36.390 10 INFO neutron.wsgi [req-7d894351-932c-4028-a3c6-eeadb38b175c req-f3c7393d-4572-4277-96da-0dd186c0422f 3cf9ac9c4e1f4be9af6d101223fe58e6 6206c9fab6804eaeb9be2d0ea08bb351 - - 3c680beb115549078a461d54a7509f8a 3c680beb115549078a461d54a7509f8a] 10.0.0.162 "GET /v2.0/networks/d4c23331-ec43-49e1-8bfa-21f09af25f64?fields=provider%3Aphysical_network&fields=provider%3Anetwork_type HTTP/1.1" status: 200 len: 277 time: 0.0674777
2026-03-31 05:53:36.407 9 INFO neutron.wsgi [req-43d78a4b-c8e7-4e0c-8ad9-b46f89c067c5 req-643bd444-9574-47eb-b030-332b43ece6bf f9a3a3a46f02433e8c138b16a4da9e60 10e52d26936b45edbae67d52611b5303 - - default default] 10.0.0.162 "GET /v2.0/security-groups/ee46651a-4b14-4cf8-bec8-43c5a339a64e HTTP/1.1" status: 200 len: 2994 time: 0.0602601
2026-03-31 05:53:36.516 9 INFO neutron.wsgi [req-71a1291d-5343-451b-b3b9-ec3b349565e9 req-555697cf-2dae-452f-8acb-7a1a648b860e f9a3a3a46f02433e8c138b16a4da9e60 10e52d26936b45edbae67d52611b5303 - - default default] 10.0.0.162 "GET /v2.0/security-groups/e63984f0-06fd-4d8f-bbe9-da60542fb7e1 HTTP/1.1" status: 200 len: 1816 time: 0.0778842
2026-03-31 05:53:36.610 10 INFO neutron.wsgi [req-7b00097d-6bab-4f82-a4b2-ed3d19249094 req-2ba8c347-a05a-44d5-9091-d7204f5a7f21 838b8322bbcb402382d30b1a9412e8c3 9b9270e9caed466d94d5fc071d22111f - - default default] 10.0.0.162 "GET /v2.0/ports?device_id=752592b4-e8f4-4a8c-825e-c7a7310ce686 HTTP/1.1" status: 200 len: 210 time: 0.0534401
2026-03-31 05:53:36.683 9 INFO neutron.db.ovn_revision_numbers_db [None req-3edfa076-2d98-4939-9e40-d6bbd04c06f4 d2c4a0c9c5c14d37ab085c7a668d59e2 1d68786e0cf3410e8e069a1c0940b408 - - - -] Successfully bumped revision number for resource c0d0a5f9-034c-4b72-aec6-8dd6ae856238 (type: floatingips) to 0
2026-03-31 05:53:36.721 9 INFO neutron.wsgi [None req-3edfa076-2d98-4939-9e40-d6bbd04c06f4 d2c4a0c9c5c14d37ab085c7a668d59e2 1d68786e0cf3410e8e069a1c0940b408 - - - -] 10.0.0.112 "POST /v2.0/floatingips HTTP/1.1" status: 201 len: 751 time: 1.5797896
2026-03-31 05:53:36.752 9 INFO neutron.db.ovn_revision_numbers_db [None req-956f6ee7-c345-4cf1-8e3e-40e64e7ac263 b34d968fa3c54e66a91861aeefbdcb3d 116ac56d0cc84a83ac998d1801b5f7bf - - - -] Successfully bumped revision number for resource 9f3e802b-b04b-49eb-8400-da0b99235597 (type: router_ports) to 3
2026-03-31 05:53:36.756 9 INFO neutron.wsgi [None req-956f6ee7-c345-4cf1-8e3e-40e64e7ac263 b34d968fa3c54e66a91861aeefbdcb3d 116ac56d0cc84a83ac998d1801b5f7bf - - - -] 10.0.0.112 "PUT /v2.0/routers/c56134f0-4462-4fdd-a0ea-9a5aba004e60/add_router_interface HTTP/1.1" status: 200 len: 503 time: 3.5953405
2026-03-31 05:53:36.777 9 INFO neutron.wsgi [None req-392cf684-6bb7-496a-8c5a-e4fc5416afa1 f9a3a3a46f02433e8c138b16a4da9e60 10e52d26936b45edbae67d52611b5303 - - - -] 10.0.0.162 "DELETE /v2.0/security-groups/e63984f0-06fd-4d8f-bbe9-da60542fb7e1 HTTP/1.1" status: 204 len: 173 time: 0.2448585
2026-03-31 05:53:36.811 10 INFO neutron.api.v2.resource [req-9c6960df-1a04-4e7b-a942-6e6f12ef6305 req-2ae89de2-348a-4e15-bd25-d38b52fbe07a f9a3a3a46f02433e8c138b16a4da9e60 10e52d26936b45edbae67d52611b5303 - - default default] show failed (client error): The resource could not be found.
2026-03-31 05:53:36.813 10 INFO neutron.wsgi [req-9c6960df-1a04-4e7b-a942-6e6f12ef6305 req-2ae89de2-348a-4e15-bd25-d38b52fbe07a f9a3a3a46f02433e8c138b16a4da9e60 10e52d26936b45edbae67d52611b5303 - - default default] 10.0.0.162 "GET /v2.0/security-groups/e63984f0-06fd-4d8f-bbe9-da60542fb7e1 HTTP/1.1" status: 404 len: 352 time: 0.0144448
2026-03-31 05:53:36.872 9 INFO neutron.wsgi [req-80e75e31-5576-47f1-9f9c-8cae0e79d259 req-20325b98-b315-43ec-b73f-7a22c481ce9c f9a3a3a46f02433e8c138b16a4da9e60 10e52d26936b45edbae67d52611b5303 - - default default] 10.0.0.162 "GET /v2.0/security-groups/b576196c-29c3-438a-9c04-fdaf76e7054a HTTP/1.1" status: 200 len: 1818 time: 0.0338449
2026-03-31 05:53:36.996 9 INFO neutron.wsgi [None req-02171682-d925-45fa-86b8-2811337bd2ee f9a3a3a46f02433e8c138b16a4da9e60 10e52d26936b45edbae67d52611b5303 - - - -] 10.0.0.162 "DELETE /v2.0/security-groups/b576196c-29c3-438a-9c04-fdaf76e7054a HTTP/1.1" status: 204 len: 173 time: 0.1197073
2026-03-31 05:53:37.033 10 INFO neutron.api.v2.resource [req-95a797e4-6568-4014-9f6e-9bccc14e4fbb req-798378dd-5eb4-4556-bc29-4db8907256a5 f9a3a3a46f02433e8c138b16a4da9e60 10e52d26936b45edbae67d52611b5303 - - default default] show failed (client error): The resource could not be found.
2026-03-31 05:53:37.034 10 INFO neutron.wsgi [req-95a797e4-6568-4014-9f6e-9bccc14e4fbb req-798378dd-5eb4-4556-bc29-4db8907256a5 f9a3a3a46f02433e8c138b16a4da9e60 10e52d26936b45edbae67d52611b5303 - - default default] 10.0.0.162 "GET /v2.0/security-groups/b576196c-29c3-438a-9c04-fdaf76e7054a HTTP/1.1" status: 404 len: 352 time: 0.0193193
2026-03-31 05:53:37.092 9 INFO neutron.wsgi [req-a06826ff-9521-4f54-bf00-e1f80e74f9c1 req-03c38a92-61e5-4828-9548-69a77fc649f2 f9a3a3a46f02433e8c138b16a4da9e60 10e52d26936b45edbae67d52611b5303 - - default default] 10.0.0.162 "GET /v2.0/security-groups/4b3d7e74-e671-4d77-b6e7-1a98b1b833c0 HTTP/1.1" status: 200 len: 1816 time: 0.0349407
2026-03-31 05:53:37.158 10 INFO neutron.wsgi [req-55901d94-81fa-4453-858c-75f6765acae8 req-f6393cfa-b9f3-4a17-9cb4-363f7b656239 d2c4a0c9c5c14d37ab085c7a668d59e2 1d68786e0cf3410e8e069a1c0940b408 - - default default] 10.0.0.162 "GET /v2.0/security-groups?name=tempest-securitygroup--1276983136&fields=id&tenant_id=1d68786e0cf3410e8e069a1c0940b408 HTTP/1.1" status: 200 len: 267 time: 0.0353279
2026-03-31 05:53:37.224 9 INFO neutron.wsgi [None req-9737b3ae-7637-4f5c-a8b8-f9fdd6de7a0e f9a3a3a46f02433e8c138b16a4da9e60 10e52d26936b45edbae67d52611b5303 - - - -] 10.0.0.162 "DELETE /v2.0/security-groups/4b3d7e74-e671-4d77-b6e7-1a98b1b833c0 HTTP/1.1" status: 204 len: 173 time: 0.1240752
2026-03-31 05:53:37.237 10 INFO neutron.wsgi [req-55901d94-81fa-4453-858c-75f6765acae8 req-76a6d9a4-bb15-420f-a28c-641bec7c737a d2c4a0c9c5c14d37ab085c7a668d59e2 1d68786e0cf3410e8e069a1c0940b408 - - default default] 10.0.0.162 "GET /v2.0/networks?id=6981ad54-31d1-4570-b8a8-1d590d484707 HTTP/1.1" status: 200 len: 874 time: 0.0741982
2026-03-31 05:53:37.252 10 INFO neutron.wsgi [req-55901d94-81fa-4453-858c-75f6765acae8 req-81ceec0c-b2c1-4b83-a3b8-16d361fab567 d2c4a0c9c5c14d37ab085c7a668d59e2 1d68786e0cf3410e8e069a1c0940b408 - - default default] 10.0.0.162 "GET /v2.0/quotas/1d68786e0cf3410e8e069a1c0940b408 HTTP/1.1" status: 200 len: 386 time: 0.0093653
2026-03-31 05:53:37.348 10 INFO neutron.wsgi [req-55901d94-81fa-4453-858c-75f6765acae8 req-43b4d5ef-2e32-498e-9248-a1d5d5dbe5c6 d2c4a0c9c5c14d37ab085c7a668d59e2 1d68786e0cf3410e8e069a1c0940b408 - - default default] 10.0.0.162 "GET /v2.0/ports?tenant_id=1d68786e0cf3410e8e069a1c0940b408&fields=id HTTP/1.1" status: 200 len: 302 time: 0.0920861
2026-03-31 05:53:37.391 9 INFO neutron.db.ovn_revision_numbers_db [None req-b84cb5b8-08d5-472f-be3d-c98be87dbc9d 4798f5455739460e8a1a3d6c99b73203 29926ff2daa14006a77a15d414773eb8 - - - -] Successfully bumped revision number for resource 5a0cdec8-8b98-4de9-8bea-411bcf4eadbe (type: security_groups) to 1
2026-03-31 05:53:37.417 9 INFO neutron.wsgi [None req-b84cb5b8-08d5-472f-be3d-c98be87dbc9d 4798f5455739460e8a1a3d6c99b73203 29926ff2daa14006a77a15d414773eb8 - - - -] 10.0.0.162 "POST /v2.0/security-groups HTTP/1.1" status: 201 len: 1826 time: 0.1342585
2026-03-31 05:53:37.426 10 INFO neutron.wsgi [req-55901d94-81fa-4453-858c-75f6765acae8 req-632c2e8e-862a-4564-9303-4ca036f6cae0 3cf9ac9c4e1f4be9af6d101223fe58e6 6206c9fab6804eaeb9be2d0ea08bb351 - - 3c680beb115549078a461d54a7509f8a 3c680beb115549078a461d54a7509f8a] 10.0.0.162 "GET /v2.0/networks/6981ad54-31d1-4570-b8a8-1d590d484707?fields=segments HTTP/1.1" status: 200 len: 212 time: 0.0625751
2026-03-31 05:53:37.446 9 INFO neutron.api.v2.resource [req-a3a17fe4-7a10-48b2-97ee-bb9dc87979f0 req-34891ceb-f34a-4fea-b9d3-437f585de743 f9a3a3a46f02433e8c138b16a4da9e60 10e52d26936b45edbae67d52611b5303 - - default default] show failed (client error): The resource could not be found.
2026-03-31 05:53:37.447 9 INFO neutron.wsgi [req-a3a17fe4-7a10-48b2-97ee-bb9dc87979f0 req-34891ceb-f34a-4fea-b9d3-437f585de743 f9a3a3a46f02433e8c138b16a4da9e60 10e52d26936b45edbae67d52611b5303 - - default default] 10.0.0.162 "GET /v2.0/security-groups/4b3d7e74-e671-4d77-b6e7-1a98b1b833c0 HTTP/1.1" status: 404 len: 352 time: 0.0149429
2026-03-31 05:53:37.485 10 INFO neutron.wsgi [req-55901d94-81fa-4453-858c-75f6765acae8 req-118a9eda-7a55-4e29-9cc1-abff520903dc 3cf9ac9c4e1f4be9af6d101223fe58e6 6206c9fab6804eaeb9be2d0ea08bb351 - - 3c680beb115549078a461d54a7509f8a 3c680beb115549078a461d54a7509f8a] 10.0.0.162 "GET /v2.0/networks/6981ad54-31d1-4570-b8a8-1d590d484707?fields=provider%3Aphysical_network&fields=provider%3Anetwork_type HTTP/1.1" status: 200 len: 277 time: 0.0492363
2026-03-31 05:53:37.502 9 INFO neutron.wsgi [req-c6a25e9f-1091-4d3c-862c-522575cdee7d req-a6891ca4-30b6-4133-b5bb-47f75aa7fb13 4798f5455739460e8a1a3d6c99b73203 29926ff2daa14006a77a15d414773eb8 - - default default] 10.0.0.162 "GET /v2.0/security-groups/5a0cdec8-8b98-4de9-8bea-411bcf4eadbe HTTP/1.1" status: 200 len: 1821 time: 0.0370424
2026-03-31 05:53:37.616 10 INFO neutron.wsgi [req-bc17a107-da61-4484-bc2d-7b9d51a5f0b0 req-1b4af034-5016-4127-857e-3611296dd61d f9a3a3a46f02433e8c138b16a4da9e60 10e52d26936b45edbae67d52611b5303 - - default default] 10.0.0.162 "GET /v2.0/security-groups?tenant_id=10e52d26936b45edbae67d52611b5303 HTTP/1.1" status: 200 len: 2997 time: 0.0509436
2026-03-31 05:53:37.621 9 INFO neutron.db.ovn_revision_numbers_db [None req-9734335f-0af9-4149-8df4-c18db3ada9e3 4798f5455739460e8a1a3d6c99b73203 29926ff2daa14006a77a15d414773eb8 - - - -] Successfully bumped revision number for resource 91e43c50-9729-46b3-b302-faa564f0d610 (type: security_group_rules) to 0
2026-03-31 05:53:37.656 9 INFO neutron.wsgi [None req-9734335f-0af9-4149-8df4-c18db3ada9e3 4798f5455739460e8a1a3d6c99b73203 29926ff2daa14006a77a15d414773eb8 - - - -] 10.0.0.162 "POST /v2.0/security-group-rules HTTP/1.1" status: 201 len: 786 time: 0.1466823
2026-03-31 05:53:37.667 10 INFO neutron.wsgi [req-bc17a107-da61-4484-bc2d-7b9d51a5f0b0 req-59924678-e341-44a5-8a60-16d18acd3289 f9a3a3a46f02433e8c138b16a4da9e60 10e52d26936b45edbae67d52611b5303 - - default default] 10.0.0.162 "GET /v2.0/security-groups/ee46651a-4b14-4cf8-bec8-43c5a339a64e HTTP/1.1" status: 200 len: 2994 time: 0.0419996
2026-03-31 05:53:37.713 10 INFO neutron.wsgi [req-bc17a107-da61-4484-bc2d-7b9d51a5f0b0 req-e4d30dc3-7caf-41ab-bbf5-ea5a53cc2a47 f9a3a3a46f02433e8c138b16a4da9e60 10e52d26936b45edbae67d52611b5303 - - default default] 10.0.0.162 "GET /v2.0/security-groups/ee46651a-4b14-4cf8-bec8-43c5a339a64e HTTP/1.1" status: 200 len: 2994 time: 0.0389559
2026-03-31 05:53:37.734 9 INFO neutron.wsgi [req-f40fd1e7-776d-489c-a2a9-7be4d7cb9956 req-184077ad-7a5b-4356-80a5-19529a16f86c d2c4a0c9c5c14d37ab085c7a668d59e2 1d68786e0cf3410e8e069a1c0940b408 - - default default] 10.0.0.162 "GET /v2.0/ports?device_id=c0be032c-467a-415c-b9b6-2c9bc9caedfb HTTP/1.1" status: 200 len: 210 time: 0.0383997
2026-03-31 05:53:37.857 9 INFO neutron.db.ovn_revision_numbers_db [None req-025e0957-a4c0-4d3a-9ed9-89981799ffe3 4798f5455739460e8a1a3d6c99b73203 29926ff2daa14006a77a15d414773eb8 - - - -] Successfully bumped revision number for resource 85c49455-e327-4c0e-8946-955e1e18c2df (type: security_groups) to 1
2026-03-31 05:53:37.860 10 INFO neutron.wsgi [req-08cd10e1-291e-4485-831c-90e315c20635 req-915b6339-5389-4e57-b928-5706445cb6d7 838b8322bbcb402382d30b1a9412e8c3 9b9270e9caed466d94d5fc071d22111f - - default default] 10.0.0.162 "GET /v2.0/ports?device_id=752592b4-e8f4-4a8c-825e-c7a7310ce686 HTTP/1.1" status: 200 len: 210 time: 0.0459869
2026-03-31 05:53:37.880 9 INFO neutron.wsgi [None req-025e0957-a4c0-4d3a-9ed9-89981799ffe3 4798f5455739460e8a1a3d6c99b73203 29926ff2daa14006a77a15d414773eb8 - - - -] 10.0.0.162 "POST /v2.0/security-groups HTTP/1.1" status: 201 len: 1826 time: 0.1196487
2026-03-31 05:53:37.907 10 INFO neutron.api.v2.resource [req-0aaf3706-30c6-4851-9967-a6059eec0dad req-788b9a2c-b433-4689-a488-219eb5abafee f9a3a3a46f02433e8c138b16a4da9e60 10e52d26936b45edbae67d52611b5303 - - default default] show failed (client error): The resource could not be found.
2026-03-31 05:53:37.908 10 INFO neutron.wsgi [req-0aaf3706-30c6-4851-9967-a6059eec0dad req-788b9a2c-b433-4689-a488-219eb5abafee f9a3a3a46f02433e8c138b16a4da9e60 10e52d26936b45edbae67d52611b5303 - - default default] 10.0.0.162 "GET /v2.0/security-groups/4b3d7e74-e671-4d77-b6e7-1a98b1b833c0 HTTP/1.1" status: 404 len: 352 time: 0.0202613
2026-03-31 05:53:37.953 9 INFO neutron.wsgi [req-db3fd593-8589-44cc-a904-1b5b6a3048a4 req-f2f7567d-1d74-45ba-990b-43ecb415e117 4798f5455739460e8a1a3d6c99b73203 29926ff2daa14006a77a15d414773eb8 - - default default] 10.0.0.162 "GET /v2.0/security-groups/85c49455-e327-4c0e-8946-955e1e18c2df HTTP/1.1" status: 200 len: 1821 time: 0.0418279
2026-03-31 05:53:37.954 10 INFO neutron.api.v2.resource [req-a28e3f6b-8e7f-4385-b23c-3a743b125253 req-15ebfa6e-2598-415a-a0cd-51ccd146fdaa f9a3a3a46f02433e8c138b16a4da9e60 10e52d26936b45edbae67d52611b5303 - - default default] show failed (client error): The resource could not be found.
2026-03-31 05:53:37.955 10 INFO neutron.wsgi [req-a28e3f6b-8e7f-4385-b23c-3a743b125253 req-15ebfa6e-2598-415a-a0cd-51ccd146fdaa f9a3a3a46f02433e8c138b16a4da9e60 10e52d26936b45edbae67d52611b5303 - - default default] 10.0.0.162 "GET /v2.0/security-groups/b576196c-29c3-438a-9c04-fdaf76e7054a HTTP/1.1" status: 404 len: 352 time: 0.0188794
2026-03-31 05:53:37.994 10 INFO neutron.api.v2.resource [req-35b3295e-efeb-4755-8681-158625034f67 req-8e455606-96fd-41a1-90f1-3f02d7ffb9f8 f9a3a3a46f02433e8c138b16a4da9e60 10e52d26936b45edbae67d52611b5303 - - default default] show failed (client error): The resource could not be found.
2026-03-31 05:53:37.995 10 INFO neutron.wsgi [req-35b3295e-efeb-4755-8681-158625034f67 req-8e455606-96fd-41a1-90f1-3f02d7ffb9f8 f9a3a3a46f02433e8c138b16a4da9e60 10e52d26936b45edbae67d52611b5303 - - default default] 10.0.0.162 "GET /v2.0/security-groups/e63984f0-06fd-4d8f-bbe9-da60542fb7e1 HTTP/1.1" status: 404 len: 352 time: 0.0164535
2026-03-31 05:53:38.083 9 INFO neutron.db.ovn_revision_numbers_db [None req-4e77a5b2-38bb-43e2-8d46-c10db90f0df2 4798f5455739460e8a1a3d6c99b73203 29926ff2daa14006a77a15d414773eb8 - - - -] Successfully bumped revision number for resource df11bd39-59f3-4a12-923f-27d2a7ada6fa (type: security_group_rules) to 0
2026-03-31 05:53:38.113 9 INFO neutron.wsgi [None req-4e77a5b2-38bb-43e2-8d46-c10db90f0df2 4798f5455739460e8a1a3d6c99b73203 29926ff2daa14006a77a15d414773eb8 - - - -] 10.0.0.162 "POST /v2.0/security-group-rules HTTP/1.1" status: 201 len: 786 time: 0.1552432
2026-03-31 05:53:38.133 10 INFO neutron.wsgi [req-7d894351-932c-4028-a3c6-eeadb38b175c req-b520cb05-0c05-45ed-aab9-2fcc266cf01d 838b8322bbcb402382d30b1a9412e8c3 9b9270e9caed466d94d5fc071d22111f - - default default] 199.204.45.33 "GET /v2.0/networks?id=d4c23331-ec43-49e1-8bfa-21f09af25f64 HTTP/1.1" status: 200 len: 882 time: 0.1226630
2026-03-31 05:53:38.224 10 INFO neutron.wsgi [req-7513bc75-38fb-4e0b-8f24-929524ad448d req-f53c75f0-cf1d-4f08-90cb-6c365d9f0e79 4798f5455739460e8a1a3d6c99b73203 29926ff2daa14006a77a15d414773eb8 - - default default] 10.0.0.162 "GET /v2.0/security-groups/85c49455-e327-4c0e-8946-955e1e18c2df HTTP/1.1" status: 200 len: 2414 time: 0.0802572
2026-03-31 05:53:38.283 10 INFO neutron.wsgi [req-7d894351-932c-4028-a3c6-eeadb38b175c req-48aebf76-30da-401d-b03b-7713af230e84 838b8322bbcb402382d30b1a9412e8c3 9b9270e9caed466d94d5fc071d22111f - - default default] 199.204.45.33 "GET /v2.0/security-groups?fields=id&fields=name&tenant_id=9b9270e9caed466d94d5fc071d22111f HTTP/1.1" status: 200 len: 380 time: 0.1090086
2026-03-31 05:53:38.772 9 INFO neutron.wsgi [req-55901d94-81fa-4453-858c-75f6765acae8 req-22d84890-1c44-4285-800b-c5b7d01d5b0d d2c4a0c9c5c14d37ab085c7a668d59e2 1d68786e0cf3410e8e069a1c0940b408 - - default default] 199.204.45.33 "GET /v2.0/networks?id=6981ad54-31d1-4570-b8a8-1d590d484707 HTTP/1.1" status: 200 len: 874 time: 0.3671234
2026-03-31 05:53:38.850 9 INFO neutron.wsgi [req-55901d94-81fa-4453-858c-75f6765acae8 req-824f7ec7-8038-4647-b53a-606018e39772 d2c4a0c9c5c14d37ab085c7a668d59e2 1d68786e0cf3410e8e069a1c0940b408 - - default default] 199.204.45.33 "GET /v2.0/security-groups?fields=id&fields=name&tenant_id=1d68786e0cf3410e8e069a1c0940b408 HTTP/1.1" status: 200 len: 380 time: 0.0658891
2026-03-31 05:53:38.858 10 INFO neutron.db.ovn_revision_numbers_db [None req-ecccdc90-45b8-4d80-ad57-77cfe45d5f8b 4798f5455739460e8a1a3d6c99b73203 29926ff2daa14006a77a15d414773eb8 - - - -] Successfully bumped revision number for resource b9d48196-8826-4148-bca3-1bccdea74693 (type: security_group_rules) to 0
2026-03-31 05:53:38.904 9 INFO neutron.wsgi [req-5b12c8b5-ff78-4165-b5e6-a46ad5f5179b req-e786ead9-b476-410f-ab01-0b913b56a463 d2c4a0c9c5c14d37ab085c7a668d59e2 1d68786e0cf3410e8e069a1c0940b408 - - default default] 10.0.0.162 "GET /v2.0/ports?device_id=c0be032c-467a-415c-b9b6-2c9bc9caedfb HTTP/1.1" status: 200 len: 210 time: 0.0377178
2026-03-31 05:53:38.981 10 INFO neutron.wsgi [None req-ecccdc90-45b8-4d80-ad57-77cfe45d5f8b 4798f5455739460e8a1a3d6c99b73203 29926ff2daa14006a77a15d414773eb8 - - - -] 10.0.0.162 "POST /v2.0/security-group-rules HTTP/1.1" status: 201 len: 791 time: 0.7434750
2026-03-31 05:53:39.155 10 INFO neutron.wsgi [req-81b279e6-d672-4aff-9c1a-b84f79f6fe24 req-ddd54fea-3c2d-493b-b6b6-82d4f06be199 4798f5455739460e8a1a3d6c99b73203 29926ff2daa14006a77a15d414773eb8 - - default default] 10.0.0.162 "GET /v2.0/security-groups/85c49455-e327-4c0e-8946-955e1e18c2df HTTP/1.1" status: 200 len: 3012 time: 0.1300139
2026-03-31 05:53:39.180 9 INFO neutron.wsgi [req-7cbee97c-c5f2-4517-9e8a-5471e73ce2dd req-b06e6512-1bfe-486e-b417-003f24f5e30d 838b8322bbcb402382d30b1a9412e8c3 9b9270e9caed466d94d5fc071d22111f - - default default] 10.0.0.162 "GET /v2.0/ports?device_id=752592b4-e8f4-4a8c-825e-c7a7310ce686 HTTP/1.1" status: 200 len: 210 time: 0.0616436
2026-03-31 05:53:39.247 10 INFO neutron.wsgi [req-687ec71c-fec0-4852-aeb3-85809cc7a892 req-6a982cd4-9cac-4d9a-a7eb-bbe5d4d39729 4798f5455739460e8a1a3d6c99b73203 29926ff2daa14006a77a15d414773eb8 - - default default] 10.0.0.162 "GET /v2.0/security-group-rules/b9d48196-8826-4148-bca3-1bccdea74693 HTTP/1.1" status: 200 len: 783 time: 0.0597968
2026-03-31 05:53:39.347 10 INFO neutron.wsgi [req-687ec71c-fec0-4852-aeb3-85809cc7a892 req-ef900106-fe5f-4931-908c-db370ff4ce47 4798f5455739460e8a1a3d6c99b73203 29926ff2daa14006a77a15d414773eb8 - - default default] 10.0.0.162 "GET /v2.0/security-groups/85c49455-e327-4c0e-8946-955e1e18c2df HTTP/1.1" status: 200 len: 3012 time: 0.0935223 /var/lib/openstack/lib/python3.10/site-packages/pycadf/identifier.py:71: UserWarning: Invalid uuid: neutron. To ensure interoperability, identifiers should be a valid uuid. warnings.warn(('Invalid uuid: %s. To ensure interoperability, '
2026-03-31 05:53:39.394 10 WARNING neutron.scheduler.dhcp_agent_scheduler [None req-7fa3fce6-6f47-4ad7-b083-64ad75aa1b18 838b8322bbcb402382d30b1a9412e8c3 9b9270e9caed466d94d5fc071d22111f - - - -] No more DHCP agents
2026-03-31 05:53:39.399 10 WARNING neutron.api.rpc.agentnotifiers.dhcp_rpc_agent_api [None req-7fa3fce6-6f47-4ad7-b083-64ad75aa1b18 838b8322bbcb402382d30b1a9412e8c3 9b9270e9caed466d94d5fc071d22111f - - - -] Unable to schedule network d4c23331-ec43-49e1-8bfa-21f09af25f64: no agents available; will retry on subsequent port and subnet creation events.
2026-03-31 05:53:39.474 9 WARNING neutron.scheduler.dhcp_agent_scheduler [None req-edc09ffb-c017-4d3a-8589-0480f8544149 d2c4a0c9c5c14d37ab085c7a668d59e2 1d68786e0cf3410e8e069a1c0940b408 - - - -] No more DHCP agents
2026-03-31 05:53:39.481 9 WARNING neutron.api.rpc.agentnotifiers.dhcp_rpc_agent_api [None req-edc09ffb-c017-4d3a-8589-0480f8544149 d2c4a0c9c5c14d37ab085c7a668d59e2 1d68786e0cf3410e8e069a1c0940b408 - - - -] Unable to schedule network 6981ad54-31d1-4570-b8a8-1d590d484707: no agents available; will retry on subsequent port and subnet creation events.
2026-03-31 05:53:39.620 9 INFO neutron.db.ovn_revision_numbers_db [None req-edc09ffb-c017-4d3a-8589-0480f8544149 d2c4a0c9c5c14d37ab085c7a668d59e2 1d68786e0cf3410e8e069a1c0940b408 - - - -] Successfully bumped revision number for resource 8ecfd5fc-fa91-4840-8ca2-9218013f397c (type: ports) to 1
2026-03-31 05:53:39.651 9 INFO neutron.wsgi [None req-edc09ffb-c017-4d3a-8589-0480f8544149 d2c4a0c9c5c14d37ab085c7a668d59e2 1d68786e0cf3410e8e069a1c0940b408 - - - -] 199.204.45.33 "POST /v2.0/ports HTTP/1.1" status: 201 len: 1162 time: 0.7955480 /var/lib/openstack/lib/python3.10/site-packages/pycadf/identifier.py:71: UserWarning: Invalid uuid: neutron. To ensure interoperability, identifiers should be a valid uuid. warnings.warn(('Invalid uuid: %s. To ensure interoperability, '
2026-03-31 05:53:39.669 9 INFO neutron.wsgi [req-55901d94-81fa-4453-858c-75f6765acae8 req-fc144699-cce3-4629-bd1e-e2a707333dec d2c4a0c9c5c14d37ab085c7a668d59e2 1d68786e0cf3410e8e069a1c0940b408 - - default default] 199.204.45.33 "GET /v2.0/extensions HTTP/1.1" status: 200 len: 16525 time: 0.0095155
2026-03-31 05:53:39.789 9 INFO neutron.wsgi [-] 10.0.0.32 "GET / HTTP/1.1" status: 200 len: 247 time: 0.0033071
2026-03-31 05:53:39.793 9 INFO neutron.wsgi [-] 10.0.0.32 "GET / HTTP/1.1" status: 200 len: 247 time: 0.0025847
2026-03-31 05:53:39.954 10 INFO neutron.db.ovn_revision_numbers_db [None req-7fa3fce6-6f47-4ad7-b083-64ad75aa1b18 838b8322bbcb402382d30b1a9412e8c3 9b9270e9caed466d94d5fc071d22111f - - - -] Successfully bumped revision number for resource b3d543c7-1ef3-4ff7-8568-32373e58df04 (type: ports) to 1
2026-03-31 05:53:39.995 10 INFO neutron.wsgi [None req-7fa3fce6-6f47-4ad7-b083-64ad75aa1b18 838b8322bbcb402382d30b1a9412e8c3 9b9270e9caed466d94d5fc071d22111f - - - -] 199.204.45.33 "POST /v2.0/ports HTTP/1.1" status: 201 len: 1162 time: 1.6989934
2026-03-31 05:53:40.002 10 INFO neutron.wsgi [None req-0bd79d23-c81c-40d6-a53d-224f9ee2deb8 4798f5455739460e8a1a3d6c99b73203 29926ff2daa14006a77a15d414773eb8 - - - -] 10.0.0.162 "DELETE /v2.0/security-group-rules/b9d48196-8826-4148-bca3-1bccdea74693 HTTP/1.1" status: 204 len: 173 time: 0.6482155 /var/lib/openstack/lib/python3.10/site-packages/pycadf/identifier.py:71: UserWarning: Invalid uuid: neutron. To ensure interoperability, identifiers should be a valid uuid. warnings.warn(('Invalid uuid: %s. To ensure interoperability, '
2026-03-31 05:53:40.047 10 WARNING neutron.plugins.ml2.drivers.ovn.mech_driver.ovsdb.ovn_client [None req-c0577559-ae65-4b87-be56-405fa6918704 - - - - - -] No hosting information found for port 9f3e802b-b04b-49eb-8400-da0b99235597: RuntimeError: No hosting information found for port 9f3e802b-b04b-49eb-8400-da0b99235597
2026-03-31 05:53:40.091 10 INFO neutron.wsgi [req-043cd99f-2935-483a-a7d7-6f544849e6c4 req-47c17b7f-8a28-435d-8975-b98ef2a577f2 4798f5455739460e8a1a3d6c99b73203 29926ff2daa14006a77a15d414773eb8 - - default default] 10.0.0.162 "GET /v2.0/security-groups/85c49455-e327-4c0e-8946-955e1e18c2df HTTP/1.1" status: 200 len: 2414 time: 0.0623565
2026-03-31 05:53:40.110 9 INFO neutron.wsgi [req-b9e45b2f-859e-4d4c-b180-d242e271a26e req-26d5d653-ac44-415f-bda1-6e8f31c1ab15 d2c4a0c9c5c14d37ab085c7a668d59e2 1d68786e0cf3410e8e069a1c0940b408 - - default default] 10.0.0.162 "GET /v2.0/ports?device_id=c0be032c-467a-415c-b9b6-2c9bc9caedfb HTTP/1.1" status: 200 len: 1160 time: 0.1417956
2026-03-31 05:53:40.173 9 INFO neutron.wsgi [req-b9e45b2f-859e-4d4c-b180-d242e271a26e req-6dd96d42-3bc1-4fab-bcf6-a4be8c14adb1 d2c4a0c9c5c14d37ab085c7a668d59e2 1d68786e0cf3410e8e069a1c0940b408 - - default default] 10.0.0.162 "GET /v2.0/security-groups?id=25846298-a03a-461d-be93-751f9fee83be&fields=id&fields=name HTTP/1.1" status: 200 len: 313 time: 0.0548501
