2026-03-31 05:55:34.137 10 INFO neutron.wsgi [None req-b9885be7-74ca-4c01-a4b8-2f1382f44a2b 9b187d6ff81c495684b9838517d0ef84 5cc23d7b9e434cb0a1f4c56bd213352b - - - -] 10.0.0.112 "DELETE /v2.0/networks/860078cc-22a8-4cc0-bb7e-de2f0d25d151 HTTP/1.1" status: 204 len: 168 time: 0.4836123
2026-03-31 05:55:34.668 9 INFO neutron.wsgi [None req-3946bd1f-5d46-472e-8e2a-3fefff5843d4 9b187d6ff81c495684b9838517d0ef84 5cc23d7b9e434cb0a1f4c56bd213352b - - - -] 10.0.0.112 "DELETE /v2.0/networks/f142d033-7b47-44d7-9749-0a291ed83266 HTTP/1.1" status: 204 len: 168 time: 0.5242279
2026-03-31 05:55:34.748 10 INFO neutron.wsgi [None req-efc125ab-1c8e-4b3f-8885-0082c5baf729 9b187d6ff81c495684b9838517d0ef84 5cc23d7b9e434cb0a1f4c56bd213352b - - default default] 10.0.0.112 "GET /v2.0/networks HTTP/1.1" status: 200 len: 845 time: 0.0735617
2026-03-31 05:55:34.794 9 INFO neutron.services.segments.plugin [-] Segment bdd8f92a-93b4-4c5b-8b09-1a02fb0327bb resource provider aggregate not found
2026-03-31 05:55:34.805 9 INFO neutron.services.segments.plugin [-] Segment bdd8f92a-93b4-4c5b-8b09-1a02fb0327bb resource provider aggregate not found
2026-03-31 05:55:34.816 9 INFO neutron.services.segments.plugin [-] Segment bdd8f92a-93b4-4c5b-8b09-1a02fb0327bb resource provider not found; error: Placement Client Error (4xx): {"errors": [{"status": 404, "title": "Not Found", "detail": "The resource could not be found.\n\n No resource provider with uuid bdd8f92a-93b4-4c5b-8b09-1a02fb0327bb found for delete ", "request_id": "req-9dc5d9ff-5fab-4e75-9026-30fd7dc9642b"}]}
2026-03-31 05:55:34.823 9 INFO neutron.services.segments.plugin [-] Segment bdd8f92a-93b4-4c5b-8b09-1a02fb0327bb resource provider not found; error: Placement Client Error (4xx): {"errors": [{"status": 404, "title": "Not Found", "detail": "The resource could not be found.\n\n No resource provider with uuid bdd8f92a-93b4-4c5b-8b09-1a02fb0327bb found for delete ", "request_id": "req-c45925e0-0d23-48eb-9a72-bf8d592a993e"}]}
2026-03-31 05:55:34.864 10 INFO neutron.db.segments_db [None req-c16170dc-c990-4ffd-9fd9-67167d316c37 9b187d6ff81c495684b9838517d0ef84 5cc23d7b9e434cb0a1f4c56bd213352b - - - -] Added segment 01b62902-8c72-4917-9ca4-01259a4b8f5c of type geneve for network c1ccbfef-5a36-462c-875d-76330ed0121f
2026-03-31 05:55:35.008 10 INFO neutron.db.ovn_revision_numbers_db [None req-c16170dc-c990-4ffd-9fd9-67167d316c37 9b187d6ff81c495684b9838517d0ef84 5cc23d7b9e434cb0a1f4c56bd213352b - - - -] Successfully bumped revision number for resource c1ccbfef-5a36-462c-875d-76330ed0121f (type: networks) to 1
2026-03-31 05:55:35.244 10 WARNING neutron.scheduler.dhcp_agent_scheduler [None req-c16170dc-c990-4ffd-9fd9-67167d316c37 9b187d6ff81c495684b9838517d0ef84 5cc23d7b9e434cb0a1f4c56bd213352b - - - -] No more DHCP agents
2026-03-31 05:55:35.247 10 WARNING neutron.api.rpc.agentnotifiers.dhcp_rpc_agent_api [None req-c16170dc-c990-4ffd-9fd9-67167d316c37 9b187d6ff81c495684b9838517d0ef84 5cc23d7b9e434cb0a1f4c56bd213352b - - - -] Unable to schedule network c1ccbfef-5a36-462c-875d-76330ed0121f: no agents available; will retry on subsequent port and subnet creation events.
2026-03-31 05:55:35.334 10 INFO neutron.db.ovn_revision_numbers_db [None req-c16170dc-c990-4ffd-9fd9-67167d316c37 9b187d6ff81c495684b9838517d0ef84 5cc23d7b9e434cb0a1f4c56bd213352b - - - -] Successfully bumped revision number for resource aa31d50e-4bbd-4bd5-b50e-78c09ace2daf (type: ports) to 1
2026-03-31 05:55:35.362 10 INFO neutron.wsgi [None req-c16170dc-c990-4ffd-9fd9-67167d316c37 9b187d6ff81c495684b9838517d0ef84 5cc23d7b9e434cb0a1f4c56bd213352b - - - -] 10.0.0.112 "POST /v2.0/networks HTTP/1.1" status: 201 len: 853 time: 0.6055381
2026-03-31 05:55:35.425 9 INFO neutron.db.ovn_revision_numbers_db [None req-4e7da6df-3b12-4164-a0f2-fca9b0dd11d8 3a928458546b4f9f825d6a199e31e8a4 97b52e38834341d6b0e144b0eabf2699 - - - -] Successfully bumped revision number for resource 74cb8aae-64d3-4154-a8da-d0cec2338fa1 (type: security_groups) to 1
2026-03-31 05:55:35.430 9 INFO neutron.db.ovn_revision_numbers_db [None req-91a18a50-792f-433f-ba4c-474e58c6c9c5 b34d968fa3c54e66a91861aeefbdcb3d 116ac56d0cc84a83ac998d1801b5f7bf - - default default] Successfully bumped revision number for resource e44e88c4-eacd-411c-8205-b53c72b61fb8 (type: security_groups) to 1
2026-03-31 05:55:35.463 9 INFO neutron.wsgi [None req-91a18a50-792f-433f-ba4c-474e58c6c9c5 b34d968fa3c54e66a91861aeefbdcb3d 116ac56d0cc84a83ac998d1801b5f7bf - - default default] 10.0.0.112 "GET /v2.0/security-groups?tenant_id=d8e600abc74a48cb82f7e4418d20100a&name=default HTTP/1.1" status: 200 len: 2996 time: 0.2910306
2026-03-31 05:55:35.482 10 INFO neutron.db.segments_db [None req-7f3388d4-5eed-4f15-afe9-00c06e408006 9b187d6ff81c495684b9838517d0ef84 5cc23d7b9e434cb0a1f4c56bd213352b - - - -] Added segment 66193d45-236e-4263-9df0-3b5c835ca3c9 of type geneve for network 268e483d-09cd-40a3-bc4b-fafbe07e7301
2026-03-31 05:55:35.637 10 INFO neutron.db.ovn_revision_numbers_db [None req-7f3388d4-5eed-4f15-afe9-00c06e408006 9b187d6ff81c495684b9838517d0ef84 5cc23d7b9e434cb0a1f4c56bd213352b - - - -] Successfully bumped revision number for resource 268e483d-09cd-40a3-bc4b-fafbe07e7301 (type: networks) to 1
2026-03-31 05:55:35.810 10 INFO neutron.wsgi [None req-f904d64d-c535-4224-9e43-13ce95bc3e77 b34d968fa3c54e66a91861aeefbdcb3d 116ac56d0cc84a83ac998d1801b5f7bf - - - -] 10.0.0.112 "DELETE /v2.0/security-groups/e44e88c4-eacd-411c-8205-b53c72b61fb8 HTTP/1.1" status: 204 len: 168 time: 0.3421724
2026-03-31 05:55:35.862 10 WARNING neutron.scheduler.dhcp_agent_scheduler [None req-7f3388d4-5eed-4f15-afe9-00c06e408006 9b187d6ff81c495684b9838517d0ef84 5cc23d7b9e434cb0a1f4c56bd213352b - - - -] No more DHCP agents
2026-03-31 05:55:35.864 10 WARNING neutron.api.rpc.agentnotifiers.dhcp_rpc_agent_api [None req-7f3388d4-5eed-4f15-afe9-00c06e408006 9b187d6ff81c495684b9838517d0ef84 5cc23d7b9e434cb0a1f4c56bd213352b - - - -] Unable to schedule network 268e483d-09cd-40a3-bc4b-fafbe07e7301: no agents available; will retry on subsequent port and subnet creation events.
2026-03-31 05:55:35.953 10 INFO neutron.db.ovn_revision_numbers_db [None req-7f3388d4-5eed-4f15-afe9-00c06e408006 9b187d6ff81c495684b9838517d0ef84 5cc23d7b9e434cb0a1f4c56bd213352b - - - -] Successfully bumped revision number for resource 2b7db222-df8b-4311-a662-2c93db5e990f (type: ports) to 1
2026-03-31 05:55:35.978 10 INFO neutron.wsgi [None req-7f3388d4-5eed-4f15-afe9-00c06e408006 9b187d6ff81c495684b9838517d0ef84 5cc23d7b9e434cb0a1f4c56bd213352b - - - -] 10.0.0.112 "POST /v2.0/networks HTTP/1.1" status: 201 len: 853 time: 0.6092546
2026-03-31 05:55:36.057 9 INFO neutron.db.ovn_revision_numbers_db [None req-4e7da6df-3b12-4164-a0f2-fca9b0dd11d8 3a928458546b4f9f825d6a199e31e8a4 97b52e38834341d6b0e144b0eabf2699 - - - -] Successfully bumped revision number for resource b456cbe6-4244-4d02-b27d-9e94bc98c099 (type: security_groups) to 1
2026-03-31 05:55:36.099 9 INFO neutron.wsgi [None req-4e7da6df-3b12-4164-a0f2-fca9b0dd11d8 3a928458546b4f9f825d6a199e31e8a4 97b52e38834341d6b0e144b0eabf2699 - - - -] 10.0.0.112 "POST /v2.0/security-groups HTTP/1.1" status: 201 len: 1761 time: 1.0292380
2026-03-31 05:55:36.165 9 INFO neutron.wsgi [None req-b44ba452-c998-4162-a7d5-0265a68c1eae 3a928458546b4f9f825d6a199e31e8a4 97b52e38834341d6b0e144b0eabf2699 - - default default] 10.0.0.112 "GET /v2.0/security-groups HTTP/1.1" status: 200 len: 4539 time: 0.0576422
2026-03-31 05:55:36.268 9 INFO neutron.db.ovn_revision_numbers_db [None req-728db8d0-55a6-4718-84ca-c0fb9f740606 3a928458546b4f9f825d6a199e31e8a4 97b52e38834341d6b0e144b0eabf2699 - - - -] Successfully bumped revision number for resource b456cbe6-4244-4d02-b27d-9e94bc98c099 (type: security_groups) to 2
2026-03-31 05:55:36.273 9 INFO neutron.wsgi [None req-728db8d0-55a6-4718-84ca-c0fb9f740606 3a928458546b4f9f825d6a199e31e8a4 97b52e38834341d6b0e144b0eabf2699 - - - -] 10.0.0.112 "PUT /v2.0/security-groups/b456cbe6-4244-4d02-b27d-9e94bc98c099 HTTP/1.1" status: 200 len: 1793 time: 0.0997839
2026-03-31 05:55:36.322 9 INFO neutron.wsgi [None req-4a46d9a6-e353-4bfd-bd1c-953eaba0a984 3a928458546b4f9f825d6a199e31e8a4 97b52e38834341d6b0e144b0eabf2699 - - default default] 10.0.0.112 "GET /v2.0/security-groups/b456cbe6-4244-4d02-b27d-9e94bc98c099 HTTP/1.1" status: 200 len: 1793 time: 0.0425415
2026-03-31 05:55:36.479 9 INFO neutron.wsgi [None req-077b46de-006f-476b-9577-02baec5a464b 3a928458546b4f9f825d6a199e31e8a4 97b52e38834341d6b0e144b0eabf2699 - - - -] 10.0.0.112 "DELETE /v2.0/security-groups/b456cbe6-4244-4d02-b27d-9e94bc98c099 HTTP/1.1" status: 204 len: 168 time: 0.1518288
2026-03-31 05:55:36.522 10 WARNING neutron.scheduler.dhcp_agent_scheduler [None req-29f2f86f-0759-475e-9e61-58af0dce4e92 9b187d6ff81c495684b9838517d0ef84 5cc23d7b9e434cb0a1f4c56bd213352b - - - -] No more DHCP agents
2026-03-31 05:55:36.522 9 INFO neutron.wsgi [None req-a509e00f-1f50-43f2-ba4c-a055c5bd954f 3a928458546b4f9f825d6a199e31e8a4 97b52e38834341d6b0e144b0eabf2699 - - default default] 10.0.0.112 "GET /v2.0/security-groups HTTP/1.1" status: 200 len: 2996 time: 0.0348125
2026-03-31 05:55:36.523 10 WARNING neutron.api.rpc.agentnotifiers.dhcp_rpc_agent_api [None req-29f2f86f-0759-475e-9e61-58af0dce4e92 9b187d6ff81c495684b9838517d0ef84 5cc23d7b9e434cb0a1f4c56bd213352b - - - -] Unable to schedule network c1ccbfef-5a36-462c-875d-76330ed0121f: no agents available; will retry on subsequent port and subnet creation events.
2026-03-31 05:55:36.542 9 INFO neutron.api.v2.resource [None req-c9598a0a-72ba-4625-9c5f-d1c5227a6b4b 3a928458546b4f9f825d6a199e31e8a4 97b52e38834341d6b0e144b0eabf2699 - - - -] delete failed (client error): The resource could not be found.
2026-03-31 05:55:36.543 9 INFO neutron.wsgi [None req-c9598a0a-72ba-4625-9c5f-d1c5227a6b4b 3a928458546b4f9f825d6a199e31e8a4 97b52e38834341d6b0e144b0eabf2699 - - - -] 10.0.0.112 "DELETE /v2.0/security-groups/b456cbe6-4244-4d02-b27d-9e94bc98c099 HTTP/1.1" status: 404 len: 347 time: 0.0164323
2026-03-31 05:55:36.597 10 INFO neutron.db.ovn_revision_numbers_db [None req-29f2f86f-0759-475e-9e61-58af0dce4e92 9b187d6ff81c495684b9838517d0ef84 5cc23d7b9e434cb0a1f4c56bd213352b - - - -] Successfully bumped revision number for resource 3112c26b-fadf-4164-ae3b-b4c0234260d8 (type: ports) to 1
2026-03-31 05:55:36.637 10 WARNING neutron.scheduler.dhcp_agent_scheduler [None req-29f2f86f-0759-475e-9e61-58af0dce4e92 9b187d6ff81c495684b9838517d0ef84 5cc23d7b9e434cb0a1f4c56bd213352b - - - -] No more DHCP agents
2026-03-31 05:55:36.639 10 WARNING neutron.api.rpc.agentnotifiers.dhcp_rpc_agent_api [None req-29f2f86f-0759-475e-9e61-58af0dce4e92 9b187d6ff81c495684b9838517d0ef84 5cc23d7b9e434cb0a1f4c56bd213352b - - - -] Unable to schedule network 268e483d-09cd-40a3-bc4b-fafbe07e7301: no agents available; will retry on subsequent port and subnet creation events.
2026-03-31 05:55:36.675 9 INFO neutron.db.ovn_revision_numbers_db [None req-d5c90a8a-220c-49ee-a362-7f7b69e446b5 3a928458546b4f9f825d6a199e31e8a4 97b52e38834341d6b0e144b0eabf2699 - - - -] Successfully bumped revision number for resource 8da4ecf9-f13d-437d-bab4-b3d897fd741d (type: security_groups) to 1
2026-03-31 05:55:36.707 9 INFO neutron.wsgi [None req-d5c90a8a-220c-49ee-a362-7f7b69e446b5 3a928458546b4f9f825d6a199e31e8a4 97b52e38834341d6b0e144b0eabf2699 - - - -] 10.0.0.112 "POST /v2.0/security-groups HTTP/1.1" status: 201 len: 1761 time: 0.1553607
2026-03-31 05:55:36.708 10 INFO neutron.db.ovn_revision_numbers_db [None req-29f2f86f-0759-475e-9e61-58af0dce4e92 9b187d6ff81c495684b9838517d0ef84 5cc23d7b9e434cb0a1f4c56bd213352b - - - -] Successfully bumped revision number for resource 1fd32296-fc5c-4a4e-8c86-485d2bae6db9 (type: ports) to 1
2026-03-31 05:55:36.741 10 INFO neutron.wsgi [None req-29f2f86f-0759-475e-9e61-58af0dce4e92 9b187d6ff81c495684b9838517d0ef84 5cc23d7b9e434cb0a1f4c56bd213352b - - - -] 10.0.0.112 "POST /v2.0/ports HTTP/1.1" status: 201 len: 1706 time: 0.7577560
2026-03-31 05:55:36.920 9 INFO neutron.wsgi [None req-5100b888-7080-4270-9b27-7f6c99c11b91 9b187d6ff81c495684b9838517d0ef84 5cc23d7b9e434cb0a1f4c56bd213352b - - default default] 10.0.0.112 "GET /v2.0/ports HTTP/1.1" status: 200 len: 3213 time: 0.1731923
2026-03-31 05:55:36.922 9 INFO neutron.db.ovn_revision_numbers_db [None req-098203f4-44bf-438c-bd18-281423b597e7 3a928458546b4f9f825d6a199e31e8a4 97b52e38834341d6b0e144b0eabf2699 - - - -] Successfully bumped revision number for resource 0cc421d3-e133-4d4f-835a-c603c4424605 (type: security_group_rules) to 0 /var/lib/openstack/lib/python3.10/site-packages/pycadf/identifier.py:71: UserWarning: Invalid uuid: neutron. To ensure interoperability, identifiers should be a valid uuid. warnings.warn(('Invalid uuid: %s. To ensure interoperability, '
2026-03-31 05:55:36.962 9 INFO neutron.wsgi [None req-098203f4-44bf-438c-bd18-281423b597e7 3a928458546b4f9f825d6a199e31e8a4 97b52e38834341d6b0e144b0eabf2699 - - - -] 10.0.0.112 "POST /v2.0/security-group-rules HTTP/1.1" status: 201 len: 768 time: 0.2513685
2026-03-31 05:55:36.987 10 INFO neutron.wsgi [None req-3f215a4d-c02f-469d-a4e3-b5936614bd34 3a928458546b4f9f825d6a199e31e8a4 97b52e38834341d6b0e144b0eabf2699 - - default default] 10.0.0.112 "GET /v2.0/security-group-rules/0cc421d3-e133-4d4f-835a-c603c4424605 HTTP/1.1" status: 200 len: 763 time: 0.0188994
2026-03-31 05:55:37.030 9 INFO neutron.wsgi [None req-3c877e26-9d64-4ad6-aece-ee0b4f53a25c 3a928458546b4f9f825d6a199e31e8a4 97b52e38834341d6b0e144b0eabf2699 - - default default] 10.0.0.112 "GET /v2.0/security-group-rules HTTP/1.1" status: 200 len: 4113 time: 0.0381372
2026-03-31 05:55:37.159 9 INFO neutron.wsgi [None req-cffa00c1-3ffb-4c22-b3ae-f674c91bdfaa 3a928458546b4f9f825d6a199e31e8a4 97b52e38834341d6b0e144b0eabf2699 - - - -] 10.0.0.112 "DELETE /v2.0/security-group-rules/0cc421d3-e133-4d4f-835a-c603c4424605 HTTP/1.1" status: 204 len: 168 time: 0.1239755
2026-03-31 05:55:37.191 10 INFO neutron.wsgi [None req-637542bb-0019-4676-a539-64fce85a1b3f 9b187d6ff81c495684b9838517d0ef84 5cc23d7b9e434cb0a1f4c56bd213352b - - - -] 10.0.0.112 "DELETE /v2.0/ports/3112c26b-fadf-4164-ae3b-b4c0234260d8 HTTP/1.1" status: 204 len: 168 time: 0.2604229
2026-03-31 05:55:37.197 9 INFO neutron.wsgi [None req-b7ce2a68-2ab5-45f3-83e7-54f438c70852 3a928458546b4f9f825d6a199e31e8a4 97b52e38834341d6b0e144b0eabf2699 - - default default] 10.0.0.112 "GET /v2.0/security-group-rules HTTP/1.1" status: 200 len: 3567 time: 0.0323980
2026-03-31 05:55:37.321 9 INFO neutron.db.ovn_revision_numbers_db [None req-7dfb6e90-6aa6-4a0d-a152-5841d65f83b0 3a928458546b4f9f825d6a199e31e8a4 97b52e38834341d6b0e144b0eabf2699 - - - -] Successfully bumped revision number for resource 765d9793-a1a4-4fc3-a5d2-6882e47a2266 (type: security_group_rules) to 0
2026-03-31 05:55:37.346 9 INFO neutron.wsgi [None req-7dfb6e90-6aa6-4a0d-a152-5841d65f83b0 3a928458546b4f9f825d6a199e31e8a4 97b52e38834341d6b0e144b0eabf2699 - - - -] 10.0.0.112 "POST /v2.0/security-group-rules HTTP/1.1" status: 201 len: 768 time: 0.1420255
2026-03-31 05:55:37.365 9 INFO neutron.wsgi [None req-e0154a4c-a68f-47ee-bfce-67df218bb3a4 3a928458546b4f9f825d6a199e31e8a4 97b52e38834341d6b0e144b0eabf2699 - - default default] 10.0.0.112 "GET /v2.0/security-group-rules/765d9793-a1a4-4fc3-a5d2-6882e47a2266 HTTP/1.1" status: 200 len: 763 time: 0.0136726
2026-03-31 05:55:37.423 9 INFO neutron.wsgi [None req-4aa42f80-f5bb-4a7f-ac7f-bc3532f2523e 3a928458546b4f9f825d6a199e31e8a4 97b52e38834341d6b0e144b0eabf2699 - - default default] 10.0.0.112 "GET /v2.0/security-group-rules HTTP/1.1" status: 200 len: 4113 time: 0.0545251
2026-03-31 05:55:37.512 10 INFO neutron.wsgi [None req-165612ac-24fb-43c7-846f-f39c48a18c88 9b187d6ff81c495684b9838517d0ef84 5cc23d7b9e434cb0a1f4c56bd213352b - - - -] 10.0.0.112 "DELETE /v2.0/ports/1fd32296-fc5c-4a4e-8c86-485d2bae6db9 HTTP/1.1" status: 204 len: 168 time: 0.3149216
2026-03-31 05:55:37.620 10 INFO neutron.wsgi [None req-e9a429c6-3d3e-4c24-a03b-c7d813d2eceb 3a928458546b4f9f825d6a199e31e8a4 97b52e38834341d6b0e144b0eabf2699 - - - -] 10.0.0.112 "DELETE /v2.0/security-group-rules/765d9793-a1a4-4fc3-a5d2-6882e47a2266 HTTP/1.1" status: 204 len: 168 time: 0.1892338
2026-03-31 05:55:37.662 10 INFO neutron.wsgi [None req-f990ea2d-cd26-4a53-8411-b2bb3a12c3cf 9b187d6ff81c495684b9838517d0ef84 5cc23d7b9e434cb0a1f4c56bd213352b - - default default] 10.0.0.112 "GET /v2.0/ports HTTP/1.1" status: 200 len: 1718 time: 0.1445472
2026-03-31 05:55:37.688 10 INFO neutron.wsgi [None req-10d964cd-b43e-428f-b211-45591552160c 3a928458546b4f9f825d6a199e31e8a4 97b52e38834341d6b0e144b0eabf2699 - - default default] 10.0.0.112 "GET /v2.0/security-group-rules HTTP/1.1" status: 200 len: 3567 time: 0.0622342
2026-03-31 05:55:37.723 10 INFO neutron.db.securitygroups_db [None req-3f12175c-4454-4c7c-a5d8-d46d25a76f23 3a928458546b4f9f825d6a199e31e8a4 97b52e38834341d6b0e144b0eabf2699 - - - -] Project 97b52e38834341d6b0e144b0eabf2699 added a security group rule with legacy IPv6 ICMP protocol name icmp, ipv6-icmp should be used instead. It was automatically converted.
2026-03-31 05:55:37.806 10 INFO neutron.db.segments_db [None req-0e17dc33-020e-4c29-9820-2682c87338c4 9b187d6ff81c495684b9838517d0ef84 5cc23d7b9e434cb0a1f4c56bd213352b - - - -] Added segment 4b2ecf6e-7aaf-4893-b496-f94ff1470f83 of type geneve for network cda3d8ea-bcf9-478e-97aa-3312f1bd1876
2026-03-31 05:55:37.893 10 INFO neutron.db.ovn_revision_numbers_db [None req-3f12175c-4454-4c7c-a5d8-d46d25a76f23 3a928458546b4f9f825d6a199e31e8a4 97b52e38834341d6b0e144b0eabf2699 - - - -] Successfully bumped revision number for resource 5d320211-8564-4c16-8221-89a4938c0f67 (type: security_group_rules) to 0
2026-03-31 05:55:37.943 10 INFO neutron.wsgi [None req-3f12175c-4454-4c7c-a5d8-d46d25a76f23 3a928458546b4f9f825d6a199e31e8a4 97b52e38834341d6b0e144b0eabf2699 - - - -] 10.0.0.112 "POST /v2.0/security-group-rules HTTP/1.1" status: 201 len: 774 time: 0.2501428
2026-03-31 05:55:37.981 10 INFO neutron.wsgi [None req-fc31bf27-63f8-45e2-8b72-0a58bc1da3a7 3a928458546b4f9f825d6a199e31e8a4 97b52e38834341d6b0e144b0eabf2699 - - default default] 10.0.0.112 "GET /v2.0/security-group-rules/5d320211-8564-4c16-8221-89a4938c0f67 HTTP/1.1" status: 200 len: 769 time: 0.0316370
2026-03-31 05:55:37.992 10 INFO neutron.db.ovn_revision_numbers_db [None req-0e17dc33-020e-4c29-9820-2682c87338c4 9b187d6ff81c495684b9838517d0ef84 5cc23d7b9e434cb0a1f4c56bd213352b - - - -] Successfully bumped revision number for resource cda3d8ea-bcf9-478e-97aa-3312f1bd1876 (type: networks) to 1
2026-03-31 05:55:38.034 10 INFO neutron.wsgi [None req-4e69e7b6-2e1f-429a-9b1d-371e4780b12b 3a928458546b4f9f825d6a199e31e8a4 97b52e38834341d6b0e144b0eabf2699 - - default default] 10.0.0.112 "GET /v2.0/security-group-rules HTTP/1.1" status: 200 len: 4119 time: 0.0475047
2026-03-31 05:55:38.189 9 INFO neutron.wsgi [None req-7f4bf7f2-2b5c-4bae-a7c7-b40599024a7a 3a928458546b4f9f825d6a199e31e8a4 97b52e38834341d6b0e144b0eabf2699 - - - -] 10.0.0.112 "DELETE /v2.0/security-group-rules/5d320211-8564-4c16-8221-89a4938c0f67 HTTP/1.1" status: 204 len: 168 time: 0.1497924
2026-03-31 05:55:38.265 9 INFO neutron.wsgi [None req-8214fc14-faea-475d-a92c-b77fc3ef9ad0 3a928458546b4f9f825d6a199e31e8a4 97b52e38834341d6b0e144b0eabf2699 - - default default] 10.0.0.112 "GET /v2.0/security-group-rules HTTP/1.1" status: 200 len: 3567 time: 0.0655737
2026-03-31 05:55:38.414 9 INFO neutron.db.ovn_revision_numbers_db [None req-65bed90e-1842-4c9c-bc7b-5c05041715ff b34d968fa3c54e66a91861aeefbdcb3d 116ac56d0cc84a83ac998d1801b5f7bf - - default default] Successfully bumped revision number for resource e735449d-1574-42d5-8956-5f72aeed95c3 (type: security_groups) to 1
2026-03-31 05:55:38.439 9 INFO neutron.wsgi [None req-65bed90e-1842-4c9c-bc7b-5c05041715ff b34d968fa3c54e66a91861aeefbdcb3d 116ac56d0cc84a83ac998d1801b5f7bf - - default default] 10.0.0.112 "GET /v2.0/security-groups?tenant_id=12823669f89e479cbfcc5bfa344d811e&name=default HTTP/1.1" status: 200 len: 2996 time: 0.3583441
2026-03-31 05:55:38.448 10 WARNING neutron.scheduler.dhcp_agent_scheduler [None req-0e17dc33-020e-4c29-9820-2682c87338c4 9b187d6ff81c495684b9838517d0ef84 5cc23d7b9e434cb0a1f4c56bd213352b - - - -] No more DHCP agents
2026-03-31 05:55:38.451 10 WARNING neutron.api.rpc.agentnotifiers.dhcp_rpc_agent_api [None req-0e17dc33-020e-4c29-9820-2682c87338c4 9b187d6ff81c495684b9838517d0ef84 5cc23d7b9e434cb0a1f4c56bd213352b - - - -] Unable to schedule network cda3d8ea-bcf9-478e-97aa-3312f1bd1876: no agents available; will retry on subsequent port and subnet creation events.
2026-03-31 05:55:38.457 9 INFO neutron.db.ovn_revision_numbers_db [None req-3cc0655b-83ee-48ed-a6b5-8718222adf1a b34d968fa3c54e66a91861aeefbdcb3d 116ac56d0cc84a83ac998d1801b5f7bf - - default default] Successfully bumped revision number for resource 894d1e2e-9628-4d7b-8a77-4b59f45fb57d (type: security_groups) to 1
2026-03-31 05:55:38.494 9 INFO neutron.wsgi [None req-86b07177-ebb5-4fbe-bb29-7b799dfc8d9a 3a928458546b4f9f825d6a199e31e8a4 97b52e38834341d6b0e144b0eabf2699 - - - -] 10.0.0.112 "DELETE /v2.0/security-groups/8da4ecf9-f13d-437d-bab4-b3d897fd741d HTTP/1.1" status: 204 len: 168 time: 0.2226720
2026-03-31 05:55:38.498 9 INFO neutron.wsgi [None req-3cc0655b-83ee-48ed-a6b5-8718222adf1a b34d968fa3c54e66a91861aeefbdcb3d 116ac56d0cc84a83ac998d1801b5f7bf - - default default] 10.0.0.112 "GET /v2.0/security-groups?tenant_id=d42941281e7942e9b47ef3ee736dd25a&name=default HTTP/1.1" status: 200 len: 2996 time: 0.5157881
2026-03-31 05:55:38.520 10 INFO neutron.db.ovn_revision_numbers_db [None req-0e17dc33-020e-4c29-9820-2682c87338c4 9b187d6ff81c495684b9838517d0ef84 5cc23d7b9e434cb0a1f4c56bd213352b - - - -] Successfully bumped revision number for resource 6579af3f-1dfd-4146-b7a9-4b1cbd0fa488 (type: ports) to 1
2026-03-31 05:55:38.541 10 INFO neutron.wsgi [None req-e5f9946c-4d5a-4b4b-bee4-24e64c8f478c 3a928458546b4f9f825d6a199e31e8a4 97b52e38834341d6b0e144b0eabf2699 - - default default] 10.0.0.112 "GET /v2.0/security-groups HTTP/1.1" status: 200 len: 2996 time: 0.0359752
2026-03-31 05:55:38.556 10 INFO neutron.wsgi [None req-0e17dc33-020e-4c29-9820-2682c87338c4 9b187d6ff81c495684b9838517d0ef84 5cc23d7b9e434cb0a1f4c56bd213352b - - - -] 10.0.0.112 "POST /v2.0/networks HTTP/1.1" status: 201 len: 853 time: 0.8855546
2026-03-31 05:55:38.587 10 INFO neutron.wsgi [None req-07aeeb6c-8ce2-42e3-99e0-0a1fa8285803 3a928458546b4f9f825d6a199e31e8a4 97b52e38834341d6b0e144b0eabf2699 - - default default] 10.0.0.112 "GET /v2.0/security-groups HTTP/1.1" status: 200 len: 2996 time: 0.0383880
2026-03-31 05:55:38.686 9 INFO neutron.db.segments_db [None req-4e97e252-5ad2-4bb8-b6c0-87f53d4fbf29 9b187d6ff81c495684b9838517d0ef84 5cc23d7b9e434cb0a1f4c56bd213352b - - - -] Added segment db38314b-17fe-4358-af98-df488ac552b1 of type geneve for network 2327724d-44bd-41f9-830d-419cef855f97
2026-03-31 05:55:38.843 9 INFO neutron.wsgi [None req-ac5b2c93-a651-4fd5-8b89-38dbc1a6c1cb b34d968fa3c54e66a91861aeefbdcb3d 116ac56d0cc84a83ac998d1801b5f7bf - - - -] 10.0.0.112 "DELETE /v2.0/security-groups/e735449d-1574-42d5-8956-5f72aeed95c3 HTTP/1.1" status: 204 len: 168 time: 0.3990526
2026-03-31 05:55:38.899 9 INFO neutron.db.ovn_revision_numbers_db [None req-4e97e252-5ad2-4bb8-b6c0-87f53d4fbf29 9b187d6ff81c495684b9838517d0ef84 5cc23d7b9e434cb0a1f4c56bd213352b - - - -] Successfully bumped revision number for resource 2327724d-44bd-41f9-830d-419cef855f97 (type: networks) to 1
2026-03-31 05:55:38.958 9 INFO neutron.wsgi [None req-0f1682a9-13e0-4cc3-a4e4-0d664417e58a b34d968fa3c54e66a91861aeefbdcb3d 116ac56d0cc84a83ac998d1801b5f7bf - - - -] 10.0.0.112 "DELETE /v2.0/security-groups/894d1e2e-9628-4d7b-8a77-4b59f45fb57d HTTP/1.1" status: 204 len: 168 time: 0.4487555
2026-03-31 05:55:39.141 9 WARNING neutron.scheduler.dhcp_agent_scheduler [None req-4e97e252-5ad2-4bb8-b6c0-87f53d4fbf29 9b187d6ff81c495684b9838517d0ef84 5cc23d7b9e434cb0a1f4c56bd213352b - - - -] No more DHCP agents
2026-03-31 05:55:39.142 9 WARNING neutron.api.rpc.agentnotifiers.dhcp_rpc_agent_api [None req-4e97e252-5ad2-4bb8-b6c0-87f53d4fbf29 9b187d6ff81c495684b9838517d0ef84 5cc23d7b9e434cb0a1f4c56bd213352b - - - -] Unable to schedule network 2327724d-44bd-41f9-830d-419cef855f97: no agents available; will retry on subsequent port and subnet creation events.
2026-03-31 05:55:39.215 9 INFO neutron.db.ovn_revision_numbers_db [None req-4e97e252-5ad2-4bb8-b6c0-87f53d4fbf29 9b187d6ff81c495684b9838517d0ef84 5cc23d7b9e434cb0a1f4c56bd213352b - - - -] Successfully bumped revision number for resource 8110780e-b798-4943-a385-41e59f8102e4 (type: ports) to 1
2026-03-31 05:55:39.238 9 INFO neutron.wsgi [None req-4e97e252-5ad2-4bb8-b6c0-87f53d4fbf29 9b187d6ff81c495684b9838517d0ef84 5cc23d7b9e434cb0a1f4c56bd213352b - - - -] 10.0.0.112 "POST /v2.0/networks HTTP/1.1" status: 201 len: 852 time: 0.6768610
2026-03-31 05:55:39.298 9 INFO neutron.wsgi [None req-3a80649f-16a4-4e2b-a168-ddcae93bf66a b34d968fa3c54e66a91861aeefbdcb3d 116ac56d0cc84a83ac998d1801b5f7bf - - default default] 10.0.0.112 "GET /v2.0/security-groups?tenant_id=97b52e38834341d6b0e144b0eabf2699&name=default HTTP/1.1" status: 200 len: 2996 time: 0.2223353
2026-03-31 05:55:39.497 10 INFO neutron.wsgi [None req-c1a9ffbd-cf35-4d49-90dc-6000ca3019fb b34d968fa3c54e66a91861aeefbdcb3d 116ac56d0cc84a83ac998d1801b5f7bf - - - -] 10.0.0.112 "DELETE /v2.0/security-groups/74cb8aae-64d3-4154-a8da-d0cec2338fa1 HTTP/1.1" status: 204 len: 168 time: 0.1877103
2026-03-31 05:55:39.787 9 INFO neutron.wsgi [-] 10.0.0.32 "GET / HTTP/1.1" status: 200 len: 247 time: 0.0017867
2026-03-31 05:55:39.787 10 INFO neutron.wsgi [-] 10.0.0.32 "GET / HTTP/1.1" status: 200 len: 247 time: 0.0018234
2026-03-31 05:55:40.344 10 WARNING neutron.scheduler.dhcp_agent_scheduler [None req-ae378772-8241-48bb-86db-eb0430cb082c 9b187d6ff81c495684b9838517d0ef84 5cc23d7b9e434cb0a1f4c56bd213352b - - - -] No more DHCP agents
2026-03-31 05:55:40.346 10 WARNING neutron.api.rpc.agentnotifiers.dhcp_rpc_agent_api [None req-ae378772-8241-48bb-86db-eb0430cb082c 9b187d6ff81c495684b9838517d0ef84 5cc23d7b9e434cb0a1f4c56bd213352b - - - -] Unable to schedule network cda3d8ea-bcf9-478e-97aa-3312f1bd1876: no agents available; will retry on subsequent port and subnet creation events.
2026-03-31 05:55:40.360 10 INFO neutron.db.ovn_revision_numbers_db [None req-ae378772-8241-48bb-86db-eb0430cb082c 9b187d6ff81c495684b9838517d0ef84 5cc23d7b9e434cb0a1f4c56bd213352b - - - -] Successfully bumped revision number for resource 968287bb-546c-496f-a70f-e5077d2dc9a2 (type: subnets) to 0
2026-03-31 05:55:40.390 10 WARNING neutron.scheduler.dhcp_agent_scheduler [None req-ae378772-8241-48bb-86db-eb0430cb082c 9b187d6ff81c495684b9838517d0ef84 5cc23d7b9e434cb0a1f4c56bd213352b - - - -] No more DHCP agents
2026-03-31 05:55:40.394 10 WARNING neutron.api.rpc.agentnotifiers.dhcp_rpc_agent_api [None req-ae378772-8241-48bb-86db-eb0430cb082c 9b187d6ff81c495684b9838517d0ef84 5cc23d7b9e434cb0a1f4c56bd213352b - - - -] Unable to schedule network 2327724d-44bd-41f9-830d-419cef855f97: no agents available; will retry on subsequent port and subnet creation events.
2026-03-31 05:55:40.412 10 INFO neutron.db.ovn_revision_numbers_db [None req-ae378772-8241-48bb-86db-eb0430cb082c 9b187d6ff81c495684b9838517d0ef84 5cc23d7b9e434cb0a1f4c56bd213352b - - - -] Successfully bumped revision number for resource 6f6123bc-d873-4209-8d14-d4a6bf0e0c7e (type: subnets) to 0
2026-03-31 05:55:40.437 10 INFO neutron.wsgi [None req-ae378772-8241-48bb-86db-eb0430cb082c 9b187d6ff81c495684b9838517d0ef84 5cc23d7b9e434cb0a1f4c56bd213352b - - - -] 10.0.0.112 "POST /v2.0/subnets HTTP/1.1" status: 201 len: 1475 time: 0.6036685
2026-03-31 05:55:40.516 10 INFO neutron.wsgi [None req-9954fcc3-0f27-467b-b8c2-49dac87fe4a2 9b187d6ff81c495684b9838517d0ef84 5cc23d7b9e434cb0a1f4c56bd213352b - - default default] 10.0.0.112 "GET /v2.0/subnets HTTP/1.1" status: 200 len: 2083 time: 0.0736549
2026-03-31 05:55:40.810 10 INFO neutron.wsgi [None req-b41ca8fe-75fb-4edf-bae8-df41be127b97 9b187d6ff81c495684b9838517d0ef84 5cc23d7b9e434cb0a1f4c56bd213352b - - - -] 10.0.0.112 "DELETE /v2.0/subnets/968287bb-546c-496f-a70f-e5077d2dc9a2 HTTP/1.1" status: 204 len: 168 time: 0.2802222
2026-03-31 05:55:40.872 10 INFO neutron.db.ovn_revision_numbers_db [None req-7699a515-c869-4be4-a916-cd3e8aba048d b34d968fa3c54e66a91861aeefbdcb3d 116ac56d0cc84a83ac998d1801b5f7bf - - - -] Successfully bumped revision number for resource 69581f8b-1d42-4497-85d0-f2d1d9850a9c (type: security_groups) to 1
2026-03-31 05:55:40.938 10 INFO neutron.db.segments_db [None req-7699a515-c869-4be4-a916-cd3e8aba048d b34d968fa3c54e66a91861aeefbdcb3d 116ac56d0cc84a83ac998d1801b5f7bf - - - -] Added segment 02983412-0d14-4fc3-a3d8-7d2288266eec of type geneve for network 9ceb8b2e-9217-4d49-bca3-9db34d9bf2de
2026-03-31 05:55:41.057 9 INFO neutron.wsgi [None req-4e8b1dc1-faf9-41c3-8af6-3a88ce352cc0 9b187d6ff81c495684b9838517d0ef84 5cc23d7b9e434cb0a1f4c56bd213352b - - - -] 10.0.0.112 "DELETE /v2.0/subnets/6f6123bc-d873-4209-8d14-d4a6bf0e0c7e HTTP/1.1" status: 204 len: 168 time: 0.2409809
2026-03-31 05:55:41.108 10 INFO neutron.db.ovn_revision_numbers_db [None req-7699a515-c869-4be4-a916-cd3e8aba048d b34d968fa3c54e66a91861aeefbdcb3d 116ac56d0cc84a83ac998d1801b5f7bf - - - -] Successfully bumped revision number for resource 9ceb8b2e-9217-4d49-bca3-9db34d9bf2de (type: networks) to 1
2026-03-31 05:55:41.128 9 INFO neutron.wsgi [None req-6b28916c-c834-4b6c-9e2e-493fd46b1fb7 9b187d6ff81c495684b9838517d0ef84 5cc23d7b9e434cb0a1f4c56bd213352b - - default default] 10.0.0.112 "GET /v2.0/subnets HTTP/1.1" status: 200 len: 820 time: 0.0506873
2026-03-31 05:55:41.311 10 WARNING neutron.scheduler.dhcp_agent_scheduler [None req-7699a515-c869-4be4-a916-cd3e8aba048d b34d968fa3c54e66a91861aeefbdcb3d 116ac56d0cc84a83ac998d1801b5f7bf - - - -] No more DHCP agents
2026-03-31 05:55:41.314 10 WARNING neutron.api.rpc.agentnotifiers.dhcp_rpc_agent_api [None req-7699a515-c869-4be4-a916-cd3e8aba048d b34d968fa3c54e66a91861aeefbdcb3d 116ac56d0cc84a83ac998d1801b5f7bf - - - -] Unable to schedule network 9ceb8b2e-9217-4d49-bca3-9db34d9bf2de: no agents available; will retry on subsequent port and subnet creation events.
2026-03-31 05:55:41.395 10 INFO neutron.db.ovn_revision_numbers_db [None req-7699a515-c869-4be4-a916-cd3e8aba048d b34d968fa3c54e66a91861aeefbdcb3d 116ac56d0cc84a83ac998d1801b5f7bf - - - -] Successfully bumped revision number for resource edc781e8-d9b1-4f9b-8dcd-13828cedce68 (type: ports) to 1
2026-03-31 05:55:41.417 10 INFO neutron.wsgi [None req-7699a515-c869-4be4-a916-cd3e8aba048d b34d968fa3c54e66a91861aeefbdcb3d 116ac56d0cc84a83ac998d1801b5f7bf - - - -] 10.0.0.112 "POST /v2.0/networks HTTP/1.1" status: 201 len: 943 time: 0.8526227
2026-03-31 05:55:41.538 9 INFO neutron.wsgi [None req-174b03a5-3835-4f3b-a2d9-a9694d96fbd1 9deca901a25748cebd7c6898b4a8228a 4245c4eb91044d52b3cc5e76d4c8bd7f - - - -] 10.0.0.112 "POST /v2.0/subnetpools HTTP/1.1" status: 201 len: 747 time: 0.2308400
2026-03-31 05:55:41.590 10 INFO neutron.wsgi [None req-4f4cb5ea-caff-4e87-8e3e-19f91206946d 9deca901a25748cebd7c6898b4a8228a 4245c4eb91044d52b3cc5e76d4c8bd7f - - default default] 10.0.0.112 "GET /v2.0/subnetpools/0cce0046-1a92-4fcc-b3c0-659f7a54d9f7 HTTP/1.1" status: 200 len: 742 time: 0.0456367
2026-03-31 05:55:41.613 10 WARNING neutron.scheduler.dhcp_agent_scheduler [None req-57a4211b-fff5-40b4-b11b-c52dbef103c1 b34d968fa3c54e66a91861aeefbdcb3d 116ac56d0cc84a83ac998d1801b5f7bf - - - -] No more DHCP agents
2026-03-31 05:55:41.615 10 WARNING neutron.api.rpc.agentnotifiers.dhcp_rpc_agent_api [None req-57a4211b-fff5-40b4-b11b-c52dbef103c1 b34d968fa3c54e66a91861aeefbdcb3d 116ac56d0cc84a83ac998d1801b5f7bf - - - -] Unable to schedule network 9ceb8b2e-9217-4d49-bca3-9db34d9bf2de: no agents available; will retry on subsequent port and subnet creation events.
2026-03-31 05:55:41.625 15 INFO neutron.plugins.ml2.drivers.ovn.mech_driver.ovsdb.maintenance [None req-d21d4978-6247-4c18-abb2-043c97a8f51a - - - - - -] Maintenance task: Synchronization finished (took 0.21 seconds)
2026-03-31 05:55:41.642 9 INFO neutron.services.segments.plugin [-] Segment db38314b-17fe-4358-af98-df488ac552b1 resource provider aggregate not found
2026-03-31 05:55:41.648 9 INFO neutron.services.segments.plugin [-] Segment db38314b-17fe-4358-af98-df488ac552b1 resource provider aggregate not found
2026-03-31 05:55:41.664 9 INFO neutron.services.segments.plugin [-] Segment db38314b-17fe-4358-af98-df488ac552b1 resource provider not found; error: Placement Client Error (4xx): {"errors": [{"status": 404, "title": "Not Found", "detail": "The resource could not be found.\n\n No resource provider with uuid db38314b-17fe-4358-af98-df488ac552b1 found for delete ", "request_id": "req-061ac7ae-7958-45c2-92fd-733214ee58bb"}]}
2026-03-31 05:55:41.679 9 INFO neutron.services.segments.plugin [-] Segment db38314b-17fe-4358-af98-df488ac552b1 resource provider not found; error: Placement Client Error (4xx): {"errors": [{"status": 404, "title": "Not Found", "detail": "The resource could not be found.\n\n No resource provider with uuid db38314b-17fe-4358-af98-df488ac552b1 found for delete ", "request_id": "req-ad7c3291-0535-4e96-8593-f154a9daf301"}]}
2026-03-31 05:55:41.731 9 INFO neutron.wsgi [None req-9259840c-8d18-452c-9a86-8045fc73f6d5 9b187d6ff81c495684b9838517d0ef84 5cc23d7b9e434cb0a1f4c56bd213352b - - - -] 10.0.0.112 "DELETE /v2.0/networks/2327724d-44bd-41f9-830d-419cef855f97 HTTP/1.1" status: 204 len: 168 time: 0.5954635
2026-03-31 05:55:41.769 9 INFO neutron.wsgi [None req-8a1e41cf-6fbf-40b8-8d8e-b0f6b7d92f94 9deca901a25748cebd7c6898b4a8228a 4245c4eb91044d52b3cc5e76d4c8bd7f - - - -] 10.0.0.112 "PUT /v2.0/subnetpools/0cce0046-1a92-4fcc-b3c0-659f7a54d9f7 HTTP/1.1" status: 200 len: 694 time: 0.1716793
2026-03-31 05:55:41.871 9 INFO neutron.wsgi [None req-6961d32c-78ce-43b9-84ff-950ddad8ea76 9deca901a25748cebd7c6898b4a8228a 4245c4eb91044d52b3cc5e76d4c8bd7f - - - -] 10.0.0.112 "DELETE /v2.0/subnetpools/0cce0046-1a92-4fcc-b3c0-659f7a54d9f7 HTTP/1.1" status: 204 len: 168 time: 0.0932872
2026-03-31 05:55:41.887 9 INFO neutron.api.v2.resource [None req-8e890c96-5d79-468a-8bfa-bfee01c0a6c8 9deca901a25748cebd7c6898b4a8228a 4245c4eb91044d52b3cc5e76d4c8bd7f - - default default] show failed (client error): The resource could not be found.
2026-03-31 05:55:41.889 9 INFO neutron.wsgi [None req-8e890c96-5d79-468a-8bfa-bfee01c0a6c8 9deca901a25748cebd7c6898b4a8228a 4245c4eb91044d52b3cc5e76d4c8bd7f - - default default] 10.0.0.112 "GET /v2.0/subnetpools/0cce0046-1a92-4fcc-b3c0-659f7a54d9f7 HTTP/1.1" status: 404 len: 346 time: 0.0138874
2026-03-31 05:55:41.910 10 INFO neutron.api.v2.resource [None req-9c95a5ff-3e86-498e-8df4-931342826188 9deca901a25748cebd7c6898b4a8228a 4245c4eb91044d52b3cc5e76d4c8bd7f - - - -] delete failed (client error): The resource could not be found.
2026-03-31 05:55:41.912 10 INFO neutron.wsgi [None req-9c95a5ff-3e86-498e-8df4-931342826188 9deca901a25748cebd7c6898b4a8228a 4245c4eb91044d52b3cc5e76d4c8bd7f - - - -] 10.0.0.112 "DELETE /v2.0/subnetpools/0cce0046-1a92-4fcc-b3c0-659f7a54d9f7 HTTP/1.1" status: 404 len: 346 time: 0.0180795
2026-03-31 05:55:42.178 10 INFO neutron.db.ovn_revision_numbers_db [None req-57a4211b-fff5-40b4-b11b-c52dbef103c1 b34d968fa3c54e66a91861aeefbdcb3d 116ac56d0cc84a83ac998d1801b5f7bf - - - -] Successfully bumped revision number for resource edc781e8-d9b1-4f9b-8dcd-13828cedce68 (type: ports) to 2
2026-03-31 05:55:42.192 10 INFO neutron.db.ovn_revision_numbers_db [None req-57a4211b-fff5-40b4-b11b-c52dbef103c1 b34d968fa3c54e66a91861aeefbdcb3d 116ac56d0cc84a83ac998d1801b5f7bf - - - -] Successfully bumped revision number for resource a71892f9-6653-4021-9f7b-904a9a362d3e (type: subnets) to 0
2026-03-31 05:55:42.208 10 INFO neutron.wsgi [None req-57a4211b-fff5-40b4-b11b-c52dbef103c1 b34d968fa3c54e66a91861aeefbdcb3d 116ac56d0cc84a83ac998d1801b5f7bf - - - -] 10.0.0.112 "POST /v2.0/subnets HTTP/1.1" status: 201 len: 863 time: 0.7845092
2026-03-31 05:55:42.249 9 INFO neutron.wsgi [None req-1d8473ee-7920-4d35-8245-6a7c2c4aae2f 9b187d6ff81c495684b9838517d0ef84 5cc23d7b9e434cb0a1f4c56bd213352b - - - -] 10.0.0.112 "DELETE /v2.0/networks/cda3d8ea-bcf9-478e-97aa-3312f1bd1876 HTTP/1.1" status: 204 len: 168 time: 0.5033255
2026-03-31 05:55:42.336 10 INFO neutron.wsgi [None req-8b06901c-42b0-45f0-851d-60dd174e6f9a 769af0786aab48df9bd204195c1e02bb c05a0d6d8bee40caa3026132dd96a4a6 - - default default] 10.0.0.1 "GET /v2.0/extensions HTTP/1.1" status: 200 len: 16525 time: 0.1973827
2026-03-31 05:55:42.448 9 INFO neutron.wsgi [None req-1ddc73e0-f90c-40a6-892c-01a2ec264ae4 769af0786aab48df9bd204195c1e02bb c05a0d6d8bee40caa3026132dd96a4a6 - - default default] 10.0.0.1 "GET /v2.0/quotas/c05a0d6d8bee40caa3026132dd96a4a6/details HTTP/1.1" status: 200 len: 756 time: 0.0939002
2026-03-31 05:55:42.667 9 INFO neutron.db.ovn_revision_numbers_db [None req-9a3fa93d-4de7-46b3-aa93-95795004a657 b34d968fa3c54e66a91861aeefbdcb3d 116ac56d0cc84a83ac998d1801b5f7bf - - default default] Successfully bumped revision number for resource 95349c0b-2c97-4957-ac1f-ce62e2ab0b42 (type: security_groups) to 1
2026-03-31 05:55:42.687 9 INFO neutron.wsgi [None req-9a3fa93d-4de7-46b3-aa93-95795004a657 b34d968fa3c54e66a91861aeefbdcb3d 116ac56d0cc84a83ac998d1801b5f7bf - - default default] 10.0.0.112 "GET /v2.0/security-groups?tenant_id=4245c4eb91044d52b3cc5e76d4c8bd7f&name=default HTTP/1.1" status: 200 len: 2996 time: 0.1798568
2026-03-31 05:55:42.882 9 INFO neutron.wsgi [None req-945567e1-aa44-4e49-9456-8f80cf68790f b34d968fa3c54e66a91861aeefbdcb3d 116ac56d0cc84a83ac998d1801b5f7bf - - - -] 10.0.0.112 "DELETE /v2.0/security-groups/95349c0b-2c97-4957-ac1f-ce62e2ab0b42 HTTP/1.1" status: 204 len: 168 time: 0.1898162
2026-03-31 05:55:43.118 10 INFO neutron.services.segments.plugin [-] Segment 66193d45-236e-4263-9df0-3b5c835ca3c9 resource provider aggregate not found
2026-03-31 05:55:43.124 10 INFO neutron.services.segments.plugin [-] Segment 66193d45-236e-4263-9df0-3b5c835ca3c9 resource provider aggregate not found
2026-03-31 05:55:43.147 10 INFO neutron.services.segments.plugin [-] Segment 66193d45-236e-4263-9df0-3b5c835ca3c9 resource provider not found; error: Placement Client Error (4xx): {"errors": [{"status": 404, "title": "Not Found", "detail": "The resource could not be found.\n\n No resource provider with uuid 66193d45-236e-4263-9df0-3b5c835ca3c9 found for delete ", "request_id": "req-cdd4dc8d-c75e-4fd9-aa57-4ee52c002cb2"}]}
2026-03-31 05:55:43.152 10 INFO neutron.services.segments.plugin [-] Segment 66193d45-236e-4263-9df0-3b5c835ca3c9 resource provider not found; error: Placement Client Error (4xx): {"errors": [{"status": 404, "title": "Not Found", "detail": "The resource could not be found.\n\n No resource provider with uuid 66193d45-236e-4263-9df0-3b5c835ca3c9 found for delete ", "request_id": "req-004fe151-6752-447f-b2f9-251681a9f917"}]}
2026-03-31 05:55:43.169 10 INFO neutron.wsgi [None req-29b6ad61-d564-4e40-8aa4-9a0f640f4886 9b187d6ff81c495684b9838517d0ef84 5cc23d7b9e434cb0a1f4c56bd213352b - - - -] 10.0.0.112 "DELETE /v2.0/networks/268e483d-09cd-40a3-bc4b-fafbe07e7301 HTTP/1.1" status: 204 len: 168 time: 0.9132288
2026-03-31 05:55:43.205 10 WARNING neutron.scheduler.dhcp_agent_scheduler [None req-8550be39-376f-4db8-91b5-6d47429b2c09 b34d968fa3c54e66a91861aeefbdcb3d 116ac56d0cc84a83ac998d1801b5f7bf - - - -] No more DHCP agents
2026-03-31 05:55:43.207 10 WARNING neutron.api.rpc.agentnotifiers.dhcp_rpc_agent_api [None req-8550be39-376f-4db8-91b5-6d47429b2c09 b34d968fa3c54e66a91861aeefbdcb3d 116ac56d0cc84a83ac998d1801b5f7bf - - - -] Unable to schedule network 25013cf9-da18-47b4-b35b-f4efa2b2672f: no agents available; will retry on subsequent port and subnet creation events.
2026-03-31 05:55:43.356 10 INFO neutron.db.ovn_revision_numbers_db [None req-8550be39-376f-4db8-91b5-6d47429b2c09 b34d968fa3c54e66a91861aeefbdcb3d 116ac56d0cc84a83ac998d1801b5f7bf - - - -] Successfully bumped revision number for resource 090be068-72a0-4abd-b0f1-55fb6371d7a3 (type: ports) to 1
2026-03-31 05:55:43.700 9 INFO neutron.services.segments.plugin [-] Segment 4b2ecf6e-7aaf-4893-b496-f94ff1470f83 resource provider aggregate not found
2026-03-31 05:55:43.728 9 INFO neutron.services.segments.plugin [-] Segment 4b2ecf6e-7aaf-4893-b496-f94ff1470f83 resource provider not found; error: Placement Client Error (4xx): {"errors": [{"status": 404, "title": "Not Found", "detail": "The resource could not be found.\n\n No resource provider with uuid 4b2ecf6e-7aaf-4893-b496-f94ff1470f83 found for delete ", "request_id": "req-1aff66a7-e633-48c0-80c3-a307a18ef575"}]}
2026-03-31 05:55:43.739 9 INFO neutron.services.segments.plugin [-] Segment 4b2ecf6e-7aaf-4893-b496-f94ff1470f83 resource provider aggregate not found
2026-03-31 05:55:43.753 9 INFO neutron.wsgi [None req-7d38eff2-dada-44cd-ac54-60356b2999c4 9b187d6ff81c495684b9838517d0ef84 5cc23d7b9e434cb0a1f4c56bd213352b - - - -] 10.0.0.112 "DELETE /v2.0/networks/c1ccbfef-5a36-462c-875d-76330ed0121f HTTP/1.1" status: 204 len: 168 time: 0.5783021
2026-03-31 05:55:43.756 9 INFO neutron.services.segments.plugin [-] Segment 01b62902-8c72-4917-9ca4-01259a4b8f5c resource provider aggregate not found
2026-03-31 05:55:43.794 9 INFO neutron.services.segments.plugin [-] Segment 01b62902-8c72-4917-9ca4-01259a4b8f5c resource provider not found; error: Placement Client Error (4xx): {"errors": [{"status": 404, "title": "Not Found", "detail": "The resource could not be found.\n\n No resource provider with uuid 01b62902-8c72-4917-9ca4-01259a4b8f5c found for delete ", "request_id": "req-2c809085-d6af-41cd-b5ac-84294ccd6241"}]}
2026-03-31 05:55:43.796 9 INFO neutron.services.segments.plugin [-] Segment 4b2ecf6e-7aaf-4893-b496-f94ff1470f83 resource provider not found; error: Placement Client Error (4xx): {"errors": [{"status": 404, "title": "Not Found", "detail": "The resource could not be found.\n\n No resource provider with uuid 4b2ecf6e-7aaf-4893-b496-f94ff1470f83 found for delete ", "request_id": "req-b348a90c-d688-43b3-8402-ecd7f2c58d9d"}]}
2026-03-31 05:55:43.815 9 INFO neutron.services.segments.plugin [-] Segment 01b62902-8c72-4917-9ca4-01259a4b8f5c resource provider aggregate not found
2026-03-31 05:55:43.835 9 INFO neutron.services.segments.plugin [-] Segment 01b62902-8c72-4917-9ca4-01259a4b8f5c resource provider not found; error: Placement Client Error (4xx): {"errors": [{"status": 404, "title": "Not Found", "detail": "The resource could not be found.\n\n No resource provider with uuid 01b62902-8c72-4917-9ca4-01259a4b8f5c found for delete ", "request_id": "req-eefb8612-d077-4189-8a94-37252725642b"}]}
2026-03-31 05:55:44.012 9 INFO neutron.plugins.ml2.drivers.ovn.mech_driver.mech_driver [None req-702d114a-2955-484c-b91d-e9c0669c1cca - - - - - -] OVN reports status up for port: 090be068-72a0-4abd-b0f1-55fb6371d7a3
2026-03-31 05:55:44.017 9 INFO neutron.plugins.ml2.drivers.ovn.mech_driver.ovsdb.ovsdb_monitor [None req-a5b89471-609e-4a9f-8b2e-9901ca73e063 - - - - - -] Router 93ba0383-1130-4552-98f0-5486da10b143 is bound to host instance
2026-03-31 05:55:44.029 10 INFO neutron.db.ovn_revision_numbers_db [None req-8550be39-376f-4db8-91b5-6d47429b2c09 b34d968fa3c54e66a91861aeefbdcb3d 116ac56d0cc84a83ac998d1801b5f7bf - - - -] Successfully bumped revision number for resource 090be068-72a0-4abd-b0f1-55fb6371d7a3 (type: router_ports) to 1
2026-03-31 05:55:44.033 9 INFO neutron.plugins.ml2.plugin [None req-702d114a-2955-484c-b91d-e9c0669c1cca - - - - - -] Attempt 1 to provision port 090be068-72a0-4abd-b0f1-55fb6371d7a3
2026-03-31 05:55:44.113 10 INFO neutron.db.ovn_revision_numbers_db [None req-8550be39-376f-4db8-91b5-6d47429b2c09 b34d968fa3c54e66a91861aeefbdcb3d 116ac56d0cc84a83ac998d1801b5f7bf - - - -] Successfully bumped revision number for resource 93ba0383-1130-4552-98f0-5486da10b143 (type: routers) to 3
2026-03-31 05:55:44.135 10 INFO neutron.wsgi [None req-8550be39-376f-4db8-91b5-6d47429b2c09 b34d968fa3c54e66a91861aeefbdcb3d 116ac56d0cc84a83ac998d1801b5f7bf - - - -] 10.0.0.112 "POST /v2.0/routers HTTP/1.1" status: 201 len: 874 time: 1.9216061
2026-03-31 05:55:44.615 10 WARNING neutron.scheduler.dhcp_agent_scheduler [None req-98e8584d-ecea-407a-93e7-977f5bdec218 b34d968fa3c54e66a91861aeefbdcb3d 116ac56d0cc84a83ac998d1801b5f7bf - - default default] No more DHCP agents
2026-03-31 05:55:44.618 10 WARNING neutron.api.rpc.agentnotifiers.dhcp_rpc_agent_api [None req-98e8584d-ecea-407a-93e7-977f5bdec218 b34d968fa3c54e66a91861aeefbdcb3d 116ac56d0cc84a83ac998d1801b5f7bf - - default default] Unable to schedule network 9ceb8b2e-9217-4d49-bca3-9db34d9bf2de: no agents available; will retry on subsequent port and subnet creation events.
2026-03-31 05:55:44.622 9 INFO neutron.db.ovn_revision_numbers_db [None req-a5b89471-609e-4a9f-8b2e-9901ca73e063 - - - - - -] Successfully bumped revision number for resource 090be068-72a0-4abd-b0f1-55fb6371d7a3 (type: ports) to 1
2026-03-31 05:55:44.755 9 INFO neutron.wsgi [None req-22551588-382b-431d-99a7-c1caefcccc97 b34d968fa3c54e66a91861aeefbdcb3d 116ac56d0cc84a83ac998d1801b5f7bf - - default default] 10.0.0.112 "GET /v2.0/security-groups?tenant_id=5cc23d7b9e434cb0a1f4c56bd213352b&name=default HTTP/1.1" status: 200 len: 2996 time: 0.4171004
2026-03-31 05:55:44.794 10 INFO neutron.db.ovn_revision_numbers_db [None req-98e8584d-ecea-407a-93e7-977f5bdec218 b34d968fa3c54e66a91861aeefbdcb3d 116ac56d0cc84a83ac998d1801b5f7bf - - default default] Successfully bumped revision number for resource 46ad18f4-f6bf-4303-8efe-525ebbf7773c (type: ports) to 1
2026-03-31 05:55:44.891 9 INFO neutron.db.ovn_revision_numbers_db [None req-a5b89471-609e-4a9f-8b2e-9901ca73e063 - - - - - -] Successfully bumped revision number for resource 090be068-72a0-4abd-b0f1-55fb6371d7a3 (type: router_ports) to 3
2026-03-31 05:55:45.055 9 INFO neutron.db.ovn_revision_numbers_db [None req-a5b89471-609e-4a9f-8b2e-9901ca73e063 - - - - - -] Successfully bumped revision number for resource 090be068-72a0-4abd-b0f1-55fb6371d7a3 (type: ports) to 2
2026-03-31 05:55:45.065 10 INFO neutron.wsgi [None req-3b9ab4da-079f-4d71-affa-3bec57ba7786 b34d968fa3c54e66a91861aeefbdcb3d 116ac56d0cc84a83ac998d1801b5f7bf - - - -] 10.0.0.112 "DELETE /v2.0/security-groups/1e1ac7d1-9b42-44a7-837e-95b8b75b30a4 HTTP/1.1" status: 204 len: 168 time: 0.3020084
2026-03-31 05:55:45.289 9 INFO neutron.db.ovn_revision_numbers_db [None req-a5b89471-609e-4a9f-8b2e-9901ca73e063 - - - - - -] Successfully bumped revision number for resource 090be068-72a0-4abd-b0f1-55fb6371d7a3 (type: ports) to 4
2026-03-31 05:55:45.303 10 INFO neutron.db.ovn_revision_numbers_db [None req-98e8584d-ecea-407a-93e7-977f5bdec218 b34d968fa3c54e66a91861aeefbdcb3d 116ac56d0cc84a83ac998d1801b5f7bf - - default default] Successfully bumped revision number for resource 46ad18f4-f6bf-4303-8efe-525ebbf7773c (type: router_ports) to 2
2026-03-31 05:55:45.459 10 INFO neutron.wsgi [None req-70c214df-9ff4-443d-a94a-3133fa3115f2 769af0786aab48df9bd204195c1e02bb c05a0d6d8bee40caa3026132dd96a4a6 - - default default] 10.0.0.1 "GET /v2.0/extensions HTTP/1.1" status: 200 len: 16525 time: 0.0106709
2026-03-31 05:55:45.490 10 INFO neutron.db.ovn_revision_numbers_db [None req-98e8584d-ecea-407a-93e7-977f5bdec218 b34d968fa3c54e66a91861aeefbdcb3d 116ac56d0cc84a83ac998d1801b5f7bf - - default default] Successfully bumped revision number for resource 46ad18f4-f6bf-4303-8efe-525ebbf7773c (type: ports) to 2
2026-03-31 05:55:45.593 10 WARNING neutron.scheduler.dhcp_agent_scheduler [None req-98e8584d-ecea-407a-93e7-977f5bdec218 b34d968fa3c54e66a91861aeefbdcb3d 116ac56d0cc84a83ac998d1801b5f7bf - - default default] No more DHCP agents
2026-03-31 05:55:45.596 10 WARNING neutron.api.rpc.agentnotifiers.dhcp_rpc_agent_api [None req-98e8584d-ecea-407a-93e7-977f5bdec218 b34d968fa3c54e66a91861aeefbdcb3d 116ac56d0cc84a83ac998d1801b5f7bf - - default default] Unable to schedule network 9ceb8b2e-9217-4d49-bca3-9db34d9bf2de: no agents available; will retry on subsequent port and subnet creation events.
2026-03-31 05:55:45.965 9 INFO neutron.db.ovn_revision_numbers_db [None req-a5b89471-609e-4a9f-8b2e-9901ca73e063 - - - - - -] Successfully bumped revision number for resource 090be068-72a0-4abd-b0f1-55fb6371d7a3 (type: router_ports) to 4
2026-03-31 05:55:46.115 10 INFO neutron.wsgi [None req-7d41ac35-955f-444f-8a05-77be891ba403 769af0786aab48df9bd204195c1e02bb c05a0d6d8bee40caa3026132dd96a4a6 - - default default] 10.0.0.1 "GET /v2.0/quotas/c05a0d6d8bee40caa3026132dd96a4a6/details HTTP/1.1" status: 200 len: 756 time: 0.6356549
2026-03-31 05:55:46.543 10 INFO neutron.db.ovn_revision_numbers_db [None req-98e8584d-ecea-407a-93e7-977f5bdec218 b34d968fa3c54e66a91861aeefbdcb3d 116ac56d0cc84a83ac998d1801b5f7bf - - - -] Successfully bumped revision number for resource 46ad18f4-f6bf-4303-8efe-525ebbf7773c (type: router_ports) to 2
2026-03-31 05:55:46.546 10 INFO neutron.wsgi [None req-98e8584d-ecea-407a-93e7-977f5bdec218 b34d968fa3c54e66a91861aeefbdcb3d 116ac56d0cc84a83ac998d1801b5f7bf - - - -] 10.0.0.112 "PUT /v2.0/routers/93ba0383-1130-4552-98f0-5486da10b143/add_router_interface HTTP/1.1" status: 200 len: 503 time: 2.4044075
2026-03-31 05:55:46.862 9 INFO neutron.db.ovn_revision_numbers_db [None req-62b25c97-fbda-4dee-bf7a-f70bad2a5d7a b34d968fa3c54e66a91861aeefbdcb3d 116ac56d0cc84a83ac998d1801b5f7bf - - default default] Successfully bumped revision number for resource 4d21c5ea-e703-4b6d-a3cc-0a4424327133 (type: security_groups) to 1
2026-03-31 05:55:46.893 9 INFO neutron.wsgi [None req-62b25c97-fbda-4dee-bf7a-f70bad2a5d7a b34d968fa3c54e66a91861aeefbdcb3d 116ac56d0cc84a83ac998d1801b5f7bf - - default default] 10.0.0.112 "GET /v2.0/security-groups?tenant_id=4ecc5deb41eb4ab585fb8cbc379eb3bc&name=default HTTP/1.1" status: 200 len: 2996 time: 0.2620997
2026-03-31 05:55:46.984 9 INFO neutron.plugins.ml2.drivers.ovn.mech_driver.mech_driver [None req-702d114a-2955-484c-b91d-e9c0669c1cca - - - - - -] OVN reports status up for port: 46ad18f4-f6bf-4303-8efe-525ebbf7773c
