2026-03-31 05:54:39.680 9 INFO neutron.db.ovn_revision_numbers_db [None req-fa3b3013-ddf9-4d39-8268-8790e37d001f 274340b773d347b28ff57d53eb369ee8 73a5ee873b0c4f6c994ecee79e12594d - - - -] Successfully bumped revision number for resource 4cbe47fb-39a1-4ec1-b28a-d876376d51c0 (type: ports) to 2
2026-03-31 05:54:39.703 9 INFO neutron.db.ovn_revision_numbers_db [None req-fa3b3013-ddf9-4d39-8268-8790e37d001f 274340b773d347b28ff57d53eb369ee8 73a5ee873b0c4f6c994ecee79e12594d - - - -] Successfully bumped revision number for resource e1ddc222-3ebe-4148-a96d-98475c01afb3 (type: subnets) to 0
2026-03-31 05:54:39.724 9 INFO neutron.wsgi [None req-fa3b3013-ddf9-4d39-8268-8790e37d001f 274340b773d347b28ff57d53eb369ee8 73a5ee873b0c4f6c994ecee79e12594d - - - -] 10.0.0.112 "POST /v2.0/subnets HTTP/1.1" status: 201 len: 1426 time: 3.1463494
2026-03-31 05:54:39.787 10 INFO neutron.wsgi [-] 10.0.0.32 "GET / HTTP/1.1" status: 200 len: 247 time: 0.0018048
2026-03-31 05:54:39.789 10 INFO neutron.wsgi [-] 10.0.0.32 "GET / HTTP/1.1" status: 200 len: 247 time: 0.0011146
2026-03-31 05:54:39.801 9 INFO neutron.wsgi [None req-46765a83-f48a-4486-8642-22a6cec76c8b 274340b773d347b28ff57d53eb369ee8 73a5ee873b0c4f6c994ecee79e12594d - - default default] 10.0.0.112 "GET /v2.0/subnets HTTP/1.1" status: 200 len: 2034 time: 0.0717716
2026-03-31 05:54:40.006 10 INFO neutron.db.l3_db [None req-d9004552-d15b-4651-a936-c41d0cefe7b0 1b3676ed46c64fda80480b98022351ed 0bb1274a8bd340be97f54670b6c299c4 - - - -] Floating IP b57c432b-d593-4b2c-ae65-7d42589a254f disassociated. External IP: 10.96.250.220, port: dbe56ed8-423c-48ec-9a61-c734c0bf8927.
2026-03-31 05:54:40.084 9 INFO neutron.wsgi [None req-60d05117-a39e-4a3e-bb23-bb7d89784617 274340b773d347b28ff57d53eb369ee8 73a5ee873b0c4f6c994ecee79e12594d - - - -] 10.0.0.112 "DELETE /v2.0/subnets/84ee5459-2ee3-407b-b127-977d1318407d HTTP/1.1" status: 204 len: 168 time: 0.2752082 /var/lib/openstack/lib/python3.10/site-packages/pycadf/identifier.py:71: UserWarning: Invalid uuid: neutron. To ensure interoperability, identifiers should be a valid uuid. warnings.warn(('Invalid uuid: %s. To ensure interoperability, '
2026-03-31 05:54:40.330 10 INFO neutron.wsgi [None req-d9004552-d15b-4651-a936-c41d0cefe7b0 1b3676ed46c64fda80480b98022351ed 0bb1274a8bd340be97f54670b6c299c4 - - - -] 199.204.45.33 "DELETE /v2.0/ports/dbe56ed8-423c-48ec-9a61-c734c0bf8927 HTTP/1.1" status: 204 len: 173 time: 0.7257111
2026-03-31 05:54:40.413 10 INFO neutron.wsgi [None req-0173b700-d6ec-454b-87a2-26b1e86b6884 274340b773d347b28ff57d53eb369ee8 73a5ee873b0c4f6c994ecee79e12594d - - - -] 10.0.0.112 "DELETE /v2.0/subnets/e1ddc222-3ebe-4148-a96d-98475c01afb3 HTTP/1.1" status: 204 len: 168 time: 0.3189275 /var/lib/openstack/lib/python3.10/site-packages/pycadf/identifier.py:71: UserWarning: Invalid uuid: neutron. To ensure interoperability, identifiers should be a valid uuid. warnings.warn(('Invalid uuid: %s. To ensure interoperability, '
2026-03-31 05:54:40.463 9 INFO neutron.wsgi [None req-b654833e-4be6-4c2b-ba59-d902e84387ea 274340b773d347b28ff57d53eb369ee8 73a5ee873b0c4f6c994ecee79e12594d - - default default] 10.0.0.112 "GET /v2.0/subnets HTTP/1.1" status: 200 len: 820 time: 0.0445886
2026-03-31 05:54:40.489 9 INFO neutron.wsgi [req-62823f13-33e0-4dc9-867f-f69b69dacd97 req-cd0efbfa-c71c-476f-91e5-d8dfbd8a70d8 1b3676ed46c64fda80480b98022351ed 0bb1274a8bd340be97f54670b6c299c4 - - default default] 10.0.0.162 "GET /v2.0/ports?device_id=9a3798e5-2db6-4399-866d-1fb7454507ae HTTP/1.1" status: 200 len: 210 time: 0.0253148
2026-03-31 05:54:40.978 10 INFO neutron.services.segments.plugin [-] Segment 131b7576-7fde-4f03-8dba-076513dd77c6 resource provider aggregate not found
2026-03-31 05:54:40.984 10 INFO neutron.services.segments.plugin [-] Segment 131b7576-7fde-4f03-8dba-076513dd77c6 resource provider aggregate not found
2026-03-31 05:54:41.011 10 INFO neutron.services.segments.plugin [-] Segment 131b7576-7fde-4f03-8dba-076513dd77c6 resource provider not found; error: Placement Client Error (4xx): {"errors": [{"status": 404, "title": "Not Found", "detail": "The resource could not be found.\n\n No resource provider with uuid 131b7576-7fde-4f03-8dba-076513dd77c6 found for delete ", "request_id": "req-d8c6ff8f-eeee-4aee-9a9b-c88425f1f74d"}]}
2026-03-31 05:54:41.012 10 INFO neutron.services.segments.plugin [-] Segment 131b7576-7fde-4f03-8dba-076513dd77c6 resource provider not found; error: Placement Client Error (4xx): {"errors": [{"status": 404, "title": "Not Found", "detail": "The resource could not be found.\n\n No resource provider with uuid 131b7576-7fde-4f03-8dba-076513dd77c6 found for delete ", "request_id": "req-75a0a208-db24-4ae5-8af6-217460dfe922"}]}
2026-03-31 05:54:41.025 10 INFO neutron.wsgi [None req-048d32cc-5753-4b0a-8f90-24a7e566205c 274340b773d347b28ff57d53eb369ee8 73a5ee873b0c4f6c994ecee79e12594d - - - -] 10.0.0.112 "DELETE /v2.0/networks/3851147a-5f4d-41ca-aa6e-e4279f196dd5 HTTP/1.1" status: 204 len: 168 time: 0.5555050
2026-03-31 05:54:41.450 10 INFO neutron.wsgi [None req-7618872f-6d48-48ab-bed4-f135b777d02b 274340b773d347b28ff57d53eb369ee8 73a5ee873b0c4f6c994ecee79e12594d - - - -] 10.0.0.112 "DELETE /v2.0/networks/d37a5107-bdf7-46fe-912c-f764b27a5e75 HTTP/1.1" status: 204 len: 168 time: 0.4187994
2026-03-31 05:54:41.493 10 INFO neutron.notifiers.nova [-] Nova event matching ['req-bc002015-2b18-4ddf-a77a-0cf9d5b9d69a'] response: {'server_uuid': '9a3798e5-2db6-4399-866d-1fb7454507ae', 'name': 'network-vif-plugged', 'status': 'completed', 'tag': 'dbe56ed8-423c-48ec-9a61-c734c0bf8927', 'code': 200}
2026-03-31 05:54:41.493 10 INFO neutron.notifiers.nova [-] Nova event matching ['req-bc002015-2b18-4ddf-a77a-0cf9d5b9d69a'] response: {'server_uuid': '9a3798e5-2db6-4399-866d-1fb7454507ae', 'name': 'network-vif-deleted', 'tag': 'dbe56ed8-423c-48ec-9a61-c734c0bf8927', 'status': 'completed', 'code': 200}
2026-03-31 05:54:41.709 10 INFO neutron.wsgi [None req-1881430c-feec-432f-baed-c3c85fc5f1f1 1b3676ed46c64fda80480b98022351ed 0bb1274a8bd340be97f54670b6c299c4 - - - -] 10.0.0.112 "DELETE /v2.0/security-groups/cabb751c-5eb9-4eb4-bb88-3a9fd0401d6d HTTP/1.1" status: 204 len: 168 time: 0.1338928
2026-03-31 05:54:41.729 10 INFO neutron.api.v2.resource [None req-b6b0ef7a-63c7-4842-8c71-67ccc4b2b321 1b3676ed46c64fda80480b98022351ed 0bb1274a8bd340be97f54670b6c299c4 - - default default] show failed (client error): The resource could not be found.
2026-03-31 05:54:41.730 10 INFO neutron.wsgi [None req-b6b0ef7a-63c7-4842-8c71-67ccc4b2b321 1b3676ed46c64fda80480b98022351ed 0bb1274a8bd340be97f54670b6c299c4 - - default default] 10.0.0.112 "GET /v2.0/security-groups/cabb751c-5eb9-4eb4-bb88-3a9fd0401d6d HTTP/1.1" status: 404 len: 347 time: 0.0155971
2026-03-31 05:54:41.862 9 INFO neutron.services.segments.plugin [-] Segment 6522251e-51b6-4bad-9149-f06f70e5b955 resource provider aggregate not found
2026-03-31 05:54:41.890 9 INFO neutron.services.segments.plugin [-] Segment 6522251e-51b6-4bad-9149-f06f70e5b955 resource provider aggregate not found
2026-03-31 05:54:41.909 9 INFO neutron.services.segments.plugin [-] Segment 6522251e-51b6-4bad-9149-f06f70e5b955 resource provider not found; error: Placement Client Error (4xx): {"errors": [{"status": 404, "title": "Not Found", "detail": "The resource could not be found.\n\n No resource provider with uuid 6522251e-51b6-4bad-9149-f06f70e5b955 found for delete ", "request_id": "req-5c544497-510e-4da5-b95c-07579b05e976"}]}
2026-03-31 05:54:41.910 9 INFO neutron.services.segments.plugin [-] Segment 6522251e-51b6-4bad-9149-f06f70e5b955 resource provider not found; error: Placement Client Error (4xx): {"errors": [{"status": 404, "title": "Not Found", "detail": "The resource could not be found.\n\n No resource provider with uuid 6522251e-51b6-4bad-9149-f06f70e5b955 found for delete ", "request_id": "req-d012e93a-e9e8-4f66-b951-f97183e7dc27"}]}
2026-03-31 05:54:41.930 9 INFO neutron.wsgi [None req-045ff8af-9796-440a-a73a-31adc6001047 274340b773d347b28ff57d53eb369ee8 73a5ee873b0c4f6c994ecee79e12594d - - - -] 10.0.0.112 "DELETE /v2.0/networks/5c39c50f-6ace-437e-b509-8eba18ed3e74 HTTP/1.1" status: 204 len: 168 time: 0.4713457
2026-03-31 05:54:42.208 10 INFO neutron.wsgi [None req-01649d59-ffee-4ee6-a887-1425a526f7be 1b3676ed46c64fda80480b98022351ed 0bb1274a8bd340be97f54670b6c299c4 - - - -] 10.0.0.112 "DELETE /v2.0/floatingips/b57c432b-d593-4b2c-ae65-7d42589a254f HTTP/1.1" status: 204 len: 168 time: 0.4724078
2026-03-31 05:54:42.388 10 INFO neutron.wsgi [None req-54fa3097-90aa-4d35-816f-23b447d1c1d7 274340b773d347b28ff57d53eb369ee8 73a5ee873b0c4f6c994ecee79e12594d - - - -] 10.0.0.112 "DELETE /v2.0/networks/b87a3195-86da-4cbe-9e8b-c1adbfa12f55 HTTP/1.1" status: 204 len: 168 time: 0.4530733
2026-03-31 05:54:42.643 9 INFO neutron.db.ovn_revision_numbers_db [None req-e9ed5110-d589-4f53-95d2-c25934cadd79 b34d968fa3c54e66a91861aeefbdcb3d 116ac56d0cc84a83ac998d1801b5f7bf - - default default] Successfully bumped revision number for resource db3b3614-7bde-4a28-a0e2-67fc0dfe52ce (type: security_groups) to 1
2026-03-31 05:54:42.686 9 INFO neutron.wsgi [None req-e9ed5110-d589-4f53-95d2-c25934cadd79 b34d968fa3c54e66a91861aeefbdcb3d 116ac56d0cc84a83ac998d1801b5f7bf - - default default] 10.0.0.112 "GET /v2.0/security-groups?tenant_id=4d6220f381424e748e92459cc30fc196&name=default HTTP/1.1" status: 200 len: 2996 time: 0.6778669
2026-03-31 05:54:42.721 9 INFO neutron.db.ovn_revision_numbers_db [None req-71484cc1-51ec-4f85-8e6f-128b040b5875 b34d968fa3c54e66a91861aeefbdcb3d 116ac56d0cc84a83ac998d1801b5f7bf - - default default] Successfully bumped revision number for resource 538733c8-7afa-418a-a8a0-c9c1bb8a60aa (type: security_groups) to 1
2026-03-31 05:54:42.754 9 INFO neutron.wsgi [None req-71484cc1-51ec-4f85-8e6f-128b040b5875 b34d968fa3c54e66a91861aeefbdcb3d 116ac56d0cc84a83ac998d1801b5f7bf - - default default] 10.0.0.112 "GET /v2.0/security-groups?tenant_id=b4930321be5c42169076bb02415e3fdd&name=default HTTP/1.1" status: 200 len: 2996 time: 0.5763457
2026-03-31 05:54:43.302 10 INFO neutron.services.segments.plugin [-] Segment a263a482-d360-45f5-a7dc-2e56f99551e7 resource provider aggregate not found
2026-03-31 05:54:43.309 10 INFO neutron.services.segments.plugin [-] Segment a263a482-d360-45f5-a7dc-2e56f99551e7 resource provider aggregate not found
2026-03-31 05:54:43.333 10 INFO neutron.services.segments.plugin [-] Segment a263a482-d360-45f5-a7dc-2e56f99551e7 resource provider not found; error: Placement Client Error (4xx): {"errors": [{"status": 404, "title": "Not Found", "detail": "The resource could not be found.\n\n No resource provider with uuid a263a482-d360-45f5-a7dc-2e56f99551e7 found for delete ", "request_id": "req-ffc90de3-b3d5-4752-8552-97b97b9e36cc"}]}
2026-03-31 05:54:43.355 10 INFO neutron.services.segments.plugin [-] Segment 9193eb23-cf5c-4eb6-bceb-5493a5412259 resource provider aggregate not found
2026-03-31 05:54:43.378 10 INFO neutron.services.segments.plugin [-] Segment 9193eb23-cf5c-4eb6-bceb-5493a5412259 resource provider not found; error: Placement Client Error (4xx): {"errors": [{"status": 404, "title": "Not Found", "detail": "The resource could not be found.\n\n No resource provider with uuid 9193eb23-cf5c-4eb6-bceb-5493a5412259 found for delete ", "request_id": "req-b3c5b9fc-4d08-44b7-828f-abcfedb0760f"}]}
2026-03-31 05:54:43.388 10 INFO neutron.services.segments.plugin [-] Segment a263a482-d360-45f5-a7dc-2e56f99551e7 resource provider not found; error: Placement Client Error (4xx): {"errors": [{"status": 404, "title": "Not Found", "detail": "The resource could not be found.\n\n No resource provider with uuid a263a482-d360-45f5-a7dc-2e56f99551e7 found for delete ", "request_id": "req-fffef1e0-17e6-4128-a3ca-4f4ec17d62da"}]}
2026-03-31 05:54:43.409 10 INFO neutron.services.segments.plugin [-] Segment 9193eb23-cf5c-4eb6-bceb-5493a5412259 resource provider aggregate not found
2026-03-31 05:54:43.431 10 INFO neutron.services.segments.plugin [-] Segment 9193eb23-cf5c-4eb6-bceb-5493a5412259 resource provider not found; error: Placement Client Error (4xx): {"errors": [{"status": 404, "title": "Not Found", "detail": "The resource could not be found.\n\n No resource provider with uuid 9193eb23-cf5c-4eb6-bceb-5493a5412259 found for delete ", "request_id": "req-ef44b673-d9d8-4858-8f5a-12ae52a9ef9a"}]}
2026-03-31 05:54:43.448 10 INFO neutron.wsgi [None req-1ea67699-5778-407b-bf09-fc9913a5ebe7 b34d968fa3c54e66a91861aeefbdcb3d 116ac56d0cc84a83ac998d1801b5f7bf - - - -] 10.0.0.112 "DELETE /v2.0/security-groups/db3b3614-7bde-4a28-a0e2-67fc0dfe52ce HTTP/1.1" status: 204 len: 168 time: 0.7554300
2026-03-31 05:54:43.464 10 INFO neutron.wsgi [None req-46723392-76e9-4c7f-9cf2-9c570396cca5 b34d968fa3c54e66a91861aeefbdcb3d 116ac56d0cc84a83ac998d1801b5f7bf - - default default] 10.0.0.112 "GET /v2.0/security-groups?tenant_id=73a5ee873b0c4f6c994ecee79e12594d&name=default HTTP/1.1" status: 200 len: 2996 time: 0.6072044
2026-03-31 05:54:43.496 10 INFO neutron.wsgi [None req-dbae62d1-9885-47c6-85eb-72d1ea5dcaf4 b34d968fa3c54e66a91861aeefbdcb3d 116ac56d0cc84a83ac998d1801b5f7bf - - - -] 10.0.0.112 "DELETE /v2.0/security-groups/538733c8-7afa-418a-a8a0-c9c1bb8a60aa HTTP/1.1" status: 204 len: 168 time: 0.7353516
2026-03-31 05:54:43.622 9 INFO neutron.wsgi [None req-a68fae16-34ce-403c-befb-c05ad467413a b34d968fa3c54e66a91861aeefbdcb3d 116ac56d0cc84a83ac998d1801b5f7bf - - - -] 10.0.0.112 "PUT /v2.0/routers/01f18753-c2e1-4b70-9009-76481235cb65/remove_router_interface HTTP/1.1" status: 200 len: 503 time: 1.4092398 /var/lib/openstack/lib/python3.10/site-packages/pycadf/identifier.py:71: UserWarning: Invalid uuid: neutron. To ensure interoperability, identifiers should be a valid uuid. warnings.warn(('Invalid uuid: %s. To ensure interoperability, '
2026-03-31 05:54:43.691 10 INFO neutron.wsgi [None req-d8171b2b-c4b9-4bb4-b2a7-a345783295c2 b34d968fa3c54e66a91861aeefbdcb3d 116ac56d0cc84a83ac998d1801b5f7bf - - - -] 10.0.0.112 "DELETE /v2.0/security-groups/37daf259-8df6-4890-b893-e9c6b11af86c HTTP/1.1" status: 204 len: 168 time: 0.2201662
2026-03-31 05:54:43.785 9 INFO neutron.db.ovn_revision_numbers_db [None req-15fd7d1b-c856-402b-80fd-12bf7921b40d b34d968fa3c54e66a91861aeefbdcb3d 116ac56d0cc84a83ac998d1801b5f7bf - - default default] Successfully bumped revision number for resource 044a3e0e-a288-4a86-aa83-69bd92a29975 (type: security_groups) to 1
2026-03-31 05:54:43.826 9 INFO neutron.wsgi [None req-15fd7d1b-c856-402b-80fd-12bf7921b40d b34d968fa3c54e66a91861aeefbdcb3d 116ac56d0cc84a83ac998d1801b5f7bf - - default default] 10.0.0.112 "GET /v2.0/security-groups?tenant_id=d95199b786954b5c951f5f5fae6f93de&name=default HTTP/1.1" status: 200 len: 2996 time: 0.2618539
2026-03-31 05:54:44.020 10 INFO neutron.wsgi [None req-197b2398-9513-4b6b-bb0f-00c2153ac001 b34d968fa3c54e66a91861aeefbdcb3d 116ac56d0cc84a83ac998d1801b5f7bf - - - -] 10.0.0.112 "DELETE /v2.0/security-groups/044a3e0e-a288-4a86-aa83-69bd92a29975 HTTP/1.1" status: 204 len: 168 time: 0.1853130
2026-03-31 05:54:44.334 9 INFO neutron.wsgi [None req-744a90e5-8877-4bfb-9f25-8f1300545aac b34d968fa3c54e66a91861aeefbdcb3d 116ac56d0cc84a83ac998d1801b5f7bf - - - -] 10.0.0.112 "DELETE /v2.0/routers/01f18753-c2e1-4b70-9009-76481235cb65 HTTP/1.1" status: 204 len: 168 time: 0.7074888
2026-03-31 05:54:44.560 10 INFO neutron.wsgi [None req-f628a6df-3a78-4003-b673-4c71bfb362fb b34d968fa3c54e66a91861aeefbdcb3d 116ac56d0cc84a83ac998d1801b5f7bf - - - -] 10.0.0.112 "DELETE /v2.0/subnets/5698dda4-82db-4c23-9dec-9ca33e762f69 HTTP/1.1" status: 204 len: 168 time: 0.2192876
2026-03-31 05:54:45.013 10 INFO neutron.wsgi [None req-02dedf49-0cf7-47cb-966d-6eae1ebb4f5e b34d968fa3c54e66a91861aeefbdcb3d 116ac56d0cc84a83ac998d1801b5f7bf - - - -] 10.0.0.112 "DELETE /v2.0/networks/a0a698a3-1573-47f1-874b-e50895013a2f HTTP/1.1" status: 204 len: 168 time: 0.4467969
2026-03-31 05:54:45.187 9 INFO neutron.wsgi [None req-e47408f6-fe7d-46cd-a67c-ee4b4cc40332 b34d968fa3c54e66a91861aeefbdcb3d 116ac56d0cc84a83ac998d1801b5f7bf - - default default] 10.0.0.112 "GET /v2.0/security-groups?tenant_id=0bb1274a8bd340be97f54670b6c299c4&name=default HTTP/1.1" status: 200 len: 2996 time: 0.0368397
2026-03-31 05:54:45.399 10 INFO neutron.services.segments.plugin [-] Segment 584129ba-8058-4baf-bca3-377072067d90 resource provider aggregate not found
2026-03-31 05:54:45.417 10 INFO neutron.services.segments.plugin [-] Segment 584129ba-8058-4baf-bca3-377072067d90 resource provider not found; error: Placement Client Error (4xx): {"errors": [{"status": 404, "title": "Not Found", "detail": "The resource could not be found.\n\n No resource provider with uuid 584129ba-8058-4baf-bca3-377072067d90 found for delete ", "request_id": "req-94e74c4f-c914-458f-9654-dfcafbd9116f"}]}
2026-03-31 05:54:45.429 9 INFO neutron.wsgi [None req-2c218fcf-dd6e-4328-babe-8b774de73451 b34d968fa3c54e66a91861aeefbdcb3d 116ac56d0cc84a83ac998d1801b5f7bf - - - -] 10.0.0.112 "DELETE /v2.0/security-groups/e5070ce6-3166-4aec-a656-90aef31f7fbb HTTP/1.1" status: 204 len: 168 time: 0.2371037
2026-03-31 05:54:45.456 10 INFO neutron.services.segments.plugin [-] Segment 584129ba-8058-4baf-bca3-377072067d90 resource provider aggregate not found
2026-03-31 05:54:45.471 10 INFO neutron.services.segments.plugin [-] Segment 584129ba-8058-4baf-bca3-377072067d90 resource provider not found; error: Placement Client Error (4xx): {"errors": [{"status": 404, "title": "Not Found", "detail": "The resource could not be found.\n\n No resource provider with uuid 584129ba-8058-4baf-bca3-377072067d90 found for delete ", "request_id": "req-bd9b6c31-f011-4b2f-86b0-7ebb1438ce73"}]}
2026-03-31 05:54:45.570 10 INFO neutron.db.ovn_revision_numbers_db [None req-7cf614cf-6fa1-4724-81eb-27deb1f8d434 3ab2f19c453c48faa895ccf85b72784f b1ec0786afcf4742832033802537fd14 - - - -] Successfully bumped revision number for resource 17dab55a-3a8b-48c9-94f6-966fd6eae50b (type: security_groups) to 1
2026-03-31 05:54:45.659 10 INFO neutron.db.segments_db [None req-7cf614cf-6fa1-4724-81eb-27deb1f8d434 3ab2f19c453c48faa895ccf85b72784f b1ec0786afcf4742832033802537fd14 - - - -] Added segment 9473fe88-d9e3-406e-b7dc-0eb6303959a9 of type geneve for network 8fe6feda-b1e6-4c3f-bf01-8c801499767b
2026-03-31 05:54:45.875 10 INFO neutron.db.ovn_revision_numbers_db [None req-7cf614cf-6fa1-4724-81eb-27deb1f8d434 3ab2f19c453c48faa895ccf85b72784f b1ec0786afcf4742832033802537fd14 - - - -] Successfully bumped revision number for resource 8fe6feda-b1e6-4c3f-bf01-8c801499767b (type: networks) to 1
2026-03-31 05:54:46.063 10 INFO neutron.db.ovn_revision_numbers_db [None req-8b3a1d87-61a0-438e-9dd2-083df9934515 dab651a14a9445918d41b3df5ae830bd c86a5afacb654f1193a3e8b6fa362733 - - - -] Successfully bumped revision number for resource 334dfc08-2383-4075-aa21-14c3dc23513c (type: security_groups) to 1
2026-03-31 05:54:46.096 10 WARNING neutron.scheduler.dhcp_agent_scheduler [None req-7cf614cf-6fa1-4724-81eb-27deb1f8d434 3ab2f19c453c48faa895ccf85b72784f b1ec0786afcf4742832033802537fd14 - - - -] No more DHCP agents
2026-03-31 05:54:46.098 10 WARNING neutron.api.rpc.agentnotifiers.dhcp_rpc_agent_api [None req-7cf614cf-6fa1-4724-81eb-27deb1f8d434 3ab2f19c453c48faa895ccf85b72784f b1ec0786afcf4742832033802537fd14 - - - -] Unable to schedule network 8fe6feda-b1e6-4c3f-bf01-8c801499767b: no agents available; will retry on subsequent port and subnet creation events.
2026-03-31 05:54:46.139 10 INFO neutron.db.segments_db [None req-8b3a1d87-61a0-438e-9dd2-083df9934515 dab651a14a9445918d41b3df5ae830bd c86a5afacb654f1193a3e8b6fa362733 - - - -] Added segment 34ca9c42-4447-4360-b84d-3afc37ba220c of type geneve for network db3313c1-2a4b-4c93-ae75-fc2b665aebde
2026-03-31 05:54:46.247 10 INFO neutron.db.ovn_revision_numbers_db [None req-7cf614cf-6fa1-4724-81eb-27deb1f8d434 3ab2f19c453c48faa895ccf85b72784f b1ec0786afcf4742832033802537fd14 - - - -] Successfully bumped revision number for resource 040133da-786c-445c-afc9-c100fbef4d6a (type: ports) to 1
2026-03-31 05:54:46.318 10 INFO neutron.wsgi [None req-7cf614cf-6fa1-4724-81eb-27deb1f8d434 3ab2f19c453c48faa895ccf85b72784f b1ec0786afcf4742832033802537fd14 - - - -] 10.0.0.112 "POST /v2.0/networks HTTP/1.1" status: 201 len: 844 time: 0.9774268
2026-03-31 05:54:46.335 10 INFO neutron.db.ovn_revision_numbers_db [None req-8b3a1d87-61a0-438e-9dd2-083df9934515 dab651a14a9445918d41b3df5ae830bd c86a5afacb654f1193a3e8b6fa362733 - - - -] Successfully bumped revision number for resource db3313c1-2a4b-4c93-ae75-fc2b665aebde (type: networks) to 1
2026-03-31 05:54:46.645 10 WARNING neutron.scheduler.dhcp_agent_scheduler [None req-8b3a1d87-61a0-438e-9dd2-083df9934515 dab651a14a9445918d41b3df5ae830bd c86a5afacb654f1193a3e8b6fa362733 - - - -] No more DHCP agents
2026-03-31 05:54:46.654 10 WARNING neutron.api.rpc.agentnotifiers.dhcp_rpc_agent_api [None req-8b3a1d87-61a0-438e-9dd2-083df9934515 dab651a14a9445918d41b3df5ae830bd c86a5afacb654f1193a3e8b6fa362733 - - - -] Unable to schedule network db3313c1-2a4b-4c93-ae75-fc2b665aebde: no agents available; will retry on subsequent port and subnet creation events.
2026-03-31 05:54:46.752 10 WARNING neutron.scheduler.dhcp_agent_scheduler [None req-2e53fba5-57c8-42ba-9761-588469c28864 3ab2f19c453c48faa895ccf85b72784f b1ec0786afcf4742832033802537fd14 - - - -] No more DHCP agents
2026-03-31 05:54:46.758 10 WARNING neutron.api.rpc.agentnotifiers.dhcp_rpc_agent_api [None req-2e53fba5-57c8-42ba-9761-588469c28864 3ab2f19c453c48faa895ccf85b72784f b1ec0786afcf4742832033802537fd14 - - - -] Unable to schedule network 8fe6feda-b1e6-4c3f-bf01-8c801499767b: no agents available; will retry on subsequent port and subnet creation events.
2026-03-31 05:54:46.771 10 INFO neutron.db.ovn_revision_numbers_db [None req-8b3a1d87-61a0-438e-9dd2-083df9934515 dab651a14a9445918d41b3df5ae830bd c86a5afacb654f1193a3e8b6fa362733 - - - -] Successfully bumped revision number for resource 08284788-4b26-4a31-8e4f-c05d60cf6c02 (type: ports) to 1
2026-03-31 05:54:46.811 10 INFO neutron.wsgi [None req-8b3a1d87-61a0-438e-9dd2-083df9934515 dab651a14a9445918d41b3df5ae830bd c86a5afacb654f1193a3e8b6fa362733 - - - -] 10.0.0.112 "POST /v2.0/networks HTTP/1.1" status: 201 len: 847 time: 1.1375282 /var/lib/openstack/lib/python3.10/site-packages/pycadf/identifier.py:71: UserWarning: Invalid uuid: neutron. To ensure interoperability, identifiers should be a valid uuid. warnings.warn(('Invalid uuid: %s. To ensure interoperability, '
2026-03-31 05:54:46.858 10 INFO neutron.db.ovn_revision_numbers_db [None req-2e53fba5-57c8-42ba-9761-588469c28864 3ab2f19c453c48faa895ccf85b72784f b1ec0786afcf4742832033802537fd14 - - - -] Successfully bumped revision number for resource 9a723d18-4898-420e-aebe-bda758f6af58 (type: ports) to 1
2026-03-31 05:54:46.906 10 INFO neutron.wsgi [None req-2e53fba5-57c8-42ba-9761-588469c28864 3ab2f19c453c48faa895ccf85b72784f b1ec0786afcf4742832033802537fd14 - - - -] 10.0.0.112 "POST /v2.0/ports HTTP/1.1" status: 201 len: 972 time: 0.5806615
2026-03-31 05:54:47.012 9 INFO neutron.db.segments_db [None req-b72726fa-7dc1-45d4-936a-4481665247b3 3ab2f19c453c48faa895ccf85b72784f b1ec0786afcf4742832033802537fd14 - - - -] Added segment 98064940-4f04-459a-9a0f-528a1705daba of type geneve for network 84b803d8-5134-46fc-bd0c-be2430b35fc5
2026-03-31 05:54:47.110 10 WARNING neutron.scheduler.dhcp_agent_scheduler [None req-9b2cc8cf-99b8-472b-8e67-2afb2ab770aa dab651a14a9445918d41b3df5ae830bd c86a5afacb654f1193a3e8b6fa362733 - - - -] No more DHCP agents
2026-03-31 05:54:47.112 10 WARNING neutron.api.rpc.agentnotifiers.dhcp_rpc_agent_api [None req-9b2cc8cf-99b8-472b-8e67-2afb2ab770aa dab651a14a9445918d41b3df5ae830bd c86a5afacb654f1193a3e8b6fa362733 - - - -] Unable to schedule network db3313c1-2a4b-4c93-ae75-fc2b665aebde: no agents available; will retry on subsequent port and subnet creation events.
2026-03-31 05:54:47.155 9 INFO neutron.db.ovn_revision_numbers_db [None req-b72726fa-7dc1-45d4-936a-4481665247b3 3ab2f19c453c48faa895ccf85b72784f b1ec0786afcf4742832033802537fd14 - - - -] Successfully bumped revision number for resource 84b803d8-5134-46fc-bd0c-be2430b35fc5 (type: networks) to 1
2026-03-31 05:54:47.205 10 INFO neutron.db.ovn_revision_numbers_db [None req-9b2cc8cf-99b8-472b-8e67-2afb2ab770aa dab651a14a9445918d41b3df5ae830bd c86a5afacb654f1193a3e8b6fa362733 - - - -] Successfully bumped revision number for resource ccbfea92-2eba-46aa-b73f-b00bc05bb470 (type: ports) to 1
2026-03-31 05:54:47.242 10 INFO neutron.wsgi [None req-9b2cc8cf-99b8-472b-8e67-2afb2ab770aa dab651a14a9445918d41b3df5ae830bd c86a5afacb654f1193a3e8b6fa362733 - - - -] 10.0.0.112 "POST /v2.0/ports HTTP/1.1" status: 201 len: 977 time: 0.4248106
2026-03-31 05:54:47.387 9 INFO neutron.db.segments_db [None req-2a2de378-fb01-496b-9992-4cbd41ca8901 dab651a14a9445918d41b3df5ae830bd c86a5afacb654f1193a3e8b6fa362733 - - - -] Added segment e05cf105-8a77-4eb5-a542-18c90d1d317a of type geneve for network 9b2a0565-f6af-497e-9616-7d668658d961
2026-03-31 05:54:47.388 9 WARNING neutron.scheduler.dhcp_agent_scheduler [None req-b72726fa-7dc1-45d4-936a-4481665247b3 3ab2f19c453c48faa895ccf85b72784f b1ec0786afcf4742832033802537fd14 - - - -] No more DHCP agents
2026-03-31 05:54:47.393 9 WARNING neutron.api.rpc.agentnotifiers.dhcp_rpc_agent_api [None req-b72726fa-7dc1-45d4-936a-4481665247b3 3ab2f19c453c48faa895ccf85b72784f b1ec0786afcf4742832033802537fd14 - - - -] Unable to schedule network 84b803d8-5134-46fc-bd0c-be2430b35fc5: no agents available; will retry on subsequent port and subnet creation events.
2026-03-31 05:54:47.513 9 INFO neutron.db.ovn_revision_numbers_db [None req-b72726fa-7dc1-45d4-936a-4481665247b3 3ab2f19c453c48faa895ccf85b72784f b1ec0786afcf4742832033802537fd14 - - - -] Successfully bumped revision number for resource cd8afae1-5a85-4b17-a18b-80678db46cd7 (type: ports) to 1
2026-03-31 05:54:47.580 9 INFO neutron.wsgi [None req-b72726fa-7dc1-45d4-936a-4481665247b3 3ab2f19c453c48faa895ccf85b72784f b1ec0786afcf4742832033802537fd14 - - - -] 10.0.0.112 "POST /v2.0/networks HTTP/1.1" status: 201 len: 830 time: 0.6660817
2026-03-31 05:54:47.584 9 INFO neutron.db.ovn_revision_numbers_db [None req-2a2de378-fb01-496b-9992-4cbd41ca8901 dab651a14a9445918d41b3df5ae830bd c86a5afacb654f1193a3e8b6fa362733 - - - -] Successfully bumped revision number for resource 9b2a0565-f6af-497e-9616-7d668658d961 (type: networks) to 1 /var/lib/openstack/lib/python3.10/site-packages/pycadf/identifier.py:71: UserWarning: Invalid uuid: neutron. To ensure interoperability, identifiers should be a valid uuid. warnings.warn(('Invalid uuid: %s. To ensure interoperability, '
2026-03-31 05:54:47.817 9 WARNING neutron.scheduler.dhcp_agent_scheduler [None req-2a2de378-fb01-496b-9992-4cbd41ca8901 dab651a14a9445918d41b3df5ae830bd c86a5afacb654f1193a3e8b6fa362733 - - - -] No more DHCP agents
2026-03-31 05:54:47.818 9 WARNING neutron.api.rpc.agentnotifiers.dhcp_rpc_agent_api [None req-2a2de378-fb01-496b-9992-4cbd41ca8901 dab651a14a9445918d41b3df5ae830bd c86a5afacb654f1193a3e8b6fa362733 - - - -] Unable to schedule network 9b2a0565-f6af-497e-9616-7d668658d961: no agents available; will retry on subsequent port and subnet creation events.
2026-03-31 05:54:47.869 10 WARNING neutron.scheduler.dhcp_agent_scheduler [None req-8ad61faf-59cf-484e-a6fa-7d82c7085e4c 3ab2f19c453c48faa895ccf85b72784f b1ec0786afcf4742832033802537fd14 - - - -] No more DHCP agents
2026-03-31 05:54:47.872 10 WARNING neutron.api.rpc.agentnotifiers.dhcp_rpc_agent_api [None req-8ad61faf-59cf-484e-a6fa-7d82c7085e4c 3ab2f19c453c48faa895ccf85b72784f b1ec0786afcf4742832033802537fd14 - - - -] Unable to schedule network 84b803d8-5134-46fc-bd0c-be2430b35fc5: no agents available; will retry on subsequent port and subnet creation events.
2026-03-31 05:54:47.894 9 INFO neutron.db.ovn_revision_numbers_db [None req-2a2de378-fb01-496b-9992-4cbd41ca8901 dab651a14a9445918d41b3df5ae830bd c86a5afacb654f1193a3e8b6fa362733 - - - -] Successfully bumped revision number for resource 0b9dc9f8-f8c2-4515-a945-5fea479d7cd6 (type: ports) to 1
2026-03-31 05:54:47.921 9 INFO neutron.wsgi [None req-2a2de378-fb01-496b-9992-4cbd41ca8901 dab651a14a9445918d41b3df5ae830bd c86a5afacb654f1193a3e8b6fa362733 - - - -] 10.0.0.112 "POST /v2.0/networks HTTP/1.1" status: 201 len: 835 time: 0.6713879
2026-03-31 05:54:48.251 9 WARNING neutron.scheduler.dhcp_agent_scheduler [None req-3fb96e1f-de79-4d9f-a663-652a4f9c258a dab651a14a9445918d41b3df5ae830bd c86a5afacb654f1193a3e8b6fa362733 - - - -] No more DHCP agents
2026-03-31 05:54:48.255 9 WARNING neutron.api.rpc.agentnotifiers.dhcp_rpc_agent_api [None req-3fb96e1f-de79-4d9f-a663-652a4f9c258a dab651a14a9445918d41b3df5ae830bd c86a5afacb654f1193a3e8b6fa362733 - - - -] Unable to schedule network 9b2a0565-f6af-497e-9616-7d668658d961: no agents available; will retry on subsequent port and subnet creation events.
2026-03-31 05:54:48.267 9 INFO neutron.db.ovn_revision_numbers_db [None req-3fb96e1f-de79-4d9f-a663-652a4f9c258a dab651a14a9445918d41b3df5ae830bd c86a5afacb654f1193a3e8b6fa362733 - - - -] Successfully bumped revision number for resource ebc92ebe-e924-4705-b20b-a1eda6b9cea7 (type: subnets) to 0
2026-03-31 05:54:48.284 9 INFO neutron.wsgi [None req-3fb96e1f-de79-4d9f-a663-652a4f9c258a dab651a14a9445918d41b3df5ae830bd c86a5afacb654f1193a3e8b6fa362733 - - - -] 10.0.0.112 "POST /v2.0/subnets HTTP/1.1" status: 201 len: 821 time: 0.3513918
2026-03-31 05:54:48.395 10 INFO neutron.db.ovn_revision_numbers_db [None req-8ad61faf-59cf-484e-a6fa-7d82c7085e4c 3ab2f19c453c48faa895ccf85b72784f b1ec0786afcf4742832033802537fd14 - - - -] Successfully bumped revision number for resource cd8afae1-5a85-4b17-a18b-80678db46cd7 (type: ports) to 2
2026-03-31 05:54:48.412 10 INFO neutron.db.ovn_revision_numbers_db [None req-8ad61faf-59cf-484e-a6fa-7d82c7085e4c 3ab2f19c453c48faa895ccf85b72784f b1ec0786afcf4742832033802537fd14 - - - -] Successfully bumped revision number for resource 6d52711d-871b-498a-81ab-8acd13fe9b50 (type: subnets) to 0
2026-03-31 05:54:48.434 10 INFO neutron.wsgi [None req-8ad61faf-59cf-484e-a6fa-7d82c7085e4c 3ab2f19c453c48faa895ccf85b72784f b1ec0786afcf4742832033802537fd14 - - - -] 10.0.0.112 "POST /v2.0/subnets HTTP/1.1" status: 201 len: 801 time: 0.8470805
2026-03-31 05:54:48.730 9 WARNING neutron.scheduler.dhcp_agent_scheduler [None req-b22ecafd-7d0f-4f09-b792-724cde651977 dab651a14a9445918d41b3df5ae830bd c86a5afacb654f1193a3e8b6fa362733 - - - -] No more DHCP agents
2026-03-31 05:54:48.734 9 WARNING neutron.api.rpc.agentnotifiers.dhcp_rpc_agent_api [None req-b22ecafd-7d0f-4f09-b792-724cde651977 dab651a14a9445918d41b3df5ae830bd c86a5afacb654f1193a3e8b6fa362733 - - - -] Unable to schedule network 9b2a0565-f6af-497e-9616-7d668658d961: no agents available; will retry on subsequent port and subnet creation events.
2026-03-31 05:54:48.802 10 INFO neutron.db.ovn_revision_numbers_db [None req-a225e03b-6d8e-4f8e-bd1f-db8e55f43ead b34d968fa3c54e66a91861aeefbdcb3d 116ac56d0cc84a83ac998d1801b5f7bf - - default default] Successfully bumped revision number for resource e3d527c2-97bb-411d-88ef-0c528e0bd859 (type: security_groups) to 1
2026-03-31 05:54:48.826 10 INFO neutron.wsgi [None req-a225e03b-6d8e-4f8e-bd1f-db8e55f43ead b34d968fa3c54e66a91861aeefbdcb3d 116ac56d0cc84a83ac998d1801b5f7bf - - default default] 10.0.0.112 "GET /v2.0/security-groups?tenant_id=221ea08e4cf5452b8351be3ba66ace40&name=default HTTP/1.1" status: 200 len: 2996 time: 0.2784834
2026-03-31 05:54:48.931 9 INFO neutron.db.ovn_revision_numbers_db [None req-b22ecafd-7d0f-4f09-b792-724cde651977 dab651a14a9445918d41b3df5ae830bd c86a5afacb654f1193a3e8b6fa362733 - - - -] Successfully bumped revision number for resource 2b0d5689-ba27-4f73-96c1-437009a4971b (type: ports) to 1
2026-03-31 05:54:48.973 9 WARNING neutron.scheduler.dhcp_agent_scheduler [None req-d93e3a90-5166-48bf-ba74-851d9434b9e7 3ab2f19c453c48faa895ccf85b72784f b1ec0786afcf4742832033802537fd14 - - - -] No more DHCP agents
2026-03-31 05:54:48.975 9 WARNING neutron.api.rpc.agentnotifiers.dhcp_rpc_agent_api [None req-d93e3a90-5166-48bf-ba74-851d9434b9e7 3ab2f19c453c48faa895ccf85b72784f b1ec0786afcf4742832033802537fd14 - - - -] Unable to schedule network 84b803d8-5134-46fc-bd0c-be2430b35fc5: no agents available; will retry on subsequent port and subnet creation events.
2026-03-31 05:54:48.980 9 INFO neutron.wsgi [None req-b22ecafd-7d0f-4f09-b792-724cde651977 dab651a14a9445918d41b3df5ae830bd c86a5afacb654f1193a3e8b6fa362733 - - - -] 10.0.0.112 "POST /v2.0/ports HTTP/1.1" status: 201 len: 1164 time: 0.6903872
2026-03-31 05:54:49.069 10 INFO neutron.wsgi [None req-e427811b-ce2d-478e-9fba-49c60a442c96 b34d968fa3c54e66a91861aeefbdcb3d 116ac56d0cc84a83ac998d1801b5f7bf - - - -] 10.0.0.112 "DELETE /v2.0/security-groups/e3d527c2-97bb-411d-88ef-0c528e0bd859 HTTP/1.1" status: 204 len: 168 time: 0.2380409
2026-03-31 05:54:49.156 9 INFO neutron.db.ovn_revision_numbers_db [None req-d93e3a90-5166-48bf-ba74-851d9434b9e7 3ab2f19c453c48faa895ccf85b72784f b1ec0786afcf4742832033802537fd14 - - - -] Successfully bumped revision number for resource 85533ff7-0352-4c1e-906c-5cd061d580a0 (type: ports) to 1
2026-03-31 05:54:49.185 9 INFO neutron.wsgi [None req-d93e3a90-5166-48bf-ba74-851d9434b9e7 3ab2f19c453c48faa895ccf85b72784f b1ec0786afcf4742832033802537fd14 - - - -] 10.0.0.112 "POST /v2.0/ports HTTP/1.1" status: 201 len: 1149 time: 0.7460256
2026-03-31 05:54:49.358 10 INFO neutron.wsgi [None req-09a91853-e780-41d6-80e7-2a8be42897c6 dab651a14a9445918d41b3df5ae830bd c86a5afacb654f1193a3e8b6fa362733 - - - -] 10.0.0.112 "DELETE /v2.0/ports/2b0d5689-ba27-4f73-96c1-437009a4971b HTTP/1.1" status: 204 len: 168 time: 0.3716085 /var/lib/openstack/lib/python3.10/site-packages/pycadf/identifier.py:71: UserWarning: Invalid uuid: neutron. To ensure interoperability, identifiers should be a valid uuid. warnings.warn(('Invalid uuid: %s. To ensure interoperability, '
2026-03-31 05:54:49.389 9 INFO neutron.pecan_wsgi.hooks.translation [None req-f03bcc3d-b70d-4511-9f07-f1e7391c7543 dab651a14a9445918d41b3df5ae830bd c86a5afacb654f1193a3e8b6fa362733 - - - -] DELETE failed (client error): The resource could not be found.
2026-03-31 05:54:49.392 9 INFO neutron.wsgi [None req-f03bcc3d-b70d-4511-9f07-f1e7391c7543 dab651a14a9445918d41b3df5ae830bd c86a5afacb654f1193a3e8b6fa362733 - - - -] 10.0.0.112 "DELETE /v2.0/ports/2b0d5689-ba27-4f73-96c1-437009a4971b HTTP/1.1" status: 404 len: 333 time: 0.0274868
2026-03-31 05:54:49.424 9 INFO neutron.pecan_wsgi.hooks.translation [None req-4db294d1-b2a5-4078-bad9-49369c34524d dab651a14a9445918d41b3df5ae830bd c86a5afacb654f1193a3e8b6fa362733 - - default default] GET failed (client error): The resource could not be found.
2026-03-31 05:54:49.425 9 INFO neutron.wsgi [None req-4db294d1-b2a5-4078-bad9-49369c34524d dab651a14a9445918d41b3df5ae830bd c86a5afacb654f1193a3e8b6fa362733 - - default default] 10.0.0.112 "GET /v2.0/ports/2b0d5689-ba27-4f73-96c1-437009a4971b HTTP/1.1" status: 404 len: 333 time: 0.0268013
2026-03-31 05:54:49.628 10 INFO neutron.wsgi [None req-74256362-7515-43eb-919f-00578af3ab3a 3ab2f19c453c48faa895ccf85b72784f b1ec0786afcf4742832033802537fd14 - - - -] 10.0.0.112 "DELETE /v2.0/ports/85533ff7-0352-4c1e-906c-5cd061d580a0 HTTP/1.1" status: 204 len: 168 time: 0.4366276
2026-03-31 05:54:49.656 10 INFO neutron.pecan_wsgi.hooks.translation [None req-3fa0989f-74b7-4406-88dc-f62a6c80fad3 3ab2f19c453c48faa895ccf85b72784f b1ec0786afcf4742832033802537fd14 - - - -] DELETE failed (client error): The resource could not be found.
2026-03-31 05:54:49.660 10 INFO neutron.wsgi [None req-3fa0989f-74b7-4406-88dc-f62a6c80fad3 3ab2f19c453c48faa895ccf85b72784f b1ec0786afcf4742832033802537fd14 - - - -] 10.0.0.112 "DELETE /v2.0/ports/85533ff7-0352-4c1e-906c-5cd061d580a0 HTTP/1.1" status: 404 len: 333 time: 0.0266225
2026-03-31 05:54:49.692 10 INFO neutron.pecan_wsgi.hooks.translation [None req-84f546ad-f5b6-48e9-8e39-8ab84b688fac 3ab2f19c453c48faa895ccf85b72784f b1ec0786afcf4742832033802537fd14 - - default default] GET failed (client error): The resource could not be found.
2026-03-31 05:54:49.696 10 INFO neutron.wsgi [None req-84f546ad-f5b6-48e9-8e39-8ab84b688fac 3ab2f19c453c48faa895ccf85b72784f b1ec0786afcf4742832033802537fd14 - - default default] 10.0.0.112 "GET /v2.0/ports/85533ff7-0352-4c1e-906c-5cd061d580a0 HTTP/1.1" status: 404 len: 333 time: 0.0315194
2026-03-31 05:54:49.949 10 INFO neutron.wsgi [None req-1a57823d-e5c1-4a58-9f6e-05faf570be90 3ab2f19c453c48faa895ccf85b72784f b1ec0786afcf4742832033802537fd14 - - - -] 10.0.0.112 "DELETE /v2.0/subnets/6d52711d-871b-498a-81ab-8acd13fe9b50 HTTP/1.1" status: 204 len: 168 time: 0.2431638
2026-03-31 05:54:49.972 9 INFO neutron.wsgi [None req-83a83f55-136c-402a-b714-d90a7f593fa9 dab651a14a9445918d41b3df5ae830bd c86a5afacb654f1193a3e8b6fa362733 - - - -] 10.0.0.112 "DELETE /v2.0/subnets/ebc92ebe-e924-4705-b20b-a1eda6b9cea7 HTTP/1.1" status: 204 len: 168 time: 0.5411618
2026-03-31 05:54:50.529 9 INFO neutron.services.segments.plugin [-] Segment 98064940-4f04-459a-9a0f-528a1705daba resource provider aggregate not found
2026-03-31 05:54:50.535 9 INFO neutron.services.segments.plugin [-] Segment 98064940-4f04-459a-9a0f-528a1705daba resource provider aggregate not found
2026-03-31 05:54:50.558 9 INFO neutron.services.segments.plugin [-] Segment 98064940-4f04-459a-9a0f-528a1705daba resource provider not found; error: Placement Client Error (4xx): {"errors": [{"status": 404, "title": "Not Found", "detail": "The resource could not be found.\n\n No resource provider with uuid 98064940-4f04-459a-9a0f-528a1705daba found for delete ", "request_id": "req-49ea5379-9ac9-47d1-9624-5f02e9f73d52"}]}
2026-03-31 05:54:50.569 9 INFO neutron.services.segments.plugin [-] Segment 98064940-4f04-459a-9a0f-528a1705daba resource provider not found; error: Placement Client Error (4xx): {"errors": [{"status": 404, "title": "Not Found", "detail": "The resource could not be found.\n\n No resource provider with uuid 98064940-4f04-459a-9a0f-528a1705daba found for delete ", "request_id": "req-2f5dc294-2abe-41c0-9d26-3773fa7b05c9"}]}
2026-03-31 05:54:50.600 9 INFO neutron.wsgi [None req-28b603e9-2e28-4eda-806a-6c16fc702f02 3ab2f19c453c48faa895ccf85b72784f b1ec0786afcf4742832033802537fd14 - - - -] 10.0.0.112 "DELETE /v2.0/networks/84b803d8-5134-46fc-bd0c-be2430b35fc5 HTTP/1.1" status: 204 len: 168 time: 0.6460576
2026-03-31 05:54:50.734 10 INFO neutron.db.segments_db [None req-69ed23b6-61ad-4418-810b-d9f95cfe2abc 3ab2f19c453c48faa895ccf85b72784f b1ec0786afcf4742832033802537fd14 - - - -] Added segment 880164ac-793c-4be9-97bd-73537d6742a6 of type geneve for network 4ea56291-4fcf-4d9f-ab7b-4d90a66894d7
2026-03-31 05:54:50.913 10 INFO neutron.services.segments.plugin [-] Segment e05cf105-8a77-4eb5-a542-18c90d1d317a resource provider aggregate not found
2026-03-31 05:54:50.924 10 INFO neutron.services.segments.plugin [-] Segment e05cf105-8a77-4eb5-a542-18c90d1d317a resource provider aggregate not found
2026-03-31 05:54:50.931 10 INFO neutron.db.ovn_revision_numbers_db [None req-69ed23b6-61ad-4418-810b-d9f95cfe2abc 3ab2f19c453c48faa895ccf85b72784f b1ec0786afcf4742832033802537fd14 - - - -] Successfully bumped revision number for resource 4ea56291-4fcf-4d9f-ab7b-4d90a66894d7 (type: networks) to 1
2026-03-31 05:54:50.949 10 INFO neutron.services.segments.plugin [-] Segment e05cf105-8a77-4eb5-a542-18c90d1d317a resource provider not found; error: Placement Client Error (4xx): {"errors": [{"status": 404, "title": "Not Found", "detail": "The resource could not be found.\n\n No resource provider with uuid e05cf105-8a77-4eb5-a542-18c90d1d317a found for delete ", "request_id": "req-9f877e48-9ff2-4215-b244-df4cbb8d6daf"}]}
2026-03-31 05:54:50.968 10 INFO neutron.services.segments.plugin [-] Segment e05cf105-8a77-4eb5-a542-18c90d1d317a resource provider not found; error: Placement Client Error (4xx): {"errors": [{"status": 404, "title": "Not Found", "detail": "The resource could not be found.\n\n No resource provider with uuid e05cf105-8a77-4eb5-a542-18c90d1d317a found for delete ", "request_id": "req-d749348d-85ef-4c4c-a41a-e02d1bfab668"}]}
2026-03-31 05:54:50.989 10 INFO neutron.wsgi [None req-c63290cc-ec8c-4a16-8f48-51fcc5a7cc7b dab651a14a9445918d41b3df5ae830bd c86a5afacb654f1193a3e8b6fa362733 - - - -] 10.0.0.112 "DELETE /v2.0/networks/9b2a0565-f6af-497e-9616-7d668658d961 HTTP/1.1" status: 204 len: 168 time: 1.0122707
2026-03-31 05:54:51.130 9 INFO neutron.db.segments_db [None req-be0dab24-01c3-4c0b-bf93-40c73319f5bf dab651a14a9445918d41b3df5ae830bd c86a5afacb654f1193a3e8b6fa362733 - - - -] Added segment 0f04b6aa-efcc-4a1a-86c4-6213f7c9bcf2 of type geneve for network 7f1e6571-fa97-4bee-8c63-18c7fc913a9a
2026-03-31 05:54:51.178 10 WARNING neutron.scheduler.dhcp_agent_scheduler [None req-69ed23b6-61ad-4418-810b-d9f95cfe2abc 3ab2f19c453c48faa895ccf85b72784f b1ec0786afcf4742832033802537fd14 - - - -] No more DHCP agents
2026-03-31 05:54:51.180 10 WARNING neutron.api.rpc.agentnotifiers.dhcp_rpc_agent_api [None req-69ed23b6-61ad-4418-810b-d9f95cfe2abc 3ab2f19c453c48faa895ccf85b72784f b1ec0786afcf4742832033802537fd14 - - - -] Unable to schedule network 4ea56291-4fcf-4d9f-ab7b-4d90a66894d7: no agents available; will retry on subsequent port and subnet creation events.
2026-03-31 05:54:51.261 10 INFO neutron.db.ovn_revision_numbers_db [None req-69ed23b6-61ad-4418-810b-d9f95cfe2abc 3ab2f19c453c48faa895ccf85b72784f b1ec0786afcf4742832033802537fd14 - - - -] Successfully bumped revision number for resource 3e8f8e93-7044-4f85-86d0-4b707d029a28 (type: ports) to 1
2026-03-31 05:54:51.284 10 INFO neutron.wsgi [None req-69ed23b6-61ad-4418-810b-d9f95cfe2abc 3ab2f19c453c48faa895ccf85b72784f b1ec0786afcf4742832033802537fd14 - - - -] 10.0.0.112 "POST /v2.0/networks HTTP/1.1" status: 201 len: 831 time: 0.6778128
2026-03-31 05:54:51.294 9 INFO neutron.db.ovn_revision_numbers_db [None req-be0dab24-01c3-4c0b-bf93-40c73319f5bf dab651a14a9445918d41b3df5ae830bd c86a5afacb654f1193a3e8b6fa362733 - - - -] Successfully bumped revision number for resource 7f1e6571-fa97-4bee-8c63-18c7fc913a9a (type: networks) to 1
2026-03-31 05:54:51.554 9 WARNING neutron.scheduler.dhcp_agent_scheduler [None req-be0dab24-01c3-4c0b-bf93-40c73319f5bf dab651a14a9445918d41b3df5ae830bd c86a5afacb654f1193a3e8b6fa362733 - - - -] No more DHCP agents
2026-03-31 05:54:51.558 9 WARNING neutron.api.rpc.agentnotifiers.dhcp_rpc_agent_api [None req-be0dab24-01c3-4c0b-bf93-40c73319f5bf dab651a14a9445918d41b3df5ae830bd c86a5afacb654f1193a3e8b6fa362733 - - - -] Unable to schedule network 7f1e6571-fa97-4bee-8c63-18c7fc913a9a: no agents available; will retry on subsequent port and subnet creation events.
2026-03-31 05:54:51.627 10 WARNING neutron.scheduler.dhcp_agent_scheduler [None req-468b58d9-fce0-4f63-a3c0-9f62641ffc22 3ab2f19c453c48faa895ccf85b72784f b1ec0786afcf4742832033802537fd14 - - - -] No more DHCP agents
2026-03-31 05:54:51.630 10 WARNING neutron.api.rpc.agentnotifiers.dhcp_rpc_agent_api [None req-468b58d9-fce0-4f63-a3c0-9f62641ffc22 3ab2f19c453c48faa895ccf85b72784f b1ec0786afcf4742832033802537fd14 - - - -] Unable to schedule network 4ea56291-4fcf-4d9f-ab7b-4d90a66894d7: no agents available; will retry on subsequent port and subnet creation events.
2026-03-31 05:54:51.631 9 INFO neutron.db.ovn_revision_numbers_db [None req-be0dab24-01c3-4c0b-bf93-40c73319f5bf dab651a14a9445918d41b3df5ae830bd c86a5afacb654f1193a3e8b6fa362733 - - - -] Successfully bumped revision number for resource 7e4ad28d-41e4-4290-8a62-0549a19b9540 (type: ports) to 1
2026-03-31 05:54:51.657 9 INFO neutron.wsgi [None req-be0dab24-01c3-4c0b-bf93-40c73319f5bf dab651a14a9445918d41b3df5ae830bd c86a5afacb654f1193a3e8b6fa362733 - - - -] 10.0.0.112 "POST /v2.0/networks HTTP/1.1" status: 201 len: 835 time: 0.6542289
2026-03-31 05:54:51.761 10 INFO neutron.db.ovn_revision_numbers_db [None req-20734eaf-8389-4921-94c7-ff51c60b9700 b34d968fa3c54e66a91861aeefbdcb3d 116ac56d0cc84a83ac998d1801b5f7bf - - default default] Successfully bumped revision number for resource aa54ceed-1ae3-4f87-86c1-152404e1d83a (type: security_groups) to 1
2026-03-31 05:54:51.795 10 INFO neutron.wsgi [None req-20734eaf-8389-4921-94c7-ff51c60b9700 b34d968fa3c54e66a91861aeefbdcb3d 116ac56d0cc84a83ac998d1801b5f7bf - - default default] 10.0.0.112 "GET /v2.0/security-groups?tenant_id=96c89775c72e442397080bc7cab6355c&name=default HTTP/1.1" status: 200 len: 2996 time: 0.4145851
2026-03-31 05:54:51.987 9 WARNING neutron.scheduler.dhcp_agent_scheduler [None req-efbb744b-2393-41b8-aa73-298dfcd55683 dab651a14a9445918d41b3df5ae830bd c86a5afacb654f1193a3e8b6fa362733 - - - -] No more DHCP agents
2026-03-31 05:54:51.992 9 WARNING neutron.api.rpc.agentnotifiers.dhcp_rpc_agent_api [None req-efbb744b-2393-41b8-aa73-298dfcd55683 dab651a14a9445918d41b3df5ae830bd c86a5afacb654f1193a3e8b6fa362733 - - - -] Unable to schedule network 7f1e6571-fa97-4bee-8c63-18c7fc913a9a: no agents available; will retry on subsequent port and subnet creation events.
2026-03-31 05:54:52.009 9 INFO neutron.db.ovn_revision_numbers_db [None req-efbb744b-2393-41b8-aa73-298dfcd55683 dab651a14a9445918d41b3df5ae830bd c86a5afacb654f1193a3e8b6fa362733 - - - -] Successfully bumped revision number for resource 4a176c06-15f7-4a2c-bc43-926b05abe55e (type: subnets) to 0
2026-03-31 05:54:52.029 9 INFO neutron.wsgi [None req-efbb744b-2393-41b8-aa73-298dfcd55683 dab651a14a9445918d41b3df5ae830bd c86a5afacb654f1193a3e8b6fa362733 - - - -] 10.0.0.112 "POST /v2.0/subnets HTTP/1.1" status: 201 len: 821 time: 0.3688855
2026-03-31 05:54:52.109 9 INFO neutron.wsgi [None req-990bd226-3002-449b-88f7-50796643fbf1 b34d968fa3c54e66a91861aeefbdcb3d 116ac56d0cc84a83ac998d1801b5f7bf - - - -] 10.0.0.112 "DELETE /v2.0/security-groups/aa54ceed-1ae3-4f87-86c1-152404e1d83a HTTP/1.1" status: 204 len: 168 time: 0.3090081
2026-03-31 05:54:52.191 10 INFO neutron.db.ovn_revision_numbers_db [None req-468b58d9-fce0-4f63-a3c0-9f62641ffc22 3ab2f19c453c48faa895ccf85b72784f b1ec0786afcf4742832033802537fd14 - - - -] Successfully bumped revision number for resource 3e8f8e93-7044-4f85-86d0-4b707d029a28 (type: ports) to 2
2026-03-31 05:54:52.220 10 INFO neutron.db.ovn_revision_numbers_db [None req-468b58d9-fce0-4f63-a3c0-9f62641ffc22 3ab2f19c453c48faa895ccf85b72784f b1ec0786afcf4742832033802537fd14 - - - -] Successfully bumped revision number for resource aa9fae4b-31ba-47bc-940a-d8daa5974918 (type: subnets) to 0
2026-03-31 05:54:52.259 10 INFO neutron.wsgi [None req-468b58d9-fce0-4f63-a3c0-9f62641ffc22 3ab2f19c453c48faa895ccf85b72784f b1ec0786afcf4742832033802537fd14 - - - -] 10.0.0.112 "POST /v2.0/subnets HTTP/1.1" status: 201 len: 801 time: 0.9670281
2026-03-31 05:54:52.435 9 INFO neutron.db.ovn_revision_numbers_db [None req-df4daa4b-0960-435a-af1f-2b81eff22c0c b34d968fa3c54e66a91861aeefbdcb3d 116ac56d0cc84a83ac998d1801b5f7bf - - default default] Successfully bumped revision number for resource 8037a3ec-3308-40e3-9934-10e16312c371 (type: security_groups) to 1
2026-03-31 05:54:52.467 10 WARNING neutron.scheduler.dhcp_agent_scheduler [None req-bfb853fd-7812-48b0-9bfc-20907a1a0591 dab651a14a9445918d41b3df5ae830bd c86a5afacb654f1193a3e8b6fa362733 - - - -] No more DHCP agents
2026-03-31 05:54:52.470 10 WARNING neutron.api.rpc.agentnotifiers.dhcp_rpc_agent_api [None req-bfb853fd-7812-48b0-9bfc-20907a1a0591 dab651a14a9445918d41b3df5ae830bd c86a5afacb654f1193a3e8b6fa362733 - - - -] Unable to schedule network 7f1e6571-fa97-4bee-8c63-18c7fc913a9a: no agents available; will retry on subsequent port and subnet creation events.
2026-03-31 05:54:52.481 9 INFO neutron.wsgi [None req-df4daa4b-0960-435a-af1f-2b81eff22c0c b34d968fa3c54e66a91861aeefbdcb3d 116ac56d0cc84a83ac998d1801b5f7bf - - default default] 10.0.0.112 "GET /v2.0/security-groups?tenant_id=1bf61209536147f39f2aa37f9fa26ca0&name=default HTTP/1.1" status: 200 len: 2996 time: 0.2523420
2026-03-31 05:54:52.637 10 INFO neutron.db.ovn_revision_numbers_db [None req-bfb853fd-7812-48b0-9bfc-20907a1a0591 dab651a14a9445918d41b3df5ae830bd c86a5afacb654f1193a3e8b6fa362733 - - - -] Successfully bumped revision number for resource 7ca0299e-604a-4ece-921b-587ae934a6e4 (type: ports) to 1
2026-03-31 05:54:52.671 10 INFO neutron.wsgi [None req-bfb853fd-7812-48b0-9bfc-20907a1a0591 dab651a14a9445918d41b3df5ae830bd c86a5afacb654f1193a3e8b6fa362733 - - - -] 10.0.0.112 "POST /v2.0/ports HTTP/1.1" status: 201 len: 1127 time: 0.6352258
2026-03-31 05:54:52.757 9 WARNING neutron.scheduler.dhcp_agent_scheduler [None req-416c03cd-cc2b-4380-808d-36e6c8ce87c3 3ab2f19c453c48faa895ccf85b72784f b1ec0786afcf4742832033802537fd14 - - - -] No more DHCP agents
2026-03-31 05:54:52.760 9 WARNING neutron.api.rpc.agentnotifiers.dhcp_rpc_agent_api [None req-416c03cd-cc2b-4380-808d-36e6c8ce87c3 3ab2f19c453c48faa895ccf85b72784f b1ec0786afcf4742832033802537fd14 - - - -] Unable to schedule network 4ea56291-4fcf-4d9f-ab7b-4d90a66894d7: no agents available; will retry on subsequent port and subnet creation events.
2026-03-31 05:54:52.803 10 INFO neutron.wsgi [None req-b6999563-db15-47ec-bf89-8eccbd4c5051 b34d968fa3c54e66a91861aeefbdcb3d 116ac56d0cc84a83ac998d1801b5f7bf - - - -] 10.0.0.112 "DELETE /v2.0/security-groups/8037a3ec-3308-40e3-9934-10e16312c371 HTTP/1.1" status: 204 len: 168 time: 0.3138256
2026-03-31 05:54:53.036 9 INFO neutron.db.ovn_revision_numbers_db [None req-416c03cd-cc2b-4380-808d-36e6c8ce87c3 3ab2f19c453c48faa895ccf85b72784f b1ec0786afcf4742832033802537fd14 - - - -] Successfully bumped revision number for resource ff25c094-2bf6-44f3-bcf0-c1c03709ca8a (type: ports) to 1
2026-03-31 05:54:53.079 9 INFO neutron.wsgi [None req-416c03cd-cc2b-4380-808d-36e6c8ce87c3 3ab2f19c453c48faa895ccf85b72784f b1ec0786afcf4742832033802537fd14 - - - -] 10.0.0.112 "POST /v2.0/ports HTTP/1.1" status: 201 len: 1110 time: 0.8100123
2026-03-31 05:54:53.192 9 INFO neutron.wsgi [None req-d032d9a6-46a2-461a-b79a-78efc377252c dab651a14a9445918d41b3df5ae830bd c86a5afacb654f1193a3e8b6fa362733 - - - -] 10.0.0.112 "DELETE /v2.0/ports/7ca0299e-604a-4ece-921b-587ae934a6e4 HTTP/1.1" status: 204 len: 168 time: 0.5149226
