Sep 09 00:52:21.259156 np0000192293 devstack@o-api.service[120501]: DEBUG ovsdbapp.backend.ovs_idl.transaction [-] txn 62962865 succeeded {{(pid=120501) do_commit /opt/stack/data/venv/lib/python3.12/site-packages/ovsdbapp/backend/ovs_idl/transaction.py:137}}
Sep 09 00:52:21.263335 np0000192293 devstack@o-api.service[120501]: DEBUG ovsdbapp.backend.ovs_idl.transaction [-] Running txn 26a2635d n=1 command(idx=0): LsLbAddCommand(_result=None, switch=7d2da1e1-6bcf-447c-91fc-a51f96eff153, lb=66c68d0d-4daa-4acc-ae16-8a4aa648afbe, may_exist=True) {{(pid=120501) do_commit /opt/stack/data/venv/lib/python3.12/site-packages/ovsdbapp/backend/ovs_idl/transaction.py:91}}
Sep 09 00:52:21.263335 np0000192293 devstack@o-api.service[120501]: DEBUG ovsdbapp.backend.ovs_idl.transaction [-] Running txn 26a2635d n=1 command(idx=1): DbSetCommand(_result=None, table=Load_Balancer, record=66c68d0d-4daa-4acc-ae16-8a4aa648afbe, col_values=(('external_ids', {'ls_refs': '{"neutron-7d2da1e1-6bcf-447c-91fc-a51f96eff153": 1}'}),), if_exists=True) {{(pid=120501) do_commit /opt/stack/data/venv/lib/python3.12/site-packages/ovsdbapp/backend/ovs_idl/transaction.py:91}}
Sep 09 00:52:21.267474 np0000192293 devstack@o-api.service[120501]: DEBUG ovsdbapp.backend.ovs_idl.transaction [-] txn 26a2635d succeeded {{(pid=120501) do_commit /opt/stack/data/venv/lib/python3.12/site-packages/ovsdbapp/backend/ovs_idl/transaction.py:137}}
Sep 09 00:52:21.270386 np0000192293 devstack@o-api.service[120501]: DEBUG ovn_octavia_provider.helper [-] Updating status to octavia: {'loadbalancers': [{'id': 'd2f1a744-50bf-4c95-948d-6914f7d4a61c', 'provisioning_status': 'ACTIVE', 'operating_status': 'ONLINE'}]} {{(pid=120501) _update_status_to_octavia /opt/stack/ovn-octavia-provider/ovn_octavia_provider/helper.py:450}}
Sep 09 00:52:21.289039 np0000192293 devstack@o-api.service[120500]: [pid: 120500|app: 0|req: 2/5] 172.18.0.2 () {54 vars in 1270 bytes} [Wed Sep 9 00:52:21 2026] GET /load-balancer/v2.0/lbaas/loadbalancers/d2f1a744-50bf-4c95-948d-6914f7d4a61c => generated 881 bytes in 177 msecs (HTTP/1.1 200) 4 headers in 157 bytes (1 switches on core 0)
Sep 09 00:52:22.388661 np0000192293 devstack@o-api.service[120502]: [pid: 120502|app: 0|req: 2/6] 172.18.0.2 () {54 vars in 1270 bytes} [Wed Sep 9 00:52:22 2026] GET /load-balancer/v2.0/lbaas/loadbalancers/d2f1a744-50bf-4c95-948d-6914f7d4a61c => generated 889 bytes in 62 msecs (HTTP/1.1 200) 4 headers in 157 bytes (1 switches on core 0)
Sep 09 00:52:23.933058 np0000192293 devstack@o-api.service[120503]: [pid: 120503|app: 0|req: 2/7] 172.18.0.2 () {54 vars in 1088 bytes} [Wed Sep 9 00:52:23 2026] GET /load-balancer/ => generated 4776 bytes in 5 msecs (HTTP/1.1 200) 4 headers in 158 bytes (1 switches on core 0)
Sep 09 00:52:23.955311 np0000192293 devstack@o-api.service[120501]: [pid: 120501|app: 0|req: 2/8] 172.18.0.2 () {54 vars in 1278 bytes} [Wed Sep 9 00:52:23 2026] GET /load-balancer/v2.0/lbaas/listeners?name=k8s-clusterapi-cluster-magnum-system-kube-ybq9f-kubeapi-6443 => generated 40 bytes in 19 msecs (HTTP/1.1 200) 4 headers in 156 bytes (1 switches on core 0)
Sep 09 00:52:24.025528 np0000192293 devstack@o-api.service[120500]: DEBUG ovsdbapp.backend.ovs_idl [None req-d3e8f24f-c033-4337-a937-1cce67c0699a demo demo] Connection already started, not creating indices {{(pid=120500) __init__ /opt/stack/data/venv/lib/python3.12/site-packages/ovsdbapp/backend/ovs_idl/__init__.py:36}}
Sep 09 00:52:24.026437 np0000192293 devstack@o-api.service[120500]: DEBUG octavia.db.repositories [None req-d3e8f24f-c033-4337-a937-1cce67c0699a demo demo] Checking quota for project: 369a9d5d0d3f4ece888bb91b8397cd6d object: {{(pid=120500) check_quota_met /opt/stack/octavia/octavia/db/repositories.py:451}}
Sep 09 00:52:24.107238 np0000192293 devstack@o-api.service[120500]: INFO octavia.api.v2.controllers.listener [None req-d3e8f24f-c033-4337-a937-1cce67c0699a demo demo] Sending create Listener 8801e075-0d41-4bef-a3d8-28b5033cc71c to provider ovn
Sep 09 00:52:24.108489 np0000192293 devstack@o-api.service[120500]: DEBUG ovn_octavia_provider.helper [-] Handling request listener_create with info {'id': '8801e075-0d41-4bef-a3d8-28b5033cc71c', 'protocol': 'TCP', 'loadbalancer_id': 'd2f1a744-50bf-4c95-948d-6914f7d4a61c', 'protocol_port': 6443, 'default_pool_id': None, 'admin_state_up': True} {{(pid=120500) request_handler /opt/stack/ovn-octavia-provider/ovn_octavia_provider/helper.py:423}}
Sep 09 00:52:24.109984 np0000192293 devstack@o-api.service[120500]: DEBUG ovsdbapp.backend.ovs_idl.transaction [-] Running txn 77524c7c n=1 command(idx=0): DbSetCommand(_result=None, table=Load_Balancer, record=66c68d0d-4daa-4acc-ae16-8a4aa648afbe, col_values=(('protocol', 'tcp'),), if_exists=True) {{(pid=120500) do_commit /opt/stack/data/venv/lib/python3.12/site-packages/ovsdbapp/backend/ovs_idl/transaction.py:91}}
Sep 09 00:52:24.119161 np0000192293 devstack@o-api.service[120500]: DEBUG ovsdbapp.backend.ovs_idl.transaction [-] txn 77524c7c succeeded {{(pid=120500) do_commit /opt/stack/data/venv/lib/python3.12/site-packages/ovsdbapp/backend/ovs_idl/transaction.py:137}}
Sep 09 00:52:24.126496 np0000192293 devstack@o-api.service[120500]: DEBUG ovsdbapp.backend.ovs_idl.transaction [-] Running txn 9345fbf2 n=1 command(idx=0): DbSetCommand(_result=None, table=Load_Balancer, record=66c68d0d-4daa-4acc-ae16-8a4aa648afbe, col_values=(('external_ids', {'listener_8801e075-0d41-4bef-a3d8-28b5033cc71c': '6443:'}),), if_exists=True) {{(pid=120500) do_commit /opt/stack/data/venv/lib/python3.12/site-packages/ovsdbapp/backend/ovs_idl/transaction.py:91}}
Sep 09 00:52:24.126496 np0000192293 devstack@o-api.service[120500]: DEBUG ovsdbapp.backend.ovs_idl.transaction [-] Running txn 9345fbf2 n=1 command(idx=1): DbSetCommand(_result=None, table=Load_Balancer, record=66c68d0d-4daa-4acc-ae16-8a4aa648afbe, col_values=(('protocol', 'tcp'),), if_exists=True) {{(pid=120500) do_commit /opt/stack/data/venv/lib/python3.12/site-packages/ovsdbapp/backend/ovs_idl/transaction.py:91}}
Sep 09 00:52:24.126496 np0000192293 devstack@o-api.service[120500]: DEBUG ovsdbapp.backend.ovs_idl.transaction [-] Running txn 9345fbf2 n=1 command(idx=2): DbClearCommand(_result=None, table=Load_Balancer, record=66c68d0d-4daa-4acc-ae16-8a4aa648afbe, column=vips) {{(pid=120500) do_commit /opt/stack/data/venv/lib/python3.12/site-packages/ovsdbapp/backend/ovs_idl/transaction.py:91}}
Sep 09 00:52:24.126496 np0000192293 devstack@o-api.service[120500]: DEBUG ovsdbapp.backend.ovs_idl.transaction [-] Running txn 9345fbf2 n=1 command(idx=3): DbSetCommand(_result=None, table=Load_Balancer, record=66c68d0d-4daa-4acc-ae16-8a4aa648afbe, col_values=(('vips', {}),), if_exists=True) {{(pid=120500) do_commit /opt/stack/data/venv/lib/python3.12/site-packages/ovsdbapp/backend/ovs_idl/transaction.py:91}}
Sep 09 00:52:24.136031 np0000192293 devstack@o-api.service[120500]: DEBUG ovsdbapp.backend.ovs_idl.transaction [-] txn 9345fbf2 succeeded {{(pid=120500) do_commit /opt/stack/data/venv/lib/python3.12/site-packages/ovsdbapp/backend/ovs_idl/transaction.py:137}}
Sep 09 00:52:24.138913 np0000192293 devstack@o-api.service[120500]: DEBUG ovn_octavia_provider.helper [-] Updating status to octavia: {'listeners': [{'id': '8801e075-0d41-4bef-a3d8-28b5033cc71c', 'provisioning_status': 'ACTIVE', 'operating_status': 'ONLINE'}], 'loadbalancers': [{'id': 'd2f1a744-50bf-4c95-948d-6914f7d4a61c', 'provisioning_status': 'ACTIVE'}]} {{(pid=120500) _update_status_to_octavia /opt/stack/ovn-octavia-provider/ovn_octavia_provider/helper.py:450}}
Sep 09 00:52:24.154493 np0000192293 devstack@o-api.service[120500]: [pid: 120500|app: 0|req: 3/9] 172.18.0.2 () {58 vars in 1201 bytes} [Wed Sep 9 00:52:23 2026] POST /load-balancer/v2.0/lbaas/listeners => generated 1065 bytes in 197 msecs (HTTP/1.1 201) 4 headers in 163 bytes (1 switches on core 0)
Sep 09 00:52:24.194674 np0000192293 devstack@o-api.service[120502]: [pid: 120502|app: 0|req: 3/10] 172.18.0.2 () {54 vars in 1270 bytes} [Wed Sep 9 00:52:24 2026] GET /load-balancer/v2.0/lbaas/loadbalancers/d2f1a744-50bf-4c95-948d-6914f7d4a61c => generated 943 bytes in 37 msecs (HTTP/1.1 200) 4 headers in 157 bytes (1 switches on core 0)
Sep 09 00:52:25.309394 np0000192293 devstack@o-api.service[120503]: DEBUG oslo_db.sqlalchemy.engines [None req-e7cc6d0f-c811-4699-8403-ea88581eb089 demo demo] MySQL server mode set to STRICT_TRANS_TABLES,STRICT_ALL_TABLES,NO_ZERO_IN_DATE,NO_ZERO_DATE,ERROR_FOR_DIVISION_BY_ZERO,TRADITIONAL,NO_ENGINE_SUBSTITUTION {{(pid=120503) _check_effective_sql_mode /opt/stack/data/venv/lib/python3.12/site-packages/oslo_db/sqlalchemy/engines.py:325}}
Sep 09 00:52:25.418647 np0000192293 devstack@o-api.service[120503]: [pid: 120503|app: 0|req: 3/11] 172.18.0.2 () {54 vars in 1270 bytes} [Wed Sep 9 00:52:25 2026] GET /load-balancer/v2.0/lbaas/loadbalancers/d2f1a744-50bf-4c95-948d-6914f7d4a61c => generated 935 bytes in 194 msecs (HTTP/1.1 200) 4 headers in 157 bytes (1 switches on core 0)
Sep 09 00:52:25.451964 np0000192293 devstack@o-api.service[120501]: [pid: 120501|app: 0|req: 3/12] 172.18.0.2 () {54 vars in 1258 bytes} [Wed Sep 9 00:52:25 2026] GET /load-balancer/v2.0/lbaas/listeners/8801e075-0d41-4bef-a3d8-28b5033cc71c => generated 1073 bytes in 31 msecs (HTTP/1.1 200) 4 headers in 158 bytes (1 switches on core 0)
Sep 09 00:52:25.473927 np0000192293 devstack@o-api.service[120500]: [pid: 120500|app: 0|req: 4/13] 172.18.0.2 () {54 vars in 1266 bytes} [Wed Sep 9 00:52:25 2026] GET /load-balancer/v2.0/lbaas/pools?name=k8s-clusterapi-cluster-magnum-system-kube-ybq9f-kubeapi-6443 => generated 32 bytes in 19 msecs (HTTP/1.1 200) 4 headers in 156 bytes (1 switches on core 0)
Sep 09 00:52:25.572100 np0000192293 devstack@o-api.service[120502]: DEBUG ovsdbapp.backend.ovs_idl [None req-64339b8e-426b-4a83-bf76-7150c4e5fbc2 demo demo] Connection already started, not creating indices {{(pid=120502) __init__ /opt/stack/data/venv/lib/python3.12/site-packages/ovsdbapp/backend/ovs_idl/__init__.py:36}}
Sep 09 00:52:25.572985 np0000192293 devstack@o-api.service[120502]: DEBUG octavia.db.repositories [None req-64339b8e-426b-4a83-bf76-7150c4e5fbc2 demo demo] Checking quota for project: 369a9d5d0d3f4ece888bb91b8397cd6d object: {{(pid=120502) check_quota_met /opt/stack/octavia/octavia/db/repositories.py:451}}
Sep 09 00:52:25.689302 np0000192293 devstack@o-api.service[120502]: /opt/stack/octavia/octavia/db/repositories.py:1089: SAWarning: Coercing Subquery object into a select() for use in IN(); please pass a select() construct explicitly
Sep 09 00:52:25.689302 np0000192293 devstack@o-api.service[120502]: filter(models.LoadBalancer.id.in_(lb_subquery)).first())
Sep 09 00:52:25.691462 np0000192293 devstack@o-api.service[120502]: /opt/stack/octavia/octavia/db/repositories.py:1089: SAWarning: SELECT statement has a cartesian product between FROM element(s) "load_balancer" and FROM element "pool". Apply join condition(s) between each element to resolve.
Sep 09 00:52:25.691462 np0000192293 devstack@o-api.service[120502]: filter(models.LoadBalancer.id.in_(lb_subquery)).first())
Sep 09 00:52:25.735469 np0000192293 devstack@o-api.service[120502]: INFO octavia.api.v2.controllers.pool [None req-64339b8e-426b-4a83-bf76-7150c4e5fbc2 demo demo] Sending create Pool 1696a061-09df-409d-9d40-61143454bb33 to provider ovn
Sep 09 00:52:25.736567 np0000192293 devstack@o-api.service[120502]: DEBUG ovn_octavia_provider.helper [-] Handling request pool_create with info {'id': '1696a061-09df-409d-9d40-61143454bb33', 'loadbalancer_id': 'd2f1a744-50bf-4c95-948d-6914f7d4a61c', 'protocol': 'TCP', 'lb_algorithm': 'SOURCE_IP_PORT', 'listener_id': '8801e075-0d41-4bef-a3d8-28b5033cc71c', 'admin_state_up': True, 'session_persistence': None} {{(pid=120502) request_handler /opt/stack/ovn-octavia-provider/ovn_octavia_provider/helper.py:423}}
Sep 09 00:52:25.738451 np0000192293 devstack@o-api.service[120502]: DEBUG ovsdbapp.backend.ovs_idl.transaction [-] Running txn c3489dd8 n=1 command(idx=0): DbSetCommand(_result=None, table=Load_Balancer, record=66c68d0d-4daa-4acc-ae16-8a4aa648afbe, col_values=(('external_ids', {'enabled': 'True', 'neutron:vip': '192.168.24.200', 'neutron:vip_port_id': 'b43a0d47-a8df-41ff-86c6-dadd37954882', 'lr_ref': 'neutron-a1435416-7c83-4c03-bc26-dd83634cf90e', 'ls_refs': '{"neutron-7d2da1e1-6bcf-447c-91fc-a51f96eff153": 1}', 'neutron:vip_fip': '172.24.5.46', 'listener_8801e075-0d41-4bef-a3d8-28b5033cc71c': '6443:pool_1696a061-09df-409d-9d40-61143454bb33', 'pool_1696a061-09df-409d-9d40-61143454bb33': ''}),), if_exists=True) {{(pid=120502) do_commit /opt/stack/data/venv/lib/python3.12/site-packages/ovsdbapp/backend/ovs_idl/transaction.py:91}}
Sep 09 00:52:25.742365 np0000192293 devstack@o-api.service[120502]: DEBUG ovsdbapp.backend.ovs_idl.transaction [-] Running txn c3489dd8 n=1 command(idx=1): DbSetCommand(_result=None, table=Load_Balancer, record=66c68d0d-4daa-4acc-ae16-8a4aa648afbe, col_values=(('selection_fields', ['ip_dst', 'ip_src', 'tp_dst', 'tp_src']),), if_exists=True) {{(pid=120502) do_commit /opt/stack/data/venv/lib/python3.12/site-packages/ovsdbapp/backend/ovs_idl/transaction.py:91}}
Sep 09 00:52:25.746201 np0000192293 devstack@o-api.service[120502]: DEBUG ovsdbapp.backend.ovs_idl.transaction [-] txn c3489dd8 succeeded {{(pid=120502) do_commit /opt/stack/data/venv/lib/python3.12/site-packages/ovsdbapp/backend/ovs_idl/transaction.py:137}}
Sep 09 00:52:25.746396 np0000192293 devstack@o-api.service[120502]: DEBUG ovn_octavia_provider.helper [-] Updating status to octavia: {'pools': [{'id': '1696a061-09df-409d-9d40-61143454bb33', 'provisioning_status': 'ACTIVE', 'operating_status': 'ONLINE'}], 'loadbalancers': [{'id': 'd2f1a744-50bf-4c95-948d-6914f7d4a61c', 'provisioning_status': 'ACTIVE'}], 'listeners': [{'id': '8801e075-0d41-4bef-a3d8-28b5033cc71c', 'provisioning_status': 'ACTIVE'}]} {{(pid=120502) _update_status_to_octavia /opt/stack/ovn-octavia-provider/ovn_octavia_provider/helper.py:450}}
Sep 09 00:52:25.767745 np0000192293 devstack@o-api.service[120502]: [pid: 120502|app: 0|req: 4/14] 172.18.0.2 () {58 vars in 1189 bytes} [Wed Sep 9 00:52:25 2026] POST /load-balancer/v2.0/lbaas/pools => generated 811 bytes in 291 msecs (HTTP/1.1 201) 4 headers in 162 bytes (1 switches on core 0)
Sep 09 00:52:25.819416 np0000192293 devstack@o-api.service[120503]: [pid: 120503|app: 0|req: 4/15] 172.18.0.2 () {54 vars in 1270 bytes} [Wed Sep 9 00:52:25 2026] GET /load-balancer/v2.0/lbaas/loadbalancers/d2f1a744-50bf-4c95-948d-6914f7d4a61c => generated 989 bytes in 48 msecs (HTTP/1.1 200) 4 headers in 157 bytes (1 switches on core 0)
Sep 09 00:52:26.895021 np0000192293 devstack@o-api.service[120501]: [pid: 120501|app: 0|req: 4/16] 172.18.0.2 () {54 vars in 1270 bytes} [Wed Sep 9 00:52:26 2026] GET /load-balancer/v2.0/lbaas/loadbalancers/d2f1a744-50bf-4c95-948d-6914f7d4a61c => generated 981 bytes in 53 msecs (HTTP/1.1 200) 4 headers in 157 bytes (1 switches on core 0)
Sep 09 00:52:26.930677 np0000192293 devstack@o-api.service[120500]: [pid: 120500|app: 0|req: 5/17] 172.18.0.2 () {54 vars in 1293 bytes} [Wed Sep 9 00:52:26 2026] GET /load-balancer/v2.0/lbaas/healthmonitors?name=k8s-clusterapi-cluster-magnum-system-kube-ybq9f-kubeapi-6443 => generated 50 bytes in 33 msecs (HTTP/1.1 200) 4 headers in 156 bytes (1 switches on core 0)
Sep 09 00:52:27.004566 np0000192293 devstack@o-api.service[120502]: DEBUG ovsdbapp.backend.ovs_idl [None req-f06126e2-714f-4fac-a948-88e0e53ef5a0 demo demo] Connection already started, not creating indices {{(pid=120502) __init__ /opt/stack/data/venv/lib/python3.12/site-packages/ovsdbapp/backend/ovs_idl/__init__.py:36}}
Sep 09 00:52:27.005378 np0000192293 devstack@o-api.service[120502]: DEBUG octavia.db.repositories [None req-f06126e2-714f-4fac-a948-88e0e53ef5a0 demo demo] Checking quota for project: 369a9d5d0d3f4ece888bb91b8397cd6d object: {{(pid=120502) check_quota_met /opt/stack/octavia/octavia/db/repositories.py:451}}
Sep 09 00:52:27.049371 np0000192293 devstack@o-api.service[120502]: INFO octavia.api.v2.controllers.health_monitor [None req-f06126e2-714f-4fac-a948-88e0e53ef5a0 demo demo] Sending create Health Monitor 8969b6ad-a031-4677-bb1b-c22af18d4957 to provider ovn
Sep 09 00:52:27.050537 np0000192293 devstack@o-api.service[120502]: DEBUG ovn_octavia_provider.helper [-] Handling request hm_create with info {'id': '8969b6ad-a031-4677-bb1b-c22af18d4957', 'pool_id': '1696a061-09df-409d-9d40-61143454bb33', 'type': 'TCP', 'interval': 10, 'timeout': 5, 'failure_count': 3, 'success_count': 5, 'admin_state_up': True} {{(pid=120502) request_handler /opt/stack/ovn-octavia-provider/ovn_octavia_provider/helper.py:423}}
Sep 09 00:52:27.053307 np0000192293 devstack@o-api.service[120502]: DEBUG ovsdbapp.backend.ovs_idl.transaction [-] Running txn d5545a90 n=1 command(idx=0): DbCreateCommand(_result=None, table=Load_Balancer_Health_Check, columns={'vip': '192.168.24.200:6443', 'options': {'interval': '10', 'timeout': '5', 'success_count': '5', 'failure_count': '3'}, 'external_ids': {'octavia:healthmonitor': '8969b6ad-a031-4677-bb1b-c22af18d4957', 'octavia:pool_id': '1696a061-09df-409d-9d40-61143454bb33', 'octavia:vip': '192.168.24.200'}}, row=False) {{(pid=120502) do_commit /opt/stack/data/venv/lib/python3.12/site-packages/ovsdbapp/backend/ovs_idl/transaction.py:91}}
Sep 09 00:52:27.053785 np0000192293 devstack@o-api.service[120502]: DEBUG ovsdbapp.backend.ovs_idl.transaction [-] Running txn d5545a90 n=1 command(idx=1): DbAddCommand(_result=None, table=Load_Balancer, record=66c68d0d-4daa-4acc-ae16-8a4aa648afbe, column=health_check, values=(DbCreateCommand(_result=Load_Balancer_Health_Check(uuid=4ff29f38-9ecb-4eef-b4b0-e457a3716ff8, external_ids={'octavia:healthmonitor': '8969b6ad-a031-4677-bb1b-c22af18d4957', 'octavia:pool_id': '1696a061-09df-409d-9d40-61143454bb33', 'octavia:vip': '192.168.24.200'}, options={'interval': '10', 'timeout': '5', 'success_count': '5', 'failure_count': '3'}, vip=192.168.24.200:6443), table=Load_Balancer_Health_Check, columns={'vip': '192.168.24.200:6443', 'options': {'interval': '10', 'timeout': '5', 'success_count': '5', 'failure_count': '3'}, 'external_ids': {'octavia:healthmonitor': '8969b6ad-a031-4677-bb1b-c22af18d4957', 'octavia:pool_id': '1696a061-09df-409d-9d40-61143454bb33', 'octavia:vip': '192.168.24.200'}}, row=False),)) {{(pid=120502) do_commit /opt/stack/data/venv/lib/python3.12/site-packages/ovsdbapp/backend/ovs_idl/transaction.py:91}}
Sep 09 00:52:27.054476 np0000192293 devstack@o-api.service[120502]: DEBUG ovsdbapp.backend.ovs_idl.transaction [-] Running txn d5545a90 n=1 command(idx=2): DbSetCommand(_result=None, table=Load_Balancer, record=66c68d0d-4daa-4acc-ae16-8a4aa648afbe, col_values=(('external_ids', {'octavia:healthmonitors': '["8969b6ad-a031-4677-bb1b-c22af18d4957"]'}),), if_exists=True) {{(pid=120502) do_commit /opt/stack/data/venv/lib/python3.12/site-packages/ovsdbapp/backend/ovs_idl/transaction.py:91}}
Sep 09 00:52:27.054869 np0000192293 devstack@o-api.service[120502]: DEBUG ovsdbapp.backend.ovs_idl.transaction [-] Running txn d5545a90 n=1 command(idx=3): DbCreateCommand(_result=None, table=Load_Balancer_Health_Check, columns={'vip': '172.24.5.46:6443', 'options': {'interval': '10', 'timeout': '5', 'success_count': '5', 'failure_count': '3'}, 'external_ids': {'octavia:healthmonitor': '8969b6ad-a031-4677-bb1b-c22af18d4957', 'octavia:pool_id': '1696a061-09df-409d-9d40-61143454bb33', 'octavia:vip': '172.24.5.46'}}, row=False) {{(pid=120502) do_commit /opt/stack/data/venv/lib/python3.12/site-packages/ovsdbapp/backend/ovs_idl/transaction.py:91}}
Sep 09 00:52:27.055196 np0000192293 devstack@o-api.service[120502]: DEBUG ovsdbapp.backend.ovs_idl.transaction [-] Running txn d5545a90 n=1 command(idx=4): DbAddCommand(_result=None, table=Load_Balancer, record=66c68d0d-4daa-4acc-ae16-8a4aa648afbe, column=health_check, values=(DbCreateCommand(_result=Load_Balancer_Health_Check(uuid=23e62d4a-111f-4918-a035-868f5c36cd07, external_ids={'octavia:healthmonitor': '8969b6ad-a031-4677-bb1b-c22af18d4957', 'octavia:pool_id': '1696a061-09df-409d-9d40-61143454bb33', 'octavia:vip': '172.24.5.46'}, options={'interval': '10', 'timeout': '5', 'success_count': '5', 'failure_count': '3'}, vip=172.24.5.46:6443), table=Load_Balancer_Health_Check, columns={'vip': '172.24.5.46:6443', 'options': {'interval': '10', 'timeout': '5', 'success_count': '5', 'failure_count': '3'}, 'external_ids': {'octavia:healthmonitor': '8969b6ad-a031-4677-bb1b-c22af18d4957', 'octavia:pool_id': '1696a061-09df-409d-9d40-61143454bb33', 'octavia:vip': '172.24.5.46'}}, row=False),)) {{(pid=120502) do_commit /opt/stack/data/venv/lib/python3.12/site-packages/ovsdbapp/backend/ovs_idl/transaction.py:91}}
Sep 09 00:52:27.061871 np0000192293 devstack@o-api.service[120502]: DEBUG ovsdbapp.backend.ovs_idl.transaction [-] txn d5545a90 succeeded {{(pid=120502) do_commit /opt/stack/data/venv/lib/python3.12/site-packages/ovsdbapp/backend/ovs_idl/transaction.py:137}}
Sep 09 00:52:27.062694 np0000192293 devstack@o-api.service[120502]: DEBUG ovn_octavia_provider.helper [-] no member status on external_ids: None {{(pid=120502) _get_current_operating_statuses /opt/stack/ovn-octavia-provider/ovn_octavia_provider/helper.py:4304}}
Sep 09 00:52:27.079702 np0000192293 devstack@o-api.service[120502]: [pid: 120502|app: 0|req: 5/18] 172.18.0.2 () {58 vars in 1216 bytes} [Wed Sep 9 00:52:26 2026] POST /load-balancer/v2.0/lbaas/healthmonitors => generated 649 bytes in 146 msecs (HTTP/1.1 201) 4 headers in 162 bytes (1 switches on core 0)
Sep 09 00:52:27.276731 np0000192293 devstack@o-api.service[120503]: [pid: 120503|app: 0|req: 5/19] 172.18.0.2 () {54 vars in 1270 bytes} [Wed Sep 9 00:52:27 2026] GET /load-balancer/v2.0/lbaas/loadbalancers/d2f1a744-50bf-4c95-948d-6914f7d4a61c => generated 989 bytes in 194 msecs (HTTP/1.1 200) 4 headers in 157 bytes (1 switches on core 0)
Sep 09 00:52:27.314915 np0000192293 devstack@o-api.service[120502]: DEBUG ovn_octavia_provider.helper [-] Updating status to octavia: {'loadbalancers': [{'id': 'd2f1a744-50bf-4c95-948d-6914f7d4a61c', 'provisioning_status': 'ACTIVE', 'operating_status': 'ONLINE'}], 'listeners': [{'id': '8801e075-0d41-4bef-a3d8-28b5033cc71c', 'provisioning_status': 'ACTIVE', 'operating_status': 'ONLINE'}], 'pools': [{'id': '1696a061-09df-409d-9d40-61143454bb33', 'provisioning_status': 'ACTIVE', 'operating_status': 'OFFLINE'}], 'members': [], 'healthmonitors': [{'id': '8969b6ad-a031-4677-bb1b-c22af18d4957', 'provisioning_status': 'ACTIVE', 'operating_status': 'ONLINE'}]} {{(pid=120502) _update_status_to_octavia /opt/stack/ovn-octavia-provider/ovn_octavia_provider/helper.py:450}}
Sep 09 00:52:28.352264 np0000192293 devstack@o-api.service[120501]: [pid: 120501|app: 0|req: 5/20] 172.18.0.2 () {54 vars in 1270 bytes} [Wed Sep 9 00:52:28 2026] GET /load-balancer/v2.0/lbaas/loadbalancers/d2f1a744-50bf-4c95-948d-6914f7d4a61c => generated 981 bytes in 40 msecs (HTTP/1.1 200) 4 headers in 157 bytes (1 switches on core 0)
Sep 09 00:52:29.627028 np0000192293 devstack@o-api.service[120500]: [pid: 120500|app: 0|req: 6/21] 172.18.0.2 () {54 vars in 1088 bytes} [Wed Sep 9 00:52:29 2026] GET /load-balancer/ => generated 4776 bytes in 4 msecs (HTTP/1.1 200) 4 headers in 158 bytes (1 switches on core 0)
Sep 09 00:52:29.864371 np0000192293 devstack@o-api.service[120502]: [pid: 120502|app: 0|req: 6/22] 172.18.0.2 () {54 vars in 1280 bytes} [Wed Sep 9 00:52:29 2026] GET /load-balancer/v2.0/lbaas/loadbalancers?name=k8s-clusterapi-cluster-magnum-system-kube-ybq9f-kubeapi => generated 1011 bytes in 224 msecs (HTTP/1.1 200) 4 headers in 158 bytes (1 switches on core 0)
Sep 09 00:52:29.980893 np0000192293 devstack@o-api.service[120503]: [pid: 120503|app: 0|req: 6/23] 172.18.0.2 () {54 vars in 1088 bytes} [Wed Sep 9 00:52:29 2026] GET /load-balancer/ => generated 4776 bytes in 7 msecs (HTTP/1.1 200) 4 headers in 158 bytes (1 switches on core 0)
Sep 09 00:52:30.059932 np0000192293 devstack@o-api.service[120501]: [pid: 120501|app: 0|req: 6/24] 172.18.0.2 () {54 vars in 1278 bytes} [Wed Sep 9 00:52:29 2026] GET /load-balancer/v2.0/lbaas/listeners?name=k8s-clusterapi-cluster-magnum-system-kube-ybq9f-kubeapi-6443 => generated 1133 bytes in 72 msecs (HTTP/1.1 200) 4 headers in 158 bytes (1 switches on core 0)
Sep 09 00:52:30.160781 np0000192293 devstack@o-api.service[120500]: [pid: 120500|app: 0|req: 7/25] 172.18.0.2 () {54 vars in 1266 bytes} [Wed Sep 9 00:52:30 2026] GET /load-balancer/v2.0/lbaas/pools?name=k8s-clusterapi-cluster-magnum-system-kube-ybq9f-kubeapi-6443 => generated 902 bytes in 95 msecs (HTTP/1.1 200) 4 headers in 157 bytes (1 switches on core 0)
Sep 09 00:52:30.202350 np0000192293 devstack@o-api.service[120502]: [pid: 120502|app: 0|req: 7/26] 172.18.0.2 () {54 vars in 1293 bytes} [Wed Sep 9 00:52:30 2026] GET /load-balancer/v2.0/lbaas/healthmonitors?name=k8s-clusterapi-cluster-magnum-system-kube-ybq9f-kubeapi-6443 => generated 688 bytes in 39 msecs (HTTP/1.1 200) 4 headers in 157 bytes (1 switches on core 0)
Sep 09 00:52:30.905167 np0000192293 devstack@o-api.service[120503]: [pid: 120503|app: 0|req: 7/27] 172.18.0.2 () {54 vars in 1088 bytes} [Wed Sep 9 00:52:30 2026] GET /load-balancer/ => generated 4776 bytes in 4 msecs (HTTP/1.1 200) 4 headers in 158 bytes (1 switches on core 0)
Sep 09 00:52:31.133285 np0000192293 devstack@o-api.service[120501]: [pid: 120501|app: 0|req: 7/28] 172.18.0.2 () {54 vars in 1280 bytes} [Wed Sep 9 00:52:30 2026] GET /load-balancer/v2.0/lbaas/loadbalancers?name=k8s-clusterapi-cluster-magnum-system-kube-ybq9f-kubeapi => generated 1011 bytes in 213 msecs (HTTP/1.1 200) 4 headers in 158 bytes (1 switches on core 0)
Sep 09 00:52:31.216946 np0000192293 devstack@o-api.service[120500]: [pid: 120500|app: 0|req: 8/29] 172.18.0.2 () {54 vars in 1088 bytes} [Wed Sep 9 00:52:31 2026] GET /load-balancer/ => generated 4776 bytes in 3 msecs (HTTP/1.1 200) 4 headers in 158 bytes (1 switches on core 0)
Sep 09 00:52:31.273201 np0000192293 devstack@o-api.service[120502]: [pid: 120502|app: 0|req: 8/30] 172.18.0.2 () {54 vars in 1278 bytes} [Wed Sep 9 00:52:31 2026] GET /load-balancer/v2.0/lbaas/listeners?name=k8s-clusterapi-cluster-magnum-system-kube-ybq9f-kubeapi-6443 => generated 1133 bytes in 51 msecs (HTTP/1.1 200) 4 headers in 158 bytes (1 switches on core 0)
Sep 09 00:52:31.352043 np0000192293 devstack@o-api.service[120503]: [pid: 120503|app: 0|req: 8/31] 172.18.0.2 () {54 vars in 1266 bytes} [Wed Sep 9 00:52:31 2026] GET /load-balancer/v2.0/lbaas/pools?name=k8s-clusterapi-cluster-magnum-system-kube-ybq9f-kubeapi-6443 => generated 902 bytes in 74 msecs (HTTP/1.1 200) 4 headers in 157 bytes (1 switches on core 0)
Sep 09 00:52:31.392870 np0000192293 devstack@o-api.service[120501]: [pid: 120501|app: 0|req: 8/32] 172.18.0.2 () {54 vars in 1293 bytes} [Wed Sep 9 00:52:31 2026] GET /load-balancer/v2.0/lbaas/healthmonitors?name=k8s-clusterapi-cluster-magnum-system-kube-ybq9f-kubeapi-6443 => generated 688 bytes in 38 msecs (HTTP/1.1 200) 4 headers in 157 bytes (1 switches on core 0)
Sep 09 00:53:20.803033 np0000192293 devstack@o-api.service[120500]: [pid: 120500|app: 0|req: 9/33] 172.18.0.2 () {54 vars in 1088 bytes} [Wed Sep 9 00:53:20 2026] GET /load-balancer/ => generated 4776 bytes in 13 msecs (HTTP/1.1 200) 4 headers in 158 bytes (1 switches on core 0)
Sep 09 00:53:20.894479 np0000192293 devstack@o-api.service[120502]: [pid: 120502|app: 0|req: 9/34] 172.18.0.2 () {54 vars in 1266 bytes} [Wed Sep 9 00:53:20 2026] GET /load-balancer/v2.0/lbaas/pools?name=k8s-clusterapi-cluster-magnum-system-kube-ybq9f-kubeapi-6443 => generated 902 bytes in 79 msecs (HTTP/1.1 200) 4 headers in 157 bytes (1 switches on core 0)
Sep 09 00:53:20.944469 np0000192293 devstack@o-api.service[120503]: [pid: 120503|app: 0|req: 9/35] 172.18.0.2 () {54 vars in 1447 bytes} [Wed Sep 9 00:53:20 2026] GET /load-balancer/v2.0/lbaas/pools/1696a061-09df-409d-9d40-61143454bb33/members?name=k8s-clusterapi-cluster-magnum-system-kube-ybq9f-kubeapi-6443-kube-ybq9f-tv2n5-p82p4 => generated 36 bytes in 46 msecs (HTTP/1.1 200) 4 headers in 156 bytes (1 switches on core 0)
Sep 09 00:53:20.987953 np0000192293 devstack@o-api.service[120501]: [pid: 120501|app: 0|req: 9/36] 172.18.0.2 () {54 vars in 1270 bytes} [Wed Sep 9 00:53:20 2026] GET /load-balancer/v2.0/lbaas/loadbalancers/d2f1a744-50bf-4c95-948d-6914f7d4a61c => generated 981 bytes in 41 msecs (HTTP/1.1 200) 4 headers in 157 bytes (1 switches on core 0)
Sep 09 00:53:21.107747 np0000192293 devstack@o-api.service[120500]: DEBUG ovsdbapp.backend.ovs_idl [None req-e17a1842-46f6-460e-9050-63136ea0bc9a demo demo] Connection already started, not creating indices {{(pid=120500) __init__ /opt/stack/data/venv/lib/python3.12/site-packages/ovsdbapp/backend/ovs_idl/__init__.py:36}}
Sep 09 00:53:21.108359 np0000192293 devstack@o-api.service[120500]: DEBUG octavia.db.repositories [None req-e17a1842-46f6-460e-9050-63136ea0bc9a demo demo] Checking quota for project: 369a9d5d0d3f4ece888bb91b8397cd6d object: {{(pid=120500) check_quota_met /opt/stack/octavia/octavia/db/repositories.py:451}}
Sep 09 00:53:21.303866 np0000192293 devstack@o-api.service[120500]: INFO octavia.api.v2.controllers.member [None req-e17a1842-46f6-460e-9050-63136ea0bc9a demo demo] Sending create Member 4f20a7ae-9133-46f5-b955-11d3a8168f5b to provider ovn
Sep 09 00:53:22.021308 np0000192293 devstack@o-api.service[120500]: DEBUG ovn_octavia_provider.helper [-] Handling request member_create with info [{'id': '4f20a7ae-9133-46f5-b955-11d3a8168f5b', 'address': '192.168.24.18', 'protocol_port': 6443, 'pool_id': '1696a061-09df-409d-9d40-61143454bb33', 'subnet_id': 'b3fd4f6f-e1db-4d97-813a-4168f855cff2', 'admin_state_up': True}] {{(pid=120500) request_handler /opt/stack/ovn-octavia-provider/ovn_octavia_provider/helper.py:423}}
Sep 09 00:53:22.022326 np0000192293 devstack@o-api.service[120500]: DEBUG ovn_octavia_provider.helper [-] no member status on external_ids: None {{(pid=120500) _find_member_status /opt/stack/ovn-octavia-provider/ovn_octavia_provider/helper.py:2618}}
Sep 09 00:53:22.023657 np0000192293 devstack@o-api.service[120500]: DEBUG ovsdbapp.backend.ovs_idl.transaction [-] Running txn c204b5d5 n=1 command(idx=0): DbSetCommand(_result=None, table=Load_Balancer, record=66c68d0d-4daa-4acc-ae16-8a4aa648afbe, col_values=(('external_ids', {'pool_1696a061-09df-409d-9d40-61143454bb33': 'member_4f20a7ae-9133-46f5-b955-11d3a8168f5b_192.168.24.18:6443_b3fd4f6f-e1db-4d97-813a-4168f855cff2'}),), if_exists=True) {{(pid=120500) do_commit /opt/stack/data/venv/lib/python3.12/site-packages/ovsdbapp/backend/ovs_idl/transaction.py:91}}
Sep 09 00:53:22.024225 np0000192293 devstack@o-api.service[120500]: DEBUG ovsdbapp.backend.ovs_idl.transaction [-] Running txn c204b5d5 n=1 command(idx=1): DbClearCommand(_result=None, table=Load_Balancer, record=66c68d0d-4daa-4acc-ae16-8a4aa648afbe, column=vips) {{(pid=120500) do_commit /opt/stack/data/venv/lib/python3.12/site-packages/ovsdbapp/backend/ovs_idl/transaction.py:91}}
Sep 09 00:53:22.024418 np0000192293 devstack@o-api.service[120500]: DEBUG ovsdbapp.backend.ovs_idl.transaction [-] Running txn c204b5d5 n=1 command(idx=2): DbSetCommand(_result=None, table=Load_Balancer, record=66c68d0d-4daa-4acc-ae16-8a4aa648afbe, col_values=(('vips', {'192.168.24.200:6443': '192.168.24.18:6443', '172.24.5.46:6443': '192.168.24.18:6443'}),), if_exists=True) {{(pid=120500) do_commit /opt/stack/data/venv/lib/python3.12/site-packages/ovsdbapp/backend/ovs_idl/transaction.py:91}}
Sep 09 00:53:22.027057 np0000192293 devstack@o-api.service[120500]: DEBUG ovsdbapp.backend.ovs_idl.transaction [-] txn c204b5d5 succeeded {{(pid=120500) do_commit /opt/stack/data/venv/lib/python3.12/site-packages/ovsdbapp/backend/ovs_idl/transaction.py:137}}
Sep 09 00:53:22.054862 np0000192293 devstack@o-api.service[120500]: [pid: 120500|app: 0|req: 10/37] 172.18.0.2 () {58 vars in 1324 bytes} [Wed Sep 9 00:53:20 2026] POST /load-balancer/v2.0/lbaas/pools/1696a061-09df-409d-9d40-61143454bb33/members => generated 587 bytes in 1064 msecs (HTTP/1.1 201) 4 headers in 162 bytes (1 switches on core 0)
Sep 09 00:53:22.100325 np0000192293 devstack@o-api.service[120500]: DEBUG ovsdbapp.backend.ovs_idl.transaction [-] Running txn c6976ada n=1 command(idx=0): DbSetCommand(_result=None, table=Load_Balancer, record=66c68d0d-4daa-4acc-ae16-8a4aa648afbe, col_values=(('external_ids', {'ls_refs': '{"neutron-7d2da1e1-6bcf-447c-91fc-a51f96eff153": 2}'}),), if_exists=True) {{(pid=120500) do_commit /opt/stack/data/venv/lib/python3.12/site-packages/ovsdbapp/backend/ovs_idl/transaction.py:91}}
Sep 09 00:53:22.103325 np0000192293 devstack@o-api.service[120500]: DEBUG ovsdbapp.backend.ovs_idl.transaction [-] txn c6976ada succeeded {{(pid=120500) do_commit /opt/stack/data/venv/lib/python3.12/site-packages/ovsdbapp/backend/ovs_idl/transaction.py:137}}
Sep 09 00:53:22.109102 np0000192293 devstack@o-api.service[120502]: [pid: 120502|app: 0|req: 10/38] 172.18.0.2 () {54 vars in 1381 bytes} [Wed Sep 9 00:53:22 2026] GET /load-balancer/v2.0/lbaas/pools/1696a061-09df-409d-9d40-61143454bb33/members/4f20a7ae-9133-46f5-b955-11d3a8168f5b => generated 587 bytes in 50 msecs (HTTP/1.1 200) 4 headers in 157 bytes (1 switches on core 0)
Sep 09 00:53:22.163778 np0000192293 devstack@o-api.service[120500]: DEBUG ovsdbapp.backend.ovs_idl.transaction [-] Running txn d85872b4 n=1 command(idx=0): LrLbAddCommand(_result=None, router=06a1c26f-0ca3-48fb-a4e9-0f5fcaa3f8a0, lb=66c68d0d-4daa-4acc-ae16-8a4aa648afbe, may_exist=True) {{(pid=120500) do_commit /opt/stack/data/venv/lib/python3.12/site-packages/ovsdbapp/backend/ovs_idl/transaction.py:91}}
Sep 09 00:53:22.164005 np0000192293 devstack@o-api.service[120500]: DEBUG ovsdbapp.backend.ovs_idl.transaction [-] Running txn d85872b4 n=1 command(idx=1): LsLbAddCommand(_result=None, switch=neutron-7d2da1e1-6bcf-447c-91fc-a51f96eff153, lb=66c68d0d-4daa-4acc-ae16-8a4aa648afbe, may_exist=True) {{(pid=120500) do_commit /opt/stack/data/venv/lib/python3.12/site-packages/ovsdbapp/backend/ovs_idl/transaction.py:91}}
Sep 09 00:53:22.164120 np0000192293 devstack@o-api.service[120500]: DEBUG ovsdbapp.backend.ovs_idl.transaction [-] txn d85872b4 caused no change {{(pid=120500) do_commit /opt/stack/data/venv/lib/python3.12/site-packages/ovsdbapp/backend/ovs_idl/transaction.py:135}}
Sep 09 00:53:22.692982 np0000192293 devstack@o-api.service[120500]: DEBUG ovsdbapp.backend.ovs_idl.transaction [-] Running txn 1a77b78a n=1 command(idx=0): AddBackendToIPPortMapping(_result=None, lb=66c68d0d-4daa-4acc-ae16-8a4aa648afbe, backend_ip=192.168.24.18, port_name=9cb19ce8-7d4f-45c0-b18b-ea29c25d75e3, src_ip=192.168.24.75) {{(pid=120500) do_commit /opt/stack/data/venv/lib/python3.12/site-packages/ovsdbapp/backend/ovs_idl/transaction.py:91}}
Sep 09 00:53:22.696986 np0000192293 devstack@o-api.service[120500]: DEBUG ovsdbapp.backend.ovs_idl.transaction [-] txn 1a77b78a succeeded {{(pid=120500) do_commit /opt/stack/data/venv/lib/python3.12/site-packages/ovsdbapp/backend/ovs_idl/transaction.py:137}}
Sep 09 00:53:22.702888 np0000192293 devstack@o-api.service[120500]: DEBUG ovn_octavia_provider.helper [-] no member status on external_ids: None {{(pid=120500) _update_external_ids_member_status /opt/stack/ovn-octavia-provider/ovn_octavia_provider/helper.py:2650}}
Sep 09 00:53:22.703665 np0000192293 devstack@o-api.service[120500]: DEBUG ovsdbapp.backend.ovs_idl.transaction [-] Running txn 534b295c n=1 command(idx=0): DbSetCommand(_result=None, table=Load_Balancer, record=66c68d0d-4daa-4acc-ae16-8a4aa648afbe, col_values=(('external_ids', {'neutron:member_status': '{"4f20a7ae-9133-46f5-b955-11d3a8168f5b": "ONLINE"}'}),), if_exists=True) {{(pid=120500) do_commit /opt/stack/data/venv/lib/python3.12/site-packages/ovsdbapp/backend/ovs_idl/transaction.py:91}}
Sep 09 00:53:22.708495 np0000192293 devstack@o-api.service[120500]: DEBUG ovsdbapp.backend.ovs_idl.transaction [-] txn 534b295c succeeded {{(pid=120500) do_commit /opt/stack/data/venv/lib/python3.12/site-packages/ovsdbapp/backend/ovs_idl/transaction.py:137}}
Sep 09 00:53:22.980011 np0000192293 devstack@o-api.service[120500]: DEBUG ovn_octavia_provider.helper [-] Updating status to octavia: {'loadbalancers': [{'id': 'd2f1a744-50bf-4c95-948d-6914f7d4a61c', 'provisioning_status': 'ACTIVE', 'operating_status': 'ONLINE'}], 'listeners': [{'id': '8801e075-0d41-4bef-a3d8-28b5033cc71c', 'provisioning_status': 'ACTIVE', 'operating_status': 'ONLINE'}], 'pools': [{'id': '1696a061-09df-409d-9d40-61143454bb33', 'provisioning_status': 'ACTIVE', 'operating_status': 'ONLINE'}], 'members': [{'id': '4f20a7ae-9133-46f5-b955-11d3a8168f5b', 'provisioning_status': 'ACTIVE', 'operating_status': 'ONLINE'}]} {{(pid=120500) _update_status_to_octavia /opt/stack/ovn-octavia-provider/ovn_octavia_provider/helper.py:450}}
Sep 09 00:53:23.182499 np0000192293 devstack@o-api.service[120503]: [pid: 120503|app: 0|req: 10/39] 172.18.0.2 () {54 vars in 1381 bytes} [Wed Sep 9 00:53:23 2026] GET /load-balancer/v2.0/lbaas/pools/1696a061-09df-409d-9d40-61143454bb33/members/4f20a7ae-9133-46f5-b955-11d3a8168f5b => generated 595 bytes in 35 msecs (HTTP/1.1 200) 4 headers in 157 bytes (1 switches on core 0)
Sep 09 00:53:23.202147 np0000192293 devstack@o-api.service[120500]: DEBUG ovn_octavia_provider.helper [-] Handling request handle_member_dvr with info [{'id': '4f20a7ae-9133-46f5-b955-11d3a8168f5b', 'address': '192.168.24.18', 'pool_id': '1696a061-09df-409d-9d40-61143454bb33', 'subnet_id': 'b3fd4f6f-e1db-4d97-813a-4168f855cff2', 'action': 'member_added'}] {{(pid=120500) request_handler /opt/stack/ovn-octavia-provider/ovn_octavia_provider/helper.py:423}}
Sep 09 00:53:23.226563 np0000192293 devstack@o-api.service[120501]: [pid: 120501|app: 0|req: 10/40] 172.18.0.2 () {54 vars in 1270 bytes} [Wed Sep 9 00:53:23 2026] GET /load-balancer/v2.0/lbaas/loadbalancers/d2f1a744-50bf-4c95-948d-6914f7d4a61c => generated 981 bytes in 41 msecs (HTTP/1.1 200) 4 headers in 157 bytes (1 switches on core 0)
Sep 09 00:53:23.258067 np0000192293 devstack@o-api.service[120500]: DEBUG ovn_octavia_provider.helper [-] Member 4f20a7ae-9133-46f5-b955-11d3a8168f5b has no FIP assigned. There is no need to modify its NAT. {{(pid=120500) handle_member_dvr /opt/stack/ovn-octavia-provider/ovn_octavia_provider/helper.py:3369}}
Sep 09 00:53:23.680608 np0000192293 devstack@o-api.service[120500]: [pid: 120500|app: 0|req: 11/41] 172.18.0.2 () {54 vars in 1088 bytes} [Wed Sep 9 00:53:23 2026] GET /load-balancer/ => generated 4776 bytes in 6 msecs (HTTP/1.1 200) 4 headers in 158 bytes (1 switches on core 0)
Sep 09 00:53:23.756507 np0000192293 devstack@o-api.service[120502]: [pid: 120502|app: 0|req: 11/42] 172.18.0.2 () {54 vars in 1266 bytes} [Wed Sep 9 00:53:23 2026] GET /load-balancer/v2.0/lbaas/pools?name=k8s-clusterapi-cluster-magnum-system-kube-ybq9f-kubeapi-6443 => generated 947 bytes in 63 msecs (HTTP/1.1 200) 4 headers in 157 bytes (1 switches on core 0)
Sep 09 00:53:23.805458 np0000192293 devstack@o-api.service[120503]: [pid: 120503|app: 0|req: 11/43] 172.18.0.2 () {54 vars in 1447 bytes} [Wed Sep 9 00:53:23 2026] GET /load-balancer/v2.0/lbaas/pools/1696a061-09df-409d-9d40-61143454bb33/members?name=k8s-clusterapi-cluster-magnum-system-kube-ybq9f-kubeapi-6443-kube-ybq9f-tv2n5-p82p4 => generated 619 bytes in 46 msecs (HTTP/1.1 200) 4 headers in 157 bytes (1 switches on core 0)
Sep 09 00:53:24.154469 np0000192293 devstack@o-api.service[120501]: [pid: 120501|app: 0|req: 11/44] 172.18.0.2 () {54 vars in 1088 bytes} [Wed Sep 9 00:53:24 2026] GET /load-balancer/ => generated 4776 bytes in 5 msecs (HTTP/1.1 200) 4 headers in 158 bytes (1 switches on core 0)
Sep 09 00:53:24.230269 np0000192293 devstack@o-api.service[120500]: [pid: 120500|app: 0|req: 12/45] 172.18.0.2 () {54 vars in 1266 bytes} [Wed Sep 9 00:53:24 2026] GET /load-balancer/v2.0/lbaas/pools?name=k8s-clusterapi-cluster-magnum-system-kube-ybq9f-kubeapi-6443 => generated 947 bytes in 60 msecs (HTTP/1.1 200) 4 headers in 157 bytes (1 switches on core 0)
Sep 09 00:53:24.299255 np0000192293 devstack@o-api.service[120502]: [pid: 120502|app: 0|req: 12/46] 172.18.0.2 () {54 vars in 1447 bytes} [Wed Sep 9 00:53:24 2026] GET /load-balancer/v2.0/lbaas/pools/1696a061-09df-409d-9d40-61143454bb33/members?name=k8s-clusterapi-cluster-magnum-system-kube-ybq9f-kubeapi-6443-kube-ybq9f-tv2n5-p82p4 => generated 619 bytes in 66 msecs (HTTP/1.1 200) 4 headers in 157 bytes (1 switches on core 0)
Sep 09 00:53:24.649707 np0000192293 devstack@o-api.service[120503]: [pid: 120503|app: 0|req: 12/47] 172.18.0.2 () {54 vars in 1088 bytes} [Wed Sep 9 00:53:24 2026] GET /load-balancer/ => generated 4776 bytes in 6 msecs (HTTP/1.1 200) 4 headers in 158 bytes (1 switches on core 0)
Sep 09 00:53:24.725000 np0000192293 devstack@o-api.service[120501]: [pid: 120501|app: 0|req: 12/48] 172.18.0.2 () {54 vars in 1266 bytes} [Wed Sep 9 00:53:24 2026] GET /load-balancer/v2.0/lbaas/pools?name=k8s-clusterapi-cluster-magnum-system-kube-ybq9f-kubeapi-6443 => generated 947 bytes in 60 msecs (HTTP/1.1 200) 4 headers in 157 bytes (1 switches on core 0)
Sep 09 00:53:24.783717 np0000192293 devstack@o-api.service[120500]: [pid: 120500|app: 0|req: 13/49] 172.18.0.2 () {54 vars in 1447 bytes} [Wed Sep 9 00:53:24 2026] GET /load-balancer/v2.0/lbaas/pools/1696a061-09df-409d-9d40-61143454bb33/members?name=k8s-clusterapi-cluster-magnum-system-kube-ybq9f-kubeapi-6443-kube-ybq9f-tv2n5-p82p4 => generated 619 bytes in 56 msecs (HTTP/1.1 200) 4 headers in 157 bytes (1 switches on core 0)
Sep 09 00:53:25.153547 np0000192293 devstack@o-api.service[120502]: [pid: 120502|app: 0|req: 13/50] 172.18.0.2 () {54 vars in 1088 bytes} [Wed Sep 9 00:53:25 2026] GET /load-balancer/ => generated 4776 bytes in 5 msecs (HTTP/1.1 200) 4 headers in 158 bytes (1 switches on core 0)
Sep 09 00:53:25.215095 np0000192293 devstack@o-api.service[120503]: [pid: 120503|app: 0|req: 13/51] 172.18.0.2 () {54 vars in 1266 bytes} [Wed Sep 9 00:53:25 2026] GET /load-balancer/v2.0/lbaas/pools?name=k8s-clusterapi-cluster-magnum-system-kube-ybq9f-kubeapi-6443 => generated 947 bytes in 47 msecs (HTTP/1.1 200) 4 headers in 157 bytes (1 switches on core 0)
Sep 09 00:53:25.275662 np0000192293 devstack@o-api.service[120501]: [pid: 120501|app: 0|req: 13/52] 172.18.0.2 () {54 vars in 1447 bytes} [Wed Sep 9 00:53:25 2026] GET /load-balancer/v2.0/lbaas/pools/1696a061-09df-409d-9d40-61143454bb33/members?name=k8s-clusterapi-cluster-magnum-system-kube-ybq9f-kubeapi-6443-kube-ybq9f-tv2n5-p82p4 => generated 619 bytes in 58 msecs (HTTP/1.1 200) 4 headers in 157 bytes (1 switches on core 0)
Sep 09 00:53:25.649682 np0000192293 devstack@o-api.service[120500]: [pid: 120500|app: 0|req: 14/53] 172.18.0.2 () {54 vars in 1088 bytes} [Wed Sep 9 00:53:25 2026] GET /load-balancer/ => generated 4776 bytes in 8 msecs (HTTP/1.1 200) 4 headers in 158 bytes (1 switches on core 0)
Sep 09 00:53:25.727923 np0000192293 devstack@o-api.service[120502]: [pid: 120502|app: 0|req: 14/54] 172.18.0.2 () {54 vars in 1266 bytes} [Wed Sep 9 00:53:25 2026] GET /load-balancer/v2.0/lbaas/pools?name=k8s-clusterapi-cluster-magnum-system-kube-ybq9f-kubeapi-6443 => generated 947 bytes in 61 msecs (HTTP/1.1 200) 4 headers in 157 bytes (1 switches on core 0)
Sep 09 00:53:25.779189 np0000192293 devstack@o-api.service[120503]: [pid: 120503|app: 0|req: 14/55] 172.18.0.2 () {54 vars in 1447 bytes} [Wed Sep 9 00:53:25 2026] GET /load-balancer/v2.0/lbaas/pools/1696a061-09df-409d-9d40-61143454bb33/members?name=k8s-clusterapi-cluster-magnum-system-kube-ybq9f-kubeapi-6443-kube-ybq9f-tv2n5-p82p4 => generated 619 bytes in 48 msecs (HTTP/1.1 200) 4 headers in 157 bytes (1 switches on core 0)
Sep 09 00:53:26.158542 np0000192293 devstack@o-api.service[120501]: [pid: 120501|app: 0|req: 14/56] 172.18.0.2 () {54 vars in 1088 bytes} [Wed Sep 9 00:53:26 2026] GET /load-balancer/ => generated 4776 bytes in 5 msecs (HTTP/1.1 200) 4 headers in 158 bytes (1 switches on core 0)
Sep 09 00:53:26.216281 np0000192293 devstack@o-api.service[120500]: [pid: 120500|app: 0|req: 15/57] 172.18.0.2 () {54 vars in 1266 bytes} [Wed Sep 9 00:53:26 2026] GET /load-balancer/v2.0/lbaas/pools?name=k8s-clusterapi-cluster-magnum-system-kube-ybq9f-kubeapi-6443 => generated 947 bytes in 42 msecs (HTTP/1.1 200) 4 headers in 157 bytes (1 switches on core 0)
Sep 09 00:53:26.283271 np0000192293 devstack@o-api.service[120502]: [pid: 120502|app: 0|req: 15/58] 172.18.0.2 () {54 vars in 1447 bytes} [Wed Sep 9 00:53:26 2026] GET /load-balancer/v2.0/lbaas/pools/1696a061-09df-409d-9d40-61143454bb33/members?name=k8s-clusterapi-cluster-magnum-system-kube-ybq9f-kubeapi-6443-kube-ybq9f-tv2n5-p82p4 => generated 619 bytes in 60 msecs (HTTP/1.1 200) 4 headers in 157 bytes (1 switches on core 0)
Sep 09 00:56:01.145384 np0000192293 devstack@o-api.service[120503]: [pid: 120503|app: 0|req: 15/59] 172.18.0.2 () {54 vars in 1088 bytes} [Wed Sep 9 00:56:01 2026] GET /load-balancer/ => generated 4776 bytes in 3 msecs (HTTP/1.1 200) 4 headers in 158 bytes (1 switches on core 0)
Sep 09 00:56:01.201326 np0000192293 devstack@o-api.service[120501]: [pid: 120501|app: 0|req: 15/60] 172.18.0.2 () {54 vars in 1266 bytes} [Wed Sep 9 00:56:01 2026] GET /load-balancer/v2.0/lbaas/pools?name=k8s-clusterapi-cluster-magnum-system-kube-ybq9f-kubeapi-6443 => generated 947 bytes in 45 msecs (HTTP/1.1 200) 4 headers in 157 bytes (1 switches on core 0)
Sep 09 00:56:01.229678 np0000192293 devstack@o-api.service[120500]: [pid: 120500|app: 0|req: 16/61] 172.18.0.2 () {54 vars in 1447 bytes} [Wed Sep 9 00:56:01 2026] GET /load-balancer/v2.0/lbaas/pools/1696a061-09df-409d-9d40-61143454bb33/members?name=k8s-clusterapi-cluster-magnum-system-kube-ybq9f-kubeapi-6443-kube-ybq9f-tv2n5-p82p4 => generated 619 bytes in 26 msecs (HTTP/1.1 200) 4 headers in 157 bytes (1 switches on core 0)
Sep 09 00:56:01.487840 np0000192293 devstack@o-api.service[120502]: [pid: 120502|app: 0|req: 16/62] 172.18.0.2 () {54 vars in 1088 bytes} [Wed Sep 9 00:56:01 2026] GET /load-balancer/ => generated 4776 bytes in 3 msecs (HTTP/1.1 200) 4 headers in 158 bytes (1 switches on core 0)
Sep 09 00:56:01.523810 np0000192293 devstack@o-api.service[120503]: [pid: 120503|app: 0|req: 16/63] 172.18.0.2 () {54 vars in 1266 bytes} [Wed Sep 9 00:56:01 2026] GET /load-balancer/v2.0/lbaas/pools?name=k8s-clusterapi-cluster-magnum-system-kube-ybq9f-kubeapi-6443 => generated 947 bytes in 27 msecs (HTTP/1.1 200) 4 headers in 157 bytes (1 switches on core 0)
Sep 09 00:56:01.555135 np0000192293 devstack@o-api.service[120501]: [pid: 120501|app: 0|req: 16/64] 172.18.0.2 () {54 vars in 1447 bytes} [Wed Sep 9 00:56:01 2026] GET /load-balancer/v2.0/lbaas/pools/1696a061-09df-409d-9d40-61143454bb33/members?name=k8s-clusterapi-cluster-magnum-system-kube-ybq9f-kubeapi-6443-kube-ybq9f-tv2n5-p82p4 => generated 619 bytes in 29 msecs (HTTP/1.1 200) 4 headers in 157 bytes (1 switches on core 0)
Sep 09 00:56:02.057845 np0000192293 devstack@o-api.service[120500]: [pid: 120500|app: 0|req: 17/65] 172.18.0.2 () {54 vars in 1088 bytes} [Wed Sep 9 00:56:02 2026] GET /load-balancer/ => generated 4776 bytes in 3 msecs (HTTP/1.1 200) 4 headers in 158 bytes (1 switches on core 0)
Sep 09 00:56:02.118296 np0000192293 devstack@o-api.service[120502]: [pid: 120502|app: 0|req: 17/66] 172.18.0.2 () {54 vars in 1266 bytes} [Wed Sep 9 00:56:02 2026] GET /load-balancer/v2.0/lbaas/pools?name=k8s-clusterapi-cluster-magnum-system-kube-ybq9f-kubeapi-6443 => generated 947 bytes in 48 msecs (HTTP/1.1 200) 4 headers in 157 bytes (1 switches on core 0)
Sep 09 00:56:02.151326 np0000192293 devstack@o-api.service[120503]: [pid: 120503|app: 0|req: 17/67] 172.18.0.2 () {54 vars in 1447 bytes} [Wed Sep 9 00:56:02 2026] GET /load-balancer/v2.0/lbaas/pools/1696a061-09df-409d-9d40-61143454bb33/members?name=k8s-clusterapi-cluster-magnum-system-kube-ybq9f-kubeapi-6443-kube-ybq9f-tv2n5-p82p4 => generated 619 bytes in 30 msecs (HTTP/1.1 200) 4 headers in 157 bytes (1 switches on core 0)
Sep 09 00:56:02.408731 np0000192293 devstack@o-api.service[120501]: [pid: 120501|app: 0|req: 17/68] 172.18.0.2 () {54 vars in 1088 bytes} [Wed Sep 9 00:56:02 2026] GET /load-balancer/ => generated 4776 bytes in 3 msecs (HTTP/1.1 200) 4 headers in 158 bytes (1 switches on core 0)
Sep 09 00:56:02.457413 np0000192293 devstack@o-api.service[120500]: [pid: 120500|app: 0|req: 18/69] 172.18.0.2 () {54 vars in 1266 bytes} [Wed Sep 9 00:56:02 2026] GET /load-balancer/v2.0/lbaas/pools?name=k8s-clusterapi-cluster-magnum-system-kube-ybq9f-kubeapi-6443 => generated 947 bytes in 38 msecs (HTTP/1.1 200) 4 headers in 157 bytes (1 switches on core 0)
Sep 09 00:56:02.505712 np0000192293 devstack@o-api.service[120502]: [pid: 120502|app: 0|req: 18/70] 172.18.0.2 () {54 vars in 1447 bytes} [Wed Sep 9 00:56:02 2026] GET /load-balancer/v2.0/lbaas/pools/1696a061-09df-409d-9d40-61143454bb33/members?name=k8s-clusterapi-cluster-magnum-system-kube-ybq9f-kubeapi-6443-kube-ybq9f-tv2n5-p82p4 => generated 619 bytes in 46 msecs (HTTP/1.1 200) 4 headers in 157 bytes (1 switches on core 0)
Sep 09 00:56:03.171684 np0000192293 devstack@o-api.service[120503]: [pid: 120503|app: 0|req: 18/71] 172.18.0.2 () {54 vars in 1088 bytes} [Wed Sep 9 00:56:03 2026] GET /load-balancer/ => generated 4776 bytes in 3 msecs (HTTP/1.1 200) 4 headers in 158 bytes (1 switches on core 0)
Sep 09 00:56:03.215610 np0000192293 devstack@o-api.service[120501]: [pid: 120501|app: 0|req: 18/72] 172.18.0.2 () {54 vars in 1266 bytes} [Wed Sep 9 00:56:03 2026] GET /load-balancer/v2.0/lbaas/pools?name=k8s-clusterapi-cluster-magnum-system-kube-ybq9f-kubeapi-6443 => generated 947 bytes in 34 msecs (HTTP/1.1 200) 4 headers in 157 bytes (1 switches on core 0)
