+ exec neutron-metadata-agent --config-file /etc/neutron/neutron.conf --config-file /tmp/pod-shared/neutron-agent.ini --config-file /etc/neutron/metadata_agent.ini /var/lib/openstack/lib/python3.10/site-packages/neutron/common/utils.py:54: UserWarning: pkg_resources is deprecated as an API. See https://setuptools.pypa.io/en/latest/pkg_resources.html. The pkg_resources package is slated for removal as early as 2025-11-30. Refrain from using this package or pin to Setuptools<81. import pkg_resources
2026-07-09 02:09:31.138 38 INFO neutron.common.config [-] Logging enabled!
2026-07-09 02:09:31.139 38 INFO neutron.common.config [-] /var/lib/openstack/bin/neutron-metadata-agent version 23.5.0 /var/lib/openstack/lib/python3.10/site-packages/memcache.py:1303: SyntaxWarning: "is" with a literal. Did you mean "=="? if key is '': /var/lib/openstack/lib/python3.10/site-packages/memcache.py:1304: SyntaxWarning: "is" with a literal. Did you mean "=="? if key_extra_len is 0:
2026-07-09 02:09:31.156 38 INFO oslo_service.service [None req-f27dab03-b0fe-4991-a810-6e16c2a4eecd - - - - - -] Starting 2 workers
2026-07-09 02:09:31.166 47 INFO eventlet.wsgi.server [-] (47) wsgi starting up on http:/var/lib/neutron/openstack-helm/metadata_proxy
2026-07-09 02:09:31.165 46 INFO eventlet.wsgi.server [-] (46) wsgi starting up on http:/var/lib/neutron/openstack-helm/metadata_proxy
2026-07-09 02:11:14.706 47 INFO eventlet.wsgi.server [-] 169.254.169.254, "GET / HTTP/1.1" status: 404 len: 176 time: 0.1188064
2026-07-09 02:13:03.993 47 INFO eventlet.wsgi.server [-] 169.254.169.254, "GET / HTTP/1.1" status: 404 len: 176 time: 0.0066576
2026-07-09 02:16:14.002 47 INFO eventlet.wsgi.server [-] 169.254.169.254, "GET / HTTP/1.1" status: 404 len: 176 time: 0.0059915
2026-07-09 02:16:44.000 47 INFO eventlet.wsgi.server [-] 169.254.169.254, "GET / HTTP/1.1" status: 404 len: 176 time: 0.0049169
2026-07-09 02:19:24.014 47 INFO eventlet.wsgi.server [-] 169.254.169.254, "GET / HTTP/1.1" status: 404 len: 176 time: 0.0071719
2026-07-09 02:22:34.179 46 INFO eventlet.wsgi.server [-] 169.254.169.254, "GET / HTTP/1.1" status: 404 len: 176 time: 0.1160300
2026-07-09 02:25:44.034 46 INFO eventlet.wsgi.server [-] 169.254.169.254, "GET / HTTP/1.1" status: 404 len: 176 time: 0.0052862
2026-07-09 02:26:43.986 46 INFO eventlet.wsgi.server [-] 169.254.169.254, "GET / HTTP/1.1" status: 404 len: 176 time: 0.0105853
2026-07-09 02:28:54.038 46 INFO eventlet.wsgi.server [-] 169.254.169.254, "GET / HTTP/1.1" status: 404 len: 176 time: 0.0065053
2026-07-09 02:32:04.059 46 INFO eventlet.wsgi.server [-] 169.254.169.254, "GET / HTTP/1.1" status: 404 len: 176 time: 0.0073524
2026-07-09 02:35:14.078 46 INFO eventlet.wsgi.server [-] 169.254.169.254, "GET / HTTP/1.1" status: 404 len: 176 time: 0.0580449
2026-07-09 02:36:44.118 47 INFO eventlet.wsgi.server [-] 169.254.169.254, "GET / HTTP/1.1" status: 404 len: 176 time: 0.0042958
2026-07-09 02:38:24.070 47 INFO eventlet.wsgi.server [-] 169.254.169.254, "GET / HTTP/1.1" status: 404 len: 176 time: 0.0182693
2026-07-09 02:41:34.117 46 INFO eventlet.wsgi.server [-] 169.254.169.254, "GET / HTTP/1.1" status: 404 len: 176 time: 0.0110369
2026-07-09 02:44:44.054 47 INFO eventlet.wsgi.server [-] 169.254.169.254, "GET / HTTP/1.1" status: 404 len: 176 time: 0.0097611
2026-07-09 02:45:14.371 47 INFO eventlet.wsgi.server [-] 10.100.0.14, "GET /2009-04-04/meta-data/instance-id HTTP/1.1" status: 200 len: 146 time: 1.9967062
2026-07-09 02:45:14.402 47 INFO eventlet.wsgi.server [-] 10.100.0.14, "GET /2009-04-04/meta-data/public-keys HTTP/1.1" status: 200 len: 164 time: 0.0229661
2026-07-09 02:45:14.428 47 INFO eventlet.wsgi.server [-] 10.100.0.14, "GET /2009-04-04/meta-data/public-keys/0/openssh-key HTTP/1.1" status: 200 len: 341 time: 0.0202560
2026-07-09 02:45:14.452 47 INFO eventlet.wsgi.server [-] 10.100.0.14, "GET /2009-04-04/meta-data/instance-id HTTP/1.1" status: 200 len: 146 time: 0.0138557
2026-07-09 02:45:14.480 47 INFO eventlet.wsgi.server [-] 10.100.0.14, "GET /2009-04-04/meta-data/ami-launch-index HTTP/1.1" status: 200 len: 136 time: 0.0176589
2026-07-09 02:45:14.498 47 INFO eventlet.wsgi.server [-] 10.100.0.14, "GET /2009-04-04/meta-data/instance-type HTTP/1.1" status: 200 len: 142 time: 0.0119128
2026-07-09 02:45:14.517 47 INFO eventlet.wsgi.server [-] 10.100.0.14, "GET /2009-04-04/meta-data/local-ipv4 HTTP/1.1" status: 200 len: 147 time: 0.0124252
2026-07-09 02:45:14.542 46 INFO eventlet.wsgi.server [-] 10.100.0.14, "GET /2009-04-04/meta-data/public-ipv4 HTTP/1.1" status: 200 len: 149 time: 0.0195909
2026-07-09 02:45:14.568 47 INFO eventlet.wsgi.server [-] 10.100.0.14, "GET /2009-04-04/meta-data/hostname HTTP/1.1" status: 200 len: 201 time: 0.0168941
2026-07-09 02:45:14.587 47 INFO eventlet.wsgi.server [-] 10.100.0.14, "GET /2009-04-04/meta-data/local-hostname HTTP/1.1" status: 200 len: 201 time: 0.0129976
2026-07-09 02:45:14.608 47 INFO eventlet.wsgi.server [-] 10.100.0.14, "GET /2009-04-04/user-data HTTP/1.1" status: 200 len: 231 time: 0.0136838
2026-07-09 02:45:14.646 46 INFO eventlet.wsgi.server [-] 10.100.0.14, "GET /2009-04-04/meta-data/block-device-mapping HTTP/1.1" status: 200 len: 143 time: 0.0248234
2026-07-09 02:45:14.669 46 INFO eventlet.wsgi.server [-] 10.100.0.14, "GET /2009-04-04/meta-data/block-device-mapping/ami HTTP/1.1" status: 200 len: 138 time: 0.0179963
2026-07-09 02:45:14.692 46 INFO eventlet.wsgi.server [-] 10.100.0.14, "GET /2009-04-04/meta-data/block-device-mapping/root HTTP/1.1" status: 200 len: 143 time: 0.0121565
2026-07-09 02:45:14.708 46 INFO eventlet.wsgi.server [-] 10.100.0.14, "GET /2009-04-04/meta-data/public-hostname HTTP/1.1" status: 200 len: 201 time: 0.0119185
2026-07-09 02:45:14.739 46 INFO eventlet.wsgi.server [-] 10.100.0.14, "GET /2009-04-04/meta-data/placement/availability-zone HTTP/1.1" status: 200 len: 139 time: 0.0222824
2026-07-09 02:45:58.378 46 INFO eventlet.wsgi.server [-] 10.100.0.5, "GET /2009-04-04/meta-data/instance-id HTTP/1.1" status: 200 len: 146 time: 4.6781838
2026-07-09 02:45:58.401 46 INFO eventlet.wsgi.server [-] 10.100.0.5, "GET /2009-04-04/meta-data/public-keys HTTP/1.1" status: 200 len: 164 time: 0.0142581
2026-07-09 02:45:58.420 46 INFO eventlet.wsgi.server [-] 10.100.0.5, "GET /2009-04-04/meta-data/public-keys/0/openssh-key HTTP/1.1" status: 200 len: 341 time: 0.0139191
2026-07-09 02:45:58.440 46 INFO eventlet.wsgi.server [-] 10.100.0.5, "GET /2009-04-04/meta-data/instance-id HTTP/1.1" status: 200 len: 146 time: 0.0145376
2026-07-09 02:45:58.456 46 INFO eventlet.wsgi.server [-] 10.100.0.5, "GET /2009-04-04/meta-data/ami-launch-index HTTP/1.1" status: 200 len: 136 time: 0.0102897
2026-07-09 02:45:58.485 46 INFO eventlet.wsgi.server [-] 10.100.0.5, "GET /2009-04-04/meta-data/instance-type HTTP/1.1" status: 200 len: 142 time: 0.0232935
2026-07-09 02:45:58.509 46 INFO eventlet.wsgi.server [-] 10.100.0.5, "GET /2009-04-04/meta-data/local-ipv4 HTTP/1.1" status: 200 len: 146 time: 0.0149081
2026-07-09 02:45:58.525 46 INFO eventlet.wsgi.server [-] 10.100.0.5, "GET /2009-04-04/meta-data/public-ipv4 HTTP/1.1" status: 200 len: 149 time: 0.0108123
2026-07-09 02:45:58.546 46 INFO eventlet.wsgi.server [-] 10.100.0.5, "GET /2009-04-04/meta-data/hostname HTTP/1.1" status: 200 len: 192 time: 0.0126154
2026-07-09 02:45:58.567 46 INFO eventlet.wsgi.server [-] 10.100.0.5, "GET /2009-04-04/meta-data/local-hostname HTTP/1.1" status: 200 len: 192 time: 0.0157156
2026-07-09 02:45:58.590 46 INFO eventlet.wsgi.server [-] 10.100.0.5, "GET /2009-04-04/user-data HTTP/1.1" status: 200 len: 231 time: 0.0180469
2026-07-09 02:45:58.629 46 INFO eventlet.wsgi.server [-] 10.100.0.5, "GET /2009-04-04/meta-data/block-device-mapping HTTP/1.1" status: 200 len: 143 time: 0.0130291
2026-07-09 02:45:58.645 46 INFO eventlet.wsgi.server [-] 10.100.0.5, "GET /2009-04-04/meta-data/block-device-mapping/ami HTTP/1.1" status: 200 len: 138 time: 0.0110576
2026-07-09 02:45:58.660 46 INFO eventlet.wsgi.server [-] 10.100.0.5, "GET /2009-04-04/meta-data/block-device-mapping/root HTTP/1.1" status: 200 len: 143 time: 0.0100181
2026-07-09 02:45:58.679 46 INFO eventlet.wsgi.server [-] 10.100.0.5, "GET /2009-04-04/meta-data/public-hostname HTTP/1.1" status: 200 len: 192 time: 0.0115702
2026-07-09 02:45:58.698 47 INFO eventlet.wsgi.server [-] 10.100.0.5, "GET /2009-04-04/meta-data/placement/availability-zone HTTP/1.1" status: 200 len: 139 time: 0.0129049
2026-07-09 02:46:19.266 46 INFO eventlet.wsgi.server [-] 10.100.0.5, "GET /2009-04-04/meta-data/instance-id HTTP/1.1" status: 200 len: 146 time: 0.4074993
2026-07-09 02:46:19.289 46 INFO eventlet.wsgi.server [-] 10.100.0.5, "GET /2009-04-04/meta-data/public-keys HTTP/1.1" status: 200 len: 164 time: 0.0134706
2026-07-09 02:46:19.307 46 INFO eventlet.wsgi.server [-] 10.100.0.5, "GET /2009-04-04/meta-data/public-keys/0/openssh-key HTTP/1.1" status: 200 len: 341 time: 0.0127826
2026-07-09 02:46:19.332 46 INFO eventlet.wsgi.server [-] 10.100.0.5, "GET /2009-04-04/meta-data/instance-id HTTP/1.1" status: 200 len: 146 time: 0.0157444
2026-07-09 02:46:19.356 47 INFO eventlet.wsgi.server [-] 10.100.0.5, "GET /2009-04-04/meta-data/ami-launch-index HTTP/1.1" status: 200 len: 136 time: 0.0158372
2026-07-09 02:46:19.376 47 INFO eventlet.wsgi.server [-] 10.100.0.5, "GET /2009-04-04/meta-data/instance-type HTTP/1.1" status: 200 len: 142 time: 0.0115542
2026-07-09 02:46:19.396 47 INFO eventlet.wsgi.server [-] 10.100.0.5, "GET /2009-04-04/meta-data/local-ipv4 HTTP/1.1" status: 200 len: 146 time: 0.0125644
2026-07-09 02:46:19.418 47 INFO eventlet.wsgi.server [-] 10.100.0.5, "GET /2009-04-04/meta-data/public-ipv4 HTTP/1.1" status: 200 len: 149 time: 0.0148773
2026-07-09 02:46:19.439 47 INFO eventlet.wsgi.server [-] 10.100.0.5, "GET /2009-04-04/meta-data/hostname HTTP/1.1" status: 200 len: 192 time: 0.0148621
2026-07-09 02:46:19.460 47 INFO eventlet.wsgi.server [-] 10.100.0.5, "GET /2009-04-04/meta-data/local-hostname HTTP/1.1" status: 200 len: 192 time: 0.0135274
2026-07-09 02:46:19.485 47 INFO eventlet.wsgi.server [-] 10.100.0.5, "GET /2009-04-04/user-data HTTP/1.1" status: 200 len: 231 time: 0.0162020
2026-07-09 02:46:19.510 47 INFO eventlet.wsgi.server [-] 10.100.0.5, "GET /2009-04-04/meta-data/block-device-mapping HTTP/1.1" status: 200 len: 143 time: 0.0177145
2026-07-09 02:46:19.532 47 INFO eventlet.wsgi.server [-] 10.100.0.5, "GET /2009-04-04/meta-data/block-device-mapping/ami HTTP/1.1" status: 200 len: 138 time: 0.0159271
2026-07-09 02:46:19.552 47 INFO eventlet.wsgi.server [-] 10.100.0.5, "GET /2009-04-04/meta-data/block-device-mapping/root HTTP/1.1" status: 200 len: 143 time: 0.0126436
2026-07-09 02:46:19.573 47 INFO eventlet.wsgi.server [-] 10.100.0.5, "GET /2009-04-04/meta-data/public-hostname HTTP/1.1" status: 200 len: 192 time: 0.0143137
2026-07-09 02:46:19.594 47 INFO eventlet.wsgi.server [-] 10.100.0.5, "GET /2009-04-04/meta-data/placement/availability-zone HTTP/1.1" status: 200 len: 139 time: 0.0118339
2026-07-09 02:46:44.204 47 INFO eventlet.wsgi.server [-] 169.254.169.254, "GET / HTTP/1.1" status: 404 len: 176 time: 0.0627470
2026-07-09 02:47:54.133 47 INFO eventlet.wsgi.server [-] 169.254.169.254, "GET / HTTP/1.1" status: 404 len: 176 time: 0.0205834
2026-07-09 02:48:18.736 47 INFO eventlet.wsgi.server [-] 10.100.0.6, "GET /2009-04-04/meta-data/instance-id HTTP/1.1" status: 200 len: 146 time: 0.7056303
2026-07-09 02:48:18.770 46 INFO eventlet.wsgi.server [-] 10.100.0.6, "GET /2009-04-04/meta-data/public-keys HTTP/1.1" status: 200 len: 176 time: 0.0255015
2026-07-09 02:48:18.801 47 INFO eventlet.wsgi.server [-] 10.100.0.6, "GET /2009-04-04/meta-data/public-keys/0/openssh-key HTTP/1.1" status: 200 len: 341 time: 0.0242238
2026-07-09 02:48:18.826 46 INFO eventlet.wsgi.server [-] 10.100.0.6, "GET /2009-04-04/meta-data/instance-id HTTP/1.1" status: 200 len: 146 time: 0.0163422
2026-07-09 02:48:18.852 47 INFO eventlet.wsgi.server [-] 10.100.0.6, "GET /2009-04-04/meta-data/ami-launch-index HTTP/1.1" status: 200 len: 136 time: 0.0172157
2026-07-09 02:48:18.882 46 INFO eventlet.wsgi.server [-] 10.100.0.6, "GET /2009-04-04/meta-data/instance-type HTTP/1.1" status: 200 len: 142 time: 0.0196848
2026-07-09 02:48:18.907 47 INFO eventlet.wsgi.server [-] 10.100.0.6, "GET /2009-04-04/meta-data/local-ipv4 HTTP/1.1" status: 200 len: 146 time: 0.0164869
2026-07-09 02:48:18.937 47 INFO eventlet.wsgi.server [-] 10.100.0.6, "GET /2009-04-04/meta-data/public-ipv4 HTTP/1.1" status: 200 len: 149 time: 0.0205660
2026-07-09 02:48:18.972 46 INFO eventlet.wsgi.server [-] 10.100.0.6, "GET /2009-04-04/meta-data/hostname HTTP/1.1" status: 200 len: 190 time: 0.0286551
2026-07-09 02:48:19.003 47 INFO eventlet.wsgi.server [-] 10.100.0.6, "GET /2009-04-04/meta-data/local-hostname HTTP/1.1" status: 200 len: 190 time: 0.0233402
2026-07-09 02:48:19.033 46 INFO neutron.agent.metadata.agent [-] The instance: 0ea56e78-e722-49c8-b0b8-42c8a9ae824e is not present anymore, skipping cache...
2026-07-09 02:48:19.098 46 INFO eventlet.wsgi.server [-] 10.100.0.6, "GET /2009-04-04/user-data HTTP/1.1" status: 404 len: 297 time: 0.0823772
2026-07-09 02:48:19.167 47 INFO eventlet.wsgi.server [-] 10.100.0.6, "GET /2009-04-04/meta-data/block-device-mapping HTTP/1.1" status: 200 len: 143 time: 0.0347328
2026-07-09 02:48:19.185 47 INFO eventlet.wsgi.server [-] 10.100.0.6, "GET /2009-04-04/meta-data/block-device-mapping/ami HTTP/1.1" status: 200 len: 138 time: 0.0139396
2026-07-09 02:48:19.211 46 INFO eventlet.wsgi.server [-] 10.100.0.6, "GET /2009-04-04/meta-data/block-device-mapping/root HTTP/1.1" status: 200 len: 143 time: 0.0185790
2026-07-09 02:48:19.238 46 INFO eventlet.wsgi.server [-] 10.100.0.6, "GET /2009-04-04/meta-data/public-hostname HTTP/1.1" status: 200 len: 190 time: 0.0173726
2026-07-09 02:48:19.262 46 INFO eventlet.wsgi.server [-] 10.100.0.6, "GET /2009-04-04/meta-data/placement/availability-zone HTTP/1.1" status: 200 len: 139 time: 0.0188239
2026-07-09 02:48:29.537 46 INFO eventlet.wsgi.server [-] 10.100.0.9, "GET /latest/meta-data/public-ipv4 HTTP/1.1" status: 200 len: 149 time: 0.7688756
2026-07-09 02:48:29.898 47 INFO eventlet.wsgi.server [-] 10.100.0.9, "POST /openstack/2013-10-17/password HTTP/1.1" status: 200 len: 134 time: 0.2409890
2026-07-09 02:48:47.410 46 INFO eventlet.wsgi.server [-] 10.100.0.10, "GET /2009-04-04/meta-data/instance-id HTTP/1.1" status: 200 len: 146 time: 0.2656791
2026-07-09 02:48:47.444 46 INFO eventlet.wsgi.server [-] 10.100.0.10, "GET /2009-04-04/meta-data/public-keys HTTP/1.1" status: 200 len: 175 time: 0.0199466
2026-07-09 02:48:47.467 46 INFO eventlet.wsgi.server [-] 10.100.0.10, "GET /2009-04-04/meta-data/public-keys/0/openssh-key HTTP/1.1" status: 200 len: 341 time: 0.0155036
2026-07-09 02:48:47.496 46 INFO eventlet.wsgi.server [-] 10.100.0.10, "GET /2009-04-04/meta-data/instance-id HTTP/1.1" status: 200 len: 146 time: 0.0200746
2026-07-09 02:48:47.525 46 INFO eventlet.wsgi.server [-] 10.100.0.10, "GET /2009-04-04/meta-data/ami-launch-index HTTP/1.1" status: 200 len: 136 time: 0.0171738
2026-07-09 02:48:47.549 46 INFO eventlet.wsgi.server [-] 10.100.0.10, "GET /2009-04-04/meta-data/instance-type HTTP/1.1" status: 200 len: 142 time: 0.0155964
2026-07-09 02:48:47.570 47 INFO eventlet.wsgi.server [-] 10.100.0.10, "GET /2009-04-04/meta-data/local-ipv4 HTTP/1.1" status: 200 len: 147 time: 0.0161183
2026-07-09 02:48:47.596 47 INFO eventlet.wsgi.server [-] 10.100.0.10, "GET /2009-04-04/meta-data/public-ipv4 HTTP/1.1" status: 200 len: 149 time: 0.0188468
2026-07-09 02:48:47.627 47 INFO eventlet.wsgi.server [-] 10.100.0.10, "GET /2009-04-04/meta-data/hostname HTTP/1.1" status: 200 len: 190 time: 0.0246670
2026-07-09 02:48:47.664 47 INFO eventlet.wsgi.server [-] 10.100.0.10, "GET /2009-04-04/meta-data/local-hostname HTTP/1.1" status: 200 len: 190 time: 0.0298507
2026-07-09 02:48:47.685 47 INFO neutron.agent.metadata.agent [-] The instance: e8ad545c-0995-488f-b77d-c54ac586edc0 is not present anymore, skipping cache...
2026-07-09 02:48:47.715 47 INFO eventlet.wsgi.server [-] 10.2.1.12, "GET /2009-04-04/meta-data/instance-id HTTP/1.1" status: 200 len: 146 time: 0.2682750
2026-07-09 02:48:47.751 47 INFO eventlet.wsgi.server [-] 10.2.1.12, "GET /2009-04-04/meta-data/public-keys HTTP/1.1" status: 200 len: 173 time: 0.0261793
2026-07-09 02:48:47.766 47 INFO eventlet.wsgi.server [-] 10.100.0.10, "GET /2009-04-04/user-data HTTP/1.1" status: 404 len: 297 time: 0.0941100
2026-07-09 02:48:47.778 46 INFO eventlet.wsgi.server [-] 10.2.1.12, "GET /2009-04-04/meta-data/public-keys/0/openssh-key HTTP/1.1" status: 200 len: 341 time: 0.0191572
2026-07-09 02:48:47.797 47 INFO eventlet.wsgi.server [-] 10.100.0.10, "GET /2009-04-04/meta-data/block-device-mapping HTTP/1.1" status: 200 len: 143 time: 0.0169253
2026-07-09 02:48:47.806 46 INFO eventlet.wsgi.server [-] 10.2.1.12, "GET /2009-04-04/meta-data/instance-id HTTP/1.1" status: 200 len: 146 time: 0.0171056
2026-07-09 02:48:47.818 47 INFO eventlet.wsgi.server [-] 10.100.0.10, "GET /2009-04-04/meta-data/block-device-mapping/ami HTTP/1.1" status: 200 len: 138 time: 0.0130596
2026-07-09 02:48:47.831 46 INFO eventlet.wsgi.server [-] 10.2.1.12, "GET /2009-04-04/meta-data/ami-launch-index HTTP/1.1" status: 200 len: 136 time: 0.0145445
2026-07-09 02:48:47.843 47 INFO eventlet.wsgi.server [-] 10.100.0.10, "GET /2009-04-04/meta-data/block-device-mapping/root HTTP/1.1" status: 200 len: 143 time: 0.0186484
2026-07-09 02:48:47.853 47 INFO eventlet.wsgi.server [-] 10.2.1.12, "GET /2009-04-04/meta-data/instance-type HTTP/1.1" status: 200 len: 142 time: 0.0132158
2026-07-09 02:48:47.863 47 INFO eventlet.wsgi.server [-] 10.100.0.10, "GET /2009-04-04/meta-data/public-hostname HTTP/1.1" status: 200 len: 190 time: 0.0132382
2026-07-09 02:48:47.884 46 INFO eventlet.wsgi.server [-] 10.2.1.12, "GET /2009-04-04/meta-data/local-ipv4 HTTP/1.1" status: 200 len: 144 time: 0.0199215
2026-07-09 02:48:47.886 47 INFO eventlet.wsgi.server [-] 10.100.0.10, "GET /2009-04-04/meta-data/placement/availability-zone HTTP/1.1" status: 200 len: 139 time: 0.0161738
2026-07-09 02:48:47.909 47 INFO eventlet.wsgi.server [-] 10.2.1.12, "GET /2009-04-04/meta-data/public-ipv4 HTTP/1.1" status: 200 len: 149 time: 0.0128002
2026-07-09 02:48:47.946 47 INFO eventlet.wsgi.server [-] 10.2.1.12, "GET /2009-04-04/meta-data/hostname HTTP/1.1" status: 200 len: 184 time: 0.0271125
2026-07-09 02:48:47.969 47 INFO eventlet.wsgi.server [-] 10.2.1.12, "GET /2009-04-04/meta-data/local-hostname HTTP/1.1" status: 200 len: 184 time: 0.0148246
2026-07-09 02:48:48.001 47 INFO neutron.agent.metadata.agent [-] The instance: 67dc6cde-cc8f-4b7f-8d03-48104965c1d0 is not present anymore, skipping cache...
2026-07-09 02:48:48.056 47 INFO eventlet.wsgi.server [-] 10.2.1.12, "GET /2009-04-04/user-data HTTP/1.1" status: 404 len: 297 time: 0.0812318
2026-07-09 02:48:48.094 47 INFO eventlet.wsgi.server [-] 10.2.1.12, "GET /2009-04-04/meta-data/block-device-mapping HTTP/1.1" status: 200 len: 143 time: 0.0127850
2026-07-09 02:48:48.119 47 INFO eventlet.wsgi.server [-] 10.2.1.12, "GET /2009-04-04/meta-data/block-device-mapping/ami HTTP/1.1" status: 200 len: 138 time: 0.0207331
2026-07-09 02:48:48.147 47 INFO eventlet.wsgi.server [-] 10.2.1.12, "GET /2009-04-04/meta-data/block-device-mapping/root HTTP/1.1" status: 200 len: 143 time: 0.0210485
2026-07-09 02:48:48.175 47 INFO eventlet.wsgi.server [-] 10.2.1.12, "GET /2009-04-04/meta-data/public-hostname HTTP/1.1" status: 200 len: 184 time: 0.0145898
2026-07-09 02:48:48.208 47 INFO eventlet.wsgi.server [-] 10.2.1.12, "GET /2009-04-04/meta-data/placement/availability-zone HTTP/1.1" status: 200 len: 139 time: 0.0252728
2026-07-09 02:48:58.270 46 INFO eventlet.wsgi.server [-] 10.2.2.43, "GET /2009-04-04/meta-data/instance-id HTTP/1.1" status: 200 len: 146 time: 0.2427452
2026-07-09 02:48:58.295 46 INFO eventlet.wsgi.server [-] 10.2.2.43, "GET /2009-04-04/meta-data/public-keys HTTP/1.1" status: 200 len: 173 time: 0.0125029
2026-07-09 02:48:58.318 46 INFO eventlet.wsgi.server [-] 10.2.2.43, "GET /2009-04-04/meta-data/public-keys/0/openssh-key HTTP/1.1" status: 200 len: 341 time: 0.0174489
2026-07-09 02:48:58.339 46 INFO eventlet.wsgi.server [-] 10.2.2.43, "GET /2009-04-04/meta-data/instance-id HTTP/1.1" status: 200 len: 146 time: 0.0128078
2026-07-09 02:48:58.357 46 INFO eventlet.wsgi.server [-] 10.2.2.43, "GET /2009-04-04/meta-data/ami-launch-index HTTP/1.1" status: 200 len: 136 time: 0.0111516
2026-07-09 02:48:58.375 46 INFO eventlet.wsgi.server [-] 10.2.2.43, "GET /2009-04-04/meta-data/instance-type HTTP/1.1" status: 200 len: 142 time: 0.0133944
2026-07-09 02:48:58.398 46 INFO eventlet.wsgi.server [-] 10.2.2.43, "GET /2009-04-04/meta-data/local-ipv4 HTTP/1.1" status: 200 len: 144 time: 0.0154936
2026-07-09 02:48:58.422 46 INFO eventlet.wsgi.server [-] 10.2.2.43, "GET /2009-04-04/meta-data/public-ipv4 HTTP/1.1" status: 200 len: 149 time: 0.0149832
2026-07-09 02:48:58.477 46 INFO eventlet.wsgi.server [-] 10.2.2.43, "GET /2009-04-04/meta-data/hostname HTTP/1.1" status: 200 len: 184 time: 0.0211372
2026-07-09 02:48:58.494 46 INFO eventlet.wsgi.server [-] 10.2.2.43, "GET /2009-04-04/meta-data/local-hostname HTTP/1.1" status: 200 len: 184 time: 0.0111597
2026-07-09 02:48:58.513 46 INFO neutron.agent.metadata.agent [-] The instance: f26fad06-d485-42ff-9e91-bdec5b2cacd0 is not present anymore, skipping cache...
2026-07-09 02:48:58.562 46 INFO eventlet.wsgi.server [-] 10.2.2.43, "GET /2009-04-04/user-data HTTP/1.1" status: 404 len: 297 time: 0.0620360
2026-07-09 02:48:58.589 47 INFO eventlet.wsgi.server [-] 10.2.2.43, "GET /2009-04-04/meta-data/block-device-mapping HTTP/1.1" status: 200 len: 143 time: 0.0140557
2026-07-09 02:48:58.610 46 INFO eventlet.wsgi.server [-] 10.2.2.43, "GET /2009-04-04/meta-data/block-device-mapping/ami HTTP/1.1" status: 200 len: 138 time: 0.0143356
2026-07-09 02:48:58.629 47 INFO eventlet.wsgi.server [-] 10.2.2.43, "GET /2009-04-04/meta-data/block-device-mapping/root HTTP/1.1" status: 200 len: 143 time: 0.0129721
2026-07-09 02:48:58.656 47 INFO eventlet.wsgi.server [-] 10.2.2.43, "GET /2009-04-04/meta-data/public-hostname HTTP/1.1" status: 200 len: 184 time: 0.0189333
2026-07-09 02:48:58.676 47 INFO eventlet.wsgi.server [-] 10.2.2.43, "GET /2009-04-04/meta-data/placement/availability-zone HTTP/1.1" status: 200 len: 139 time: 0.0146017
2026-07-09 02:51:04.063 47 INFO eventlet.wsgi.server [-] 169.254.169.254, "GET / HTTP/1.1" status: 404 len: 176 time: 0.0041938
2026-07-09 02:54:14.062 47 INFO eventlet.wsgi.server [-] 169.254.169.254, "GET / HTTP/1.1" status: 404 len: 176 time: 0.0131593
2026-07-09 02:56:44.250 47 INFO eventlet.wsgi.server [-] 169.254.169.254, "GET / HTTP/1.1" status: 404 len: 176 time: 0.0623767
2026-07-09 02:57:24.015 47 INFO eventlet.wsgi.server [-] 169.254.169.254, "GET / HTTP/1.1" status: 404 len: 176 time: 0.0046968