+ COMMAND=start + start + for KEYSTONE_WSGI_SCRIPT in keystone-wsgi-public ++ type -p keystone-wsgi-public + cp -a /var/lib/openstack/bin/keystone-wsgi-public /var/www/cgi-bin/keystone/ + '[' -f /etc/apache2/envvars ']' + source /etc/apache2/envvars ++ unset HOME ++ '[' '' '!=' '' ']' ++ SUFFIX= ++ export APACHE_RUN_USER=www-data ++ APACHE_RUN_USER=www-data ++ export APACHE_RUN_GROUP=www-data ++ APACHE_RUN_GROUP=www-data ++ export APACHE_PID_FILE=/var/run/apache2/apache2.pid ++ APACHE_PID_FILE=/var/run/apache2/apache2.pid ++ export APACHE_RUN_DIR=/var/run/apache2 ++ APACHE_RUN_DIR=/var/run/apache2 ++ export APACHE_LOCK_DIR=/var/lock/apache2 ++ APACHE_LOCK_DIR=/var/lock/apache2 ++ export APACHE_LOG_DIR=/var/log/apache2 ++ APACHE_LOG_DIR=/var/log/apache2 ++ export LANG=C ++ LANG=C ++ export LANG + '[' -f /var/run/apache2/apache2.pid ']' + exec apache2 -DFOREGROUND AH00558: apache2: Could not reliably determine the server's fully qualified domain name, using 10.0.0.65. Set the 'ServerName' directive globally to suppress this message AH00558: apache2: Could not reliably determine the server's fully qualified domain name, using 10.0.0.65. Set the 'ServerName' directive globally to suppress this message
[Fri Jul 03 12:08:59.231507 2026] [mpm_event:notice] [pid 1:tid 139680380290944] AH00489: Apache/2.4.58 (Ubuntu) mod_wsgi/5.0.0 Python/3.12 configured -- resuming normal operations
[Fri Jul 03 12:08:59.231683 2026] [core:notice] [pid 1:tid 139680380290944] AH00094: Command line: 'apache2 -D FOREGROUND'
[Fri Jul 03 12:09:58.624342 2026] [wsgi:error] [pid 10:tid 139679742469824] /var/lib/openstack/lib/python3.12/site-packages/oslo_utils/importutils.py:77: EventletDeprecationWarning:
[Fri Jul 03 12:09:58.624384 2026] [wsgi:error] [pid 10:tid 139679742469824] Eventlet is deprecated. It is currently being maintained in bugfix mode, and
[Fri Jul 03 12:09:58.624386 2026] [wsgi:error] [pid 10:tid 139679742469824] we strongly recommend against using it for new projects.
[Fri Jul 03 12:09:58.624388 2026] [wsgi:error] [pid 10:tid 139679742469824]
[Fri Jul 03 12:09:58.624389 2026] [wsgi:error] [pid 10:tid 139679742469824] If you are already using Eventlet, we recommend migrating to a different
[Fri Jul 03 12:09:58.624390 2026] [wsgi:error] [pid 10:tid 139679742469824] framework. For more detail see
[Fri Jul 03 12:09:58.624391 2026] [wsgi:error] [pid 10:tid 139679742469824] https://eventlet.readthedocs.io/en/latest/asyncio/migration.html
[Fri Jul 03 12:09:58.624392 2026] [wsgi:error] [pid 10:tid 139679742469824]
[Fri Jul 03 12:09:58.624393 2026] [wsgi:error] [pid 10:tid 139679742469824] __import__(import_str)
[Fri Jul 03 12:09:58.651244 2026] [wsgi:error] [pid 9:tid 139679742469824] /var/lib/openstack/lib/python3.12/site-packages/oslo_utils/importutils.py:77: EventletDeprecationWarning:
[Fri Jul 03 12:09:58.651279 2026] [wsgi:error] [pid 9:tid 139679742469824] Eventlet is deprecated. It is currently being maintained in bugfix mode, and
[Fri Jul 03 12:09:58.651281 2026] [wsgi:error] [pid 9:tid 139679742469824] we strongly recommend against using it for new projects.
[Fri Jul 03 12:09:58.651282 2026] [wsgi:error] [pid 9:tid 139679742469824]
[Fri Jul 03 12:09:58.651284 2026] [wsgi:error] [pid 9:tid 139679742469824] If you are already using Eventlet, we recommend migrating to a different
[Fri Jul 03 12:09:58.651285 2026] [wsgi:error] [pid 9:tid 139679742469824] framework. For more detail see
[Fri Jul 03 12:09:58.651287 2026] [wsgi:error] [pid 9:tid 139679742469824] https://eventlet.readthedocs.io/en/latest/asyncio/migration.html
[Fri Jul 03 12:09:58.651288 2026] [wsgi:error] [pid 9:tid 139679742469824]
[Fri Jul 03 12:09:58.651290 2026] [wsgi:error] [pid 9:tid 139679742469824] __import__(import_str) 10.0.0.136 - - [03/Jul/2026:12:09:57 +0000] "GET /v3/ HTTP/1.1" 200 249 10.0.0.136 - - [03/Jul/2026:12:09:57 +0000] "GET /v3/ HTTP/1.1" 200 249
[Fri Jul 03 12:10:03.932955 2026] [wsgi:error] [pid 12:tid 139679742469824] /var/lib/openstack/lib/python3.12/site-packages/oslo_utils/importutils.py:77: EventletDeprecationWarning:
[Fri Jul 03 12:10:03.933061 2026] [wsgi:error] [pid 12:tid 139679742469824] Eventlet is deprecated. It is currently being maintained in bugfix mode, and
[Fri Jul 03 12:10:03.933074 2026] [wsgi:error] [pid 12:tid 139679742469824] we strongly recommend against using it for new projects.
[Fri Jul 03 12:10:03.933085 2026] [wsgi:error] [pid 12:tid 139679742469824]
[Fri Jul 03 12:10:03.933096 2026] [wsgi:error] [pid 12:tid 139679742469824] If you are already using Eventlet, we recommend migrating to a different
[Fri Jul 03 12:10:03.933105 2026] [wsgi:error] [pid 12:tid 139679742469824] framework. For more detail see
[Fri Jul 03 12:10:03.933115 2026] [wsgi:error] [pid 12:tid 139679742469824] https://eventlet.readthedocs.io/en/latest/asyncio/migration.html
[Fri Jul 03 12:10:03.933125 2026] [wsgi:error] [pid 12:tid 139679742469824]
[Fri Jul 03 12:10:03.933134 2026] [wsgi:error] [pid 12:tid 139679742469824] __import__(import_str) 10.0.0.136 - - [03/Jul/2026:12:10:03 +0000] "GET /v3/ HTTP/1.1" 200 249
[Fri Jul 03 12:10:11.179945 2026] [wsgi:error] [pid 11:tid 139679742469824] /var/lib/openstack/lib/python3.12/site-packages/oslo_utils/importutils.py:77: EventletDeprecationWarning:
[Fri Jul 03 12:10:11.179989 2026] [wsgi:error] [pid 11:tid 139679742469824] Eventlet is deprecated. It is currently being maintained in bugfix mode, and
[Fri Jul 03 12:10:11.179992 2026] [wsgi:error] [pid 11:tid 139679742469824] we strongly recommend against using it for new projects.
[Fri Jul 03 12:10:11.179993 2026] [wsgi:error] [pid 11:tid 139679742469824]
[Fri Jul 03 12:10:11.179994 2026] [wsgi:error] [pid 11:tid 139679742469824] If you are already using Eventlet, we recommend migrating to a different
[Fri Jul 03 12:10:11.179996 2026] [wsgi:error] [pid 11:tid 139679742469824] framework. For more detail see
[Fri Jul 03 12:10:11.179997 2026] [wsgi:error] [pid 11:tid 139679742469824] https://eventlet.readthedocs.io/en/latest/asyncio/migration.html
[Fri Jul 03 12:10:11.179999 2026] [wsgi:error] [pid 11:tid 139679742469824]
[Fri Jul 03 12:10:11.180000 2026] [wsgi:error] [pid 11:tid 139679742469824] __import__(import_str) 10.0.0.234 - - [03/Jul/2026:12:10:10 +0000] "GET / HTTP/1.1" 300 295
[Fri Jul 03 12:10:15.817021 2026] [wsgi:error] [pid 9:tid 139679742469824] [remote 10.0.0.234:33298] 2026-07-03 12:10:15.813 9 WARNING keystone.identity.core [None req-35b42cf1-decf-4cd5-aebf-fb7f863fdf11 - - - - - -] Invalid domain name (atmosphere) found in config file name: keystone.exception.DomainNotFound: Could not find domain: atmosphere.
[Fri Jul 03 12:10:15.888353 2026] [wsgi:error] [pid 9:tid 139679742469824] [remote 10.0.0.234:33298] 2026-07-03 12:10:15.887 9 WARNING keystone.common.password_hashing [None req-35b42cf1-decf-4cd5-aebf-fb7f863fdf11 - - - - - -] Truncating password to algorithm specific maximum length 72 characters.
[Fri Jul 03 12:10:16.192285 2026] [wsgi:error] [pid 9:tid 139679742469824] [remote 10.0.0.234:33298] 2026-07-03 12:10:16.192 9 WARNING keystone.common.fernet_utils [None req-35b42cf1-decf-4cd5-aebf-fb7f863fdf11 - - - - - -] key_repository is world readable: /etc/keystone/fernet-keys/ 10.0.0.234 - - [03/Jul/2026:12:10:15 +0000] "POST /v3/auth/tokens HTTP/1.1" 201 1359
[Fri Jul 03 12:10:16.581944 2026] [wsgi:error] [pid 10:tid 139679742469824] [remote 10.0.0.234:33298] 2026-07-03 12:10:16.579 10 WARNING keystone.identity.core [None req-0a9fc058-45b5-4a9f-88f8-c3e85f25f013 - - - - - -] Invalid domain name (atmosphere) found in config file name: keystone.exception.DomainNotFound: Could not find domain: atmosphere. 10.0.0.234 - - [03/Jul/2026:12:10:16 +0000] "POST /v3/domains HTTP/1.1" 201 261 10.0.0.94 - - [03/Jul/2026:12:10:28 +0000] "GET / HTTP/1.1" 300 295
[Fri Jul 03 12:10:28.895485 2026] [wsgi:error] [pid 11:tid 139679742469824] [remote 10.0.0.94:54310] 2026-07-03 12:10:28.894 11 WARNING keystone.common.password_hashing [None req-42b05932-e661-45c0-b555-88c244dc8d3d - - - - - -] Truncating password to algorithm specific maximum length 72 characters.
[Fri Jul 03 12:10:29.167749 2026] [wsgi:error] [pid 11:tid 139679742469824] [remote 10.0.0.94:54310] 2026-07-03 12:10:29.167 11 WARNING keystone.common.fernet_utils [None req-42b05932-e661-45c0-b555-88c244dc8d3d - - - - - -] key_repository is world readable: /etc/keystone/fernet-keys/ 10.0.0.94 - - [03/Jul/2026:12:10:28 +0000] "POST /v3/auth/tokens HTTP/1.1" 201 1359 10.0.0.94 - - [03/Jul/2026:12:10:29 +0000] "GET /v3/roles/admin HTTP/1.1" 404 83
[Fri Jul 03 12:10:29.416874 2026] [wsgi:error] [pid 10:tid 139679742469824] [remote 10.0.0.94:54310] 2026-07-03 12:10:29.416 10 WARNING keystone.common.rbac_enforcer.enforcer [None req-1665772b-efcb-4aa0-acd3-6aabcef9c524 9972d5a0c2ec47f48fd1d4ee3d28380b 4b0c54b466574bc19c72b8a78b354f00 - - default default] Deprecated policy rules found. Use oslopolicy-policy-generator and oslopolicy-policy-upgrade to detect and resolve deprecated policies in your configuration. 10.0.0.94 - - [03/Jul/2026:12:10:29 +0000] "GET /v3/roles?name=admin HTTP/1.1" 200 389
[Fri Jul 03 12:10:29.914107 2026] [wsgi:error] [pid 12:tid 139679742469824] [remote 10.0.0.94:54310] 2026-07-03 12:10:29.913 12 WARNING keystone.common.rbac_enforcer.enforcer [None req-11a5c361-0390-4ec3-a07d-84ab383a5da1 9972d5a0c2ec47f48fd1d4ee3d28380b 4b0c54b466574bc19c72b8a78b354f00 - - default default] Deprecated policy rules found. Use oslopolicy-policy-generator and oslopolicy-policy-upgrade to detect and resolve deprecated policies in your configuration. 10.0.0.94 - - [03/Jul/2026:12:10:29 +0000] "GET /v3/users/admin-RegionOne HTTP/1.1" 404 93
[Fri Jul 03 12:10:30.052114 2026] [wsgi:error] [pid 11:tid 139679742469824] [remote 10.0.0.94:54310] 2026-07-03 12:10:30.051 11 WARNING keystone.common.rbac_enforcer.enforcer [None req-3ab1f49c-286f-4f66-bdb4-8d7316ec2052 9972d5a0c2ec47f48fd1d4ee3d28380b 4b0c54b466574bc19c72b8a78b354f00 - - default default] Deprecated policy rules found. Use oslopolicy-policy-generator and oslopolicy-policy-upgrade to detect and resolve deprecated policies in your configuration. 10.0.0.94 - - [03/Jul/2026:12:10:29 +0000] "GET /v3/users?name=admin-RegionOne HTTP/1.1" 200 422
[Fri Jul 03 12:10:30.218189 2026] [wsgi:error] [pid 9:tid 139679742469824] [remote 10.0.0.94:54310] 2026-07-03 12:10:30.217 9 WARNING keystone.common.rbac_enforcer.enforcer [None req-b04b570e-9817-42c1-a702-037bf9887c02 9972d5a0c2ec47f48fd1d4ee3d28380b 4b0c54b466574bc19c72b8a78b354f00 - - default default] Deprecated policy rules found. Use oslopolicy-policy-generator and oslopolicy-policy-upgrade to detect and resolve deprecated policies in your configuration. 10.0.0.94 - - [03/Jul/2026:12:10:30 +0000] "GET /v3/domains/default HTTP/1.1" 200 224 10.0.0.94 - - [03/Jul/2026:12:10:30 +0000] "PUT /v3/domains/default/users/9972d5a0c2ec47f48fd1d4ee3d28380b/roles/ae4062fdf15d4b5e80b2f4a29bfd4f58 HTTP/1.1" 204 - 10.0.0.136 - - [03/Jul/2026:12:10:40 +0000] "GET / HTTP/1.1" 300 280 10.0.0.136 - - [03/Jul/2026:12:10:42 +0000] "GET /v3 HTTP/1.1" 200 265
[Fri Jul 03 12:10:42.197204 2026] [wsgi:error] [pid 9:tid 139679742469824] [remote 10.0.0.136:41814] 2026-07-03 12:10:42.197 9 WARNING keystone.common.password_hashing [None req-3ec4c3a3-ea57-43b3-b3f5-51e44ca41e63 - - - - - -] Truncating password to algorithm specific maximum length 72 characters.
[Fri Jul 03 12:10:42.470344 2026] [wsgi:error] [pid 9:tid 139679742469824] [remote 10.0.0.136:41814] 2026-07-03 12:10:42.470 9 WARNING keystone.common.fernet_utils [None req-3ec4c3a3-ea57-43b3-b3f5-51e44ca41e63 - - - - - -] key_repository is world readable: /etc/keystone/fernet-keys/ 10.0.0.136 - - [03/Jul/2026:12:10:42 +0000] "POST /v3/auth/tokens HTTP/1.1" 201 1359 10.0.0.136 - - [03/Jul/2026:12:10:42 +0000] "GET / HTTP/1.1" 300 280 10.0.0.136 - - [03/Jul/2026:12:10:42 +0000] "GET /v3/domains/atmosphere HTTP/1.1" 404 90 10.0.0.136 - - [03/Jul/2026:12:10:42 +0000] "GET /v3/domains?name=atmosphere HTTP/1.1" 200 368 10.0.0.136 - - [03/Jul/2026:12:10:42 +0000] "GET /v3/domains/4596d3bdce3245c0bbed6ef967f8438f HTTP/1.1" 200 246 10.0.0.136 - - [03/Jul/2026:12:10:43 +0000] "GET /v3 HTTP/1.1" 200 265
[Fri Jul 03 12:10:43.589449 2026] [wsgi:error] [pid 12:tid 139679742469824] [remote 10.0.0.136:41798] 2026-07-03 12:10:43.589 12 WARNING keystone.common.password_hashing [None req-14e3faa0-cadf-47ed-8828-23f6ade23739 - - - - - -] Truncating password to algorithm specific maximum length 72 characters.
[Fri Jul 03 12:10:43.857580 2026] [wsgi:error] [pid 12:tid 139679742469824] [remote 10.0.0.136:41798] 2026-07-03 12:10:43.857 12 WARNING keystone.common.fernet_utils [None req-14e3faa0-cadf-47ed-8828-23f6ade23739 - - - - - -] key_repository is world readable: /etc/keystone/fernet-keys/ 10.0.0.136 - - [03/Jul/2026:12:10:43 +0000] "POST /v3/auth/tokens HTTP/1.1" 201 1359 10.0.0.136 - - [03/Jul/2026:12:10:43 +0000] "GET / HTTP/1.1" 300 280 10.0.0.136 - - [03/Jul/2026:12:10:43 +0000] "GET /v3/OS-FEDERATION/identity_providers/atmosphere HTTP/1.1" 404 101 10.0.0.136 - - [03/Jul/2026:12:10:43 +0000] "GET /v3/OS-FEDERATION/identity_providers HTTP/1.1" 200 155 10.0.0.136 - - [03/Jul/2026:12:10:43 +0000] "PUT /v3/OS-FEDERATION/identity_providers/atmosphere HTTP/1.1" 201 340 10.0.0.136 - - [03/Jul/2026:12:10:44 +0000] "GET /v3 HTTP/1.1" 200 265
[Fri Jul 03 12:10:44.703965 2026] [wsgi:error] [pid 9:tid 139679742469824] [remote 10.0.0.136:41798] 2026-07-03 12:10:44.703 9 WARNING keystone.common.password_hashing [None req-b6623c87-0d51-45cb-bd47-918fba7aab73 - - - - - -] Truncating password to algorithm specific maximum length 72 characters.
[Fri Jul 03 12:10:44.981619 2026] [wsgi:error] [pid 9:tid 139679742469824] [remote 10.0.0.136:41798] 2026-07-03 12:10:44.981 9 WARNING keystone.common.fernet_utils [None req-b6623c87-0d51-45cb-bd47-918fba7aab73 - - - - - -] key_repository is world readable: /etc/keystone/fernet-keys/ 10.0.0.136 - - [03/Jul/2026:12:10:44 +0000] "POST /v3/auth/tokens HTTP/1.1" 201 1359 10.0.0.136 - - [03/Jul/2026:12:10:44 +0000] "GET / HTTP/1.1" 300 280 10.0.0.136 - - [03/Jul/2026:12:10:44 +0000] "GET /v3/OS-FEDERATION/mappings/atmosphere-openid HTTP/1.1" 404 98 10.0.0.136 - - [03/Jul/2026:12:10:45 +0000] "GET /v3/OS-FEDERATION/mappings HTTP/1.1" 200 135 10.0.0.136 - - [03/Jul/2026:12:10:45 +0000] "PUT /v3/OS-FEDERATION/mappings/atmosphere-openid HTTP/1.1" 201 356 10.0.0.136 - - [03/Jul/2026:12:10:45 +0000] "GET /v3 HTTP/1.1" 200 265
[Fri Jul 03 12:10:45.786487 2026] [wsgi:error] [pid 12:tid 139679742469824] [remote 10.0.0.136:41798] 2026-07-03 12:10:45.786 12 WARNING keystone.common.password_hashing [None req-50ea2069-33ab-4dac-9ed0-0e3d3d330d8e - - - - - -] Truncating password to algorithm specific maximum length 72 characters.
[Fri Jul 03 12:10:46.055306 2026] [wsgi:error] [pid 12:tid 139679742469824] [remote 10.0.0.136:41798] 2026-07-03 12:10:46.055 12 WARNING keystone.common.fernet_utils [None req-50ea2069-33ab-4dac-9ed0-0e3d3d330d8e - - - - - -] key_repository is world readable: /etc/keystone/fernet-keys/ 10.0.0.136 - - [03/Jul/2026:12:10:45 +0000] "POST /v3/auth/tokens HTTP/1.1" 201 1359 10.0.0.136 - - [03/Jul/2026:12:10:46 +0000] "GET / HTTP/1.1" 300 280 10.0.0.136 - - [03/Jul/2026:12:10:46 +0000] "GET /v3/OS-FEDERATION/identity_providers/atmosphere/protocols/openid?idp_id=atmosphere HTTP/1.1" 404 131 10.0.0.136 - - [03/Jul/2026:12:10:46 +0000] "GET /v3/OS-FEDERATION/identity_providers/atmosphere/protocols HTTP/1.1" 200 167 10.0.0.136 - - [03/Jul/2026:12:10:46 +0000] "PUT /v3/OS-FEDERATION/identity_providers/atmosphere/protocols/openid HTTP/1.1" 201 222 10.0.0.136 - - [03/Jul/2026:12:10:57 +0000] "GET /v3/ HTTP/1.1" 200 249 10.0.0.136 - - [03/Jul/2026:12:10:57 +0000] "GET /v3/ HTTP/1.1" 200 249 10.0.0.136 - - [03/Jul/2026:12:11:57 +0000] "GET /v3/ HTTP/1.1" 200 249 10.0.0.136 - - [03/Jul/2026:12:11:57 +0000] "GET /v3/ HTTP/1.1" 200 249 10.0.0.3 - - [03/Jul/2026:12:12:05 +0000] "GET / HTTP/1.1" 300 295
[Fri Jul 03 12:12:05.570392 2026] [wsgi:error] [pid 12:tid 139679742469824] [remote 10.0.0.3:57522] 2026-07-03 12:12:05.570 12 WARNING keystone.common.password_hashing [None req-2d2f9386-5221-4050-8021-c614be911980 - - - - - -] Truncating password to algorithm specific maximum length 72 characters.
[Fri Jul 03 12:12:05.840813 2026] [wsgi:error] [pid 12:tid 139679742469824] [remote 10.0.0.3:57522] 2026-07-03 12:12:05.840 12 WARNING keystone.common.fernet_utils [None req-2d2f9386-5221-4050-8021-c614be911980 - - - - - -] key_repository is world readable: /etc/keystone/fernet-keys/ 10.0.0.3 - - [03/Jul/2026:12:12:05 +0000] "POST /v3/auth/tokens HTTP/1.1" 201 1359 10.0.0.3 - - [03/Jul/2026:12:12:05 +0000] "GET /v3/services HTTP/1.1" 200 355 10.0.0.3 - - [03/Jul/2026:12:12:09 +0000] "GET / HTTP/1.1" 300 295
[Fri Jul 03 12:12:09.742016 2026] [wsgi:error] [pid 10:tid 139679742469824] [remote 10.0.0.3:49620] 2026-07-03 12:12:09.741 10 WARNING keystone.common.password_hashing [None req-939a48cf-baca-4e37-9033-c13e47878cd1 - - - - - -] Truncating password to algorithm specific maximum length 72 characters.
[Fri Jul 03 12:12:10.023721 2026] [wsgi:error] [pid 10:tid 139679742469824] [remote 10.0.0.3:49620] 2026-07-03 12:12:10.023 10 WARNING keystone.common.fernet_utils [None req-939a48cf-baca-4e37-9033-c13e47878cd1 - - - - - -] key_repository is world readable: /etc/keystone/fernet-keys/ 10.0.0.3 - - [03/Jul/2026:12:12:09 +0000] "POST /v3/auth/tokens HTTP/1.1" 201 1359 10.0.0.3 - - [03/Jul/2026:12:12:10 +0000] "GET /v3/services HTTP/1.1" 200 355 10.0.0.3 - - [03/Jul/2026:12:12:13 +0000] "GET / HTTP/1.1" 300 295
[Fri Jul 03 12:12:13.626734 2026] [wsgi:error] [pid 9:tid 139679742469824] [remote 10.0.0.3:49628] 2026-07-03 12:12:13.626 9 WARNING keystone.common.password_hashing [None req-d3711496-139a-4390-8eca-3ac8d4b38ea9 - - - - - -] Truncating password to algorithm specific maximum length 72 characters.
[Fri Jul 03 12:12:13.895801 2026] [wsgi:error] [pid 9:tid 139679742469824] [remote 10.0.0.3:49628] 2026-07-03 12:12:13.895 9 WARNING keystone.common.fernet_utils [None req-d3711496-139a-4390-8eca-3ac8d4b38ea9 - - - - - -] key_repository is world readable: /etc/keystone/fernet-keys/ 10.0.0.3 - - [03/Jul/2026:12:12:13 +0000] "POST /v3/auth/tokens HTTP/1.1" 201 1359 10.0.0.3 - - [03/Jul/2026:12:12:14 +0000] "GET /v3/services HTTP/1.1" 200 355 10.0.0.3 - - [03/Jul/2026:12:12:17 +0000] "GET / HTTP/1.1" 300 295
[Fri Jul 03 12:12:17.587186 2026] [wsgi:error] [pid 11:tid 139679742469824] [remote 10.0.0.3:49642] 2026-07-03 12:12:17.586 11 WARNING keystone.common.password_hashing [None req-439591f2-7d41-4767-b7ec-2ce2664b7bf1 - - - - - -] Truncating password to algorithm specific maximum length 72 characters.
[Fri Jul 03 12:12:17.860705 2026] [wsgi:error] [pid 11:tid 139679742469824] [remote 10.0.0.3:49642] 2026-07-03 12:12:17.860 11 WARNING keystone.common.fernet_utils [None req-439591f2-7d41-4767-b7ec-2ce2664b7bf1 - - - - - -] key_repository is world readable: /etc/keystone/fernet-keys/ 10.0.0.3 - - [03/Jul/2026:12:12:17 +0000] "POST /v3/auth/tokens HTTP/1.1" 201 1359 10.0.0.3 - - [03/Jul/2026:12:12:17 +0000] "POST /v3/services HTTP/1.1" 201 296 10.0.0.138 - - [03/Jul/2026:12:12:27 +0000] "GET / HTTP/1.1" 300 295
[Fri Jul 03 12:12:27.792818 2026] [wsgi:error] [pid 12:tid 139679742469824] [remote 10.0.0.138:41104] 2026-07-03 12:12:27.792 12 WARNING keystone.common.password_hashing [None req-8ce8951c-5d19-4e27-b0ab-fed3237a9a3e - - - - - -] Truncating password to algorithm specific maximum length 72 characters. 10.0.0.138 - - [03/Jul/2026:12:12:27 +0000] "GET / HTTP/1.1" 300 295
[Fri Jul 03 12:12:28.000788 2026] [wsgi:error] [pid 9:tid 139679742469824] [remote 10.0.0.138:41116] 2026-07-03 12:12:28.000 9 WARNING keystone.common.password_hashing [None req-fe834bc3-3f27-4399-9970-143a544dc340 - - - - - -] Truncating password to algorithm specific maximum length 72 characters. 10.0.0.138 - - [03/Jul/2026:12:12:28 +0000] "GET / HTTP/1.1" 300 295
[Fri Jul 03 12:12:28.064688 2026] [wsgi:error] [pid 12:tid 139679742469824] [remote 10.0.0.138:41104] 2026-07-03 12:12:28.064 12 WARNING keystone.common.fernet_utils [None req-8ce8951c-5d19-4e27-b0ab-fed3237a9a3e - - - - - -] key_repository is world readable: /etc/keystone/fernet-keys/
[Fri Jul 03 12:12:28.065383 2026] [wsgi:error] [pid 11:tid 139679742469824] [remote 10.0.0.138:41130] 2026-07-03 12:12:28.065 11 WARNING keystone.common.password_hashing [None req-537a85ff-9589-428d-b354-6d2f21aa29ba - - - - - -] Truncating password to algorithm specific maximum length 72 characters. 10.0.0.138 - - [03/Jul/2026:12:12:27 +0000] "POST /v3/auth/tokens HTTP/1.1" 201 1463 10.0.0.138 - - [03/Jul/2026:12:12:28 +0000] "GET /v3/services HTTP/1.1" 200 639
[Fri Jul 03 12:12:28.274423 2026] [wsgi:error] [pid 9:tid 139679742469824] [remote 10.0.0.138:41116] 2026-07-03 12:12:28.274 9 WARNING keystone.common.fernet_utils [None req-fe834bc3-3f27-4399-9970-143a544dc340 - - - - - -] key_repository is world readable: /etc/keystone/fernet-keys/ 10.0.0.138 - - [03/Jul/2026:12:12:27 +0000] "POST /v3/auth/tokens HTTP/1.1" 201 1463
[Fri Jul 03 12:12:28.348743 2026] [wsgi:error] [pid 11:tid 139679742469824] [remote 10.0.0.138:41130] 2026-07-03 12:12:28.348 11 WARNING keystone.common.fernet_utils [None req-537a85ff-9589-428d-b354-6d2f21aa29ba - - - - - -] key_repository is world readable: /etc/keystone/fernet-keys/ 10.0.0.138 - - [03/Jul/2026:12:12:28 +0000] "POST /v3/auth/tokens HTTP/1.1" 201 1463 10.0.0.138 - - [03/Jul/2026:12:12:28 +0000] "GET /v3/services HTTP/1.1" 200 639 10.0.0.138 - - [03/Jul/2026:12:12:28 +0000] "GET /v3/services HTTP/1.1" 200 639 10.0.0.138 - - [03/Jul/2026:12:12:29 +0000] "GET / HTTP/1.1" 300 295
[Fri Jul 03 12:12:29.893917 2026] [wsgi:error] [pid 11:tid 139679742469824] [remote 10.0.0.138:45932] 2026-07-03 12:12:29.893 11 WARNING keystone.common.password_hashing [None req-868f4234-ede1-428d-8bb0-75e03980e9aa - - - - - -] Truncating password to algorithm specific maximum length 72 characters. 10.0.0.138 - - [03/Jul/2026:12:12:30 +0000] "GET / HTTP/1.1" 300 295
[Fri Jul 03 12:12:30.122642 2026] [wsgi:error] [pid 10:tid 139679742469824] [remote 10.0.0.138:45942] 2026-07-03 12:12:30.122 10 WARNING keystone.common.password_hashing [None req-124d8261-17e1-430d-86ac-3a09bca48f64 - - - - - -] Truncating password to algorithm specific maximum length 72 characters.
[Fri Jul 03 12:12:30.169239 2026] [wsgi:error] [pid 11:tid 139679742469824] [remote 10.0.0.138:45932] 2026-07-03 12:12:30.169 11 WARNING keystone.common.fernet_utils [None req-868f4234-ede1-428d-8bb0-75e03980e9aa - - - - - -] key_repository is world readable: /etc/keystone/fernet-keys/ 10.0.0.138 - - [03/Jul/2026:12:12:29 +0000] "POST /v3/auth/tokens HTTP/1.1" 201 1463 10.0.0.138 - - [03/Jul/2026:12:12:30 +0000] "GET / HTTP/1.1" 300 295
[Fri Jul 03 12:12:30.197735 2026] [wsgi:error] [pid 12:tid 139679742469824] [remote 10.0.0.138:45944] 2026-07-03 12:12:30.197 12 WARNING keystone.common.password_hashing [None req-70e5896a-cb14-44fb-afc5-d2eaa1ffec4a - - - - - -] Truncating password to algorithm specific maximum length 72 characters. 10.0.0.138 - - [03/Jul/2026:12:12:30 +0000] "GET /v3/endpoints HTTP/1.1" 200 1226 10.0.0.138 - - [03/Jul/2026:12:12:30 +0000] "GET /v3/services/31429d6273c14b45987b2c2631c1e8a8 HTTP/1.1" 200 233 10.0.0.138 - - [03/Jul/2026:12:12:30 +0000] "GET /v3/services/31429d6273c14b45987b2c2631c1e8a8 HTTP/1.1" 200 233 10.0.0.138 - - [03/Jul/2026:12:12:30 +0000] "GET /v3/services/31429d6273c14b45987b2c2631c1e8a8 HTTP/1.1" 200 233
[Fri Jul 03 12:12:30.405396 2026] [wsgi:error] [pid 10:tid 139679742469824] [remote 10.0.0.138:45942] 2026-07-03 12:12:30.405 10 WARNING keystone.common.fernet_utils [None req-124d8261-17e1-430d-86ac-3a09bca48f64 - - - - - -] key_repository is world readable: /etc/keystone/fernet-keys/ 10.0.0.138 - - [03/Jul/2026:12:12:30 +0000] "POST /v3/auth/tokens HTTP/1.1" 201 1463
[Fri Jul 03 12:12:30.471684 2026] [wsgi:error] [pid 12:tid 139679742469824] [remote 10.0.0.138:45944] 2026-07-03 12:12:30.471 12 WARNING keystone.common.fernet_utils [None req-70e5896a-cb14-44fb-afc5-d2eaa1ffec4a - - - - - -] key_repository is world readable: /etc/keystone/fernet-keys/ 10.0.0.138 - - [03/Jul/2026:12:12:30 +0000] "POST /v3/auth/tokens HTTP/1.1" 201 1463 10.0.0.138 - - [03/Jul/2026:12:12:30 +0000] "GET /v3/endpoints HTTP/1.1" 200 1226 10.0.0.138 - - [03/Jul/2026:12:12:30 +0000] "GET /v3/services/31429d6273c14b45987b2c2631c1e8a8 HTTP/1.1" 200 233 10.0.0.138 - - [03/Jul/2026:12:12:30 +0000] "GET /v3/services/31429d6273c14b45987b2c2631c1e8a8 HTTP/1.1" 200 233 10.0.0.138 - - [03/Jul/2026:12:12:30 +0000] "GET /v3/services/31429d6273c14b45987b2c2631c1e8a8 HTTP/1.1" 200 233 10.0.0.138 - - [03/Jul/2026:12:12:30 +0000] "GET /v3/endpoints HTTP/1.1" 200 1226 10.0.0.138 - - [03/Jul/2026:12:12:30 +0000] "GET /v3/services/31429d6273c14b45987b2c2631c1e8a8 HTTP/1.1" 200 233 10.0.0.138 - - [03/Jul/2026:12:12:30 +0000] "GET /v3/services/31429d6273c14b45987b2c2631c1e8a8 HTTP/1.1" 200 233 10.0.0.138 - - [03/Jul/2026:12:12:30 +0000] "GET /v3/services/31429d6273c14b45987b2c2631c1e8a8 HTTP/1.1" 200 233 10.0.0.138 - - [03/Jul/2026:12:12:31 +0000] "GET / HTTP/1.1" 300 295
[Fri Jul 03 12:12:31.959942 2026] [wsgi:error] [pid 9:tid 139679742469824] [remote 10.0.0.138:45948] 2026-07-03 12:12:31.959 9 WARNING keystone.common.password_hashing [None req-12ef110a-2597-4676-9a07-497893ff3b87 - - - - - -] Truncating password to algorithm specific maximum length 72 characters. 10.0.0.138 - - [03/Jul/2026:12:12:32 +0000] "GET / HTTP/1.1" 300 295
[Fri Jul 03 12:12:32.167850 2026] [wsgi:error] [pid 12:tid 139679742469824] [remote 10.0.0.138:45964] 2026-07-03 12:12:32.167 12 WARNING keystone.common.password_hashing [None req-96046dd7-db28-4bcb-99be-1b975af94f56 - - - - - -] Truncating password to algorithm specific maximum length 72 characters.
[Fri Jul 03 12:12:32.241924 2026] [wsgi:error] [pid 9:tid 139679742469824] [remote 10.0.0.138:45948] 2026-07-03 12:12:32.241 9 WARNING keystone.common.fernet_utils [None req-12ef110a-2597-4676-9a07-497893ff3b87 - - - - - -] key_repository is world readable: /etc/keystone/fernet-keys/ 10.0.0.138 - - [03/Jul/2026:12:12:31 +0000] "POST /v3/auth/tokens HTTP/1.1" 201 1463 10.0.0.138 - - [03/Jul/2026:12:12:32 +0000] "GET / HTTP/1.1" 300 295
[Fri Jul 03 12:12:32.376379 2026] [wsgi:error] [pid 9:tid 139679742469824] [remote 10.0.0.138:45976] 2026-07-03 12:12:32.376 9 WARNING keystone.common.password_hashing [None req-ee68fa6e-468b-4dc0-bc83-766cbb100631 - - - - - -] Truncating password to algorithm specific maximum length 72 characters. 10.0.0.138 - - [03/Jul/2026:12:12:32 +0000] "GET /v3/services/9c729867d8e4449ba41205e1ef4b8a61 HTTP/1.1" 200 296 10.0.0.138 - - [03/Jul/2026:12:12:32 +0000] "GET /v3/regions/RegionOne HTTP/1.1" 200 173 10.0.0.138 - - [03/Jul/2026:12:12:32 +0000] "POST /v3/endpoints HTTP/1.1" 201 380
[Fri Jul 03 12:12:32.444663 2026] [wsgi:error] [pid 12:tid 139679742469824] [remote 10.0.0.138:45964] 2026-07-03 12:12:32.444 12 WARNING keystone.common.fernet_utils [None req-96046dd7-db28-4bcb-99be-1b975af94f56 - - - - - -] key_repository is world readable: /etc/keystone/fernet-keys/ 10.0.0.138 - - [03/Jul/2026:12:12:32 +0000] "POST /v3/auth/tokens HTTP/1.1" 201 1640 10.0.0.138 - - [03/Jul/2026:12:12:32 +0000] "GET /v3/services/9c729867d8e4449ba41205e1ef4b8a61 HTTP/1.1" 200 296 10.0.0.138 - - [03/Jul/2026:12:12:32 +0000] "GET /v3/regions/RegionOne HTTP/1.1" 200 173
[Fri Jul 03 12:12:32.656832 2026] [wsgi:error] [pid 9:tid 139679742469824] [remote 10.0.0.138:45976] 2026-07-03 12:12:32.656 9 WARNING keystone.common.fernet_utils [None req-ee68fa6e-468b-4dc0-bc83-766cbb100631 - - - - - -] key_repository is world readable: /etc/keystone/fernet-keys/ 10.0.0.138 - - [03/Jul/2026:12:12:32 +0000] "POST /v3/auth/tokens HTTP/1.1" 201 1640 10.0.0.138 - - [03/Jul/2026:12:12:32 +0000] "POST /v3/endpoints HTTP/1.1" 201 383 10.0.0.138 - - [03/Jul/2026:12:12:32 +0000] "GET /v3/services/9c729867d8e4449ba41205e1ef4b8a61 HTTP/1.1" 200 296 10.0.0.138 - - [03/Jul/2026:12:12:32 +0000] "GET /v3/regions/RegionOne HTTP/1.1" 200 173 10.0.0.138 - - [03/Jul/2026:12:12:32 +0000] "POST /v3/endpoints HTTP/1.1" 201 369 10.0.0.138 - - [03/Jul/2026:12:12:34 +0000] "GET / HTTP/1.1" 300 295
[Fri Jul 03 12:12:34.133505 2026] [wsgi:error] [pid 11:tid 139679742469824] [remote 10.0.0.138:45980] 2026-07-03 12:12:34.133 11 WARNING keystone.common.password_hashing [None req-570a9c86-abfe-4b59-ad44-ef7b919af036 - - - - - -] Truncating password to algorithm specific maximum length 72 characters. 10.0.0.138 - - [03/Jul/2026:12:12:34 +0000] "GET / HTTP/1.1" 300 295
[Fri Jul 03 12:12:34.303287 2026] [wsgi:error] [pid 9:tid 139679742469824] [remote 10.0.0.138:45994] 2026-07-03 12:12:34.303 9 WARNING keystone.common.password_hashing [None req-9429e7ee-a9c9-4d1e-8a81-9ddf101ac428 - - - - - -] Truncating password to algorithm specific maximum length 72 characters. 10.0.0.138 - - [03/Jul/2026:12:12:34 +0000] "GET / HTTP/1.1" 300 295
[Fri Jul 03 12:12:34.338203 2026] [wsgi:error] [pid 10:tid 139679742469824] [remote 10.0.0.138:46010] 2026-07-03 12:12:34.337 10 WARNING keystone.common.password_hashing [None req-6ce76319-1cce-4e19-a735-1fef58dd3e05 - - - - - -] Truncating password to algorithm specific maximum length 72 characters.
[Fri Jul 03 12:12:34.407768 2026] [wsgi:error] [pid 11:tid 139679742469824] [remote 10.0.0.138:45980] 2026-07-03 12:12:34.407 11 WARNING keystone.common.fernet_utils [None req-570a9c86-abfe-4b59-ad44-ef7b919af036 - - - - - -] key_repository is world readable: /etc/keystone/fernet-keys/ 10.0.0.138 - - [03/Jul/2026:12:12:34 +0000] "POST /v3/auth/tokens HTTP/1.1" 201 1990 10.0.0.138 - - [03/Jul/2026:12:12:34 +0000] "GET /v3/endpoints/664dec8f23d54478801d35d3fd73b843 HTTP/1.1" 200 380 10.0.0.138 - - [03/Jul/2026:12:12:34 +0000] "GET /v3/services/9c729867d8e4449ba41205e1ef4b8a61 HTTP/1.1" 200 296
[Fri Jul 03 12:12:34.581937 2026] [wsgi:error] [pid 9:tid 139679742469824] [remote 10.0.0.138:45994] 2026-07-03 12:12:34.581 9 WARNING keystone.common.fernet_utils [None req-9429e7ee-a9c9-4d1e-8a81-9ddf101ac428 - - - - - -] key_repository is world readable: /etc/keystone/fernet-keys/ 10.0.0.138 - - [03/Jul/2026:12:12:34 +0000] "POST /v3/auth/tokens HTTP/1.1" 201 1990
[Fri Jul 03 12:12:34.619587 2026] [wsgi:error] [pid 10:tid 139679742469824] [remote 10.0.0.138:46010] 2026-07-03 12:12:34.619 10 WARNING keystone.common.fernet_utils [None req-6ce76319-1cce-4e19-a735-1fef58dd3e05 - - - - - -] key_repository is world readable: /etc/keystone/fernet-keys/ 10.0.0.138 - - [03/Jul/2026:12:12:34 +0000] "POST /v3/auth/tokens HTTP/1.1" 201 1990 10.0.0.138 - - [03/Jul/2026:12:12:34 +0000] "GET /v3/endpoints/f50bb8c531514b4083762933172d3596 HTTP/1.1" 200 383 10.0.0.138 - - [03/Jul/2026:12:12:34 +0000] "GET /v3/services/9c729867d8e4449ba41205e1ef4b8a61 HTTP/1.1" 200 296 10.0.0.138 - - [03/Jul/2026:12:12:34 +0000] "GET /v3/endpoints/593001190f074892a52d2eac8d62d659 HTTP/1.1" 200 369 10.0.0.138 - - [03/Jul/2026:12:12:34 +0000] "GET /v3/services/9c729867d8e4449ba41205e1ef4b8a61 HTTP/1.1" 200 296 10.0.0.125 - - [03/Jul/2026:12:12:45 +0000] "GET / HTTP/1.1" 300 295
[Fri Jul 03 12:12:45.923649 2026] [wsgi:error] [pid 11:tid 139679742469824] [remote 10.0.0.125:54168] 2026-07-03 12:12:45.923 11 WARNING keystone.common.password_hashing [None req-c681d7e6-02d7-4a78-97c5-a33572f30dcc - - - - - -] Truncating password to algorithm specific maximum length 72 characters.
[Fri Jul 03 12:12:46.197889 2026] [wsgi:error] [pid 11:tid 139679742469824] [remote 10.0.0.125:54168] 2026-07-03 12:12:46.197 11 WARNING keystone.common.fernet_utils [None req-c681d7e6-02d7-4a78-97c5-a33572f30dcc - - - - - -] key_repository is world readable: /etc/keystone/fernet-keys/ 10.0.0.125 - - [03/Jul/2026:12:12:45 +0000] "POST /v3/auth/tokens HTTP/1.1" 201 1990 10.0.0.125 - - [03/Jul/2026:12:12:46 +0000] "POST /v3/domains HTTP/1.1" 201 284 10.0.0.125 - - [03/Jul/2026:12:12:47 +0000] "GET / HTTP/1.1" 300 295
[Fri Jul 03 12:12:47.920272 2026] [wsgi:error] [pid 12:tid 139679742469824] [remote 10.0.0.125:54184] 2026-07-03 12:12:47.920 12 WARNING keystone.common.password_hashing [None req-d43259c7-3b88-45a2-9b9f-bacdf09a5259 - - - - - -] Truncating password to algorithm specific maximum length 72 characters.
[Fri Jul 03 12:12:48.201514 2026] [wsgi:error] [pid 12:tid 139679742469824] [remote 10.0.0.125:54184] 2026-07-03 12:12:48.201 12 WARNING keystone.common.fernet_utils [None req-d43259c7-3b88-45a2-9b9f-bacdf09a5259 - - - - - -] key_repository is world readable: /etc/keystone/fernet-keys/ 10.0.0.125 - - [03/Jul/2026:12:12:47 +0000] "POST /v3/auth/tokens HTTP/1.1" 201 1990
[Fri Jul 03 12:12:48.382706 2026] [wsgi:error] [pid 11:tid 139679742469824] [remote 10.0.0.125:54184] 2026-07-03 12:12:48.369 11 ERROR keystone.server.flask.application [None req-9c7e96dd-5b60-4729-99d9-cca0d3773f7c 9972d5a0c2ec47f48fd1d4ee3d28380b 4b0c54b466574bc19c72b8a78b354f00 - - default default] Conflict occurred attempting to store project - it is not permitted to have two projects acting as domains with the same name: service.: keystone.exception.Conflict: Conflict occurred attempting to store project - it is not permitted to have two projects acting as domains with the same name: service.
[Fri Jul 03 12:12:48.382738 2026] [wsgi:error] [pid 11:tid 139679742469824] [remote 10.0.0.125:54184] 2026-07-03 12:12:48.369 11 ERROR keystone.server.flask.application
Traceback (most recent call last):
[Fri Jul 03 12:12:48.382740 2026] [wsgi:error] [pid 11:tid 139679742469824] [remote 10.0.0.125:54184] 2026-07-03 12:12:48.369 11 ERROR keystone.server.flask.application
File "/var/lib/openstack/lib/python3.12/site-packages/sqlalchemy/engine/base.py", line 1969, in _exec_single_context
[Fri Jul 03 12:12:48.382742 2026] [wsgi:error] [pid 11:tid 139679742469824] [remote 10.0.0.125:54184] 2026-07-03 12:12:48.369 11 ERROR keystone.server.flask.application self.dialect.do_execute(
[Fri Jul 03 12:12:48.382744 2026] [wsgi:error] [pid 11:tid 139679742469824] [remote 10.0.0.125:54184] 2026-07-03 12:12:48.369 11 ERROR keystone.server.flask.application
File "/var/lib/openstack/lib/python3.12/site-packages/sqlalchemy/engine/default.py", line 952, in do_execute
[Fri Jul 03 12:12:48.382745 2026] [wsgi:error] [pid 11:tid 139679742469824] [remote 10.0.0.125:54184] 2026-07-03 12:12:48.369 11 ERROR keystone.server.flask.application cursor.execute(statement, parameters)
[Fri Jul 03 12:12:48.382747 2026] [wsgi:error] [pid 11:tid 139679742469824] [remote 10.0.0.125:54184] 2026-07-03 12:12:48.369 11 ERROR keystone.server.flask.application
File "/var/lib/openstack/lib/python3.12/site-packages/pymysql/cursors.py", line 159, in execute
[Fri Jul 03 12:12:48.382748 2026] [wsgi:error] [pid 11:tid 139679742469824] [remote 10.0.0.125:54184] 2026-07-03 12:12:48.369 11 ERROR keystone.server.flask.application result = self._query(query)
[Fri Jul 03 12:12:48.382750 2026] [wsgi:error] [pid 11:tid 139679742469824] [remote 10.0.0.125:54184] 2026-07-03 12:12:48.369 11 ERROR keystone.server.flask.application ^^^^^^^^^^^^^^^^^^
[Fri Jul 03 12:12:48.382751 2026] [wsgi:error] [pid 11:tid 139679742469824] [remote 10.0.0.125:54184] 2026-07-03 12:12:48.369 11 ERROR keystone.server.flask.application
File "/var/lib/openstack/lib/python3.12/site-packages/pymysql/cursors.py", line 330, in _query
[Fri Jul 03 12:12:48.382753 2026] [wsgi:error] [pid 11:tid 139679742469824] [remote 10.0.0.125:54184] 2026-07-03 12:12:48.369 11 ERROR keystone.server.flask.application conn.query(q)
[Fri Jul 03 12:12:48.382754 2026] [wsgi:error] [pid 11:tid 139679742469824] [remote 10.0.0.125:54184] 2026-07-03 12:12:48.369 11 ERROR keystone.server.flask.application
File "/var/lib/openstack/lib/python3.12/site-packages/pymysql/connections.py", line 582, in query
[Fri Jul 03 12:12:48.382756 2026] [wsgi:error] [pid 11:tid 139679742469824] [remote 10.0.0.125:54184] 2026-07-03 12:12:48.369 11 ERROR keystone.server.flask.application self._affected_rows = self._read_query_result(unbuffered=unbuffered)
[Fri Jul 03 12:12:48.382757 2026] [wsgi:error] [pid 11:tid 139679742469824] [remote 10.0.0.125:54184] 2026-07-03 12:12:48.369 11 ERROR keystone.server.flask.application ^^^^^^^^^^^^^^^^^^^^^^^^^^^^^^^^^^^^^^^^^^^^^^
[Fri Jul 03 12:12:48.382759 2026] [wsgi:error] [pid 11:tid 139679742469824] [remote 10.0.0.125:54184] 2026-07-03 12:12:48.369 11 ERROR keystone.server.flask.application
File "/var/lib/openstack/lib/python3.12/site-packages/pymysql/connections.py", line 847, in _read_query_result
[Fri Jul 03 12:12:48.382760 2026] [wsgi:error] [pid 11:tid 139679742469824] [remote 10.0.0.125:54184] 2026-07-03 12:12:48.369 11 ERROR keystone.server.flask.application result.read()
[Fri Jul 03 12:12:48.382764 2026] [wsgi:error] [pid 11:tid 139679742469824] [remote 10.0.0.125:54184] 2026-07-03 12:12:48.369 11 ERROR keystone.server.flask.application
File "/var/lib/openstack/lib/python3.12/site-packages/pymysql/connections.py", line 1245, in read
[Fri Jul 03 12:12:48.382765 2026] [wsgi:error] [pid 11:tid 139679742469824] [remote 10.0.0.125:54184] 2026-07-03 12:12:48.369 11 ERROR keystone.server.flask.application first_packet = self.connection._read_packet()
[Fri Jul 03 12:12:48.382766 2026] [wsgi:error] [pid 11:tid 139679742469824] [remote 10.0.0.125:54184] 2026-07-03 12:12:48.369 11 ERROR keystone.server.flask.application ^^^^^^^^^^^^^^^^^^^^^^^^^^^^^^
[Fri Jul 03 12:12:48.382768 2026] [wsgi:error] [pid 11:tid 139679742469824] [remote 10.0.0.125:54184] 2026-07-03 12:12:48.369 11 ERROR keystone.server.flask.application
File "/var/lib/openstack/lib/python3.12/site-packages/pymysql/connections.py", line 803, in _read_packet
[Fri Jul 03 12:12:48.382769 2026] [wsgi:error] [pid 11:tid 139679742469824] [remote 10.0.0.125:54184] 2026-07-03 12:12:48.369 11 ERROR keystone.server.flask.application packet.raise_for_error()
[Fri Jul 03 12:12:48.382770 2026] [wsgi:error] [pid 11:tid 139679742469824] [remote 10.0.0.125:54184] 2026-07-03 12:12:48.369 11 ERROR keystone.server.flask.application
File "/var/lib/openstack/lib/python3.12/site-packages/pymysql/protocol.py", line 219, in raise_for_error
[Fri Jul 03 12:12:48.382772 2026] [wsgi:error] [pid 11:tid 139679742469824] [remote 10.0.0.125:54184] 2026-07-03 12:12:48.369 11 ERROR keystone.server.flask.application err.raise_mysql_exception(self._data)
[Fri Jul 03 12:12:48.382773 2026] [wsgi:error] [pid 11:tid 139679742469824] [remote 10.0.0.125:54184] 2026-07-03 12:12:48.369 11 ERROR keystone.server.flask.application
File "/var/lib/openstack/lib/python3.12/site-packages/pymysql/err.py", line 154, in raise_mysql_exception
[Fri Jul 03 12:12:48.382775 2026] [wsgi:error] [pid 11:tid 139679742469824] [remote 10.0.0.125:54184] 2026-07-03 12:12:48.369 11 ERROR keystone.server.flask.application raise errorclass(errno, errval, sqlstate=sqlstate)
[Fri Jul 03 12:12:48.382776 2026] [wsgi:error] [pid 11:tid 139679742469824] [remote 10.0.0.125:54184] 2026-07-03 12:12:48.369 11 ERROR keystone.server.flask.application pymysql.err.IntegrityError: (1062, "Duplicate entry '<>-service' for key 'project.ixu_project_name_domain_id'")
[Fri Jul 03 12:12:48.382778 2026] [wsgi:error] [pid 11:tid 139679742469824] [remote 10.0.0.125:54184] 2026-07-03 12:12:48.369 11 ERROR keystone.server.flask.application
[Fri Jul 03 12:12:48.382779 2026] [wsgi:error] [pid 11:tid 139679742469824] [remote 10.0.0.125:54184] 2026-07-03 12:12:48.369 11 ERROR keystone.server.flask.application The above exception was the direct cause of the following exception:
[Fri Jul 03 12:12:48.382780 2026] [wsgi:error] [pid 11:tid 139679742469824] [remote 10.0.0.125:54184] 2026-07-03 12:12:48.369 11 ERROR keystone.server.flask.application
[Fri Jul 03 12:12:48.382781 2026] [wsgi:error] [pid 11:tid 139679742469824] [remote 10.0.0.125:54184] 2026-07-03 12:12:48.369 11 ERROR keystone.server.flask.application
Traceback (most recent call last):
[Fri Jul 03 12:12:48.382784 2026] [wsgi:error] [pid 11:tid 139679742469824] [remote 10.0.0.125:54184] 2026-07-03 12:12:48.369 11 ERROR keystone.server.flask.application
File "/var/lib/openstack/lib/python3.12/site-packages/keystone/common/sql/core.py", line 575, in wrapper
[Fri Jul 03 12:12:48.382792 2026] [wsgi:error] [pid 11:tid 139679742469824] [remote 10.0.0.125:54184] 2026-07-03 12:12:48.369 11 ERROR keystone.server.flask.application return method(*args, **kwargs)
[Fri Jul 03 12:12:48.382793 2026] [wsgi:error] [pid 11:tid 139679742469824] [remote 10.0.0.125:54184] 2026-07-03 12:12:48.369 11 ERROR keystone.server.flask.application ^^^^^^^^^^^^^^^^^^^^^^^
[Fri Jul 03 12:12:48.382795 2026] [wsgi:error] [pid 11:tid 139679742469824] [remote 10.0.0.125:54184] 2026-07-03 12:12:48.369 11 ERROR keystone.server.flask.application
File "/var/lib/openstack/lib/python3.12/site-packages/keystone/resource/backends/sql.py", line 278, in create_project
[Fri Jul 03 12:12:48.382797 2026] [wsgi:error] [pid 11:tid 139679742469824] [remote 10.0.0.125:54184] 2026-07-03 12:12:48.369 11 ERROR keystone.server.flask.application with sql.session_for_write() as session:
[Fri Jul 03 12:12:48.382798 2026] [wsgi:error] [pid 11:tid 139679742469824] [remote 10.0.0.125:54184] 2026-07-03 12:12:48.369 11 ERROR keystone.server.flask.application
File "/usr/lib/python3.12/contextlib.py", line 144, in __exit__
[Fri Jul 03 12:12:48.382800 2026] [wsgi:error] [pid 11:tid 139679742469824] [remote 10.0.0.125:54184] 2026-07-03 12:12:48.369 11 ERROR keystone.server.flask.application next(self.gen)
[Fri Jul 03 12:12:48.382802 2026] [wsgi:error] [pid 11:tid 139679742469824] [remote 10.0.0.125:54184] 2026-07-03 12:12:48.369 11 ERROR keystone.server.flask.application
File "/var/lib/openstack/lib/python3.12/site-packages/oslo_db/sqlalchemy/enginefacade.py", line 1175, in _transaction_scope
[Fri Jul 03 12:12:48.382803 2026] [wsgi:error] [pid 11:tid 139679742469824] [remote 10.0.0.125:54184] 2026-07-03 12:12:48.369 11 ERROR keystone.server.flask.application with current._produce_block(
[Fri Jul 03 12:12:48.382805 2026] [wsgi:error] [pid 11:tid 139679742469824] [remote 10.0.0.125:54184] 2026-07-03 12:12:48.369 11 ERROR keystone.server.flask.application
File "/usr/lib/python3.12/contextlib.py", line 144, in __exit__
[Fri Jul 03 12:12:48.382807 2026] [wsgi:error] [pid 11:tid 139679742469824] [remote 10.0.0.125:54184] 2026-07-03 12:12:48.369 11 ERROR keystone.server.flask.application next(self.gen)
[Fri Jul 03 12:12:48.382808 2026] [wsgi:error] [pid 11:tid 139679742469824] [remote 10.0.0.125:54184] 2026-07-03 12:12:48.369 11 ERROR keystone.server.flask.application
File "/var/lib/openstack/lib/python3.12/site-packages/oslo_db/sqlalchemy/enginefacade.py", line 837, in _session
[Fri Jul 03 12:12:48.382810 2026] [wsgi:error] [pid 11:tid 139679742469824] [remote 10.0.0.125:54184] 2026-07-03 12:12:48.369 11 ERROR keystone.server.flask.application with excutils.save_and_reraise_exception():
[Fri Jul 03 12:12:48.382812 2026] [wsgi:error] [pid 11:tid 139679742469824] [remote 10.0.0.125:54184] 2026-07-03 12:12:48.369 11 ERROR keystone.server.flask.application
File "/var/lib/openstack/lib/python3.12/site-packages/oslo_utils/excutils.py", line 266, in __exit__
[Fri Jul 03 12:12:48.382813 2026] [wsgi:error] [pid 11:tid 139679742469824] [remote 10.0.0.125:54184] 2026-07-03 12:12:48.369 11 ERROR keystone.server.flask.application self.force_reraise()
[Fri Jul 03 12:12:48.382815 2026] [wsgi:error] [pid 11:tid 139679742469824] [remote 10.0.0.125:54184] 2026-07-03 12:12:48.369 11 ERROR keystone.server.flask.application
File "/var/lib/openstack/lib/python3.12/site-packages/oslo_utils/excutils.py", line 232, in force_reraise
[Fri Jul 03 12:12:48.382817 2026] [wsgi:error] [pid 11:tid 139679742469824] [remote 10.0.0.125:54184] 2026-07-03 12:12:48.369 11 ERROR keystone.server.flask.application raise self.value
[Fri Jul 03 12:12:48.382818 2026] [wsgi:error] [pid 11:tid 139679742469824] [remote 10.0.0.125:54184] 2026-07-03 12:12:48.369 11 ERROR keystone.server.flask.application
File "/var/lib/openstack/lib/python3.12/site-packages/oslo_db/sqlalchemy/enginefacade.py", line 835, in _session
[Fri Jul 03 12:12:48.382821 2026] [wsgi:error] [pid 11:tid 139679742469824] [remote 10.0.0.125:54184] 2026-07-03 12:12:48.369 11 ERROR keystone.server.flask.application self._end_session_transaction(self.session)
[Fri Jul 03 12:12:48.382823 2026] [wsgi:error] [pid 11:tid 139679742469824] [remote 10.0.0.125:54184] 2026-07-03 12:12:48.369 11 ERROR keystone.server.flask.application
File "/var/lib/openstack/lib/python3.12/site-packages/oslo_db/sqlalchemy/enginefacade.py", line 748, in _end_session_transaction
[Fri Jul 03 12:12:48.382825 2026] [wsgi:error] [pid 11:tid 139679742469824] [remote 10.0.0.125:54184] 2026-07-03 12:12:48.369 11 ERROR keystone.server.flask.application session.commit()
[Fri Jul 03 12:12:48.382827 2026] [wsgi:error] [pid 11:tid 139679742469824] [remote 10.0.0.125:54184] 2026-07-03 12:12:48.369 11 ERROR keystone.server.flask.application
File "/var/lib/openstack/lib/python3.12/site-packages/sqlalchemy/orm/session.py", line 2034, in commit
[Fri Jul 03 12:12:48.382829 2026] [wsgi:error] [pid 11:tid 139679742469824] [remote 10.0.0.125:54184] 2026-07-03 12:12:48.369 11 ERROR keystone.server.flask.application trans.commit(_to_root=True)
[Fri Jul 03 12:12:48.382831 2026] [wsgi:error] [pid 11:tid 139679742469824] [remote 10.0.0.125:54184] 2026-07-03 12:12:48.369 11 ERROR keystone.server.flask.application File "", line 2, in commit
[Fri Jul 03 12:12:48.382834 2026] [wsgi:error] [pid 11:tid 139679742469824] [remote 10.0.0.125:54184] 2026-07-03 12:12:48.369 11 ERROR keystone.server.flask.application
File "/var/lib/openstack/lib/python3.12/site-packages/sqlalchemy/orm/state_changes.py", line 137, in _go
[Fri Jul 03 12:12:48.382837 2026] [wsgi:error] [pid 11:tid 139679742469824] [remote 10.0.0.125:54184] 2026-07-03 12:12:48.369 11 ERROR keystone.server.flask.application ret_value = fn(self, *arg, **kw)
[Fri Jul 03 12:12:48.382839 2026] [wsgi:error] [pid 11:tid 139679742469824] [remote 10.0.0.125:54184] 2026-07-03 12:12:48.369 11 ERROR keystone.server.flask.application ^^^^^^^^^^^^^^^^^^^^
[Fri Jul 03 12:12:48.382841 2026] [wsgi:error] [pid 11:tid 139679742469824] [remote 10.0.0.125:54184] 2026-07-03 12:12:48.369 11 ERROR keystone.server.flask.application
File "/var/lib/openstack/lib/python3.12/site-packages/sqlalchemy/orm/session.py", line 1315, in commit
[Fri Jul 03 12:12:48.382843 2026] [wsgi:error] [pid 11:tid 139679742469824] [remote 10.0.0.125:54184] 2026-07-03 12:12:48.369 11 ERROR keystone.server.flask.application self._prepare_impl()
[Fri Jul 03 12:12:48.382845 2026] [wsgi:error] [pid 11:tid 139679742469824] [remote 10.0.0.125:54184] 2026-07-03 12:12:48.369 11 ERROR keystone.server.flask.application File "", line 2, in _prepare_impl
[Fri Jul 03 12:12:48.382847 2026] [wsgi:error] [pid 11:tid 139679742469824] [remote 10.0.0.125:54184] 2026-07-03 12:12:48.369 11 ERROR keystone.server.flask.application
File "/var/lib/openstack/lib/python3.12/site-packages/sqlalchemy/orm/state_changes.py", line 137, in _go
[Fri Jul 03 12:12:48.382849 2026] [wsgi:error] [pid 11:tid 139679742469824] [remote 10.0.0.125:54184] 2026-07-03 12:12:48.369 11 ERROR keystone.server.flask.application ret_value = fn(self, *arg, **kw)
[Fri Jul 03 12:12:48.382852 2026] [wsgi:error] [pid 11:tid 139679742469824] [remote 10.0.0.125:54184] 2026-07-03 12:12:48.369 11 ERROR keystone.server.flask.application ^^^^^^^^^^^^^^^^^^^^
[Fri Jul 03 12:12:48.382854 2026] [wsgi:error] [pid 11:tid 139679742469824] [remote 10.0.0.125:54184] 2026-07-03 12:12:48.369 11 ERROR keystone.server.flask.application
File "/var/lib/openstack/lib/python3.12/site-packages/sqlalchemy/orm/session.py", line 1290, in _prepare_impl
[Fri Jul 03 12:12:48.382857 2026] [wsgi:error] [pid 11:tid 139679742469824] [remote 10.0.0.125:54184] 2026-07-03 12:12:48.369 11 ERROR keystone.server.flask.application self.session.flush()
[Fri Jul 03 12:12:48.382859 2026] [wsgi:error] [pid 11:tid 139679742469824] [remote 10.0.0.125:54184] 2026-07-03 12:12:48.369 11 ERROR keystone.server.flask.application
File "/var/lib/openstack/lib/python3.12/site-packages/sqlalchemy/orm/session.py", line 4352, in flush
[Fri Jul 03 12:12:48.382863 2026] [wsgi:error] [pid 11:tid 139679742469824] [remote 10.0.0.125:54184] 2026-07-03 12:12:48.369 11 ERROR keystone.server.flask.application self._flush(objects)
[Fri Jul 03 12:12:48.382865 2026] [wsgi:error] [pid 11:tid 139679742469824] [remote 10.0.0.125:54184] 2026-07-03 12:12:48.369 11 ERROR keystone.server.flask.application
File "/var/lib/openstack/lib/python3.12/site-packages/sqlalchemy/orm/session.py", line 4487, in _flush
[Fri Jul 03 12:12:48.382867 2026] [wsgi:error] [pid 11:tid 139679742469824] [remote 10.0.0.125:54184] 2026-07-03 12:12:48.369 11 ERROR keystone.server.flask.application with util.safe_reraise():
[Fri Jul 03 12:12:48.382870 2026] [wsgi:error] [pid 11:tid 139679742469824] [remote 10.0.0.125:54184] 2026-07-03 12:12:48.369 11 ERROR keystone.server.flask.application
File "/var/lib/openstack/lib/python3.12/site-packages/sqlalchemy/util/langhelpers.py", line 122, in __exit__
[Fri Jul 03 12:12:48.382872 2026] [wsgi:error] [pid 11:tid 139679742469824] [remote 10.0.0.125:54184] 2026-07-03 12:12:48.369 11 ERROR keystone.server.flask.application raise exc_value.with_traceback(exc_tb)
[Fri Jul 03 12:12:48.382875 2026] [wsgi:error] [pid 11:tid 139679742469824] [remote 10.0.0.125:54184] 2026-07-03 12:12:48.369 11 ERROR keystone.server.flask.application
File "/var/lib/openstack/lib/python3.12/site-packages/sqlalchemy/orm/session.py", line 4448, in _flush
[Fri Jul 03 12:12:48.382877 2026] [wsgi:error] [pid 11:tid 139679742469824] [remote 10.0.0.125:54184] 2026-07-03 12:12:48.369 11 ERROR keystone.server.flask.application flush_context.execute()
[Fri Jul 03 12:12:48.382880 2026] [wsgi:error] [pid 11:tid 139679742469824] [remote 10.0.0.125:54184] 2026-07-03 12:12:48.369 11 ERROR keystone.server.flask.application
