2026-07-06 13:42:19.640 8 INFO placement.requestlog [None req-677b706f-2c86-4b75-aa78-bc330bb928c5 5db2a41c64b7403b9a4225795587c84b d4d48044d3144a2196e1cd0992e0c642 - - 546d2e81f25648608d50987af39e994a 546d2e81f25648608d50987af39e994a] 10.0.0.223 "DELETE /resource_providers/4b11b1b6-3075-4947-bec9-1a8f819879f7" status: 404 len: 246 microversion: 1.1 [pid: 8|app: 0|req: 560/1129] 10.0.0.223 () {34 vars in 816 bytes} [Mon Jul 6 13:42:19 2026] DELETE /resource_providers/4b11b1b6-3075-4947-bec9-1a8f819879f7 => generated 246 bytes in 11 msecs (HTTP/1.1 404) 6 headers in 231 bytes (1 switches on core 0)
2026-07-06 13:42:19.644 7 INFO placement.requestlog [None req-b7acae72-328c-47b3-8eba-019144f436b2 5db2a41c64b7403b9a4225795587c84b d4d48044d3144a2196e1cd0992e0c642 - - 546d2e81f25648608d50987af39e994a 546d2e81f25648608d50987af39e994a] 10.0.0.223 "DELETE /resource_providers/4b11b1b6-3075-4947-bec9-1a8f819879f7" status: 404 len: 246 microversion: 1.1 [pid: 7|app: 0|req: 570/1130] 10.0.0.223 () {34 vars in 816 bytes} [Mon Jul 6 13:42:19 2026] DELETE /resource_providers/4b11b1b6-3075-4947-bec9-1a8f819879f7 => generated 246 bytes in 12 msecs (HTTP/1.1 404) 6 headers in 231 bytes (1 switches on core 0)
2026-07-06 13:42:20.487 8 INFO placement.requestlog [None req-1966772c-cc1f-46d8-ab62-d3e565945bda - - - - - -] 10.0.0.184 "GET /" status: 200 len: 136 microversion: 1.0
2026-07-06 13:42:20.488 7 INFO placement.requestlog [None req-02022f8d-49db-43e8-9bb8-8fc552b01eed - - - - - -] 10.0.0.184 "GET /" status: 200 len: 136 microversion: 1.0
2026-07-06 13:42:30.487 8 INFO placement.requestlog [None req-85411378-ebab-4fd7-9b08-dbe6aaea2294 - - - - - -] 10.0.0.184 "GET /" status: 200 len: 136 microversion: 1.0
2026-07-06 13:42:30.487 7 INFO placement.requestlog [None req-e0f3c208-075d-46fc-8788-03a34072e451 - - - - - -] 10.0.0.184 "GET /" status: 200 len: 136 microversion: 1.0
2026-07-06 13:42:31.385 8 INFO placement.requestlog [req-a09f7f3b-e8db-4219-8d02-1fa86462b3c9 req-4806a6c2-e260-4523-a5f1-dd5dcd5bd41a e38f10e689b342e2b7077648e6fb912b d4d48044d3144a2196e1cd0992e0c642 - - 546d2e81f25648608d50987af39e994a 546d2e81f25648608d50987af39e994a] 10.0.0.98 "GET /allocation_candidates?limit=1000&resources=DISK_GB%3A1%2CMEMORY_MB%3A512%2CVCPU%3A1&root_required=%21COMPUTE_STATUS_DISABLED" status: 200 len: 2783 microversion: 1.36 [pid: 8|app: 0|req: 563/1135] 10.0.0.98 () {34 vars in 1011 bytes} [Mon Jul 6 13:42:31 2026] GET /allocation_candidates?limit=1000&resources=DISK_GB%3A1%2CMEMORY_MB%3A512%2CVCPU%3A1&root_required=%21COMPUTE_STATUS_DISABLED => generated 2783 bytes in 63 msecs (HTTP/1.1 200) 8 headers in 297 bytes (1 switches on core 0)
2026-07-06 13:42:31.435 7 INFO placement.requestlog [req-a09f7f3b-e8db-4219-8d02-1fa86462b3c9 req-3362889b-807d-4336-87ea-929c7b578994 e38f10e689b342e2b7077648e6fb912b d4d48044d3144a2196e1cd0992e0c642 - - 546d2e81f25648608d50987af39e994a 546d2e81f25648608d50987af39e994a] 10.0.0.98 "GET /allocations/a7b3c178-31c5-4911-b008-15bf67c8c642" status: 200 len: 19 microversion: 1.28 [pid: 7|app: 0|req: 573/1136] 10.0.0.98 () {34 vars in 860 bytes} [Mon Jul 6 13:42:31 2026] GET /allocations/a7b3c178-31c5-4911-b008-15bf67c8c642 => generated 19 bytes in 20 msecs (HTTP/1.1 200) 8 headers in 295 bytes (1 switches on core 0)
2026-07-06 13:42:31.518 8 INFO placement.requestlog [req-a09f7f3b-e8db-4219-8d02-1fa86462b3c9 req-76dea771-33fa-49f4-bbff-1803f198eb93 e38f10e689b342e2b7077648e6fb912b d4d48044d3144a2196e1cd0992e0c642 - - 546d2e81f25648608d50987af39e994a 546d2e81f25648608d50987af39e994a] 10.0.0.98 "PUT /allocations/a7b3c178-31c5-4911-b008-15bf67c8c642" status: 204 len: 0 microversion: 1.36 [pid: 8|app: 0|req: 564/1137] 10.0.0.98 () {38 vars in 913 bytes} [Mon Jul 6 13:42:31 2026] PUT /allocations/a7b3c178-31c5-4911-b008-15bf67c8c642 => generated 0 bytes in 75 msecs (HTTP/1.1 204) 5 headers in 199 bytes (1 switches on core 0)
2026-07-06 13:42:33.067 7 INFO placement.requestlog [req-a09f7f3b-e8db-4219-8d02-1fa86462b3c9 req-b63d4053-a4cc-491d-b9ba-9a639db8fb09 e38f10e689b342e2b7077648e6fb912b d4d48044d3144a2196e1cd0992e0c642 - - 546d2e81f25648608d50987af39e994a 546d2e81f25648608d50987af39e994a] 199.19.213.91 "GET /allocations/a7b3c178-31c5-4911-b008-15bf67c8c642" status: 200 len: 258 microversion: 1.28 [pid: 7|app: 0|req: 574/1138] 199.19.213.91 () {34 vars in 862 bytes} [Mon Jul 6 13:42:33 2026] GET /allocations/a7b3c178-31c5-4911-b008-15bf67c8c642 => generated 258 bytes in 14 msecs (HTTP/1.1 200) 8 headers in 296 bytes (1 switches on core 0)
2026-07-06 13:42:34.106 8 INFO placement.requestlog [req-a09f7f3b-e8db-4219-8d02-1fa86462b3c9 req-680c2d6c-4314-4497-88a8-f368dd8c7d4e e38f10e689b342e2b7077648e6fb912b d4d48044d3144a2196e1cd0992e0c642 - - 546d2e81f25648608d50987af39e994a 546d2e81f25648608d50987af39e994a] 199.19.213.91 "GET /resource_providers/a9a071af-d5d8-4501-bc40-dfde44c2e6af/allocations" status: 200 len: 253 microversion: 1.0 [pid: 8|app: 0|req: 565/1139] 199.19.213.91 () {32 vars in 856 bytes} [Mon Jul 6 13:42:34 2026] GET /resource_providers/a9a071af-d5d8-4501-bc40-dfde44c2e6af/allocations => generated 253 bytes in 14 msecs (HTTP/1.1 200) 6 headers in 224 bytes (1 switches on core 0)
2026-07-06 13:42:34.135 7 INFO placement.requestlog [req-a09f7f3b-e8db-4219-8d02-1fa86462b3c9 req-f6e1e57c-7ed3-4892-9e6d-c96ebe92dae8 e38f10e689b342e2b7077648e6fb912b d4d48044d3144a2196e1cd0992e0c642 - - 546d2e81f25648608d50987af39e994a 546d2e81f25648608d50987af39e994a] 199.19.213.91 "GET /allocations/a7b3c178-31c5-4911-b008-15bf67c8c642" status: 200 len: 258 microversion: 1.28 [pid: 7|app: 0|req: 575/1140] 199.19.213.91 () {34 vars in 862 bytes} [Mon Jul 6 13:42:34 2026] GET /allocations/a7b3c178-31c5-4911-b008-15bf67c8c642 => generated 258 bytes in 16 msecs (HTTP/1.1 200) 8 headers in 296 bytes (1 switches on core 0)
2026-07-06 13:42:34.153 8 INFO placement.requestlog [req-a09f7f3b-e8db-4219-8d02-1fa86462b3c9 req-5ac5ec09-f87f-4805-8181-460899a6fb8e e38f10e689b342e2b7077648e6fb912b d4d48044d3144a2196e1cd0992e0c642 - - 546d2e81f25648608d50987af39e994a 546d2e81f25648608d50987af39e994a] 199.19.213.91 "GET /allocations/637c536f-131e-4907-b294-35db066add71" status: 200 len: 258 microversion: 1.28 [pid: 8|app: 0|req: 566/1141] 199.19.213.91 () {34 vars in 862 bytes} [Mon Jul 6 13:42:34 2026] GET /allocations/637c536f-131e-4907-b294-35db066add71 => generated 258 bytes in 13 msecs (HTTP/1.1 200) 8 headers in 296 bytes (1 switches on core 0)
2026-07-06 13:42:35.197 7 INFO placement.requestlog [req-2ec6b3b8-3fe8-4919-8d52-e0cd32e68dbc req-8ef7d166-9f68-445a-b60e-59b153b590eb e38f10e689b342e2b7077648e6fb912b d4d48044d3144a2196e1cd0992e0c642 - - 546d2e81f25648608d50987af39e994a 546d2e81f25648608d50987af39e994a] 199.19.213.91 "GET /resource_providers/a9a071af-d5d8-4501-bc40-dfde44c2e6af/allocations" status: 200 len: 253 microversion: 1.0 [pid: 7|app: 0|req: 576/1142] 199.19.213.91 () {32 vars in 856 bytes} [Mon Jul 6 13:42:35 2026] GET /resource_providers/a9a071af-d5d8-4501-bc40-dfde44c2e6af/allocations => generated 253 bytes in 17 msecs (HTTP/1.1 200) 6 headers in 224 bytes (1 switches on core 0)
2026-07-06 13:42:35.218 8 INFO placement.requestlog [req-2ec6b3b8-3fe8-4919-8d52-e0cd32e68dbc req-60efd7c2-bfb1-4f0f-ab08-3081be047fa8 e38f10e689b342e2b7077648e6fb912b d4d48044d3144a2196e1cd0992e0c642 - - 546d2e81f25648608d50987af39e994a 546d2e81f25648608d50987af39e994a] 199.19.213.91 "GET /allocations/a7b3c178-31c5-4911-b008-15bf67c8c642" status: 200 len: 258 microversion: 1.28 [pid: 8|app: 0|req: 567/1143] 199.19.213.91 () {34 vars in 862 bytes} [Mon Jul 6 13:42:35 2026] GET /allocations/a7b3c178-31c5-4911-b008-15bf67c8c642 => generated 258 bytes in 16 msecs (HTTP/1.1 200) 8 headers in 296 bytes (1 switches on core 0)
2026-07-06 13:42:35.242 7 INFO placement.requestlog [req-2ec6b3b8-3fe8-4919-8d52-e0cd32e68dbc req-f3253e41-3f3c-4287-807d-4e43cdeb2b40 e38f10e689b342e2b7077648e6fb912b d4d48044d3144a2196e1cd0992e0c642 - - 546d2e81f25648608d50987af39e994a 546d2e81f25648608d50987af39e994a] 199.19.213.91 "GET /allocations/637c536f-131e-4907-b294-35db066add71" status: 200 len: 258 microversion: 1.28 [pid: 7|app: 0|req: 577/1144] 199.19.213.91 () {34 vars in 862 bytes} [Mon Jul 6 13:42:35 2026] GET /allocations/637c536f-131e-4907-b294-35db066add71 => generated 258 bytes in 18 msecs (HTTP/1.1 200) 8 headers in 296 bytes (1 switches on core 0)
2026-07-06 13:42:36.312 8 INFO placement.requestlog [req-2ec6b3b8-3fe8-4919-8d52-e0cd32e68dbc req-226706ac-948a-4f4b-8795-01cf4e8d8cad e38f10e689b342e2b7077648e6fb912b d4d48044d3144a2196e1cd0992e0c642 - - 546d2e81f25648608d50987af39e994a 546d2e81f25648608d50987af39e994a] 199.19.213.91 "DELETE /allocations/637c536f-131e-4907-b294-35db066add71" status: 204 len: 0 microversion: 1.0 [pid: 8|app: 0|req: 568/1145] 199.19.213.91 () {34 vars in 840 bytes} [Mon Jul 6 13:42:36 2026] DELETE /allocations/637c536f-131e-4907-b294-35db066add71 => generated 0 bytes in 27 msecs (HTTP/1.1 204) 5 headers in 198 bytes (1 switches on core 0)
2026-07-06 13:42:38.357 7 INFO placement.requestlog [req-72467e13-ed21-4f61-9c3d-3eafa08950cb req-d62cf9bd-56fb-4051-b449-f5a71562e11e e38f10e689b342e2b7077648e6fb912b d4d48044d3144a2196e1cd0992e0c642 - - 546d2e81f25648608d50987af39e994a 546d2e81f25648608d50987af39e994a] 199.19.213.91 "GET /resource_providers/a9a071af-d5d8-4501-bc40-dfde44c2e6af/allocations" status: 200 len: 153 microversion: 1.0 [pid: 7|app: 0|req: 578/1146] 199.19.213.91 () {32 vars in 856 bytes} [Mon Jul 6 13:42:38 2026] GET /resource_providers/a9a071af-d5d8-4501-bc40-dfde44c2e6af/allocations => generated 153 bytes in 21 msecs (HTTP/1.1 200) 6 headers in 224 bytes (1 switches on core 0)
2026-07-06 13:42:38.382 8 INFO placement.requestlog [req-72467e13-ed21-4f61-9c3d-3eafa08950cb req-ea37cb18-935d-48b6-9d8d-823b4a2810a7 e38f10e689b342e2b7077648e6fb912b d4d48044d3144a2196e1cd0992e0c642 - - 546d2e81f25648608d50987af39e994a 546d2e81f25648608d50987af39e994a] 199.19.213.91 "GET /resource_providers/a9a071af-d5d8-4501-bc40-dfde44c2e6af/allocations" status: 200 len: 153 microversion: 1.0 [pid: 8|app: 0|req: 569/1147] 199.19.213.91 () {32 vars in 856 bytes} [Mon Jul 6 13:42:38 2026] GET /resource_providers/a9a071af-d5d8-4501-bc40-dfde44c2e6af/allocations => generated 153 bytes in 20 msecs (HTTP/1.1 200) 6 headers in 224 bytes (1 switches on core 0)
2026-07-06 13:42:38.402 7 INFO placement.requestlog [req-72467e13-ed21-4f61-9c3d-3eafa08950cb req-6872b966-1621-4f76-a0a9-e5e7116e49aa e38f10e689b342e2b7077648e6fb912b d4d48044d3144a2196e1cd0992e0c642 - - 546d2e81f25648608d50987af39e994a 546d2e81f25648608d50987af39e994a] 199.19.213.91 "GET /allocations/a7b3c178-31c5-4911-b008-15bf67c8c642" status: 200 len: 258 microversion: 1.28 [pid: 7|app: 0|req: 579/1148] 199.19.213.91 () {34 vars in 862 bytes} [Mon Jul 6 13:42:38 2026] GET /allocations/a7b3c178-31c5-4911-b008-15bf67c8c642 => generated 258 bytes in 12 msecs (HTTP/1.1 200) 8 headers in 296 bytes (1 switches on core 0)
2026-07-06 13:42:40.176 8 INFO placement.requestlog [None req-9887db09-befd-4f2a-a829-8ee716154aa5 5db2a41c64b7403b9a4225795587c84b d4d48044d3144a2196e1cd0992e0c642 - - 546d2e81f25648608d50987af39e994a 546d2e81f25648608d50987af39e994a] 10.0.0.223 "GET /resource_providers/d1cfd83d-feff-4076-84b9-54e3cdbcbfd6/aggregates" status: 404 len: 235 microversion: 1.1 [pid: 8|app: 0|req: 570/1149] 10.0.0.223 () {32 vars in 816 bytes} [Mon Jul 6 13:42:40 2026] GET /resource_providers/d1cfd83d-feff-4076-84b9-54e3cdbcbfd6/aggregates => generated 235 bytes in 9 msecs (HTTP/1.1 404) 5 headers in 202 bytes (1 switches on core 0)
2026-07-06 13:42:40.185 7 INFO placement.requestlog [None req-49ea021a-7335-4dd6-b232-7f8891f1ef39 5db2a41c64b7403b9a4225795587c84b d4d48044d3144a2196e1cd0992e0c642 - - 546d2e81f25648608d50987af39e994a 546d2e81f25648608d50987af39e994a] 10.0.0.223 "GET /resource_providers/d1cfd83d-feff-4076-84b9-54e3cdbcbfd6/aggregates" status: 404 len: 235 microversion: 1.1 [pid: 7|app: 0|req: 580/1150] 10.0.0.223 () {32 vars in 816 bytes} [Mon Jul 6 13:42:40 2026] GET /resource_providers/d1cfd83d-feff-4076-84b9-54e3cdbcbfd6/aggregates => generated 235 bytes in 11 msecs (HTTP/1.1 404) 5 headers in 202 bytes (1 switches on core 0)
2026-07-06 13:42:40.193 8 INFO placement.requestlog [None req-149b34c3-deb4-4c6c-b2f9-30cdd8b41bca 5db2a41c64b7403b9a4225795587c84b d4d48044d3144a2196e1cd0992e0c642 - - 546d2e81f25648608d50987af39e994a 546d2e81f25648608d50987af39e994a] 10.0.0.223 "DELETE /resource_providers/d1cfd83d-feff-4076-84b9-54e3cdbcbfd6" status: 404 len: 246 microversion: 1.1 [pid: 8|app: 0|req: 571/1151] 10.0.0.223 () {34 vars in 816 bytes} [Mon Jul 6 13:42:40 2026] DELETE /resource_providers/d1cfd83d-feff-4076-84b9-54e3cdbcbfd6 => generated 246 bytes in 8 msecs (HTTP/1.1 404) 6 headers in 231 bytes (1 switches on core 0)
2026-07-06 13:42:40.207 7 INFO placement.requestlog [None req-926f4757-05c1-4006-ba3f-0e9b00b52059 5db2a41c64b7403b9a4225795587c84b d4d48044d3144a2196e1cd0992e0c642 - - 546d2e81f25648608d50987af39e994a 546d2e81f25648608d50987af39e994a] 10.0.0.223 "DELETE /resource_providers/d1cfd83d-feff-4076-84b9-54e3cdbcbfd6" status: 404 len: 246 microversion: 1.1 [pid: 7|app: 0|req: 581/1152] 10.0.0.223 () {34 vars in 816 bytes} [Mon Jul 6 13:42:40 2026] DELETE /resource_providers/d1cfd83d-feff-4076-84b9-54e3cdbcbfd6 => generated 246 bytes in 9 msecs (HTTP/1.1 404) 6 headers in 231 bytes (1 switches on core 0)
2026-07-06 13:42:40.487 8 INFO placement.requestlog [None req-c7dd7d15-2513-49b1-a111-aa807b0d4c89 - - - - - -] 10.0.0.184 "GET /" status: 200 len: 136 microversion: 1.0
2026-07-06 13:42:40.488 7 INFO placement.requestlog [None req-112c1571-2e38-458f-9864-8442656c859f - - - - - -] 10.0.0.184 "GET /" status: 200 len: 136 microversion: 1.0
2026-07-06 13:42:40.704 7 INFO placement.requestlog [None req-5cbfbab5-d49f-425e-b6f6-bd94eb58ef9b 5db2a41c64b7403b9a4225795587c84b d4d48044d3144a2196e1cd0992e0c642 - - 546d2e81f25648608d50987af39e994a 546d2e81f25648608d50987af39e994a] 10.0.0.223 "GET /resource_providers/287d6957-97f8-4220-bcdd-f94c59cdd98d/aggregates" status: 404 len: 235 microversion: 1.1 [pid: 7|app: 0|req: 583/1155] 10.0.0.223 () {32 vars in 816 bytes} [Mon Jul 6 13:42:40 2026] GET /resource_providers/287d6957-97f8-4220-bcdd-f94c59cdd98d/aggregates => generated 235 bytes in 9 msecs (HTTP/1.1 404) 5 headers in 202 bytes (1 switches on core 0)
2026-07-06 13:42:40.708 8 INFO placement.requestlog [None req-a693dcb4-9e92-4c30-8ee6-2025f90a4919 5db2a41c64b7403b9a4225795587c84b d4d48044d3144a2196e1cd0992e0c642 - - 546d2e81f25648608d50987af39e994a 546d2e81f25648608d50987af39e994a] 10.0.0.223 "GET /resource_providers/287d6957-97f8-4220-bcdd-f94c59cdd98d/aggregates" status: 404 len: 235 microversion: 1.1 [pid: 8|app: 0|req: 573/1156] 10.0.0.223 () {32 vars in 816 bytes} [Mon Jul 6 13:42:40 2026] GET /resource_providers/287d6957-97f8-4220-bcdd-f94c59cdd98d/aggregates => generated 235 bytes in 14 msecs (HTTP/1.1 404) 5 headers in 202 bytes (1 switches on core 0)
2026-07-06 13:42:40.724 7 INFO placement.requestlog [None req-451ca9ba-fa7c-4720-a50b-fd36529d8e7a 5db2a41c64b7403b9a4225795587c84b d4d48044d3144a2196e1cd0992e0c642 - - 546d2e81f25648608d50987af39e994a 546d2e81f25648608d50987af39e994a] 10.0.0.223 "DELETE /resource_providers/287d6957-97f8-4220-bcdd-f94c59cdd98d" status: 404 len: 246 microversion: 1.1 [pid: 7|app: 0|req: 584/1157] 10.0.0.223 () {34 vars in 816 bytes} [Mon Jul 6 13:42:40 2026] DELETE /resource_providers/287d6957-97f8-4220-bcdd-f94c59cdd98d => generated 246 bytes in 8 msecs (HTTP/1.1 404) 6 headers in 231 bytes (1 switches on core 0)
2026-07-06 13:42:40.727 8 INFO placement.requestlog [None req-6f2a1938-563c-4614-9bd6-cab40fa85f84 5db2a41c64b7403b9a4225795587c84b d4d48044d3144a2196e1cd0992e0c642 - - 546d2e81f25648608d50987af39e994a 546d2e81f25648608d50987af39e994a] 10.0.0.223 "DELETE /resource_providers/287d6957-97f8-4220-bcdd-f94c59cdd98d" status: 404 len: 246 microversion: 1.1 [pid: 8|app: 0|req: 574/1158] 10.0.0.223 () {34 vars in 816 bytes} [Mon Jul 6 13:42:40 2026] DELETE /resource_providers/287d6957-97f8-4220-bcdd-f94c59cdd98d => generated 246 bytes in 11 msecs (HTTP/1.1 404) 6 headers in 231 bytes (1 switches on core 0)
2026-07-06 13:42:43.014 7 INFO placement.requestlog [None req-c503c881-ae4b-4ebe-b708-3c865b580f38 5db2a41c64b7403b9a4225795587c84b d4d48044d3144a2196e1cd0992e0c642 - - 546d2e81f25648608d50987af39e994a 546d2e81f25648608d50987af39e994a] 10.0.0.223 "GET /resource_providers/9f8680d6-8c4a-4b9a-8cd2-f8b796f5347e/aggregates" status: 404 len: 235 microversion: 1.1 [pid: 7|app: 0|req: 585/1159] 10.0.0.223 () {32 vars in 816 bytes} [Mon Jul 6 13:42:43 2026] GET /resource_providers/9f8680d6-8c4a-4b9a-8cd2-f8b796f5347e/aggregates => generated 235 bytes in 13 msecs (HTTP/1.1 404) 5 headers in 202 bytes (1 switches on core 0)
2026-07-06 13:42:43.017 8 INFO placement.requestlog [None req-2dee3d16-ca3d-47d7-9dde-7fd4d3047086 5db2a41c64b7403b9a4225795587c84b d4d48044d3144a2196e1cd0992e0c642 - - 546d2e81f25648608d50987af39e994a 546d2e81f25648608d50987af39e994a] 10.0.0.223 "GET /resource_providers/9f8680d6-8c4a-4b9a-8cd2-f8b796f5347e/aggregates" status: 404 len: 235 microversion: 1.1 [pid: 8|app: 0|req: 575/1160] 10.0.0.223 () {32 vars in 816 bytes} [Mon Jul 6 13:42:43 2026] GET /resource_providers/9f8680d6-8c4a-4b9a-8cd2-f8b796f5347e/aggregates => generated 235 bytes in 10 msecs (HTTP/1.1 404) 5 headers in 202 bytes (1 switches on core 0)
2026-07-06 13:42:43.046 8 INFO placement.requestlog [None req-a1669a7d-fd9f-412b-9721-1106bc6c2063 5db2a41c64b7403b9a4225795587c84b d4d48044d3144a2196e1cd0992e0c642 - - 546d2e81f25648608d50987af39e994a 546d2e81f25648608d50987af39e994a] 10.0.0.223 "DELETE /resource_providers/9f8680d6-8c4a-4b9a-8cd2-f8b796f5347e" status: 404 len: 246 microversion: 1.1 [pid: 8|app: 0|req: 576/1161] 10.0.0.223 () {34 vars in 816 bytes} [Mon Jul 6 13:42:43 2026] DELETE /resource_providers/9f8680d6-8c4a-4b9a-8cd2-f8b796f5347e => generated 246 bytes in 14 msecs (HTTP/1.1 404) 6 headers in 231 bytes (1 switches on core 0)
2026-07-06 13:42:43.055 7 INFO placement.requestlog [None req-63e08cad-ef17-4512-99c8-9a86f655d1b8 5db2a41c64b7403b9a4225795587c84b d4d48044d3144a2196e1cd0992e0c642 - - 546d2e81f25648608d50987af39e994a 546d2e81f25648608d50987af39e994a] 10.0.0.223 "DELETE /resource_providers/9f8680d6-8c4a-4b9a-8cd2-f8b796f5347e" status: 404 len: 246 microversion: 1.1 [pid: 7|app: 0|req: 586/1162] 10.0.0.223 () {34 vars in 816 bytes} [Mon Jul 6 13:42:43 2026] DELETE /resource_providers/9f8680d6-8c4a-4b9a-8cd2-f8b796f5347e => generated 246 bytes in 27 msecs (HTTP/1.1 404) 6 headers in 231 bytes (1 switches on core 0)
2026-07-06 13:42:45.078 8 INFO placement.requestlog [None req-bce30877-87a8-4095-b678-ac38ed419555 5db2a41c64b7403b9a4225795587c84b d4d48044d3144a2196e1cd0992e0c642 - - 546d2e81f25648608d50987af39e994a 546d2e81f25648608d50987af39e994a] 10.0.0.223 "GET /resource_providers/026be5ac-ed8c-4b31-a78a-31fe4307d55f/aggregates" status: 404 len: 235 microversion: 1.1 [pid: 8|app: 0|req: 577/1163] 10.0.0.223 () {32 vars in 816 bytes} [Mon Jul 6 13:42:45 2026] GET /resource_providers/026be5ac-ed8c-4b31-a78a-31fe4307d55f/aggregates => generated 235 bytes in 23 msecs (HTTP/1.1 404) 5 headers in 202 bytes (1 switches on core 0)
2026-07-06 13:42:45.086 7 INFO placement.requestlog [None req-f527fa6c-e899-422e-9e58-c8892072df69 5db2a41c64b7403b9a4225795587c84b d4d48044d3144a2196e1cd0992e0c642 - - 546d2e81f25648608d50987af39e994a 546d2e81f25648608d50987af39e994a] 10.0.0.223 "GET /resource_providers/026be5ac-ed8c-4b31-a78a-31fe4307d55f/aggregates" status: 404 len: 235 microversion: 1.1 [pid: 7|app: 0|req: 587/1164] 10.0.0.223 () {32 vars in 816 bytes} [Mon Jul 6 13:42:45 2026] GET /resource_providers/026be5ac-ed8c-4b31-a78a-31fe4307d55f/aggregates => generated 235 bytes in 16 msecs (HTTP/1.1 404) 5 headers in 202 bytes (1 switches on core 0)
2026-07-06 13:42:45.106 7 INFO placement.requestlog [None req-ee8f7902-c99a-4597-8852-bab888f2bc60 5db2a41c64b7403b9a4225795587c84b d4d48044d3144a2196e1cd0992e0c642 - - 546d2e81f25648608d50987af39e994a 546d2e81f25648608d50987af39e994a] 10.0.0.223 "DELETE /resource_providers/026be5ac-ed8c-4b31-a78a-31fe4307d55f" status: 404 len: 246 microversion: 1.1 [pid: 7|app: 0|req: 588/1165] 10.0.0.223 () {34 vars in 816 bytes} [Mon Jul 6 13:42:45 2026] DELETE /resource_providers/026be5ac-ed8c-4b31-a78a-31fe4307d55f => generated 246 bytes in 8 msecs (HTTP/1.1 404) 6 headers in 231 bytes (1 switches on core 0)
2026-07-06 13:42:45.108 8 INFO placement.requestlog [None req-c6b3260e-dd34-417b-9d2a-62d32fe0998b 5db2a41c64b7403b9a4225795587c84b d4d48044d3144a2196e1cd0992e0c642 - - 546d2e81f25648608d50987af39e994a 546d2e81f25648608d50987af39e994a] 10.0.0.223 "DELETE /resource_providers/026be5ac-ed8c-4b31-a78a-31fe4307d55f" status: 404 len: 246 microversion: 1.1 [pid: 8|app: 0|req: 578/1166] 10.0.0.223 () {34 vars in 816 bytes} [Mon Jul 6 13:42:45 2026] DELETE /resource_providers/026be5ac-ed8c-4b31-a78a-31fe4307d55f => generated 246 bytes in 16 msecs (HTTP/1.1 404) 6 headers in 231 bytes (1 switches on core 0)
2026-07-06 13:42:50.487 8 INFO placement.requestlog [None req-339a027e-515f-4520-bd5d-b937fd2e0371 - - - - - -] 10.0.0.184 "GET /" status: 200 len: 136 microversion: 1.0
2026-07-06 13:42:50.488 7 INFO placement.requestlog [None req-ab504d4f-31a8-4ad4-af07-ae8a45f5df2c - - - - - -] 10.0.0.184 "GET /" status: 200 len: 136 microversion: 1.0
2026-07-06 13:42:51.454 7 INFO placement.requestlog [None req-220f628c-f431-4b1f-9dca-089dda2c94c8 5db2a41c64b7403b9a4225795587c84b d4d48044d3144a2196e1cd0992e0c642 - - 546d2e81f25648608d50987af39e994a 546d2e81f25648608d50987af39e994a] 10.0.0.223 "GET /resource_providers/a3bd6e6d-c611-49fe-91ba-592b78be105d/aggregates" status: 404 len: 235 microversion: 1.1 [pid: 7|app: 0|req: 590/1169] 10.0.0.223 () {32 vars in 816 bytes} [Mon Jul 6 13:42:51 2026] GET /resource_providers/a3bd6e6d-c611-49fe-91ba-592b78be105d/aggregates => generated 235 bytes in 8 msecs (HTTP/1.1 404) 5 headers in 202 bytes (1 switches on core 0)
2026-07-06 13:42:51.456 8 INFO placement.requestlog [None req-be488ac3-153d-42b2-8652-65291836fe3b 5db2a41c64b7403b9a4225795587c84b d4d48044d3144a2196e1cd0992e0c642 - - 546d2e81f25648608d50987af39e994a 546d2e81f25648608d50987af39e994a] 10.0.0.223 "GET /resource_providers/a3bd6e6d-c611-49fe-91ba-592b78be105d/aggregates" status: 404 len: 235 microversion: 1.1 [pid: 8|app: 0|req: 580/1170] 10.0.0.223 () {32 vars in 816 bytes} [Mon Jul 6 13:42:51 2026] GET /resource_providers/a3bd6e6d-c611-49fe-91ba-592b78be105d/aggregates => generated 235 bytes in 9 msecs (HTTP/1.1 404) 5 headers in 202 bytes (1 switches on core 0)
2026-07-06 13:42:51.476 7 INFO placement.requestlog [None req-69daac1e-dd31-447b-9d55-12d8b45cce0e 5db2a41c64b7403b9a4225795587c84b d4d48044d3144a2196e1cd0992e0c642 - - 546d2e81f25648608d50987af39e994a 546d2e81f25648608d50987af39e994a] 10.0.0.223 "DELETE /resource_providers/a3bd6e6d-c611-49fe-91ba-592b78be105d" status: 404 len: 246 microversion: 1.1 [pid: 7|app: 0|req: 591/1171] 10.0.0.223 () {34 vars in 816 bytes} [Mon Jul 6 13:42:51 2026] DELETE /resource_providers/a3bd6e6d-c611-49fe-91ba-592b78be105d => generated 246 bytes in 12 msecs (HTTP/1.1 404) 6 headers in 231 bytes (1 switches on core 0)
2026-07-06 13:42:51.482 8 INFO placement.requestlog [None req-86877f6f-3029-40e5-8977-5c88ec0c9e6f 5db2a41c64b7403b9a4225795587c84b d4d48044d3144a2196e1cd0992e0c642 - - 546d2e81f25648608d50987af39e994a 546d2e81f25648608d50987af39e994a] 10.0.0.223 "DELETE /resource_providers/a3bd6e6d-c611-49fe-91ba-592b78be105d" status: 404 len: 246 microversion: 1.1 [pid: 8|app: 0|req: 581/1172] 10.0.0.223 () {34 vars in 816 bytes} [Mon Jul 6 13:42:51 2026] DELETE /resource_providers/a3bd6e6d-c611-49fe-91ba-592b78be105d => generated 246 bytes in 8 msecs (HTTP/1.1 404) 6 headers in 231 bytes (1 switches on core 0)
2026-07-06 13:42:53.508 8 INFO placement.requestlog [None req-d7e7497f-5e9b-417a-bf0f-b2664055b202 5db2a41c64b7403b9a4225795587c84b d4d48044d3144a2196e1cd0992e0c642 - - 546d2e81f25648608d50987af39e994a 546d2e81f25648608d50987af39e994a] 10.0.0.223 "GET /resource_providers/107b650b-8044-41fa-a1bc-3653ebe1e80a/aggregates" status: 404 len: 235 microversion: 1.1 [pid: 8|app: 0|req: 582/1173] 10.0.0.223 () {32 vars in 816 bytes} [Mon Jul 6 13:42:53 2026] GET /resource_providers/107b650b-8044-41fa-a1bc-3653ebe1e80a/aggregates => generated 235 bytes in 13 msecs (HTTP/1.1 404) 5 headers in 202 bytes (1 switches on core 0)
2026-07-06 13:42:53.510 7 INFO placement.requestlog [None req-405c9473-b874-446f-9c2a-48f034b39465 5db2a41c64b7403b9a4225795587c84b d4d48044d3144a2196e1cd0992e0c642 - - 546d2e81f25648608d50987af39e994a 546d2e81f25648608d50987af39e994a] 10.0.0.223 "GET /resource_providers/107b650b-8044-41fa-a1bc-3653ebe1e80a/aggregates" status: 404 len: 235 microversion: 1.1 [pid: 7|app: 0|req: 592/1174] 10.0.0.223 () {32 vars in 816 bytes} [Mon Jul 6 13:42:53 2026] GET /resource_providers/107b650b-8044-41fa-a1bc-3653ebe1e80a/aggregates => generated 235 bytes in 14 msecs (HTTP/1.1 404) 5 headers in 202 bytes (1 switches on core 0)
2026-07-06 13:42:53.553 8 INFO placement.requestlog [None req-f9e14b3b-349d-49a2-a310-1d88843568d0 5db2a41c64b7403b9a4225795587c84b d4d48044d3144a2196e1cd0992e0c642 - - 546d2e81f25648608d50987af39e994a 546d2e81f25648608d50987af39e994a] 10.0.0.223 "DELETE /resource_providers/107b650b-8044-41fa-a1bc-3653ebe1e80a" status: 404 len: 246 microversion: 1.1 [pid: 8|app: 0|req: 583/1175] 10.0.0.223 () {34 vars in 816 bytes} [Mon Jul 6 13:42:53 2026] DELETE /resource_providers/107b650b-8044-41fa-a1bc-3653ebe1e80a => generated 246 bytes in 16 msecs (HTTP/1.1 404) 6 headers in 231 bytes (1 switches on core 0)
2026-07-06 13:42:53.554 7 INFO placement.requestlog [None req-726fd7ef-5de5-49db-8ff8-6ddaae353234 5db2a41c64b7403b9a4225795587c84b d4d48044d3144a2196e1cd0992e0c642 - - 546d2e81f25648608d50987af39e994a 546d2e81f25648608d50987af39e994a] 10.0.0.223 "DELETE /resource_providers/107b650b-8044-41fa-a1bc-3653ebe1e80a" status: 404 len: 246 microversion: 1.1 [pid: 7|app: 0|req: 593/1176] 10.0.0.223 () {34 vars in 816 bytes} [Mon Jul 6 13:42:53 2026] DELETE /resource_providers/107b650b-8044-41fa-a1bc-3653ebe1e80a => generated 246 bytes in 17 msecs (HTTP/1.1 404) 6 headers in 231 bytes (1 switches on core 0)
2026-07-06 13:42:55.575 8 INFO placement.requestlog [None req-170989bc-7d7b-441d-9090-d624ebd03dc2 5db2a41c64b7403b9a4225795587c84b d4d48044d3144a2196e1cd0992e0c642 - - 546d2e81f25648608d50987af39e994a 546d2e81f25648608d50987af39e994a] 10.0.0.223 "GET /resource_providers/3dcecf3e-0814-45c6-9b5e-a1505d114718/aggregates" status: 404 len: 235 microversion: 1.1 [pid: 8|app: 0|req: 584/1177] 10.0.0.223 () {32 vars in 816 bytes} [Mon Jul 6 13:42:55 2026] GET /resource_providers/3dcecf3e-0814-45c6-9b5e-a1505d114718/aggregates => generated 235 bytes in 8 msecs (HTTP/1.1 404) 5 headers in 202 bytes (1 switches on core 0)
2026-07-06 13:42:55.588 7 INFO placement.requestlog [None req-38fc1329-3011-4b25-80bb-c9ae3fd03b11 5db2a41c64b7403b9a4225795587c84b d4d48044d3144a2196e1cd0992e0c642 - - 546d2e81f25648608d50987af39e994a 546d2e81f25648608d50987af39e994a] 10.0.0.223 "GET /resource_providers/3dcecf3e-0814-45c6-9b5e-a1505d114718/aggregates" status: 404 len: 235 microversion: 1.1 [pid: 7|app: 0|req: 594/1178] 10.0.0.223 () {32 vars in 816 bytes} [Mon Jul 6 13:42:55 2026] GET /resource_providers/3dcecf3e-0814-45c6-9b5e-a1505d114718/aggregates => generated 235 bytes in 17 msecs (HTTP/1.1 404) 5 headers in 202 bytes (1 switches on core 0)
2026-07-06 13:42:55.599 8 INFO placement.requestlog [None req-57ad645c-7001-41a9-8a2f-da6221b24982 5db2a41c64b7403b9a4225795587c84b d4d48044d3144a2196e1cd0992e0c642 - - 546d2e81f25648608d50987af39e994a 546d2e81f25648608d50987af39e994a] 10.0.0.223 "DELETE /resource_providers/3dcecf3e-0814-45c6-9b5e-a1505d114718" status: 404 len: 246 microversion: 1.1 [pid: 8|app: 0|req: 585/1179] 10.0.0.223 () {34 vars in 816 bytes} [Mon Jul 6 13:42:55 2026] DELETE /resource_providers/3dcecf3e-0814-45c6-9b5e-a1505d114718 => generated 246 bytes in 8 msecs (HTTP/1.1 404) 6 headers in 231 bytes (1 switches on core 0)
2026-07-06 13:42:55.619 7 INFO placement.requestlog [None req-d32feacd-7b36-4cee-a404-d0545739b98f 5db2a41c64b7403b9a4225795587c84b d4d48044d3144a2196e1cd0992e0c642 - - 546d2e81f25648608d50987af39e994a 546d2e81f25648608d50987af39e994a] 10.0.0.223 "DELETE /resource_providers/3dcecf3e-0814-45c6-9b5e-a1505d114718" status: 404 len: 246 microversion: 1.1 [pid: 7|app: 0|req: 595/1180] 10.0.0.223 () {34 vars in 816 bytes} [Mon Jul 6 13:42:55 2026] DELETE /resource_providers/3dcecf3e-0814-45c6-9b5e-a1505d114718 => generated 246 bytes in 10 msecs (HTTP/1.1 404) 6 headers in 231 bytes (1 switches on core 0)
2026-07-06 13:43:00.486 8 INFO placement.requestlog [None req-28e1d5b5-2870-42d2-9dab-9b4a1899ffbe - - - - - -] 10.0.0.184 "GET /" status: 200 len: 136 microversion: 1.0
2026-07-06 13:43:00.486 7 INFO placement.requestlog [None req-1687d95e-79da-434c-a895-d74d4f49805d - - - - - -] 10.0.0.184 "GET /" status: 200 len: 136 microversion: 1.0
2026-07-06 13:43:05.392 7 INFO placement.requestlog [None req-a400ec28-63f9-4162-a79e-f5db3873064f 5db2a41c64b7403b9a4225795587c84b d4d48044d3144a2196e1cd0992e0c642 - - 546d2e81f25648608d50987af39e994a 546d2e81f25648608d50987af39e994a] 10.0.0.223 "GET /resource_providers/dfc45979-b30e-42ec-b841-31890f742c76/aggregates" status: 404 len: 235 microversion: 1.1 [pid: 7|app: 0|req: 597/1183] 10.0.0.223 () {32 vars in 816 bytes} [Mon Jul 6 13:43:05 2026] GET /resource_providers/dfc45979-b30e-42ec-b841-31890f742c76/aggregates => generated 235 bytes in 15 msecs (HTTP/1.1 404) 5 headers in 202 bytes (1 switches on core 0)
2026-07-06 13:43:05.395 8 INFO placement.requestlog [None req-18582383-1c9b-414e-aadf-106ed09cd279 5db2a41c64b7403b9a4225795587c84b d4d48044d3144a2196e1cd0992e0c642 - - 546d2e81f25648608d50987af39e994a 546d2e81f25648608d50987af39e994a] 10.0.0.223 "GET /resource_providers/dfc45979-b30e-42ec-b841-31890f742c76/aggregates" status: 404 len: 235 microversion: 1.1 [pid: 8|app: 0|req: 587/1184] 10.0.0.223 () {32 vars in 816 bytes} [Mon Jul 6 13:43:05 2026] GET /resource_providers/dfc45979-b30e-42ec-b841-31890f742c76/aggregates => generated 235 bytes in 14 msecs (HTTP/1.1 404) 5 headers in 202 bytes (1 switches on core 0)
2026-07-06 13:43:05.418 7 INFO placement.requestlog [None req-676e8ac2-3609-4b1b-9b9e-ab7e4ade9e8c 5db2a41c64b7403b9a4225795587c84b d4d48044d3144a2196e1cd0992e0c642 - - 546d2e81f25648608d50987af39e994a 546d2e81f25648608d50987af39e994a] 10.0.0.223 "DELETE /resource_providers/dfc45979-b30e-42ec-b841-31890f742c76" status: 404 len: 246 microversion: 1.1 [pid: 7|app: 0|req: 598/1185] 10.0.0.223 () {34 vars in 816 bytes} [Mon Jul 6 13:43:05 2026] DELETE /resource_providers/dfc45979-b30e-42ec-b841-31890f742c76 => generated 246 bytes in 9 msecs (HTTP/1.1 404) 6 headers in 231 bytes (1 switches on core 0)
2026-07-06 13:43:05.419 8 INFO placement.requestlog [None req-75957c8a-ab98-45a4-ba0c-2dab516054f3 5db2a41c64b7403b9a4225795587c84b d4d48044d3144a2196e1cd0992e0c642 - - 546d2e81f25648608d50987af39e994a 546d2e81f25648608d50987af39e994a] 10.0.0.223 "DELETE /resource_providers/dfc45979-b30e-42ec-b841-31890f742c76" status: 404 len: 246 microversion: 1.1 [pid: 8|app: 0|req: 588/1186] 10.0.0.223 () {34 vars in 816 bytes} [Mon Jul 6 13:43:05 2026] DELETE /resource_providers/dfc45979-b30e-42ec-b841-31890f742c76 => generated 246 bytes in 9 msecs (HTTP/1.1 404) 6 headers in 231 bytes (1 switches on core 0)
2026-07-06 13:43:07.458 7 INFO placement.requestlog [None req-6973fbf1-21d7-4e9d-beeb-3fce0fd3fa9f 5db2a41c64b7403b9a4225795587c84b d4d48044d3144a2196e1cd0992e0c642 - - 546d2e81f25648608d50987af39e994a 546d2e81f25648608d50987af39e994a] 10.0.0.223 "GET /resource_providers/f3fbffa8-6dbf-4235-bc35-25f85dbe8b42/aggregates" status: 404 len: 235 microversion: 1.1 [pid: 7|app: 0|req: 599/1187] 10.0.0.223 () {32 vars in 816 bytes} [Mon Jul 6 13:43:07 2026] GET /resource_providers/f3fbffa8-6dbf-4235-bc35-25f85dbe8b42/aggregates => generated 235 bytes in 15 msecs (HTTP/1.1 404) 5 headers in 202 bytes (1 switches on core 0)
2026-07-06 13:43:07.477 8 INFO placement.requestlog [None req-1793dae7-a9b9-4e13-b269-69eb95ad77f1 5db2a41c64b7403b9a4225795587c84b d4d48044d3144a2196e1cd0992e0c642 - - 546d2e81f25648608d50987af39e994a 546d2e81f25648608d50987af39e994a] 10.0.0.223 "GET /resource_providers/f3fbffa8-6dbf-4235-bc35-25f85dbe8b42/aggregates" status: 404 len: 235 microversion: 1.1 [pid: 8|app: 0|req: 589/1188] 10.0.0.223 () {32 vars in 816 bytes} [Mon Jul 6 13:43:07 2026] GET /resource_providers/f3fbffa8-6dbf-4235-bc35-25f85dbe8b42/aggregates => generated 235 bytes in 22 msecs (HTTP/1.1 404) 5 headers in 202 bytes (1 switches on core 0)
2026-07-06 13:43:07.490 7 INFO placement.requestlog [None req-49e1f048-1841-4ebe-b966-3b2a8b947541 5db2a41c64b7403b9a4225795587c84b d4d48044d3144a2196e1cd0992e0c642 - - 546d2e81f25648608d50987af39e994a 546d2e81f25648608d50987af39e994a] 10.0.0.223 "DELETE /resource_providers/f3fbffa8-6dbf-4235-bc35-25f85dbe8b42" status: 404 len: 246 microversion: 1.1 [pid: 7|app: 0|req: 600/1189] 10.0.0.223 () {34 vars in 816 bytes} [Mon Jul 6 13:43:07 2026] DELETE /resource_providers/f3fbffa8-6dbf-4235-bc35-25f85dbe8b42 => generated 246 bytes in 16 msecs (HTTP/1.1 404) 6 headers in 231 bytes (1 switches on core 0)
2026-07-06 13:43:07.504 8 INFO placement.requestlog [None req-a42884c0-a3db-4018-9edd-ceb49e7d3438 5db2a41c64b7403b9a4225795587c84b d4d48044d3144a2196e1cd0992e0c642 - - 546d2e81f25648608d50987af39e994a 546d2e81f25648608d50987af39e994a] 10.0.0.223 "DELETE /resource_providers/f3fbffa8-6dbf-4235-bc35-25f85dbe8b42" status: 404 len: 246 microversion: 1.1 [pid: 8|app: 0|req: 590/1190] 10.0.0.223 () {34 vars in 816 bytes} [Mon Jul 6 13:43:07 2026] DELETE /resource_providers/f3fbffa8-6dbf-4235-bc35-25f85dbe8b42 => generated 246 bytes in 10 msecs (HTTP/1.1 404) 6 headers in 231 bytes (1 switches on core 0)
2026-07-06 13:43:07.506 7 INFO placement.requestlog [None req-6d059349-ca05-4d7e-ba2b-ee9c521ea4d4 5db2a41c64b7403b9a4225795587c84b d4d48044d3144a2196e1cd0992e0c642 - - 546d2e81f25648608d50987af39e994a 546d2e81f25648608d50987af39e994a] 10.0.0.223 "GET /resource_providers/fa528034-b43c-4e10-b926-3b6cb8031c20/aggregates" status: 404 len: 235 microversion: 1.1 [pid: 7|app: 0|req: 601/1191] 10.0.0.223 () {32 vars in 816 bytes} [Mon Jul 6 13:43:07 2026] GET /resource_providers/fa528034-b43c-4e10-b926-3b6cb8031c20/aggregates => generated 235 bytes in 10 msecs (HTTP/1.1 404) 5 headers in 202 bytes (1 switches on core 0)
2026-07-06 13:43:07.527 7 INFO placement.requestlog [None req-09c52eb9-ac8a-4ef2-8cca-c486d65b2082 5db2a41c64b7403b9a4225795587c84b d4d48044d3144a2196e1cd0992e0c642 - - 546d2e81f25648608d50987af39e994a 546d2e81f25648608d50987af39e994a] 10.0.0.223 "DELETE /resource_providers/fa528034-b43c-4e10-b926-3b6cb8031c20" status: 404 len: 246 microversion: 1.1
2026-07-06 13:43:07.527 8 INFO placement.requestlog [None req-d635e1ca-3470-42f9-880a-1710ba687b55 5db2a41c64b7403b9a4225795587c84b d4d48044d3144a2196e1cd0992e0c642 - - 546d2e81f25648608d50987af39e994a 546d2e81f25648608d50987af39e994a] 10.0.0.223 "GET /resource_providers/fa528034-b43c-4e10-b926-3b6cb8031c20/aggregates" status: 404 len: 235 microversion: 1.1 [pid: 7|app: 0|req: 602/1192] 10.0.0.223 () {34 vars in 816 bytes} [Mon Jul 6 13:43:07 2026] DELETE /resource_providers/fa528034-b43c-4e10-b926-3b6cb8031c20 => generated 246 bytes in 11 msecs (HTTP/1.1 404) 6 headers in 231 bytes (1 switches on core 0) [pid: 8|app: 0|req: 591/1193] 10.0.0.223 () {32 vars in 816 bytes} [Mon Jul 6 13:43:07 2026] GET /resource_providers/fa528034-b43c-4e10-b926-3b6cb8031c20/aggregates => generated 235 bytes in 12 msecs (HTTP/1.1 404) 5 headers in 202 bytes (1 switches on core 0)
2026-07-06 13:43:07.548 8 INFO placement.requestlog [None req-53d8f4b6-244b-4759-8fcd-3e9d09ac72ff 5db2a41c64b7403b9a4225795587c84b d4d48044d3144a2196e1cd0992e0c642 - - 546d2e81f25648608d50987af39e994a 546d2e81f25648608d50987af39e994a] 10.0.0.223 "GET /resource_providers/3ccbc7d3-17e6-4e7c-bdac-b924d593749f/aggregates" status: 404 len: 235 microversion: 1.1 [pid: 8|app: 0|req: 592/1194] 10.0.0.223 () {32 vars in 816 bytes} [Mon Jul 6 13:43:07 2026] GET /resource_providers/3ccbc7d3-17e6-4e7c-bdac-b924d593749f/aggregates => generated 235 bytes in 9 msecs (HTTP/1.1 404) 5 headers in 202 bytes (1 switches on core 0)
2026-07-06 13:43:07.550 7 INFO placement.requestlog [None req-429ebb5e-1004-468e-975a-0d9691ae57b7 5db2a41c64b7403b9a4225795587c84b d4d48044d3144a2196e1cd0992e0c642 - - 546d2e81f25648608d50987af39e994a 546d2e81f25648608d50987af39e994a] 10.0.0.223 "DELETE /resource_providers/fa528034-b43c-4e10-b926-3b6cb8031c20" status: 404 len: 246 microversion: 1.1 [pid: 7|app: 0|req: 603/1195] 10.0.0.223 () {34 vars in 816 bytes} [Mon Jul 6 13:43:07 2026] DELETE /resource_providers/fa528034-b43c-4e10-b926-3b6cb8031c20 => generated 246 bytes in 11 msecs (HTTP/1.1 404) 6 headers in 231 bytes (1 switches on core 0)
2026-07-06 13:43:07.578 8 INFO placement.requestlog [None req-c140e80e-1cf0-4b61-a661-c54e5608c5dd 5db2a41c64b7403b9a4225795587c84b d4d48044d3144a2196e1cd0992e0c642 - - 546d2e81f25648608d50987af39e994a 546d2e81f25648608d50987af39e994a] 10.0.0.223 "GET /resource_providers/3ccbc7d3-17e6-4e7c-bdac-b924d593749f/aggregates" status: 404 len: 235 microversion: 1.1 [pid: 8|app: 0|req: 593/1196] 10.0.0.223 () {32 vars in 816 bytes} [Mon Jul 6 13:43:07 2026] GET /resource_providers/3ccbc7d3-17e6-4e7c-bdac-b924d593749f/aggregates => generated 235 bytes in 12 msecs (HTTP/1.1 404) 5 headers in 202 bytes (1 switches on core 0)
2026-07-06 13:43:07.580 7 INFO placement.requestlog [None req-52da5097-01e9-49be-a0c4-d08afe8a8379 5db2a41c64b7403b9a4225795587c84b d4d48044d3144a2196e1cd0992e0c642 - - 546d2e81f25648608d50987af39e994a 546d2e81f25648608d50987af39e994a] 10.0.0.223 "DELETE /resource_providers/3ccbc7d3-17e6-4e7c-bdac-b924d593749f" status: 404 len: 246 microversion: 1.1 [pid: 7|app: 0|req: 604/1197] 10.0.0.223 () {34 vars in 816 bytes} [Mon Jul 6 13:43:07 2026] DELETE /resource_providers/3ccbc7d3-17e6-4e7c-bdac-b924d593749f => generated 246 bytes in 10 msecs (HTTP/1.1 404) 6 headers in 231 bytes (1 switches on core 0)
2026-07-06 13:43:07.610 8 INFO placement.requestlog [None req-831afe95-42e5-4565-9679-26093c7f7e10 5db2a41c64b7403b9a4225795587c84b d4d48044d3144a2196e1cd0992e0c642 - - 546d2e81f25648608d50987af39e994a 546d2e81f25648608d50987af39e994a] 10.0.0.223 "GET /resource_providers/49a0657c-3bfa-4d3c-bc97-873514e440db/aggregates" status: 404 len: 235 microversion: 1.1 [pid: 8|app: 0|req: 594/1198] 10.0.0.223 () {32 vars in 816 bytes} [Mon Jul 6 13:43:07 2026] GET /resource_providers/49a0657c-3bfa-4d3c-bc97-873514e440db/aggregates => generated 235 bytes in 11 msecs (HTTP/1.1 404) 5 headers in 202 bytes (1 switches on core 0)
2026-07-06 13:43:07.618 7 INFO placement.requestlog [None req-7079ca0b-f6fe-4e8c-bba6-6859a2702574 5db2a41c64b7403b9a4225795587c84b d4d48044d3144a2196e1cd0992e0c642 - - 546d2e81f25648608d50987af39e994a 546d2e81f25648608d50987af39e994a] 10.0.0.223 "DELETE /resource_providers/3ccbc7d3-17e6-4e7c-bdac-b924d593749f" status: 404 len: 246 microversion: 1.1 [pid: 7|app: 0|req: 605/1199] 10.0.0.223 () {34 vars in 816 bytes} [Mon Jul 6 13:43:07 2026] DELETE /resource_providers/3ccbc7d3-17e6-4e7c-bdac-b924d593749f => generated 246 bytes in 12 msecs (HTTP/1.1 404) 6 headers in 231 bytes (1 switches on core 0)
2026-07-06 13:43:07.638 8 INFO placement.requestlog [None req-e3d21ba9-bc8d-4a59-8e06-dec9dae01f7f 5db2a41c64b7403b9a4225795587c84b d4d48044d3144a2196e1cd0992e0c642 - - 546d2e81f25648608d50987af39e994a 546d2e81f25648608d50987af39e994a] 10.0.0.223 "DELETE /resource_providers/49a0657c-3bfa-4d3c-bc97-873514e440db" status: 404 len: 246 microversion: 1.1 [pid: 8|app: 0|req: 595/1200] 10.0.0.223 () {34 vars in 816 bytes} [Mon Jul 6 13:43:07 2026] DELETE /resource_providers/49a0657c-3bfa-4d3c-bc97-873514e440db => generated 246 bytes in 19 msecs (HTTP/1.1 404) 6 headers in 231 bytes (1 switches on core 0)
2026-07-06 13:43:07.639 7 INFO placement.requestlog [None req-ddd612b6-b9c5-408e-9d95-7eaf126f90ee 5db2a41c64b7403b9a4225795587c84b d4d48044d3144a2196e1cd0992e0c642 - - 546d2e81f25648608d50987af39e994a 546d2e81f25648608d50987af39e994a] 10.0.0.223 "GET /resource_providers/49a0657c-3bfa-4d3c-bc97-873514e440db/aggregates" status: 404 len: 235 microversion: 1.1 [pid: 7|app: 0|req: 606/1201] 10.0.0.223 () {32 vars in 816 bytes} [Mon Jul 6 13:43:07 2026] GET /resource_providers/49a0657c-3bfa-4d3c-bc97-873514e440db/aggregates => generated 235 bytes in 12 msecs (HTTP/1.1 404) 5 headers in 202 bytes (1 switches on core 0)
2026-07-06 13:43:07.657 8 INFO placement.requestlog [None req-4e3a9837-427e-4c91-abfa-8248fc55fb2e 5db2a41c64b7403b9a4225795587c84b d4d48044d3144a2196e1cd0992e0c642 - - 546d2e81f25648608d50987af39e994a 546d2e81f25648608d50987af39e994a] 10.0.0.223 "DELETE /resource_providers/49a0657c-3bfa-4d3c-bc97-873514e440db" status: 404 len: 246 microversion: 1.1 [pid: 8|app: 0|req: 596/1202] 10.0.0.223 () {34 vars in 816 bytes} [Mon Jul 6 13:43:07 2026] DELETE /resource_providers/49a0657c-3bfa-4d3c-bc97-873514e440db => generated 246 bytes in 10 msecs (HTTP/1.1 404) 6 headers in 231 bytes (1 switches on core 0)
2026-07-06 13:43:09.521 7 INFO placement.requestlog [req-ce347a6c-6028-413c-8835-1fe136032bb3 req-99629ca3-7188-44bc-9d74-6178242468f0 e38f10e689b342e2b7077648e6fb912b d4d48044d3144a2196e1cd0992e0c642 - - 546d2e81f25648608d50987af39e994a 546d2e81f25648608d50987af39e994a] 10.0.0.98 "GET /allocation_candidates?limit=1000&resources=DISK_GB%3A1%2CMEMORY_MB%3A512%2CVCPU%3A1&root_required=%21COMPUTE_STATUS_DISABLED" status: 200 len: 2783 microversion: 1.36 [pid: 7|app: 0|req: 607/1203] 10.0.0.98 () {34 vars in 1011 bytes} [Mon Jul 6 13:43:09 2026] GET /allocation_candidates?limit=1000&resources=DISK_GB%3A1%2CMEMORY_MB%3A512%2CVCPU%3A1&root_required=%21COMPUTE_STATUS_DISABLED => generated 2783 bytes in 73 msecs (HTTP/1.1 200) 8 headers in 297 bytes (1 switches on core 0)
2026-07-06 13:43:09.560 8 INFO placement.requestlog [req-ce347a6c-6028-413c-8835-1fe136032bb3 req-e024407d-0763-4bb5-be49-da0624d86d31 e38f10e689b342e2b7077648e6fb912b d4d48044d3144a2196e1cd0992e0c642 - - 546d2e81f25648608d50987af39e994a 546d2e81f25648608d50987af39e994a] 10.0.0.98 "GET /allocations/98b05991-3e25-4084-bebd-2f484a5ede8a" status: 200 len: 19 microversion: 1.28 [pid: 8|app: 0|req: 597/1204] 10.0.0.98 () {34 vars in 860 bytes} [Mon Jul 6 13:43:09 2026] GET /allocations/98b05991-3e25-4084-bebd-2f484a5ede8a => generated 19 bytes in 16 msecs (HTTP/1.1 200) 8 headers in 295 bytes (1 switches on core 0)
2026-07-06 13:43:09.635 7 INFO placement.requestlog [req-ce347a6c-6028-413c-8835-1fe136032bb3 req-f3bf0f87-13a6-4efb-bfc3-270dcdcf3d00 e38f10e689b342e2b7077648e6fb912b d4d48044d3144a2196e1cd0992e0c642 - - 546d2e81f25648608d50987af39e994a 546d2e81f25648608d50987af39e994a] 10.0.0.98 "PUT /allocations/98b05991-3e25-4084-bebd-2f484a5ede8a" status: 204 len: 0 microversion: 1.36 [pid: 7|app: 0|req: 608/1205] 10.0.0.98 () {38 vars in 913 bytes} [Mon Jul 6 13:43:09 2026] PUT /allocations/98b05991-3e25-4084-bebd-2f484a5ede8a => generated 0 bytes in 67 msecs (HTTP/1.1 204) 5 headers in 199 bytes (1 switches on core 0)
2026-07-06 13:43:10.487 8 INFO placement.requestlog [None req-3708926a-fdeb-409a-9d69-37bc5a73b62b - - - - - -] 10.0.0.184 "GET /" status: 200 len: 136 microversion: 1.0
2026-07-06 13:43:10.489 7 INFO placement.requestlog [None req-bb88b216-49e4-4760-a8c0-de24f9fc3e5f - - - - - -] 10.0.0.184 "GET /" status: 200 len: 136 microversion: 1.0
2026-07-06 13:43:10.904 8 INFO placement.requestlog [req-9d614d49-88f8-4079-8200-68973f2f0c77 req-6be351d7-4030-4702-93be-a66a2079b99f e38f10e689b342e2b7077648e6fb912b d4d48044d3144a2196e1cd0992e0c642 - - 546d2e81f25648608d50987af39e994a 546d2e81f25648608d50987af39e994a] 10.0.0.98 "GET /allocation_candidates?limit=1000&resources=DISK_GB%3A1%2CMEMORY_MB%3A512%2CVCPU%3A1&root_required=%21COMPUTE_STATUS_DISABLED" status: 200 len: 2784 microversion: 1.36 [pid: 8|app: 0|req: 599/1208] 10.0.0.98 () {34 vars in 1011 bytes} [Mon Jul 6 13:43:10 2026] GET /allocation_candidates?limit=1000&resources=DISK_GB%3A1%2CMEMORY_MB%3A512%2CVCPU%3A1&root_required=%21COMPUTE_STATUS_DISABLED => generated 2784 bytes in 41 msecs (HTTP/1.1 200) 8 headers in 297 bytes (1 switches on core 0)
2026-07-06 13:43:10.936 7 INFO placement.requestlog [req-9d614d49-88f8-4079-8200-68973f2f0c77 req-d018f3c6-c893-4925-804e-b397228ffcd5 e38f10e689b342e2b7077648e6fb912b d4d48044d3144a2196e1cd0992e0c642 - - 546d2e81f25648608d50987af39e994a 546d2e81f25648608d50987af39e994a] 10.0.0.98 "GET /allocations/3cbc567b-0477-40c1-b1d0-ef7cebb8753f" status: 200 len: 19 microversion: 1.28 [pid: 7|app: 0|req: 610/1209] 10.0.0.98 () {34 vars in 860 bytes} [Mon Jul 6 13:43:10 2026] GET /allocations/3cbc567b-0477-40c1-b1d0-ef7cebb8753f => generated 19 bytes in 10 msecs (HTTP/1.1 200) 8 headers in 295 bytes (1 switches on core 0)
2026-07-06 13:43:11.032 8 INFO placement.requestlog [req-9d614d49-88f8-4079-8200-68973f2f0c77 req-8cbf2464-7594-4bbb-8c5b-e5ab2e9495b3 e38f10e689b342e2b7077648e6fb912b d4d48044d3144a2196e1cd0992e0c642 - - 546d2e81f25648608d50987af39e994a 546d2e81f25648608d50987af39e994a] 10.0.0.98 "PUT /allocations/3cbc567b-0477-40c1-b1d0-ef7cebb8753f" status: 204 len: 0 microversion: 1.36 [pid: 8|app: 0|req: 600/1210] 10.0.0.98 () {38 vars in 913 bytes} [Mon Jul 6 13:43:10 2026] PUT /allocations/3cbc567b-0477-40c1-b1d0-ef7cebb8753f => generated 0 bytes in 88 msecs (HTTP/1.1 204) 5 headers in 199 bytes (1 switches on core 0)
2026-07-06 13:43:11.147 7 INFO placement.requestlog [req-ce347a6c-6028-413c-8835-1fe136032bb3 req-26a42a2b-0a8a-4936-be12-3ad16254b757 e38f10e689b342e2b7077648e6fb912b d4d48044d3144a2196e1cd0992e0c642 - - 546d2e81f25648608d50987af39e994a 546d2e81f25648608d50987af39e994a] 199.19.213.91 "GET /allocations/98b05991-3e25-4084-bebd-2f484a5ede8a" status: 200 len: 258 microversion: 1.28 [pid: 7|app: 0|req: 611/1211] 199.19.213.91 () {34 vars in 862 bytes} [Mon Jul 6 13:43:11 2026] GET /allocations/98b05991-3e25-4084-bebd-2f484a5ede8a => generated 258 bytes in 24 msecs (HTTP/1.1 200) 8 headers in 296 bytes (1 switches on core 0)
2026-07-06 13:43:12.186 8 INFO placement.requestlog [req-ce347a6c-6028-413c-8835-1fe136032bb3 req-f832b94a-25ca-4dff-8884-ff05ee176283 e38f10e689b342e2b7077648e6fb912b d4d48044d3144a2196e1cd0992e0c642 - - 546d2e81f25648608d50987af39e994a 546d2e81f25648608d50987af39e994a] 199.19.213.91 "GET /resource_providers/a9a071af-d5d8-4501-bc40-dfde44c2e6af/allocations" status: 200 len: 353 microversion: 1.0 [pid: 8|app: 0|req: 601/1212] 199.19.213.91 () {32 vars in 856 bytes} [Mon Jul 6 13:43:12 2026] GET /resource_providers/a9a071af-d5d8-4501-bc40-dfde44c2e6af/allocations => generated 353 bytes in 15 msecs (HTTP/1.1 200) 6 headers in 224 bytes (1 switches on core 0)
2026-07-06 13:43:12.203 7 INFO placement.requestlog [req-ce347a6c-6028-413c-8835-1fe136032bb3 req-0b1d4467-a131-4a3c-909a-ddac475dbf0f e38f10e689b342e2b7077648e6fb912b d4d48044d3144a2196e1cd0992e0c642 - - 546d2e81f25648608d50987af39e994a 546d2e81f25648608d50987af39e994a] 199.19.213.91 "GET /allocations/a7b3c178-31c5-4911-b008-15bf67c8c642" status: 200 len: 258 microversion: 1.28 [pid: 7|app: 0|req: 612/1213] 199.19.213.91 () {34 vars in 862 bytes} [Mon Jul 6 13:43:12 2026] GET /allocations/a7b3c178-31c5-4911-b008-15bf67c8c642 => generated 258 bytes in 12 msecs (HTTP/1.1 200) 8 headers in 296 bytes (1 switches on core 0)
2026-07-06 13:43:12.225 8 INFO placement.requestlog [req-ce347a6c-6028-413c-8835-1fe136032bb3 req-457ef432-b9ed-4fd7-b12d-54709c6ad96c e38f10e689b342e2b7077648e6fb912b d4d48044d3144a2196e1cd0992e0c642 - - 546d2e81f25648608d50987af39e994a 546d2e81f25648608d50987af39e994a] 199.19.213.91 "GET /allocations/3cbc567b-0477-40c1-b1d0-ef7cebb8753f" status: 200 len: 258 microversion: 1.28 [pid: 8|app: 0|req: 602/1214] 199.19.213.91 () {34 vars in 862 bytes} [Mon Jul 6 13:43:12 2026] GET /allocations/3cbc567b-0477-40c1-b1d0-ef7cebb8753f => generated 258 bytes in 16 msecs (HTTP/1.1 200) 8 headers in 296 bytes (1 switches on core 0)
2026-07-06 13:43:12.248 7 INFO placement.requestlog [req-ce347a6c-6028-413c-8835-1fe136032bb3 req-319d23ae-21cb-4a25-a3a2-4c93eb05951e e38f10e689b342e2b7077648e6fb912b d4d48044d3144a2196e1cd0992e0c642 - - 546d2e81f25648608d50987af39e994a 546d2e81f25648608d50987af39e994a] 199.19.213.91 "GET /allocations/98b05991-3e25-4084-bebd-2f484a5ede8a" status: 200 len: 258 microversion: 1.28 [pid: 7|app: 0|req: 613/1215] 199.19.213.91 () {34 vars in 862 bytes} [Mon Jul 6 13:43:12 2026] GET /allocations/98b05991-3e25-4084-bebd-2f484a5ede8a => generated 258 bytes in 15 msecs (HTTP/1.1 200) 8 headers in 296 bytes (1 switches on core 0)
2026-07-06 13:43:12.578 8 INFO placement.requestlog [req-9d614d49-88f8-4079-8200-68973f2f0c77 req-7046772d-c918-4963-a85e-ec23fe3ca21b e38f10e689b342e2b7077648e6fb912b d4d48044d3144a2196e1cd0992e0c642 - - 546d2e81f25648608d50987af39e994a 546d2e81f25648608d50987af39e994a] 199.19.213.91 "GET /allocations/3cbc567b-0477-40c1-b1d0-ef7cebb8753f" status: 200 len: 258 microversion: 1.28 [pid: 8|app: 0|req: 603/1216] 199.19.213.91 () {34 vars in 862 bytes} [Mon Jul 6 13:43:12 2026] GET /allocations/3cbc567b-0477-40c1-b1d0-ef7cebb8753f => generated 258 bytes in 23 msecs (HTTP/1.1 200) 8 headers in 296 bytes (1 switches on core 0)
