Jun 22 04:50:39.428996 np0000182449 devstack@neutron-api.service[103126]: INFO neutron.plugins.ml2.managers [None req-86391d75-b4e6-4321-a032-2e5bbf3accd5 None None] Initializing mechanism driver 'ovn'
Jun 22 04:50:39.428996 np0000182449 devstack@neutron-api.service[103126]: INFO neutron.plugins.ml2.drivers.ovn.mech_driver.mech_driver [None req-86391d75-b4e6-4321-a032-2e5bbf3accd5 None None] Starting OVNMechanismDriver
Jun 22 04:50:39.429107 np0000182449 devstack@neutron-api.service[103127]: INFO neutron.api.extensions [None req-37a51902-2315-4045-8200-f14fadf4fec7 None None] Extension segment not supported by any of loaded plugins
Jun 22 04:50:39.429107 np0000182449 devstack@neutron-api.service[103127]: DEBUG neutron.api.extensions [None req-37a51902-2315-4045-8200-f14fadf4fec7 None None] Loading extension file: segments_peer_subnet_host_routes.py {{(pid=103127) _load_all_extensions_from_path /opt/stack/neutron/neutron/api/extensions.py:449}}
Jun 22 04:50:39.429107 np0000182449 devstack@neutron-api.service[103127]: DEBUG neutron.api.extensions [None req-37a51902-2315-4045-8200-f14fadf4fec7 None None] Ext name="Segments peer-subnet host routes" alias="segments-peer-subnet-host-routes" description="Add host routes to subnets on a routed network (segments)" updated="2018-06-12T10:00:00-00:00" {{(pid=103127) _check_extension /opt/stack/neutron/neutron/api/extensions.py:415}}
Jun 22 04:50:39.429107 np0000182449 devstack@neutron-api.service[103127]: INFO neutron.api.extensions [None req-37a51902-2315-4045-8200-f14fadf4fec7 None None] Extension segments-peer-subnet-host-routes not supported by any of loaded plugins
Jun 22 04:50:39.429107 np0000182449 devstack@neutron-api.service[103127]: DEBUG neutron.api.extensions [None req-37a51902-2315-4045-8200-f14fadf4fec7 None None] Loading extension file: servicetype.py {{(pid=103127) _load_all_extensions_from_path /opt/stack/neutron/neutron/api/extensions.py:449}}
Jun 22 04:50:39.429107 np0000182449 devstack@neutron-api.service[103127]: DEBUG neutron.api.extensions [None req-37a51902-2315-4045-8200-f14fadf4fec7 None None] Ext name="Neutron Service Type Management" alias="service-type" description="API for retrieving service providers for Neutron advanced services" updated="2013-01-20T00:00:00-00:00" {{(pid=103127) _check_extension /opt/stack/neutron/neutron/api/extensions.py:415}}
Jun 22 04:50:39.429107 np0000182449 devstack@neutron-api.service[103127]: INFO neutron.api.extensions [None req-37a51902-2315-4045-8200-f14fadf4fec7 None None] Loaded extension: service-type
Jun 22 04:50:39.429361 np0000182449 devstack@neutron-api.service[103127]: DEBUG neutron.api.extensions [None req-37a51902-2315-4045-8200-f14fadf4fec7 None None] Loading extension file: sorting.py {{(pid=103127) _load_all_extensions_from_path /opt/stack/neutron/neutron/api/extensions.py:449}}
Jun 22 04:50:39.429361 np0000182449 devstack@neutron-api.service[103127]: DEBUG neutron.api.extensions [None req-37a51902-2315-4045-8200-f14fadf4fec7 None None] Ext name="Sorting support" alias="sorting" description="Extension that indicates that sorting is enabled." updated="2016-06-12T00:00:00-00:00" {{(pid=103127) _check_extension /opt/stack/neutron/neutron/api/extensions.py:415}}
Jun 22 04:50:39.429361 np0000182449 devstack@neutron-api.service[103127]: INFO neutron.api.extensions [None req-37a51902-2315-4045-8200-f14fadf4fec7 None None] Loaded extension: sorting
Jun 22 04:50:39.429361 np0000182449 devstack@neutron-api.service[103127]: DEBUG neutron.api.extensions [None req-37a51902-2315-4045-8200-f14fadf4fec7 None None] Loading extension file: standard_attr_segment.py {{(pid=103127) _load_all_extensions_from_path /opt/stack/neutron/neutron/api/extensions.py:449}}
Jun 22 04:50:39.429503 np0000182449 devstack@neutron-api.service[103126]: DEBUG neutron_lib.callbacks.manager [None req-86391d75-b4e6-4321-a032-2e5bbf3accd5 None None] Subscribe: > process before_spawn 55550000, False {{(pid=103126) subscribe /opt/stack/data/venv/lib/python3.12/site-packages/neutron_lib/callbacks/manager.py:52}}
Jun 22 04:50:39.429592 np0000182449 devstack@neutron-api.service[103127]: DEBUG neutron.api.extensions [None req-37a51902-2315-4045-8200-f14fadf4fec7 None None] Ext name="Standard Attribute Segment Extension" alias="standard-attr-segment" description="Add standard attributes to Segment resource" updated="2018-04-09T10:00:00-00:00" {{(pid=103127) _check_extension /opt/stack/neutron/neutron/api/extensions.py:415}}
Jun 22 04:50:39.429654 np0000182449 devstack@neutron-api.service[103126]: DEBUG neutron_lib.callbacks.manager [None req-86391d75-b4e6-4321-a032-2e5bbf3accd5 None None] Subscribe: > process after_init 55550000, True {{(pid=103126) subscribe /opt/stack/data/venv/lib/python3.12/site-packages/neutron_lib/callbacks/manager.py:52}}
Jun 22 04:50:39.429741 np0000182449 devstack@neutron-api.service[103127]: INFO neutron.api.extensions [None req-37a51902-2315-4045-8200-f14fadf4fec7 None None] Extension standard-attr-segment not supported by any of loaded plugins
Jun 22 04:50:39.429809 np0000182449 devstack@neutron-api.service[103126]: DEBUG neutron_lib.callbacks.manager [None req-86391d75-b4e6-4321-a032-2e5bbf3accd5 None None] Subscribe: > segment after_create 55550000, False {{(pid=103126) subscribe /opt/stack/data/venv/lib/python3.12/site-packages/neutron_lib/callbacks/manager.py:52}}
Jun 22 04:50:39.429877 np0000182449 devstack@neutron-api.service[103127]: DEBUG neutron.api.extensions [None req-37a51902-2315-4045-8200-f14fadf4fec7 None None] Loading extension file: standardattrdescription.py {{(pid=103127) _load_all_extensions_from_path /opt/stack/neutron/neutron/api/extensions.py:449}}
Jun 22 04:50:39.429939 np0000182449 devstack@neutron-api.service[103126]: DEBUG neutron_lib.callbacks.manager [None req-86391d75-b4e6-4321-a032-2e5bbf3accd5 None None] Subscribe: > segment after_create 55550000, False {{(pid=103126) subscribe /opt/stack/data/venv/lib/python3.12/site-packages/neutron_lib/callbacks/manager.py:52}}
Jun 22 04:50:39.429939 np0000182449 devstack@neutron-api.service[103126]: DEBUG neutron_lib.callbacks.manager [None req-86391d75-b4e6-4321-a032-2e5bbf3accd5 None None] Subscribe: > segment after_delete 55550000, False {{(pid=103126) subscribe /opt/stack/data/venv/lib/python3.12/site-packages/neutron_lib/callbacks/manager.py:52}}
Jun 22 04:50:39.430057 np0000182449 devstack@neutron-api.service[103126]: DEBUG neutron_lib.callbacks.manager [None req-86391d75-b4e6-4321-a032-2e5bbf3accd5 None None] Subscribe: > allowed_address_pair before_create 55550000, False {{(pid=103126) subscribe /opt/stack/data/venv/lib/python3.12/site-packages/neutron_lib/callbacks/manager.py:52}}
Jun 22 04:50:39.430142 np0000182449 devstack@neutron-api.service[103127]: DEBUG neutron.api.extensions [None req-37a51902-2315-4045-8200-f14fadf4fec7 None None] Ext name="standard-attr-description" alias="standard-attr-description" description="Extension to add descriptions to standard attributes" updated="2016-02-10T10:00:00-00:00" {{(pid=103127) _check_extension /opt/stack/neutron/neutron/api/extensions.py:415}}
Jun 22 04:50:39.430292 np0000182449 devstack@neutron-api.service[103126]: DEBUG neutron_lib.callbacks.manager [None req-86391d75-b4e6-4321-a032-2e5bbf3accd5 None None] Subscribe: > security_group precommit_create 55550000, False {{(pid=103126) subscribe /opt/stack/data/venv/lib/python3.12/site-packages/neutron_lib/callbacks/manager.py:52}}
Jun 22 04:50:39.430367 np0000182449 devstack@neutron-api.service[103127]: INFO neutron.api.extensions [None req-37a51902-2315-4045-8200-f14fadf4fec7 None None] Loaded extension: standard-attr-description
Jun 22 04:50:39.430447 np0000182449 devstack@neutron-api.service[103126]: DEBUG neutron_lib.callbacks.manager [None req-86391d75-b4e6-4321-a032-2e5bbf3accd5 None None] Subscribe: > security_group after_update 55550000, False {{(pid=103126) subscribe /opt/stack/data/venv/lib/python3.12/site-packages/neutron_lib/callbacks/manager.py:52}}
Jun 22 04:50:39.430508 np0000182449 devstack@neutron-api.service[103127]: DEBUG neutron.api.extensions [None req-37a51902-2315-4045-8200-f14fadf4fec7 None None] Loading extension file: stateful_security_group.py {{(pid=103127) _load_all_extensions_from_path /opt/stack/neutron/neutron/api/extensions.py:449}}
Jun 22 04:50:39.430656 np0000182449 devstack@neutron-api.service[103126]: DEBUG neutron_lib.callbacks.manager [None req-86391d75-b4e6-4321-a032-2e5bbf3accd5 None None] Subscribe: > security_group after_create 55550000, False {{(pid=103126) subscribe /opt/stack/data/venv/lib/python3.12/site-packages/neutron_lib/callbacks/manager.py:52}}
Jun 22 04:50:39.430656 np0000182449 devstack@neutron-api.service[103126]: DEBUG neutron_lib.callbacks.manager [None req-86391d75-b4e6-4321-a032-2e5bbf3accd5 None None] Subscribe: > security_group precommit_delete 55550000, False {{(pid=103126) subscribe /opt/stack/data/venv/lib/python3.12/site-packages/neutron_lib/callbacks/manager.py:52}}
Jun 22 04:50:39.430754 np0000182449 devstack@neutron-api.service[103127]: DEBUG neutron.api.extensions [None req-37a51902-2315-4045-8200-f14fadf4fec7 None None] Ext name="Stateful security group" alias="stateful-security-group" description="Indicates if the security group is stateful or not" updated="2019-11-26T09:00:00-00:00" {{(pid=103127) _check_extension /opt/stack/neutron/neutron/api/extensions.py:415}}
Jun 22 04:50:39.430877 np0000182449 devstack@neutron-api.service[103126]: DEBUG neutron_lib.callbacks.manager [None req-86391d75-b4e6-4321-a032-2e5bbf3accd5 None None] Subscribe: > security_group after_delete 55550000, False {{(pid=103126) subscribe /opt/stack/data/venv/lib/python3.12/site-packages/neutron_lib/callbacks/manager.py:52}}
Jun 22 04:50:39.430877 np0000182449 devstack@neutron-api.service[103126]: DEBUG neutron_lib.callbacks.manager [None req-86391d75-b4e6-4321-a032-2e5bbf3accd5 None None] Subscribe: > security_group_rule precommit_create 55550000, False {{(pid=103126) subscribe /opt/stack/data/venv/lib/python3.12/site-packages/neutron_lib/callbacks/manager.py:52}}
Jun 22 04:50:39.431199 np0000182449 devstack@neutron-api.service[103127]: INFO neutron.api.extensions [None req-37a51902-2315-4045-8200-f14fadf4fec7 None None] Loaded extension: stateful-security-group
Jun 22 04:50:39.431321 np0000182449 devstack@neutron-api.service[103126]: DEBUG neutron_lib.callbacks.manager [None req-86391d75-b4e6-4321-a032-2e5bbf3accd5 None None] Subscribe: > security_group_rule after_create 55550000, False {{(pid=103126) subscribe /opt/stack/data/venv/lib/python3.12/site-packages/neutron_lib/callbacks/manager.py:52}}
Jun 22 04:50:39.431394 np0000182449 devstack@neutron-api.service[103127]: DEBUG neutron.api.extensions [None req-37a51902-2315-4045-8200-f14fadf4fec7 None None] Loading extension file: stdattrs_common.py {{(pid=103127) _load_all_extensions_from_path /opt/stack/neutron/neutron/api/extensions.py:449}}
Jun 22 04:50:39.431552 np0000182449 devstack@neutron-api.service[103126]: DEBUG neutron_lib.callbacks.manager [None req-86391d75-b4e6-4321-a032-2e5bbf3accd5 None None] Subscribe: > security_group_rule before_delete 55550000, False {{(pid=103126) subscribe /opt/stack/data/venv/lib/python3.12/site-packages/neutron_lib/callbacks/manager.py:52}}
Jun 22 04:50:39.431552 np0000182449 devstack@neutron-api.service[103126]: DEBUG neutron_lib.callbacks.manager [None req-86391d75-b4e6-4321-a032-2e5bbf3accd5 None None] Subscribe: > address_group after_create 55550000, False {{(pid=103126) subscribe /opt/stack/data/venv/lib/python3.12/site-packages/neutron_lib/callbacks/manager.py:52}}
Jun 22 04:50:39.431732 np0000182449 devstack@neutron-api.service[103127]: WARNING neutron.api.extensions [None req-37a51902-2315-4045-8200-f14fadf4fec7 None None] Did not find expected name "Stdattrs_common" in /opt/stack/neutron/neutron/extensions/stdattrs_common.py
Jun 22 04:50:39.431732 np0000182449 devstack@neutron-api.service[103127]: DEBUG neutron.api.extensions [None req-37a51902-2315-4045-8200-f14fadf4fec7 None None] Loading extension file: subnet_dns_publish_fixed_ip.py {{(pid=103127) _load_all_extensions_from_path /opt/stack/neutron/neutron/api/extensions.py:449}}
Jun 22 04:50:39.431986 np0000182449 devstack@neutron-api.service[103126]: DEBUG neutron_lib.callbacks.manager [None req-86391d75-b4e6-4321-a032-2e5bbf3accd5 None None] Subscribe: > address_group after_update 55550000, False {{(pid=103126) subscribe /opt/stack/data/venv/lib/python3.12/site-packages/neutron_lib/callbacks/manager.py:52}}
Jun 22 04:50:39.431986 np0000182449 devstack@neutron-api.service[103126]: DEBUG neutron_lib.callbacks.manager [None req-86391d75-b4e6-4321-a032-2e5bbf3accd5 None None] Subscribe: > address_group after_delete 55550000, False {{(pid=103126) subscribe /opt/stack/data/venv/lib/python3.12/site-packages/neutron_lib/callbacks/manager.py:52}}
Jun 22 04:50:39.432086 np0000182449 devstack@neutron-api.service[103127]: DEBUG neutron.api.extensions [None req-37a51902-2315-4045-8200-f14fadf4fec7 None None] Ext name="Subnet DNS publish fixed IP" alias="subnet-dns-publish-fixed-ip" description="Support choosing to publish DNS records for IPs from a subnet" updated="2019-05-24T10:00:00-00:00" {{(pid=103127) _check_extension /opt/stack/neutron/neutron/api/extensions.py:415}}
Jun 22 04:50:39.432202 np0000182449 devstack@neutron-api.service[103126]: DEBUG neutron_lib.callbacks.manager [None req-86391d75-b4e6-4321-a032-2e5bbf3accd5 None None] Subscribe: > qos_plugin after_init 55550000, False {{(pid=103126) subscribe /opt/stack/data/venv/lib/python3.12/site-packages/neutron_lib/callbacks/manager.py:52}}
Jun 22 04:50:39.432272 np0000182449 devstack@neutron-api.service[103127]: INFO neutron.api.extensions [None req-37a51902-2315-4045-8200-f14fadf4fec7 None None] Loaded extension: subnet-dns-publish-fixed-ip
Jun 22 04:50:39.432362 np0000182449 devstack@neutron-api.service[103126]: DEBUG neutron_lib.callbacks.manager [None req-86391d75-b4e6-4321-a032-2e5bbf3accd5 None None] Subscribe: > trunk_plugin after_init 55550000, False {{(pid=103126) subscribe /opt/stack/data/venv/lib/python3.12/site-packages/neutron_lib/callbacks/manager.py:52}}
Jun 22 04:50:39.432466 np0000182449 devstack@neutron-api.service[103127]: DEBUG neutron.api.extensions [None req-37a51902-2315-4045-8200-f14fadf4fec7 None None] Loading extension file: subnet_external_network.py {{(pid=103127) _load_all_extensions_from_path /opt/stack/neutron/neutron/api/extensions.py:449}}
Jun 22 04:50:39.432539 np0000182449 devstack@neutron-api.service[103126]: DEBUG neutron_lib.callbacks.manager [None req-86391d75-b4e6-4321-a032-2e5bbf3accd5 None None] Subscribe: > logging-plugin after_init 55550000, False {{(pid=103126) subscribe /opt/stack/data/venv/lib/python3.12/site-packages/neutron_lib/callbacks/manager.py:52}}
Jun 22 04:50:39.432600 np0000182449 devstack@neutron-api.service[103127]: DEBUG neutron.api.extensions [None req-37a51902-2315-4045-8200-f14fadf4fec7 None None] Ext name="Subnet belongs to an external network" alias="subnet-external-network" description="Informs if the subnet belongs to an external network" updated="2024-02-05T18:00:00-00:00" {{(pid=103127) _check_extension /opt/stack/neutron/neutron/api/extensions.py:415}}
Jun 22 04:50:39.432600 np0000182449 devstack@neutron-api.service[103127]: INFO neutron.api.extensions [None req-37a51902-2315-4045-8200-f14fadf4fec7 None None] Loaded extension: subnet-external-network
Jun 22 04:50:39.432600 np0000182449 devstack@neutron-api.service[103127]: DEBUG neutron.api.extensions [None req-37a51902-2315-4045-8200-f14fadf4fec7 None None] Loading extension file: subnet_onboard.py {{(pid=103127) _load_all_extensions_from_path /opt/stack/neutron/neutron/api/extensions.py:449}}
Jun 22 04:50:39.432750 np0000182449 devstack@neutron-api.service[103126]: INFO neutron.services.logapi.drivers.ovn.driver [None req-86391d75-b4e6-4321-a032-2e5bbf3accd5 None None] OVN logging driver registered
Jun 22 04:50:39.432819 np0000182449 devstack@neutron-api.service[103127]: DEBUG neutron.api.extensions [None req-37a51902-2315-4045-8200-f14fadf4fec7 None None] Ext name="Subnet Onboard" alias="subnet_onboard" description="Provides support for onboarding subnets into subnet pools" updated="2018-12-18T09:00:00-00:00" {{(pid=103127) _check_extension /opt/stack/neutron/neutron/api/extensions.py:415}}
Jun 22 04:50:39.432917 np0000182449 devstack@neutron-api.service[103126]: DEBUG neutron_lib.callbacks.manager [None req-86391d75-b4e6-4321-a032-2e5bbf3accd5 None None] Subscribe: ._register_pvlan_driver at 0x7af440462660> pvlan_plugin before_spawn 55550000, False {{(pid=103126) subscribe /opt/stack/data/venv/lib/python3.12/site-packages/neutron_lib/callbacks/manager.py:52}}
Jun 22 04:50:39.432917 np0000182449 devstack@neutron-api.service[103126]: DEBUG neutron_lib.callbacks.manager [None req-86391d75-b4e6-4321-a032-2e5bbf3accd5 None None] Subscribe: process after_init 55550000, False {{(pid=103126) subscribe /opt/stack/data/venv/lib/python3.12/site-packages/neutron_lib/callbacks/manager.py:52}}
Jun 22 04:50:39.433053 np0000182449 devstack@neutron-api.service[103127]: INFO neutron.api.extensions [None req-37a51902-2315-4045-8200-f14fadf4fec7 None None] Loaded extension: subnet_onboard
Jun 22 04:50:39.433053 np0000182449 devstack@neutron-api.service[103127]: DEBUG neutron.api.extensions [None req-37a51902-2315-4045-8200-f14fadf4fec7 None None] Loading extension file: subnet_segmentid_writable.py {{(pid=103127) _load_all_extensions_from_path /opt/stack/neutron/neutron/api/extensions.py:449}}
Jun 22 04:50:39.433053 np0000182449 devstack@neutron-api.service[103127]: DEBUG neutron.api.extensions [None req-37a51902-2315-4045-8200-f14fadf4fec7 None None] Ext name="Subnet SegmentID (writable)" alias="subnet-segmentid-writable" description="Provides a writable segment_id attribute for a subnet resource." updated="2018-03-12T00:00:00-00:00" {{(pid=103127) _check_extension /opt/stack/neutron/neutron/api/extensions.py:415}}
Jun 22 04:50:39.433053 np0000182449 devstack@neutron-api.service[103127]: INFO neutron.api.extensions [None req-37a51902-2315-4045-8200-f14fadf4fec7 None None] Extension subnet-segmentid-writable not supported by any of loaded plugins
Jun 22 04:50:39.433053 np0000182449 devstack@neutron-api.service[103127]: DEBUG neutron.api.extensions [None req-37a51902-2315-4045-8200-f14fadf4fec7 None None] Loading extension file: subnet_service_types.py {{(pid=103127) _load_all_extensions_from_path /opt/stack/neutron/neutron/api/extensions.py:449}}
Jun 22 04:50:39.433255 np0000182449 devstack@neutron-api.service[103127]: DEBUG neutron.api.extensions [None req-37a51902-2315-4045-8200-f14fadf4fec7 None None] Ext name="Subnet service types" alias="subnet-service-types" description="Provides ability to set the subnet service_types field" updated="2016-03-15T18:00:00-00:00" {{(pid=103127) _check_extension /opt/stack/neutron/neutron/api/extensions.py:415}}
Jun 22 04:50:39.433388 np0000182449 devstack@neutron-api.service[103127]: INFO neutron.api.extensions [None req-37a51902-2315-4045-8200-f14fadf4fec7 None None] Loaded extension: subnet-service-types
Jun 22 04:50:39.433388 np0000182449 devstack@neutron-api.service[103127]: DEBUG neutron.api.extensions [None req-37a51902-2315-4045-8200-f14fadf4fec7 None None] Loading extension file: subnetallocation.py {{(pid=103127) _load_all_extensions_from_path /opt/stack/neutron/neutron/api/extensions.py:449}}
Jun 22 04:50:39.433671 np0000182449 devstack@neutron-api.service[103127]: DEBUG neutron.api.extensions [None req-37a51902-2315-4045-8200-f14fadf4fec7 None None] Ext name="Subnet Allocation" alias="subnet_allocation" description="Enables allocation of subnets from a subnet pool" updated="2015-03-30T10:00:00-00:00" {{(pid=103127) _check_extension /opt/stack/neutron/neutron/api/extensions.py:415}}
Jun 22 04:50:39.433823 np0000182449 devstack@neutron-api.service[103126]: DEBUG neutron.plugins.ml2.plugin [None req-86391d75-b4e6-4321-a032-2e5bbf3accd5 None None] neutron.plugins.ml2.plugin.Ml2Plugin method _start_rpc_notifiers called with arguments () {} {{(pid=103126) wrapper /opt/stack/data/venv/lib/python3.12/site-packages/oslo_log/helpers.py:77}}
Jun 22 04:50:39.433913 np0000182449 devstack@neutron-api.service[103127]: INFO neutron.api.extensions [None req-37a51902-2315-4045-8200-f14fadf4fec7 None None] Loaded extension: subnet_allocation
Jun 22 04:50:39.433913 np0000182449 devstack@neutron-api.service[103127]: DEBUG neutron.api.extensions [None req-37a51902-2315-4045-8200-f14fadf4fec7 None None] Loading extension file: subnetpool_prefix_ops.py {{(pid=103127) _load_all_extensions_from_path /opt/stack/neutron/neutron/api/extensions.py:449}}
Jun 22 04:50:39.435000 np0000182449 devstack@neutron-api.service[103126]: DEBUG neutron_lib.callbacks.manager [None req-86391d75-b4e6-4321-a032-2e5bbf3accd5 None None] Subscribe: > port after_create 55550000, False {{(pid=103126) subscribe /opt/stack/data/venv/lib/python3.12/site-packages/neutron_lib/callbacks/manager.py:52}}
Jun 22 04:50:39.435070 np0000182449 devstack@neutron-api.service[103127]: DEBUG neutron.api.extensions [None req-37a51902-2315-4045-8200-f14fadf4fec7 None None] Ext name="Subnet Pool Prefix Operations" alias="subnetpool-prefix-ops" description="Provides support for adjusting the prefix list of subnet pools" updated="2019-02-08T10:00:00-00:00" {{(pid=103127) _check_extension /opt/stack/neutron/neutron/api/extensions.py:415}}
Jun 22 04:50:39.435144 np0000182449 devstack@neutron-api.service[103126]: DEBUG neutron_lib.callbacks.manager [None req-86391d75-b4e6-4321-a032-2e5bbf3accd5 None None] Subscribe: > port after_update 55550000, False {{(pid=103126) subscribe /opt/stack/data/venv/lib/python3.12/site-packages/neutron_lib/callbacks/manager.py:52}}
Jun 22 04:50:39.435144 np0000182449 devstack@neutron-api.service[103126]: DEBUG neutron_lib.callbacks.manager [None req-86391d75-b4e6-4321-a032-2e5bbf3accd5 None None] Subscribe: > port after_delete 55550000, False {{(pid=103126) subscribe /opt/stack/data/venv/lib/python3.12/site-packages/neutron_lib/callbacks/manager.py:52}}
Jun 22 04:50:39.435238 np0000182449 devstack@neutron-api.service[103127]: INFO neutron.api.extensions [None req-37a51902-2315-4045-8200-f14fadf4fec7 None None] Loaded extension: subnetpool-prefix-ops
Jun 22 04:50:39.435303 np0000182449 devstack@neutron-api.service[103126]: DEBUG neutron_lib.callbacks.manager [None req-86391d75-b4e6-4321-a032-2e5bbf3accd5 None None] Subscribe: > subnet after_create 55550000, False {{(pid=103126) subscribe /opt/stack/data/venv/lib/python3.12/site-packages/neutron_lib/callbacks/manager.py:52}}
Jun 22 04:50:39.435390 np0000182449 devstack@neutron-api.service[103127]: DEBUG neutron.api.extensions [None req-37a51902-2315-4045-8200-f14fadf4fec7 None None] Loading extension file: tag_creation.py {{(pid=103127) _load_all_extensions_from_path /opt/stack/neutron/neutron/api/extensions.py:449}}
Jun 22 04:50:39.435467 np0000182449 devstack@neutron-api.service[103126]: DEBUG neutron_lib.callbacks.manager [None req-86391d75-b4e6-4321-a032-2e5bbf3accd5 None None] Subscribe: > subnet after_update 55550000, False {{(pid=103126) subscribe /opt/stack/data/venv/lib/python3.12/site-packages/neutron_lib/callbacks/manager.py:52}}
Jun 22 04:50:39.435467 np0000182449 devstack@neutron-api.service[103126]: DEBUG neutron_lib.callbacks.manager [None req-86391d75-b4e6-4321-a032-2e5bbf3accd5 None None] Subscribe: > subnet after_delete 55550000, False {{(pid=103126) subscribe /opt/stack/data/venv/lib/python3.12/site-packages/neutron_lib/callbacks/manager.py:52}}
Jun 22 04:50:39.435558 np0000182449 devstack@neutron-api.service[103127]: DEBUG neutron.api.extensions [None req-37a51902-2315-4045-8200-f14fadf4fec7 None None] Ext name="Tag creation extension" alias="tag-creation" description="Allow to create multiple tags for a resource" updated="2024-23-07T10:00:00-00:00" {{(pid=103127) _check_extension /opt/stack/neutron/neutron/api/extensions.py:415}}
Jun 22 04:50:39.435617 np0000182449 devstack@neutron-api.service[103126]: DEBUG neutron_lib.callbacks.manager [None req-86391d75-b4e6-4321-a032-2e5bbf3accd5 None None] Subscribe: > network after_create 55550000, False {{(pid=103126) subscribe /opt/stack/data/venv/lib/python3.12/site-packages/neutron_lib/callbacks/manager.py:52}}
Jun 22 04:50:39.435617 np0000182449 devstack@neutron-api.service[103126]: DEBUG neutron_lib.callbacks.manager [None req-86391d75-b4e6-4321-a032-2e5bbf3accd5 None None] Subscribe: > network after_update 55550000, False {{(pid=103126) subscribe /opt/stack/data/venv/lib/python3.12/site-packages/neutron_lib/callbacks/manager.py:52}}
Jun 22 04:50:39.435703 np0000182449 devstack@neutron-api.service[103127]: INFO neutron.api.extensions [None req-37a51902-2315-4045-8200-f14fadf4fec7 None None] Loaded extension: tag-creation
Jun 22 04:50:39.435703 np0000182449 devstack@neutron-api.service[103127]: DEBUG neutron.api.extensions [None req-37a51902-2315-4045-8200-f14fadf4fec7 None None] Loading extension file: tag_ports_during_bulk_creation.py {{(pid=103127) _load_all_extensions_from_path /opt/stack/neutron/neutron/api/extensions.py:449}}
Jun 22 04:50:39.435791 np0000182449 devstack@neutron-api.service[103126]: DEBUG neutron_lib.callbacks.manager [None req-86391d75-b4e6-4321-a032-2e5bbf3accd5 None None] Subscribe: > network after_delete 55550000, False {{(pid=103126) subscribe /opt/stack/data/venv/lib/python3.12/site-packages/neutron_lib/callbacks/manager.py:52}}
Jun 22 04:50:39.435791 np0000182449 devstack@neutron-api.service[103126]: DEBUG neutron_lib.callbacks.manager [None req-86391d75-b4e6-4321-a032-2e5bbf3accd5 None None] Subscribe: > security_group after_create 55550000, False {{(pid=103126) subscribe /opt/stack/data/venv/lib/python3.12/site-packages/neutron_lib/callbacks/manager.py:52}}
Jun 22 04:50:39.435791 np0000182449 devstack@neutron-api.service[103126]: DEBUG neutron_lib.callbacks.manager [None req-86391d75-b4e6-4321-a032-2e5bbf3accd5 None None] Subscribe: > security_group after_update 55550000, False {{(pid=103126) subscribe /opt/stack/data/venv/lib/python3.12/site-packages/neutron_lib/callbacks/manager.py:52}}
Jun 22 04:50:39.435898 np0000182449 devstack@neutron-api.service[103127]: DEBUG neutron.api.extensions [None req-37a51902-2315-4045-8200-f14fadf4fec7 None None] Ext name="Tag Ports During Bulk Creation" alias="tag-ports-during-bulk-creation" description="Allow to tag ports during bulk creation" updated="2019-12-29T19:00:00-00:00" {{(pid=103127) _check_extension /opt/stack/neutron/neutron/api/extensions.py:415}}
Jun 22 04:50:39.435971 np0000182449 devstack@neutron-api.service[103126]: DEBUG neutron_lib.callbacks.manager [None req-86391d75-b4e6-4321-a032-2e5bbf3accd5 None None] Subscribe: > security_group after_delete 55550000, False {{(pid=103126) subscribe /opt/stack/data/venv/lib/python3.12/site-packages/neutron_lib/callbacks/manager.py:52}}
Jun 22 04:50:39.436030 np0000182449 devstack@neutron-api.service[103127]: INFO neutron.api.extensions [None req-37a51902-2315-4045-8200-f14fadf4fec7 None None] Extension tag-ports-during-bulk-creation not supported by any of loaded plugins
Jun 22 04:50:39.436126 np0000182449 devstack@neutron-api.service[103126]: DEBUG neutron_lib.callbacks.manager [None req-86391d75-b4e6-4321-a032-2e5bbf3accd5 None None] Subscribe: > security_group_rule after_create 55550000, False {{(pid=103126) subscribe /opt/stack/data/venv/lib/python3.12/site-packages/neutron_lib/callbacks/manager.py:52}}
Jun 22 04:50:39.436249 np0000182449 devstack@neutron-api.service[103127]: DEBUG neutron.api.extensions [None req-37a51902-2315-4045-8200-f14fadf4fec7 None None] Loading extension file: tagging.py {{(pid=103127) _load_all_extensions_from_path /opt/stack/neutron/neutron/api/extensions.py:449}}
Jun 22 04:50:39.436317 np0000182449 devstack@neutron-api.service[103126]: DEBUG neutron_lib.callbacks.manager [None req-86391d75-b4e6-4321-a032-2e5bbf3accd5 None None] Subscribe: > security_group_rule after_update 55550000, False {{(pid=103126) subscribe /opt/stack/data/venv/lib/python3.12/site-packages/neutron_lib/callbacks/manager.py:52}}
Jun 22 04:50:39.436317 np0000182449 devstack@neutron-api.service[103126]: DEBUG neutron_lib.callbacks.manager [None req-86391d75-b4e6-4321-a032-2e5bbf3accd5 None None] Subscribe: > security_group_rule after_delete 55550000, False {{(pid=103126) subscribe /opt/stack/data/venv/lib/python3.12/site-packages/neutron_lib/callbacks/manager.py:52}}
Jun 22 04:50:39.436317 np0000182449 devstack@neutron-api.service[103126]: DEBUG neutron_lib.callbacks.manager [None req-86391d75-b4e6-4321-a032-2e5bbf3accd5 None None] Subscribe: > address_group after_create 55550000, False {{(pid=103126) subscribe /opt/stack/data/venv/lib/python3.12/site-packages/neutron_lib/callbacks/manager.py:52}}
Jun 22 04:50:39.436317 np0000182449 devstack@neutron-api.service[103126]: DEBUG neutron_lib.callbacks.manager [None req-86391d75-b4e6-4321-a032-2e5bbf3accd5 None None] Subscribe: > address_group after_update 55550000, False {{(pid=103126) subscribe /opt/stack/data/venv/lib/python3.12/site-packages/neutron_lib/callbacks/manager.py:52}}
Jun 22 04:50:39.436468 np0000182449 devstack@neutron-api.service[103126]: DEBUG neutron_lib.callbacks.manager [None req-86391d75-b4e6-4321-a032-2e5bbf3accd5 None None] Subscribe: > address_group after_delete 55550000, False {{(pid=103126) subscribe /opt/stack/data/venv/lib/python3.12/site-packages/neutron_lib/callbacks/manager.py:52}}
Jun 22 04:50:39.436468 np0000182449 devstack@neutron-api.service[103126]: DEBUG neutron.plugins.ml2.ovo_rpc [None req-86391d75-b4e6-4321-a032-2e5bbf3accd5 None None] ML2 OVO RPC backend initialized. {{(pid=103126) __init__ /opt/stack/neutron/neutron/plugins/ml2/ovo_rpc.py:117}}
Jun 22 04:50:39.438178 np0000182449 devstack@neutron-api.service[103127]: DEBUG neutron.api.extensions [None req-37a51902-2315-4045-8200-f14fadf4fec7 None None] Ext name="Tag support for resources with standard attribute: port, subnet, subnetpool, network, security_group, router, floatingip, policy, trunk, network_segment_range" alias="standard-attr-tag" description="Enables to set tag on resources with standard attribute." updated="2017-01-01T00:00:00-00:00" {{(pid=103127) _check_extension /opt/stack/neutron/neutron/api/extensions.py:415}}
Jun 22 04:50:39.438178 np0000182449 devstack@neutron-api.service[103127]: INFO neutron.api.extensions [None req-37a51902-2315-4045-8200-f14fadf4fec7 None None] Loaded extension: standard-attr-tag
Jun 22 04:50:39.438178 np0000182449 devstack@neutron-api.service[103127]: DEBUG neutron.api.extensions [None req-37a51902-2315-4045-8200-f14fadf4fec7 None None] Loading extension file: timestamp.py {{(pid=103127) _load_all_extensions_from_path /opt/stack/neutron/neutron/api/extensions.py:449}}
Jun 22 04:50:39.438389 np0000182449 devstack@neutron-api.service[103126]: INFO neutron.quota [None req-86391d75-b4e6-4321-a032-2e5bbf3accd5 None None] Loaded quota_driver: .
Jun 22 04:50:39.438389 np0000182449 devstack@neutron-api.service[103126]: INFO neutron.plugins.ml2.plugin [None req-86391d75-b4e6-4321-a032-2e5bbf3accd5 None None] Modular L2 Plugin initialization complete
Jun 22 04:50:39.438500 np0000182449 devstack@neutron-api.service[103127]: DEBUG neutron.api.extensions [None req-37a51902-2315-4045-8200-f14fadf4fec7 None None] Ext name="Resource timestamps" alias="standard-attr-timestamp" description="Adds created_at and updated_at fields to all Neutron resources that have Neutron standard attributes." updated="2016-09-12T10:00:00-00:00" {{(pid=103127) _check_extension /opt/stack/neutron/neutron/api/extensions.py:415}}
Jun 22 04:50:39.438568 np0000182449 devstack@neutron-api.service[103126]: DEBUG neutron.manager [None req-86391d75-b4e6-4321-a032-2e5bbf3accd5 None None] Loading services supported by the core plugin {{(pid=103126) _load_services_from_core_plugin /opt/stack/neutron/neutron/manager.py:170}}
Jun 22 04:50:39.438621 np0000182449 devstack@neutron-api.service[103127]: INFO neutron.api.extensions [None req-37a51902-2315-4045-8200-f14fadf4fec7 None None] Loaded extension: standard-attr-timestamp
Jun 22 04:50:39.438694 np0000182449 devstack@neutron-api.service[103126]: INFO neutron.plugins.ml2.managers [None req-86391d75-b4e6-4321-a032-2e5bbf3accd5 None None] Got port-security extension from driver 'port_security'
Jun 22 04:50:39.438781 np0000182449 devstack@neutron-api.service[103127]: DEBUG neutron.api.extensions [None req-37a51902-2315-4045-8200-f14fadf4fec7 None None] Loading extension file: trunk.py {{(pid=103127) _load_all_extensions_from_path /opt/stack/neutron/neutron/api/extensions.py:449}}
Jun 22 04:50:39.438835 np0000182449 devstack@neutron-api.service[103126]: DEBUG neutron.manager [None req-86391d75-b4e6-4321-a032-2e5bbf3accd5 None None] Loading service plugins: ['ovn-router', 'auto_allocate', 'tag', 'timestamp', 'network_ip_availability', 'flavors', 'revisions'] {{(pid=103126) _load_service_plugins /opt/stack/neutron/neutron/manager.py:195}}
Jun 22 04:50:39.438898 np0000182449 devstack@neutron-api.service[103127]: DEBUG neutron.api.extensions [None req-37a51902-2315-4045-8200-f14fadf4fec7 None None] Ext name="Trunk Extension" alias="trunk" description="Provides support for trunk ports" updated="2016-01-01T10:00:00-00:00" {{(pid=103127) _check_extension /opt/stack/neutron/neutron/api/extensions.py:415}}
Jun 22 04:50:39.438962 np0000182449 devstack@neutron-api.service[103126]: INFO neutron.manager [None req-86391d75-b4e6-4321-a032-2e5bbf3accd5 None None] Loading Plugin: ovn-router
Jun 22 04:50:39.439014 np0000182449 devstack@neutron-api.service[103127]: INFO neutron.api.extensions [None req-37a51902-2315-4045-8200-f14fadf4fec7 None None] Extension trunk not supported by any of loaded plugins
Jun 22 04:50:39.439014 np0000182449 devstack@neutron-api.service[103127]: DEBUG neutron.api.extensions [None req-37a51902-2315-4045-8200-f14fadf4fec7 None None] Loading extension file: trunk_details.py {{(pid=103127) _load_all_extensions_from_path /opt/stack/neutron/neutron/api/extensions.py:449}}
Jun 22 04:50:39.439014 np0000182449 devstack@neutron-api.service[103127]: DEBUG neutron.api.extensions [None req-37a51902-2315-4045-8200-f14fadf4fec7 None None] Ext name="Trunk port details" alias="trunk-details" description="Expose trunk port details" updated="2016-01-01T10:00:00-00:00" {{(pid=103127) _check_extension /opt/stack/neutron/neutron/api/extensions.py:415}}
Jun 22 04:50:39.439014 np0000182449 devstack@neutron-api.service[103127]: INFO neutron.api.extensions [None req-37a51902-2315-4045-8200-f14fadf4fec7 None None] Extension trunk-details not supported by any of loaded plugins
Jun 22 04:50:39.439014 np0000182449 devstack@neutron-api.service[103127]: DEBUG neutron.api.extensions [None req-37a51902-2315-4045-8200-f14fadf4fec7 None None] Loading extension file: uplink_status_propagation.py {{(pid=103127) _load_all_extensions_from_path /opt/stack/neutron/neutron/api/extensions.py:449}}
Jun 22 04:50:39.439014 np0000182449 devstack@neutron-api.service[103127]: DEBUG neutron.api.extensions [None req-37a51902-2315-4045-8200-f14fadf4fec7 None None] Ext name="Uplink status propagation extension" alias="uplink-status-propagation" description="Provides ability to propagate port uplink status." updated="2018-05-31T18:00:00-00:00" {{(pid=103127) _check_extension /opt/stack/neutron/neutron/api/extensions.py:415}}
Jun 22 04:50:39.439014 np0000182449 devstack@neutron-api.service[103127]: INFO neutron.api.extensions [None req-37a51902-2315-4045-8200-f14fadf4fec7 None None] Extension uplink-status-propagation not supported by any of loaded plugins
Jun 22 04:50:39.439225 np0000182449 devstack@neutron-api.service[103127]: DEBUG neutron.api.extensions [None req-37a51902-2315-4045-8200-f14fadf4fec7 None None] Loading extension file: uplink_status_propagation_updatable.py {{(pid=103127) _load_all_extensions_from_path /opt/stack/neutron/neutron/api/extensions.py:449}}
Jun 22 04:50:39.439225 np0000182449 devstack@neutron-api.service[103127]: DEBUG neutron.api.extensions [None req-37a51902-2315-4045-8200-f14fadf4fec7 None None] Ext name="Uplink status propagation updatable extension" alias="uplink-status-propagation-updatable" description="Provides ability to update the port uplink status." updated="2024-09-03T18:00:00-00:00" {{(pid=103127) _check_extension /opt/stack/neutron/neutron/api/extensions.py:415}}
Jun 22 04:50:39.439225 np0000182449 devstack@neutron-api.service[103127]: INFO neutron.api.extensions [None req-37a51902-2315-4045-8200-f14fadf4fec7 None None] Extension uplink-status-propagation-updatable not supported by any of loaded plugins
Jun 22 04:50:39.439225 np0000182449 devstack@neutron-api.service[103127]: DEBUG neutron.api.extensions [None req-37a51902-2315-4045-8200-f14fadf4fec7 None None] Loading extension file: vlantransparent.py {{(pid=103127) _load_all_extensions_from_path /opt/stack/neutron/neutron/api/extensions.py:449}}
Jun 22 04:50:39.439225 np0000182449 devstack@neutron-api.service[103127]: DEBUG neutron.api.extensions [None req-37a51902-2315-4045-8200-f14fadf4fec7 None None] Ext name="Vlantransparent" alias="vlan-transparent" description="Provides Vlan Transparent Networks" updated="2015-03-23T09:00:00-00:00" {{(pid=103127) _check_extension /opt/stack/neutron/neutron/api/extensions.py:415}}
Jun 22 04:50:39.439410 np0000182449 devstack@neutron-api.service[103127]: INFO neutron.api.extensions [None req-37a51902-2315-4045-8200-f14fadf4fec7 None None] Loaded extension: vlan-transparent
Jun 22 04:50:39.443072 np0000182449 devstack@neutron-api.service[103127]: INFO neutron.quota.resource_registry [None req-37a51902-2315-4045-8200-f14fadf4fec7 None None] Creating instance of TrackedResource for resource:network
Jun 22 04:50:39.443072 np0000182449 devstack@neutron-api.service[103127]: INFO neutron.quota.resource_registry [None req-37a51902-2315-4045-8200-f14fadf4fec7 None None] Creating instance of TrackedResource for resource:subnet
Jun 22 04:50:39.443072 np0000182449 devstack@neutron-api.service[103127]: INFO neutron.quota.resource_registry [None req-37a51902-2315-4045-8200-f14fadf4fec7 None None] Creating instance of TrackedResource for resource:subnetpool
Jun 22 04:50:39.443072 np0000182449 devstack@neutron-api.service[103127]: INFO neutron.quota.resource_registry [None req-37a51902-2315-4045-8200-f14fadf4fec7 None None] Creating instance of TrackedResource for resource:port
Jun 22 04:50:39.443072 np0000182449 devstack@neutron-api.service[103127]: DEBUG neutron.api.v2.resource_helper [None req-37a51902-2315-4045-8200-f14fadf4fec7 None None] Service L3_ROUTER_NAT assigned prefix: {{(pid=103127) build_resource_info /opt/stack/neutron/neutron/api/v2/resource_helper.py:77}}
Jun 22 04:50:39.443564 np0000182449 devstack@neutron-api.service[103127]: DEBUG neutron.api.v2.resource_helper [None req-37a51902-2315-4045-8200-f14fadf4fec7 None None] Service FLAVORS assigned prefix: {{(pid=103127) build_resource_info /opt/stack/neutron/neutron/api/v2/resource_helper.py:77}}
Jun 22 04:50:39.444544 np0000182449 devstack@neutron-api.service[103127]: DEBUG neutron.api.v2.resource_helper [None req-37a51902-2315-4045-8200-f14fadf4fec7 None None] Service L3_ROUTER_NAT assigned prefix: {{(pid=103127) build_resource_info /opt/stack/neutron/neutron/api/v2/resource_helper.py:77}}
Jun 22 04:50:39.444915 np0000182449 devstack@neutron-api.service[103127]: DEBUG neutron.api.v2.resource_helper [None req-37a51902-2315-4045-8200-f14fadf4fec7 None None] Service L3_ROUTER_NAT assigned prefix: {{(pid=103127) build_resource_info /opt/stack/neutron/neutron/api/v2/resource_helper.py:77}}
Jun 22 04:50:39.445051 np0000182449 devstack@neutron-api.service[103127]: INFO neutron.quota.resource_registry [None req-37a51902-2315-4045-8200-f14fadf4fec7 None None] Creating instance of TrackedResource for resource:router
Jun 22 04:50:39.445445 np0000182449 devstack@neutron-api.service[103127]: INFO neutron.quota.resource_registry [None req-37a51902-2315-4045-8200-f14fadf4fec7 None None] Creating instance of TrackedResource for resource:floatingip
Jun 22 04:50:39.446485 np0000182449 devstack@neutron-api.service[103127]: INFO neutron.quota.resource_registry [None req-37a51902-2315-4045-8200-f14fadf4fec7 None None] Creating instance of CountableResource for resource:rbac_policy
Jun 22 04:50:39.447559 np0000182449 devstack@neutron-api.service[103127]: INFO neutron.quota.resource_registry [None req-37a51902-2315-4045-8200-f14fadf4fec7 None None] Creating instance of TrackedResource for resource:security_group
Jun 22 04:50:39.447787 np0000182449 devstack@neutron-api.service[103126]: DEBUG neutron_lib.callbacks.manager [None req-86391d75-b4e6-4321-a032-2e5bbf3accd5 None None] Subscribe: > router before_delete 55550000, False {{(pid=103126) subscribe /opt/stack/data/venv/lib/python3.12/site-packages/neutron_lib/callbacks/manager.py:52}}
Jun 22 04:50:39.447787 np0000182449 devstack@neutron-api.service[103126]: DEBUG neutron_lib.callbacks.manager [None req-86391d75-b4e6-4321-a032-2e5bbf3accd5 None None] Subscribe: port before_update 55550000, False {{(pid=103126) subscribe /opt/stack/data/venv/lib/python3.12/site-packages/neutron_lib/callbacks/manager.py:52}}
Jun 22 04:50:39.448360 np0000182449 devstack@neutron-api.service[103127]: INFO neutron.quota.resource_registry [None req-37a51902-2315-4045-8200-f14fadf4fec7 None None] Creating instance of TrackedResource for resource:security_group_rule
Jun 22 04:50:39.448475 np0000182449 devstack@neutron-api.service[103126]: DEBUG neutron_lib.callbacks.manager [None req-86391d75-b4e6-4321-a032-2e5bbf3accd5 None None] Subscribe: port after_update 55550000, False {{(pid=103126) subscribe /opt/stack/data/venv/lib/python3.12/site-packages/neutron_lib/callbacks/manager.py:52}}
Jun 22 04:50:39.448475 np0000182449 devstack@neutron-api.service[103126]: DEBUG neutron_lib.callbacks.manager [None req-86391d75-b4e6-4321-a032-2e5bbf3accd5 None None] Subscribe: > port precommit_delete 55550000, False {{(pid=103126) subscribe /opt/stack/data/venv/lib/python3.12/site-packages/neutron_lib/callbacks/manager.py:52}}
Jun 22 04:50:39.448475 np0000182449 devstack@neutron-api.service[103126]: DEBUG neutron_lib.callbacks.manager [None req-86391d75-b4e6-4321-a032-2e5bbf3accd5 None None] Subscribe: port before_update 55550000, False {{(pid=103126) subscribe /opt/stack/data/venv/lib/python3.12/site-packages/neutron_lib/callbacks/manager.py:52}}
Jun 22 04:50:39.448475 np0000182449 devstack@neutron-api.service[103126]: DEBUG neutron_lib.callbacks.manager [None req-86391d75-b4e6-4321-a032-2e5bbf3accd5 None None] Subscribe: port before_delete 55550000, False {{(pid=103126) subscribe /opt/stack/data/venv/lib/python3.12/site-packages/neutron_lib/callbacks/manager.py:52}}
Jun 22 04:50:39.448475 np0000182449 devstack@neutron-api.service[103126]: DEBUG neutron_lib.callbacks.manager [None req-86391d75-b4e6-4321-a032-2e5bbf3accd5 None None] Subscribe: > router precommit_create 55550000, False {{(pid=103126) subscribe /opt/stack/data/venv/lib/python3.12/site-packages/neutron_lib/callbacks/manager.py:52}}
Jun 22 04:50:39.448691 np0000182449 devstack@neutron-api.service[103126]: DEBUG neutron_lib.callbacks.manager [None req-86391d75-b4e6-4321-a032-2e5bbf3accd5 None None] Subscribe: > router precommit_create 55550000, False {{(pid=103126) subscribe /opt/stack/data/venv/lib/python3.12/site-packages/neutron_lib/callbacks/manager.py:52}}
Jun 22 04:50:39.448691 np0000182449 devstack@neutron-api.service[103126]: DEBUG neutron_lib.callbacks.manager [None req-86391d75-b4e6-4321-a032-2e5bbf3accd5 None None] Subscribe: > router precommit_update 55550000, False {{(pid=103126) subscribe /opt/stack/data/venv/lib/python3.12/site-packages/neutron_lib/callbacks/manager.py:52}}
Jun 22 04:50:39.448795 np0000182449 devstack@neutron-api.service[103126]: DEBUG neutron_lib.callbacks.manager [None req-86391d75-b4e6-4321-a032-2e5bbf3accd5 None None] Subscribe: subnet after_update 55550000, False {{(pid=103126) subscribe /opt/stack/data/venv/lib/python3.12/site-packages/neutron_lib/callbacks/manager.py:52}}
Jun 22 04:50:39.448998 np0000182449 devstack@neutron-api.service[103127]: DEBUG neutron.api.v2.resource_helper [None req-37a51902-2315-4045-8200-f14fadf4fec7 None None] Service CORE assigned prefix: {{(pid=103127) build_resource_info /opt/stack/neutron/neutron/api/v2/resource_helper.py:77}}
Jun 22 04:50:39.449224 np0000182449 devstack@neutron-api.service[103126]: DEBUG neutron.quota.resource_registry [None req-86391d75-b4e6-4321-a032-2e5bbf3accd5 None None] Tracking information for resource: router configured {{(pid=103126) set_tracked_resource /opt/stack/neutron/neutron/quota/resource_registry.py:203}}
Jun 22 04:50:39.449224 np0000182449 devstack@neutron-api.service[103126]: DEBUG neutron.quota.resource_registry [None req-86391d75-b4e6-4321-a032-2e5bbf3accd5 None None] Tracking information for resource: floatingip configured {{(pid=103126) set_tracked_resource /opt/stack/neutron/neutron/quota/resource_registry.py:203}}
Jun 22 04:50:39.449315 np0000182449 devstack@neutron-api.service[103127]: INFO neutron.quota.resource_registry [None req-37a51902-2315-4045-8200-f14fadf4fec7 None None] Creating instance of TrackedResource for resource:subnetpool
Jun 22 04:50:39.449387 np0000182449 devstack@neutron-api.service[103126]: INFO neutron.services.ovn_l3.plugin [None req-86391d75-b4e6-4321-a032-2e5bbf3accd5 None None] Starting OVNL3RouterPlugin
Jun 22 04:50:39.449443 np0000182449 devstack@neutron-api.service[103127]: WARNING neutron.quota.resource_registry [None req-37a51902-2315-4045-8200-f14fadf4fec7 None None] subnetpool is already registered
Jun 22 04:50:39.449493 np0000182449 devstack@neutron-api.service[103126]: DEBUG neutron_lib.callbacks.manager [None req-86391d75-b4e6-4321-a032-2e5bbf3accd5 None None] Subscribe: > port_forwarding_plugin after_init 55550000, False {{(pid=103126) subscribe /opt/stack/data/venv/lib/python3.12/site-packages/neutron_lib/callbacks/manager.py:52}}
Jun 22 04:50:39.449608 np0000182449 devstack@neutron-api.service[103126]: DEBUG neutron_lib.callbacks.manager [None req-86391d75-b4e6-4321-a032-2e5bbf3accd5 None None] Subscribe: > router before_create 55550100, False {{(pid=103126) subscribe /opt/stack/data/venv/lib/python3.12/site-packages/neutron_lib/callbacks/manager.py:52}}
Jun 22 04:50:39.449665 np0000182449 devstack@neutron-api.service[103127]: DEBUG neutron.api.v2.resource_helper [None req-37a51902-2315-4045-8200-f14fadf4fec7 None None] Service CORE assigned prefix: {{(pid=103127) build_resource_info /opt/stack/neutron/neutron/api/v2/resource_helper.py:77}}
Jun 22 04:50:39.449802 np0000182449 devstack@neutron-api.service[103126]: DEBUG neutron_lib.callbacks.manager [None req-86391d75-b4e6-4321-a032-2e5bbf3accd5 None None] Subscribe: > router precommit_delete 55550100, False {{(pid=103126) subscribe /opt/stack/data/venv/lib/python3.12/site-packages/neutron_lib/callbacks/manager.py:52}}
Jun 22 04:50:39.449859 np0000182449 devstack@neutron-api.service[103127]: INFO neutron.quota.resource_registry [None req-37a51902-2315-4045-8200-f14fadf4fec7 None None] Creating instance of TrackedResource for resource:subnetpool
Jun 22 04:50:39.449956 np0000182449 devstack@neutron-api.service[103126]: DEBUG neutron_lib.callbacks.manager [None req-86391d75-b4e6-4321-a032-2e5bbf3accd5 None None] Subscribe: > router precommit_create 55550100, False {{(pid=103126) subscribe /opt/stack/data/venv/lib/python3.12/site-packages/neutron_lib/callbacks/manager.py:52}}
Jun 22 04:50:39.450019 np0000182449 devstack@neutron-api.service[103127]: WARNING neutron.quota.resource_registry [None req-37a51902-2315-4045-8200-f14fadf4fec7 None None] subnetpool is already registered
Jun 22 04:50:39.450111 np0000182449 devstack@neutron-api.service[103126]: DEBUG neutron_lib.callbacks.manager [None req-86391d75-b4e6-4321-a032-2e5bbf3accd5 None None] Subscribe: > router precommit_update 55550100, False {{(pid=103126) subscribe /opt/stack/data/venv/lib/python3.12/site-packages/neutron_lib/callbacks/manager.py:52}}
Jun 22 04:50:39.453552 np0000182449 devstack@neutron-api.service[103127]: DEBUG neutron.api.v2.resource_helper [None req-37a51902-2315-4045-8200-f14fadf4fec7 None None] Service L3_ROUTER_NAT assigned prefix: {{(pid=103127) build_resource_info /opt/stack/neutron/neutron/api/v2/resource_helper.py:77}}
Jun 22 04:50:39.453552 np0000182449 devstack@neutron-api.service[103127]: DEBUG neutron.api.v2.resource_helper [None req-37a51902-2315-4045-8200-f14fadf4fec7 None None] Service FLAVORS assigned prefix: {{(pid=103127) build_resource_info /opt/stack/neutron/neutron/api/v2/resource_helper.py:77}}
Jun 22 04:50:39.453638 np0000182449 devstack@neutron-api.service[103126]: DEBUG neutron.services.provider_configuration [None req-86391d75-b4e6-4321-a032-2e5bbf3accd5 None None] Service providers = [] {{(pid=103126) parse_service_provider_opt /opt/stack/neutron/neutron/services/provider_configuration.py:170}}
Jun 22 04:50:39.453783 np0000182449 devstack@neutron-api.service[103127]: DEBUG neutron.api.v2.resource_helper [None req-37a51902-2315-4045-8200-f14fadf4fec7 None None] Service L3_ROUTER_NAT assigned prefix: {{(pid=103127) build_resource_info /opt/stack/neutron/neutron/api/v2/resource_helper.py:77}}
Jun 22 04:50:39.453844 np0000182449 devstack@neutron-api.service[103126]: DEBUG neutron.db.servicetype_db [None req-86391d75-b4e6-4321-a032-2e5bbf3accd5 None None] Adding provider configuration for service L3_ROUTER_NAT {{(pid=103126) add_provider_configuration /opt/stack/neutron/neutron/db/servicetype_db.py:45}}
Jun 22 04:50:39.454032 np0000182449 devstack@neutron-api.service[103127]: DEBUG neutron.api.v2.resource_helper [None req-37a51902-2315-4045-8200-f14fadf4fec7 None None] Service L3_ROUTER_NAT assigned prefix: {{(pid=103127) build_resource_info /opt/stack/neutron/neutron/api/v2/resource_helper.py:77}}
