+ COMMAND=start + start + for KEYSTONE_WSGI_SCRIPT in keystone-wsgi-public ++ type -p keystone-wsgi-public + cp -a /var/lib/openstack/bin/keystone-wsgi-public /var/www/cgi-bin/keystone/ + '[' -f /etc/apache2/envvars ']' + source /etc/apache2/envvars ++ unset HOME ++ '[' '' '!=' '' ']' ++ SUFFIX= ++ export APACHE_RUN_USER=www-data ++ APACHE_RUN_USER=www-data ++ export APACHE_RUN_GROUP=www-data ++ APACHE_RUN_GROUP=www-data ++ export APACHE_PID_FILE=/var/run/apache2/apache2.pid ++ APACHE_PID_FILE=/var/run/apache2/apache2.pid ++ export APACHE_RUN_DIR=/var/run/apache2 ++ APACHE_RUN_DIR=/var/run/apache2 ++ export APACHE_LOCK_DIR=/var/lock/apache2 ++ APACHE_LOCK_DIR=/var/lock/apache2 ++ export APACHE_LOG_DIR=/var/log/apache2 ++ APACHE_LOG_DIR=/var/log/apache2 ++ export LANG=C ++ LANG=C ++ export LANG + '[' -f /var/run/apache2/apache2.pid ']' + exec apache2 -DFOREGROUND AH00558: apache2: Could not reliably determine the server's fully qualified domain name, using 10.0.0.227. Set the 'ServerName' directive globally to suppress this message AH00558: apache2: Could not reliably determine the server's fully qualified domain name, using 10.0.0.227. Set the 'ServerName' directive globally to suppress this message
[Tue Jun 16 23:09:29.352019 2026] [mpm_event:notice] [pid 1:tid 139926837622656] AH00489: Apache/2.4.58 (Ubuntu) mod_wsgi/5.0.0 Python/3.12 configured -- resuming normal operations
[Tue Jun 16 23:09:29.352159 2026] [core:notice] [pid 1:tid 139926837622656] AH00094: Command line: 'apache2 -D FOREGROUND'
[Tue Jun 16 23:10:32.718979 2026] [wsgi:error] [pid 12:tid 139926200850112] /var/lib/openstack/lib/python3.12/site-packages/oslo_utils/importutils.py:77: EventletDeprecationWarning:
[Tue Jun 16 23:10:32.719017 2026] [wsgi:error] [pid 12:tid 139926200850112] Eventlet is deprecated. It is currently being maintained in bugfix mode, and
[Tue Jun 16 23:10:32.719019 2026] [wsgi:error] [pid 12:tid 139926200850112] we strongly recommend against using it for new projects.
[Tue Jun 16 23:10:32.719020 2026] [wsgi:error] [pid 12:tid 139926200850112]
[Tue Jun 16 23:10:32.719021 2026] [wsgi:error] [pid 12:tid 139926200850112] If you are already using Eventlet, we recommend migrating to a different
[Tue Jun 16 23:10:32.719023 2026] [wsgi:error] [pid 12:tid 139926200850112] framework. For more detail see
[Tue Jun 16 23:10:32.719024 2026] [wsgi:error] [pid 12:tid 139926200850112] https://eventlet.readthedocs.io/en/latest/asyncio/migration.html
[Tue Jun 16 23:10:32.719025 2026] [wsgi:error] [pid 12:tid 139926200850112]
[Tue Jun 16 23:10:32.719026 2026] [wsgi:error] [pid 12:tid 139926200850112] __import__(import_str)
[Tue Jun 16 23:10:32.762193 2026] [wsgi:error] [pid 10:tid 139926200850112] /var/lib/openstack/lib/python3.12/site-packages/oslo_utils/importutils.py:77: EventletDeprecationWarning:
[Tue Jun 16 23:10:32.762231 2026] [wsgi:error] [pid 10:tid 139926200850112] Eventlet is deprecated. It is currently being maintained in bugfix mode, and
[Tue Jun 16 23:10:32.762233 2026] [wsgi:error] [pid 10:tid 139926200850112] we strongly recommend against using it for new projects.
[Tue Jun 16 23:10:32.762235 2026] [wsgi:error] [pid 10:tid 139926200850112]
[Tue Jun 16 23:10:32.762236 2026] [wsgi:error] [pid 10:tid 139926200850112] If you are already using Eventlet, we recommend migrating to a different
[Tue Jun 16 23:10:32.762237 2026] [wsgi:error] [pid 10:tid 139926200850112] framework. For more detail see
[Tue Jun 16 23:10:32.762238 2026] [wsgi:error] [pid 10:tid 139926200850112] https://eventlet.readthedocs.io/en/latest/asyncio/migration.html
[Tue Jun 16 23:10:32.762239 2026] [wsgi:error] [pid 10:tid 139926200850112]
[Tue Jun 16 23:10:32.762240 2026] [wsgi:error] [pid 10:tid 139926200850112] __import__(import_str) 10.0.0.44 - - [16/Jun/2026:23:10:31 +0000] "GET /v3/ HTTP/1.1" 200 250 10.0.0.44 - - [16/Jun/2026:23:10:31 +0000] "GET /v3/ HTTP/1.1" 200 250
[Tue Jun 16 23:10:46.344766 2026] [wsgi:error] [pid 9:tid 139926200850112] /var/lib/openstack/lib/python3.12/site-packages/oslo_utils/importutils.py:77: EventletDeprecationWarning:
[Tue Jun 16 23:10:46.344804 2026] [wsgi:error] [pid 9:tid 139926200850112] Eventlet is deprecated. It is currently being maintained in bugfix mode, and
[Tue Jun 16 23:10:46.344806 2026] [wsgi:error] [pid 9:tid 139926200850112] we strongly recommend against using it for new projects.
[Tue Jun 16 23:10:46.344807 2026] [wsgi:error] [pid 9:tid 139926200850112]
[Tue Jun 16 23:10:46.344808 2026] [wsgi:error] [pid 9:tid 139926200850112] If you are already using Eventlet, we recommend migrating to a different
[Tue Jun 16 23:10:46.344809 2026] [wsgi:error] [pid 9:tid 139926200850112] framework. For more detail see
[Tue Jun 16 23:10:46.344810 2026] [wsgi:error] [pid 9:tid 139926200850112] https://eventlet.readthedocs.io/en/latest/asyncio/migration.html
[Tue Jun 16 23:10:46.344812 2026] [wsgi:error] [pid 9:tid 139926200850112]
[Tue Jun 16 23:10:46.344813 2026] [wsgi:error] [pid 9:tid 139926200850112] __import__(import_str) 10.0.0.198 - - [16/Jun/2026:23:10:45 +0000] "GET / HTTP/1.1" 300 295
[Tue Jun 16 23:10:51.521549 2026] [wsgi:error] [pid 11:tid 139926200850112] /var/lib/openstack/lib/python3.12/site-packages/oslo_utils/importutils.py:77: EventletDeprecationWarning:
[Tue Jun 16 23:10:51.521585 2026] [wsgi:error] [pid 11:tid 139926200850112] Eventlet is deprecated. It is currently being maintained in bugfix mode, and
[Tue Jun 16 23:10:51.521587 2026] [wsgi:error] [pid 11:tid 139926200850112] we strongly recommend against using it for new projects.
[Tue Jun 16 23:10:51.521588 2026] [wsgi:error] [pid 11:tid 139926200850112]
[Tue Jun 16 23:10:51.521589 2026] [wsgi:error] [pid 11:tid 139926200850112] If you are already using Eventlet, we recommend migrating to a different
[Tue Jun 16 23:10:51.521590 2026] [wsgi:error] [pid 11:tid 139926200850112] framework. For more detail see
[Tue Jun 16 23:10:51.521591 2026] [wsgi:error] [pid 11:tid 139926200850112] https://eventlet.readthedocs.io/en/latest/asyncio/migration.html
[Tue Jun 16 23:10:51.521592 2026] [wsgi:error] [pid 11:tid 139926200850112]
[Tue Jun 16 23:10:51.521593 2026] [wsgi:error] [pid 11:tid 139926200850112] __import__(import_str)
[Tue Jun 16 23:10:56.221235 2026] [wsgi:error] [pid 11:tid 139926200850112] [remote 10.0.0.198:51618] 2026-06-16 23:10:56.218 11 WARNING keystone.identity.core [None req-1730cc0f-0a25-42e1-8847-071bd1a6c2eb - - - - - -] Invalid domain name (atmosphere) found in config file name: keystone.exception.DomainNotFound: Could not find domain: atmosphere.
[Tue Jun 16 23:10:56.272901 2026] [wsgi:error] [pid 11:tid 139926200850112] [remote 10.0.0.198:51618] 2026-06-16 23:10:56.272 11 WARNING keystone.common.password_hashing [None req-1730cc0f-0a25-42e1-8847-071bd1a6c2eb - - - - - -] Truncating password to algorithm specific maximum length 72 characters.
[Tue Jun 16 23:10:56.571509 2026] [wsgi:error] [pid 11:tid 139926200850112] [remote 10.0.0.198:51618] 2026-06-16 23:10:56.571 11 WARNING keystone.common.fernet_utils [None req-1730cc0f-0a25-42e1-8847-071bd1a6c2eb - - - - - -] key_repository is world readable: /etc/keystone/fernet-keys/ 10.0.0.198 - - [16/Jun/2026:23:10:50 +0000] "POST /v3/auth/tokens HTTP/1.1" 201 1359
[Tue Jun 16 23:10:56.937980 2026] [wsgi:error] [pid 12:tid 139926200850112] [remote 10.0.0.198:51618] 2026-06-16 23:10:56.935 12 WARNING keystone.identity.core [None req-d1c4ed6b-a74a-45fd-808e-4094b50a1d09 - - - - - -] Invalid domain name (atmosphere) found in config file name: keystone.exception.DomainNotFound: Could not find domain: atmosphere. 10.0.0.198 - - [16/Jun/2026:23:10:56 +0000] "POST /v3/domains HTTP/1.1" 201 261 10.0.0.228 - - [16/Jun/2026:23:11:06 +0000] "GET / HTTP/1.1" 300 295
[Tue Jun 16 23:11:07.067008 2026] [wsgi:error] [pid 9:tid 139926200850112] [remote 10.0.0.228:48688] 2026-06-16 23:11:07.066 9 WARNING keystone.common.password_hashing [None req-be3e7b0b-9d29-4ceb-8554-95e586c426be - - - - - -] Truncating password to algorithm specific maximum length 72 characters.
[Tue Jun 16 23:11:07.336765 2026] [wsgi:error] [pid 9:tid 139926200850112] [remote 10.0.0.228:48688] 2026-06-16 23:11:07.336 9 WARNING keystone.common.fernet_utils [None req-be3e7b0b-9d29-4ceb-8554-95e586c426be - - - - - -] key_repository is world readable: /etc/keystone/fernet-keys/ 10.0.0.228 - - [16/Jun/2026:23:11:06 +0000] "POST /v3/auth/tokens HTTP/1.1" 201 1359 10.0.0.228 - - [16/Jun/2026:23:11:07 +0000] "GET /v3/roles/admin HTTP/1.1" 404 83
[Tue Jun 16 23:11:07.584779 2026] [wsgi:error] [pid 12:tid 139926200850112] [remote 10.0.0.228:48688] 2026-06-16 23:11:07.584 12 WARNING keystone.common.rbac_enforcer.enforcer [None req-25b6200d-6b8e-408a-ac71-0d849d8684f0 d8fd00c7104a482da8eebab1491c2d59 27e84fe951c64332bf5db96b2d7c3bd8 - - default default] Deprecated policy rules found. Use oslopolicy-policy-generator and oslopolicy-policy-upgrade to detect and resolve deprecated policies in your configuration. 10.0.0.228 - - [16/Jun/2026:23:11:07 +0000] "GET /v3/roles?name=admin HTTP/1.1" 200 389
[Tue Jun 16 23:11:08.107152 2026] [wsgi:error] [pid 10:tid 139926200850112] [remote 10.0.0.228:48688] 2026-06-16 23:11:08.106 10 WARNING keystone.common.rbac_enforcer.enforcer [None req-5959b55d-16b4-4735-a12e-3a46c26b9c78 d8fd00c7104a482da8eebab1491c2d59 27e84fe951c64332bf5db96b2d7c3bd8 - - default default] Deprecated policy rules found. Use oslopolicy-policy-generator and oslopolicy-policy-upgrade to detect and resolve deprecated policies in your configuration. 10.0.0.228 - - [16/Jun/2026:23:11:07 +0000] "GET /v3/users/admin-RegionOne HTTP/1.1" 404 93
[Tue Jun 16 23:11:08.240579 2026] [wsgi:error] [pid 9:tid 139926200850112] [remote 10.0.0.228:48688] 2026-06-16 23:11:08.240 9 WARNING keystone.common.rbac_enforcer.enforcer [None req-0d767fb7-ecd9-4b04-aeb4-ce2b2843d9bd d8fd00c7104a482da8eebab1491c2d59 27e84fe951c64332bf5db96b2d7c3bd8 - - default default] Deprecated policy rules found. Use oslopolicy-policy-generator and oslopolicy-policy-upgrade to detect and resolve deprecated policies in your configuration. 10.0.0.228 - - [16/Jun/2026:23:11:08 +0000] "GET /v3/users?name=admin-RegionOne HTTP/1.1" 200 422
[Tue Jun 16 23:11:08.405927 2026] [wsgi:error] [pid 11:tid 139926200850112] [remote 10.0.0.228:48688] 2026-06-16 23:11:08.405 11 WARNING keystone.common.rbac_enforcer.enforcer [None req-cf5a29fa-d111-4351-aa28-5430462b7351 d8fd00c7104a482da8eebab1491c2d59 27e84fe951c64332bf5db96b2d7c3bd8 - - default default] Deprecated policy rules found. Use oslopolicy-policy-generator and oslopolicy-policy-upgrade to detect and resolve deprecated policies in your configuration. 10.0.0.228 - - [16/Jun/2026:23:11:08 +0000] "GET /v3/domains/default HTTP/1.1" 200 224 10.0.0.228 - - [16/Jun/2026:23:11:08 +0000] "PUT /v3/domains/default/users/d8fd00c7104a482da8eebab1491c2d59/roles/fd331fd83d524617933ae77233ac73e2 HTTP/1.1" 204 - 10.0.0.44 - - [16/Jun/2026:23:11:18 +0000] "GET / HTTP/1.1" 300 280 10.0.0.44 - - [16/Jun/2026:23:11:20 +0000] "GET /v3 HTTP/1.1" 200 265
[Tue Jun 16 23:11:20.094573 2026] [wsgi:error] [pid 11:tid 139926200850112] [remote 10.0.0.44:51726] 2026-06-16 23:11:20.094 11 WARNING keystone.common.password_hashing [None req-5bae913e-9ae0-4f2e-a2ee-8cc09709c3c4 - - - - - -] Truncating password to algorithm specific maximum length 72 characters.
[Tue Jun 16 23:11:20.365347 2026] [wsgi:error] [pid 11:tid 139926200850112] [remote 10.0.0.44:51726] 2026-06-16 23:11:20.365 11 WARNING keystone.common.fernet_utils [None req-5bae913e-9ae0-4f2e-a2ee-8cc09709c3c4 - - - - - -] key_repository is world readable: /etc/keystone/fernet-keys/ 10.0.0.44 - - [16/Jun/2026:23:11:20 +0000] "POST /v3/auth/tokens HTTP/1.1" 201 1359 10.0.0.44 - - [16/Jun/2026:23:11:20 +0000] "GET / HTTP/1.1" 300 280 10.0.0.44 - - [16/Jun/2026:23:11:20 +0000] "GET /v3/domains/atmosphere HTTP/1.1" 404 90 10.0.0.44 - - [16/Jun/2026:23:11:20 +0000] "GET /v3/domains?name=atmosphere HTTP/1.1" 200 368 10.0.0.44 - - [16/Jun/2026:23:11:20 +0000] "GET /v3/domains/73ae2d0f4cc44c1dad3addce49756024 HTTP/1.1" 200 246 10.0.0.44 - - [16/Jun/2026:23:11:21 +0000] "GET /v3 HTTP/1.1" 200 265
[Tue Jun 16 23:11:21.393180 2026] [wsgi:error] [pid 10:tid 139926200850112] [remote 10.0.0.44:51726] 2026-06-16 23:11:21.392 10 WARNING keystone.common.password_hashing [None req-d43d7a74-db60-4c79-83b3-a87a4960b81f - - - - - -] Truncating password to algorithm specific maximum length 72 characters.
[Tue Jun 16 23:11:21.667975 2026] [wsgi:error] [pid 10:tid 139926200850112] [remote 10.0.0.44:51726] 2026-06-16 23:11:21.667 10 WARNING keystone.common.fernet_utils [None req-d43d7a74-db60-4c79-83b3-a87a4960b81f - - - - - -] key_repository is world readable: /etc/keystone/fernet-keys/ 10.0.0.44 - - [16/Jun/2026:23:11:21 +0000] "POST /v3/auth/tokens HTTP/1.1" 201 1359 10.0.0.44 - - [16/Jun/2026:23:11:21 +0000] "GET / HTTP/1.1" 300 280 10.0.0.44 - - [16/Jun/2026:23:11:21 +0000] "GET /v3/OS-FEDERATION/identity_providers/atmosphere HTTP/1.1" 404 101 10.0.0.44 - - [16/Jun/2026:23:11:21 +0000] "GET /v3/OS-FEDERATION/identity_providers HTTP/1.1" 200 155 10.0.0.44 - - [16/Jun/2026:23:11:21 +0000] "PUT /v3/OS-FEDERATION/identity_providers/atmosphere HTTP/1.1" 201 340 10.0.0.44 - - [16/Jun/2026:23:11:22 +0000] "GET /v3 HTTP/1.1" 200 265
[Tue Jun 16 23:11:22.502422 2026] [wsgi:error] [pid 11:tid 139926200850112] [remote 10.0.0.44:51726] 2026-06-16 23:11:22.502 11 WARNING keystone.common.password_hashing [None req-babe8761-6806-46b5-ad16-45c9fe590c54 - - - - - -] Truncating password to algorithm specific maximum length 72 characters.
[Tue Jun 16 23:11:22.779705 2026] [wsgi:error] [pid 11:tid 139926200850112] [remote 10.0.0.44:51726] 2026-06-16 23:11:22.779 11 WARNING keystone.common.fernet_utils [None req-babe8761-6806-46b5-ad16-45c9fe590c54 - - - - - -] key_repository is world readable: /etc/keystone/fernet-keys/ 10.0.0.44 - - [16/Jun/2026:23:11:22 +0000] "POST /v3/auth/tokens HTTP/1.1" 201 1359 10.0.0.44 - - [16/Jun/2026:23:11:22 +0000] "GET / HTTP/1.1" 300 280 10.0.0.44 - - [16/Jun/2026:23:11:22 +0000] "GET /v3/OS-FEDERATION/mappings/atmosphere-openid HTTP/1.1" 404 98 10.0.0.44 - - [16/Jun/2026:23:11:22 +0000] "GET /v3/OS-FEDERATION/mappings HTTP/1.1" 200 135 10.0.0.44 - - [16/Jun/2026:23:11:22 +0000] "PUT /v3/OS-FEDERATION/mappings/atmosphere-openid HTTP/1.1" 201 356 10.0.0.44 - - [16/Jun/2026:23:11:23 +0000] "GET /v3 HTTP/1.1" 200 265
[Tue Jun 16 23:11:23.626506 2026] [wsgi:error] [pid 10:tid 139926200850112] [remote 10.0.0.44:51710] 2026-06-16 23:11:23.626 10 WARNING keystone.common.password_hashing [None req-a996882e-83bf-42d0-8c10-bf880d708bc2 - - - - - -] Truncating password to algorithm specific maximum length 72 characters.
[Tue Jun 16 23:11:23.909243 2026] [wsgi:error] [pid 10:tid 139926200850112] [remote 10.0.0.44:51710] 2026-06-16 23:11:23.909 10 WARNING keystone.common.fernet_utils [None req-a996882e-83bf-42d0-8c10-bf880d708bc2 - - - - - -] key_repository is world readable: /etc/keystone/fernet-keys/ 10.0.0.44 - - [16/Jun/2026:23:11:23 +0000] "POST /v3/auth/tokens HTTP/1.1" 201 1359 10.0.0.44 - - [16/Jun/2026:23:11:23 +0000] "GET / HTTP/1.1" 300 280 10.0.0.44 - - [16/Jun/2026:23:11:23 +0000] "GET /v3/OS-FEDERATION/identity_providers/atmosphere/protocols/openid?idp_id=atmosphere HTTP/1.1" 404 131 10.0.0.44 - - [16/Jun/2026:23:11:23 +0000] "GET /v3/OS-FEDERATION/identity_providers/atmosphere/protocols HTTP/1.1" 200 167 10.0.0.44 - - [16/Jun/2026:23:11:23 +0000] "PUT /v3/OS-FEDERATION/identity_providers/atmosphere/protocols/openid HTTP/1.1" 201 222 10.0.0.44 - - [16/Jun/2026:23:11:31 +0000] "GET /v3/ HTTP/1.1" 200 250 10.0.0.44 - - [16/Jun/2026:23:11:31 +0000] "GET /v3/ HTTP/1.1" 200 250 10.0.0.44 - - [16/Jun/2026:23:12:31 +0000] "GET /v3/ HTTP/1.1" 200 250 10.0.0.44 - - [16/Jun/2026:23:12:31 +0000] "GET /v3/ HTTP/1.1" 200 250 10.0.0.234 - - [16/Jun/2026:23:12:46 +0000] "GET / HTTP/1.1" 300 295
[Tue Jun 16 23:12:46.466623 2026] [wsgi:error] [pid 11:tid 139926200850112] [remote 10.0.0.234:50564] 2026-06-16 23:12:46.466 11 WARNING keystone.common.password_hashing [None req-a2a9e0fb-8b55-425b-8ee7-8eab5ad83ab2 - - - - - -] Truncating password to algorithm specific maximum length 72 characters.
[Tue Jun 16 23:12:46.743887 2026] [wsgi:error] [pid 11:tid 139926200850112] [remote 10.0.0.234:50564] 2026-06-16 23:12:46.743 11 WARNING keystone.common.fernet_utils [None req-a2a9e0fb-8b55-425b-8ee7-8eab5ad83ab2 - - - - - -] key_repository is world readable: /etc/keystone/fernet-keys/ 10.0.0.234 - - [16/Jun/2026:23:12:46 +0000] "POST /v3/auth/tokens HTTP/1.1" 201 1359 10.0.0.234 - - [16/Jun/2026:23:12:46 +0000] "GET /v3/services HTTP/1.1" 200 355 10.0.0.234 - - [16/Jun/2026:23:12:50 +0000] "GET / HTTP/1.1" 300 295
[Tue Jun 16 23:12:50.360887 2026] [wsgi:error] [pid 9:tid 139926200850112] [remote 10.0.0.234:50566] 2026-06-16 23:12:50.360 9 WARNING keystone.common.password_hashing [None req-902379d3-128f-4cb1-ba4b-fd1eb396f5fc - - - - - -] Truncating password to algorithm specific maximum length 72 characters.
[Tue Jun 16 23:12:50.634105 2026] [wsgi:error] [pid 9:tid 139926200850112] [remote 10.0.0.234:50566] 2026-06-16 23:12:50.633 9 WARNING keystone.common.fernet_utils [None req-902379d3-128f-4cb1-ba4b-fd1eb396f5fc - - - - - -] key_repository is world readable: /etc/keystone/fernet-keys/ 10.0.0.234 - - [16/Jun/2026:23:12:50 +0000] "POST /v3/auth/tokens HTTP/1.1" 201 1359 10.0.0.234 - - [16/Jun/2026:23:12:50 +0000] "GET /v3/services HTTP/1.1" 200 355 10.0.0.234 - - [16/Jun/2026:23:12:54 +0000] "GET / HTTP/1.1" 300 295
[Tue Jun 16 23:12:54.195826 2026] [wsgi:error] [pid 10:tid 139926200850112] [remote 10.0.0.234:51832] 2026-06-16 23:12:54.195 10 WARNING keystone.common.password_hashing [None req-24192ff7-f823-4ab5-ac39-22b987190218 - - - - - -] Truncating password to algorithm specific maximum length 72 characters.
[Tue Jun 16 23:12:54.465794 2026] [wsgi:error] [pid 10:tid 139926200850112] [remote 10.0.0.234:51832] 2026-06-16 23:12:54.465 10 WARNING keystone.common.fernet_utils [None req-24192ff7-f823-4ab5-ac39-22b987190218 - - - - - -] key_repository is world readable: /etc/keystone/fernet-keys/ 10.0.0.234 - - [16/Jun/2026:23:12:54 +0000] "POST /v3/auth/tokens HTTP/1.1" 201 1359 10.0.0.234 - - [16/Jun/2026:23:12:54 +0000] "GET /v3/services HTTP/1.1" 200 355 10.0.0.234 - - [16/Jun/2026:23:12:58 +0000] "GET / HTTP/1.1" 300 295
[Tue Jun 16 23:12:58.063164 2026] [wsgi:error] [pid 12:tid 139926200850112] [remote 10.0.0.234:51836] 2026-06-16 23:12:58.062 12 WARNING keystone.common.password_hashing [None req-fbb0967d-2b64-406c-8641-5da04fbfe80a - - - - - -] Truncating password to algorithm specific maximum length 72 characters.
[Tue Jun 16 23:12:58.357291 2026] [wsgi:error] [pid 12:tid 139926200850112] [remote 10.0.0.234:51836] 2026-06-16 23:12:58.357 12 WARNING keystone.common.fernet_utils [None req-fbb0967d-2b64-406c-8641-5da04fbfe80a - - - - - -] key_repository is world readable: /etc/keystone/fernet-keys/ 10.0.0.234 - - [16/Jun/2026:23:12:58 +0000] "POST /v3/auth/tokens HTTP/1.1" 201 1359 10.0.0.234 - - [16/Jun/2026:23:12:58 +0000] "POST /v3/services HTTP/1.1" 201 296 10.0.0.15 - - [16/Jun/2026:23:13:09 +0000] "GET / HTTP/1.1" 300 295 10.0.0.15 - - [16/Jun/2026:23:13:09 +0000] "GET / HTTP/1.1" 300 295
[Tue Jun 16 23:13:09.785826 2026] [wsgi:error] [pid 11:tid 139926200850112] [remote 10.0.0.15:37672] 2026-06-16 23:13:09.785 11 WARNING keystone.common.password_hashing [None req-190db1d5-d965-4735-8545-d0011afbe094 - - - - - -] Truncating password to algorithm specific maximum length 72 characters.
[Tue Jun 16 23:13:09.795473 2026] [wsgi:error] [pid 10:tid 139926200850112] [remote 10.0.0.15:37680] 2026-06-16 23:13:09.795 10 WARNING keystone.common.password_hashing [None req-c34f7c27-f974-4332-a446-b2649fb51a79 - - - - - -] Truncating password to algorithm specific maximum length 72 characters. 10.0.0.15 - - [16/Jun/2026:23:13:09 +0000] "GET / HTTP/1.1" 300 295
[Tue Jun 16 23:13:09.938258 2026] [wsgi:error] [pid 12:tid 139926200850112] [remote 10.0.0.15:37686] 2026-06-16 23:13:09.938 12 WARNING keystone.common.password_hashing [None req-8317e109-19f1-4d45-a80b-7b249a970542 - - - - - -] Truncating password to algorithm specific maximum length 72 characters.
[Tue Jun 16 23:13:10.069736 2026] [wsgi:error] [pid 10:tid 139926200850112] [remote 10.0.0.15:37680] 2026-06-16 23:13:10.069 10 WARNING keystone.common.fernet_utils [None req-c34f7c27-f974-4332-a446-b2649fb51a79 - - - - - -] key_repository is world readable: /etc/keystone/fernet-keys/
[Tue Jun 16 23:13:10.071138 2026] [wsgi:error] [pid 11:tid 139926200850112] [remote 10.0.0.15:37672] 2026-06-16 23:13:10.071 11 WARNING keystone.common.fernet_utils [None req-190db1d5-d965-4735-8545-d0011afbe094 - - - - - -] key_repository is world readable: /etc/keystone/fernet-keys/ 10.0.0.15 - - [16/Jun/2026:23:13:09 +0000] "POST /v3/auth/tokens HTTP/1.1" 201 1463 10.0.0.15 - - [16/Jun/2026:23:13:09 +0000] "POST /v3/auth/tokens HTTP/1.1" 201 1463 10.0.0.15 - - [16/Jun/2026:23:13:10 +0000] "GET /v3/services HTTP/1.1" 200 639 10.0.0.15 - - [16/Jun/2026:23:13:10 +0000] "GET /v3/services HTTP/1.1" 200 639
[Tue Jun 16 23:13:10.223051 2026] [wsgi:error] [pid 12:tid 139926200850112] [remote 10.0.0.15:37686] 2026-06-16 23:13:10.222 12 WARNING keystone.common.fernet_utils [None req-8317e109-19f1-4d45-a80b-7b249a970542 - - - - - -] key_repository is world readable: /etc/keystone/fernet-keys/ 10.0.0.15 - - [16/Jun/2026:23:13:09 +0000] "POST /v3/auth/tokens HTTP/1.1" 201 1463 10.0.0.15 - - [16/Jun/2026:23:13:10 +0000] "GET /v3/services HTTP/1.1" 200 639 10.0.0.15 - - [16/Jun/2026:23:13:11 +0000] "GET / HTTP/1.1" 300 295
[Tue Jun 16 23:13:11.677575 2026] [wsgi:error] [pid 9:tid 139926200850112] [remote 10.0.0.15:37690] 2026-06-16 23:13:11.677 9 WARNING keystone.common.password_hashing [None req-2519f7d9-8498-4d35-9fa4-a5623bd7cdfb - - - - - -] Truncating password to algorithm specific maximum length 72 characters. 10.0.0.15 - - [16/Jun/2026:23:13:11 +0000] "GET / HTTP/1.1" 300 295
[Tue Jun 16 23:13:11.714947 2026] [wsgi:error] [pid 10:tid 139926200850112] [remote 10.0.0.15:37696] 2026-06-16 23:13:11.714 10 WARNING keystone.common.password_hashing [None req-abd0253c-8ead-4991-8788-65857c353c48 - - - - - -] Truncating password to algorithm specific maximum length 72 characters. 10.0.0.15 - - [16/Jun/2026:23:13:11 +0000] "GET / HTTP/1.1" 300 295
[Tue Jun 16 23:13:11.822082 2026] [wsgi:error] [pid 12:tid 139926200850112] [remote 10.0.0.15:37700] 2026-06-16 23:13:11.821 12 WARNING keystone.common.password_hashing [None req-d42a0a9a-0606-4146-9c2b-12e2344f01dd - - - - - -] Truncating password to algorithm specific maximum length 72 characters.
[Tue Jun 16 23:13:11.966746 2026] [wsgi:error] [pid 9:tid 139926200850112] [remote 10.0.0.15:37690] 2026-06-16 23:13:11.966 9 WARNING keystone.common.fernet_utils [None req-2519f7d9-8498-4d35-9fa4-a5623bd7cdfb - - - - - -] key_repository is world readable: /etc/keystone/fernet-keys/ 10.0.0.15 - - [16/Jun/2026:23:13:11 +0000] "POST /v3/auth/tokens HTTP/1.1" 201 1463
[Tue Jun 16 23:13:11.994760 2026] [wsgi:error] [pid 10:tid 139926200850112] [remote 10.0.0.15:37696] 2026-06-16 23:13:11.994 10 WARNING keystone.common.fernet_utils [None req-abd0253c-8ead-4991-8788-65857c353c48 - - - - - -] key_repository is world readable: /etc/keystone/fernet-keys/ 10.0.0.15 - - [16/Jun/2026:23:13:11 +0000] "POST /v3/auth/tokens HTTP/1.1" 201 1463 10.0.0.15 - - [16/Jun/2026:23:13:12 +0000] "GET /v3/endpoints HTTP/1.1" 200 1226
[Tue Jun 16 23:13:12.103436 2026] [wsgi:error] [pid 12:tid 139926200850112] [remote 10.0.0.15:37700] 2026-06-16 23:13:12.103 12 WARNING keystone.common.fernet_utils [None req-d42a0a9a-0606-4146-9c2b-12e2344f01dd - - - - - -] key_repository is world readable: /etc/keystone/fernet-keys/ 10.0.0.15 - - [16/Jun/2026:23:13:11 +0000] "POST /v3/auth/tokens HTTP/1.1" 201 1463 10.0.0.15 - - [16/Jun/2026:23:13:12 +0000] "GET /v3/services/cfc0520ec5174007b2cf8a930b3092dd HTTP/1.1" 200 233 10.0.0.15 - - [16/Jun/2026:23:13:12 +0000] "GET /v3/endpoints HTTP/1.1" 200 1226 10.0.0.15 - - [16/Jun/2026:23:13:12 +0000] "GET /v3/services/cfc0520ec5174007b2cf8a930b3092dd HTTP/1.1" 200 233 10.0.0.15 - - [16/Jun/2026:23:13:12 +0000] "GET /v3/services/cfc0520ec5174007b2cf8a930b3092dd HTTP/1.1" 200 233 10.0.0.15 - - [16/Jun/2026:23:13:12 +0000] "GET /v3/services/cfc0520ec5174007b2cf8a930b3092dd HTTP/1.1" 200 233 10.0.0.15 - - [16/Jun/2026:23:13:12 +0000] "GET /v3/services/cfc0520ec5174007b2cf8a930b3092dd HTTP/1.1" 200 233 10.0.0.15 - - [16/Jun/2026:23:13:12 +0000] "GET /v3/services/cfc0520ec5174007b2cf8a930b3092dd HTTP/1.1" 200 233 10.0.0.15 - - [16/Jun/2026:23:13:12 +0000] "GET /v3/endpoints HTTP/1.1" 200 1226 10.0.0.15 - - [16/Jun/2026:23:13:12 +0000] "GET /v3/services/cfc0520ec5174007b2cf8a930b3092dd HTTP/1.1" 200 233 10.0.0.15 - - [16/Jun/2026:23:13:12 +0000] "GET /v3/services/cfc0520ec5174007b2cf8a930b3092dd HTTP/1.1" 200 233 10.0.0.15 - - [16/Jun/2026:23:13:12 +0000] "GET /v3/services/cfc0520ec5174007b2cf8a930b3092dd HTTP/1.1" 200 233 10.0.0.15 - - [16/Jun/2026:23:13:13 +0000] "GET / HTTP/1.1" 300 295
[Tue Jun 16 23:13:13.585353 2026] [wsgi:error] [pid 9:tid 139926200850112] [remote 10.0.0.15:58030] 2026-06-16 23:13:13.585 9 WARNING keystone.common.password_hashing [None req-9ee5894d-162d-40f1-a126-9db91eff215b - - - - - -] Truncating password to algorithm specific maximum length 72 characters. 10.0.0.15 - - [16/Jun/2026:23:13:13 +0000] "GET / HTTP/1.1" 300 295
[Tue Jun 16 23:13:13.627111 2026] [wsgi:error] [pid 11:tid 139926200850112] [remote 10.0.0.15:58046] 2026-06-16 23:13:13.626 11 WARNING keystone.common.password_hashing [None req-8ceca548-5a5b-41be-8692-cf336e501685 - - - - - -] Truncating password to algorithm specific maximum length 72 characters. 10.0.0.15 - - [16/Jun/2026:23:13:13 +0000] "GET / HTTP/1.1" 300 295
[Tue Jun 16 23:13:13.761066 2026] [wsgi:error] [pid 10:tid 139926200850112] [remote 10.0.0.15:58048] 2026-06-16 23:13:13.760 10 WARNING keystone.common.password_hashing [None req-b92d2523-55aa-42ba-a0a7-e9ced05c6b73 - - - - - -] Truncating password to algorithm specific maximum length 72 characters.
[Tue Jun 16 23:13:13.852861 2026] [wsgi:error] [pid 9:tid 139926200850112] [remote 10.0.0.15:58030] 2026-06-16 23:13:13.852 9 WARNING keystone.common.fernet_utils [None req-9ee5894d-162d-40f1-a126-9db91eff215b - - - - - -] key_repository is world readable: /etc/keystone/fernet-keys/ 10.0.0.15 - - [16/Jun/2026:23:13:13 +0000] "POST /v3/auth/tokens HTTP/1.1" 201 1463
[Tue Jun 16 23:13:13.915610 2026] [wsgi:error] [pid 11:tid 139926200850112] [remote 10.0.0.15:58046] 2026-06-16 23:13:13.915 11 WARNING keystone.common.fernet_utils [None req-8ceca548-5a5b-41be-8692-cf336e501685 - - - - - -] key_repository is world readable: /etc/keystone/fernet-keys/ 10.0.0.15 - - [16/Jun/2026:23:13:13 +0000] "POST /v3/auth/tokens HTTP/1.1" 201 1463 10.0.0.15 - - [16/Jun/2026:23:13:13 +0000] "GET /v3/services/9fb3cc072c06429885693d7801135918 HTTP/1.1" 200 296 10.0.0.15 - - [16/Jun/2026:23:13:13 +0000] "GET /v3/regions/RegionOne HTTP/1.1" 200 173 10.0.0.15 - - [16/Jun/2026:23:13:14 +0000] "GET /v3/services/9fb3cc072c06429885693d7801135918 HTTP/1.1" 200 296
[Tue Jun 16 23:13:14.044534 2026] [wsgi:error] [pid 10:tid 139926200850112] [remote 10.0.0.15:58048] 2026-06-16 23:13:14.044 10 WARNING keystone.common.fernet_utils [None req-b92d2523-55aa-42ba-a0a7-e9ced05c6b73 - - - - - -] key_repository is world readable: /etc/keystone/fernet-keys/ 10.0.0.15 - - [16/Jun/2026:23:13:14 +0000] "GET /v3/regions/RegionOne HTTP/1.1" 200 173 10.0.0.15 - - [16/Jun/2026:23:13:13 +0000] "POST /v3/auth/tokens HTTP/1.1" 201 1463 10.0.0.15 - - [16/Jun/2026:23:13:14 +0000] "POST /v3/endpoints HTTP/1.1" 201 383 10.0.0.15 - - [16/Jun/2026:23:13:14 +0000] "GET /v3/services/9fb3cc072c06429885693d7801135918 HTTP/1.1" 200 296 10.0.0.15 - - [16/Jun/2026:23:13:14 +0000] "POST /v3/endpoints HTTP/1.1" 201 380 10.0.0.15 - - [16/Jun/2026:23:13:14 +0000] "GET /v3/regions/RegionOne HTTP/1.1" 200 173 10.0.0.15 - - [16/Jun/2026:23:13:14 +0000] "POST /v3/endpoints HTTP/1.1" 201 369 10.0.0.15 - - [16/Jun/2026:23:13:15 +0000] "GET / HTTP/1.1" 300 295
[Tue Jun 16 23:13:15.510042 2026] [wsgi:error] [pid 11:tid 139926200850112] [remote 10.0.0.15:58056] 2026-06-16 23:13:15.509 11 WARNING keystone.common.password_hashing [None req-11605aee-0061-4553-b328-ef5a90572014 - - - - - -] Truncating password to algorithm specific maximum length 72 characters. 10.0.0.15 - - [16/Jun/2026:23:13:15 +0000] "GET / HTTP/1.1" 300 295
[Tue Jun 16 23:13:15.590330 2026] [wsgi:error] [pid 12:tid 139926200850112] [remote 10.0.0.15:58064] 2026-06-16 23:13:15.590 12 WARNING keystone.common.password_hashing [None req-879e9603-a6a3-4e5a-b52f-96106fa87210 - - - - - -] Truncating password to algorithm specific maximum length 72 characters. 10.0.0.15 - - [16/Jun/2026:23:13:15 +0000] "GET / HTTP/1.1" 300 295
[Tue Jun 16 23:13:15.619129 2026] [wsgi:error] [pid 10:tid 139926200850112] [remote 10.0.0.15:58066] 2026-06-16 23:13:15.618 10 WARNING keystone.common.password_hashing [None req-f3bda4bc-c23e-49c1-a12b-94920756884a - - - - - -] Truncating password to algorithm specific maximum length 72 characters.
[Tue Jun 16 23:13:15.789574 2026] [wsgi:error] [pid 11:tid 139926200850112] [remote 10.0.0.15:58056] 2026-06-16 23:13:15.789 11 WARNING keystone.common.fernet_utils [None req-11605aee-0061-4553-b328-ef5a90572014 - - - - - -] key_repository is world readable: /etc/keystone/fernet-keys/ 10.0.0.15 - - [16/Jun/2026:23:13:15 +0000] "POST /v3/auth/tokens HTTP/1.1" 201 1990
[Tue Jun 16 23:13:15.872412 2026] [wsgi:error] [pid 12:tid 139926200850112] [remote 10.0.0.15:58064] 2026-06-16 23:13:15.872 12 WARNING keystone.common.fernet_utils [None req-879e9603-a6a3-4e5a-b52f-96106fa87210 - - - - - -] key_repository is world readable: /etc/keystone/fernet-keys/ 10.0.0.15 - - [16/Jun/2026:23:13:15 +0000] "POST /v3/auth/tokens HTTP/1.1" 201 1990
[Tue Jun 16 23:13:15.913365 2026] [wsgi:error] [pid 10:tid 139926200850112] [remote 10.0.0.15:58066] 2026-06-16 23:13:15.913 10 WARNING keystone.common.fernet_utils [None req-f3bda4bc-c23e-49c1-a12b-94920756884a - - - - - -] key_repository is world readable: /etc/keystone/fernet-keys/ 10.0.0.15 - - [16/Jun/2026:23:13:15 +0000] "GET /v3/endpoints/4ed61e2c4b3b4b708ad4a369d6d05ab9 HTTP/1.1" 200 383 10.0.0.15 - - [16/Jun/2026:23:13:15 +0000] "POST /v3/auth/tokens HTTP/1.1" 201 1990 10.0.0.15 - - [16/Jun/2026:23:13:15 +0000] "GET /v3/services/9fb3cc072c06429885693d7801135918 HTTP/1.1" 200 296 10.0.0.15 - - [16/Jun/2026:23:13:15 +0000] "GET /v3/endpoints/1c4ca438d81d4c0ba8fad072dd7330de HTTP/1.1" 200 380 10.0.0.15 - - [16/Jun/2026:23:13:16 +0000] "GET /v3/services/9fb3cc072c06429885693d7801135918 HTTP/1.1" 200 296 10.0.0.15 - - [16/Jun/2026:23:13:16 +0000] "GET /v3/endpoints/f39b336e635646ea8e38a7ca29343332 HTTP/1.1" 200 369 10.0.0.15 - - [16/Jun/2026:23:13:16 +0000] "GET /v3/services/9fb3cc072c06429885693d7801135918 HTTP/1.1" 200 296 10.0.0.31 - - [16/Jun/2026:23:13:26 +0000] "GET / HTTP/1.1" 300 295
[Tue Jun 16 23:13:26.895426 2026] [wsgi:error] [pid 9:tid 139926200850112] [remote 10.0.0.31:58186] 2026-06-16 23:13:26.895 9 WARNING keystone.common.password_hashing [None req-a5ba81ea-39fd-4ef4-974b-fcd4b82d5f36 - - - - - -] Truncating password to algorithm specific maximum length 72 characters.
[Tue Jun 16 23:13:27.178849 2026] [wsgi:error] [pid 9:tid 139926200850112] [remote 10.0.0.31:58186] 2026-06-16 23:13:27.178 9 WARNING keystone.common.fernet_utils [None req-a5ba81ea-39fd-4ef4-974b-fcd4b82d5f36 - - - - - -] key_repository is world readable: /etc/keystone/fernet-keys/ 10.0.0.31 - - [16/Jun/2026:23:13:26 +0000] "POST /v3/auth/tokens HTTP/1.1" 201 1990 10.0.0.31 - - [16/Jun/2026:23:13:27 +0000] "POST /v3/domains HTTP/1.1" 201 284 10.0.0.31 - - [16/Jun/2026:23:13:28 +0000] "GET / HTTP/1.1" 300 295
[Tue Jun 16 23:13:28.832797 2026] [wsgi:error] [pid 12:tid 139926200850112] [remote 10.0.0.31:58196] 2026-06-16 23:13:28.832 12 WARNING keystone.common.password_hashing [None req-fcc59dc5-642d-4b0c-9f76-dc99c089d50f - - - - - -] Truncating password to algorithm specific maximum length 72 characters.
[Tue Jun 16 23:13:29.102785 2026] [wsgi:error] [pid 12:tid 139926200850112] [remote 10.0.0.31:58196] 2026-06-16 23:13:29.102 12 WARNING keystone.common.fernet_utils [None req-fcc59dc5-642d-4b0c-9f76-dc99c089d50f - - - - - -] key_repository is world readable: /etc/keystone/fernet-keys/ 10.0.0.31 - - [16/Jun/2026:23:13:28 +0000] "POST /v3/auth/tokens HTTP/1.1" 201 1990
[Tue Jun 16 23:13:29.317902 2026] [wsgi:error] [pid 9:tid 139926200850112] [remote 10.0.0.31:58196] 2026-06-16 23:13:29.296 9 ERROR keystone.server.flask.application [None req-3018b6aa-d6ec-4f41-aca0-88fe44362733 d8fd00c7104a482da8eebab1491c2d59 27e84fe951c64332bf5db96b2d7c3bd8 - - default default] Conflict occurred attempting to store project - it is not permitted to have two projects acting as domains with the same name: service.: keystone.exception.Conflict: Conflict occurred attempting to store project - it is not permitted to have two projects acting as domains with the same name: service.
[Tue Jun 16 23:13:29.317956 2026] [wsgi:error] [pid 9:tid 139926200850112] [remote 10.0.0.31:58196] 2026-06-16 23:13:29.296 9 ERROR keystone.server.flask.application
Traceback (most recent call last):
[Tue Jun 16 23:13:29.317959 2026] [wsgi:error] [pid 9:tid 139926200850112] [remote 10.0.0.31:58196] 2026-06-16 23:13:29.296 9 ERROR keystone.server.flask.application
File "/var/lib/openstack/lib/python3.12/site-packages/sqlalchemy/engine/base.py", line 1969, in _exec_single_context
[Tue Jun 16 23:13:29.317961 2026] [wsgi:error] [pid 9:tid 139926200850112] [remote 10.0.0.31:58196] 2026-06-16 23:13:29.296 9 ERROR keystone.server.flask.application self.dialect.do_execute(
[Tue Jun 16 23:13:29.317963 2026] [wsgi:error] [pid 9:tid 139926200850112] [remote 10.0.0.31:58196] 2026-06-16 23:13:29.296 9 ERROR keystone.server.flask.application
File "/var/lib/openstack/lib/python3.12/site-packages/sqlalchemy/engine/default.py", line 952, in do_execute
[Tue Jun 16 23:13:29.317965 2026] [wsgi:error] [pid 9:tid 139926200850112] [remote 10.0.0.31:58196] 2026-06-16 23:13:29.296 9 ERROR keystone.server.flask.application cursor.execute(statement, parameters)
[Tue Jun 16 23:13:29.317966 2026] [wsgi:error] [pid 9:tid 139926200850112] [remote 10.0.0.31:58196] 2026-06-16 23:13:29.296 9 ERROR keystone.server.flask.application
File "/var/lib/openstack/lib/python3.12/site-packages/pymysql/cursors.py", line 159, in execute
[Tue Jun 16 23:13:29.317968 2026] [wsgi:error] [pid 9:tid 139926200850112] [remote 10.0.0.31:58196] 2026-06-16 23:13:29.296 9 ERROR keystone.server.flask.application result = self._query(query)
[Tue Jun 16 23:13:29.317969 2026] [wsgi:error] [pid 9:tid 139926200850112] [remote 10.0.0.31:58196] 2026-06-16 23:13:29.296 9 ERROR keystone.server.flask.application ^^^^^^^^^^^^^^^^^^
[Tue Jun 16 23:13:29.317971 2026] [wsgi:error] [pid 9:tid 139926200850112] [remote 10.0.0.31:58196] 2026-06-16 23:13:29.296 9 ERROR keystone.server.flask.application
File "/var/lib/openstack/lib/python3.12/site-packages/pymysql/cursors.py", line 330, in _query
[Tue Jun 16 23:13:29.317973 2026] [wsgi:error] [pid 9:tid 139926200850112] [remote 10.0.0.31:58196] 2026-06-16 23:13:29.296 9 ERROR keystone.server.flask.application conn.query(q)
[Tue Jun 16 23:13:29.317974 2026] [wsgi:error] [pid 9:tid 139926200850112] [remote 10.0.0.31:58196] 2026-06-16 23:13:29.296 9 ERROR keystone.server.flask.application
File "/var/lib/openstack/lib/python3.12/site-packages/pymysql/connections.py", line 582, in query
[Tue Jun 16 23:13:29.318001 2026] [wsgi:error] [pid 9:tid 139926200850112] [remote 10.0.0.31:58196] 2026-06-16 23:13:29.296 9 ERROR keystone.server.flask.application self._affected_rows = self._read_query_result(unbuffered=unbuffered)
[Tue Jun 16 23:13:29.318004 2026] [wsgi:error] [pid 9:tid 139926200850112] [remote 10.0.0.31:58196] 2026-06-16 23:13:29.296 9 ERROR keystone.server.flask.application ^^^^^^^^^^^^^^^^^^^^^^^^^^^^^^^^^^^^^^^^^^^^^^
[Tue Jun 16 23:13:29.318006 2026] [wsgi:error] [pid 9:tid 139926200850112] [remote 10.0.0.31:58196] 2026-06-16 23:13:29.296 9 ERROR keystone.server.flask.application
File "/var/lib/openstack/lib/python3.12/site-packages/pymysql/connections.py", line 847, in _read_query_result
[Tue Jun 16 23:13:29.318008 2026] [wsgi:error] [pid 9:tid 139926200850112] [remote 10.0.0.31:58196] 2026-06-16 23:13:29.296 9 ERROR keystone.server.flask.application result.read()
[Tue Jun 16 23:13:29.318010 2026] [wsgi:error] [pid 9:tid 139926200850112] [remote 10.0.0.31:58196] 2026-06-16 23:13:29.296 9 ERROR keystone.server.flask.application
File "/var/lib/openstack/lib/python3.12/site-packages/pymysql/connections.py", line 1245, in read
[Tue Jun 16 23:13:29.318012 2026] [wsgi:error] [pid 9:tid 139926200850112] [remote 10.0.0.31:58196] 2026-06-16 23:13:29.296 9 ERROR keystone.server.flask.application first_packet = self.connection._read_packet()
[Tue Jun 16 23:13:29.318014 2026] [wsgi:error] [pid 9:tid 139926200850112] [remote 10.0.0.31:58196] 2026-06-16 23:13:29.296 9 ERROR keystone.server.flask.application ^^^^^^^^^^^^^^^^^^^^^^^^^^^^^^
[Tue Jun 16 23:13:29.318053 2026] [wsgi:error] [pid 9:tid 139926200850112] [remote 10.0.0.31:58196] 2026-06-16 23:13:29.296 9 ERROR keystone.server.flask.application
File "/var/lib/openstack/lib/python3.12/site-packages/pymysql/connections.py", line 803, in _read_packet
[Tue Jun 16 23:13:29.318060 2026] [wsgi:error] [pid 9:tid 139926200850112] [remote 10.0.0.31:58196] 2026-06-16 23:13:29.296 9 ERROR keystone.server.flask.application packet.raise_for_error()
[Tue Jun 16 23:13:29.318062 2026] [wsgi:error] [pid 9:tid 139926200850112] [remote 10.0.0.31:58196] 2026-06-16 23:13:29.296 9 ERROR keystone.server.flask.application
File "/var/lib/openstack/lib/python3.12/site-packages/pymysql/protocol.py", line 219, in raise_for_error
[Tue Jun 16 23:13:29.318064 2026] [wsgi:error] [pid 9:tid 139926200850112] [remote 10.0.0.31:58196] 2026-06-16 23:13:29.296 9 ERROR keystone.server.flask.application err.raise_mysql_exception(self._data)
[Tue Jun 16 23:13:29.318065 2026] [wsgi:error] [pid 9:tid 139926200850112] [remote 10.0.0.31:58196] 2026-06-16 23:13:29.296 9 ERROR keystone.server.flask.application
File "/var/lib/openstack/lib/python3.12/site-packages/pymysql/err.py", line 154, in raise_mysql_exception
[Tue Jun 16 23:13:29.318067 2026] [wsgi:error] [pid 9:tid 139926200850112] [remote 10.0.0.31:58196] 2026-06-16 23:13:29.296 9 ERROR keystone.server.flask.application raise errorclass(errno, errval, sqlstate=sqlstate)
[Tue Jun 16 23:13:29.318069 2026] [wsgi:error] [pid 9:tid 139926200850112] [remote 10.0.0.31:58196] 2026-06-16 23:13:29.296 9 ERROR keystone.server.flask.application pymysql.err.IntegrityError: (1062, "Duplicate entry '<>-service' for key 'project.ixu_project_name_domain_id'")
[Tue Jun 16 23:13:29.318071 2026] [wsgi:error] [pid 9:tid 139926200850112] [remote 10.0.0.31:58196] 2026-06-16 23:13:29.296 9 ERROR keystone.server.flask.application
[Tue Jun 16 23:13:29.318073 2026] [wsgi:error] [pid 9:tid 139926200850112] [remote 10.0.0.31:58196] 2026-06-16 23:13:29.296 9 ERROR keystone.server.flask.application The above exception was the direct cause of the following exception:
[Tue Jun 16 23:13:29.318075 2026] [wsgi:error] [pid 9:tid 139926200850112] [remote 10.0.0.31:58196] 2026-06-16 23:13:29.296 9 ERROR keystone.server.flask.application
[Tue Jun 16 23:13:29.318076 2026] [wsgi:error] [pid 9:tid 139926200850112] [remote 10.0.0.31:58196] 2026-06-16 23:13:29.296 9 ERROR keystone.server.flask.application
Traceback (most recent call last):
[Tue Jun 16 23:13:29.318079 2026] [wsgi:error] [pid 9:tid 139926200850112] [remote 10.0.0.31:58196] 2026-06-16 23:13:29.296 9 ERROR keystone.server.flask.application
File "/var/lib/openstack/lib/python3.12/site-packages/keystone/common/sql/core.py", line 575, in wrapper
[Tue Jun 16 23:13:29.318081 2026] [wsgi:error] [pid 9:tid 139926200850112] [remote 10.0.0.31:58196] 2026-06-16 23:13:29.296 9 ERROR keystone.server.flask.application return method(*args, **kwargs)
[Tue Jun 16 23:13:29.318085 2026] [wsgi:error] [pid 9:tid 139926200850112] [remote 10.0.0.31:58196] 2026-06-16 23:13:29.296 9 ERROR keystone.server.flask.application ^^^^^^^^^^^^^^^^^^^^^^^
[Tue Jun 16 23:13:29.318087 2026] [wsgi:error] [pid 9:tid 139926200850112] [remote 10.0.0.31:58196] 2026-06-16 23:13:29.296 9 ERROR keystone.server.flask.application
File "/var/lib/openstack/lib/python3.12/site-packages/keystone/resource/backends/sql.py", line 278, in create_project
[Tue Jun 16 23:13:29.318089 2026] [wsgi:error] [pid 9:tid 139926200850112] [remote 10.0.0.31:58196] 2026-06-16 23:13:29.296 9 ERROR keystone.server.flask.application with sql.session_for_write() as session:
[Tue Jun 16 23:13:29.318092 2026] [wsgi:error] [pid 9:tid 139926200850112] [remote 10.0.0.31:58196] 2026-06-16 23:13:29.296 9 ERROR keystone.server.flask.application
File "/usr/lib/python3.12/contextlib.py", line 144, in __exit__
[Tue Jun 16 23:13:29.318095 2026] [wsgi:error] [pid 9:tid 139926200850112] [remote 10.0.0.31:58196] 2026-06-16 23:13:29.296 9 ERROR keystone.server.flask.application next(self.gen)
[Tue Jun 16 23:13:29.318097 2026] [wsgi:error] [pid 9:tid 139926200850112] [remote 10.0.0.31:58196] 2026-06-16 23:13:29.296 9 ERROR keystone.server.flask.application
File "/var/lib/openstack/lib/python3.12/site-packages/oslo_db/sqlalchemy/enginefacade.py", line 1175, in _transaction_scope
[Tue Jun 16 23:13:29.318100 2026] [wsgi:error] [pid 9:tid 139926200850112] [remote 10.0.0.31:58196] 2026-06-16 23:13:29.296 9 ERROR keystone.server.flask.application with current._produce_block(
[Tue Jun 16 23:13:29.318102 2026] [wsgi:error] [pid 9:tid 139926200850112] [remote 10.0.0.31:58196] 2026-06-16 23:13:29.296 9 ERROR keystone.server.flask.application
File "/usr/lib/python3.12/contextlib.py", line 144, in __exit__
[Tue Jun 16 23:13:29.318104 2026] [wsgi:error] [pid 9:tid 139926200850112] [remote 10.0.0.31:58196] 2026-06-16 23:13:29.296 9 ERROR keystone.server.flask.application next(self.gen)
[Tue Jun 16 23:13:29.318140 2026] [wsgi:error] [pid 9:tid 139926200850112] [remote 10.0.0.31:58196] 2026-06-16 23:13:29.296 9 ERROR keystone.server.flask.application
File "/var/lib/openstack/lib/python3.12/site-packages/oslo_db/sqlalchemy/enginefacade.py", line 837, in _session
[Tue Jun 16 23:13:29.318143 2026] [wsgi:error] [pid 9:tid 139926200850112] [remote 10.0.0.31:58196] 2026-06-16 23:13:29.296 9 ERROR keystone.server.flask.application with excutils.save_and_reraise_exception():
[Tue Jun 16 23:13:29.318144 2026] [wsgi:error] [pid 9:tid 139926200850112] [remote 10.0.0.31:58196] 2026-06-16 23:13:29.296 9 ERROR keystone.server.flask.application
File "/var/lib/openstack/lib/python3.12/site-packages/oslo_utils/excutils.py", line 266, in __exit__
[Tue Jun 16 23:13:29.318146 2026] [wsgi:error] [pid 9:tid 139926200850112] [remote 10.0.0.31:58196] 2026-06-16 23:13:29.296 9 ERROR keystone.server.flask.application self.force_reraise()
[Tue Jun 16 23:13:29.318148 2026] [wsgi:error] [pid 9:tid 139926200850112] [remote 10.0.0.31:58196] 2026-06-16 23:13:29.296 9 ERROR keystone.server.flask.application
File "/var/lib/openstack/lib/python3.12/site-packages/oslo_utils/excutils.py", line 232, in force_reraise
[Tue Jun 16 23:13:29.318150 2026] [wsgi:error] [pid 9:tid 139926200850112] [remote 10.0.0.31:58196] 2026-06-16 23:13:29.296 9 ERROR keystone.server.flask.application raise self.value
[Tue Jun 16 23:13:29.318151 2026] [wsgi:error] [pid 9:tid 139926200850112] [remote 10.0.0.31:58196] 2026-06-16 23:13:29.296 9 ERROR keystone.server.flask.application
File "/var/lib/openstack/lib/python3.12/site-packages/oslo_db/sqlalchemy/enginefacade.py", line 835, in _session
[Tue Jun 16 23:13:29.318153 2026] [wsgi:error] [pid 9:tid 139926200850112] [remote 10.0.0.31:58196] 2026-06-16 23:13:29.296 9 ERROR keystone.server.flask.application self._end_session_transaction(self.session)
[Tue Jun 16 23:13:29.318155 2026] [wsgi:error] [pid 9:tid 139926200850112] [remote 10.0.0.31:58196] 2026-06-16 23:13:29.296 9 ERROR keystone.server.flask.application
File "/var/lib/openstack/lib/python3.12/site-packages/oslo_db/sqlalchemy/enginefacade.py", line 748, in _end_session_transaction
[Tue Jun 16 23:13:29.318156 2026] [wsgi:error] [pid 9:tid 139926200850112] [remote 10.0.0.31:58196] 2026-06-16 23:13:29.296 9 ERROR keystone.server.flask.application session.commit()
[Tue Jun 16 23:13:29.318172 2026] [wsgi:error] [pid 9:tid 139926200850112] [remote 10.0.0.31:58196] 2026-06-16 23:13:29.296 9 ERROR keystone.server.flask.application
File "/var/lib/openstack/lib/python3.12/site-packages/sqlalchemy/orm/session.py", line 2034, in commit
[Tue Jun 16 23:13:29.318175 2026] [wsgi:error] [pid 9:tid 139926200850112] [remote 10.0.0.31:58196] 2026-06-16 23:13:29.296 9 ERROR keystone.server.flask.application trans.commit(_to_root=True)
[Tue Jun 16 23:13:29.318177 2026] [wsgi:error] [pid 9:tid 139926200850112] [remote 10.0.0.31:58196] 2026-06-16 23:13:29.296 9 ERROR keystone.server.flask.application File "", line 2, in commit
[Tue Jun 16 23:13:29.318179 2026] [wsgi:error] [pid 9:tid 139926200850112] [remote 10.0.0.31:58196] 2026-06-16 23:13:29.296 9 ERROR keystone.server.flask.application
File "/var/lib/openstack/lib/python3.12/site-packages/sqlalchemy/orm/state_changes.py", line 137, in _go
[Tue Jun 16 23:13:29.318182 2026] [wsgi:error] [pid 9:tid 139926200850112] [remote 10.0.0.31:58196] 2026-06-16 23:13:29.296 9 ERROR keystone.server.flask.application ret_value = fn(self, *arg, **kw)
[Tue Jun 16 23:13:29.318185 2026] [wsgi:error] [pid 9:tid 139926200850112] [remote 10.0.0.31:58196] 2026-06-16 23:13:29.296 9 ERROR keystone.server.flask.application ^^^^^^^^^^^^^^^^^^^^
[Tue Jun 16 23:13:29.318187 2026] [wsgi:error] [pid 9:tid 139926200850112] [remote 10.0.0.31:58196] 2026-06-16 23:13:29.296 9 ERROR keystone.server.flask.application
File "/var/lib/openstack/lib/python3.12/site-packages/sqlalchemy/orm/session.py", line 1315, in commit
[Tue Jun 16 23:13:29.318189 2026] [wsgi:error] [pid 9:tid 139926200850112] [remote 10.0.0.31:58196] 2026-06-16 23:13:29.296 9 ERROR keystone.server.flask.application self._prepare_impl()
[Tue Jun 16 23:13:29.318191 2026] [wsgi:error] [pid 9:tid 139926200850112] [remote 10.0.0.31:58196] 2026-06-16 23:13:29.296 9 ERROR keystone.server.flask.application File "", line 2, in _prepare_impl
[Tue Jun 16 23:13:29.318224 2026] [wsgi:error] [pid 9:tid 139926200850112] [remote 10.0.0.31:58196] 2026-06-16 23:13:29.296 9 ERROR keystone.server.flask.application
File "/var/lib/openstack/lib/python3.12/site-packages/sqlalchemy/orm/state_changes.py", line 137, in _go
[Tue Jun 16 23:13:29.318226 2026] [wsgi:error] [pid 9:tid 139926200850112] [remote 10.0.0.31:58196] 2026-06-16 23:13:29.296 9 ERROR keystone.server.flask.application ret_value = fn(self, *arg, **kw)
[Tue Jun 16 23:13:29.318227 2026] [wsgi:error] [pid 9:tid 139926200850112] [remote 10.0.0.31:58196] 2026-06-16 23:13:29.296 9 ERROR keystone.server.flask.application ^^^^^^^^^^^^^^^^^^^^
[Tue Jun 16 23:13:29.318229 2026] [wsgi:error] [pid 9:tid 139926200850112] [remote 10.0.0.31:58196] 2026-06-16 23:13:29.296 9 ERROR keystone.server.flask.application
File "/var/lib/openstack/lib/python3.12/site-packages/sqlalchemy/orm/session.py", line 1290, in _prepare_impl
[Tue Jun 16 23:13:29.318231 2026] [wsgi:error] [pid 9:tid 139926200850112] [remote 10.0.0.31:58196] 2026-06-16 23:13:29.296 9 ERROR keystone.server.flask.application self.session.flush()
[Tue Jun 16 23:13:29.318232 2026] [wsgi:error] [pid 9:tid 139926200850112] [remote 10.0.0.31:58196] 2026-06-16 23:13:29.296 9 ERROR keystone.server.flask.application
File "/var/lib/openstack/lib/python3.12/site-packages/sqlalchemy/orm/session.py", line 4352, in flush
[Tue Jun 16 23:13:29.318234 2026] [wsgi:error] [pid 9:tid 139926200850112] [remote 10.0.0.31:58196] 2026-06-16 23:13:29.296 9 ERROR keystone.server.flask.application self._flush(objects)
[Tue Jun 16 23:13:29.318235 2026] [wsgi:error] [pid 9:tid 139926200850112] [remote 10.0.0.31:58196] 2026-06-16 23:13:29.296 9 ERROR keystone.server.flask.application
File "/var/lib/openstack/lib/python3.12/site-packages/sqlalchemy/orm/session.py", line 4487, in _flush
[Tue Jun 16 23:13:29.318237 2026] [wsgi:error] [pid 9:tid 139926200850112] [remote 10.0.0.31:58196] 2026-06-16 23:13:29.296 9 ERROR keystone.server.flask.application with util.safe_reraise():
[Tue Jun 16 23:13:29.318238 2026] [wsgi:error] [pid 9:tid 139926200850112] [remote 10.0.0.31:58196] 2026-06-16 23:13:29.296 9 ERROR keystone.server.flask.application
File "/var/lib/openstack/lib/python3.12/site-packages/sqlalchemy/util/langhelpers.py", line 122, in __exit__
[Tue Jun 16 23:13:29.318240 2026] [wsgi:error] [pid 9:tid 139926200850112] [remote 10.0.0.31:58196] 2026-06-16 23:13:29.296 9 ERROR keystone.server.flask.application raise exc_value.with_traceback(exc_tb)
[Tue Jun 16 23:13:29.318242 2026] [wsgi:error] [pid 9:tid 139926200850112] [remote 10.0.0.31:58196] 2026-06-16 23:13:29.296 9 ERROR keystone.server.flask.application
File "/var/lib/openstack/lib/python3.12/site-packages/sqlalchemy/orm/session.py", line 4448, in _flush
[Tue Jun 16 23:13:29.318244 2026] [wsgi:error] [pid 9:tid 139926200850112] [remote 10.0.0.31:58196] 2026-06-16 23:13:29.296 9 ERROR keystone.server.flask.application flush_context.execute()
[Tue Jun 16 23:13:29.318247 2026] [wsgi:error] [pid 9:tid 139926200850112] [remote 10.0.0.31:58196] 2026-06-16 23:13:29.296 9 ERROR keystone.server.flask.application
File "/var/lib/openstack/lib/python3.12/site-packages/sqlalchemy/orm/unitofwork.py", line 465, in execute
[Tue Jun 16 23:13:29.318249 2026] [wsgi:error] [pid 9:tid 139926200850112] [remote 10.0.0.31:58196] 2026-06-16 23:13:29.296 9 ERROR keystone.server.flask.application rec.execute(self)
