2026-06-22 03:01:19.522 8 INFO placement.requestlog [req-785ac97e-25ae-4229-a08f-462924c70a0c req-6d9ba672-3804-4228-90bd-eef5afa42a5f 5343a699cde5416190de6dd3feef649a a07b64586c2e444fb76c679543faec05 - - d5f287be118a4de3998f7755fc2fc464 d5f287be118a4de3998f7755fc2fc464] 199.204.45.216 "GET /resource_providers/46d7b02d-294a-421d-b715-5d34e4b05663/allocations" status: 200 len: 54 microversion: 1.0 [pid: 8|app: 0|req: 293/583] 199.204.45.216 () {32 vars in 857 bytes} [Mon Jun 22 03:01:19 2026] GET /resource_providers/46d7b02d-294a-421d-b715-5d34e4b05663/allocations => generated 54 bytes in 23 msecs (HTTP/1.1 200) 6 headers in 223 bytes (1 switches on core 0)
2026-06-22 03:01:20.242 7 INFO placement.requestlog [None req-04a30731-052b-4ce5-be39-3fa56b7963dd - - - - - -] 10.0.0.86 "GET /" status: 200 len: 136 microversion: 1.0
2026-06-22 03:01:20.243 8 INFO placement.requestlog [None req-a31d4c5b-abbd-47ef-9aa8-7c28b951ce38 - - - - - -] 10.0.0.86 "GET /" status: 200 len: 136 microversion: 1.0
2026-06-22 03:01:30.242 8 INFO placement.requestlog [None req-77de1964-4f56-436b-8bb1-3ed14d8e8004 - - - - - -] 10.0.0.86 "GET /" status: 200 len: 136 microversion: 1.0
2026-06-22 03:01:30.243 7 INFO placement.requestlog [None req-486c5730-7e2f-43c2-a0e4-e1aed703ba52 - - - - - -] 10.0.0.86 "GET /" status: 200 len: 136 microversion: 1.0
2026-06-22 03:01:40.242 8 INFO placement.requestlog [None req-4fc6de5e-8cb0-4d37-8fb5-75743873f2cf - - - - - -] 10.0.0.86 "GET /" status: 200 len: 136 microversion: 1.0
2026-06-22 03:01:40.243 7 INFO placement.requestlog [None req-2eb77bad-f71f-4afb-a535-670d58abd9d4 - - - - - -] 10.0.0.86 "GET /" status: 200 len: 136 microversion: 1.0
2026-06-22 03:01:50.243 8 INFO placement.requestlog [None req-3adf22d2-89ac-4d49-9dbd-f43a48dd2498 - - - - - -] 10.0.0.86 "GET /" status: 200 len: 136 microversion: 1.0
2026-06-22 03:01:50.243 7 INFO placement.requestlog [None req-b23787fa-828d-4c9b-8828-1a173c4ae796 - - - - - -] 10.0.0.86 "GET /" status: 200 len: 136 microversion: 1.0
2026-06-22 03:02:00.243 8 INFO placement.requestlog [None req-66f2a1e5-0182-4760-88a8-9c67e6502de7 - - - - - -] 10.0.0.86 "GET /" status: 200 len: 136 microversion: 1.0
2026-06-22 03:02:00.246 7 INFO placement.requestlog [None req-8c4beaca-b8f8-4d23-8b0f-9a8aeff2503c - - - - - -] 10.0.0.86 "GET /" status: 200 len: 136 microversion: 1.0
2026-06-22 03:02:10.243 7 INFO placement.requestlog [None req-73b05aa9-4e1e-4180-bc6e-71f013cdcdd6 - - - - - -] 10.0.0.86 "GET /" status: 200 len: 136 microversion: 1.0
2026-06-22 03:02:10.243 8 INFO placement.requestlog [None req-5d9fb2cc-039b-4386-9374-fcdb4bb059b0 - - - - - -] 10.0.0.86 "GET /" status: 200 len: 136 microversion: 1.0
2026-06-22 03:02:20.243 8 INFO placement.requestlog [None req-f9c9867d-d1da-4bfb-b84f-1d9404069a17 - - - - - -] 10.0.0.86 "GET /" status: 200 len: 136 microversion: 1.0
2026-06-22 03:02:20.244 7 INFO placement.requestlog [None req-b6607973-01a9-48e2-bac2-9b19d1ee01a8 - - - - - -] 10.0.0.86 "GET /" status: 200 len: 136 microversion: 1.0
2026-06-22 03:02:21.654 8 INFO placement.requestlog [req-92967e65-ceb1-44e8-ad80-e34a0e62c467 req-06f23c64-7b0b-4eb8-8b57-33e1f5177d7a 5343a699cde5416190de6dd3feef649a a07b64586c2e444fb76c679543faec05 - - d5f287be118a4de3998f7755fc2fc464 d5f287be118a4de3998f7755fc2fc464] 199.204.45.216 "GET /resource_providers/46d7b02d-294a-421d-b715-5d34e4b05663/allocations" status: 200 len: 54 microversion: 1.0 [pid: 8|app: 0|req: 301/598] 199.204.45.216 () {32 vars in 857 bytes} [Mon Jun 22 03:02:21 2026] GET /resource_providers/46d7b02d-294a-421d-b715-5d34e4b05663/allocations => generated 54 bytes in 19 msecs (HTTP/1.1 200) 6 headers in 223 bytes (1 switches on core 0)
2026-06-22 03:02:21.682 7 INFO placement.requestlog [req-92967e65-ceb1-44e8-ad80-e34a0e62c467 req-d49002e5-91af-414f-b3cf-6a19ac3a98f6 5343a699cde5416190de6dd3feef649a a07b64586c2e444fb76c679543faec05 - - d5f287be118a4de3998f7755fc2fc464 d5f287be118a4de3998f7755fc2fc464] 199.204.45.216 "GET /resource_providers/46d7b02d-294a-421d-b715-5d34e4b05663/allocations" status: 200 len: 54 microversion: 1.0 [pid: 7|app: 0|req: 298/599] 199.204.45.216 () {32 vars in 857 bytes} [Mon Jun 22 03:02:21 2026] GET /resource_providers/46d7b02d-294a-421d-b715-5d34e4b05663/allocations => generated 54 bytes in 20 msecs (HTTP/1.1 200) 6 headers in 223 bytes (1 switches on core 0)
2026-06-22 03:02:30.242 8 INFO placement.requestlog [None req-a89473ce-3b1f-4143-93b3-8305b63998ac - - - - - -] 10.0.0.86 "GET /" status: 200 len: 136 microversion: 1.0
2026-06-22 03:02:30.243 7 INFO placement.requestlog [None req-21207888-8086-435d-95ab-257a8470f277 - - - - - -] 10.0.0.86 "GET /" status: 200 len: 136 microversion: 1.0
2026-06-22 03:02:40.243 8 INFO placement.requestlog [None req-fb88c330-e952-43a8-9a74-62008300e65e - - - - - -] 10.0.0.86 "GET /" status: 200 len: 136 microversion: 1.0
2026-06-22 03:02:40.244 7 INFO placement.requestlog [None req-b7d9d67a-e8f5-4160-b491-c64c1ab82739 - - - - - -] 10.0.0.86 "GET /" status: 200 len: 136 microversion: 1.0
2026-06-22 03:02:41.324 8 INFO placement.requestlog [req-d36b6596-c667-487b-8e61-2e7d29652c5e req-78b11101-086e-41d9-b1ad-f859e61a3899 5343a699cde5416190de6dd3feef649a a07b64586c2e444fb76c679543faec05 - - d5f287be118a4de3998f7755fc2fc464 d5f287be118a4de3998f7755fc2fc464] 10.0.0.69 "GET /allocation_candidates?limit=1000&resources=MEMORY_MB%3A512%2CVCPU%3A1&root_required=%21COMPUTE_STATUS_DISABLED" status: 200 len: 2203 microversion: 1.36 [pid: 8|app: 0|req: 304/604] 10.0.0.69 () {34 vars in 983 bytes} [Mon Jun 22 03:02:41 2026] GET /allocation_candidates?limit=1000&resources=MEMORY_MB%3A512%2CVCPU%3A1&root_required=%21COMPUTE_STATUS_DISABLED => generated 2203 bytes in 280 msecs (HTTP/1.1 200) 8 headers in 297 bytes (1 switches on core 0)
2026-06-22 03:02:41.368 7 INFO placement.requestlog [req-d36b6596-c667-487b-8e61-2e7d29652c5e req-269b0c04-ee6e-4f51-8836-4a22f99bdc91 5343a699cde5416190de6dd3feef649a a07b64586c2e444fb76c679543faec05 - - d5f287be118a4de3998f7755fc2fc464 d5f287be118a4de3998f7755fc2fc464] 10.0.0.69 "GET /allocations/6313a5b9-fa9f-4070-a05f-b2d831fd1503" status: 200 len: 19 microversion: 1.28 [pid: 7|app: 0|req: 301/605] 10.0.0.69 () {34 vars in 860 bytes} [Mon Jun 22 03:02:41 2026] GET /allocations/6313a5b9-fa9f-4070-a05f-b2d831fd1503 => generated 19 bytes in 14 msecs (HTTP/1.1 200) 8 headers in 295 bytes (1 switches on core 0)
2026-06-22 03:02:41.489 8 INFO placement.requestlog [req-d36b6596-c667-487b-8e61-2e7d29652c5e req-ccc9c77b-5aec-47d3-ad1e-c38cce61c9d0 5343a699cde5416190de6dd3feef649a a07b64586c2e444fb76c679543faec05 - - d5f287be118a4de3998f7755fc2fc464 d5f287be118a4de3998f7755fc2fc464] 10.0.0.69 "PUT /allocations/6313a5b9-fa9f-4070-a05f-b2d831fd1503" status: 204 len: 0 microversion: 1.36 [pid: 8|app: 0|req: 305/606] 10.0.0.69 () {38 vars in 913 bytes} [Mon Jun 22 03:02:41 2026] PUT /allocations/6313a5b9-fa9f-4070-a05f-b2d831fd1503 => generated 0 bytes in 115 msecs (HTTP/1.1 204) 5 headers in 199 bytes (1 switches on core 0)
2026-06-22 03:02:42.150 7 INFO placement.requestlog [None req-50981c40-9ee2-465f-b48b-b13b989ea7d4 ddad650685dd43b9aa0a072a6ceb1eca a07b64586c2e444fb76c679543faec05 - - d5f287be118a4de3998f7755fc2fc464 d5f287be118a4de3998f7755fc2fc464] 10.0.0.16 "GET /resource_providers/6981a3a5-e894-4391-9ee5-378da26eec84/aggregates" status: 404 len: 235 microversion: 1.1 [pid: 7|app: 0|req: 302/607] 10.0.0.16 () {32 vars in 824 bytes} [Mon Jun 22 03:02:41 2026] GET /resource_providers/6981a3a5-e894-4391-9ee5-378da26eec84/aggregates => generated 235 bytes in 265 msecs (HTTP/1.1 404) 5 headers in 202 bytes (1 switches on core 0)
2026-06-22 03:02:42.157 8 INFO placement.requestlog [None req-329cb4a4-08eb-481c-ae95-e2994f7b3100 ddad650685dd43b9aa0a072a6ceb1eca a07b64586c2e444fb76c679543faec05 - - d5f287be118a4de3998f7755fc2fc464 d5f287be118a4de3998f7755fc2fc464] 10.0.0.16 "GET /resource_providers/6981a3a5-e894-4391-9ee5-378da26eec84/aggregates" status: 404 len: 235 microversion: 1.1 [pid: 8|app: 0|req: 306/608] 10.0.0.16 () {32 vars in 824 bytes} [Mon Jun 22 03:02:41 2026] GET /resource_providers/6981a3a5-e894-4391-9ee5-378da26eec84/aggregates => generated 235 bytes in 271 msecs (HTTP/1.1 404) 5 headers in 202 bytes (1 switches on core 0)
2026-06-22 03:02:42.167 8 INFO placement.requestlog [None req-23b51bd2-45c4-45cc-bfdd-b8bc26919e1a ddad650685dd43b9aa0a072a6ceb1eca a07b64586c2e444fb76c679543faec05 - - d5f287be118a4de3998f7755fc2fc464 d5f287be118a4de3998f7755fc2fc464] 10.0.0.16 "DELETE /resource_providers/6981a3a5-e894-4391-9ee5-378da26eec84" status: 404 len: 246 microversion: 1.1 [pid: 8|app: 0|req: 307/609] 10.0.0.16 () {34 vars in 824 bytes} [Mon Jun 22 03:02:42 2026] DELETE /resource_providers/6981a3a5-e894-4391-9ee5-378da26eec84 => generated 246 bytes in 9 msecs (HTTP/1.1 404) 6 headers in 231 bytes (1 switches on core 0)
2026-06-22 03:02:42.172 7 INFO placement.requestlog [req-d36b6596-c667-487b-8e61-2e7d29652c5e req-451f02af-2ebd-49f7-b9b7-c8ef50e2847c 5343a699cde5416190de6dd3feef649a a07b64586c2e444fb76c679543faec05 - - d5f287be118a4de3998f7755fc2fc464 d5f287be118a4de3998f7755fc2fc464] 199.204.45.216 "GET /allocations/6313a5b9-fa9f-4070-a05f-b2d831fd1503" status: 200 len: 243 microversion: 1.28 [pid: 7|app: 0|req: 303/610] 199.204.45.216 () {34 vars in 863 bytes} [Mon Jun 22 03:02:42 2026] GET /allocations/6313a5b9-fa9f-4070-a05f-b2d831fd1503 => generated 243 bytes in 22 msecs (HTTP/1.1 200) 8 headers in 296 bytes (1 switches on core 0)
2026-06-22 03:02:42.184 8 INFO placement.requestlog [None req-ed2468ad-989d-4523-91e3-fcdcb5ec3bde ddad650685dd43b9aa0a072a6ceb1eca a07b64586c2e444fb76c679543faec05 - - d5f287be118a4de3998f7755fc2fc464 d5f287be118a4de3998f7755fc2fc464] 10.0.0.16 "DELETE /resource_providers/6981a3a5-e894-4391-9ee5-378da26eec84" status: 404 len: 246 microversion: 1.1 [pid: 8|app: 0|req: 308/611] 10.0.0.16 () {34 vars in 824 bytes} [Mon Jun 22 03:02:42 2026] DELETE /resource_providers/6981a3a5-e894-4391-9ee5-378da26eec84 => generated 246 bytes in 17 msecs (HTTP/1.1 404) 6 headers in 231 bytes (1 switches on core 0)
2026-06-22 03:02:42.336 7 INFO placement.requestlog [req-d36b6596-c667-487b-8e61-2e7d29652c5e req-d777121b-3fde-4f3d-9bde-b9aba987d7aa 5343a699cde5416190de6dd3feef649a a07b64586c2e444fb76c679543faec05 - - d5f287be118a4de3998f7755fc2fc464 d5f287be118a4de3998f7755fc2fc464] 199.204.45.216 "GET /resource_providers/46d7b02d-294a-421d-b715-5d34e4b05663/allocations" status: 200 len: 138 microversion: 1.0 [pid: 7|app: 0|req: 304/612] 199.204.45.216 () {32 vars in 857 bytes} [Mon Jun 22 03:02:42 2026] GET /resource_providers/46d7b02d-294a-421d-b715-5d34e4b05663/allocations => generated 138 bytes in 27 msecs (HTTP/1.1 200) 6 headers in 224 bytes (1 switches on core 0)
2026-06-22 03:02:42.365 8 INFO placement.requestlog [req-d36b6596-c667-487b-8e61-2e7d29652c5e req-4a578046-a83c-46bd-a81c-c38dd48473bd 5343a699cde5416190de6dd3feef649a a07b64586c2e444fb76c679543faec05 - - d5f287be118a4de3998f7755fc2fc464 d5f287be118a4de3998f7755fc2fc464] 199.204.45.216 "GET /allocations/6313a5b9-fa9f-4070-a05f-b2d831fd1503" status: 200 len: 243 microversion: 1.28 [pid: 8|app: 0|req: 309/613] 199.204.45.216 () {34 vars in 863 bytes} [Mon Jun 22 03:02:42 2026] GET /allocations/6313a5b9-fa9f-4070-a05f-b2d831fd1503 => generated 243 bytes in 19 msecs (HTTP/1.1 200) 8 headers in 296 bytes (1 switches on core 0)
2026-06-22 03:02:44.186 7 INFO placement.requestlog [None req-b2d1ec7e-e67e-45da-9e33-3561d7671921 ddad650685dd43b9aa0a072a6ceb1eca a07b64586c2e444fb76c679543faec05 - - d5f287be118a4de3998f7755fc2fc464 d5f287be118a4de3998f7755fc2fc464] 10.0.0.16 "GET /resource_providers/ef7c71d4-86aa-4f65-8fc5-f85502da449a/aggregates" status: 404 len: 235 microversion: 1.1 [pid: 7|app: 0|req: 305/614] 10.0.0.16 () {32 vars in 824 bytes} [Mon Jun 22 03:02:44 2026] GET /resource_providers/ef7c71d4-86aa-4f65-8fc5-f85502da449a/aggregates => generated 235 bytes in 12 msecs (HTTP/1.1 404) 5 headers in 202 bytes (1 switches on core 0)
2026-06-22 03:02:44.200 8 INFO placement.requestlog [None req-e4bd9d0a-9c3f-45a3-9dcc-bdafde5f32d1 ddad650685dd43b9aa0a072a6ceb1eca a07b64586c2e444fb76c679543faec05 - - d5f287be118a4de3998f7755fc2fc464 d5f287be118a4de3998f7755fc2fc464] 10.0.0.16 "GET /resource_providers/ef7c71d4-86aa-4f65-8fc5-f85502da449a/aggregates" status: 404 len: 235 microversion: 1.1 [pid: 8|app: 0|req: 310/615] 10.0.0.16 () {32 vars in 824 bytes} [Mon Jun 22 03:02:44 2026] GET /resource_providers/ef7c71d4-86aa-4f65-8fc5-f85502da449a/aggregates => generated 235 bytes in 8 msecs (HTTP/1.1 404) 5 headers in 202 bytes (1 switches on core 0)
2026-06-22 03:02:44.214 7 INFO placement.requestlog [None req-b1b6070e-a3a7-4591-88b3-b708802c7516 ddad650685dd43b9aa0a072a6ceb1eca a07b64586c2e444fb76c679543faec05 - - d5f287be118a4de3998f7755fc2fc464 d5f287be118a4de3998f7755fc2fc464] 10.0.0.16 "DELETE /resource_providers/ef7c71d4-86aa-4f65-8fc5-f85502da449a" status: 404 len: 246 microversion: 1.1 [pid: 7|app: 0|req: 306/616] 10.0.0.16 () {34 vars in 824 bytes} [Mon Jun 22 03:02:44 2026] DELETE /resource_providers/ef7c71d4-86aa-4f65-8fc5-f85502da449a => generated 246 bytes in 16 msecs (HTTP/1.1 404) 6 headers in 231 bytes (1 switches on core 0)
2026-06-22 03:02:44.220 8 INFO placement.requestlog [None req-c5603f21-e2a5-4450-980d-e2f6dd12540b ddad650685dd43b9aa0a072a6ceb1eca a07b64586c2e444fb76c679543faec05 - - d5f287be118a4de3998f7755fc2fc464 d5f287be118a4de3998f7755fc2fc464] 10.0.0.16 "DELETE /resource_providers/ef7c71d4-86aa-4f65-8fc5-f85502da449a" status: 404 len: 246 microversion: 1.1 [pid: 8|app: 0|req: 311/617] 10.0.0.16 () {34 vars in 824 bytes} [Mon Jun 22 03:02:44 2026] DELETE /resource_providers/ef7c71d4-86aa-4f65-8fc5-f85502da449a => generated 246 bytes in 11 msecs (HTTP/1.1 404) 6 headers in 231 bytes (1 switches on core 0)
2026-06-22 03:02:50.242 8 INFO placement.requestlog [None req-99f5fea0-c834-41a6-a8e9-d7ddcb90aab1 - - - - - -] 10.0.0.86 "GET /" status: 200 len: 136 microversion: 1.0
2026-06-22 03:02:50.242 7 INFO placement.requestlog [None req-9cb7c83b-1432-4b76-ab6d-41005f881079 - - - - - -] 10.0.0.86 "GET /" status: 200 len: 136 microversion: 1.0
2026-06-22 03:02:56.700 8 INFO placement.requestlog [req-3341b36d-429c-495b-8a66-27947ad56387 req-8f2a5472-0ac2-419f-8129-55a2cb8d1b0b 5343a699cde5416190de6dd3feef649a a07b64586c2e444fb76c679543faec05 - - d5f287be118a4de3998f7755fc2fc464 d5f287be118a4de3998f7755fc2fc464] 199.204.45.216 "GET /resource_providers/46d7b02d-294a-421d-b715-5d34e4b05663/allocations" status: 200 len: 138 microversion: 1.0 [pid: 8|app: 0|req: 313/620] 199.204.45.216 () {32 vars in 857 bytes} [Mon Jun 22 03:02:56 2026] GET /resource_providers/46d7b02d-294a-421d-b715-5d34e4b05663/allocations => generated 138 bytes in 22 msecs (HTTP/1.1 200) 6 headers in 224 bytes (1 switches on core 0)
2026-06-22 03:02:56.746 7 INFO placement.requestlog [req-3341b36d-429c-495b-8a66-27947ad56387 req-a0fcbf5d-6601-4968-9218-c37c2005e187 5343a699cde5416190de6dd3feef649a a07b64586c2e444fb76c679543faec05 - - d5f287be118a4de3998f7755fc2fc464 d5f287be118a4de3998f7755fc2fc464] 199.204.45.216 "GET /allocations/6313a5b9-fa9f-4070-a05f-b2d831fd1503" status: 200 len: 243 microversion: 1.28 [pid: 7|app: 0|req: 308/621] 199.204.45.216 () {34 vars in 863 bytes} [Mon Jun 22 03:02:56 2026] GET /allocations/6313a5b9-fa9f-4070-a05f-b2d831fd1503 => generated 243 bytes in 35 msecs (HTTP/1.1 200) 8 headers in 296 bytes (1 switches on core 0)
2026-06-22 03:02:56.838 8 INFO placement.requestlog [req-3341b36d-429c-495b-8a66-27947ad56387 req-2958f58c-ecb7-4690-b186-0c010c1a9150 5343a699cde5416190de6dd3feef649a a07b64586c2e444fb76c679543faec05 - - d5f287be118a4de3998f7755fc2fc464 d5f287be118a4de3998f7755fc2fc464] 199.204.45.216 "DELETE /allocations/6313a5b9-fa9f-4070-a05f-b2d831fd1503" status: 204 len: 0 microversion: 1.0 [pid: 8|app: 0|req: 314/622] 199.204.45.216 () {34 vars in 841 bytes} [Mon Jun 22 03:02:56 2026] DELETE /allocations/6313a5b9-fa9f-4070-a05f-b2d831fd1503 => generated 0 bytes in 29 msecs (HTTP/1.1 204) 5 headers in 198 bytes (1 switches on core 0)
2026-06-22 03:02:57.293 7 INFO placement.requestlog [req-ab2eaa94-c5b3-4014-85c8-86544d2d6436 req-17668daa-0fe2-40a9-b254-3f1a62e30bd6 5343a699cde5416190de6dd3feef649a a07b64586c2e444fb76c679543faec05 - - d5f287be118a4de3998f7755fc2fc464 d5f287be118a4de3998f7755fc2fc464] 10.0.0.69 "GET /allocation_candidates?limit=1000&resources=DISK_GB%3A1%2CMEMORY_MB%3A512%2CVCPU%3A1&root_required=%21COMPUTE_STATUS_DISABLED" status: 200 len: 2217 microversion: 1.36 [pid: 7|app: 0|req: 309/623] 10.0.0.69 () {34 vars in 1011 bytes} [Mon Jun 22 03:02:57 2026] GET /allocation_candidates?limit=1000&resources=DISK_GB%3A1%2CMEMORY_MB%3A512%2CVCPU%3A1&root_required=%21COMPUTE_STATUS_DISABLED => generated 2217 bytes in 56 msecs (HTTP/1.1 200) 8 headers in 297 bytes (1 switches on core 0)
2026-06-22 03:02:57.345 8 INFO placement.requestlog [req-ab2eaa94-c5b3-4014-85c8-86544d2d6436 req-7fa66c03-ed9d-46df-8316-79d3d6f33808 5343a699cde5416190de6dd3feef649a a07b64586c2e444fb76c679543faec05 - - d5f287be118a4de3998f7755fc2fc464 d5f287be118a4de3998f7755fc2fc464] 10.0.0.69 "GET /allocations/611f6025-1366-44d2-ba48-91b16dd9902b" status: 200 len: 19 microversion: 1.28 [pid: 8|app: 0|req: 315/624] 10.0.0.69 () {34 vars in 860 bytes} [Mon Jun 22 03:02:57 2026] GET /allocations/611f6025-1366-44d2-ba48-91b16dd9902b => generated 19 bytes in 15 msecs (HTTP/1.1 200) 8 headers in 295 bytes (1 switches on core 0)
2026-06-22 03:02:57.469 7 INFO placement.requestlog [req-ab2eaa94-c5b3-4014-85c8-86544d2d6436 req-0b86ab59-122e-4d52-8d76-ddacf515d5a8 5343a699cde5416190de6dd3feef649a a07b64586c2e444fb76c679543faec05 - - d5f287be118a4de3998f7755fc2fc464 d5f287be118a4de3998f7755fc2fc464] 10.0.0.69 "PUT /allocations/611f6025-1366-44d2-ba48-91b16dd9902b" status: 204 len: 0 microversion: 1.36 [pid: 7|app: 0|req: 310/625] 10.0.0.69 () {38 vars in 913 bytes} [Mon Jun 22 03:02:57 2026] PUT /allocations/611f6025-1366-44d2-ba48-91b16dd9902b => generated 0 bytes in 114 msecs (HTTP/1.1 204) 5 headers in 199 bytes (1 switches on core 0)
2026-06-22 03:02:57.776 8 INFO placement.requestlog [req-ab2eaa94-c5b3-4014-85c8-86544d2d6436 req-abc23502-3895-4430-a46f-ed06fc9d80fa 5343a699cde5416190de6dd3feef649a a07b64586c2e444fb76c679543faec05 - - d5f287be118a4de3998f7755fc2fc464 d5f287be118a4de3998f7755fc2fc464] 199.204.45.216 "GET /allocations/611f6025-1366-44d2-ba48-91b16dd9902b" status: 200 len: 257 microversion: 1.28 [pid: 8|app: 0|req: 316/626] 199.204.45.216 () {34 vars in 863 bytes} [Mon Jun 22 03:02:57 2026] GET /allocations/611f6025-1366-44d2-ba48-91b16dd9902b => generated 257 bytes in 21 msecs (HTTP/1.1 200) 8 headers in 296 bytes (1 switches on core 0)
2026-06-22 03:02:57.916 7 INFO placement.requestlog [req-ab2eaa94-c5b3-4014-85c8-86544d2d6436 req-bded7371-ca6e-4864-97c2-90fc8cdacd6d 5343a699cde5416190de6dd3feef649a a07b64586c2e444fb76c679543faec05 - - d5f287be118a4de3998f7755fc2fc464 d5f287be118a4de3998f7755fc2fc464] 199.204.45.216 "GET /resource_providers/46d7b02d-294a-421d-b715-5d34e4b05663/allocations" status: 200 len: 152 microversion: 1.0 [pid: 7|app: 0|req: 311/627] 199.204.45.216 () {32 vars in 857 bytes} [Mon Jun 22 03:02:57 2026] GET /resource_providers/46d7b02d-294a-421d-b715-5d34e4b05663/allocations => generated 152 bytes in 38 msecs (HTTP/1.1 200) 6 headers in 224 bytes (1 switches on core 0)
2026-06-22 03:02:57.937 8 INFO placement.requestlog [req-ab2eaa94-c5b3-4014-85c8-86544d2d6436 req-6cf4dbd3-f270-461a-9dc0-1dd2e30224c2 5343a699cde5416190de6dd3feef649a a07b64586c2e444fb76c679543faec05 - - d5f287be118a4de3998f7755fc2fc464 d5f287be118a4de3998f7755fc2fc464] 199.204.45.216 "GET /allocations/611f6025-1366-44d2-ba48-91b16dd9902b" status: 200 len: 257 microversion: 1.28 [pid: 8|app: 0|req: 317/628] 199.204.45.216 () {34 vars in 863 bytes} [Mon Jun 22 03:02:57 2026] GET /allocations/611f6025-1366-44d2-ba48-91b16dd9902b => generated 257 bytes in 14 msecs (HTTP/1.1 200) 8 headers in 296 bytes (1 switches on core 0)
2026-06-22 03:03:00.242 7 INFO placement.requestlog [None req-f802556c-25c6-4a8a-95d7-785b4858a20d - - - - - -] 10.0.0.86 "GET /" status: 200 len: 136 microversion: 1.0
2026-06-22 03:03:00.242 8 INFO placement.requestlog [None req-a0c733b9-6c7d-4b3d-a2f0-48594a99702f - - - - - -] 10.0.0.86 "GET /" status: 200 len: 136 microversion: 1.0
2026-06-22 03:03:02.107 7 INFO placement.requestlog [req-5f7319c1-be11-4ea6-8d1a-1f03bf4a15fd req-afd35b92-3110-4bde-8dc7-b90dd3660832 5343a699cde5416190de6dd3feef649a a07b64586c2e444fb76c679543faec05 - - d5f287be118a4de3998f7755fc2fc464 d5f287be118a4de3998f7755fc2fc464] 10.0.0.69 "GET /allocation_candidates?limit=1000&resources=DISK_GB%3A1%2CMEMORY_MB%3A512%2CVCPU%3A1&root_required=%21COMPUTE_STATUS_DISABLED" status: 200 len: 2219 microversion: 1.36 [pid: 7|app: 0|req: 313/631] 10.0.0.69 () {34 vars in 1011 bytes} [Mon Jun 22 03:03:02 2026] GET /allocation_candidates?limit=1000&resources=DISK_GB%3A1%2CMEMORY_MB%3A512%2CVCPU%3A1&root_required=%21COMPUTE_STATUS_DISABLED => generated 2219 bytes in 94 msecs (HTTP/1.1 200) 8 headers in 297 bytes (1 switches on core 0)
2026-06-22 03:03:02.152 8 INFO placement.requestlog [req-5f7319c1-be11-4ea6-8d1a-1f03bf4a15fd req-9356af5f-3731-4826-a41f-c428bb13a3f1 5343a699cde5416190de6dd3feef649a a07b64586c2e444fb76c679543faec05 - - d5f287be118a4de3998f7755fc2fc464 d5f287be118a4de3998f7755fc2fc464] 10.0.0.69 "GET /allocations/94c28ee2-b285-49b0-90fd-ff78294216df" status: 200 len: 19 microversion: 1.28 [pid: 8|app: 0|req: 319/632] 10.0.0.69 () {34 vars in 860 bytes} [Mon Jun 22 03:03:02 2026] GET /allocations/94c28ee2-b285-49b0-90fd-ff78294216df => generated 19 bytes in 12 msecs (HTTP/1.1 200) 8 headers in 295 bytes (1 switches on core 0)
2026-06-22 03:03:02.254 7 INFO placement.requestlog [req-5f7319c1-be11-4ea6-8d1a-1f03bf4a15fd req-56353bde-dcdf-49af-8139-f3f9f3185686 5343a699cde5416190de6dd3feef649a a07b64586c2e444fb76c679543faec05 - - d5f287be118a4de3998f7755fc2fc464 d5f287be118a4de3998f7755fc2fc464] 10.0.0.69 "PUT /allocations/94c28ee2-b285-49b0-90fd-ff78294216df" status: 204 len: 0 microversion: 1.36 [pid: 7|app: 0|req: 314/633] 10.0.0.69 () {38 vars in 913 bytes} [Mon Jun 22 03:03:02 2026] PUT /allocations/94c28ee2-b285-49b0-90fd-ff78294216df => generated 0 bytes in 93 msecs (HTTP/1.1 204) 5 headers in 199 bytes (1 switches on core 0)
2026-06-22 03:03:02.561 8 INFO placement.requestlog [req-5f7319c1-be11-4ea6-8d1a-1f03bf4a15fd req-e6da5a74-9f44-4bee-9436-2bac0cc20b07 5343a699cde5416190de6dd3feef649a a07b64586c2e444fb76c679543faec05 - - d5f287be118a4de3998f7755fc2fc464 d5f287be118a4de3998f7755fc2fc464] 199.204.45.216 "GET /allocations/94c28ee2-b285-49b0-90fd-ff78294216df" status: 200 len: 257 microversion: 1.28 [pid: 8|app: 0|req: 320/634] 199.204.45.216 () {34 vars in 863 bytes} [Mon Jun 22 03:03:02 2026] GET /allocations/94c28ee2-b285-49b0-90fd-ff78294216df => generated 257 bytes in 14 msecs (HTTP/1.1 200) 8 headers in 296 bytes (1 switches on core 0)
2026-06-22 03:03:02.683 7 INFO placement.requestlog [req-5f7319c1-be11-4ea6-8d1a-1f03bf4a15fd req-c9cb4276-d20f-481b-b0b7-01abdaee8f11 5343a699cde5416190de6dd3feef649a a07b64586c2e444fb76c679543faec05 - - d5f287be118a4de3998f7755fc2fc464 d5f287be118a4de3998f7755fc2fc464] 199.204.45.216 "GET /resource_providers/46d7b02d-294a-421d-b715-5d34e4b05663/allocations" status: 200 len: 252 microversion: 1.0 [pid: 7|app: 0|req: 315/635] 199.204.45.216 () {32 vars in 857 bytes} [Mon Jun 22 03:03:02 2026] GET /resource_providers/46d7b02d-294a-421d-b715-5d34e4b05663/allocations => generated 252 bytes in 24 msecs (HTTP/1.1 200) 6 headers in 224 bytes (1 switches on core 0)
2026-06-22 03:03:02.709 8 INFO placement.requestlog [req-5f7319c1-be11-4ea6-8d1a-1f03bf4a15fd req-e1e187d0-404c-4678-ae15-f48e5176b8e5 5343a699cde5416190de6dd3feef649a a07b64586c2e444fb76c679543faec05 - - d5f287be118a4de3998f7755fc2fc464 d5f287be118a4de3998f7755fc2fc464] 199.204.45.216 "GET /allocations/94c28ee2-b285-49b0-90fd-ff78294216df" status: 200 len: 257 microversion: 1.28 [pid: 8|app: 0|req: 321/636] 199.204.45.216 () {34 vars in 863 bytes} [Mon Jun 22 03:03:02 2026] GET /allocations/94c28ee2-b285-49b0-90fd-ff78294216df => generated 257 bytes in 18 msecs (HTTP/1.1 200) 8 headers in 296 bytes (1 switches on core 0)
2026-06-22 03:03:02.732 7 INFO placement.requestlog [req-5f7319c1-be11-4ea6-8d1a-1f03bf4a15fd req-e557c258-518c-498e-87cd-570da9ad8bf4 5343a699cde5416190de6dd3feef649a a07b64586c2e444fb76c679543faec05 - - d5f287be118a4de3998f7755fc2fc464 d5f287be118a4de3998f7755fc2fc464] 199.204.45.216 "GET /allocations/611f6025-1366-44d2-ba48-91b16dd9902b" status: 200 len: 257 microversion: 1.28 [pid: 7|app: 0|req: 316/637] 199.204.45.216 () {34 vars in 863 bytes} [Mon Jun 22 03:03:02 2026] GET /allocations/611f6025-1366-44d2-ba48-91b16dd9902b => generated 257 bytes in 15 msecs (HTTP/1.1 200) 8 headers in 296 bytes (1 switches on core 0)
2026-06-22 03:03:03.280 8 INFO placement.requestlog [None req-ed39c760-fa9b-43c6-8f8e-f6c43aa480e6 ddad650685dd43b9aa0a072a6ceb1eca a07b64586c2e444fb76c679543faec05 - - d5f287be118a4de3998f7755fc2fc464 d5f287be118a4de3998f7755fc2fc464] 10.0.0.16 "GET /resource_providers/3d9e311d-18c8-4165-87a6-cbe58d2ec3f1/aggregates" status: 404 len: 235 microversion: 1.1
2026-06-22 03:03:03.280 7 INFO placement.requestlog [None req-d4ab9288-0b7a-4c67-96a0-66f9b03b820e ddad650685dd43b9aa0a072a6ceb1eca a07b64586c2e444fb76c679543faec05 - - d5f287be118a4de3998f7755fc2fc464 d5f287be118a4de3998f7755fc2fc464] 10.0.0.16 "GET /resource_providers/3d9e311d-18c8-4165-87a6-cbe58d2ec3f1/aggregates" status: 404 len: 235 microversion: 1.1 [pid: 8|app: 0|req: 322/639] 10.0.0.16 () {32 vars in 824 bytes} [Mon Jun 22 03:03:03 2026] GET /resource_providers/3d9e311d-18c8-4165-87a6-cbe58d2ec3f1/aggregates => generated 235 bytes in 13 msecs (HTTP/1.1 404) 5 headers in 202 bytes (1 switches on core 0) [pid: 7|app: 0|req: 317/639] 10.0.0.16 () {32 vars in 824 bytes} [Mon Jun 22 03:03:03 2026] GET /resource_providers/3d9e311d-18c8-4165-87a6-cbe58d2ec3f1/aggregates => generated 235 bytes in 13 msecs (HTTP/1.1 404) 5 headers in 202 bytes (1 switches on core 0)
2026-06-22 03:03:03.305 7 INFO placement.requestlog [None req-76a8d662-1bdc-42e1-b562-c1d19065d038 ddad650685dd43b9aa0a072a6ceb1eca a07b64586c2e444fb76c679543faec05 - - d5f287be118a4de3998f7755fc2fc464 d5f287be118a4de3998f7755fc2fc464] 10.0.0.16 "DELETE /resource_providers/3d9e311d-18c8-4165-87a6-cbe58d2ec3f1" status: 404 len: 246 microversion: 1.1 [pid: 7|app: 0|req: 318/640] 10.0.0.16 () {34 vars in 824 bytes} [Mon Jun 22 03:03:03 2026] DELETE /resource_providers/3d9e311d-18c8-4165-87a6-cbe58d2ec3f1 => generated 246 bytes in 13 msecs (HTTP/1.1 404) 6 headers in 231 bytes (1 switches on core 0)
2026-06-22 03:03:03.306 8 INFO placement.requestlog [None req-d71f9e55-5cb3-4687-9a11-3a00477d555c ddad650685dd43b9aa0a072a6ceb1eca a07b64586c2e444fb76c679543faec05 - - d5f287be118a4de3998f7755fc2fc464 d5f287be118a4de3998f7755fc2fc464] 10.0.0.16 "DELETE /resource_providers/3d9e311d-18c8-4165-87a6-cbe58d2ec3f1" status: 404 len: 246 microversion: 1.1 [pid: 8|app: 0|req: 323/641] 10.0.0.16 () {34 vars in 824 bytes} [Mon Jun 22 03:03:03 2026] DELETE /resource_providers/3d9e311d-18c8-4165-87a6-cbe58d2ec3f1 => generated 246 bytes in 15 msecs (HTTP/1.1 404) 6 headers in 231 bytes (1 switches on core 0)
2026-06-22 03:03:07.559 7 INFO placement.requestlog [None req-cc6898c1-ed40-4d5a-9553-2b9e6bde1a41 ddad650685dd43b9aa0a072a6ceb1eca a07b64586c2e444fb76c679543faec05 - - d5f287be118a4de3998f7755fc2fc464 d5f287be118a4de3998f7755fc2fc464] 10.0.0.16 "GET /resource_providers/6d26c35d-ba78-4343-bc7e-0c3f387f4a45/aggregates" status: 404 len: 235 microversion: 1.1 [pid: 7|app: 0|req: 319/642] 10.0.0.16 () {32 vars in 824 bytes} [Mon Jun 22 03:03:07 2026] GET /resource_providers/6d26c35d-ba78-4343-bc7e-0c3f387f4a45/aggregates => generated 235 bytes in 178 msecs (HTTP/1.1 404) 5 headers in 202 bytes (1 switches on core 0)
2026-06-22 03:03:07.569 8 INFO placement.requestlog [None req-9048ea90-485c-4c84-a57e-fecddc1eb6e5 ddad650685dd43b9aa0a072a6ceb1eca a07b64586c2e444fb76c679543faec05 - - d5f287be118a4de3998f7755fc2fc464 d5f287be118a4de3998f7755fc2fc464] 10.0.0.16 "GET /resource_providers/6d26c35d-ba78-4343-bc7e-0c3f387f4a45/aggregates" status: 404 len: 235 microversion: 1.1 [pid: 8|app: 0|req: 324/643] 10.0.0.16 () {32 vars in 824 bytes} [Mon Jun 22 03:03:07 2026] GET /resource_providers/6d26c35d-ba78-4343-bc7e-0c3f387f4a45/aggregates => generated 235 bytes in 188 msecs (HTTP/1.1 404) 5 headers in 202 bytes (1 switches on core 0)
2026-06-22 03:03:07.578 7 INFO placement.requestlog [None req-fbccb5f3-03af-4423-87f4-3264998d30a9 ddad650685dd43b9aa0a072a6ceb1eca a07b64586c2e444fb76c679543faec05 - - d5f287be118a4de3998f7755fc2fc464 d5f287be118a4de3998f7755fc2fc464] 10.0.0.16 "DELETE /resource_providers/6d26c35d-ba78-4343-bc7e-0c3f387f4a45" status: 404 len: 246 microversion: 1.1 [pid: 7|app: 0|req: 320/644] 10.0.0.16 () {34 vars in 824 bytes} [Mon Jun 22 03:03:07 2026] DELETE /resource_providers/6d26c35d-ba78-4343-bc7e-0c3f387f4a45 => generated 246 bytes in 12 msecs (HTTP/1.1 404) 6 headers in 231 bytes (1 switches on core 0)
2026-06-22 03:03:07.588 8 INFO placement.requestlog [None req-7d65384c-2134-4805-83c3-d0f434e92829 ddad650685dd43b9aa0a072a6ceb1eca a07b64586c2e444fb76c679543faec05 - - d5f287be118a4de3998f7755fc2fc464 d5f287be118a4de3998f7755fc2fc464] 10.0.0.16 "DELETE /resource_providers/6d26c35d-ba78-4343-bc7e-0c3f387f4a45" status: 404 len: 246 microversion: 1.1 [pid: 8|app: 0|req: 325/645] 10.0.0.16 () {34 vars in 824 bytes} [Mon Jun 22 03:03:07 2026] DELETE /resource_providers/6d26c35d-ba78-4343-bc7e-0c3f387f4a45 => generated 246 bytes in 14 msecs (HTTP/1.1 404) 6 headers in 231 bytes (1 switches on core 0)
2026-06-22 03:03:09.597 7 INFO placement.requestlog [None req-a27911de-b34b-427f-9d61-27ef41c69ec7 ddad650685dd43b9aa0a072a6ceb1eca a07b64586c2e444fb76c679543faec05 - - d5f287be118a4de3998f7755fc2fc464 d5f287be118a4de3998f7755fc2fc464] 10.0.0.16 "GET /resource_providers/cbba660c-274b-4c4b-9c97-f5bf40a38958/aggregates" status: 404 len: 235 microversion: 1.1 [pid: 7|app: 0|req: 321/646] 10.0.0.16 () {32 vars in 824 bytes} [Mon Jun 22 03:03:09 2026] GET /resource_providers/cbba660c-274b-4c4b-9c97-f5bf40a38958/aggregates => generated 235 bytes in 11 msecs (HTTP/1.1 404) 5 headers in 202 bytes (1 switches on core 0)
2026-06-22 03:03:09.609 8 INFO placement.requestlog [None req-8b89af71-9400-4f1d-9ca3-433683acd6c4 ddad650685dd43b9aa0a072a6ceb1eca a07b64586c2e444fb76c679543faec05 - - d5f287be118a4de3998f7755fc2fc464 d5f287be118a4de3998f7755fc2fc464] 10.0.0.16 "GET /resource_providers/cbba660c-274b-4c4b-9c97-f5bf40a38958/aggregates" status: 404 len: 235 microversion: 1.1 [pid: 8|app: 0|req: 326/647] 10.0.0.16 () {32 vars in 824 bytes} [Mon Jun 22 03:03:09 2026] GET /resource_providers/cbba660c-274b-4c4b-9c97-f5bf40a38958/aggregates => generated 235 bytes in 13 msecs (HTTP/1.1 404) 5 headers in 202 bytes (1 switches on core 0)
2026-06-22 03:03:09.616 7 INFO placement.requestlog [None req-528847b8-a2d9-484f-9311-44893813808f ddad650685dd43b9aa0a072a6ceb1eca a07b64586c2e444fb76c679543faec05 - - d5f287be118a4de3998f7755fc2fc464 d5f287be118a4de3998f7755fc2fc464] 10.0.0.16 "DELETE /resource_providers/cbba660c-274b-4c4b-9c97-f5bf40a38958" status: 404 len: 246 microversion: 1.1 [pid: 7|app: 0|req: 322/648] 10.0.0.16 () {34 vars in 824 bytes} [Mon Jun 22 03:03:09 2026] DELETE /resource_providers/cbba660c-274b-4c4b-9c97-f5bf40a38958 => generated 246 bytes in 11 msecs (HTTP/1.1 404) 6 headers in 231 bytes (1 switches on core 0)
2026-06-22 03:03:09.628 8 INFO placement.requestlog [None req-406defa9-8c25-4315-8a94-19c18b3fe56e ddad650685dd43b9aa0a072a6ceb1eca a07b64586c2e444fb76c679543faec05 - - d5f287be118a4de3998f7755fc2fc464 d5f287be118a4de3998f7755fc2fc464] 10.0.0.16 "DELETE /resource_providers/cbba660c-274b-4c4b-9c97-f5bf40a38958" status: 404 len: 246 microversion: 1.1 [pid: 8|app: 0|req: 327/649] 10.0.0.16 () {34 vars in 824 bytes} [Mon Jun 22 03:03:09 2026] DELETE /resource_providers/cbba660c-274b-4c4b-9c97-f5bf40a38958 => generated 246 bytes in 11 msecs (HTTP/1.1 404) 6 headers in 231 bytes (1 switches on core 0)
2026-06-22 03:03:09.883 7 INFO placement.requestlog [req-eb9a0b5b-1602-4192-8b2d-c20bdf3e0575 req-42a2e19c-8068-449f-98bf-7f08a3fe6556 5343a699cde5416190de6dd3feef649a a07b64586c2e444fb76c679543faec05 - - d5f287be118a4de3998f7755fc2fc464 d5f287be118a4de3998f7755fc2fc464] 199.204.45.216 "GET /resource_providers/46d7b02d-294a-421d-b715-5d34e4b05663/allocations" status: 200 len: 252 microversion: 1.0 [pid: 7|app: 0|req: 323/650] 199.204.45.216 () {32 vars in 857 bytes} [Mon Jun 22 03:03:09 2026] GET /resource_providers/46d7b02d-294a-421d-b715-5d34e4b05663/allocations => generated 252 bytes in 28 msecs (HTTP/1.1 200) 6 headers in 224 bytes (1 switches on core 0)
2026-06-22 03:03:09.908 8 INFO placement.requestlog [req-eb9a0b5b-1602-4192-8b2d-c20bdf3e0575 req-1ea6a48c-bd78-4d66-b0fc-610b87f90b07 5343a699cde5416190de6dd3feef649a a07b64586c2e444fb76c679543faec05 - - d5f287be118a4de3998f7755fc2fc464 d5f287be118a4de3998f7755fc2fc464] 199.204.45.216 "GET /allocations/94c28ee2-b285-49b0-90fd-ff78294216df" status: 200 len: 257 microversion: 1.28 [pid: 8|app: 0|req: 328/651] 199.204.45.216 () {34 vars in 863 bytes} [Mon Jun 22 03:03:09 2026] GET /allocations/94c28ee2-b285-49b0-90fd-ff78294216df => generated 257 bytes in 18 msecs (HTTP/1.1 200) 8 headers in 296 bytes (1 switches on core 0)
2026-06-22 03:03:09.949 7 INFO placement.requestlog [req-eb9a0b5b-1602-4192-8b2d-c20bdf3e0575 req-d3b4ae48-20a6-4627-a0d2-2e623337efdc 5343a699cde5416190de6dd3feef649a a07b64586c2e444fb76c679543faec05 - - d5f287be118a4de3998f7755fc2fc464 d5f287be118a4de3998f7755fc2fc464] 199.204.45.216 "GET /allocations/611f6025-1366-44d2-ba48-91b16dd9902b" status: 200 len: 257 microversion: 1.28 [pid: 7|app: 0|req: 324/652] 199.204.45.216 () {34 vars in 863 bytes} [Mon Jun 22 03:03:09 2026] GET /allocations/611f6025-1366-44d2-ba48-91b16dd9902b => generated 257 bytes in 30 msecs (HTTP/1.1 200) 8 headers in 296 bytes (1 switches on core 0)
2026-06-22 03:03:10.050 8 INFO placement.requestlog [req-eb9a0b5b-1602-4192-8b2d-c20bdf3e0575 req-b99b22b0-5069-40dd-a1d5-eb698fe8dfb3 5343a699cde5416190de6dd3feef649a a07b64586c2e444fb76c679543faec05 - - d5f287be118a4de3998f7755fc2fc464 d5f287be118a4de3998f7755fc2fc464] 199.204.45.216 "DELETE /allocations/94c28ee2-b285-49b0-90fd-ff78294216df" status: 204 len: 0 microversion: 1.0 [pid: 8|app: 0|req: 329/653] 199.204.45.216 () {34 vars in 841 bytes} [Mon Jun 22 03:03:10 2026] DELETE /allocations/94c28ee2-b285-49b0-90fd-ff78294216df => generated 0 bytes in 32 msecs (HTTP/1.1 204) 5 headers in 198 bytes (1 switches on core 0)
2026-06-22 03:03:10.242 7 INFO placement.requestlog [None req-0a314830-abaf-42c6-821c-e8346bd663ca - - - - - -] 10.0.0.86 "GET /" status: 200 len: 136 microversion: 1.0
2026-06-22 03:03:10.243 8 INFO placement.requestlog [None req-8106e420-0b18-441e-924d-2b5249cd13e7 - - - - - -] 10.0.0.86 "GET /" status: 200 len: 136 microversion: 1.0
2026-06-22 03:03:16.029 7 INFO placement.requestlog [None req-56c410ae-447b-4a7f-b51d-df120a67694c ddad650685dd43b9aa0a072a6ceb1eca a07b64586c2e444fb76c679543faec05 - - d5f287be118a4de3998f7755fc2fc464 d5f287be118a4de3998f7755fc2fc464] 10.0.0.16 "GET /resource_providers/4f474510-28c6-4460-b4ad-0a4cf0024e94/aggregates" status: 404 len: 235 microversion: 1.1 [pid: 7|app: 0|req: 326/656] 10.0.0.16 () {32 vars in 824 bytes} [Mon Jun 22 03:03:16 2026] GET /resource_providers/4f474510-28c6-4460-b4ad-0a4cf0024e94/aggregates => generated 235 bytes in 10 msecs (HTTP/1.1 404) 5 headers in 202 bytes (1 switches on core 0)
2026-06-22 03:03:16.030 8 INFO placement.requestlog [None req-1573cd0c-ba2c-4520-8dd7-916f0cb24765 ddad650685dd43b9aa0a072a6ceb1eca a07b64586c2e444fb76c679543faec05 - - d5f287be118a4de3998f7755fc2fc464 d5f287be118a4de3998f7755fc2fc464] 10.0.0.16 "GET /resource_providers/4f474510-28c6-4460-b4ad-0a4cf0024e94/aggregates" status: 404 len: 235 microversion: 1.1 [pid: 8|app: 0|req: 331/657] 10.0.0.16 () {32 vars in 824 bytes} [Mon Jun 22 03:03:16 2026] GET /resource_providers/4f474510-28c6-4460-b4ad-0a4cf0024e94/aggregates => generated 235 bytes in 9 msecs (HTTP/1.1 404) 5 headers in 202 bytes (1 switches on core 0)
2026-06-22 03:03:16.052 7 INFO placement.requestlog [None req-66b95688-a46a-4172-9713-5d79db0e7bec ddad650685dd43b9aa0a072a6ceb1eca a07b64586c2e444fb76c679543faec05 - - d5f287be118a4de3998f7755fc2fc464 d5f287be118a4de3998f7755fc2fc464] 10.0.0.16 "DELETE /resource_providers/4f474510-28c6-4460-b4ad-0a4cf0024e94" status: 404 len: 246 microversion: 1.1 [pid: 7|app: 0|req: 327/658] 10.0.0.16 () {34 vars in 824 bytes} [Mon Jun 22 03:03:16 2026] DELETE /resource_providers/4f474510-28c6-4460-b4ad-0a4cf0024e94 => generated 246 bytes in 13 msecs (HTTP/1.1 404) 6 headers in 231 bytes (1 switches on core 0)
2026-06-22 03:03:16.060 8 INFO placement.requestlog [None req-48b4ea11-5ae5-46bd-9008-bdb6901678f1 ddad650685dd43b9aa0a072a6ceb1eca a07b64586c2e444fb76c679543faec05 - - d5f287be118a4de3998f7755fc2fc464 d5f287be118a4de3998f7755fc2fc464] 10.0.0.16 "DELETE /resource_providers/4f474510-28c6-4460-b4ad-0a4cf0024e94" status: 404 len: 246 microversion: 1.1 [pid: 8|app: 0|req: 332/659] 10.0.0.16 () {34 vars in 824 bytes} [Mon Jun 22 03:03:16 2026] DELETE /resource_providers/4f474510-28c6-4460-b4ad-0a4cf0024e94 => generated 246 bytes in 21 msecs (HTTP/1.1 404) 6 headers in 231 bytes (1 switches on core 0)
2026-06-22 03:03:19.329 7 INFO placement.requestlog [req-feb93e8c-d222-460d-9334-944ab90a435b req-5a88a011-807c-495f-838c-2bcf119f6de8 5343a699cde5416190de6dd3feef649a a07b64586c2e444fb76c679543faec05 - - d5f287be118a4de3998f7755fc2fc464 d5f287be118a4de3998f7755fc2fc464] 10.0.0.69 "GET /allocation_candidates?limit=1000&resources=DISK_GB%3A1%2CMEMORY_MB%3A512%2CVCPU%3A1&root_required=%21COMPUTE_STATUS_DISABLED" status: 200 len: 2219 microversion: 1.36 [pid: 7|app: 0|req: 328/660] 10.0.0.69 () {34 vars in 1011 bytes} [Mon Jun 22 03:03:19 2026] GET /allocation_candidates?limit=1000&resources=DISK_GB%3A1%2CMEMORY_MB%3A512%2CVCPU%3A1&root_required=%21COMPUTE_STATUS_DISABLED => generated 2219 bytes in 63 msecs (HTTP/1.1 200) 8 headers in 297 bytes (1 switches on core 0)
2026-06-22 03:03:19.367 8 INFO placement.requestlog [req-feb93e8c-d222-460d-9334-944ab90a435b req-17ee221e-f5dc-41d0-bac3-5da9c79304c9 5343a699cde5416190de6dd3feef649a a07b64586c2e444fb76c679543faec05 - - d5f287be118a4de3998f7755fc2fc464 d5f287be118a4de3998f7755fc2fc464] 10.0.0.69 "GET /allocations/22a72751-630e-4df3-8d37-00d3cb187c28" status: 200 len: 19 microversion: 1.28 [pid: 8|app: 0|req: 333/661] 10.0.0.69 () {34 vars in 860 bytes} [Mon Jun 22 03:03:19 2026] GET /allocations/22a72751-630e-4df3-8d37-00d3cb187c28 => generated 19 bytes in 14 msecs (HTTP/1.1 200) 8 headers in 295 bytes (1 switches on core 0)
2026-06-22 03:03:19.459 7 INFO placement.requestlog [req-feb93e8c-d222-460d-9334-944ab90a435b req-543671f2-2961-4713-b909-750e7f2a6ea0 5343a699cde5416190de6dd3feef649a a07b64586c2e444fb76c679543faec05 - - d5f287be118a4de3998f7755fc2fc464 d5f287be118a4de3998f7755fc2fc464] 10.0.0.69 "PUT /allocations/22a72751-630e-4df3-8d37-00d3cb187c28" status: 204 len: 0 microversion: 1.36 [pid: 7|app: 0|req: 329/662] 10.0.0.69 () {38 vars in 913 bytes} [Mon Jun 22 03:03:19 2026] PUT /allocations/22a72751-630e-4df3-8d37-00d3cb187c28 => generated 0 bytes in 85 msecs (HTTP/1.1 204) 5 headers in 199 bytes (1 switches on core 0)
2026-06-22 03:03:19.961 8 INFO placement.requestlog [req-feb93e8c-d222-460d-9334-944ab90a435b req-a477b66e-8467-456f-a3d8-4448dfbd180d 5343a699cde5416190de6dd3feef649a a07b64586c2e444fb76c679543faec05 - - d5f287be118a4de3998f7755fc2fc464 d5f287be118a4de3998f7755fc2fc464] 199.204.45.216 "GET /allocations/22a72751-630e-4df3-8d37-00d3cb187c28" status: 200 len: 257 microversion: 1.28 [pid: 8|app: 0|req: 334/663] 199.204.45.216 () {34 vars in 863 bytes} [Mon Jun 22 03:03:19 2026] GET /allocations/22a72751-630e-4df3-8d37-00d3cb187c28 => generated 257 bytes in 22 msecs (HTTP/1.1 200) 8 headers in 296 bytes (1 switches on core 0)
2026-06-22 03:03:20.082 7 INFO placement.requestlog [req-feb93e8c-d222-460d-9334-944ab90a435b req-863a5040-0cf5-4835-b9cb-826c8d6ec402 5343a699cde5416190de6dd3feef649a a07b64586c2e444fb76c679543faec05 - - d5f287be118a4de3998f7755fc2fc464 d5f287be118a4de3998f7755fc2fc464] 199.204.45.216 "GET /resource_providers/46d7b02d-294a-421d-b715-5d34e4b05663/allocations" status: 200 len: 252 microversion: 1.0 [pid: 7|app: 0|req: 330/664] 199.204.45.216 () {32 vars in 857 bytes} [Mon Jun 22 03:03:20 2026] GET /resource_providers/46d7b02d-294a-421d-b715-5d34e4b05663/allocations => generated 252 bytes in 18 msecs (HTTP/1.1 200) 6 headers in 224 bytes (1 switches on core 0)
2026-06-22 03:03:20.120 8 INFO placement.requestlog [req-feb93e8c-d222-460d-9334-944ab90a435b req-de26a7ac-d815-4a93-ac97-bfa48d254faf 5343a699cde5416190de6dd3feef649a a07b64586c2e444fb76c679543faec05 - - d5f287be118a4de3998f7755fc2fc464 d5f287be118a4de3998f7755fc2fc464] 199.204.45.216 "GET /allocations/22a72751-630e-4df3-8d37-00d3cb187c28" status: 200 len: 257 microversion: 1.28 [pid: 8|app: 0|req: 335/665] 199.204.45.216 () {34 vars in 863 bytes} [Mon Jun 22 03:03:20 2026] GET /allocations/22a72751-630e-4df3-8d37-00d3cb187c28 => generated 257 bytes in 29 msecs (HTTP/1.1 200) 8 headers in 296 bytes (1 switches on core 0)
2026-06-22 03:03:20.144 7 INFO placement.requestlog [req-feb93e8c-d222-460d-9334-944ab90a435b req-8e809eb0-ed17-4cd7-b278-f05507991858 5343a699cde5416190de6dd3feef649a a07b64586c2e444fb76c679543faec05 - - d5f287be118a4de3998f7755fc2fc464 d5f287be118a4de3998f7755fc2fc464] 199.204.45.216 "GET /allocations/611f6025-1366-44d2-ba48-91b16dd9902b" status: 200 len: 257 microversion: 1.28 [pid: 7|app: 0|req: 331/666] 199.204.45.216 () {34 vars in 863 bytes} [Mon Jun 22 03:03:20 2026] GET /allocations/611f6025-1366-44d2-ba48-91b16dd9902b => generated 257 bytes in 14 msecs (HTTP/1.1 200) 8 headers in 296 bytes (1 switches on core 0)
2026-06-22 03:03:20.242 8 INFO placement.requestlog [None req-399406d7-c3e9-432e-b8ed-a030644062be - - - - - -] 10.0.0.86 "GET /" status: 200 len: 136 microversion: 1.0
2026-06-22 03:03:20.243 7 INFO placement.requestlog [None req-89b7fcab-d135-483c-b435-c464e605f175 - - - - - -] 10.0.0.86 "GET /" status: 200 len: 136 microversion: 1.0
2026-06-22 03:03:24.562 8 INFO placement.requestlog [req-53e5f4e8-dabd-43c0-8850-bd1604d05d73 req-59ad64a2-8040-4496-8fc9-743d6e119963 5343a699cde5416190de6dd3feef649a a07b64586c2e444fb76c679543faec05 - - d5f287be118a4de3998f7755fc2fc464 d5f287be118a4de3998f7755fc2fc464] 199.204.45.216 "GET /resource_providers/46d7b02d-294a-421d-b715-5d34e4b05663/allocations" status: 200 len: 252 microversion: 1.0 [pid: 8|app: 0|req: 337/669] 199.204.45.216 () {32 vars in 857 bytes} [Mon Jun 22 03:03:24 2026] GET /resource_providers/46d7b02d-294a-421d-b715-5d34e4b05663/allocations => generated 252 bytes in 27 msecs (HTTP/1.1 200) 6 headers in 224 bytes (1 switches on core 0)
2026-06-22 03:03:24.593 7 INFO placement.requestlog [req-53e5f4e8-dabd-43c0-8850-bd1604d05d73 req-50def2d1-ee1d-49a6-bdba-3271b5631412 5343a699cde5416190de6dd3feef649a a07b64586c2e444fb76c679543faec05 - - d5f287be118a4de3998f7755fc2fc464 d5f287be118a4de3998f7755fc2fc464] 199.204.45.216 "GET /resource_providers/46d7b02d-294a-421d-b715-5d34e4b05663/allocations" status: 200 len: 252 microversion: 1.0 [pid: 7|app: 0|req: 333/670] 199.204.45.216 () {32 vars in 857 bytes} [Mon Jun 22 03:03:24 2026] GET /resource_providers/46d7b02d-294a-421d-b715-5d34e4b05663/allocations => generated 252 bytes in 22 msecs (HTTP/1.1 200) 6 headers in 224 bytes (1 switches on core 0)
2026-06-22 03:03:24.621 8 INFO placement.requestlog [req-53e5f4e8-dabd-43c0-8850-bd1604d05d73 req-a0669c35-c302-478f-b430-c09e174e03c5 5343a699cde5416190de6dd3feef649a a07b64586c2e444fb76c679543faec05 - - d5f287be118a4de3998f7755fc2fc464 d5f287be118a4de3998f7755fc2fc464] 199.204.45.216 "GET /allocations/22a72751-630e-4df3-8d37-00d3cb187c28" status: 200 len: 257 microversion: 1.28 [pid: 8|app: 0|req: 338/671] 199.204.45.216 () {34 vars in 863 bytes} [Mon Jun 22 03:03:24 2026] GET /allocations/22a72751-630e-4df3-8d37-00d3cb187c28 => generated 257 bytes in 16 msecs (HTTP/1.1 200) 8 headers in 296 bytes (1 switches on core 0)
2026-06-22 03:03:24.646 7 INFO placement.requestlog [req-53e5f4e8-dabd-43c0-8850-bd1604d05d73 req-c92808ed-493f-4f66-ad7c-76c0cb6d33c4 5343a699cde5416190de6dd3feef649a a07b64586c2e444fb76c679543faec05 - - d5f287be118a4de3998f7755fc2fc464 d5f287be118a4de3998f7755fc2fc464] 199.204.45.216 "GET /allocations/611f6025-1366-44d2-ba48-91b16dd9902b" status: 200 len: 257 microversion: 1.28 [pid: 7|app: 0|req: 334/672] 199.204.45.216 () {34 vars in 863 bytes} [Mon Jun 22 03:03:24 2026] GET /allocations/611f6025-1366-44d2-ba48-91b16dd9902b => generated 257 bytes in 18 msecs (HTTP/1.1 200) 8 headers in 296 bytes (1 switches on core 0)
2026-06-22 03:03:27.026 7 INFO placement.requestlog [None req-d0823295-9693-4ba1-9bc7-7b3e5bacfc58 ddad650685dd43b9aa0a072a6ceb1eca a07b64586c2e444fb76c679543faec05 - - d5f287be118a4de3998f7755fc2fc464 d5f287be118a4de3998f7755fc2fc464] 10.0.0.16 "GET /resource_providers/5a9360c8-8f8d-4917-9e88-588e0e57caa1/aggregates" status: 404 len: 235 microversion: 1.1 [pid: 7|app: 0|req: 335/673] 10.0.0.16 () {32 vars in 824 bytes} [Mon Jun 22 03:03:27 2026] GET /resource_providers/5a9360c8-8f8d-4917-9e88-588e0e57caa1/aggregates => generated 235 bytes in 13 msecs (HTTP/1.1 404) 5 headers in 202 bytes (1 switches on core 0)
2026-06-22 03:03:27.029 8 INFO placement.requestlog [None req-f6b1cb39-b7e7-4611-b37d-d314328ec0a1 ddad650685dd43b9aa0a072a6ceb1eca a07b64586c2e444fb76c679543faec05 - - d5f287be118a4de3998f7755fc2fc464 d5f287be118a4de3998f7755fc2fc464] 10.0.0.16 "GET /resource_providers/5a9360c8-8f8d-4917-9e88-588e0e57caa1/aggregates" status: 404 len: 235 microversion: 1.1 [pid: 8|app: 0|req: 339/674] 10.0.0.16 () {32 vars in 824 bytes} [Mon Jun 22 03:03:27 2026] GET /resource_providers/5a9360c8-8f8d-4917-9e88-588e0e57caa1/aggregates => generated 235 bytes in 16 msecs (HTTP/1.1 404) 5 headers in 202 bytes (1 switches on core 0)
2026-06-22 03:03:27.047 7 INFO placement.requestlog [None req-6a7ede1b-6c11-4ac9-8d81-3d6b79cb282e ddad650685dd43b9aa0a072a6ceb1eca a07b64586c2e444fb76c679543faec05 - - d5f287be118a4de3998f7755fc2fc464 d5f287be118a4de3998f7755fc2fc464] 10.0.0.16 "DELETE /resource_providers/5a9360c8-8f8d-4917-9e88-588e0e57caa1" status: 404 len: 246 microversion: 1.1 [pid: 7|app: 0|req: 336/675] 10.0.0.16 () {34 vars in 824 bytes} [Mon Jun 22 03:03:27 2026] DELETE /resource_providers/5a9360c8-8f8d-4917-9e88-588e0e57caa1 => generated 246 bytes in 13 msecs (HTTP/1.1 404) 6 headers in 231 bytes (1 switches on core 0)
2026-06-22 03:03:27.055 8 INFO placement.requestlog [None req-77fcf941-8408-4f27-a319-226bdf15eb92 ddad650685dd43b9aa0a072a6ceb1eca a07b64586c2e444fb76c679543faec05 - - d5f287be118a4de3998f7755fc2fc464 d5f287be118a4de3998f7755fc2fc464] 10.0.0.16 "DELETE /resource_providers/5a9360c8-8f8d-4917-9e88-588e0e57caa1" status: 404 len: 246 microversion: 1.1 [pid: 8|app: 0|req: 340/676] 10.0.0.16 () {34 vars in 824 bytes} [Mon Jun 22 03:03:27 2026] DELETE /resource_providers/5a9360c8-8f8d-4917-9e88-588e0e57caa1 => generated 246 bytes in 15 msecs (HTTP/1.1 404) 6 headers in 231 bytes (1 switches on core 0)
2026-06-22 03:03:27.205 7 INFO placement.requestlog [req-b5af0844-bd33-4578-affd-ce735a38cb16 req-13aee8be-80ff-4d23-9461-8e1820866318 5343a699cde5416190de6dd3feef649a a07b64586c2e444fb76c679543faec05 - - d5f287be118a4de3998f7755fc2fc464 d5f287be118a4de3998f7755fc2fc464] 199.204.45.216 "GET /resource_providers/46d7b02d-294a-421d-b715-5d34e4b05663/allocations" status: 200 len: 252 microversion: 1.0 [pid: 7|app: 0|req: 337/677] 199.204.45.216 () {32 vars in 857 bytes} [Mon Jun 22 03:03:27 2026] GET /resource_providers/46d7b02d-294a-421d-b715-5d34e4b05663/allocations => generated 252 bytes in 20 msecs (HTTP/1.1 200) 6 headers in 224 bytes (1 switches on core 0)
2026-06-22 03:03:27.245 8 INFO placement.requestlog [req-b5af0844-bd33-4578-affd-ce735a38cb16 req-caea8cad-524f-4812-b96a-25553e3b8128 5343a699cde5416190de6dd3feef649a a07b64586c2e444fb76c679543faec05 - - d5f287be118a4de3998f7755fc2fc464 d5f287be118a4de3998f7755fc2fc464] 199.204.45.216 "GET /allocations/22a72751-630e-4df3-8d37-00d3cb187c28" status: 200 len: 257 microversion: 1.28 [pid: 8|app: 0|req: 341/678] 199.204.45.216 () {34 vars in 863 bytes} [Mon Jun 22 03:03:27 2026] GET /allocations/22a72751-630e-4df3-8d37-00d3cb187c28 => generated 257 bytes in 32 msecs (HTTP/1.1 200) 8 headers in 296 bytes (1 switches on core 0)
2026-06-22 03:03:27.264 7 INFO placement.requestlog [req-b5af0844-bd33-4578-affd-ce735a38cb16 req-e5bee2a2-a069-4c29-ba9d-93e92760a2b0 5343a699cde5416190de6dd3feef649a a07b64586c2e444fb76c679543faec05 - - d5f287be118a4de3998f7755fc2fc464 d5f287be118a4de3998f7755fc2fc464] 199.204.45.216 "GET /allocations/611f6025-1366-44d2-ba48-91b16dd9902b" status: 200 len: 257 microversion: 1.28 [pid: 7|app: 0|req: 338/679] 199.204.45.216 () {34 vars in 863 bytes} [Mon Jun 22 03:03:27 2026] GET /allocations/611f6025-1366-44d2-ba48-91b16dd9902b => generated 257 bytes in 13 msecs (HTTP/1.1 200) 8 headers in 296 bytes (1 switches on core 0)
