2026-06-22 03:06:20.861 9 INFO neutron.wsgi [None req-d40dda1a-444e-40c6-81c9-a76d29b68a88 85f301e2e9cb4710adffa45a4b4246bf 9e17edfe74f846fbb163214cc75014ef - - default default] 10.0.0.229 "GET /v2.0/networks HTTP/1.1" status: 200 len: 3092 time: 0.1867459
2026-06-22 03:06:20.897 9 INFO neutron.wsgi [None req-f8476617-d313-4328-ac25-4c9f143e4214 85f301e2e9cb4710adffa45a4b4246bf 9e17edfe74f846fbb163214cc75014ef - - default default] 10.0.0.229 "GET /v2.0/network-ip-availabilities HTTP/1.1" status: 200 len: 1693 time: 0.0334682
2026-06-22 03:06:21.001 9 INFO neutron.wsgi [None req-4ee97f30-3390-48ec-b1d4-d9eb1d130581 85f301e2e9cb4710adffa45a4b4246bf 9e17edfe74f846fbb163214cc75014ef - - default default] 10.0.0.229 "GET /v2.0/subnets HTTP/1.1" status: 200 len: 2047 time: 0.0850453
2026-06-22 03:06:21.028 9 INFO neutron.wsgi [None req-161c52dc-9aaa-4d46-a44f-a2533433e06d 85f301e2e9cb4710adffa45a4b4246bf 9e17edfe74f846fbb163214cc75014ef - - default default] 10.0.0.229 "GET /v2.0/subnetpools HTTP/1.1" status: 200 len: 193 time: 0.0247064
2026-06-22 03:06:21.064 10 INFO neutron.wsgi [None req-e6c6c950-dc56-4731-b531-8d2cde88c053 85f301e2e9cb4710adffa45a4b4246bf 9e17edfe74f846fbb163214cc75014ef - - default default] 10.0.0.71 "DELETE /v2.0/security-groups/6a0b9442-9b46-47e9-a71b-a0acb5adc407 HTTP/1.1" status: 204 len: 168 time: 0.3306894
2026-06-22 03:06:21.095 9 INFO neutron.wsgi [None req-97c3d0fe-3643-4415-b510-e11cc31ae4f7 36301c6defd84c11881033410a7b2eac 85284dd8d976495ba650cfff74011f51 - - default default] 10.0.0.71 "DELETE /v2.0/routers/007f474c-a62a-4943-9bda-767698e02004 HTTP/1.1" status: 204 len: 168 time: 0.3824270
2026-06-22 03:06:21.207 9 INFO neutron.wsgi [None req-576789cb-3dcd-4f3c-83c0-ff65551f3332 85f301e2e9cb4710adffa45a4b4246bf 9e17edfe74f846fbb163214cc75014ef - - default default] 10.0.0.71 "GET /v2.0/security-groups?tenant_id=54e9d47aafe948e49a15a1ad75767219&name=default HTTP/1.1" status: 200 len: 3120 time: 0.1714408
2026-06-22 03:06:21.467 9 INFO neutron.wsgi [None req-74f7bc39-be2c-4a2c-b791-cbb83c23d3e0 36301c6defd84c11881033410a7b2eac 85284dd8d976495ba650cfff74011f51 - - default default] 10.0.0.71 "DELETE /v2.0/subnets/f70aa4da-dc8a-4a7d-a4f0-77b670aa9c81 HTTP/1.1" status: 204 len: 168 time: 0.3615179
2026-06-22 03:06:21.575 9 INFO neutron.wsgi [None req-ecb06ee8-343b-4c80-9ce7-f0d170fcbdc7 85f301e2e9cb4710adffa45a4b4246bf 9e17edfe74f846fbb163214cc75014ef - - default default] 10.0.0.71 "DELETE /v2.0/security-groups/2389d635-6416-46e8-8773-fa36b10b32b8 HTTP/1.1" status: 204 len: 168 time: 0.3626966
2026-06-22 03:06:21.947 10 INFO neutron.services.segments.plugin [-] Segment c4afe7d6-df92-4554-a132-55ccedc0f89b resource provider aggregate not found
2026-06-22 03:06:21.953 10 INFO neutron.services.segments.plugin [-] Segment c4afe7d6-df92-4554-a132-55ccedc0f89b resource provider aggregate not found
2026-06-22 03:06:21.971 10 INFO neutron.services.segments.plugin [-] Segment c4afe7d6-df92-4554-a132-55ccedc0f89b resource provider not found; error: Placement Client Error (4xx): {"errors": [{"status": 404, "title": "Not Found", "detail": "The resource could not be found.\n\n No resource provider with uuid c4afe7d6-df92-4554-a132-55ccedc0f89b found for delete ", "request_id": "req-61c5fc28-1be3-4e5e-8ad1-c16d365d88a1"}]}
2026-06-22 03:06:21.977 10 INFO neutron.services.segments.plugin [-] Segment c4afe7d6-df92-4554-a132-55ccedc0f89b resource provider not found; error: Placement Client Error (4xx): {"errors": [{"status": 404, "title": "Not Found", "detail": "The resource could not be found.\n\n No resource provider with uuid c4afe7d6-df92-4554-a132-55ccedc0f89b found for delete ", "request_id": "req-710e8fe4-f985-4718-822d-13669a187125"}]}
2026-06-22 03:06:22.015 10 INFO neutron.wsgi [None req-1ed6a8f3-e102-455c-91f4-ed5b5ae2ce2d 36301c6defd84c11881033410a7b2eac 85284dd8d976495ba650cfff74011f51 - - default default] 10.0.0.71 "DELETE /v2.0/networks/810e0d6c-89e3-4959-bacc-be5f60c4a2a8 HTTP/1.1" status: 204 len: 168 time: 0.5419955
2026-06-22 03:06:22.033 9 WARNING neutron_lib.context [None req-39c9fc32-d937-4e34-820d-3d7a7f5f5cd1 36301c6defd84c11881033410a7b2eac 85284dd8d976495ba650cfff74011f51 - - default default] Method 'is_advsvc' is deprecated since 2023.2 release (neutron-lib 3.8.0) and will be removed once support for the old RBAC API policies will be removed from Neutron. Please use method 'is_service_role' instead.
2026-06-22 03:06:22.120 9 WARNING neutron.plugins.ml2.drivers.ovn.mech_driver.ovsdb.ovn_client [None req-11e537fb-cb2e-43b4-8e9f-2ce3ad3b24ee - - - - - -] No port found with ID b61823a8-6ad1-40ae-bbe7-53daeea6b2a2: RuntimeError: No port found with ID b61823a8-6ad1-40ae-bbe7-53daeea6b2a2
2026-06-22 03:06:23.020 9 WARNING neutron.scheduler.dhcp_agent_scheduler [None req-39c9fc32-d937-4e34-820d-3d7a7f5f5cd1 36301c6defd84c11881033410a7b2eac 85284dd8d976495ba650cfff74011f51 - - default default] No more DHCP agents
2026-06-22 03:06:23.022 9 WARNING neutron.api.rpc.agentnotifiers.dhcp_rpc_agent_api [None req-39c9fc32-d937-4e34-820d-3d7a7f5f5cd1 36301c6defd84c11881033410a7b2eac 85284dd8d976495ba650cfff74011f51 - - default default] Unable to schedule network c93e448b-7fef-47f7-a495-b89909f7d740: no agents available; will retry on subsequent port and subnet creation events.
2026-06-22 03:06:23.211 9 INFO neutron.db.ovn_revision_numbers_db [None req-39c9fc32-d937-4e34-820d-3d7a7f5f5cd1 36301c6defd84c11881033410a7b2eac 85284dd8d976495ba650cfff74011f51 - - default default] Successfully bumped revision number for resource d4af84a1-f012-4e08-aa1f-8f5d8f197bb0 (type: ports) to 1
2026-06-22 03:06:23.958 9 INFO neutron.plugins.ml2.drivers.ovn.mech_driver.ovsdb.commands [None req-4ef78323-77b5-4e5c-bf5c-6fb59f1d426f - - - - - -] Schedule LRP lrp-d4af84a1-f012-4e08-aa1f-8f5d8f197bb0 on gateway fb47d817-7027-45e0-8447-b05306e3c8c3 with priority 1
2026-06-22 03:06:24.012 9 INFO neutron.db.ovn_revision_numbers_db [None req-39c9fc32-d937-4e34-820d-3d7a7f5f5cd1 36301c6defd84c11881033410a7b2eac 85284dd8d976495ba650cfff74011f51 - - default default] Successfully bumped revision number for resource d4af84a1-f012-4e08-aa1f-8f5d8f197bb0 (type: router_ports) to 1
2026-06-22 03:06:24.100 9 INFO neutron.db.ovn_revision_numbers_db [None req-39c9fc32-d937-4e34-820d-3d7a7f5f5cd1 36301c6defd84c11881033410a7b2eac 85284dd8d976495ba650cfff74011f51 - - default default] Successfully bumped revision number for resource cc00f77e-840c-4679-8812-34316afe7d0d (type: routers) to 2
2026-06-22 03:06:24.125 9 INFO neutron.wsgi [None req-39c9fc32-d937-4e34-820d-3d7a7f5f5cd1 36301c6defd84c11881033410a7b2eac 85284dd8d976495ba650cfff74011f51 - - default default] 10.0.0.71 "POST /v2.0/routers HTTP/1.1" status: 201 len: 1147 time: 2.0996051
2026-06-22 03:06:24.183 10 WARNING neutron.plugins.ml2.drivers.ovn.mech_driver.ovsdb.ovn_client [None req-3e709302-db6d-4991-9ee7-1ef00f3c6a42 - - - - - -] No port found with ID 9731b1c6-a736-4f1f-863c-c100cac9b0bd: RuntimeError: No port found with ID 9731b1c6-a736-4f1f-863c-c100cac9b0bd
2026-06-22 03:06:24.184 10 INFO neutron.plugins.ml2.drivers.ovn.mech_driver.mech_driver [None req-3e709302-db6d-4991-9ee7-1ef00f3c6a42 - - - - - -] OVN reports status up for port: d4af84a1-f012-4e08-aa1f-8f5d8f197bb0
2026-06-22 03:06:24.195 10 INFO neutron.plugins.ml2.plugin [None req-3e709302-db6d-4991-9ee7-1ef00f3c6a42 - - - - - -] Attempt 1 to provision port d4af84a1-f012-4e08-aa1f-8f5d8f197bb0
2026-06-22 03:06:24.243 9 INFO neutron.wsgi [None req-db371aee-51ae-4786-a5ec-7330de190c31 36301c6defd84c11881033410a7b2eac 85284dd8d976495ba650cfff74011f51 - - default default] 10.0.0.71 "GET /v2.0/routers/cc00f77e-840c-4679-8812-34316afe7d0d HTTP/1.1" status: 200 len: 1148 time: 0.1119559
2026-06-22 03:06:24.399 9 INFO neutron.wsgi [None req-64367b5f-855f-494b-bb3c-b864bcf9dedb 36301c6defd84c11881033410a7b2eac 85284dd8d976495ba650cfff74011f51 - - default default] 10.0.0.71 "GET /v2.0/routers HTTP/1.1" status: 200 len: 1151 time: 0.1520908
2026-06-22 03:06:24.695 9 WARNING neutron_lib.context [None req-d0daf423-36f8-41ba-a8d9-8ecfd6090e52 73cf70af2daf43d8b458863c8c1b3da3 d0d1dc9a2e1a4e1d92ca9e47f1d96042 - - default default] Method 'is_advsvc' is deprecated since 2023.2 release (neutron-lib 3.8.0) and will be removed once support for the old RBAC API policies will be removed from Neutron. Please use method 'is_service_role' instead.
2026-06-22 03:06:24.930 9 INFO neutron.db.ovn_revision_numbers_db [None req-d0daf423-36f8-41ba-a8d9-8ecfd6090e52 73cf70af2daf43d8b458863c8c1b3da3 d0d1dc9a2e1a4e1d92ca9e47f1d96042 - - default default] Successfully bumped revision number for resource 0105451d-c527-4623-b745-dbb3adfd0cb2 (type: security_groups) to 1
2026-06-22 03:06:24.960 9 INFO neutron.db.ovn_revision_numbers_db [None req-d0daf423-36f8-41ba-a8d9-8ecfd6090e52 73cf70af2daf43d8b458863c8c1b3da3 d0d1dc9a2e1a4e1d92ca9e47f1d96042 - - default default] Successfully bumped revision number for resource a41562c1-3bef-4e09-92d2-1685904c2aa7 (type: security_group_rules) to 0
2026-06-22 03:06:24.987 9 INFO neutron.db.ovn_revision_numbers_db [None req-d0daf423-36f8-41ba-a8d9-8ecfd6090e52 73cf70af2daf43d8b458863c8c1b3da3 d0d1dc9a2e1a4e1d92ca9e47f1d96042 - - default default] Successfully bumped revision number for resource b5622973-d373-4baa-8566-ab3075f16819 (type: security_group_rules) to 0
2026-06-22 03:06:25.005 9 INFO neutron.db.ovn_revision_numbers_db [None req-d0daf423-36f8-41ba-a8d9-8ecfd6090e52 73cf70af2daf43d8b458863c8c1b3da3 d0d1dc9a2e1a4e1d92ca9e47f1d96042 - - default default] Successfully bumped revision number for resource b8672caa-9fdc-4839-a946-15dfdcf6c458 (type: security_group_rules) to 0
2026-06-22 03:06:25.015 9 INFO neutron.db.ovn_revision_numbers_db [None req-d4d44680-3b29-4ea6-99fc-74a776e4c19e 36301c6defd84c11881033410a7b2eac 85284dd8d976495ba650cfff74011f51 - - default default] Successfully bumped revision number for resource cc00f77e-840c-4679-8812-34316afe7d0d (type: routers) to 3
2026-06-22 03:06:25.021 9 INFO neutron.wsgi [None req-d4d44680-3b29-4ea6-99fc-74a776e4c19e 36301c6defd84c11881033410a7b2eac 85284dd8d976495ba650cfff74011f51 - - default default] 10.0.0.71 "PUT /v2.0/routers/cc00f77e-840c-4679-8812-34316afe7d0d HTTP/1.1" status: 200 len: 1155 time: 0.6125791
2026-06-22 03:06:25.022 9 INFO neutron.db.ovn_revision_numbers_db [None req-d0daf423-36f8-41ba-a8d9-8ecfd6090e52 73cf70af2daf43d8b458863c8c1b3da3 d0d1dc9a2e1a4e1d92ca9e47f1d96042 - - default default] Successfully bumped revision number for resource d912171c-2593-4891-b0af-c367c8f5b302 (type: security_group_rules) to 0
2026-06-22 03:06:25.071 9 INFO neutron.db.segments_db [None req-d0daf423-36f8-41ba-a8d9-8ecfd6090e52 73cf70af2daf43d8b458863c8c1b3da3 d0d1dc9a2e1a4e1d92ca9e47f1d96042 - - default default] Added segment 6caca1b5-353b-4c90-92ec-a35c31ade416 of type geneve for network 2bce50de-7492-45f2-921f-5786055cfab5
2026-06-22 03:06:25.107 10 INFO neutron.wsgi [None req-3a108387-9b07-493f-a629-1fb2fc91a49f 36301c6defd84c11881033410a7b2eac 85284dd8d976495ba650cfff74011f51 - - default default] 10.0.0.71 "GET /v2.0/routers/cc00f77e-840c-4679-8812-34316afe7d0d HTTP/1.1" status: 200 len: 1155 time: 0.0806913
2026-06-22 03:06:25.136 10 INFO neutron.wsgi [None req-f07860fa-5b40-4a53-842f-ec206086c748 36301c6defd84c11881033410a7b2eac 85284dd8d976495ba650cfff74011f51 - - default default] 10.0.0.71 "GET /v2.0/ports?device_id=cc00f77e-840c-4679-8812-34316afe7d0d HTTP/1.1" status: 200 len: 205 time: 0.0232885
2026-06-22 03:06:25.225 9 INFO neutron.db.ovn_revision_numbers_db [None req-d0daf423-36f8-41ba-a8d9-8ecfd6090e52 73cf70af2daf43d8b458863c8c1b3da3 d0d1dc9a2e1a4e1d92ca9e47f1d96042 - - default default] Successfully bumped revision number for resource 2bce50de-7492-45f2-921f-5786055cfab5 (type: networks) to 1
2026-06-22 03:06:25.423 9 WARNING neutron.scheduler.dhcp_agent_scheduler [None req-d0daf423-36f8-41ba-a8d9-8ecfd6090e52 73cf70af2daf43d8b458863c8c1b3da3 d0d1dc9a2e1a4e1d92ca9e47f1d96042 - - default default] No more DHCP agents
2026-06-22 03:06:25.426 9 WARNING neutron.api.rpc.agentnotifiers.dhcp_rpc_agent_api [None req-d0daf423-36f8-41ba-a8d9-8ecfd6090e52 73cf70af2daf43d8b458863c8c1b3da3 d0d1dc9a2e1a4e1d92ca9e47f1d96042 - - default default] Unable to schedule network 2bce50de-7492-45f2-921f-5786055cfab5: no agents available; will retry on subsequent port and subnet creation events.
2026-06-22 03:06:25.902 9 INFO neutron.db.ovn_revision_numbers_db [None req-d0daf423-36f8-41ba-a8d9-8ecfd6090e52 73cf70af2daf43d8b458863c8c1b3da3 d0d1dc9a2e1a4e1d92ca9e47f1d96042 - - default default] Successfully bumped revision number for resource a53af80d-d944-4483-be9a-d5255ad20c19 (type: ports) to 1
2026-06-22 03:06:25.931 9 INFO neutron.wsgi [None req-d0daf423-36f8-41ba-a8d9-8ecfd6090e52 73cf70af2daf43d8b458863c8c1b3da3 d0d1dc9a2e1a4e1d92ca9e47f1d96042 - - default default] 10.0.0.71 "POST /v2.0/networks HTTP/1.1" status: 201 len: 831 time: 1.4256649
2026-06-22 03:06:25.941 9 WARNING neutron_lib.context [None req-88818d35-4b4b-4ebf-bab3-9d982ec88f6f 73cf70af2daf43d8b458863c8c1b3da3 d0d1dc9a2e1a4e1d92ca9e47f1d96042 - - default default] Method 'is_advsvc' is deprecated since 2023.2 release (neutron-lib 3.8.0) and will be removed once support for the old RBAC API policies will be removed from Neutron. Please use method 'is_service_role' instead.
2026-06-22 03:06:26.030 9 INFO neutron.db.ovn_revision_numbers_db [None req-e39a4abf-2c3b-4c32-82c5-359b146a0872 85f301e2e9cb4710adffa45a4b4246bf 9e17edfe74f846fbb163214cc75014ef - - default default] Successfully bumped revision number for resource f7a90a57-fda4-4dd8-b2b3-e3f6ba0e4e9f (type: security_groups) to 1
2026-06-22 03:06:26.054 9 INFO neutron.db.ovn_revision_numbers_db [None req-e39a4abf-2c3b-4c32-82c5-359b146a0872 85f301e2e9cb4710adffa45a4b4246bf 9e17edfe74f846fbb163214cc75014ef - - default default] Successfully bumped revision number for resource 3fca4f02-b0a7-4993-ad84-df1bccdebdaa (type: security_group_rules) to 0
2026-06-22 03:06:26.090 9 INFO neutron.db.ovn_revision_numbers_db [None req-e39a4abf-2c3b-4c32-82c5-359b146a0872 85f301e2e9cb4710adffa45a4b4246bf 9e17edfe74f846fbb163214cc75014ef - - default default] Successfully bumped revision number for resource 5501d821-d2ab-4d23-9b79-98a192f65197 (type: security_group_rules) to 0
2026-06-22 03:06:26.120 9 INFO neutron.db.ovn_revision_numbers_db [None req-e39a4abf-2c3b-4c32-82c5-359b146a0872 85f301e2e9cb4710adffa45a4b4246bf 9e17edfe74f846fbb163214cc75014ef - - default default] Successfully bumped revision number for resource 73054c86-5aaa-4eba-91ed-7c82c751fed0 (type: security_group_rules) to 0
2026-06-22 03:06:26.137 9 INFO neutron.db.ovn_revision_numbers_db [None req-e39a4abf-2c3b-4c32-82c5-359b146a0872 85f301e2e9cb4710adffa45a4b4246bf 9e17edfe74f846fbb163214cc75014ef - - default default] Successfully bumped revision number for resource 9350e428-b567-41e3-b5d5-b315d76ccc40 (type: security_group_rules) to 0
2026-06-22 03:06:26.170 9 INFO neutron.wsgi [None req-e39a4abf-2c3b-4c32-82c5-359b146a0872 85f301e2e9cb4710adffa45a4b4246bf 9e17edfe74f846fbb163214cc75014ef - - default default] 10.0.0.71 "GET /v2.0/security-groups?tenant_id=d3e60440501b475281c8e364d95aa236&name=default HTTP/1.1" status: 200 len: 3120 time: 0.7401814
2026-06-22 03:06:26.316 10 INFO neutron.wsgi [None req-ca37ec32-1f1a-4ade-8ff5-fdd75f13fae0 36301c6defd84c11881033410a7b2eac 85284dd8d976495ba650cfff74011f51 - - default default] 10.0.0.71 "DELETE /v2.0/routers/cc00f77e-840c-4679-8812-34316afe7d0d HTTP/1.1" status: 204 len: 168 time: 1.1738069
2026-06-22 03:06:26.349 10 INFO neutron.wsgi [None req-47873cdc-54e2-4221-af11-9169b50949fa 36301c6defd84c11881033410a7b2eac 85284dd8d976495ba650cfff74011f51 - - default default] 10.0.0.71 "GET /v2.0/ports?device_id=cc00f77e-840c-4679-8812-34316afe7d0d HTTP/1.1" status: 200 len: 205 time: 0.0261085
2026-06-22 03:06:26.355 9 WARNING neutron.scheduler.dhcp_agent_scheduler [None req-88818d35-4b4b-4ebf-bab3-9d982ec88f6f 73cf70af2daf43d8b458863c8c1b3da3 d0d1dc9a2e1a4e1d92ca9e47f1d96042 - - default default] No more DHCP agents
2026-06-22 03:06:26.360 9 WARNING neutron.api.rpc.agentnotifiers.dhcp_rpc_agent_api [None req-88818d35-4b4b-4ebf-bab3-9d982ec88f6f 73cf70af2daf43d8b458863c8c1b3da3 d0d1dc9a2e1a4e1d92ca9e47f1d96042 - - default default] Unable to schedule network 2bce50de-7492-45f2-921f-5786055cfab5: no agents available; will retry on subsequent port and subnet creation events.
2026-06-22 03:06:26.386 10 INFO neutron.api.v2.resource [None req-91bdedea-5397-4ac2-8979-166078083fd9 36301c6defd84c11881033410a7b2eac 85284dd8d976495ba650cfff74011f51 - - default default] delete failed (client error): The resource could not be found.
2026-06-22 03:06:26.388 10 INFO neutron.wsgi [None req-91bdedea-5397-4ac2-8979-166078083fd9 36301c6defd84c11881033410a7b2eac 85284dd8d976495ba650cfff74011f51 - - default default] 10.0.0.71 "DELETE /v2.0/routers/cc00f77e-840c-4679-8812-34316afe7d0d HTTP/1.1" status: 404 len: 336 time: 0.0344386
2026-06-22 03:06:26.427 10 INFO neutron.wsgi [None req-9de0db36-cec1-403d-86ba-2273c68d4457 36301c6defd84c11881033410a7b2eac 85284dd8d976495ba650cfff74011f51 - - default default] 10.0.0.71 "GET /v2.0/ports?device_id=007f474c-a62a-4943-9bda-767698e02004 HTTP/1.1" status: 200 len: 205 time: 0.0317419
2026-06-22 03:06:26.473 10 INFO neutron.api.v2.resource [None req-8c248358-460d-4b20-b21d-76f9fee17dd3 36301c6defd84c11881033410a7b2eac 85284dd8d976495ba650cfff74011f51 - - default default] delete failed (client error): The resource could not be found.
2026-06-22 03:06:26.474 10 INFO neutron.wsgi [None req-8c248358-460d-4b20-b21d-76f9fee17dd3 36301c6defd84c11881033410a7b2eac 85284dd8d976495ba650cfff74011f51 - - default default] 10.0.0.71 "DELETE /v2.0/routers/007f474c-a62a-4943-9bda-767698e02004 HTTP/1.1" status: 404 len: 336 time: 0.0282230
2026-06-22 03:06:26.482 9 INFO neutron.db.ovn_revision_numbers_db [None req-88818d35-4b4b-4ebf-bab3-9d982ec88f6f 73cf70af2daf43d8b458863c8c1b3da3 d0d1dc9a2e1a4e1d92ca9e47f1d96042 - - default default] Successfully bumped revision number for resource a8c8821c-6a47-4adb-8405-88ff4557a076 (type: ports) to 1
2026-06-22 03:06:26.495 10 INFO neutron.pecan_wsgi.hooks.translation [None req-f2f14186-5e57-4018-b880-aa8c9f554d2f 36301c6defd84c11881033410a7b2eac 85284dd8d976495ba650cfff74011f51 - - default default] DELETE failed (client error): The resource could not be found.
2026-06-22 03:06:26.498 10 INFO neutron.wsgi [None req-f2f14186-5e57-4018-b880-aa8c9f554d2f 36301c6defd84c11881033410a7b2eac 85284dd8d976495ba650cfff74011f51 - - default default] 10.0.0.71 "DELETE /v2.0/subnets/f70aa4da-dc8a-4a7d-a4f0-77b670aa9c81 HTTP/1.1" status: 404 len: 337 time: 0.0181222
2026-06-22 03:06:26.516 9 INFO neutron.wsgi [None req-88818d35-4b4b-4ebf-bab3-9d982ec88f6f 73cf70af2daf43d8b458863c8c1b3da3 d0d1dc9a2e1a4e1d92ca9e47f1d96042 - - default default] 10.0.0.71 "POST /v2.0/ports HTTP/1.1" status: 201 len: 942 time: 0.5800750 /var/lib/openstack/lib/python3.10/site-packages/pycadf/identifier.py:71: UserWarning: Invalid uuid: neutron. To ensure interoperability, identifiers should be a valid uuid. warnings.warn(('Invalid uuid: %s. To ensure interoperability, '
2026-06-22 03:06:26.526 10 INFO neutron.wsgi [None req-0002d139-8d3e-4a3a-b14e-aac0c2f04af6 36301c6defd84c11881033410a7b2eac 85284dd8d976495ba650cfff74011f51 - - default default] 10.0.0.71 "GET /v2.0/ports?device_id=e54b91a6-2161-4fcf-bbe1-09aadf242516 HTTP/1.1" status: 200 len: 205 time: 0.0226123
2026-06-22 03:06:26.528 9 WARNING neutron_lib.context [None req-fa0eb6cb-8bf5-4499-a406-69f82355cc13 73cf70af2daf43d8b458863c8c1b3da3 d0d1dc9a2e1a4e1d92ca9e47f1d96042 - - default default] Method 'is_advsvc' is deprecated since 2023.2 release (neutron-lib 3.8.0) and will be removed once support for the old RBAC API policies will be removed from Neutron. Please use method 'is_service_role' instead.
2026-06-22 03:06:26.558 10 INFO neutron.api.v2.resource [None req-ccd81fb8-fbcb-4b13-87ad-bb33a0498ab4 36301c6defd84c11881033410a7b2eac 85284dd8d976495ba650cfff74011f51 - - default default] delete failed (client error): The resource could not be found.
2026-06-22 03:06:26.559 10 INFO neutron.wsgi [None req-ccd81fb8-fbcb-4b13-87ad-bb33a0498ab4 36301c6defd84c11881033410a7b2eac 85284dd8d976495ba650cfff74011f51 - - default default] 10.0.0.71 "DELETE /v2.0/routers/e54b91a6-2161-4fcf-bbe1-09aadf242516 HTTP/1.1" status: 404 len: 336 time: 0.0285099
2026-06-22 03:06:26.564 9 INFO neutron.wsgi [None req-c64c3fc4-1982-4981-8733-4cb08e6cac9c 85f301e2e9cb4710adffa45a4b4246bf 9e17edfe74f846fbb163214cc75014ef - - default default] 10.0.0.71 "DELETE /v2.0/security-groups/f7a90a57-fda4-4dd8-b2b3-e3f6ba0e4e9f HTTP/1.1" status: 204 len: 168 time: 0.3839693
2026-06-22 03:06:26.583 10 INFO neutron.pecan_wsgi.hooks.translation [None req-d188625d-820c-4218-a4fe-35491e318ae5 36301c6defd84c11881033410a7b2eac 85284dd8d976495ba650cfff74011f51 - - default default] DELETE failed (client error): The resource could not be found.
2026-06-22 03:06:26.586 10 INFO neutron.wsgi [None req-d188625d-820c-4218-a4fe-35491e318ae5 36301c6defd84c11881033410a7b2eac 85284dd8d976495ba650cfff74011f51 - - default default] 10.0.0.71 "DELETE /v2.0/subnets/bcdf4558-3fa1-4750-85f6-b0ea55ea4aac HTTP/1.1" status: 404 len: 337 time: 0.0217683
2026-06-22 03:06:26.615 10 INFO neutron.wsgi [None req-fd4caea3-5aa5-4502-9c3f-b24f16b085df 36301c6defd84c11881033410a7b2eac 85284dd8d976495ba650cfff74011f51 - - default default] 10.0.0.71 "GET /v2.0/ports?device_id=c924d9ba-4c69-45f7-9538-98d4c064a6ce HTTP/1.1" status: 200 len: 205 time: 0.0247006
2026-06-22 03:06:26.645 10 INFO neutron.api.v2.resource [None req-85bf7d5b-2725-4318-8eee-7f0bd2bf154d 36301c6defd84c11881033410a7b2eac 85284dd8d976495ba650cfff74011f51 - - default default] delete failed (client error): The resource could not be found.
2026-06-22 03:06:26.647 10 INFO neutron.wsgi [None req-85bf7d5b-2725-4318-8eee-7f0bd2bf154d 36301c6defd84c11881033410a7b2eac 85284dd8d976495ba650cfff74011f51 - - default default] 10.0.0.71 "DELETE /v2.0/routers/c924d9ba-4c69-45f7-9538-98d4c064a6ce HTTP/1.1" status: 404 len: 336 time: 0.0273316
2026-06-22 03:06:26.680 10 INFO neutron.pecan_wsgi.hooks.translation [None req-6f3cc0fc-a2df-456a-9f98-5d5ebeab8bf6 36301c6defd84c11881033410a7b2eac 85284dd8d976495ba650cfff74011f51 - - default default] DELETE failed (client error): The resource could not be found.
2026-06-22 03:06:26.684 10 INFO neutron.wsgi [None req-6f3cc0fc-a2df-456a-9f98-5d5ebeab8bf6 36301c6defd84c11881033410a7b2eac 85284dd8d976495ba650cfff74011f51 - - default default] 10.0.0.71 "DELETE /v2.0/subnets/2caf136f-88ec-4ef1-8edc-82bb172c21e7 HTTP/1.1" status: 404 len: 337 time: 0.0318377
2026-06-22 03:06:26.708 10 INFO neutron.pecan_wsgi.hooks.translation [None req-48698f45-4135-4d51-8d93-f990457ebca1 36301c6defd84c11881033410a7b2eac 85284dd8d976495ba650cfff74011f51 - - default default] DELETE failed (client error): The resource could not be found.
2026-06-22 03:06:26.712 10 INFO neutron.wsgi [None req-48698f45-4135-4d51-8d93-f990457ebca1 36301c6defd84c11881033410a7b2eac 85284dd8d976495ba650cfff74011f51 - - default default] 10.0.0.71 "DELETE /v2.0/subnets/d79fed48-acdb-4a48-b654-3bd96eb3ecc5 HTTP/1.1" status: 404 len: 337 time: 0.0190964
2026-06-22 03:06:26.836 9 INFO neutron.wsgi [None req-fa0eb6cb-8bf5-4499-a406-69f82355cc13 73cf70af2daf43d8b458863c8c1b3da3 d0d1dc9a2e1a4e1d92ca9e47f1d96042 - - default default] 10.0.0.71 "POST /v2.0/trunks HTTP/1.1" status: 201 len: 608 time: 0.3155997
2026-06-22 03:06:26.889 10 INFO neutron.wsgi [None req-1a1a4ff0-1a21-4f79-8d02-9c40fbf71b65 73cf70af2daf43d8b458863c8c1b3da3 d0d1dc9a2e1a4e1d92ca9e47f1d96042 - - default default] 10.0.0.71 "PUT /v2.0/trunks/3779e9a7-dfe2-4e50-a3f3-c82044f814f9/tags HTTP/1.1" status: 200 len: 218 time: 0.0430896
2026-06-22 03:06:26.934 10 INFO neutron.wsgi [None req-1a9ecd73-23a0-47b5-8e7d-8e3c137d3053 73cf70af2daf43d8b458863c8c1b3da3 d0d1dc9a2e1a4e1d92ca9e47f1d96042 - - default default] 10.0.0.71 "GET /v2.0/trunks/3779e9a7-dfe2-4e50-a3f3-c82044f814f9/tags HTTP/1.1" status: 200 len: 218 time: 0.0418246
2026-06-22 03:06:26.977 10 INFO neutron.wsgi [None req-3914cfd4-2afb-40b4-8624-5c6e8fb5a027 73cf70af2daf43d8b458863c8c1b3da3 d0d1dc9a2e1a4e1d92ca9e47f1d96042 - - default default] 10.0.0.71 "PUT /v2.0/trunks/3779e9a7-dfe2-4e50-a3f3-c82044f814f9/tags/green HTTP/1.1" status: 201 len: 201 time: 0.0370004
2026-06-22 03:06:27.007 10 INFO neutron.wsgi [None req-4312e911-1e61-4593-9884-eabf92a60338 73cf70af2daf43d8b458863c8c1b3da3 d0d1dc9a2e1a4e1d92ca9e47f1d96042 - - default default] 10.0.0.71 "GET /v2.0/trunks/3779e9a7-dfe2-4e50-a3f3-c82044f814f9/tags HTTP/1.1" status: 200 len: 227 time: 0.0238414
2026-06-22 03:06:27.038 10 INFO neutron.wsgi [None req-998348c4-4f8b-4d6c-aa38-72835afb6cd8 73cf70af2daf43d8b458863c8c1b3da3 d0d1dc9a2e1a4e1d92ca9e47f1d96042 - - default default] 10.0.0.71 "PUT /v2.0/trunks/3779e9a7-dfe2-4e50-a3f3-c82044f814f9/tags/red HTTP/1.1" status: 201 len: 201 time: 0.0251110
2026-06-22 03:06:27.073 9 INFO neutron.wsgi [None req-66480392-0915-485c-a675-ae01cfa23c0b 73cf70af2daf43d8b458863c8c1b3da3 d0d1dc9a2e1a4e1d92ca9e47f1d96042 - - default default] 10.0.0.71 "GET /v2.0/trunks/3779e9a7-dfe2-4e50-a3f3-c82044f814f9/tags HTTP/1.1" status: 200 len: 227 time: 0.0301754
2026-06-22 03:06:27.114 9 INFO neutron.wsgi [None req-75eab5cc-94e0-473e-940c-5f88cffd3412 73cf70af2daf43d8b458863c8c1b3da3 d0d1dc9a2e1a4e1d92ca9e47f1d96042 - - default default] 10.0.0.71 "PUT /v2.0/trunks/3779e9a7-dfe2-4e50-a3f3-c82044f814f9/tags/black.or.white HTTP/1.1" status: 201 len: 201 time: 0.0334644
2026-06-22 03:06:27.141 9 INFO neutron.wsgi [None req-33e8ee99-9918-44ee-87d3-fd7a86e8d203 73cf70af2daf43d8b458863c8c1b3da3 d0d1dc9a2e1a4e1d92ca9e47f1d96042 - - default default] 10.0.0.71 "GET /v2.0/trunks/3779e9a7-dfe2-4e50-a3f3-c82044f814f9/tags HTTP/1.1" status: 200 len: 245 time: 0.0212457
2026-06-22 03:06:27.192 9 INFO neutron.wsgi [None req-1cbdf77d-fde8-414f-a01f-76e8f272c979 73cf70af2daf43d8b458863c8c1b3da3 d0d1dc9a2e1a4e1d92ca9e47f1d96042 - - default default] 10.0.0.71 "PUT /v2.0/trunks/3779e9a7-dfe2-4e50-a3f3-c82044f814f9/tags HTTP/1.1" status: 200 len: 230 time: 0.0454538
2026-06-22 03:06:27.219 9 INFO neutron.wsgi [None req-a65055b8-943a-45fe-b672-e488b4049c1a 73cf70af2daf43d8b458863c8c1b3da3 d0d1dc9a2e1a4e1d92ca9e47f1d96042 - - default default] 10.0.0.71 "GET /v2.0/trunks/3779e9a7-dfe2-4e50-a3f3-c82044f814f9/tags HTTP/1.1" status: 200 len: 230 time: 0.0229843
2026-06-22 03:06:27.258 9 INFO neutron.wsgi [None req-606aa4d7-91e5-417e-bfe9-646eecdc94ea 73cf70af2daf43d8b458863c8c1b3da3 d0d1dc9a2e1a4e1d92ca9e47f1d96042 - - default default] 10.0.0.71 "GET /v2.0/trunks/3779e9a7-dfe2-4e50-a3f3-c82044f814f9/tags/red HTTP/1.1" status: 204 len: 168 time: 0.0319219
2026-06-22 03:06:27.289 9 INFO neutron.api.v2.resource [None req-b47e8887-0829-4698-90ff-b6ff43c52570 73cf70af2daf43d8b458863c8c1b3da3 d0d1dc9a2e1a4e1d92ca9e47f1d96042 - - default default] show failed (client error): The resource could not be found.
2026-06-22 03:06:27.291 9 INFO neutron.wsgi [None req-b47e8887-0829-4698-90ff-b6ff43c52570 73cf70af2daf43d8b458863c8c1b3da3 d0d1dc9a2e1a4e1d92ca9e47f1d96042 - - default default] 10.0.0.71 "GET /v2.0/trunks/3779e9a7-dfe2-4e50-a3f3-c82044f814f9/tags/green HTTP/1.1" status: 404 len: 299 time: 0.0263338
2026-06-22 03:06:27.360 9 INFO neutron.wsgi [None req-2d2d3b9b-3947-47de-a3cf-8b685844c982 73cf70af2daf43d8b458863c8c1b3da3 d0d1dc9a2e1a4e1d92ca9e47f1d96042 - - default default] 10.0.0.71 "DELETE /v2.0/trunks/3779e9a7-dfe2-4e50-a3f3-c82044f814f9/tags/red HTTP/1.1" status: 204 len: 168 time: 0.0625937
2026-06-22 03:06:27.379 9 INFO neutron.wsgi [None req-b0053d6c-1f3f-4d1c-a634-bacf7ad3afa4 85f301e2e9cb4710adffa45a4b4246bf 9e17edfe74f846fbb163214cc75014ef - - default default] 10.0.0.71 "GET /v2.0/security-groups?tenant_id=85284dd8d976495ba650cfff74011f51&name=default HTTP/1.1" status: 200 len: 3120 time: 0.1737428
2026-06-22 03:06:27.397 10 INFO neutron.wsgi [None req-de45c21a-6370-4705-8467-e87cf63d637b 73cf70af2daf43d8b458863c8c1b3da3 d0d1dc9a2e1a4e1d92ca9e47f1d96042 - - default default] 10.0.0.71 "GET /v2.0/trunks/3779e9a7-dfe2-4e50-a3f3-c82044f814f9/tags HTTP/1.1" status: 200 len: 223 time: 0.0281088
2026-06-22 03:06:27.455 10 INFO neutron.api.v2.resource [None req-ccddfd77-f400-45f5-9afa-d04e63ed2c6b 73cf70af2daf43d8b458863c8c1b3da3 d0d1dc9a2e1a4e1d92ca9e47f1d96042 - - default default] delete failed (client error): The resource could not be found.
2026-06-22 03:06:27.458 10 INFO neutron.wsgi [None req-ccddfd77-f400-45f5-9afa-d04e63ed2c6b 73cf70af2daf43d8b458863c8c1b3da3 d0d1dc9a2e1a4e1d92ca9e47f1d96042 - - default default] 10.0.0.71 "DELETE /v2.0/trunks/3779e9a7-dfe2-4e50-a3f3-c82044f814f9/tags/green HTTP/1.1" status: 404 len: 299 time: 0.0532348
2026-06-22 03:06:27.506 10 INFO neutron.wsgi [None req-0bbdf4b7-53df-41dc-af94-ee81dc12ac00 73cf70af2daf43d8b458863c8c1b3da3 d0d1dc9a2e1a4e1d92ca9e47f1d96042 - - default default] 10.0.0.71 "DELETE /v2.0/trunks/3779e9a7-dfe2-4e50-a3f3-c82044f814f9/tags HTTP/1.1" status: 204 len: 168 time: 0.0435004
2026-06-22 03:06:27.555 9 INFO neutron.wsgi [None req-ecb4a793-b016-4b39-9588-9c7c5d0b40fb 73cf70af2daf43d8b458863c8c1b3da3 d0d1dc9a2e1a4e1d92ca9e47f1d96042 - - default default] 10.0.0.71 "GET /v2.0/trunks/3779e9a7-dfe2-4e50-a3f3-c82044f814f9/tags HTTP/1.1" status: 200 len: 205 time: 0.0445051
2026-06-22 03:06:27.602 10 INFO neutron.wsgi [None req-e1ee7dce-5b05-410f-be64-f498594ff654 73cf70af2daf43d8b458863c8c1b3da3 d0d1dc9a2e1a4e1d92ca9e47f1d96042 - - default default] 10.0.0.71 "GET /v2.0/trunks/3779e9a7-dfe2-4e50-a3f3-c82044f814f9 HTTP/1.1" status: 200 len: 603 time: 0.0254569
2026-06-22 03:06:27.678 9 INFO neutron.wsgi [None req-dec90525-fe12-4f80-8ccb-b7f7398ed3da 85f301e2e9cb4710adffa45a4b4246bf 9e17edfe74f846fbb163214cc75014ef - - default default] 10.0.0.71 "DELETE /v2.0/security-groups/17db0228-2323-4999-850c-8082f1ef7e3e HTTP/1.1" status: 204 len: 168 time: 0.2926166
2026-06-22 03:06:27.742 10 INFO neutron.wsgi [None req-e5881ec3-5e7f-497d-8366-8da7fa8e6251 73cf70af2daf43d8b458863c8c1b3da3 d0d1dc9a2e1a4e1d92ca9e47f1d96042 - - default default] 10.0.0.71 "GET /v2.0/ports/a8c8821c-6a47-4adb-8405-88ff4557a076 HTTP/1.1" status: 200 len: 1020 time: 0.1344469
2026-06-22 03:06:27.857 10 INFO neutron.wsgi [None req-a48f1c33-f531-403f-9213-15d6e8c0120f 73cf70af2daf43d8b458863c8c1b3da3 d0d1dc9a2e1a4e1d92ca9e47f1d96042 - - default default] 10.0.0.71 "DELETE /v2.0/trunks/3779e9a7-dfe2-4e50-a3f3-c82044f814f9 HTTP/1.1" status: 204 len: 168 time: 0.1087680
2026-06-22 03:06:28.241 10 INFO neutron.wsgi [None req-f0f7d87d-125c-4aa2-9cf0-5d0c378def2d 73cf70af2daf43d8b458863c8c1b3da3 d0d1dc9a2e1a4e1d92ca9e47f1d96042 - - default default] 10.0.0.71 "DELETE /v2.0/ports/a8c8821c-6a47-4adb-8405-88ff4557a076 HTTP/1.1" status: 204 len: 168 time: 0.3804469
2026-06-22 03:06:28.687 10 INFO neutron.services.segments.plugin [-] Segment 6caca1b5-353b-4c90-92ec-a35c31ade416 resource provider aggregate not found
2026-06-22 03:06:28.693 10 INFO neutron.services.segments.plugin [-] Segment 6caca1b5-353b-4c90-92ec-a35c31ade416 resource provider aggregate not found
2026-06-22 03:06:28.714 10 INFO neutron.services.segments.plugin [-] Segment 6caca1b5-353b-4c90-92ec-a35c31ade416 resource provider not found; error: Placement Client Error (4xx): {"errors": [{"status": 404, "title": "Not Found", "detail": "The resource could not be found.\n\n No resource provider with uuid 6caca1b5-353b-4c90-92ec-a35c31ade416 found for delete ", "request_id": "req-29fb89b8-1892-4972-a295-4d01ac525b04"}]}
2026-06-22 03:06:28.716 10 INFO neutron.services.segments.plugin [-] Segment 6caca1b5-353b-4c90-92ec-a35c31ade416 resource provider not found; error: Placement Client Error (4xx): {"errors": [{"status": 404, "title": "Not Found", "detail": "The resource could not be found.\n\n No resource provider with uuid 6caca1b5-353b-4c90-92ec-a35c31ade416 found for delete ", "request_id": "req-a366bb87-3be1-4045-9514-7660535b49b2"}]}
2026-06-22 03:06:28.727 10 INFO neutron.wsgi [None req-6c69ac2d-4845-48f4-90ce-a9faa0fb38a1 73cf70af2daf43d8b458863c8c1b3da3 d0d1dc9a2e1a4e1d92ca9e47f1d96042 - - default default] 10.0.0.71 "DELETE /v2.0/networks/2bce50de-7492-45f2-921f-5786055cfab5 HTTP/1.1" status: 204 len: 168 time: 0.4783096
2026-06-22 03:06:28.765 10 INFO neutron.wsgi [-] 10.0.0.86 "GET / HTTP/1.1" status: 200 len: 246 time: 0.0029082
2026-06-22 03:06:28.766 9 INFO neutron.wsgi [-] 10.0.0.86 "GET / HTTP/1.1" status: 200 len: 246 time: 0.0036211
2026-06-22 03:06:29.252 10 WARNING neutron.plugins.ml2.drivers.ovn.mech_driver.ovsdb.ovn_client [None req-3e709302-db6d-4991-9ee7-1ef00f3c6a42 - - - - - -] No port found with ID d4af84a1-f012-4e08-aa1f-8f5d8f197bb0: RuntimeError: No port found with ID d4af84a1-f012-4e08-aa1f-8f5d8f197bb0
2026-06-22 03:06:29.520 9 INFO neutron.wsgi [-] 10.0.0.71 "GET / HTTP/1.1" status: 200 len: 279 time: 0.0020990
2026-06-22 03:06:29.764 10 INFO neutron.wsgi [None req-8cf4c683-0c34-43b7-be99-0e58c626364f 34c30eeafbe949d58cecfe3e52acf70d 2e1e2f53429347ff9637c24942cf0523 - - default default] 10.0.0.71 "GET /v2.0/ HTTP/1.1" status: 200 len: 826 time: 0.2340817
2026-06-22 03:06:29.864 9 INFO neutron.db.ovn_revision_numbers_db [None req-38fe85a3-01ce-4210-9418-508bb4229915 85f301e2e9cb4710adffa45a4b4246bf 9e17edfe74f846fbb163214cc75014ef - - default default] Successfully bumped revision number for resource 012f6d9f-25ef-456b-ad27-0490fd7b3f4b (type: security_groups) to 1
2026-06-22 03:06:29.881 9 INFO neutron.db.ovn_revision_numbers_db [None req-38fe85a3-01ce-4210-9418-508bb4229915 85f301e2e9cb4710adffa45a4b4246bf 9e17edfe74f846fbb163214cc75014ef - - default default] Successfully bumped revision number for resource 1e6216e7-9be5-49b4-9d63-ef3c0f470d6e (type: security_group_rules) to 0
2026-06-22 03:06:29.900 9 INFO neutron.db.ovn_revision_numbers_db [None req-38fe85a3-01ce-4210-9418-508bb4229915 85f301e2e9cb4710adffa45a4b4246bf 9e17edfe74f846fbb163214cc75014ef - - default default] Successfully bumped revision number for resource 6e72947e-e004-4125-bd6a-1999a5b20bec (type: security_group_rules) to 0
2026-06-22 03:06:29.915 9 INFO neutron.db.ovn_revision_numbers_db [None req-38fe85a3-01ce-4210-9418-508bb4229915 85f301e2e9cb4710adffa45a4b4246bf 9e17edfe74f846fbb163214cc75014ef - - default default] Successfully bumped revision number for resource 7f980773-7bf1-4d96-a9cd-25638212568a (type: security_group_rules) to 0
2026-06-22 03:06:29.940 9 INFO neutron.db.ovn_revision_numbers_db [None req-38fe85a3-01ce-4210-9418-508bb4229915 85f301e2e9cb4710adffa45a4b4246bf 9e17edfe74f846fbb163214cc75014ef - - default default] Successfully bumped revision number for resource df045fb4-90b1-4e82-912e-6388366b6228 (type: security_group_rules) to 0
2026-06-22 03:06:29.973 9 INFO neutron.wsgi [None req-38fe85a3-01ce-4210-9418-508bb4229915 85f301e2e9cb4710adffa45a4b4246bf 9e17edfe74f846fbb163214cc75014ef - - default default] 10.0.0.71 "GET /v2.0/security-groups?tenant_id=e9a15cbafe0e4f3c82c716294f0d8b4f&name=default HTTP/1.1" status: 200 len: 3120 time: 0.4491696
2026-06-22 03:06:30.317 10 INFO neutron.wsgi [None req-a7b5f594-a9e4-4b46-972f-ff63dcf6ac87 85f301e2e9cb4710adffa45a4b4246bf 9e17edfe74f846fbb163214cc75014ef - - default default] 10.0.0.71 "DELETE /v2.0/security-groups/012f6d9f-25ef-456b-ad27-0490fd7b3f4b HTTP/1.1" status: 204 len: 168 time: 0.3378994
2026-06-22 03:06:30.548 9 INFO neutron.wsgi [None req-3ec87cd6-1bfb-4f3e-b434-9e79d410d54e 85f301e2e9cb4710adffa45a4b4246bf 9e17edfe74f846fbb163214cc75014ef - - default default] 10.0.0.71 "GET /v2.0/security-groups?tenant_id=d0d1dc9a2e1a4e1d92ca9e47f1d96042&name=default HTTP/1.1" status: 200 len: 3120 time: 0.0623095
2026-06-22 03:06:30.572 10 INFO neutron.db.ovn_revision_numbers_db [None req-9b598311-afde-4310-8cb1-30ff4c5a4ff8 85f301e2e9cb4710adffa45a4b4246bf 9e17edfe74f846fbb163214cc75014ef - - default default] Successfully bumped revision number for resource 9c0201b3-6511-42f5-9e2d-63b55d675325 (type: security_groups) to 1
2026-06-22 03:06:30.593 10 INFO neutron.db.ovn_revision_numbers_db [None req-9b598311-afde-4310-8cb1-30ff4c5a4ff8 85f301e2e9cb4710adffa45a4b4246bf 9e17edfe74f846fbb163214cc75014ef - - default default] Successfully bumped revision number for resource 0026e8c2-0b44-4c3f-a4db-bda6f3018f06 (type: security_group_rules) to 0
2026-06-22 03:06:30.611 10 INFO neutron.db.ovn_revision_numbers_db [None req-9b598311-afde-4310-8cb1-30ff4c5a4ff8 85f301e2e9cb4710adffa45a4b4246bf 9e17edfe74f846fbb163214cc75014ef - - default default] Successfully bumped revision number for resource 07da7915-63a9-40ed-83c9-701ae6e48da8 (type: security_group_rules) to 0
2026-06-22 03:06:30.633 10 INFO neutron.db.ovn_revision_numbers_db [None req-9b598311-afde-4310-8cb1-30ff4c5a4ff8 85f301e2e9cb4710adffa45a4b4246bf 9e17edfe74f846fbb163214cc75014ef - - default default] Successfully bumped revision number for resource 3ba83779-26ec-42d0-aeb9-ce4ed26c346b (type: security_group_rules) to 0
2026-06-22 03:06:30.653 10 INFO neutron.db.ovn_revision_numbers_db [None req-9b598311-afde-4310-8cb1-30ff4c5a4ff8 85f301e2e9cb4710adffa45a4b4246bf 9e17edfe74f846fbb163214cc75014ef - - default default] Successfully bumped revision number for resource c6baf41b-671f-494b-8797-ef9d56cd1edf (type: security_group_rules) to 0
2026-06-22 03:06:30.681 10 INFO neutron.wsgi [None req-9b598311-afde-4310-8cb1-30ff4c5a4ff8 85f301e2e9cb4710adffa45a4b4246bf 9e17edfe74f846fbb163214cc75014ef - - default default] 10.0.0.71 "GET /v2.0/security-groups?tenant_id=2e1e2f53429347ff9637c24942cf0523&name=default HTTP/1.1" status: 200 len: 3120 time: 0.4754975
2026-06-22 03:06:30.819 10 INFO neutron.wsgi [None req-d42707cd-7c27-4277-9dd3-34bdb6690f94 85f301e2e9cb4710adffa45a4b4246bf 9e17edfe74f846fbb163214cc75014ef - - default default] 10.0.0.71 "DELETE /v2.0/security-groups/0105451d-c527-4623-b745-dbb3adfd0cb2 HTTP/1.1" status: 204 len: 168 time: 0.2672954
2026-06-22 03:06:30.925 10 INFO neutron.wsgi [None req-639edcab-ef5a-474d-b373-c445f9334f85 85f301e2e9cb4710adffa45a4b4246bf 9e17edfe74f846fbb163214cc75014ef - - default default] 10.0.0.71 "DELETE /v2.0/security-groups/9c0201b3-6511-42f5-9e2d-63b55d675325 HTTP/1.1" status: 204 len: 168 time: 0.2365096
2026-06-22 03:06:31.331 10 WARNING neutron_lib.context [None req-76092892-0890-4769-a326-9188eb346e38 13b8d73f616d44c0af3de6ac0c9e4c65 b8c73490d03a443f9eb2677cbdda4d17 - - default default] Method 'is_advsvc' is deprecated since 2023.2 release (neutron-lib 3.8.0) and will be removed once support for the old RBAC API policies will be removed from Neutron. Please use method 'is_service_role' instead.
2026-06-22 03:06:31.512 10 INFO neutron.db.ovn_revision_numbers_db [None req-76092892-0890-4769-a326-9188eb346e38 13b8d73f616d44c0af3de6ac0c9e4c65 b8c73490d03a443f9eb2677cbdda4d17 - - default default] Successfully bumped revision number for resource 6cf9606b-9748-4dda-be32-b4268db8c88c (type: security_groups) to 1
2026-06-22 03:06:31.534 10 INFO neutron.db.ovn_revision_numbers_db [None req-76092892-0890-4769-a326-9188eb346e38 13b8d73f616d44c0af3de6ac0c9e4c65 b8c73490d03a443f9eb2677cbdda4d17 - - default default] Successfully bumped revision number for resource 0e3e3047-f0b3-4499-859b-d4d2810a432a (type: security_group_rules) to 0
2026-06-22 03:06:31.564 10 INFO neutron.db.ovn_revision_numbers_db [None req-76092892-0890-4769-a326-9188eb346e38 13b8d73f616d44c0af3de6ac0c9e4c65 b8c73490d03a443f9eb2677cbdda4d17 - - default default] Successfully bumped revision number for resource 2abe9c9c-0a77-4517-a094-f2c0e71efad7 (type: security_group_rules) to 0
2026-06-22 03:06:31.583 10 INFO neutron.db.ovn_revision_numbers_db [None req-76092892-0890-4769-a326-9188eb346e38 13b8d73f616d44c0af3de6ac0c9e4c65 b8c73490d03a443f9eb2677cbdda4d17 - - default default] Successfully bumped revision number for resource 4063f313-845d-46db-b2c2-04ef81adef97 (type: security_group_rules) to 0
2026-06-22 03:06:31.603 10 INFO neutron.db.ovn_revision_numbers_db [None req-76092892-0890-4769-a326-9188eb346e38 13b8d73f616d44c0af3de6ac0c9e4c65 b8c73490d03a443f9eb2677cbdda4d17 - - default default] Successfully bumped revision number for resource afd1beae-e1bf-4acb-b440-7d626c1e07a2 (type: security_group_rules) to 0
2026-06-22 03:06:31.660 10 INFO neutron.db.segments_db [None req-76092892-0890-4769-a326-9188eb346e38 13b8d73f616d44c0af3de6ac0c9e4c65 b8c73490d03a443f9eb2677cbdda4d17 - - default default] Added segment c406a1fd-20d8-4ceb-83d7-ac988ef10365 of type geneve for network cba2427d-d226-4709-9c4d-2d1170927a99
2026-06-22 03:06:31.814 10 INFO neutron.db.ovn_revision_numbers_db [None req-76092892-0890-4769-a326-9188eb346e38 13b8d73f616d44c0af3de6ac0c9e4c65 b8c73490d03a443f9eb2677cbdda4d17 - - default default] Successfully bumped revision number for resource cba2427d-d226-4709-9c4d-2d1170927a99 (type: networks) to 1
2026-06-22 03:06:32.022 10 WARNING neutron.scheduler.dhcp_agent_scheduler [None req-76092892-0890-4769-a326-9188eb346e38 13b8d73f616d44c0af3de6ac0c9e4c65 b8c73490d03a443f9eb2677cbdda4d17 - - default default] No more DHCP agents
2026-06-22 03:06:32.024 10 WARNING neutron.api.rpc.agentnotifiers.dhcp_rpc_agent_api [None req-76092892-0890-4769-a326-9188eb346e38 13b8d73f616d44c0af3de6ac0c9e4c65 b8c73490d03a443f9eb2677cbdda4d17 - - default default] Unable to schedule network cba2427d-d226-4709-9c4d-2d1170927a99: no agents available; will retry on subsequent port and subnet creation events.
2026-06-22 03:06:32.144 10 INFO neutron.db.ovn_revision_numbers_db [None req-76092892-0890-4769-a326-9188eb346e38 13b8d73f616d44c0af3de6ac0c9e4c65 b8c73490d03a443f9eb2677cbdda4d17 - - default default] Successfully bumped revision number for resource cca1ff7a-ead4-49b3-975c-0ac5b1ad2e45 (type: ports) to 1
2026-06-22 03:06:32.181 10 INFO neutron.wsgi [None req-76092892-0890-4769-a326-9188eb346e38 13b8d73f616d44c0af3de6ac0c9e4c65 b8c73490d03a443f9eb2677cbdda4d17 - - default default] 10.0.0.71 "POST /v2.0/networks HTTP/1.1" status: 201 len: 831 time: 1.1532741
2026-06-22 03:06:32.198 10 WARNING neutron_lib.context [None req-9d426477-63b9-443c-b8fa-e0ba6769d9bd 13b8d73f616d44c0af3de6ac0c9e4c65 b8c73490d03a443f9eb2677cbdda4d17 - - default default] Method 'is_advsvc' is deprecated since 2023.2 release (neutron-lib 3.8.0) and will be removed once support for the old RBAC API policies will be removed from Neutron. Please use method 'is_service_role' instead.
2026-06-22 03:06:32.525 10 WARNING neutron.scheduler.dhcp_agent_scheduler [None req-9d426477-63b9-443c-b8fa-e0ba6769d9bd 13b8d73f616d44c0af3de6ac0c9e4c65 b8c73490d03a443f9eb2677cbdda4d17 - - default default] No more DHCP agents
2026-06-22 03:06:32.528 10 WARNING neutron.api.rpc.agentnotifiers.dhcp_rpc_agent_api [None req-9d426477-63b9-443c-b8fa-e0ba6769d9bd 13b8d73f616d44c0af3de6ac0c9e4c65 b8c73490d03a443f9eb2677cbdda4d17 - - default default] Unable to schedule network cba2427d-d226-4709-9c4d-2d1170927a99: no agents available; will retry on subsequent port and subnet creation events.
2026-06-22 03:06:32.618 10 INFO neutron.db.ovn_revision_numbers_db [None req-9d426477-63b9-443c-b8fa-e0ba6769d9bd 13b8d73f616d44c0af3de6ac0c9e4c65 b8c73490d03a443f9eb2677cbdda4d17 - - default default] Successfully bumped revision number for resource 38cd290c-f5dc-4b08-a239-f563803e7114 (type: ports) to 1
2026-06-22 03:06:32.644 10 INFO neutron.wsgi [None req-9d426477-63b9-443c-b8fa-e0ba6769d9bd 13b8d73f616d44c0af3de6ac0c9e4c65 b8c73490d03a443f9eb2677cbdda4d17 - - default default] 10.0.0.71 "POST /v2.0/ports HTTP/1.1" status: 201 len: 942 time: 0.4552763 /var/lib/openstack/lib/python3.10/site-packages/pycadf/identifier.py:71: UserWarning: Invalid uuid: neutron. To ensure interoperability, identifiers should be a valid uuid. warnings.warn(('Invalid uuid: %s. To ensure interoperability, '
2026-06-22 03:06:32.656 10 WARNING neutron_lib.context [None req-ed907db1-a641-4714-b4bf-d9862e1aa675 13b8d73f616d44c0af3de6ac0c9e4c65 b8c73490d03a443f9eb2677cbdda4d17 - - default default] Method 'is_advsvc' is deprecated since 2023.2 release (neutron-lib 3.8.0) and will be removed once support for the old RBAC API policies will be removed from Neutron. Please use method 'is_service_role' instead.
2026-06-22 03:06:32.751 10 INFO neutron.db.segments_db [None req-ed907db1-a641-4714-b4bf-d9862e1aa675 13b8d73f616d44c0af3de6ac0c9e4c65 b8c73490d03a443f9eb2677cbdda4d17 - - default default] Added segment 12a5e172-ac98-4338-912a-da55f9716f11 of type geneve for network 7ed34589-999e-4128-b457-0a94f5eb8d87
2026-06-22 03:06:33.262 10 INFO neutron.db.ovn_revision_numbers_db [None req-ed907db1-a641-4714-b4bf-d9862e1aa675 13b8d73f616d44c0af3de6ac0c9e4c65 b8c73490d03a443f9eb2677cbdda4d17 - - default default] Successfully bumped revision number for resource 7ed34589-999e-4128-b457-0a94f5eb8d87 (type: networks) to 1
2026-06-22 03:06:33.497 10 WARNING neutron.scheduler.dhcp_agent_scheduler [None req-ed907db1-a641-4714-b4bf-d9862e1aa675 13b8d73f616d44c0af3de6ac0c9e4c65 b8c73490d03a443f9eb2677cbdda4d17 - - default default] No more DHCP agents
2026-06-22 03:06:33.500 10 WARNING neutron.api.rpc.agentnotifiers.dhcp_rpc_agent_api [None req-ed907db1-a641-4714-b4bf-d9862e1aa675 13b8d73f616d44c0af3de6ac0c9e4c65 b8c73490d03a443f9eb2677cbdda4d17 - - default default] Unable to schedule network 7ed34589-999e-4128-b457-0a94f5eb8d87: no agents available; will retry on subsequent port and subnet creation events.
2026-06-22 03:06:33.591 10 INFO neutron.db.ovn_revision_numbers_db [None req-ed907db1-a641-4714-b4bf-d9862e1aa675 13b8d73f616d44c0af3de6ac0c9e4c65 b8c73490d03a443f9eb2677cbdda4d17 - - default default] Successfully bumped revision number for resource 03277091-ba71-4df6-8480-b0ef9390c60c (type: ports) to 1
2026-06-22 03:06:33.617 10 INFO neutron.wsgi [None req-ed907db1-a641-4714-b4bf-d9862e1aa675 13b8d73f616d44c0af3de6ac0c9e4c65 b8c73490d03a443f9eb2677cbdda4d17 - - default default] 10.0.0.71 "POST /v2.0/networks HTTP/1.1" status: 201 len: 830 time: 0.9660404
2026-06-22 03:06:33.627 10 WARNING neutron_lib.context [None req-6380ec0d-3fd0-412c-b770-1fdf52a348c8 13b8d73f616d44c0af3de6ac0c9e4c65 b8c73490d03a443f9eb2677cbdda4d17 - - default default] Method 'is_advsvc' is deprecated since 2023.2 release (neutron-lib 3.8.0) and will be removed once support for the old RBAC API policies will be removed from Neutron. Please use method 'is_service_role' instead.
2026-06-22 03:06:33.905 10 WARNING neutron.scheduler.dhcp_agent_scheduler [None req-6380ec0d-3fd0-412c-b770-1fdf52a348c8 13b8d73f616d44c0af3de6ac0c9e4c65 b8c73490d03a443f9eb2677cbdda4d17 - - default default] No more DHCP agents
2026-06-22 03:06:33.907 10 WARNING neutron.api.rpc.agentnotifiers.dhcp_rpc_agent_api [None req-6380ec0d-3fd0-412c-b770-1fdf52a348c8 13b8d73f616d44c0af3de6ac0c9e4c65 b8c73490d03a443f9eb2677cbdda4d17 - - default default] Unable to schedule network 7ed34589-999e-4128-b457-0a94f5eb8d87: no agents available; will retry on subsequent port and subnet creation events.
2026-06-22 03:06:34.001 10 INFO neutron.db.ovn_revision_numbers_db [None req-6380ec0d-3fd0-412c-b770-1fdf52a348c8 13b8d73f616d44c0af3de6ac0c9e4c65 b8c73490d03a443f9eb2677cbdda4d17 - - default default] Successfully bumped revision number for resource fa7a6cb6-697c-4a50-8d66-e581f1b227e1 (type: ports) to 1
2026-06-22 03:06:34.026 10 INFO neutron.wsgi [None req-6380ec0d-3fd0-412c-b770-1fdf52a348c8 13b8d73f616d44c0af3de6ac0c9e4c65 b8c73490d03a443f9eb2677cbdda4d17 - - default default] 10.0.0.71 "POST /v2.0/ports HTTP/1.1" status: 201 len: 942 time: 0.4045515 /var/lib/openstack/lib/python3.10/site-packages/pycadf/identifier.py:71: UserWarning: Invalid uuid: neutron. To ensure interoperability, identifiers should be a valid uuid. warnings.warn(('Invalid uuid: %s. To ensure interoperability, '
2026-06-22 03:06:34.037 10 WARNING neutron_lib.context [None req-a7f6aecd-be46-45a7-b463-c21052e7196a 13b8d73f616d44c0af3de6ac0c9e4c65 b8c73490d03a443f9eb2677cbdda4d17 - - default default] Method 'is_advsvc' is deprecated since 2023.2 release (neutron-lib 3.8.0) and will be removed once support for the old RBAC API policies will be removed from Neutron. Please use method 'is_service_role' instead.
2026-06-22 03:06:34.130 10 INFO neutron.db.segments_db [None req-a7f6aecd-be46-45a7-b463-c21052e7196a 13b8d73f616d44c0af3de6ac0c9e4c65 b8c73490d03a443f9eb2677cbdda4d17 - - default default] Added segment f7e362fe-ceab-4b19-bc57-96de6a6f960e of type geneve for network 99f01457-1c90-4bdf-bc47-58901b61060d
2026-06-22 03:06:34.300 10 INFO neutron.db.ovn_revision_numbers_db [None req-a7f6aecd-be46-45a7-b463-c21052e7196a 13b8d73f616d44c0af3de6ac0c9e4c65 b8c73490d03a443f9eb2677cbdda4d17 - - default default] Successfully bumped revision number for resource 99f01457-1c90-4bdf-bc47-58901b61060d (type: networks) to 1
2026-06-22 03:06:34.592 10 WARNING neutron.scheduler.dhcp_agent_scheduler [None req-a7f6aecd-be46-45a7-b463-c21052e7196a 13b8d73f616d44c0af3de6ac0c9e4c65 b8c73490d03a443f9eb2677cbdda4d17 - - default default] No more DHCP agents
2026-06-22 03:06:34.594 10 WARNING neutron.api.rpc.agentnotifiers.dhcp_rpc_agent_api [None req-a7f6aecd-be46-45a7-b463-c21052e7196a 13b8d73f616d44c0af3de6ac0c9e4c65 b8c73490d03a443f9eb2677cbdda4d17 - - default default] Unable to schedule network 99f01457-1c90-4bdf-bc47-58901b61060d: no agents available; will retry on subsequent port and subnet creation events.
2026-06-22 03:06:34.703 10 INFO neutron.db.ovn_revision_numbers_db [None req-a7f6aecd-be46-45a7-b463-c21052e7196a 13b8d73f616d44c0af3de6ac0c9e4c65 b8c73490d03a443f9eb2677cbdda4d17 - - default default] Successfully bumped revision number for resource d7fa3d90-9122-45e2-8753-b152ad1e98a1 (type: ports) to 1
2026-06-22 03:06:34.730 10 INFO neutron.wsgi [None req-a7f6aecd-be46-45a7-b463-c21052e7196a 13b8d73f616d44c0af3de6ac0c9e4c65 b8c73490d03a443f9eb2677cbdda4d17 - - default default] 10.0.0.71 "POST /v2.0/networks HTTP/1.1" status: 201 len: 831 time: 0.6981518
