2026-06-22 03:05:36.780 9 INFO neutron.db.segments_db [None req-300a61f2-3f50-4e3f-b53f-9c8b2e8effb5 36301c6defd84c11881033410a7b2eac 85284dd8d976495ba650cfff74011f51 - - default default] Added segment 102e6302-cae4-4414-ad25-77091fc9787c of type geneve for network 88348379-e7cd-41bc-b18c-12b928c931a9
2026-06-22 03:05:36.908 10 WARNING neutron_lib.context [None req-a908d474-1f0d-43ac-bfd2-e6100a7842ab fbc16d9c6fa44c2aa274e85d01012130 54e9d47aafe948e49a15a1ad75767219 - - default default] Method 'is_advsvc' is deprecated since 2023.2 release (neutron-lib 3.8.0) and will be removed once support for the old RBAC API policies will be removed from Neutron. Please use method 'is_service_role' instead.
2026-06-22 03:05:36.936 9 INFO neutron.db.ovn_revision_numbers_db [None req-300a61f2-3f50-4e3f-b53f-9c8b2e8effb5 36301c6defd84c11881033410a7b2eac 85284dd8d976495ba650cfff74011f51 - - default default] Successfully bumped revision number for resource 88348379-e7cd-41bc-b18c-12b928c931a9 (type: networks) to 1
2026-06-22 03:05:37.054 10 INFO neutron.db.ovn_revision_numbers_db [None req-a908d474-1f0d-43ac-bfd2-e6100a7842ab fbc16d9c6fa44c2aa274e85d01012130 54e9d47aafe948e49a15a1ad75767219 - - default default] Successfully bumped revision number for resource 2389d635-6416-46e8-8773-fa36b10b32b8 (type: security_groups) to 1
2026-06-22 03:05:37.069 10 INFO neutron.db.ovn_revision_numbers_db [None req-a908d474-1f0d-43ac-bfd2-e6100a7842ab fbc16d9c6fa44c2aa274e85d01012130 54e9d47aafe948e49a15a1ad75767219 - - default default] Successfully bumped revision number for resource 072b6659-d5e5-4913-937e-9f354c6a8112 (type: security_group_rules) to 0
2026-06-22 03:05:37.088 10 INFO neutron.db.ovn_revision_numbers_db [None req-a908d474-1f0d-43ac-bfd2-e6100a7842ab fbc16d9c6fa44c2aa274e85d01012130 54e9d47aafe948e49a15a1ad75767219 - - default default] Successfully bumped revision number for resource 865dcd62-8d29-4df4-9620-f7fe666c3e1b (type: security_group_rules) to 0
2026-06-22 03:05:37.107 10 INFO neutron.db.ovn_revision_numbers_db [None req-a908d474-1f0d-43ac-bfd2-e6100a7842ab fbc16d9c6fa44c2aa274e85d01012130 54e9d47aafe948e49a15a1ad75767219 - - default default] Successfully bumped revision number for resource 97cb88b9-48ee-4eb3-b63b-7073c82631c6 (type: security_group_rules) to 0
2026-06-22 03:05:37.123 10 INFO neutron.db.ovn_revision_numbers_db [None req-a908d474-1f0d-43ac-bfd2-e6100a7842ab fbc16d9c6fa44c2aa274e85d01012130 54e9d47aafe948e49a15a1ad75767219 - - default default] Successfully bumped revision number for resource ee627d63-94e0-4d9d-b226-71622b6dbf4e (type: security_group_rules) to 0
2026-06-22 03:05:37.146 9 WARNING neutron.scheduler.dhcp_agent_scheduler [None req-300a61f2-3f50-4e3f-b53f-9c8b2e8effb5 36301c6defd84c11881033410a7b2eac 85284dd8d976495ba650cfff74011f51 - - default default] No more DHCP agents
2026-06-22 03:05:37.148 9 WARNING neutron.api.rpc.agentnotifiers.dhcp_rpc_agent_api [None req-300a61f2-3f50-4e3f-b53f-9c8b2e8effb5 36301c6defd84c11881033410a7b2eac 85284dd8d976495ba650cfff74011f51 - - default default] Unable to schedule network 88348379-e7cd-41bc-b18c-12b928c931a9: no agents available; will retry on subsequent port and subnet creation events.
2026-06-22 03:05:37.182 10 INFO neutron.db.segments_db [None req-a908d474-1f0d-43ac-bfd2-e6100a7842ab fbc16d9c6fa44c2aa274e85d01012130 54e9d47aafe948e49a15a1ad75767219 - - default default] Added segment fc9f75dc-5899-40d2-9dfc-00421cb775d7 of type geneve for network 05a5cd21-6f66-49e1-9fb1-e2cd8e47c54f
2026-06-22 03:05:37.242 9 INFO neutron.db.ovn_revision_numbers_db [None req-300a61f2-3f50-4e3f-b53f-9c8b2e8effb5 36301c6defd84c11881033410a7b2eac 85284dd8d976495ba650cfff74011f51 - - default default] Successfully bumped revision number for resource 9c2a28db-ad71-4b68-94f0-cf9bc2d965f0 (type: ports) to 1
2026-06-22 03:05:37.270 9 INFO neutron.wsgi [None req-300a61f2-3f50-4e3f-b53f-9c8b2e8effb5 36301c6defd84c11881033410a7b2eac 85284dd8d976495ba650cfff74011f51 - - default default] 10.0.0.71 "POST /v2.0/networks HTTP/1.1" status: 201 len: 829 time: 0.5971367
2026-06-22 03:05:37.284 9 WARNING neutron_lib.context [None req-24fe4c62-d22d-475a-9c42-494b2d22870f 36301c6defd84c11881033410a7b2eac 85284dd8d976495ba650cfff74011f51 - - default default] Method 'is_advsvc' is deprecated since 2023.2 release (neutron-lib 3.8.0) and will be removed once support for the old RBAC API policies will be removed from Neutron. Please use method 'is_service_role' instead.
2026-06-22 03:05:37.376 10 INFO neutron.db.ovn_revision_numbers_db [None req-a908d474-1f0d-43ac-bfd2-e6100a7842ab fbc16d9c6fa44c2aa274e85d01012130 54e9d47aafe948e49a15a1ad75767219 - - default default] Successfully bumped revision number for resource 05a5cd21-6f66-49e1-9fb1-e2cd8e47c54f (type: networks) to 1
2026-06-22 03:05:37.587 9 WARNING neutron.scheduler.dhcp_agent_scheduler [None req-24fe4c62-d22d-475a-9c42-494b2d22870f 36301c6defd84c11881033410a7b2eac 85284dd8d976495ba650cfff74011f51 - - default default] No more DHCP agents
2026-06-22 03:05:37.589 9 WARNING neutron.api.rpc.agentnotifiers.dhcp_rpc_agent_api [None req-24fe4c62-d22d-475a-9c42-494b2d22870f 36301c6defd84c11881033410a7b2eac 85284dd8d976495ba650cfff74011f51 - - default default] Unable to schedule network 05f569c6-c982-4ba3-80fa-c25b34bc7fdc: no agents available; will retry on subsequent port and subnet creation events.
2026-06-22 03:05:37.627 10 WARNING neutron.scheduler.dhcp_agent_scheduler [None req-a908d474-1f0d-43ac-bfd2-e6100a7842ab fbc16d9c6fa44c2aa274e85d01012130 54e9d47aafe948e49a15a1ad75767219 - - default default] No more DHCP agents
2026-06-22 03:05:37.630 10 WARNING neutron.api.rpc.agentnotifiers.dhcp_rpc_agent_api [None req-a908d474-1f0d-43ac-bfd2-e6100a7842ab fbc16d9c6fa44c2aa274e85d01012130 54e9d47aafe948e49a15a1ad75767219 - - default default] Unable to schedule network 05a5cd21-6f66-49e1-9fb1-e2cd8e47c54f: no agents available; will retry on subsequent port and subnet creation events.
2026-06-22 03:05:37.723 10 INFO neutron.db.ovn_revision_numbers_db [None req-a908d474-1f0d-43ac-bfd2-e6100a7842ab fbc16d9c6fa44c2aa274e85d01012130 54e9d47aafe948e49a15a1ad75767219 - - default default] Successfully bumped revision number for resource 1252ffee-39a4-4392-832c-69bcde430562 (type: ports) to 1
2026-06-22 03:05:37.749 10 INFO neutron.wsgi [None req-a908d474-1f0d-43ac-bfd2-e6100a7842ab fbc16d9c6fa44c2aa274e85d01012130 54e9d47aafe948e49a15a1ad75767219 - - default default] 10.0.0.71 "POST /v2.0/networks HTTP/1.1" status: 201 len: 833 time: 1.0402613
2026-06-22 03:05:37.760 10 WARNING neutron_lib.context [None req-d74ff723-dea2-4516-8cc4-5145f39cff3f fbc16d9c6fa44c2aa274e85d01012130 54e9d47aafe948e49a15a1ad75767219 - - default default] Method 'is_advsvc' is deprecated since 2023.2 release (neutron-lib 3.8.0) and will be removed once support for the old RBAC API policies will be removed from Neutron. Please use method 'is_service_role' instead.
2026-06-22 03:05:37.860 10 INFO neutron.db.segments_db [None req-d74ff723-dea2-4516-8cc4-5145f39cff3f fbc16d9c6fa44c2aa274e85d01012130 54e9d47aafe948e49a15a1ad75767219 - - default default] Added segment 6f3ff027-ff84-4451-8720-47c7a429b77b of type geneve for network 813e3718-db4e-48ea-94a3-e7b5e08e866a
2026-06-22 03:05:38.058 10 INFO neutron.db.ovn_revision_numbers_db [None req-d74ff723-dea2-4516-8cc4-5145f39cff3f fbc16d9c6fa44c2aa274e85d01012130 54e9d47aafe948e49a15a1ad75767219 - - default default] Successfully bumped revision number for resource 813e3718-db4e-48ea-94a3-e7b5e08e866a (type: networks) to 1
2026-06-22 03:05:38.170 9 INFO neutron.db.ovn_revision_numbers_db [None req-24fe4c62-d22d-475a-9c42-494b2d22870f 36301c6defd84c11881033410a7b2eac 85284dd8d976495ba650cfff74011f51 - - default default] Successfully bumped revision number for resource ae37b151-4ac6-4a47-ab1e-35626ed7df20 (type: ports) to 2
2026-06-22 03:05:38.206 9 INFO neutron.db.ovn_revision_numbers_db [None req-24fe4c62-d22d-475a-9c42-494b2d22870f 36301c6defd84c11881033410a7b2eac 85284dd8d976495ba650cfff74011f51 - - default default] Successfully bumped revision number for resource d79fed48-acdb-4a48-b654-3bd96eb3ecc5 (type: subnets) to 0
2026-06-22 03:05:38.227 9 INFO neutron.wsgi [None req-24fe4c62-d22d-475a-9c42-494b2d22870f 36301c6defd84c11881033410a7b2eac 85284dd8d976495ba650cfff74011f51 - - default default] 10.0.0.71 "POST /v2.0/subnets HTTP/1.1" status: 201 len: 801 time: 0.9496737
2026-06-22 03:05:38.247 10 WARNING neutron_lib.context [None req-0bf2b3f2-603c-4c5a-946c-2f4cd5f9735a 36301c6defd84c11881033410a7b2eac 85284dd8d976495ba650cfff74011f51 - - default default] Method 'is_advsvc' is deprecated since 2023.2 release (neutron-lib 3.8.0) and will be removed once support for the old RBAC API policies will be removed from Neutron. Please use method 'is_service_role' instead.
2026-06-22 03:05:38.283 10 WARNING neutron.scheduler.dhcp_agent_scheduler [None req-d74ff723-dea2-4516-8cc4-5145f39cff3f fbc16d9c6fa44c2aa274e85d01012130 54e9d47aafe948e49a15a1ad75767219 - - default default] No more DHCP agents
2026-06-22 03:05:38.291 10 WARNING neutron.api.rpc.agentnotifiers.dhcp_rpc_agent_api [None req-d74ff723-dea2-4516-8cc4-5145f39cff3f fbc16d9c6fa44c2aa274e85d01012130 54e9d47aafe948e49a15a1ad75767219 - - default default] Unable to schedule network 813e3718-db4e-48ea-94a3-e7b5e08e866a: no agents available; will retry on subsequent port and subnet creation events.
2026-06-22 03:05:38.469 9 INFO neutron.wsgi [req-4015ad21-4fce-4d23-92b4-5c0893b1d6f6 req-cadb1f2c-a91e-4743-bb02-a7c65d2c4fa8 ddad650685dd43b9aa0a072a6ceb1eca a07b64586c2e444fb76c679543faec05 - - d5f287be118a4de3998f7755fc2fc464 d5f287be118a4de3998f7755fc2fc464] 10.0.0.224 "GET /v2.0/ports?device_id=49dc87f0-1802-4859-b558-694357d774af HTTP/1.1" status: 200 len: 1413 time: 0.0467823
2026-06-22 03:05:38.480 10 INFO neutron.db.ovn_revision_numbers_db [None req-d74ff723-dea2-4516-8cc4-5145f39cff3f fbc16d9c6fa44c2aa274e85d01012130 54e9d47aafe948e49a15a1ad75767219 - - default default] Successfully bumped revision number for resource 269178bc-8774-4eb1-af45-23121bf65c8a (type: ports) to 1
2026-06-22 03:05:38.514 10 INFO neutron.wsgi [None req-d74ff723-dea2-4516-8cc4-5145f39cff3f fbc16d9c6fa44c2aa274e85d01012130 54e9d47aafe948e49a15a1ad75767219 - - default default] 10.0.0.71 "POST /v2.0/networks HTTP/1.1" status: 201 len: 833 time: 0.7599173
2026-06-22 03:05:38.527 9 INFO neutron.wsgi [req-4015ad21-4fce-4d23-92b4-5c0893b1d6f6 req-42d1f464-65c7-4f42-83f8-c8eee631eb40 ddad650685dd43b9aa0a072a6ceb1eca a07b64586c2e444fb76c679543faec05 - - d5f287be118a4de3998f7755fc2fc464 d5f287be118a4de3998f7755fc2fc464] 10.0.0.224 "GET /v2.0/security-groups?id=f00c7b9e-b394-4e3a-afe9-b9b4b81f280f&fields=id&fields=name HTTP/1.1" status: 200 len: 312 time: 0.0501149
2026-06-22 03:05:38.528 10 WARNING neutron_lib.context [None req-ee6dabad-8c0c-4937-9811-3a71007aec43 fbc16d9c6fa44c2aa274e85d01012130 54e9d47aafe948e49a15a1ad75767219 - - default default] Method 'is_advsvc' is deprecated since 2023.2 release (neutron-lib 3.8.0) and will be removed once support for the old RBAC API policies will be removed from Neutron. Please use method 'is_service_role' instead.
2026-06-22 03:05:38.672 10 WARNING neutron.scheduler.dhcp_agent_scheduler [None req-0bf2b3f2-603c-4c5a-946c-2f4cd5f9735a 36301c6defd84c11881033410a7b2eac 85284dd8d976495ba650cfff74011f51 - - default default] No more DHCP agents
2026-06-22 03:05:38.679 10 WARNING neutron.api.rpc.agentnotifiers.dhcp_rpc_agent_api [None req-0bf2b3f2-603c-4c5a-946c-2f4cd5f9735a 36301c6defd84c11881033410a7b2eac 85284dd8d976495ba650cfff74011f51 - - default default] Unable to schedule network 88348379-e7cd-41bc-b18c-12b928c931a9: no agents available; will retry on subsequent port and subnet creation events.
2026-06-22 03:05:38.947 10 WARNING neutron.scheduler.dhcp_agent_scheduler [None req-ee6dabad-8c0c-4937-9811-3a71007aec43 fbc16d9c6fa44c2aa274e85d01012130 54e9d47aafe948e49a15a1ad75767219 - - default default] No more DHCP agents
2026-06-22 03:05:38.956 10 WARNING neutron.api.rpc.agentnotifiers.dhcp_rpc_agent_api [None req-ee6dabad-8c0c-4937-9811-3a71007aec43 fbc16d9c6fa44c2aa274e85d01012130 54e9d47aafe948e49a15a1ad75767219 - - default default] Unable to schedule network 05a5cd21-6f66-49e1-9fb1-e2cd8e47c54f: no agents available; will retry on subsequent port and subnet creation events.
2026-06-22 03:05:39.021 10 INFO neutron.db.ovn_revision_numbers_db [None req-ee6dabad-8c0c-4937-9811-3a71007aec43 fbc16d9c6fa44c2aa274e85d01012130 54e9d47aafe948e49a15a1ad75767219 - - default default] Successfully bumped revision number for resource cbf827e1-0171-4708-8f41-eb0a371e2d61 (type: subnets) to 0
2026-06-22 03:05:39.051 10 INFO neutron.wsgi [None req-ee6dabad-8c0c-4937-9811-3a71007aec43 fbc16d9c6fa44c2aa274e85d01012130 54e9d47aafe948e49a15a1ad75767219 - - default default] 10.0.0.71 "POST /v2.0/subnets HTTP/1.1" status: 201 len: 821 time: 0.5294976
2026-06-22 03:05:39.062 10 WARNING neutron_lib.context [None req-7edb43c3-0aaf-4f76-a2f5-e2fecbb597ca fbc16d9c6fa44c2aa274e85d01012130 54e9d47aafe948e49a15a1ad75767219 - - default default] Method 'is_advsvc' is deprecated since 2023.2 release (neutron-lib 3.8.0) and will be removed once support for the old RBAC API policies will be removed from Neutron. Please use method 'is_service_role' instead.
2026-06-22 03:05:39.669 9 WARNING neutron_lib.context [None req-ef1b93b3-24c1-4150-8f6e-f8870efd5e1e 248434906ad54da586bf07812a66cf58 02e69465ec5c42adbc26e70a34d182ae - - default default] Method 'is_advsvc' is deprecated since 2023.2 release (neutron-lib 3.8.0) and will be removed once support for the old RBAC API policies will be removed from Neutron. Please use method 'is_service_role' instead.
2026-06-22 03:05:39.833 9 INFO neutron.db.ovn_revision_numbers_db [None req-ef1b93b3-24c1-4150-8f6e-f8870efd5e1e 248434906ad54da586bf07812a66cf58 02e69465ec5c42adbc26e70a34d182ae - - default default] Successfully bumped revision number for resource 127b00cb-05b2-4939-81e9-204bb9a21478 (type: security_groups) to 1
2026-06-22 03:05:39.847 9 INFO neutron.db.ovn_revision_numbers_db [None req-ef1b93b3-24c1-4150-8f6e-f8870efd5e1e 248434906ad54da586bf07812a66cf58 02e69465ec5c42adbc26e70a34d182ae - - default default] Successfully bumped revision number for resource 2be1b8aa-0956-4960-838c-17407e0cafa8 (type: security_group_rules) to 0
2026-06-22 03:05:39.852 10 WARNING neutron.scheduler.dhcp_agent_scheduler [None req-7edb43c3-0aaf-4f76-a2f5-e2fecbb597ca fbc16d9c6fa44c2aa274e85d01012130 54e9d47aafe948e49a15a1ad75767219 - - default default] No more DHCP agents
2026-06-22 03:05:39.860 10 WARNING neutron.api.rpc.agentnotifiers.dhcp_rpc_agent_api [None req-7edb43c3-0aaf-4f76-a2f5-e2fecbb597ca fbc16d9c6fa44c2aa274e85d01012130 54e9d47aafe948e49a15a1ad75767219 - - default default] Unable to schedule network 813e3718-db4e-48ea-94a3-e7b5e08e866a: no agents available; will retry on subsequent port and subnet creation events.
2026-06-22 03:05:39.867 9 INFO neutron.db.ovn_revision_numbers_db [None req-ef1b93b3-24c1-4150-8f6e-f8870efd5e1e 248434906ad54da586bf07812a66cf58 02e69465ec5c42adbc26e70a34d182ae - - default default] Successfully bumped revision number for resource 3980f526-f896-4fde-b063-23a3e788f4c9 (type: security_group_rules) to 0
2026-06-22 03:05:39.884 9 INFO neutron.db.ovn_revision_numbers_db [None req-ef1b93b3-24c1-4150-8f6e-f8870efd5e1e 248434906ad54da586bf07812a66cf58 02e69465ec5c42adbc26e70a34d182ae - - default default] Successfully bumped revision number for resource 690e9b9a-f6ea-454d-aa14-9ac56722f9d9 (type: security_group_rules) to 0
2026-06-22 03:05:39.903 9 INFO neutron.db.ovn_revision_numbers_db [None req-ef1b93b3-24c1-4150-8f6e-f8870efd5e1e 248434906ad54da586bf07812a66cf58 02e69465ec5c42adbc26e70a34d182ae - - default default] Successfully bumped revision number for resource 8fe4d43f-8d0a-48f4-b3a1-e5f613ca5827 (type: security_group_rules) to 0
2026-06-22 03:05:39.916 10 INFO neutron.db.ovn_revision_numbers_db [None req-7edb43c3-0aaf-4f76-a2f5-e2fecbb597ca fbc16d9c6fa44c2aa274e85d01012130 54e9d47aafe948e49a15a1ad75767219 - - default default] Successfully bumped revision number for resource ff4b6b0f-de85-498e-b156-874919617231 (type: subnets) to 0
2026-06-22 03:05:39.934 10 INFO neutron.wsgi [None req-7edb43c3-0aaf-4f76-a2f5-e2fecbb597ca fbc16d9c6fa44c2aa274e85d01012130 54e9d47aafe948e49a15a1ad75767219 - - default default] 10.0.0.71 "POST /v2.0/subnets HTTP/1.1" status: 201 len: 830 time: 0.8763831
2026-06-22 03:05:39.945 10 INFO neutron.db.ovn_revision_numbers_db [None req-0bf2b3f2-603c-4c5a-946c-2f4cd5f9735a 36301c6defd84c11881033410a7b2eac 85284dd8d976495ba650cfff74011f51 - - default default] Successfully bumped revision number for resource 9c2a28db-ad71-4b68-94f0-cf9bc2d965f0 (type: ports) to 2
2026-06-22 03:05:39.945 9 WARNING neutron_lib.context [None req-1372d131-9478-4e47-a3b4-2c43bef520e8 fbc16d9c6fa44c2aa274e85d01012130 54e9d47aafe948e49a15a1ad75767219 - - default default] Method 'is_advsvc' is deprecated since 2023.2 release (neutron-lib 3.8.0) and will be removed once support for the old RBAC API policies will be removed from Neutron. Please use method 'is_service_role' instead.
2026-06-22 03:05:39.969 9 INFO neutron.db.segments_db [None req-ef1b93b3-24c1-4150-8f6e-f8870efd5e1e 248434906ad54da586bf07812a66cf58 02e69465ec5c42adbc26e70a34d182ae - - default default] Added segment c84da6cf-71a2-4de8-9762-aef244adcd7a of type geneve for network a0034f25-3ca5-4732-9951-f7204d848b53
2026-06-22 03:05:39.980 10 INFO neutron.db.ovn_revision_numbers_db [None req-0bf2b3f2-603c-4c5a-946c-2f4cd5f9735a 36301c6defd84c11881033410a7b2eac 85284dd8d976495ba650cfff74011f51 - - default default] Successfully bumped revision number for resource 2caf136f-88ec-4ef1-8edc-82bb172c21e7 (type: subnets) to 0
2026-06-22 03:05:39.998 10 INFO neutron.wsgi [None req-0bf2b3f2-603c-4c5a-946c-2f4cd5f9735a 36301c6defd84c11881033410a7b2eac 85284dd8d976495ba650cfff74011f51 - - default default] 10.0.0.71 "POST /v2.0/subnets HTTP/1.1" status: 201 len: 801 time: 1.7586567
2026-06-22 03:05:40.020 10 WARNING neutron_lib.context [None req-f2059a7f-8c00-4f1b-b2c3-c1548466b7f8 36301c6defd84c11881033410a7b2eac 85284dd8d976495ba650cfff74011f51 - - default default] Method 'is_advsvc' is deprecated since 2023.2 release (neutron-lib 3.8.0) and will be removed once support for the old RBAC API policies will be removed from Neutron. Please use method 'is_service_role' instead.
2026-06-22 03:05:40.186 9 INFO neutron.db.ovn_revision_numbers_db [None req-1372d131-9478-4e47-a3b4-2c43bef520e8 fbc16d9c6fa44c2aa274e85d01012130 54e9d47aafe948e49a15a1ad75767219 - - default default] Successfully bumped revision number for resource 4aa1f2b2-c906-49df-95a0-fb2abd2a19a1 (type: routers) to 1
2026-06-22 03:05:40.186 10 INFO neutron.db.ovn_revision_numbers_db [None req-f2059a7f-8c00-4f1b-b2c3-c1548466b7f8 36301c6defd84c11881033410a7b2eac 85284dd8d976495ba650cfff74011f51 - - default default] Successfully bumped revision number for resource c924d9ba-4c69-45f7-9538-98d4c064a6ce (type: routers) to 1
2026-06-22 03:05:40.204 10 INFO neutron.wsgi [None req-f2059a7f-8c00-4f1b-b2c3-c1548466b7f8 36301c6defd84c11881033410a7b2eac 85284dd8d976495ba650cfff74011f51 - - default default] 10.0.0.71 "POST /v2.0/routers HTTP/1.1" status: 201 len: 802 time: 0.1920412
2026-06-22 03:05:40.212 9 INFO neutron.wsgi [None req-1372d131-9478-4e47-a3b4-2c43bef520e8 fbc16d9c6fa44c2aa274e85d01012130 54e9d47aafe948e49a15a1ad75767219 - - default default] 10.0.0.71 "POST /v2.0/routers HTTP/1.1" status: 201 len: 806 time: 0.2734499
2026-06-22 03:05:40.217 9 INFO neutron.db.ovn_revision_numbers_db [None req-ef1b93b3-24c1-4150-8f6e-f8870efd5e1e 248434906ad54da586bf07812a66cf58 02e69465ec5c42adbc26e70a34d182ae - - default default] Successfully bumped revision number for resource a0034f25-3ca5-4732-9951-f7204d848b53 (type: networks) to 1
2026-06-22 03:05:40.415 9 WARNING neutron.scheduler.dhcp_agent_scheduler [None req-ef1b93b3-24c1-4150-8f6e-f8870efd5e1e 248434906ad54da586bf07812a66cf58 02e69465ec5c42adbc26e70a34d182ae - - default default] No more DHCP agents
2026-06-22 03:05:40.417 9 WARNING neutron.api.rpc.agentnotifiers.dhcp_rpc_agent_api [None req-ef1b93b3-24c1-4150-8f6e-f8870efd5e1e 248434906ad54da586bf07812a66cf58 02e69465ec5c42adbc26e70a34d182ae - - default default] Unable to schedule network a0034f25-3ca5-4732-9951-f7204d848b53: no agents available; will retry on subsequent port and subnet creation events.
2026-06-22 03:05:40.516 9 INFO neutron.db.ovn_revision_numbers_db [None req-ef1b93b3-24c1-4150-8f6e-f8870efd5e1e 248434906ad54da586bf07812a66cf58 02e69465ec5c42adbc26e70a34d182ae - - default default] Successfully bumped revision number for resource 048ade85-b311-4208-ad48-006a944ed28c (type: ports) to 1
2026-06-22 03:05:40.539 9 INFO neutron.wsgi [None req-ef1b93b3-24c1-4150-8f6e-f8870efd5e1e 248434906ad54da586bf07812a66cf58 02e69465ec5c42adbc26e70a34d182ae - - default default] 10.0.0.71 "POST /v2.0/networks HTTP/1.1" status: 201 len: 831 time: 1.1470058
2026-06-22 03:05:40.551 10 WARNING neutron_lib.context [None req-92a4a652-af52-4a1a-b8f5-1407fadde01a 248434906ad54da586bf07812a66cf58 02e69465ec5c42adbc26e70a34d182ae - - default default] Method 'is_advsvc' is deprecated since 2023.2 release (neutron-lib 3.8.0) and will be removed once support for the old RBAC API policies will be removed from Neutron. Please use method 'is_service_role' instead.
2026-06-22 03:05:40.968 10 WARNING neutron.scheduler.dhcp_agent_scheduler [None req-3119f0c1-1780-4508-8445-ab75b0478668 36301c6defd84c11881033410a7b2eac 85284dd8d976495ba650cfff74011f51 - - default default] No more DHCP agents
2026-06-22 03:05:40.973 10 WARNING neutron.api.rpc.agentnotifiers.dhcp_rpc_agent_api [None req-3119f0c1-1780-4508-8445-ab75b0478668 36301c6defd84c11881033410a7b2eac 85284dd8d976495ba650cfff74011f51 - - default default] Unable to schedule network 05f569c6-c982-4ba3-80fa-c25b34bc7fdc: no agents available; will retry on subsequent port and subnet creation events.
2026-06-22 03:05:41.031 10 WARNING neutron.scheduler.dhcp_agent_scheduler [None req-92a4a652-af52-4a1a-b8f5-1407fadde01a 248434906ad54da586bf07812a66cf58 02e69465ec5c42adbc26e70a34d182ae - - default default] No more DHCP agents
2026-06-22 03:05:41.036 10 WARNING neutron.scheduler.dhcp_agent_scheduler [None req-0784f759-72c3-4faa-88ba-755e28613a92 fbc16d9c6fa44c2aa274e85d01012130 54e9d47aafe948e49a15a1ad75767219 - - default default] No more DHCP agents
2026-06-22 03:05:41.039 10 WARNING neutron.api.rpc.agentnotifiers.dhcp_rpc_agent_api [None req-92a4a652-af52-4a1a-b8f5-1407fadde01a 248434906ad54da586bf07812a66cf58 02e69465ec5c42adbc26e70a34d182ae - - default default] Unable to schedule network a0034f25-3ca5-4732-9951-f7204d848b53: no agents available; will retry on subsequent port and subnet creation events.
2026-06-22 03:05:41.057 10 WARNING neutron.api.rpc.agentnotifiers.dhcp_rpc_agent_api [None req-0784f759-72c3-4faa-88ba-755e28613a92 fbc16d9c6fa44c2aa274e85d01012130 54e9d47aafe948e49a15a1ad75767219 - - default default] Unable to schedule network 05a5cd21-6f66-49e1-9fb1-e2cd8e47c54f: no agents available; will retry on subsequent port and subnet creation events.
2026-06-22 03:05:41.296 10 INFO neutron.db.ovn_revision_numbers_db [None req-0784f759-72c3-4faa-88ba-755e28613a92 fbc16d9c6fa44c2aa274e85d01012130 54e9d47aafe948e49a15a1ad75767219 - - default default] Successfully bumped revision number for resource dd3963dd-2459-4529-b705-726457a74d11 (type: ports) to 1
2026-06-22 03:05:41.337 10 INFO neutron.db.ovn_revision_numbers_db [None req-3119f0c1-1780-4508-8445-ab75b0478668 36301c6defd84c11881033410a7b2eac 85284dd8d976495ba650cfff74011f51 - - default default] Successfully bumped revision number for resource d911ac00-58a2-4d89-9e0b-cbc57a6bea3d (type: ports) to 1
2026-06-22 03:05:42.052 10 INFO neutron.plugins.ml2.drivers.ovn.mech_driver.mech_driver [None req-3e709302-db6d-4991-9ee7-1ef00f3c6a42 - - - - - -] OVN reports status down for port: 8771a436-d07b-4c92-97f0-9d4e3bf583d0
2026-06-22 03:05:42.099 9 INFO neutron.wsgi [req-37ae3843-6193-4771-addc-2e23efd61327 req-754efe98-8ffb-4eaa-84bb-bdcf78f49528 352316ba48824c048bc661d94583dafd ff984ce8357447f9b89e0c4bc2a57706 - - default default] 199.204.45.216 "GET /v2.0/ports?device_id=49dc87f0-1802-4859-b558-694357d774af HTTP/1.1" status: 200 len: 1174 time: 0.1099937
2026-06-22 03:05:42.504 10 INFO neutron.wsgi [req-80f99c00-3552-4290-a37a-69209e410b11 req-9a7acb3d-4c59-4cd9-bc53-8ecca7269ae4 352316ba48824c048bc661d94583dafd ff984ce8357447f9b89e0c4bc2a57706 - - default default] 10.0.0.149 "GET /v2.0/ports?device_id=49dc87f0-1802-4859-b558-694357d774af HTTP/1.1" status: 200 len: 1174 time: 0.4626119
2026-06-22 03:05:42.573 10 INFO neutron.notifiers.nova [-] Nova event matching ['req-29f3012a-c79c-4dbe-84de-ecb1091feb75'] response: {'server_uuid': '49dc87f0-1802-4859-b558-694357d774af', 'name': 'network-vif-unplugged', 'status': 'completed', 'tag': '8771a436-d07b-4c92-97f0-9d4e3bf583d0', 'code': 200}
2026-06-22 03:05:42.718 10 INFO neutron.wsgi [req-80f99c00-3552-4290-a37a-69209e410b11 req-d52af80f-1b03-4751-99c6-dd8020e7efec 352316ba48824c048bc661d94583dafd ff984ce8357447f9b89e0c4bc2a57706 - - default default] 10.0.0.149 "GET /v2.0/security-groups?id=f00c7b9e-b394-4e3a-afe9-b9b4b81f280f&fields=id&fields=name HTTP/1.1" status: 200 len: 312 time: 0.2016840
2026-06-22 03:05:42.854 10 ERROR ovsdbapp.backend.ovs_idl.command [None req-0784f759-72c3-4faa-88ba-755e28613a92 fbc16d9c6fa44c2aa274e85d01012130 54e9d47aafe948e49a15a1ad75767219 - - default default] Error executing command (DbGetCommand): ovsdbapp.backend.ovs_idl.idlutils.RowNotFound: Cannot find Logical_Router_Port with name=lrp-dd3963dd-2459-4529-b705-726457a74d11
2026-06-22 03:05:42.854 10 ERROR ovsdbapp.backend.ovs_idl.command
Traceback (most recent call last):
2026-06-22 03:05:42.854 10 ERROR ovsdbapp.backend.ovs_idl.command
File "/var/lib/openstack/lib/python3.10/site-packages/ovsdbapp/backend/ovs_idl/command.py", line 47, in execute
2026-06-22 03:05:42.854 10 ERROR ovsdbapp.backend.ovs_idl.command self.run_idl(None)
2026-06-22 03:05:42.854 10 ERROR ovsdbapp.backend.ovs_idl.command
File "/var/lib/openstack/lib/python3.10/site-packages/ovsdbapp/backend/ovs_idl/command.py", line 235, in run_idl
2026-06-22 03:05:42.854 10 ERROR ovsdbapp.backend.ovs_idl.command record = self.api.lookup(self.table, self.record)
2026-06-22 03:05:42.854 10 ERROR ovsdbapp.backend.ovs_idl.command
File "/var/lib/openstack/lib/python3.10/site-packages/ovsdbapp/backend/ovs_idl/__init__.py", line 184, in lookup
2026-06-22 03:05:42.854 10 ERROR ovsdbapp.backend.ovs_idl.command return self._lookup(table, record)
2026-06-22 03:05:42.854 10 ERROR ovsdbapp.backend.ovs_idl.command
File "/var/lib/openstack/lib/python3.10/site-packages/ovsdbapp/backend/ovs_idl/__init__.py", line 235, in _lookup
2026-06-22 03:05:42.854 10 ERROR ovsdbapp.backend.ovs_idl.command row = idlutils.row_by_value(self, rl.table, rl.column, record)
2026-06-22 03:05:42.854 10 ERROR ovsdbapp.backend.ovs_idl.command
File "/var/lib/openstack/lib/python3.10/site-packages/ovsdbapp/backend/ovs_idl/idlutils.py", line 114, in row_by_value
2026-06-22 03:05:42.854 10 ERROR ovsdbapp.backend.ovs_idl.command raise RowNotFound(table=table, col=column, match=match)
2026-06-22 03:05:42.854 10 ERROR ovsdbapp.backend.ovs_idl.command ovsdbapp.backend.ovs_idl.idlutils.RowNotFound: Cannot find Logical_Router_Port with name=lrp-dd3963dd-2459-4529-b705-726457a74d11
2026-06-22 03:05:42.854 10 ERROR ovsdbapp.backend.ovs_idl.command 
2026-06-22 03:05:42.855 10 ERROR neutron_lib.callbacks.manager [None req-0784f759-72c3-4faa-88ba-755e28613a92 fbc16d9c6fa44c2aa274e85d01012130 54e9d47aafe948e49a15a1ad75767219 - - default default] Error during notification for neutron.services.ovn_l3.plugin.OVNL3RouterPlugin._port_update-8752314948326 port, after_update: ovsdbapp.backend.ovs_idl.idlutils.RowNotFound: Cannot find Logical_Router_Port with name=lrp-dd3963dd-2459-4529-b705-726457a74d11
2026-06-22 03:05:42.855 10 ERROR neutron_lib.callbacks.manager
Traceback (most recent call last):
2026-06-22 03:05:42.855 10 ERROR neutron_lib.callbacks.manager
File "/var/lib/openstack/lib/python3.10/site-packages/neutron_lib/callbacks/manager.py", line 189, in _notify_loop
2026-06-22 03:05:42.855 10 ERROR neutron_lib.callbacks.manager callback.method(resource, event, trigger, payload=payload)
2026-06-22 03:05:42.855 10 ERROR neutron_lib.callbacks.manager
File "/var/lib/openstack/lib/python3.10/site-packages/neutron/services/ovn_l3/plugin.py", line 391, in _port_update
2026-06-22 03:05:42.855 10 ERROR neutron_lib.callbacks.manager l3plugin._ovn_client.update_router_port(context,
2026-06-22 03:05:42.855 10 ERROR neutron_lib.callbacks.manager
File "/var/lib/openstack/lib/python3.10/site-packages/neutron/plugins/ml2/drivers/ovn/mech_driver/ovsdb/ovn_client.py", line 1878, in update_router_port
2026-06-22 03:05:42.855 10 ERROR neutron_lib.callbacks.manager self._update_lrouter_port(context, port, if_exists=if_exists,
2026-06-22 03:05:42.855 10 ERROR neutron_lib.callbacks.manager
File "/var/lib/openstack/lib/python3.10/site-packages/neutron/plugins/ml2/drivers/ovn/mech_driver/ovsdb/ovn_client.py", line 1855, in _update_lrouter_port
2026-06-22 03:05:42.855 10 ERROR neutron_lib.callbacks.manager external_ids = self._nb_idl.db_get(
2026-06-22 03:05:42.855 10 ERROR neutron_lib.callbacks.manager
File "/var/lib/openstack/lib/python3.10/site-packages/ovsdbapp/backend/ovs_idl/command.py", line 47, in execute
2026-06-22 03:05:42.855 10 ERROR neutron_lib.callbacks.manager self.run_idl(None)
2026-06-22 03:05:42.855 10 ERROR neutron_lib.callbacks.manager
File "/var/lib/openstack/lib/python3.10/site-packages/ovsdbapp/backend/ovs_idl/command.py", line 235, in run_idl
2026-06-22 03:05:42.855 10 ERROR neutron_lib.callbacks.manager record = self.api.lookup(self.table, self.record)
2026-06-22 03:05:42.855 10 ERROR neutron_lib.callbacks.manager
File "/var/lib/openstack/lib/python3.10/site-packages/ovsdbapp/backend/ovs_idl/__init__.py", line 184, in lookup
2026-06-22 03:05:42.855 10 ERROR neutron_lib.callbacks.manager return self._lookup(table, record)
2026-06-22 03:05:42.855 10 ERROR neutron_lib.callbacks.manager
File "/var/lib/openstack/lib/python3.10/site-packages/ovsdbapp/backend/ovs_idl/__init__.py", line 235, in _lookup
2026-06-22 03:05:42.855 10 ERROR neutron_lib.callbacks.manager row = idlutils.row_by_value(self, rl.table, rl.column, record)
2026-06-22 03:05:42.855 10 ERROR neutron_lib.callbacks.manager
File "/var/lib/openstack/lib/python3.10/site-packages/ovsdbapp/backend/ovs_idl/idlutils.py", line 114, in row_by_value
2026-06-22 03:05:42.855 10 ERROR neutron_lib.callbacks.manager raise RowNotFound(table=table, col=column, match=match)
2026-06-22 03:05:42.855 10 ERROR neutron_lib.callbacks.manager ovsdbapp.backend.ovs_idl.idlutils.RowNotFound: Cannot find Logical_Router_Port with name=lrp-dd3963dd-2459-4529-b705-726457a74d11
2026-06-22 03:05:42.855 10 ERROR neutron_lib.callbacks.manager 
2026-06-22 03:05:42.861 10 INFO neutron.db.ovn_revision_numbers_db [None req-92a4a652-af52-4a1a-b8f5-1407fadde01a 248434906ad54da586bf07812a66cf58 02e69465ec5c42adbc26e70a34d182ae - - default default] Successfully bumped revision number for resource 048ade85-b311-4208-ad48-006a944ed28c (type: ports) to 2
2026-06-22 03:05:42.901 9 INFO neutron.db.l3_db [req-37ae3843-6193-4771-addc-2e23efd61327 req-86d07f1c-baf1-4200-8272-ce720dbc6090 352316ba48824c048bc661d94583dafd ff984ce8357447f9b89e0c4bc2a57706 - - default default] Floating IP 55d6bc92-d1e7-427f-b300-aefb98780b63 disassociated. External IP: 10.96.250.204, port: 8771a436-d07b-4c92-97f0-9d4e3bf583d0.
2026-06-22 03:05:42.921 10 ERROR ovsdbapp.backend.ovs_idl.command [None req-3119f0c1-1780-4508-8445-ab75b0478668 36301c6defd84c11881033410a7b2eac 85284dd8d976495ba650cfff74011f51 - - default default] Error executing command (DbGetCommand): ovsdbapp.backend.ovs_idl.idlutils.RowNotFound: Cannot find Logical_Router_Port with name=lrp-d911ac00-58a2-4d89-9e0b-cbc57a6bea3d
2026-06-22 03:05:42.921 10 ERROR ovsdbapp.backend.ovs_idl.command
Traceback (most recent call last):
2026-06-22 03:05:42.921 10 ERROR ovsdbapp.backend.ovs_idl.command
File "/var/lib/openstack/lib/python3.10/site-packages/ovsdbapp/backend/ovs_idl/command.py", line 47, in execute
2026-06-22 03:05:42.921 10 ERROR ovsdbapp.backend.ovs_idl.command self.run_idl(None)
2026-06-22 03:05:42.921 10 ERROR ovsdbapp.backend.ovs_idl.command
File "/var/lib/openstack/lib/python3.10/site-packages/ovsdbapp/backend/ovs_idl/command.py", line 235, in run_idl
2026-06-22 03:05:42.921 10 ERROR ovsdbapp.backend.ovs_idl.command record = self.api.lookup(self.table, self.record)
2026-06-22 03:05:42.921 10 ERROR ovsdbapp.backend.ovs_idl.command
File "/var/lib/openstack/lib/python3.10/site-packages/ovsdbapp/backend/ovs_idl/__init__.py", line 184, in lookup
2026-06-22 03:05:42.921 10 ERROR ovsdbapp.backend.ovs_idl.command return self._lookup(table, record)
2026-06-22 03:05:42.921 10 ERROR ovsdbapp.backend.ovs_idl.command
File "/var/lib/openstack/lib/python3.10/site-packages/ovsdbapp/backend/ovs_idl/__init__.py", line 235, in _lookup
2026-06-22 03:05:42.921 10 ERROR ovsdbapp.backend.ovs_idl.command row = idlutils.row_by_value(self, rl.table, rl.column, record)
2026-06-22 03:05:42.921 10 ERROR ovsdbapp.backend.ovs_idl.command
File "/var/lib/openstack/lib/python3.10/site-packages/ovsdbapp/backend/ovs_idl/idlutils.py", line 114, in row_by_value
2026-06-22 03:05:42.921 10 ERROR ovsdbapp.backend.ovs_idl.command raise RowNotFound(table=table, col=column, match=match)
2026-06-22 03:05:42.921 10 ERROR ovsdbapp.backend.ovs_idl.command ovsdbapp.backend.ovs_idl.idlutils.RowNotFound: Cannot find Logical_Router_Port with name=lrp-d911ac00-58a2-4d89-9e0b-cbc57a6bea3d
2026-06-22 03:05:42.921 10 ERROR ovsdbapp.backend.ovs_idl.command 
2026-06-22 03:05:42.922 10 ERROR neutron_lib.callbacks.manager [None req-3119f0c1-1780-4508-8445-ab75b0478668 36301c6defd84c11881033410a7b2eac 85284dd8d976495ba650cfff74011f51 - - default default] Error during notification for neutron.services.ovn_l3.plugin.OVNL3RouterPlugin._port_update-8752314948326 port, after_update: ovsdbapp.backend.ovs_idl.idlutils.RowNotFound: Cannot find Logical_Router_Port with name=lrp-d911ac00-58a2-4d89-9e0b-cbc57a6bea3d
2026-06-22 03:05:42.922 10 ERROR neutron_lib.callbacks.manager
Traceback (most recent call last):
2026-06-22 03:05:42.922 10 ERROR neutron_lib.callbacks.manager
File "/var/lib/openstack/lib/python3.10/site-packages/neutron_lib/callbacks/manager.py", line 189, in _notify_loop
2026-06-22 03:05:42.922 10 ERROR neutron_lib.callbacks.manager callback.method(resource, event, trigger, payload=payload)
2026-06-22 03:05:42.922 10 ERROR neutron_lib.callbacks.manager
File "/var/lib/openstack/lib/python3.10/site-packages/neutron/services/ovn_l3/plugin.py", line 391, in _port_update
2026-06-22 03:05:42.922 10 ERROR neutron_lib.callbacks.manager l3plugin._ovn_client.update_router_port(context,
2026-06-22 03:05:42.922 10 ERROR neutron_lib.callbacks.manager
File "/var/lib/openstack/lib/python3.10/site-packages/neutron/plugins/ml2/drivers/ovn/mech_driver/ovsdb/ovn_client.py", line 1878, in update_router_port
2026-06-22 03:05:42.922 10 ERROR neutron_lib.callbacks.manager self._update_lrouter_port(context, port, if_exists=if_exists,
2026-06-22 03:05:42.922 10 ERROR neutron_lib.callbacks.manager
File "/var/lib/openstack/lib/python3.10/site-packages/neutron/plugins/ml2/drivers/ovn/mech_driver/ovsdb/ovn_client.py", line 1855, in _update_lrouter_port
2026-06-22 03:05:42.922 10 ERROR neutron_lib.callbacks.manager external_ids = self._nb_idl.db_get(
2026-06-22 03:05:42.922 10 ERROR neutron_lib.callbacks.manager
File "/var/lib/openstack/lib/python3.10/site-packages/ovsdbapp/backend/ovs_idl/command.py", line 47, in execute
2026-06-22 03:05:42.922 10 ERROR neutron_lib.callbacks.manager self.run_idl(None)
2026-06-22 03:05:42.922 10 ERROR neutron_lib.callbacks.manager
File "/var/lib/openstack/lib/python3.10/site-packages/ovsdbapp/backend/ovs_idl/command.py", line 235, in run_idl
2026-06-22 03:05:42.922 10 ERROR neutron_lib.callbacks.manager record = self.api.lookup(self.table, self.record)
2026-06-22 03:05:42.922 10 ERROR neutron_lib.callbacks.manager
File "/var/lib/openstack/lib/python3.10/site-packages/ovsdbapp/backend/ovs_idl/__init__.py", line 184, in lookup
2026-06-22 03:05:42.922 10 ERROR neutron_lib.callbacks.manager return self._lookup(table, record)
2026-06-22 03:05:42.922 10 ERROR neutron_lib.callbacks.manager
File "/var/lib/openstack/lib/python3.10/site-packages/ovsdbapp/backend/ovs_idl/__init__.py", line 235, in _lookup
2026-06-22 03:05:42.922 10 ERROR neutron_lib.callbacks.manager row = idlutils.row_by_value(self, rl.table, rl.column, record)
2026-06-22 03:05:42.922 10 ERROR neutron_lib.callbacks.manager
File "/var/lib/openstack/lib/python3.10/site-packages/ovsdbapp/backend/ovs_idl/idlutils.py", line 114, in row_by_value
2026-06-22 03:05:42.922 10 ERROR neutron_lib.callbacks.manager raise RowNotFound(table=table, col=column, match=match)
2026-06-22 03:05:42.922 10 ERROR neutron_lib.callbacks.manager ovsdbapp.backend.ovs_idl.idlutils.RowNotFound: Cannot find Logical_Router_Port with name=lrp-d911ac00-58a2-4d89-9e0b-cbc57a6bea3d
2026-06-22 03:05:42.922 10 ERROR neutron_lib.callbacks.manager 
2026-06-22 03:05:42.978 10 INFO neutron.db.ovn_revision_numbers_db [None req-92a4a652-af52-4a1a-b8f5-1407fadde01a 248434906ad54da586bf07812a66cf58 02e69465ec5c42adbc26e70a34d182ae - - default default] Successfully bumped revision number for resource 3e238ab8-341b-4972-b3fd-12b948c6aa1e (type: subnets) to 0
2026-06-22 03:05:43.049 10 INFO neutron.wsgi [None req-92a4a652-af52-4a1a-b8f5-1407fadde01a 248434906ad54da586bf07812a66cf58 02e69465ec5c42adbc26e70a34d182ae - - default default] 10.0.0.71 "POST /v2.0/subnets HTTP/1.1" status: 201 len: 801 time: 2.5043073
2026-06-22 03:05:43.050 9 INFO neutron.wsgi [req-37ae3843-6193-4771-addc-2e23efd61327 req-86d07f1c-baf1-4200-8272-ce720dbc6090 352316ba48824c048bc661d94583dafd ff984ce8357447f9b89e0c4bc2a57706 - - default default] 199.204.45.216 "DELETE /v2.0/ports/8771a436-d07b-4c92-97f0-9d4e3bf583d0 HTTP/1.1" status: 204 len: 173 time: 0.9436471
2026-06-22 03:05:43.070 10 WARNING neutron_lib.context [None req-20496cb5-a6ef-4d71-adf7-192a9cedd6f5 248434906ad54da586bf07812a66cf58 02e69465ec5c42adbc26e70a34d182ae - - default default] Method 'is_advsvc' is deprecated since 2023.2 release (neutron-lib 3.8.0) and will be removed once support for the old RBAC API policies will be removed from Neutron. Please use method 'is_service_role' instead.
2026-06-22 03:05:43.082 10 ERROR ovsdbapp.backend.ovs_idl.command [None req-3e709302-db6d-4991-9ee7-1ef00f3c6a42 - - - - - -] Error executing command (LspGetUpCommand): ovsdbapp.backend.ovs_idl.idlutils.RowNotFound: Cannot find Logical_Switch_Port with name=8771a436-d07b-4c92-97f0-9d4e3bf583d0
2026-06-22 03:05:43.082 10 ERROR ovsdbapp.backend.ovs_idl.command
Traceback (most recent call last):
2026-06-22 03:05:43.082 10 ERROR ovsdbapp.backend.ovs_idl.command
File "/var/lib/openstack/lib/python3.10/site-packages/ovsdbapp/backend/ovs_idl/command.py", line 47, in execute
2026-06-22 03:05:43.082 10 ERROR ovsdbapp.backend.ovs_idl.command self.run_idl(None)
2026-06-22 03:05:43.082 10 ERROR ovsdbapp.backend.ovs_idl.command
File "/var/lib/openstack/lib/python3.10/site-packages/ovsdbapp/schema/ovn_northbound/commands.py", line 679, in run_idl
2026-06-22 03:05:43.082 10 ERROR ovsdbapp.backend.ovs_idl.command lsp = self.api.lookup('Logical_Switch_Port', self.port)
2026-06-22 03:05:43.082 10 ERROR ovsdbapp.backend.ovs_idl.command
File "/var/lib/openstack/lib/python3.10/site-packages/ovsdbapp/backend/ovs_idl/__init__.py", line 184, in lookup
2026-06-22 03:05:43.082 10 ERROR ovsdbapp.backend.ovs_idl.command return self._lookup(table, record)
2026-06-22 03:05:43.082 10 ERROR ovsdbapp.backend.ovs_idl.command
File "/var/lib/openstack/lib/python3.10/site-packages/ovsdbapp/backend/ovs_idl/__init__.py", line 235, in _lookup
2026-06-22 03:05:43.082 10 ERROR ovsdbapp.backend.ovs_idl.command row = idlutils.row_by_value(self, rl.table, rl.column, record)
2026-06-22 03:05:43.082 10 ERROR ovsdbapp.backend.ovs_idl.command
File "/var/lib/openstack/lib/python3.10/site-packages/ovsdbapp/backend/ovs_idl/idlutils.py", line 114, in row_by_value
2026-06-22 03:05:43.082 10 ERROR ovsdbapp.backend.ovs_idl.command raise RowNotFound(table=table, col=column, match=match)
2026-06-22 03:05:43.082 10 ERROR ovsdbapp.backend.ovs_idl.command ovsdbapp.backend.ovs_idl.idlutils.RowNotFound: Cannot find Logical_Switch_Port with name=8771a436-d07b-4c92-97f0-9d4e3bf583d0
2026-06-22 03:05:43.082 10 ERROR ovsdbapp.backend.ovs_idl.command 
2026-06-22 03:05:43.083 10 ERROR ovsdbapp.event [None req-3e709302-db6d-4991-9ee7-1ef00f3c6a42 - - - - - -] Unexpected exception in notify_loop: ovsdbapp.backend.ovs_idl.idlutils.RowNotFound: Cannot find Logical_Switch_Port with name=8771a436-d07b-4c92-97f0-9d4e3bf583d0
2026-06-22 03:05:43.083 10 ERROR ovsdbapp.event
Traceback (most recent call last):
2026-06-22 03:05:43.083 10 ERROR ovsdbapp.event
File "/var/lib/openstack/lib/python3.10/site-packages/ovsdbapp/event.py", line 177, in notify_loop
2026-06-22 03:05:43.083 10 ERROR ovsdbapp.event match.run(event, row, updates)
2026-06-22 03:05:43.083 10 ERROR ovsdbapp.event
File "/var/lib/openstack/lib/python3.10/site-packages/neutron/plugins/ml2/drivers/ovn/mech_driver/ovsdb/ovsdb_monitor.py", line 539, in run
2026-06-22 03:05:43.083 10 ERROR ovsdbapp.event self.driver.set_port_status_down(row.name)
2026-06-22 03:05:43.083 10 ERROR ovsdbapp.event
File "/var/lib/openstack/lib/python3.10/site-packages/neutron/plugins/ml2/drivers/ovn/mech_driver/mech_driver.py", line 1324, in set_port_status_down
2026-06-22 03:05:43.083 10 ERROR ovsdbapp.event self._ovn_client.update_lsp_host_info(
2026-06-22 03:05:43.083 10 ERROR ovsdbapp.event
File "/var/lib/openstack/lib/python3.10/site-packages/neutron/plugins/ml2/drivers/ovn/mech_driver/ovsdb/ovn_client.py", line 307, in update_lsp_host_info
2026-06-22 03:05:43.083 10 ERROR ovsdbapp.event port_up = self._nb_idl.lsp_get_up(db_port.id).execute(
2026-06-22 03:05:43.083 10 ERROR ovsdbapp.event
File "/var/lib/openstack/lib/python3.10/site-packages/ovsdbapp/backend/ovs_idl/command.py", line 47, in execute
2026-06-22 03:05:43.083 10 ERROR ovsdbapp.event self.run_idl(None)
2026-06-22 03:05:43.083 10 ERROR ovsdbapp.event
File "/var/lib/openstack/lib/python3.10/site-packages/ovsdbapp/schema/ovn_northbound/commands.py", line 679, in run_idl
2026-06-22 03:05:43.083 10 ERROR ovsdbapp.event lsp = self.api.lookup('Logical_Switch_Port', self.port)
2026-06-22 03:05:43.083 10 ERROR ovsdbapp.event
File "/var/lib/openstack/lib/python3.10/site-packages/ovsdbapp/backend/ovs_idl/__init__.py", line 184, in lookup
2026-06-22 03:05:43.083 10 ERROR ovsdbapp.event return self._lookup(table, record)
2026-06-22 03:05:43.083 10 ERROR ovsdbapp.event
File "/var/lib/openstack/lib/python3.10/site-packages/ovsdbapp/backend/ovs_idl/__init__.py", line 235, in _lookup
2026-06-22 03:05:43.083 10 ERROR ovsdbapp.event row = idlutils.row_by_value(self, rl.table, rl.column, record)
2026-06-22 03:05:43.083 10 ERROR ovsdbapp.event
File "/var/lib/openstack/lib/python3.10/site-packages/ovsdbapp/backend/ovs_idl/idlutils.py", line 114, in row_by_value
2026-06-22 03:05:43.083 10 ERROR ovsdbapp.event raise RowNotFound(table=table, col=column, match=match)
2026-06-22 03:05:43.083 10 ERROR ovsdbapp.event ovsdbapp.backend.ovs_idl.idlutils.RowNotFound: Cannot find Logical_Switch_Port with name=8771a436-d07b-4c92-97f0-9d4e3bf583d0
2026-06-22 03:05:43.083 10 ERROR ovsdbapp.event 
2026-06-22 03:05:43.100 9 INFO neutron.notifiers.nova [-] Nova event matching ['req-b587ac58-5bb9-454c-b9af-2fdb7c4e56d9'] response: {'server_uuid': '49dc87f0-1802-4859-b558-694357d774af', 'name': 'network-vif-deleted', 'tag': '8771a436-d07b-4c92-97f0-9d4e3bf583d0', 'status': 'completed', 'code': 200}
2026-06-22 03:05:43.253 9 INFO neutron.plugins.ml2.drivers.ovn.mech_driver.mech_driver [None req-11e537fb-cb2e-43b4-8e9f-2ce3ad3b24ee - - - - - -] OVN reports status up for port: dd3963dd-2459-4529-b705-726457a74d11
2026-06-22 03:05:43.264 9 INFO neutron.plugins.ml2.plugin [None req-11e537fb-cb2e-43b4-8e9f-2ce3ad3b24ee - - - - - -] Attempt 1 to provision port dd3963dd-2459-4529-b705-726457a74d11
2026-06-22 03:05:43.328 10 INFO neutron.db.segments_db [None req-20496cb5-a6ef-4d71-adf7-192a9cedd6f5 248434906ad54da586bf07812a66cf58 02e69465ec5c42adbc26e70a34d182ae - - default default] Added segment 3ac44ebf-66f1-449f-a278-4a9469c1d5fb of type geneve for network dc740152-c93b-48a4-9e18-0297188104cc
2026-06-22 03:05:43.730 10 INFO neutron.db.ovn_revision_numbers_db [None req-0784f759-72c3-4faa-88ba-755e28613a92 fbc16d9c6fa44c2aa274e85d01012130 54e9d47aafe948e49a15a1ad75767219 - - default default] Successfully bumped revision number for resource dd3963dd-2459-4529-b705-726457a74d11 (type: ports) to 1
2026-06-22 03:05:43.766 9 INFO neutron.wsgi [-] 10.0.0.86 "GET / HTTP/1.1" status: 200 len: 246 time: 0.0028262
2026-06-22 03:05:43.769 9 INFO neutron.wsgi [-] 10.0.0.86 "GET / HTTP/1.1" status: 200 len: 246 time: 0.0022366
2026-06-22 03:05:43.775 10 INFO neutron.plugins.ml2.drivers.ovn.mech_driver.mech_driver [None req-3e709302-db6d-4991-9ee7-1ef00f3c6a42 - - - - - -] OVN reports status up for port: d911ac00-58a2-4d89-9e0b-cbc57a6bea3d
2026-06-22 03:05:43.821 10 INFO neutron.plugins.ml2.plugin [None req-3e709302-db6d-4991-9ee7-1ef00f3c6a42 - - - - - -] Attempt 1 to provision port d911ac00-58a2-4d89-9e0b-cbc57a6bea3d
2026-06-22 03:05:43.845 9 INFO neutron.db.ovn_revision_numbers_db [None req-11e537fb-cb2e-43b4-8e9f-2ce3ad3b24ee - - - - - -] Successfully bumped revision number for resource dd3963dd-2459-4529-b705-726457a74d11 (type: ports) to 2
2026-06-22 03:05:43.856 10 INFO neutron.db.ovn_revision_numbers_db [None req-3119f0c1-1780-4508-8445-ab75b0478668 36301c6defd84c11881033410a7b2eac 85284dd8d976495ba650cfff74011f51 - - default default] Successfully bumped revision number for resource d911ac00-58a2-4d89-9e0b-cbc57a6bea3d (type: ports) to 1
2026-06-22 03:05:43.938 10 WARNING neutron.scheduler.dhcp_agent_scheduler [None req-0784f759-72c3-4faa-88ba-755e28613a92 fbc16d9c6fa44c2aa274e85d01012130 54e9d47aafe948e49a15a1ad75767219 - - default default] No more DHCP agents
2026-06-22 03:05:43.947 10 WARNING neutron.api.rpc.agentnotifiers.dhcp_rpc_agent_api [None req-0784f759-72c3-4faa-88ba-755e28613a92 fbc16d9c6fa44c2aa274e85d01012130 54e9d47aafe948e49a15a1ad75767219 - - default default] Unable to schedule network 05a5cd21-6f66-49e1-9fb1-e2cd8e47c54f: no agents available; will retry on subsequent port and subnet creation events.
2026-06-22 03:05:43.974 9 ERROR ovsdbapp.backend.ovs_idl.command [None req-11e537fb-cb2e-43b4-8e9f-2ce3ad3b24ee - - - - - -] Error executing command (DbGetCommand): ovsdbapp.backend.ovs_idl.idlutils.RowNotFound: Cannot find Logical_Router_Port with name=lrp-dd3963dd-2459-4529-b705-726457a74d11
2026-06-22 03:05:43.974 9 ERROR ovsdbapp.backend.ovs_idl.command
Traceback (most recent call last):
2026-06-22 03:05:43.974 9 ERROR ovsdbapp.backend.ovs_idl.command
File "/var/lib/openstack/lib/python3.10/site-packages/ovsdbapp/backend/ovs_idl/command.py", line 47, in execute
2026-06-22 03:05:43.974 9 ERROR ovsdbapp.backend.ovs_idl.command self.run_idl(None)
2026-06-22 03:05:43.974 9 ERROR ovsdbapp.backend.ovs_idl.command
File "/var/lib/openstack/lib/python3.10/site-packages/ovsdbapp/backend/ovs_idl/command.py", line 235, in run_idl
2026-06-22 03:05:43.974 9 ERROR ovsdbapp.backend.ovs_idl.command record = self.api.lookup(self.table, self.record)
2026-06-22 03:05:43.974 9 ERROR ovsdbapp.backend.ovs_idl.command
File "/var/lib/openstack/lib/python3.10/site-packages/ovsdbapp/backend/ovs_idl/__init__.py", line 184, in lookup
2026-06-22 03:05:43.974 9 ERROR ovsdbapp.backend.ovs_idl.command return self._lookup(table, record)
2026-06-22 03:05:43.974 9 ERROR ovsdbapp.backend.ovs_idl.command
File "/var/lib/openstack/lib/python3.10/site-packages/ovsdbapp/backend/ovs_idl/__init__.py", line 235, in _lookup
2026-06-22 03:05:43.974 9 ERROR ovsdbapp.backend.ovs_idl.command row = idlutils.row_by_value(self, rl.table, rl.column, record)
2026-06-22 03:05:43.974 9 ERROR ovsdbapp.backend.ovs_idl.command
File "/var/lib/openstack/lib/python3.10/site-packages/ovsdbapp/backend/ovs_idl/idlutils.py", line 114, in row_by_value
2026-06-22 03:05:43.974 9 ERROR ovsdbapp.backend.ovs_idl.command raise RowNotFound(table=table, col=column, match=match)
2026-06-22 03:05:43.974 9 ERROR ovsdbapp.backend.ovs_idl.command ovsdbapp.backend.ovs_idl.idlutils.RowNotFound: Cannot find Logical_Router_Port with name=lrp-dd3963dd-2459-4529-b705-726457a74d11
2026-06-22 03:05:43.974 9 ERROR ovsdbapp.backend.ovs_idl.command 
2026-06-22 03:05:43.975 9 ERROR neutron_lib.callbacks.manager [None req-11e537fb-cb2e-43b4-8e9f-2ce3ad3b24ee - - - - - -] Error during notification for neutron.services.ovn_l3.plugin.OVNL3RouterPlugin._port_update-8752314948326 port, after_update: ovsdbapp.backend.ovs_idl.idlutils.RowNotFound: Cannot find Logical_Router_Port with name=lrp-dd3963dd-2459-4529-b705-726457a74d11
2026-06-22 03:05:43.975 9 ERROR neutron_lib.callbacks.manager
Traceback (most recent call last):
2026-06-22 03:05:43.975 9 ERROR neutron_lib.callbacks.manager
File "/var/lib/openstack/lib/python3.10/site-packages/neutron_lib/callbacks/manager.py", line 189, in _notify_loop
2026-06-22 03:05:43.975 9 ERROR neutron_lib.callbacks.manager callback.method(resource, event, trigger, payload=payload)
2026-06-22 03:05:43.975 9 ERROR neutron_lib.callbacks.manager
File "/var/lib/openstack/lib/python3.10/site-packages/neutron/services/ovn_l3/plugin.py", line 391, in _port_update
2026-06-22 03:05:43.975 9 ERROR neutron_lib.callbacks.manager l3plugin._ovn_client.update_router_port(context,
