File "/var/lib/openstack/lib/python3.10/site-packages/ovsdbapp/backend/ovs_idl/__init__.py", line 235, in _lookup
2026-06-22 03:03:44.384 10 ERROR neutron_lib.callbacks.manager row = idlutils.row_by_value(self, rl.table, rl.column, record)
2026-06-22 03:03:44.384 10 ERROR neutron_lib.callbacks.manager
File "/var/lib/openstack/lib/python3.10/site-packages/ovsdbapp/backend/ovs_idl/idlutils.py", line 114, in row_by_value
2026-06-22 03:03:44.384 10 ERROR neutron_lib.callbacks.manager raise RowNotFound(table=table, col=column, match=match)
2026-06-22 03:03:44.384 10 ERROR neutron_lib.callbacks.manager ovsdbapp.backend.ovs_idl.idlutils.RowNotFound: Cannot find Logical_Router_Port with name=lrp-9e11d110-b985-4312-923a-e720fef8d593
2026-06-22 03:03:44.384 10 ERROR neutron_lib.callbacks.manager 
2026-06-22 03:03:44.487 9 WARNING neutron.scheduler.dhcp_agent_scheduler [None req-4caa22b2-fcad-4d1b-82e1-99374c239f78 85f301e2e9cb4710adffa45a4b4246bf 9e17edfe74f846fbb163214cc75014ef - - default default] No more DHCP agents
2026-06-22 03:03:44.496 9 WARNING neutron.api.rpc.agentnotifiers.dhcp_rpc_agent_api [None req-4caa22b2-fcad-4d1b-82e1-99374c239f78 85f301e2e9cb4710adffa45a4b4246bf 9e17edfe74f846fbb163214cc75014ef - - default default] Unable to schedule network ced82aec-7db2-48de-897b-77a516b007cb: no agents available; will retry on subsequent port and subnet creation events.
2026-06-22 03:03:44.580 9 INFO neutron.db.ovn_revision_numbers_db [None req-c13c4fde-9d05-4013-903f-091e070bf4d3 - - - - - -] Successfully bumped revision number for resource 302c345f-5a79-4902-81b7-7231d046a625 (type: ports) to 2
2026-06-22 03:03:44.584 9 INFO neutron.db.ovn_revision_numbers_db [None req-5b07f5fb-0a94-4eec-998c-ebc439bdeb99 0e809ce002024944bb0444c8a6960a2b 2d80f535ea5a430c97e180854e44e8f6 - - default default] Successfully bumped revision number for resource 3b3a3b46-0d3f-4ce9-a16f-eb4343be562b (type: security_groups) to 1
2026-06-22 03:03:44.612 9 INFO neutron.db.ovn_revision_numbers_db [None req-5b07f5fb-0a94-4eec-998c-ebc439bdeb99 0e809ce002024944bb0444c8a6960a2b 2d80f535ea5a430c97e180854e44e8f6 - - default default] Successfully bumped revision number for resource 895f0034-0954-4706-be3d-31f3778ed645 (type: security_group_rules) to 0
2026-06-22 03:03:44.644 9 INFO neutron.db.ovn_revision_numbers_db [None req-5b07f5fb-0a94-4eec-998c-ebc439bdeb99 0e809ce002024944bb0444c8a6960a2b 2d80f535ea5a430c97e180854e44e8f6 - - default default] Successfully bumped revision number for resource afd40508-bdbb-4664-bdc1-85c3fd9f57e4 (type: security_group_rules) to 0
2026-06-22 03:03:44.688 9 INFO neutron.db.ovn_revision_numbers_db [None req-5b07f5fb-0a94-4eec-998c-ebc439bdeb99 0e809ce002024944bb0444c8a6960a2b 2d80f535ea5a430c97e180854e44e8f6 - - default default] Successfully bumped revision number for resource c1c49561-d534-4969-936c-579ebae2f87e (type: security_group_rules) to 0
2026-06-22 03:03:44.695 9 INFO neutron.plugins.ml2.drivers.ovn.mech_driver.mech_driver [None req-11e537fb-cb2e-43b4-8e9f-2ce3ad3b24ee - - - - - -] OVN reports status up for port: 9e11d110-b985-4312-923a-e720fef8d593
2026-06-22 03:03:44.721 9 INFO neutron.plugins.ml2.plugin [None req-11e537fb-cb2e-43b4-8e9f-2ce3ad3b24ee - - - - - -] Attempt 1 to provision port 9e11d110-b985-4312-923a-e720fef8d593
2026-06-22 03:03:44.722 9 INFO neutron.db.ovn_revision_numbers_db [None req-5b07f5fb-0a94-4eec-998c-ebc439bdeb99 0e809ce002024944bb0444c8a6960a2b 2d80f535ea5a430c97e180854e44e8f6 - - default default] Successfully bumped revision number for resource cb4a12b9-04bd-4dd8-ba95-2d8ae66e47a7 (type: security_group_rules) to 0
2026-06-22 03:03:44.740 10 INFO neutron.db.ovn_revision_numbers_db [None req-7fef185e-2a2f-49cb-99be-10a440a966cc 85f301e2e9cb4710adffa45a4b4246bf 9e17edfe74f846fbb163214cc75014ef - - default default] Successfully bumped revision number for resource 9e11d110-b985-4312-923a-e720fef8d593 (type: ports) to 1
2026-06-22 03:03:44.807 10 INFO neutron.plugins.ml2.drivers.ovn.mech_driver.mech_driver [None req-3e709302-db6d-4991-9ee7-1ef00f3c6a42 - - - - - -] OVN reports status up for port: 200dfdc6-58cf-4ba4-ae7a-fe88752d900a
2026-06-22 03:03:44.814 10 INFO neutron.plugins.ml2.drivers.ovn.mech_driver.ovsdb.commands [None req-640ae87f-60ab-4ea4-b77a-bfa827d769e5 - - - - - -] Schedule LRP lrp-199415d0-2b27-48ca-ab05-4011ebb9c2ed on gateway fb47d817-7027-45e0-8447-b05306e3c8c3 with priority 1
2026-06-22 03:03:44.818 9 INFO neutron.db.ovn_revision_numbers_db [None req-4caa22b2-fcad-4d1b-82e1-99374c239f78 85f301e2e9cb4710adffa45a4b4246bf 9e17edfe74f846fbb163214cc75014ef - - default default] Successfully bumped revision number for resource 8f453b99-b430-4724-83fd-28d746f32dd8 (type: ports) to 1
2026-06-22 03:03:44.831 10 INFO neutron.plugins.ml2.plugin [None req-3e709302-db6d-4991-9ee7-1ef00f3c6a42 - - - - - -] Attempt 1 to provision port 200dfdc6-58cf-4ba4-ae7a-fe88752d900a
2026-06-22 03:03:44.856 9 INFO neutron.db.segments_db [None req-5b07f5fb-0a94-4eec-998c-ebc439bdeb99 0e809ce002024944bb0444c8a6960a2b 2d80f535ea5a430c97e180854e44e8f6 - - default default] Added segment 2d560374-2cc9-4909-99ad-3c00c52274cb of type geneve for network 820e9715-1f78-4a83-8a30-3350c015bff9
2026-06-22 03:03:44.891 10 INFO neutron.db.ovn_revision_numbers_db [None req-be0f42aa-95b0-41f1-8bad-79f8bf58dfe8 85f301e2e9cb4710adffa45a4b4246bf 9e17edfe74f846fbb163214cc75014ef - - default default] Successfully bumped revision number for resource 199415d0-2b27-48ca-ab05-4011ebb9c2ed (type: router_ports) to 1
2026-06-22 03:03:44.897 10 WARNING neutron.scheduler.dhcp_agent_scheduler [None req-7fef185e-2a2f-49cb-99be-10a440a966cc 85f301e2e9cb4710adffa45a4b4246bf 9e17edfe74f846fbb163214cc75014ef - - default default] No more DHCP agents
2026-06-22 03:03:44.915 10 WARNING neutron.api.rpc.agentnotifiers.dhcp_rpc_agent_api [None req-7fef185e-2a2f-49cb-99be-10a440a966cc 85f301e2e9cb4710adffa45a4b4246bf 9e17edfe74f846fbb163214cc75014ef - - default default] Unable to schedule network c1bb2663-eaf1-475e-bd05-22bb9dbebcd9: no agents available; will retry on subsequent port and subnet creation events.
2026-06-22 03:03:45.032 10 INFO neutron.db.ovn_revision_numbers_db [None req-be0f42aa-95b0-41f1-8bad-79f8bf58dfe8 85f301e2e9cb4710adffa45a4b4246bf 9e17edfe74f846fbb163214cc75014ef - - default default] Successfully bumped revision number for resource 36703ab3-2b1e-42d6-a973-0010dad520c5 (type: routers) to 2
2026-06-22 03:03:45.052 10 INFO neutron.wsgi [None req-be0f42aa-95b0-41f1-8bad-79f8bf58dfe8 85f301e2e9cb4710adffa45a4b4246bf 9e17edfe74f846fbb163214cc75014ef - - default default] 10.0.0.71 "POST /v2.0/routers HTTP/1.1" status: 201 len: 1168 time: 2.6212754
2026-06-22 03:03:45.304 9 INFO neutron.db.ovn_revision_numbers_db [None req-5b07f5fb-0a94-4eec-998c-ebc439bdeb99 0e809ce002024944bb0444c8a6960a2b 2d80f535ea5a430c97e180854e44e8f6 - - default default] Successfully bumped revision number for resource 820e9715-1f78-4a83-8a30-3350c015bff9 (type: networks) to 1
2026-06-22 03:03:46.025 9 INFO neutron.db.ovn_revision_numbers_db [None req-c13c4fde-9d05-4013-903f-091e070bf4d3 - - - - - -] Successfully bumped revision number for resource 302c345f-5a79-4902-81b7-7231d046a625 (type: ports) to 4
2026-06-22 03:03:46.065 9 WARNING neutron.scheduler.dhcp_agent_scheduler [None req-5b07f5fb-0a94-4eec-998c-ebc439bdeb99 0e809ce002024944bb0444c8a6960a2b 2d80f535ea5a430c97e180854e44e8f6 - - default default] No more DHCP agents
2026-06-22 03:03:46.078 9 WARNING neutron.api.rpc.agentnotifiers.dhcp_rpc_agent_api [None req-5b07f5fb-0a94-4eec-998c-ebc439bdeb99 0e809ce002024944bb0444c8a6960a2b 2d80f535ea5a430c97e180854e44e8f6 - - default default] Unable to schedule network 820e9715-1f78-4a83-8a30-3350c015bff9: no agents available; will retry on subsequent port and subnet creation events.
2026-06-22 03:03:46.215 10 WARNING neutron.scheduler.dhcp_agent_scheduler [None req-7189066f-9ce4-4f5f-ae0e-71256577a7e5 85f301e2e9cb4710adffa45a4b4246bf 9e17edfe74f846fbb163214cc75014ef - - default default] No more DHCP agents
2026-06-22 03:03:46.220 10 WARNING neutron.api.rpc.agentnotifiers.dhcp_rpc_agent_api [None req-7189066f-9ce4-4f5f-ae0e-71256577a7e5 85f301e2e9cb4710adffa45a4b4246bf 9e17edfe74f846fbb163214cc75014ef - - default default] Unable to schedule network bf9fe57f-cc57-4902-8cad-579e44f43703: no agents available; will retry on subsequent port and subnet creation events.
2026-06-22 03:03:46.361 9 INFO neutron.db.ovn_revision_numbers_db [None req-5b07f5fb-0a94-4eec-998c-ebc439bdeb99 0e809ce002024944bb0444c8a6960a2b 2d80f535ea5a430c97e180854e44e8f6 - - default default] Successfully bumped revision number for resource a2fc27b1-0e43-4fc7-9fc3-abb2a66ef6e6 (type: ports) to 1
2026-06-22 03:03:46.381 10 INFO neutron.db.ovn_revision_numbers_db [None req-7fef185e-2a2f-49cb-99be-10a440a966cc 85f301e2e9cb4710adffa45a4b4246bf 9e17edfe74f846fbb163214cc75014ef - - default default] Successfully bumped revision number for resource 9e11d110-b985-4312-923a-e720fef8d593 (type: router_ports) to 1
2026-06-22 03:03:46.388 10 INFO neutron.wsgi [None req-7fef185e-2a2f-49cb-99be-10a440a966cc 85f301e2e9cb4710adffa45a4b4246bf 9e17edfe74f846fbb163214cc75014ef - - default default] 10.0.0.71 "PUT /v2.0/routers/9e6c6058-7c6b-42cf-b6c6-2e9d201cbb71/add_router_interface HTTP/1.1" status: 200 len: 503 time: 4.2064941
2026-06-22 03:03:46.440 9 INFO neutron.wsgi [None req-5b07f5fb-0a94-4eec-998c-ebc439bdeb99 0e809ce002024944bb0444c8a6960a2b 2d80f535ea5a430c97e180854e44e8f6 - - default default] 10.0.0.71 "POST /v2.0/networks HTTP/1.1" status: 201 len: 844 time: 2.4283488
2026-06-22 03:03:46.456 10 WARNING neutron_lib.context [None req-c2c6f507-6aa4-45e7-b18d-ef1ca62581c0 0e809ce002024944bb0444c8a6960a2b 2d80f535ea5a430c97e180854e44e8f6 - - default default] Method 'is_advsvc' is deprecated since 2023.2 release (neutron-lib 3.8.0) and will be removed once support for the old RBAC API policies will be removed from Neutron. Please use method 'is_service_role' instead.
2026-06-22 03:03:46.457 9 INFO neutron.db.ovn_revision_numbers_db [None req-11e537fb-cb2e-43b4-8e9f-2ce3ad3b24ee - - - - - -] Successfully bumped revision number for resource 9e11d110-b985-4312-923a-e720fef8d593 (type: ports) to 2
2026-06-22 03:03:46.473 10 INFO neutron.db.ovn_revision_numbers_db [None req-7189066f-9ce4-4f5f-ae0e-71256577a7e5 85f301e2e9cb4710adffa45a4b4246bf 9e17edfe74f846fbb163214cc75014ef - - default default] Successfully bumped revision number for resource 9076df2e-14be-460c-b9ba-928be15158e5 (type: ports) to 1
2026-06-22 03:03:46.649 9 ERROR ovsdbapp.backend.ovs_idl.command [None req-4caa22b2-fcad-4d1b-82e1-99374c239f78 85f301e2e9cb4710adffa45a4b4246bf 9e17edfe74f846fbb163214cc75014ef - - default default] Error executing command (DbGetCommand): ovsdbapp.backend.ovs_idl.idlutils.RowNotFound: Cannot find Logical_Router_Port with name=lrp-8f453b99-b430-4724-83fd-28d746f32dd8
2026-06-22 03:03:46.649 9 ERROR ovsdbapp.backend.ovs_idl.command
Traceback (most recent call last):
2026-06-22 03:03:46.649 9 ERROR ovsdbapp.backend.ovs_idl.command
File "/var/lib/openstack/lib/python3.10/site-packages/ovsdbapp/backend/ovs_idl/command.py", line 47, in execute
2026-06-22 03:03:46.649 9 ERROR ovsdbapp.backend.ovs_idl.command self.run_idl(None)
2026-06-22 03:03:46.649 9 ERROR ovsdbapp.backend.ovs_idl.command
File "/var/lib/openstack/lib/python3.10/site-packages/ovsdbapp/backend/ovs_idl/command.py", line 235, in run_idl
2026-06-22 03:03:46.649 9 ERROR ovsdbapp.backend.ovs_idl.command record = self.api.lookup(self.table, self.record)
2026-06-22 03:03:46.649 9 ERROR ovsdbapp.backend.ovs_idl.command
File "/var/lib/openstack/lib/python3.10/site-packages/ovsdbapp/backend/ovs_idl/__init__.py", line 184, in lookup
2026-06-22 03:03:46.649 9 ERROR ovsdbapp.backend.ovs_idl.command return self._lookup(table, record)
2026-06-22 03:03:46.649 9 ERROR ovsdbapp.backend.ovs_idl.command
File "/var/lib/openstack/lib/python3.10/site-packages/ovsdbapp/backend/ovs_idl/__init__.py", line 235, in _lookup
2026-06-22 03:03:46.649 9 ERROR ovsdbapp.backend.ovs_idl.command row = idlutils.row_by_value(self, rl.table, rl.column, record)
2026-06-22 03:03:46.649 9 ERROR ovsdbapp.backend.ovs_idl.command
File "/var/lib/openstack/lib/python3.10/site-packages/ovsdbapp/backend/ovs_idl/idlutils.py", line 114, in row_by_value
2026-06-22 03:03:46.649 9 ERROR ovsdbapp.backend.ovs_idl.command raise RowNotFound(table=table, col=column, match=match)
2026-06-22 03:03:46.649 9 ERROR ovsdbapp.backend.ovs_idl.command ovsdbapp.backend.ovs_idl.idlutils.RowNotFound: Cannot find Logical_Router_Port with name=lrp-8f453b99-b430-4724-83fd-28d746f32dd8
2026-06-22 03:03:46.649 9 ERROR ovsdbapp.backend.ovs_idl.command 
2026-06-22 03:03:46.649 9 ERROR neutron_lib.callbacks.manager [None req-4caa22b2-fcad-4d1b-82e1-99374c239f78 85f301e2e9cb4710adffa45a4b4246bf 9e17edfe74f846fbb163214cc75014ef - - default default] Error during notification for neutron.services.ovn_l3.plugin.OVNL3RouterPlugin._port_update-8752314948326 port, after_update: ovsdbapp.backend.ovs_idl.idlutils.RowNotFound: Cannot find Logical_Router_Port with name=lrp-8f453b99-b430-4724-83fd-28d746f32dd8
2026-06-22 03:03:46.649 9 ERROR neutron_lib.callbacks.manager
Traceback (most recent call last):
2026-06-22 03:03:46.649 9 ERROR neutron_lib.callbacks.manager
File "/var/lib/openstack/lib/python3.10/site-packages/neutron_lib/callbacks/manager.py", line 189, in _notify_loop
2026-06-22 03:03:46.649 9 ERROR neutron_lib.callbacks.manager callback.method(resource, event, trigger, payload=payload)
2026-06-22 03:03:46.649 9 ERROR neutron_lib.callbacks.manager
File "/var/lib/openstack/lib/python3.10/site-packages/neutron/services/ovn_l3/plugin.py", line 391, in _port_update
2026-06-22 03:03:46.649 9 ERROR neutron_lib.callbacks.manager l3plugin._ovn_client.update_router_port(context,
2026-06-22 03:03:46.649 9 ERROR neutron_lib.callbacks.manager
File "/var/lib/openstack/lib/python3.10/site-packages/neutron/plugins/ml2/drivers/ovn/mech_driver/ovsdb/ovn_client.py", line 1878, in update_router_port
2026-06-22 03:03:46.649 9 ERROR neutron_lib.callbacks.manager self._update_lrouter_port(context, port, if_exists=if_exists,
2026-06-22 03:03:46.649 9 ERROR neutron_lib.callbacks.manager
File "/var/lib/openstack/lib/python3.10/site-packages/neutron/plugins/ml2/drivers/ovn/mech_driver/ovsdb/ovn_client.py", line 1855, in _update_lrouter_port
2026-06-22 03:03:46.649 9 ERROR neutron_lib.callbacks.manager external_ids = self._nb_idl.db_get(
2026-06-22 03:03:46.649 9 ERROR neutron_lib.callbacks.manager
File "/var/lib/openstack/lib/python3.10/site-packages/ovsdbapp/backend/ovs_idl/command.py", line 47, in execute
2026-06-22 03:03:46.649 9 ERROR neutron_lib.callbacks.manager self.run_idl(None)
2026-06-22 03:03:46.649 9 ERROR neutron_lib.callbacks.manager
File "/var/lib/openstack/lib/python3.10/site-packages/ovsdbapp/backend/ovs_idl/command.py", line 235, in run_idl
2026-06-22 03:03:46.649 9 ERROR neutron_lib.callbacks.manager record = self.api.lookup(self.table, self.record)
2026-06-22 03:03:46.649 9 ERROR neutron_lib.callbacks.manager
File "/var/lib/openstack/lib/python3.10/site-packages/ovsdbapp/backend/ovs_idl/__init__.py", line 184, in lookup
2026-06-22 03:03:46.649 9 ERROR neutron_lib.callbacks.manager return self._lookup(table, record)
2026-06-22 03:03:46.649 9 ERROR neutron_lib.callbacks.manager
File "/var/lib/openstack/lib/python3.10/site-packages/ovsdbapp/backend/ovs_idl/__init__.py", line 235, in _lookup
2026-06-22 03:03:46.649 9 ERROR neutron_lib.callbacks.manager row = idlutils.row_by_value(self, rl.table, rl.column, record)
2026-06-22 03:03:46.649 9 ERROR neutron_lib.callbacks.manager
File "/var/lib/openstack/lib/python3.10/site-packages/ovsdbapp/backend/ovs_idl/idlutils.py", line 114, in row_by_value
2026-06-22 03:03:46.649 9 ERROR neutron_lib.callbacks.manager raise RowNotFound(table=table, col=column, match=match)
2026-06-22 03:03:46.649 9 ERROR neutron_lib.callbacks.manager ovsdbapp.backend.ovs_idl.idlutils.RowNotFound: Cannot find Logical_Router_Port with name=lrp-8f453b99-b430-4724-83fd-28d746f32dd8
2026-06-22 03:03:46.649 9 ERROR neutron_lib.callbacks.manager 
2026-06-22 03:03:46.748 9 INFO neutron.db.ovn_revision_numbers_db [None req-c13c4fde-9d05-4013-903f-091e070bf4d3 - - - - - -] Successfully bumped revision number for resource 302c345f-5a79-4902-81b7-7231d046a625 (type: router_ports) to 4
2026-06-22 03:03:46.766 9 INFO neutron.db.ovn_revision_numbers_db [None req-11e537fb-cb2e-43b4-8e9f-2ce3ad3b24ee - - - - - -] Successfully bumped revision number for resource 9e11d110-b985-4312-923a-e720fef8d593 (type: router_ports) to 2
2026-06-22 03:03:46.828 9 INFO neutron.plugins.ml2.drivers.ovn.mech_driver.ovsdb.ovsdb_monitor [None req-c13c4fde-9d05-4013-903f-091e070bf4d3 - - - - - -] Router a4a5d7aa-5a07-4ed5-8b76-c9020cd38df1 is bound to host instance
2026-06-22 03:03:46.849 10 WARNING neutron.scheduler.dhcp_agent_scheduler [None req-c2c6f507-6aa4-45e7-b18d-ef1ca62581c0 0e809ce002024944bb0444c8a6960a2b 2d80f535ea5a430c97e180854e44e8f6 - - default default] No more DHCP agents
2026-06-22 03:03:46.854 10 WARNING neutron.api.rpc.agentnotifiers.dhcp_rpc_agent_api [None req-c2c6f507-6aa4-45e7-b18d-ef1ca62581c0 0e809ce002024944bb0444c8a6960a2b 2d80f535ea5a430c97e180854e44e8f6 - - default default] Unable to schedule network 820e9715-1f78-4a83-8a30-3350c015bff9: no agents available; will retry on subsequent port and subnet creation events.
2026-06-22 03:03:47.010 10 INFO neutron.db.ovn_revision_numbers_db [None req-c2c6f507-6aa4-45e7-b18d-ef1ca62581c0 0e809ce002024944bb0444c8a6960a2b 2d80f535ea5a430c97e180854e44e8f6 - - default default] Successfully bumped revision number for resource 4e3d620e-84e9-4cf3-bb31-e18d49159ca4 (type: ports) to 1
2026-06-22 03:03:47.044 10 INFO neutron.wsgi [None req-c2c6f507-6aa4-45e7-b18d-ef1ca62581c0 0e809ce002024944bb0444c8a6960a2b 2d80f535ea5a430c97e180854e44e8f6 - - default default] 10.0.0.71 "POST /v2.0/ports HTTP/1.1" status: 201 len: 974 time: 0.5955739 /var/lib/openstack/lib/python3.10/site-packages/pycadf/identifier.py:71: UserWarning: Invalid uuid: neutron. To ensure interoperability, identifiers should be a valid uuid. warnings.warn(('Invalid uuid: %s. To ensure interoperability, '
2026-06-22 03:03:47.073 10 WARNING neutron_lib.context [None req-cc362eac-6a02-4d62-ac4f-22d468c9fe10 0e809ce002024944bb0444c8a6960a2b 2d80f535ea5a430c97e180854e44e8f6 - - default default] Method 'is_advsvc' is deprecated since 2023.2 release (neutron-lib 3.8.0) and will be removed once support for the old RBAC API policies will be removed from Neutron. Please use method 'is_service_role' instead.
2026-06-22 03:03:47.211 10 INFO neutron.db.segments_db [None req-cc362eac-6a02-4d62-ac4f-22d468c9fe10 0e809ce002024944bb0444c8a6960a2b 2d80f535ea5a430c97e180854e44e8f6 - - default default] Added segment bddda5f7-689d-4415-b8e2-b28a1bf26026 of type geneve for network 161c2bfb-73b1-444d-8606-63a6db84f02a
2026-06-22 03:03:47.340 10 ERROR ovsdbapp.backend.ovs_idl.command [None req-7189066f-9ce4-4f5f-ae0e-71256577a7e5 85f301e2e9cb4710adffa45a4b4246bf 9e17edfe74f846fbb163214cc75014ef - - default default] Error executing command (DbGetCommand): ovsdbapp.backend.ovs_idl.idlutils.RowNotFound: Cannot find Logical_Router_Port with name=lrp-9076df2e-14be-460c-b9ba-928be15158e5
2026-06-22 03:03:47.340 10 ERROR ovsdbapp.backend.ovs_idl.command
Traceback (most recent call last):
2026-06-22 03:03:47.340 10 ERROR ovsdbapp.backend.ovs_idl.command
File "/var/lib/openstack/lib/python3.10/site-packages/ovsdbapp/backend/ovs_idl/command.py", line 47, in execute
2026-06-22 03:03:47.340 10 ERROR ovsdbapp.backend.ovs_idl.command self.run_idl(None)
2026-06-22 03:03:47.340 10 ERROR ovsdbapp.backend.ovs_idl.command
File "/var/lib/openstack/lib/python3.10/site-packages/ovsdbapp/backend/ovs_idl/command.py", line 235, in run_idl
2026-06-22 03:03:47.340 10 ERROR ovsdbapp.backend.ovs_idl.command record = self.api.lookup(self.table, self.record)
2026-06-22 03:03:47.340 10 ERROR ovsdbapp.backend.ovs_idl.command
File "/var/lib/openstack/lib/python3.10/site-packages/ovsdbapp/backend/ovs_idl/__init__.py", line 184, in lookup
2026-06-22 03:03:47.340 10 ERROR ovsdbapp.backend.ovs_idl.command return self._lookup(table, record)
2026-06-22 03:03:47.340 10 ERROR ovsdbapp.backend.ovs_idl.command
File "/var/lib/openstack/lib/python3.10/site-packages/ovsdbapp/backend/ovs_idl/__init__.py", line 235, in _lookup
2026-06-22 03:03:47.340 10 ERROR ovsdbapp.backend.ovs_idl.command row = idlutils.row_by_value(self, rl.table, rl.column, record)
2026-06-22 03:03:47.340 10 ERROR ovsdbapp.backend.ovs_idl.command
File "/var/lib/openstack/lib/python3.10/site-packages/ovsdbapp/backend/ovs_idl/idlutils.py", line 114, in row_by_value
2026-06-22 03:03:47.340 10 ERROR ovsdbapp.backend.ovs_idl.command raise RowNotFound(table=table, col=column, match=match)
2026-06-22 03:03:47.340 10 ERROR ovsdbapp.backend.ovs_idl.command ovsdbapp.backend.ovs_idl.idlutils.RowNotFound: Cannot find Logical_Router_Port with name=lrp-9076df2e-14be-460c-b9ba-928be15158e5
2026-06-22 03:03:47.340 10 ERROR ovsdbapp.backend.ovs_idl.command 
2026-06-22 03:03:47.340 10 ERROR neutron_lib.callbacks.manager [None req-7189066f-9ce4-4f5f-ae0e-71256577a7e5 85f301e2e9cb4710adffa45a4b4246bf 9e17edfe74f846fbb163214cc75014ef - - default default] Error during notification for neutron.services.ovn_l3.plugin.OVNL3RouterPlugin._port_update-8752314948326 port, after_update: ovsdbapp.backend.ovs_idl.idlutils.RowNotFound: Cannot find Logical_Router_Port with name=lrp-9076df2e-14be-460c-b9ba-928be15158e5
2026-06-22 03:03:47.340 10 ERROR neutron_lib.callbacks.manager
Traceback (most recent call last):
2026-06-22 03:03:47.340 10 ERROR neutron_lib.callbacks.manager
File "/var/lib/openstack/lib/python3.10/site-packages/neutron_lib/callbacks/manager.py", line 189, in _notify_loop
2026-06-22 03:03:47.340 10 ERROR neutron_lib.callbacks.manager callback.method(resource, event, trigger, payload=payload)
2026-06-22 03:03:47.340 10 ERROR neutron_lib.callbacks.manager
File "/var/lib/openstack/lib/python3.10/site-packages/neutron/services/ovn_l3/plugin.py", line 391, in _port_update
2026-06-22 03:03:47.340 10 ERROR neutron_lib.callbacks.manager l3plugin._ovn_client.update_router_port(context,
2026-06-22 03:03:47.340 10 ERROR neutron_lib.callbacks.manager
File "/var/lib/openstack/lib/python3.10/site-packages/neutron/plugins/ml2/drivers/ovn/mech_driver/ovsdb/ovn_client.py", line 1878, in update_router_port
2026-06-22 03:03:47.340 10 ERROR neutron_lib.callbacks.manager self._update_lrouter_port(context, port, if_exists=if_exists,
2026-06-22 03:03:47.340 10 ERROR neutron_lib.callbacks.manager
File "/var/lib/openstack/lib/python3.10/site-packages/neutron/plugins/ml2/drivers/ovn/mech_driver/ovsdb/ovn_client.py", line 1855, in _update_lrouter_port
2026-06-22 03:03:47.340 10 ERROR neutron_lib.callbacks.manager external_ids = self._nb_idl.db_get(
2026-06-22 03:03:47.340 10 ERROR neutron_lib.callbacks.manager
File "/var/lib/openstack/lib/python3.10/site-packages/ovsdbapp/backend/ovs_idl/command.py", line 47, in execute
2026-06-22 03:03:47.340 10 ERROR neutron_lib.callbacks.manager self.run_idl(None)
2026-06-22 03:03:47.340 10 ERROR neutron_lib.callbacks.manager
File "/var/lib/openstack/lib/python3.10/site-packages/ovsdbapp/backend/ovs_idl/command.py", line 235, in run_idl
2026-06-22 03:03:47.340 10 ERROR neutron_lib.callbacks.manager record = self.api.lookup(self.table, self.record)
2026-06-22 03:03:47.340 10 ERROR neutron_lib.callbacks.manager
File "/var/lib/openstack/lib/python3.10/site-packages/ovsdbapp/backend/ovs_idl/__init__.py", line 184, in lookup
2026-06-22 03:03:47.340 10 ERROR neutron_lib.callbacks.manager return self._lookup(table, record)
2026-06-22 03:03:47.340 10 ERROR neutron_lib.callbacks.manager
File "/var/lib/openstack/lib/python3.10/site-packages/ovsdbapp/backend/ovs_idl/__init__.py", line 235, in _lookup
2026-06-22 03:03:47.340 10 ERROR neutron_lib.callbacks.manager row = idlutils.row_by_value(self, rl.table, rl.column, record)
2026-06-22 03:03:47.340 10 ERROR neutron_lib.callbacks.manager
File "/var/lib/openstack/lib/python3.10/site-packages/ovsdbapp/backend/ovs_idl/idlutils.py", line 114, in row_by_value
2026-06-22 03:03:47.340 10 ERROR neutron_lib.callbacks.manager raise RowNotFound(table=table, col=column, match=match)
2026-06-22 03:03:47.340 10 ERROR neutron_lib.callbacks.manager ovsdbapp.backend.ovs_idl.idlutils.RowNotFound: Cannot find Logical_Router_Port with name=lrp-9076df2e-14be-460c-b9ba-928be15158e5
2026-06-22 03:03:47.340 10 ERROR neutron_lib.callbacks.manager 
2026-06-22 03:03:47.467 10 INFO neutron.db.ovn_revision_numbers_db [None req-cc362eac-6a02-4d62-ac4f-22d468c9fe10 0e809ce002024944bb0444c8a6960a2b 2d80f535ea5a430c97e180854e44e8f6 - - default default] Successfully bumped revision number for resource 161c2bfb-73b1-444d-8606-63a6db84f02a (type: networks) to 1
2026-06-22 03:03:47.494 9 INFO neutron.db.ovn_revision_numbers_db [None req-4caa22b2-fcad-4d1b-82e1-99374c239f78 85f301e2e9cb4710adffa45a4b4246bf 9e17edfe74f846fbb163214cc75014ef - - default default] Successfully bumped revision number for resource 8f453b99-b430-4724-83fd-28d746f32dd8 (type: ports) to 1
2026-06-22 03:03:47.602 9 WARNING neutron.scheduler.dhcp_agent_scheduler [None req-4caa22b2-fcad-4d1b-82e1-99374c239f78 85f301e2e9cb4710adffa45a4b4246bf 9e17edfe74f846fbb163214cc75014ef - - default default] No more DHCP agents
2026-06-22 03:03:47.603 9 WARNING neutron.api.rpc.agentnotifiers.dhcp_rpc_agent_api [None req-4caa22b2-fcad-4d1b-82e1-99374c239f78 85f301e2e9cb4710adffa45a4b4246bf 9e17edfe74f846fbb163214cc75014ef - - default default] Unable to schedule network ced82aec-7db2-48de-897b-77a516b007cb: no agents available; will retry on subsequent port and subnet creation events.
2026-06-22 03:03:47.721 10 INFO neutron.db.ovn_revision_numbers_db [None req-7189066f-9ce4-4f5f-ae0e-71256577a7e5 85f301e2e9cb4710adffa45a4b4246bf 9e17edfe74f846fbb163214cc75014ef - - default default] Successfully bumped revision number for resource 9076df2e-14be-460c-b9ba-928be15158e5 (type: ports) to 1
2026-06-22 03:03:47.752 10 WARNING neutron.scheduler.dhcp_agent_scheduler [None req-cc362eac-6a02-4d62-ac4f-22d468c9fe10 0e809ce002024944bb0444c8a6960a2b 2d80f535ea5a430c97e180854e44e8f6 - - default default] No more DHCP agents
2026-06-22 03:03:47.754 10 WARNING neutron.api.rpc.agentnotifiers.dhcp_rpc_agent_api [None req-cc362eac-6a02-4d62-ac4f-22d468c9fe10 0e809ce002024944bb0444c8a6960a2b 2d80f535ea5a430c97e180854e44e8f6 - - default default] Unable to schedule network 161c2bfb-73b1-444d-8606-63a6db84f02a: no agents available; will retry on subsequent port and subnet creation events.
2026-06-22 03:03:47.856 10 WARNING neutron.scheduler.dhcp_agent_scheduler [None req-7189066f-9ce4-4f5f-ae0e-71256577a7e5 85f301e2e9cb4710adffa45a4b4246bf 9e17edfe74f846fbb163214cc75014ef - - default default] No more DHCP agents
2026-06-22 03:03:47.860 10 WARNING neutron.api.rpc.agentnotifiers.dhcp_rpc_agent_api [None req-7189066f-9ce4-4f5f-ae0e-71256577a7e5 85f301e2e9cb4710adffa45a4b4246bf 9e17edfe74f846fbb163214cc75014ef - - default default] Unable to schedule network bf9fe57f-cc57-4902-8cad-579e44f43703: no agents available; will retry on subsequent port and subnet creation events.
2026-06-22 03:03:47.874 10 INFO neutron.db.ovn_revision_numbers_db [None req-cc362eac-6a02-4d62-ac4f-22d468c9fe10 0e809ce002024944bb0444c8a6960a2b 2d80f535ea5a430c97e180854e44e8f6 - - default default] Successfully bumped revision number for resource be393e1d-d00a-44ab-82e7-bbdc12abc94b (type: ports) to 1
2026-06-22 03:03:47.914 10 INFO neutron.wsgi [None req-cc362eac-6a02-4d62-ac4f-22d468c9fe10 0e809ce002024944bb0444c8a6960a2b 2d80f535ea5a430c97e180854e44e8f6 - - default default] 10.0.0.71 "POST /v2.0/networks HTTP/1.1" status: 201 len: 830 time: 0.8490405
2026-06-22 03:03:47.943 10 WARNING neutron_lib.context [None req-f75e9c5a-f56f-42b0-910f-8e733f2ed4a9 0e809ce002024944bb0444c8a6960a2b 2d80f535ea5a430c97e180854e44e8f6 - - default default] Method 'is_advsvc' is deprecated since 2023.2 release (neutron-lib 3.8.0) and will be removed once support for the old RBAC API policies will be removed from Neutron. Please use method 'is_service_role' instead.
2026-06-22 03:03:48.356 10 WARNING neutron.scheduler.dhcp_agent_scheduler [None req-f75e9c5a-f56f-42b0-910f-8e733f2ed4a9 0e809ce002024944bb0444c8a6960a2b 2d80f535ea5a430c97e180854e44e8f6 - - default default] No more DHCP agents
2026-06-22 03:03:48.368 10 WARNING neutron.api.rpc.agentnotifiers.dhcp_rpc_agent_api [None req-f75e9c5a-f56f-42b0-910f-8e733f2ed4a9 0e809ce002024944bb0444c8a6960a2b 2d80f535ea5a430c97e180854e44e8f6 - - default default] Unable to schedule network 161c2bfb-73b1-444d-8606-63a6db84f02a: no agents available; will retry on subsequent port and subnet creation events.
2026-06-22 03:03:48.502 9 INFO neutron.db.ovn_revision_numbers_db [None req-c13c4fde-9d05-4013-903f-091e070bf4d3 - - - - - -] Successfully bumped revision number for resource 200dfdc6-58cf-4ba4-ae7a-fe88752d900a (type: ports) to 1
2026-06-22 03:03:48.777 9 INFO neutron.db.ovn_revision_numbers_db [None req-4caa22b2-fcad-4d1b-82e1-99374c239f78 85f301e2e9cb4710adffa45a4b4246bf 9e17edfe74f846fbb163214cc75014ef - - default default] Successfully bumped revision number for resource 8f453b99-b430-4724-83fd-28d746f32dd8 (type: router_ports) to 1
2026-06-22 03:03:48.785 9 INFO neutron.wsgi [None req-4caa22b2-fcad-4d1b-82e1-99374c239f78 85f301e2e9cb4710adffa45a4b4246bf 9e17edfe74f846fbb163214cc75014ef - - default default] 10.0.0.71 "PUT /v2.0/routers/a4a5d7aa-5a07-4ed5-8b76-c9020cd38df1/add_router_interface HTTP/1.1" status: 200 len: 503 time: 5.6277218
2026-06-22 03:03:49.052 9 INFO neutron.db.ovn_revision_numbers_db [None req-c13c4fde-9d05-4013-903f-091e070bf4d3 - - - - - -] Successfully bumped revision number for resource 200dfdc6-58cf-4ba4-ae7a-fe88752d900a (type: router_ports) to 3
2026-06-22 03:03:49.132 10 INFO neutron.wsgi [req-bf89e025-5913-40d4-bb33-c7ada7f0e464 req-363df1fe-e872-4e43-9c90-9074fd4a53be b7751e66ce5d4d69ad16340af64154d9 ece450bec93249de99b2b3f5cd75e154 - - default default] 10.0.0.149 "GET /v2.0/networks?id=c1bb2663-eaf1-475e-bd05-22bb9dbebcd9 HTTP/1.1" status: 200 len: 871 time: 0.1528533
2026-06-22 03:03:49.180 10 INFO neutron.wsgi [req-bf89e025-5913-40d4-bb33-c7ada7f0e464 req-120267be-e3d4-4abb-9be1-798beb4dc7b1 b7751e66ce5d4d69ad16340af64154d9 ece450bec93249de99b2b3f5cd75e154 - - default default] 10.0.0.149 "GET /v2.0/quotas/ece450bec93249de99b2b3f5cd75e154 HTTP/1.1" status: 200 len: 491 time: 0.0330317
2026-06-22 03:03:49.370 10 INFO neutron.wsgi [req-bf89e025-5913-40d4-bb33-c7ada7f0e464 req-128bea34-3836-44ca-b679-a3ad5a6e8331 b7751e66ce5d4d69ad16340af64154d9 ece450bec93249de99b2b3f5cd75e154 - - default default] 10.0.0.149 "GET /v2.0/ports?tenant_id=ece450bec93249de99b2b3f5cd75e154&fields=id HTTP/1.1" status: 200 len: 302 time: 0.1772108
2026-06-22 03:03:49.411 10 WARNING neutron_lib.context [None req-59163921-57ec-4e48-a2c2-bcd5710cd7a9 343950d3f36e4e60b856f520ccef13fc 4eec98e5c3bd4adaad556a9e7b3c2386 - - default default] Method 'is_advsvc' is deprecated since 2023.2 release (neutron-lib 3.8.0) and will be removed once support for the old RBAC API policies will be removed from Neutron. Please use method 'is_service_role' instead.
2026-06-22 03:03:49.520 10 INFO neutron.db.ovn_revision_numbers_db [None req-7189066f-9ce4-4f5f-ae0e-71256577a7e5 85f301e2e9cb4710adffa45a4b4246bf 9e17edfe74f846fbb163214cc75014ef - - default default] Successfully bumped revision number for resource 9076df2e-14be-460c-b9ba-928be15158e5 (type: router_ports) to 1
2026-06-22 03:03:49.526 10 INFO neutron.wsgi [None req-7189066f-9ce4-4f5f-ae0e-71256577a7e5 85f301e2e9cb4710adffa45a4b4246bf 9e17edfe74f846fbb163214cc75014ef - - default default] 10.0.0.71 "PUT /v2.0/routers/36703ab3-2b1e-42d6-a973-0010dad520c5/add_router_interface HTTP/1.1" status: 200 len: 503 time: 4.4684403
2026-06-22 03:03:49.684 10 INFO neutron.db.ovn_revision_numbers_db [None req-59163921-57ec-4e48-a2c2-bcd5710cd7a9 343950d3f36e4e60b856f520ccef13fc 4eec98e5c3bd4adaad556a9e7b3c2386 - - default default] Successfully bumped revision number for resource 1015a8fa-f11b-49e9-b7d2-e8fa14147915 (type: security_groups) to 1
2026-06-22 03:03:49.686 10 INFO neutron.db.ovn_revision_numbers_db [None req-f75e9c5a-f56f-42b0-910f-8e733f2ed4a9 0e809ce002024944bb0444c8a6960a2b 2d80f535ea5a430c97e180854e44e8f6 - - default default] Successfully bumped revision number for resource be393e1d-d00a-44ab-82e7-bbdc12abc94b (type: ports) to 2
2026-06-22 03:03:49.703 9 INFO neutron.db.ovn_revision_numbers_db [None req-c13c4fde-9d05-4013-903f-091e070bf4d3 - - - - - -] Successfully bumped revision number for resource 200dfdc6-58cf-4ba4-ae7a-fe88752d900a (type: ports) to 2
2026-06-22 03:03:49.710 10 INFO neutron.db.ovn_revision_numbers_db [None req-59163921-57ec-4e48-a2c2-bcd5710cd7a9 343950d3f36e4e60b856f520ccef13fc 4eec98e5c3bd4adaad556a9e7b3c2386 - - default default] Successfully bumped revision number for resource 1f766ec4-03be-4016-a1da-8648ffb86434 (type: security_group_rules) to 0
2026-06-22 03:03:49.733 10 INFO neutron.db.ovn_revision_numbers_db [None req-59163921-57ec-4e48-a2c2-bcd5710cd7a9 343950d3f36e4e60b856f520ccef13fc 4eec98e5c3bd4adaad556a9e7b3c2386 - - default default] Successfully bumped revision number for resource 8a00c893-689f-4342-8db6-f5542e953b1a (type: security_group_rules) to 0
2026-06-22 03:03:49.744 10 INFO neutron.db.ovn_revision_numbers_db [None req-f75e9c5a-f56f-42b0-910f-8e733f2ed4a9 0e809ce002024944bb0444c8a6960a2b 2d80f535ea5a430c97e180854e44e8f6 - - default default] Successfully bumped revision number for resource 6f6d1436-52a7-4612-9cb7-923b497b396b (type: subnets) to 0
2026-06-22 03:03:49.780 10 INFO neutron.wsgi [None req-59163921-57ec-4e48-a2c2-bcd5710cd7a9 343950d3f36e4e60b856f520ccef13fc 4eec98e5c3bd4adaad556a9e7b3c2386 - - default default] 10.0.0.71 "POST /v2.0/security-groups HTTP/1.1" status: 201 len: 1860 time: 0.3789985
2026-06-22 03:03:49.790 10 WARNING neutron_lib.context [None req-467eb785-b880-4d94-9cf8-77e1aad05a2d 343950d3f36e4e60b856f520ccef13fc 4eec98e5c3bd4adaad556a9e7b3c2386 - - default default] Method 'is_advsvc' is deprecated since 2023.2 release (neutron-lib 3.8.0) and will be removed once support for the old RBAC API policies will be removed from Neutron. Please use method 'is_service_role' instead.
2026-06-22 03:03:49.796 10 INFO neutron.wsgi [None req-f75e9c5a-f56f-42b0-910f-8e733f2ed4a9 0e809ce002024944bb0444c8a6960a2b 2d80f535ea5a430c97e180854e44e8f6 - - default default] 10.0.0.71 "POST /v2.0/subnets HTTP/1.1" status: 201 len: 801 time: 1.8733480
2026-06-22 03:03:49.807 10 WARNING neutron_lib.context [None req-966ece1b-622f-474e-95bb-aa0ffb2d6608 0e809ce002024944bb0444c8a6960a2b 2d80f535ea5a430c97e180854e44e8f6 - - default default] Method 'is_advsvc' is deprecated since 2023.2 release (neutron-lib 3.8.0) and will be removed once support for the old RBAC API policies will be removed from Neutron. Please use method 'is_service_role' instead.
2026-06-22 03:03:49.829 10 INFO neutron.wsgi [req-bf89e025-5913-40d4-bb33-c7ada7f0e464 req-0bd8648a-65f9-4431-b563-81793b3c1d7c ddad650685dd43b9aa0a072a6ceb1eca a07b64586c2e444fb76c679543faec05 - - d5f287be118a4de3998f7755fc2fc464 d5f287be118a4de3998f7755fc2fc464] 10.0.0.149 "GET /v2.0/extensions HTTP/1.1" status: 200 len: 18683 time: 0.0895545
2026-06-22 03:03:49.943 10 INFO neutron.wsgi [req-bf89e025-5913-40d4-bb33-c7ada7f0e464 req-94043d78-b10b-441e-aa27-69119e58f60c ddad650685dd43b9aa0a072a6ceb1eca a07b64586c2e444fb76c679543faec05 - - d5f287be118a4de3998f7755fc2fc464 d5f287be118a4de3998f7755fc2fc464] 10.0.0.149 "GET /v2.0/networks/c1bb2663-eaf1-475e-bd05-22bb9dbebcd9?fields=segments HTTP/1.1" status: 200 len: 212 time: 0.0985265
2026-06-22 03:03:50.033 10 INFO neutron.plugins.ml2.drivers.ovn.mech_driver.mech_driver [None req-3e709302-db6d-4991-9ee7-1ef00f3c6a42 - - - - - -] OVN reports status up for port: 8f453b99-b430-4724-83fd-28d746f32dd8
2026-06-22 03:03:50.054 10 INFO neutron.plugins.ml2.plugin [None req-3e709302-db6d-4991-9ee7-1ef00f3c6a42 - - - - - -] Attempt 1 to provision port 8f453b99-b430-4724-83fd-28d746f32dd8
2026-06-22 03:03:50.056 9 WARNING neutron_lib.context [None req-8a3e476a-7fec-4b53-a0fe-e4887d9b8348 17afc1d08de041dfa38273d6b371a1d5 5906ba1e44ae432baa0accefc60ac670 - - default default] Method 'is_advsvc' is deprecated since 2023.2 release (neutron-lib 3.8.0) and will be removed once support for the old RBAC API policies will be removed from Neutron. Please use method 'is_service_role' instead.
2026-06-22 03:03:50.100 10 INFO neutron.wsgi [req-bf89e025-5913-40d4-bb33-c7ada7f0e464 req-aea13bf8-0337-4af5-8aac-63d2bcbe6802 ddad650685dd43b9aa0a072a6ceb1eca a07b64586c2e444fb76c679543faec05 - - d5f287be118a4de3998f7755fc2fc464 d5f287be118a4de3998f7755fc2fc464] 10.0.0.149 "GET /v2.0/networks/c1bb2663-eaf1-475e-bd05-22bb9dbebcd9?fields=provider%3Aphysical_network&fields=provider%3Anetwork_type HTTP/1.1" status: 200 len: 277 time: 0.1437593
2026-06-22 03:03:50.189 10 INFO neutron.db.ovn_revision_numbers_db [None req-467eb785-b880-4d94-9cf8-77e1aad05a2d 343950d3f36e4e60b856f520ccef13fc 4eec98e5c3bd4adaad556a9e7b3c2386 - - default default] Successfully bumped revision number for resource c65eaf62-16dd-4422-a341-d5cb811269b3 (type: security_group_rules) to 0
2026-06-22 03:03:50.217 9 INFO neutron.db.ovn_revision_numbers_db [None req-c13c4fde-9d05-4013-903f-091e070bf4d3 - - - - - -] Successfully bumped revision number for resource 200dfdc6-58cf-4ba4-ae7a-fe88752d900a (type: ports) to 4
2026-06-22 03:03:50.254 10 INFO neutron.wsgi [None req-467eb785-b880-4d94-9cf8-77e1aad05a2d 343950d3f36e4e60b856f520ccef13fc 4eec98e5c3bd4adaad556a9e7b3c2386 - - default default] 10.0.0.71 "POST /v2.0/security-group-rules HTTP/1.1" status: 201 len: 796 time: 0.4693696
2026-06-22 03:03:50.265 10 WARNING neutron_lib.context [None req-16993b5f-68c3-4f90-a0df-bb3743542b86 343950d3f36e4e60b856f520ccef13fc 4eec98e5c3bd4adaad556a9e7b3c2386 - - default default] Method 'is_advsvc' is deprecated since 2023.2 release (neutron-lib 3.8.0) and will be removed once support for the old RBAC API policies will be removed from Neutron. Please use method 'is_service_role' instead.
2026-06-22 03:03:50.335 9 INFO neutron.db.ovn_revision_numbers_db [None req-8a3e476a-7fec-4b53-a0fe-e4887d9b8348 17afc1d08de041dfa38273d6b371a1d5 5906ba1e44ae432baa0accefc60ac670 - - default default] Successfully bumped revision number for resource c21f2c70-24c3-43ea-9679-32edacd7763c (type: security_groups) to 1
2026-06-22 03:03:50.344 10 INFO neutron.wsgi [req-c61e663e-634e-4733-bea0-2061a3079929 req-6c677188-720b-4962-a5ec-5ef07ac8162c b7751e66ce5d4d69ad16340af64154d9 ece450bec93249de99b2b3f5cd75e154 - - default default] 10.0.0.149 "GET /v2.0/ports?device_id=49300b71-2910-40fa-822e-4eeddbd84fc6 HTTP/1.1" status: 200 len: 210 time: 0.0513973
2026-06-22 03:03:50.363 9 INFO neutron.db.ovn_revision_numbers_db [None req-8a3e476a-7fec-4b53-a0fe-e4887d9b8348 17afc1d08de041dfa38273d6b371a1d5 5906ba1e44ae432baa0accefc60ac670 - - default default] Successfully bumped revision number for resource 0ccbe781-29f0-4b1d-974e-e9b2dc8d823c (type: security_group_rules) to 0
2026-06-22 03:03:50.383 9 INFO neutron.db.ovn_revision_numbers_db [None req-8a3e476a-7fec-4b53-a0fe-e4887d9b8348 17afc1d08de041dfa38273d6b371a1d5 5906ba1e44ae432baa0accefc60ac670 - - default default] Successfully bumped revision number for resource 869264c6-780d-4412-932a-2e6790f5daa7 (type: security_group_rules) to 0
2026-06-22 03:03:50.420 9 INFO neutron.wsgi [None req-8a3e476a-7fec-4b53-a0fe-e4887d9b8348 17afc1d08de041dfa38273d6b371a1d5 5906ba1e44ae432baa0accefc60ac670 - - default default] 10.0.0.71 "POST /v2.0/security-groups HTTP/1.1" status: 201 len: 1860 time: 0.3706143
2026-06-22 03:03:50.433 9 WARNING neutron_lib.context [None req-2ce9847d-cf0d-47cb-b484-6b3d9596132b 17afc1d08de041dfa38273d6b371a1d5 5906ba1e44ae432baa0accefc60ac670 - - default default] Method 'is_advsvc' is deprecated since 2023.2 release (neutron-lib 3.8.0) and will be removed once support for the old RBAC API policies will be removed from Neutron. Please use method 'is_service_role' instead.
2026-06-22 03:03:50.624 9 INFO neutron.db.ovn_revision_numbers_db [None req-c13c4fde-9d05-4013-903f-091e070bf4d3 - - - - - -] Successfully bumped revision number for resource 200dfdc6-58cf-4ba4-ae7a-fe88752d900a (type: router_ports) to 4
2026-06-22 03:03:50.630 10 WARNING neutron.scheduler.dhcp_agent_scheduler [None req-966ece1b-622f-474e-95bb-aa0ffb2d6608 0e809ce002024944bb0444c8a6960a2b 2d80f535ea5a430c97e180854e44e8f6 - - default default] No more DHCP agents
2026-06-22 03:03:50.638 10 WARNING neutron.api.rpc.agentnotifiers.dhcp_rpc_agent_api [None req-966ece1b-622f-474e-95bb-aa0ffb2d6608 0e809ce002024944bb0444c8a6960a2b 2d80f535ea5a430c97e180854e44e8f6 - - default default] Unable to schedule network 161c2bfb-73b1-444d-8606-63a6db84f02a: no agents available; will retry on subsequent port and subnet creation events.
2026-06-22 03:03:50.643 9 INFO neutron.db.ovn_revision_numbers_db [None req-2ce9847d-cf0d-47cb-b484-6b3d9596132b 17afc1d08de041dfa38273d6b371a1d5 5906ba1e44ae432baa0accefc60ac670 - - default default] Successfully bumped revision number for resource 978b3754-c075-4cb3-a72e-95f40d361d4e (type: security_group_rules) to 0
2026-06-22 03:03:50.683 9 INFO neutron.wsgi [None req-2ce9847d-cf0d-47cb-b484-6b3d9596132b 17afc1d08de041dfa38273d6b371a1d5 5906ba1e44ae432baa0accefc60ac670 - - default default] 10.0.0.71 "POST /v2.0/security-group-rules HTTP/1.1" status: 201 len: 796 time: 0.2543459
2026-06-22 03:03:50.688 9 INFO neutron.plugins.ml2.drivers.ovn.mech_driver.ovsdb.ovsdb_monitor [None req-c13c4fde-9d05-4013-903f-091e070bf4d3 - - - - - -] Router 36703ab3-2b1e-42d6-a973-0010dad520c5 is bound to host instance /var/lib/openstack/lib/python3.10/site-packages/pycadf/identifier.py:71: UserWarning: Invalid uuid: neutron. To ensure interoperability, identifiers should be a valid uuid. warnings.warn(('Invalid uuid: %s. To ensure interoperability, '
2026-06-22 03:03:50.701 10 WARNING neutron_lib.context [None req-6c63c80a-4570-4105-98f0-ff21f01bec1f 17afc1d08de041dfa38273d6b371a1d5 5906ba1e44ae432baa0accefc60ac670 - - default default] Method 'is_advsvc' is deprecated since 2023.2 release (neutron-lib 3.8.0) and will be removed once support for the old RBAC API policies will be removed from Neutron. Please use method 'is_service_role' instead.
2026-06-22 03:03:50.750 10 INFO neutron.db.ovn_revision_numbers_db [None req-16993b5f-68c3-4f90-a0df-bb3743542b86 343950d3f36e4e60b856f520ccef13fc 4eec98e5c3bd4adaad556a9e7b3c2386 - - default default] Successfully bumped revision number for resource f0b30b6d-2ac5-4cc9-a338-6b50b74f002e (type: security_group_rules) to 0
2026-06-22 03:03:50.816 10 INFO neutron.wsgi [None req-16993b5f-68c3-4f90-a0df-bb3743542b86 343950d3f36e4e60b856f520ccef13fc 4eec98e5c3bd4adaad556a9e7b3c2386 - - default default] 10.0.0.71 "POST /v2.0/security-group-rules HTTP/1.1" status: 201 len: 801 time: 0.5579753
2026-06-22 03:03:50.832 10 WARNING neutron_lib.context [None req-a1e27c9c-88d2-4633-af03-fe7435520af8 343950d3f36e4e60b856f520ccef13fc 4eec98e5c3bd4adaad556a9e7b3c2386 - - default default] Method 'is_advsvc' is deprecated since 2023.2 release (neutron-lib 3.8.0) and will be removed once support for the old RBAC API policies will be removed from Neutron. Please use method 'is_service_role' instead.
2026-06-22 03:03:51.146 10 INFO neutron.db.ovn_revision_numbers_db [None req-966ece1b-622f-474e-95bb-aa0ffb2d6608 0e809ce002024944bb0444c8a6960a2b 2d80f535ea5a430c97e180854e44e8f6 - - default default] Successfully bumped revision number for resource e12662db-473e-47fe-8cda-077673d93eb7 (type: ports) to 1
2026-06-22 03:03:51.200 10 INFO neutron.db.ovn_revision_numbers_db [None req-3e709302-db6d-4991-9ee7-1ef00f3c6a42 - - - - - -] Successfully bumped revision number for resource 8f453b99-b430-4724-83fd-28d746f32dd8 (type: ports) to 2
2026-06-22 03:03:51.214 10 INFO neutron.db.ovn_revision_numbers_db [None req-6c63c80a-4570-4105-98f0-ff21f01bec1f 17afc1d08de041dfa38273d6b371a1d5 5906ba1e44ae432baa0accefc60ac670 - - default default] Successfully bumped revision number for resource 466d0a91-a767-4c60-8335-7b16416637cb (type: security_group_rules) to 0
2026-06-22 03:03:51.241 10 INFO neutron.wsgi [None req-966ece1b-622f-474e-95bb-aa0ffb2d6608 0e809ce002024944bb0444c8a6960a2b 2d80f535ea5a430c97e180854e44e8f6 - - default default] 10.0.0.71 "POST /v2.0/ports HTTP/1.1" status: 201 len: 1152 time: 1.4389970
2026-06-22 03:03:51.277 10 INFO neutron.wsgi [req-bf89e025-5913-40d4-bb33-c7ada7f0e464 req-afad509b-53fd-4866-875a-7fd7c6ebd1fb b7751e66ce5d4d69ad16340af64154d9 ece450bec93249de99b2b3f5cd75e154 - - default default] 199.204.45.216 "GET /v2.0/networks?id=c1bb2663-eaf1-475e-bd05-22bb9dbebcd9 HTTP/1.1" status: 200 len: 871 time: 0.1971383
2026-06-22 03:03:51.331 10 WARNING neutron_lib.context [req-bf89e025-5913-40d4-bb33-c7ada7f0e464 req-5ffe69bf-f2e3-4910-913b-09fe339145a1 b7751e66ce5d4d69ad16340af64154d9 ece450bec93249de99b2b3f5cd75e154 - - default default] Method 'is_advsvc' is deprecated since 2023.2 release (neutron-lib 3.8.0) and will be removed once support for the old RBAC API policies will be removed from Neutron. Please use method 'is_service_role' instead.
2026-06-22 03:03:51.344 10 INFO neutron.wsgi [None req-6c63c80a-4570-4105-98f0-ff21f01bec1f 17afc1d08de041dfa38273d6b371a1d5 5906ba1e44ae432baa0accefc60ac670 - - default default] 10.0.0.71 "POST /v2.0/security-group-rules HTTP/1.1" status: 201 len: 801 time: 0.6531799
2026-06-22 03:03:51.711 10 WARNING neutron_lib.context [None req-7682c846-ae8c-4e88-98ab-4c93c7b010c0 17afc1d08de041dfa38273d6b371a1d5 5906ba1e44ae432baa0accefc60ac670 - - default default] Method 'is_advsvc' is deprecated since 2023.2 release (neutron-lib 3.8.0) and will be removed once support for the old RBAC API policies will be removed from Neutron. Please use method 'is_service_role' instead.
2026-06-22 03:03:51.804 10 INFO neutron.wsgi [req-8d7c4704-b081-4809-982e-7965a4d0655c req-2b863bcb-a021-4e99-8287-9f6b117b8c74 b7751e66ce5d4d69ad16340af64154d9 ece450bec93249de99b2b3f5cd75e154 - - default default] 10.0.0.149 "GET /v2.0/ports?device_id=49300b71-2910-40fa-822e-4eeddbd84fc6 HTTP/1.1" status: 200 len: 210 time: 0.0874152
2026-06-22 03:03:51.805 9 WARNING neutron.plugins.ml2.drivers.ovn.mech_driver.ovsdb.ovn_client [None req-11e537fb-cb2e-43b4-8e9f-2ce3ad3b24ee - - - - - -] No hosting information found for port 9e11d110-b985-4312-923a-e720fef8d593: RuntimeError: No hosting information found for port 9e11d110-b985-4312-923a-e720fef8d593
2026-06-22 03:03:51.806 9 INFO neutron.plugins.ml2.drivers.ovn.mech_driver.mech_driver [None req-11e537fb-cb2e-43b4-8e9f-2ce3ad3b24ee - - - - - -] OVN reports status up for port: 199415d0-2b27-48ca-ab05-4011ebb9c2ed
2026-06-22 03:03:51.814 9 INFO neutron.db.ovn_revision_numbers_db [None req-c13c4fde-9d05-4013-903f-091e070bf4d3 - - - - - -] Successfully bumped revision number for resource 199415d0-2b27-48ca-ab05-4011ebb9c2ed (type: ports) to 1
2026-06-22 03:03:51.823 9 INFO neutron.plugins.ml2.plugin [None req-11e537fb-cb2e-43b4-8e9f-2ce3ad3b24ee - - - - - -] Attempt 1 to provision port 199415d0-2b27-48ca-ab05-4011ebb9c2ed
2026-06-22 03:03:51.922 9 INFO neutron.plugins.ml2.drivers.ovn.mech_driver.mech_driver [None req-11e537fb-cb2e-43b4-8e9f-2ce3ad3b24ee - - - - - -] OVN reports status up for port: 9076df2e-14be-460c-b9ba-928be15158e5
2026-06-22 03:03:51.956 9 INFO neutron.plugins.ml2.plugin [None req-11e537fb-cb2e-43b4-8e9f-2ce3ad3b24ee - - - - - -] Attempt 1 to provision port 9076df2e-14be-460c-b9ba-928be15158e5
2026-06-22 03:03:52.041 10 WARNING neutron.scheduler.dhcp_agent_scheduler [None req-a1e27c9c-88d2-4633-af03-fe7435520af8 343950d3f36e4e60b856f520ccef13fc 4eec98e5c3bd4adaad556a9e7b3c2386 - - default default] No more DHCP agents
2026-06-22 03:03:52.052 10 WARNING neutron.api.rpc.agentnotifiers.dhcp_rpc_agent_api [None req-a1e27c9c-88d2-4633-af03-fe7435520af8 343950d3f36e4e60b856f520ccef13fc 4eec98e5c3bd4adaad556a9e7b3c2386 - - default default] Unable to schedule network c93e448b-7fef-47f7-a495-b89909f7d740: no agents available; will retry on subsequent port and subnet creation events.
2026-06-22 03:03:52.105 10 INFO neutron.db.ovn_revision_numbers_db [None req-3e709302-db6d-4991-9ee7-1ef00f3c6a42 - - - - - -] Successfully bumped revision number for resource 8f453b99-b430-4724-83fd-28d746f32dd8 (type: router_ports) to 2
2026-06-22 03:03:52.586 10 WARNING neutron.scheduler.dhcp_agent_scheduler [None req-7682c846-ae8c-4e88-98ab-4c93c7b010c0 17afc1d08de041dfa38273d6b371a1d5 5906ba1e44ae432baa0accefc60ac670 - - default default] No more DHCP agents
2026-06-22 03:03:52.598 10 WARNING neutron.api.rpc.agentnotifiers.dhcp_rpc_agent_api [None req-7682c846-ae8c-4e88-98ab-4c93c7b010c0 17afc1d08de041dfa38273d6b371a1d5 5906ba1e44ae432baa0accefc60ac670 - - default default] Unable to schedule network c93e448b-7fef-47f7-a495-b89909f7d740: no agents available; will retry on subsequent port and subnet creation events.
2026-06-22 03:03:52.710 9 INFO neutron.db.ovn_revision_numbers_db [None req-c13c4fde-9d05-4013-903f-091e070bf4d3 - - - - - -] Successfully bumped revision number for resource 199415d0-2b27-48ca-ab05-4011ebb9c2ed (type: router_ports) to 3
2026-06-22 03:03:52.830 10 INFO neutron.wsgi [None req-baefed7b-6eb0-41f6-b3be-5cb89a2e6a6c 0e809ce002024944bb0444c8a6960a2b 2d80f535ea5a430c97e180854e44e8f6 - - default default] 10.0.0.71 "DELETE /v2.0/ports/e12662db-473e-47fe-8cda-077673d93eb7 HTTP/1.1" status: 204 len: 168 time: 1.5794291
2026-06-22 03:03:52.831 10 WARNING neutron.scheduler.dhcp_agent_scheduler [req-bf89e025-5913-40d4-bb33-c7ada7f0e464 req-5ffe69bf-f2e3-4910-913b-09fe339145a1 b7751e66ce5d4d69ad16340af64154d9 ece450bec93249de99b2b3f5cd75e154 - - default default] No more DHCP agents
