2026-06-22 03:05:22.035 9 WARNING neutron.scheduler.dhcp_agent_scheduler [None req-d988c580-eee4-4442-b769-dfbded065017 cc7a01d1710d4beab1703d5229aae55b f20c1acf346e4b399c3a618443cdf41c - - default default] No more DHCP agents
2026-06-22 03:05:22.043 9 WARNING neutron.api.rpc.agentnotifiers.dhcp_rpc_agent_api [None req-d988c580-eee4-4442-b769-dfbded065017 cc7a01d1710d4beab1703d5229aae55b f20c1acf346e4b399c3a618443cdf41c - - default default] Unable to schedule network f102b386-011c-4490-bab1-5f62096bfeaf: no agents available; will retry on subsequent port and subnet creation events.
2026-06-22 03:05:22.071 9 INFO neutron.wsgi [None req-5e5c9d71-6d3f-49e0-962e-1fa02f69b987 85f301e2e9cb4710adffa45a4b4246bf 9e17edfe74f846fbb163214cc75014ef - - default default] 10.0.0.71 "GET /v2.0/security-groups?tenant_id=1e5040132c83495d80893e626f51b68b&name=default HTTP/1.1" status: 200 len: 3120 time: 0.4149666
2026-06-22 03:05:22.126 9 INFO neutron.wsgi [None req-676c232c-1cdd-4f15-ac00-981740513d46 352316ba48824c048bc661d94583dafd ff984ce8357447f9b89e0c4bc2a57706 - - default default] 10.0.0.71 "GET /v2.0/networks HTTP/1.1" status: 200 len: 1493 time: 0.2731922
2026-06-22 03:05:22.187 9 INFO neutron.db.ovn_revision_numbers_db [None req-d988c580-eee4-4442-b769-dfbded065017 cc7a01d1710d4beab1703d5229aae55b f20c1acf346e4b399c3a618443cdf41c - - default default] Successfully bumped revision number for resource 6ff3287b-c4a6-4015-a55c-b7deaa71ea3d (type: ports) to 1
2026-06-22 03:05:22.213 9 INFO neutron.wsgi [None req-d988c580-eee4-4442-b769-dfbded065017 cc7a01d1710d4beab1703d5229aae55b f20c1acf346e4b399c3a618443cdf41c - - default default] 10.0.0.71 "POST /v2.0/networks HTTP/1.1" status: 201 len: 848 time: 2.0442300
2026-06-22 03:05:22.230 9 WARNING neutron_lib.context [None req-9da093a7-fce4-43f4-ab5c-af20860db28c cc7a01d1710d4beab1703d5229aae55b f20c1acf346e4b399c3a618443cdf41c - - default default] Method 'is_advsvc' is deprecated since 2023.2 release (neutron-lib 3.8.0) and will be removed once support for the old RBAC API policies will be removed from Neutron. Please use method 'is_service_role' instead.
2026-06-22 03:05:22.272 10 INFO neutron.wsgi [req-1ff44ff0-b779-4902-b664-cfed4522b886 req-191f59ef-6b0e-47de-8017-f91911817f1f 352316ba48824c048bc661d94583dafd ff984ce8357447f9b89e0c4bc2a57706 - - default default] 10.0.0.149 "GET /v2.0/security-groups?name=tempest-secgroup-smoke-988828009&fields=id&tenant_id=ff984ce8357447f9b89e0c4bc2a57706 HTTP/1.1" status: 200 len: 267 time: 0.0610902
2026-06-22 03:05:22.379 10 INFO neutron.wsgi [None req-6da3f307-8476-4083-86e9-8347359f3fbb 85f301e2e9cb4710adffa45a4b4246bf 9e17edfe74f846fbb163214cc75014ef - - default default] 10.0.0.71 "DELETE /v2.0/security-groups/6bd938c1-7131-43bb-aeaf-0184cb58c158 HTTP/1.1" status: 204 len: 168 time: 0.3017538
2026-06-22 03:05:22.395 10 INFO neutron.wsgi [req-1ff44ff0-b779-4902-b664-cfed4522b886 req-eccf8c68-91f3-4ed9-b9e8-82d3b7254a14 352316ba48824c048bc661d94583dafd ff984ce8357447f9b89e0c4bc2a57706 - - default default] 10.0.0.149 "GET /v2.0/networks?id=bafba49e-4ab7-4f06-aad8-e4343be3677e HTTP/1.1" status: 200 len: 860 time: 0.1133783
2026-06-22 03:05:22.418 10 INFO neutron.wsgi [req-1ff44ff0-b779-4902-b664-cfed4522b886 req-ea2e3aae-acd3-4c77-b23d-d3ba4f7664d2 352316ba48824c048bc661d94583dafd ff984ce8357447f9b89e0c4bc2a57706 - - default default] 10.0.0.149 "GET /v2.0/quotas/ff984ce8357447f9b89e0c4bc2a57706 HTTP/1.1" status: 200 len: 491 time: 0.0162234 /var/lib/openstack/lib/python3.10/site-packages/pycadf/identifier.py:71: UserWarning: Invalid uuid: neutron. To ensure interoperability, identifiers should be a valid uuid. warnings.warn(('Invalid uuid: %s. To ensure interoperability, '
2026-06-22 03:05:22.540 9 WARNING neutron.scheduler.dhcp_agent_scheduler [None req-9da093a7-fce4-43f4-ab5c-af20860db28c cc7a01d1710d4beab1703d5229aae55b f20c1acf346e4b399c3a618443cdf41c - - default default] No more DHCP agents
2026-06-22 03:05:22.545 9 WARNING neutron.api.rpc.agentnotifiers.dhcp_rpc_agent_api [None req-9da093a7-fce4-43f4-ab5c-af20860db28c cc7a01d1710d4beab1703d5229aae55b f20c1acf346e4b399c3a618443cdf41c - - default default] Unable to schedule network f102b386-011c-4490-bab1-5f62096bfeaf: no agents available; will retry on subsequent port and subnet creation events.
2026-06-22 03:05:22.548 10 INFO neutron.wsgi [req-1ff44ff0-b779-4902-b664-cfed4522b886 req-958d9210-2bbf-4be3-9d36-c4cc760d5693 352316ba48824c048bc661d94583dafd ff984ce8357447f9b89e0c4bc2a57706 - - default default] 10.0.0.149 "GET /v2.0/ports?tenant_id=ff984ce8357447f9b89e0c4bc2a57706&fields=id HTTP/1.1" status: 200 len: 348 time: 0.1235266
2026-06-22 03:05:22.629 10 INFO neutron.wsgi [req-1ff44ff0-b779-4902-b664-cfed4522b886 req-e4df88cd-7be6-46fc-b23b-e3dac010ac68 ddad650685dd43b9aa0a072a6ceb1eca a07b64586c2e444fb76c679543faec05 - - d5f287be118a4de3998f7755fc2fc464 d5f287be118a4de3998f7755fc2fc464] 10.0.0.149 "GET /v2.0/networks/bafba49e-4ab7-4f06-aad8-e4343be3677e?fields=segments HTTP/1.1" status: 200 len: 212 time: 0.0674040
2026-06-22 03:05:22.671 9 INFO neutron.db.ovn_revision_numbers_db [None req-9da093a7-fce4-43f4-ab5c-af20860db28c cc7a01d1710d4beab1703d5229aae55b f20c1acf346e4b399c3a618443cdf41c - - default default] Successfully bumped revision number for resource 4f7d55d1-362a-4a56-84e7-f5e32511fb54 (type: ports) to 1
2026-06-22 03:05:22.693 10 INFO neutron.wsgi [req-1ff44ff0-b779-4902-b664-cfed4522b886 req-cf9b5bff-4eb6-457f-9540-d62744c2335a ddad650685dd43b9aa0a072a6ceb1eca a07b64586c2e444fb76c679543faec05 - - d5f287be118a4de3998f7755fc2fc464 d5f287be118a4de3998f7755fc2fc464] 10.0.0.149 "GET /v2.0/networks/bafba49e-4ab7-4f06-aad8-e4343be3677e?fields=provider%3Aphysical_network&fields=provider%3Anetwork_type HTTP/1.1" status: 200 len: 277 time: 0.0586145
2026-06-22 03:05:22.704 9 INFO neutron.wsgi [None req-9da093a7-fce4-43f4-ab5c-af20860db28c cc7a01d1710d4beab1703d5229aae55b f20c1acf346e4b399c3a618443cdf41c - - default default] 10.0.0.71 "POST /v2.0/ports HTTP/1.1" status: 201 len: 978 time: 0.4819531 /var/lib/openstack/lib/python3.10/site-packages/pycadf/identifier.py:71: UserWarning: Invalid uuid: neutron. To ensure interoperability, identifiers should be a valid uuid. warnings.warn(('Invalid uuid: %s. To ensure interoperability, '
2026-06-22 03:05:22.719 9 WARNING neutron_lib.context [None req-8e1b038b-199c-4bf9-b748-20c70e69e684 cc7a01d1710d4beab1703d5229aae55b f20c1acf346e4b399c3a618443cdf41c - - default default] Method 'is_advsvc' is deprecated since 2023.2 release (neutron-lib 3.8.0) and will be removed once support for the old RBAC API policies will be removed from Neutron. Please use method 'is_service_role' instead.
2026-06-22 03:05:22.743 9 INFO neutron.db.ovn_revision_numbers_db [None req-0fdfcb5b-29e4-44bc-b84d-fa1f9c3d0f0a 85f301e2e9cb4710adffa45a4b4246bf 9e17edfe74f846fbb163214cc75014ef - - default default] Successfully bumped revision number for resource 7e49c466-6681-4baf-a562-fdf37da7ccdc (type: security_groups) to 1
2026-06-22 03:05:22.774 9 INFO neutron.db.ovn_revision_numbers_db [None req-0fdfcb5b-29e4-44bc-b84d-fa1f9c3d0f0a 85f301e2e9cb4710adffa45a4b4246bf 9e17edfe74f846fbb163214cc75014ef - - default default] Successfully bumped revision number for resource 207ac172-befa-4c6a-b5e4-4ffed4f31c46 (type: security_group_rules) to 0
2026-06-22 03:05:22.797 9 INFO neutron.db.ovn_revision_numbers_db [None req-0fdfcb5b-29e4-44bc-b84d-fa1f9c3d0f0a 85f301e2e9cb4710adffa45a4b4246bf 9e17edfe74f846fbb163214cc75014ef - - default default] Successfully bumped revision number for resource 26d3553f-39bf-4df8-85fa-adb63e00cfbe (type: security_group_rules) to 0
2026-06-22 03:05:22.814 9 INFO neutron.db.ovn_revision_numbers_db [None req-0fdfcb5b-29e4-44bc-b84d-fa1f9c3d0f0a 85f301e2e9cb4710adffa45a4b4246bf 9e17edfe74f846fbb163214cc75014ef - - default default] Successfully bumped revision number for resource 8997aab6-0852-4aa2-b009-c9281cb81789 (type: security_group_rules) to 0
2026-06-22 03:05:22.840 9 INFO neutron.db.segments_db [None req-8e1b038b-199c-4bf9-b748-20c70e69e684 cc7a01d1710d4beab1703d5229aae55b f20c1acf346e4b399c3a618443cdf41c - - default default] Added segment 62f9e90d-dd29-48a4-94b3-634734aac549 of type geneve for network b5ad97f5-dd4c-46ec-abc5-1053621a7019
2026-06-22 03:05:22.841 9 INFO neutron.db.ovn_revision_numbers_db [None req-0fdfcb5b-29e4-44bc-b84d-fa1f9c3d0f0a 85f301e2e9cb4710adffa45a4b4246bf 9e17edfe74f846fbb163214cc75014ef - - default default] Successfully bumped revision number for resource f62db602-eb9e-4a8e-9dd6-392d807edfc8 (type: security_group_rules) to 0
2026-06-22 03:05:22.845 10 INFO neutron.wsgi [req-d230eba0-53ec-4f49-8bd4-038a354d5c77 req-6b9a8318-499f-4a7f-ac88-d370e59274a3 352316ba48824c048bc661d94583dafd ff984ce8357447f9b89e0c4bc2a57706 - - default default] 10.0.0.149 "GET /v2.0/ports?device_id=49dc87f0-1802-4859-b558-694357d774af HTTP/1.1" status: 200 len: 210 time: 0.0259557
2026-06-22 03:05:22.881 9 INFO neutron.wsgi [None req-0fdfcb5b-29e4-44bc-b84d-fa1f9c3d0f0a 85f301e2e9cb4710adffa45a4b4246bf 9e17edfe74f846fbb163214cc75014ef - - default default] 10.0.0.71 "GET /v2.0/security-groups?tenant_id=26bc5eca858645ab9b64a5bf25ad487b&name=default HTTP/1.1" status: 200 len: 3120 time: 0.3548160
2026-06-22 03:05:23.022 9 INFO neutron.db.ovn_revision_numbers_db [None req-8e1b038b-199c-4bf9-b748-20c70e69e684 cc7a01d1710d4beab1703d5229aae55b f20c1acf346e4b399c3a618443cdf41c - - default default] Successfully bumped revision number for resource b5ad97f5-dd4c-46ec-abc5-1053621a7019 (type: networks) to 1
2026-06-22 03:05:23.169 10 INFO neutron.wsgi [None req-a4302ca9-086e-48f7-b8aa-71ec317b8a7d 85f301e2e9cb4710adffa45a4b4246bf 9e17edfe74f846fbb163214cc75014ef - - default default] 10.0.0.71 "DELETE /v2.0/security-groups/7e49c466-6681-4baf-a562-fdf37da7ccdc HTTP/1.1" status: 204 len: 168 time: 0.2837102
2026-06-22 03:05:23.253 9 WARNING neutron.scheduler.dhcp_agent_scheduler [None req-8e1b038b-199c-4bf9-b748-20c70e69e684 cc7a01d1710d4beab1703d5229aae55b f20c1acf346e4b399c3a618443cdf41c - - default default] No more DHCP agents
2026-06-22 03:05:23.257 9 WARNING neutron.api.rpc.agentnotifiers.dhcp_rpc_agent_api [None req-8e1b038b-199c-4bf9-b748-20c70e69e684 cc7a01d1710d4beab1703d5229aae55b f20c1acf346e4b399c3a618443cdf41c - - default default] Unable to schedule network b5ad97f5-dd4c-46ec-abc5-1053621a7019: no agents available; will retry on subsequent port and subnet creation events.
2026-06-22 03:05:23.359 9 INFO neutron.db.ovn_revision_numbers_db [None req-8e1b038b-199c-4bf9-b748-20c70e69e684 cc7a01d1710d4beab1703d5229aae55b f20c1acf346e4b399c3a618443cdf41c - - default default] Successfully bumped revision number for resource a1af4f67-6fd8-4bae-883e-0cec2b0a5f3f (type: ports) to 1
2026-06-22 03:05:23.387 9 INFO neutron.wsgi [None req-8e1b038b-199c-4bf9-b748-20c70e69e684 cc7a01d1710d4beab1703d5229aae55b f20c1acf346e4b399c3a618443cdf41c - - default default] 10.0.0.71 "POST /v2.0/networks HTTP/1.1" status: 201 len: 835 time: 0.6735549
2026-06-22 03:05:23.400 9 WARNING neutron_lib.context [None req-843eea55-2000-44bf-95b0-a8e2694c136d cc7a01d1710d4beab1703d5229aae55b f20c1acf346e4b399c3a618443cdf41c - - default default] Method 'is_advsvc' is deprecated since 2023.2 release (neutron-lib 3.8.0) and will be removed once support for the old RBAC API policies will be removed from Neutron. Please use method 'is_service_role' instead.
2026-06-22 03:05:23.703 9 WARNING neutron.scheduler.dhcp_agent_scheduler [None req-843eea55-2000-44bf-95b0-a8e2694c136d cc7a01d1710d4beab1703d5229aae55b f20c1acf346e4b399c3a618443cdf41c - - default default] No more DHCP agents
2026-06-22 03:05:23.712 9 WARNING neutron.api.rpc.agentnotifiers.dhcp_rpc_agent_api [None req-843eea55-2000-44bf-95b0-a8e2694c136d cc7a01d1710d4beab1703d5229aae55b f20c1acf346e4b399c3a618443cdf41c - - default default] Unable to schedule network b5ad97f5-dd4c-46ec-abc5-1053621a7019: no agents available; will retry on subsequent port and subnet creation events.
2026-06-22 03:05:23.747 9 INFO neutron.db.ovn_revision_numbers_db [None req-843eea55-2000-44bf-95b0-a8e2694c136d cc7a01d1710d4beab1703d5229aae55b f20c1acf346e4b399c3a618443cdf41c - - default default] Successfully bumped revision number for resource 0beea5de-80eb-4d8c-b6ef-4f52edb35fa5 (type: subnets) to 0
2026-06-22 03:05:23.764 9 INFO neutron.wsgi [None req-843eea55-2000-44bf-95b0-a8e2694c136d cc7a01d1710d4beab1703d5229aae55b f20c1acf346e4b399c3a618443cdf41c - - default default] 10.0.0.71 "POST /v2.0/subnets HTTP/1.1" status: 201 len: 821 time: 0.3702269
2026-06-22 03:05:23.778 9 WARNING neutron_lib.context [None req-93c4cde0-e5f2-44bc-8df3-8070dd0273c0 cc7a01d1710d4beab1703d5229aae55b f20c1acf346e4b399c3a618443cdf41c - - default default] Method 'is_advsvc' is deprecated since 2023.2 release (neutron-lib 3.8.0) and will be removed once support for the old RBAC API policies will be removed from Neutron. Please use method 'is_service_role' instead.
2026-06-22 03:05:23.962 10 INFO neutron.wsgi [req-fdad7e88-a242-4881-a633-32b4df1bc224 req-e156e526-e42d-446b-877d-82c2b14eec35 352316ba48824c048bc661d94583dafd ff984ce8357447f9b89e0c4bc2a57706 - - default default] 10.0.0.149 "GET /v2.0/ports?device_id=49dc87f0-1802-4859-b558-694357d774af HTTP/1.1" status: 200 len: 210 time: 0.0301237
2026-06-22 03:05:24.112 9 INFO neutron.wsgi [req-1ff44ff0-b779-4902-b664-cfed4522b886 req-986d4f76-0c7b-41f9-bdba-0c344bc6b23b 352316ba48824c048bc661d94583dafd ff984ce8357447f9b89e0c4bc2a57706 - - default default] 199.204.45.216 "GET /v2.0/networks?id=bafba49e-4ab7-4f06-aad8-e4343be3677e HTTP/1.1" status: 200 len: 860 time: 0.1760302
2026-06-22 03:05:24.141 10 WARNING neutron_lib.context [None req-6a18b2de-9f77-407f-a24d-59b5bb19bd47 98581471a7bb49b3b2fd74c9042cb37e 67a34a473aa14c729d58178a74aa682e - - default default] Method 'is_advsvc' is deprecated since 2023.2 release (neutron-lib 3.8.0) and will be removed once support for the old RBAC API policies will be removed from Neutron. Please use method 'is_service_role' instead.
2026-06-22 03:05:24.191 9 INFO neutron.wsgi [req-1ff44ff0-b779-4902-b664-cfed4522b886 req-9d9f9d98-0ceb-4403-a039-8cf443fe09c1 352316ba48824c048bc661d94583dafd ff984ce8357447f9b89e0c4bc2a57706 - - default default] 199.204.45.216 "GET /v2.0/security-groups?fields=id&fields=name&tenant_id=ff984ce8357447f9b89e0c4bc2a57706 HTTP/1.1" status: 200 len: 472 time: 0.0662363
2026-06-22 03:05:24.238 9 WARNING neutron_lib.context [req-1ff44ff0-b779-4902-b664-cfed4522b886 req-c32b242e-8492-4f87-86e1-e19c00cac866 352316ba48824c048bc661d94583dafd ff984ce8357447f9b89e0c4bc2a57706 - - default default] Method 'is_advsvc' is deprecated since 2023.2 release (neutron-lib 3.8.0) and will be removed once support for the old RBAC API policies will be removed from Neutron. Please use method 'is_service_role' instead.
2026-06-22 03:05:24.314 10 INFO neutron.db.ovn_revision_numbers_db [None req-6a18b2de-9f77-407f-a24d-59b5bb19bd47 98581471a7bb49b3b2fd74c9042cb37e 67a34a473aa14c729d58178a74aa682e - - default default] Successfully bumped revision number for resource b8b06ba9-d787-4f10-b43c-7e1f0ce27eb3 (type: security_groups) to 1
2026-06-22 03:05:24.337 10 INFO neutron.db.ovn_revision_numbers_db [None req-6a18b2de-9f77-407f-a24d-59b5bb19bd47 98581471a7bb49b3b2fd74c9042cb37e 67a34a473aa14c729d58178a74aa682e - - default default] Successfully bumped revision number for resource 06275df6-f7bc-4ae6-8202-acd0863e5100 (type: security_group_rules) to 0
2026-06-22 03:05:24.353 10 INFO neutron.db.ovn_revision_numbers_db [None req-6a18b2de-9f77-407f-a24d-59b5bb19bd47 98581471a7bb49b3b2fd74c9042cb37e 67a34a473aa14c729d58178a74aa682e - - default default] Successfully bumped revision number for resource 28eb6ab4-6047-4e20-8bca-f284c22d0b07 (type: security_group_rules) to 0
2026-06-22 03:05:24.374 10 INFO neutron.db.ovn_revision_numbers_db [None req-6a18b2de-9f77-407f-a24d-59b5bb19bd47 98581471a7bb49b3b2fd74c9042cb37e 67a34a473aa14c729d58178a74aa682e - - default default] Successfully bumped revision number for resource 80930b03-eb6e-4dd6-9562-160f759aa51e (type: security_group_rules) to 0
2026-06-22 03:05:24.376 9 WARNING neutron.scheduler.dhcp_agent_scheduler [None req-93c4cde0-e5f2-44bc-8df3-8070dd0273c0 cc7a01d1710d4beab1703d5229aae55b f20c1acf346e4b399c3a618443cdf41c - - default default] No more DHCP agents
2026-06-22 03:05:24.380 9 WARNING neutron.api.rpc.agentnotifiers.dhcp_rpc_agent_api [None req-93c4cde0-e5f2-44bc-8df3-8070dd0273c0 cc7a01d1710d4beab1703d5229aae55b f20c1acf346e4b399c3a618443cdf41c - - default default] Unable to schedule network b5ad97f5-dd4c-46ec-abc5-1053621a7019: no agents available; will retry on subsequent port and subnet creation events.
2026-06-22 03:05:24.393 10 INFO neutron.db.ovn_revision_numbers_db [None req-6a18b2de-9f77-407f-a24d-59b5bb19bd47 98581471a7bb49b3b2fd74c9042cb37e 67a34a473aa14c729d58178a74aa682e - - default default] Successfully bumped revision number for resource e5a955df-efb5-4dbd-98d2-8c5bebcfe8b0 (type: security_group_rules) to 0
2026-06-22 03:05:24.450 10 INFO neutron.db.segments_db [None req-6a18b2de-9f77-407f-a24d-59b5bb19bd47 98581471a7bb49b3b2fd74c9042cb37e 67a34a473aa14c729d58178a74aa682e - - default default] Added segment f782d8af-b602-4c2b-94d2-2f0dba6e7271 of type geneve for network ab9a654f-825d-4fb2-b2c4-ef1073f4a984
2026-06-22 03:05:24.589 9 INFO neutron.db.ovn_revision_numbers_db [None req-93c4cde0-e5f2-44bc-8df3-8070dd0273c0 cc7a01d1710d4beab1703d5229aae55b f20c1acf346e4b399c3a618443cdf41c - - default default] Successfully bumped revision number for resource de89053b-4fa1-4e11-8c7a-6b0b0dda006a (type: ports) to 1
2026-06-22 03:05:24.631 9 INFO neutron.wsgi [None req-93c4cde0-e5f2-44bc-8df3-8070dd0273c0 cc7a01d1710d4beab1703d5229aae55b f20c1acf346e4b399c3a618443cdf41c - - default default] 10.0.0.71 "POST /v2.0/ports HTTP/1.1" status: 201 len: 1165 time: 0.8590047
2026-06-22 03:05:24.677 10 INFO neutron.db.ovn_revision_numbers_db [None req-6a18b2de-9f77-407f-a24d-59b5bb19bd47 98581471a7bb49b3b2fd74c9042cb37e 67a34a473aa14c729d58178a74aa682e - - default default] Successfully bumped revision number for resource ab9a654f-825d-4fb2-b2c4-ef1073f4a984 (type: networks) to 1
2026-06-22 03:05:24.947 10 WARNING neutron.scheduler.dhcp_agent_scheduler [None req-6a18b2de-9f77-407f-a24d-59b5bb19bd47 98581471a7bb49b3b2fd74c9042cb37e 67a34a473aa14c729d58178a74aa682e - - default default] No more DHCP agents
2026-06-22 03:05:24.952 10 WARNING neutron.api.rpc.agentnotifiers.dhcp_rpc_agent_api [None req-6a18b2de-9f77-407f-a24d-59b5bb19bd47 98581471a7bb49b3b2fd74c9042cb37e 67a34a473aa14c729d58178a74aa682e - - default default] Unable to schedule network ab9a654f-825d-4fb2-b2c4-ef1073f4a984: no agents available; will retry on subsequent port and subnet creation events.
2026-06-22 03:05:25.045 9 WARNING neutron.scheduler.dhcp_agent_scheduler [req-1ff44ff0-b779-4902-b664-cfed4522b886 req-c32b242e-8492-4f87-86e1-e19c00cac866 352316ba48824c048bc661d94583dafd ff984ce8357447f9b89e0c4bc2a57706 - - default default] No more DHCP agents
2026-06-22 03:05:25.048 9 WARNING neutron.api.rpc.agentnotifiers.dhcp_rpc_agent_api [req-1ff44ff0-b779-4902-b664-cfed4522b886 req-c32b242e-8492-4f87-86e1-e19c00cac866 352316ba48824c048bc661d94583dafd ff984ce8357447f9b89e0c4bc2a57706 - - default default] Unable to schedule network bafba49e-4ab7-4f06-aad8-e4343be3677e: no agents available; will retry on subsequent port and subnet creation events.
2026-06-22 03:05:25.107 10 INFO neutron.wsgi [req-0cdeae28-0dad-487c-ae40-5e8d8988030d req-e9ac1992-5ce9-43ec-a571-fda782f8aa24 352316ba48824c048bc661d94583dafd ff984ce8357447f9b89e0c4bc2a57706 - - default default] 10.0.0.149 "GET /v2.0/ports?device_id=49dc87f0-1802-4859-b558-694357d774af HTTP/1.1" status: 200 len: 1160 time: 0.0789504
2026-06-22 03:05:25.140 10 INFO neutron.db.ovn_revision_numbers_db [None req-6a18b2de-9f77-407f-a24d-59b5bb19bd47 98581471a7bb49b3b2fd74c9042cb37e 67a34a473aa14c729d58178a74aa682e - - default default] Successfully bumped revision number for resource 1f954c7f-62b1-44ec-bfbe-d147da7cc5f5 (type: ports) to 1
2026-06-22 03:05:25.189 10 INFO neutron.wsgi [req-0cdeae28-0dad-487c-ae40-5e8d8988030d req-bc3a79ca-7e2d-48be-8abd-61143e7413e2 352316ba48824c048bc661d94583dafd ff984ce8357447f9b89e0c4bc2a57706 - - default default] 10.0.0.149 "GET /v2.0/security-groups?id=f00c7b9e-b394-4e3a-afe9-b9b4b81f280f&fields=id&fields=name HTTP/1.1" status: 200 len: 312 time: 0.0686913
2026-06-22 03:05:25.192 10 INFO neutron.wsgi [None req-6a18b2de-9f77-407f-a24d-59b5bb19bd47 98581471a7bb49b3b2fd74c9042cb37e 67a34a473aa14c729d58178a74aa682e - - default default] 10.0.0.71 "POST /v2.0/networks HTTP/1.1" status: 201 len: 843 time: 1.3479977
2026-06-22 03:05:25.238 10 WARNING neutron_lib.context [None req-9c337b69-c5bc-4835-afd5-9dd939506b14 98581471a7bb49b3b2fd74c9042cb37e 67a34a473aa14c729d58178a74aa682e - - default default] Method 'is_advsvc' is deprecated since 2023.2 release (neutron-lib 3.8.0) and will be removed once support for the old RBAC API policies will be removed from Neutron. Please use method 'is_service_role' instead.
2026-06-22 03:05:25.245 9 INFO neutron.db.ovn_revision_numbers_db [req-1ff44ff0-b779-4902-b664-cfed4522b886 req-c32b242e-8492-4f87-86e1-e19c00cac866 352316ba48824c048bc661d94583dafd ff984ce8357447f9b89e0c4bc2a57706 - - default default] Successfully bumped revision number for resource 8771a436-d07b-4c92-97f0-9d4e3bf583d0 (type: ports) to 1
2026-06-22 03:05:25.249 10 INFO neutron.wsgi [None req-fafad1b5-f87f-4e89-92dc-2cfc7ca45d1a cc7a01d1710d4beab1703d5229aae55b f20c1acf346e4b399c3a618443cdf41c - - default default] 10.0.0.71 "DELETE /v2.0/ports/de89053b-4fa1-4e11-8c7a-6b0b0dda006a HTTP/1.1" status: 204 len: 168 time: 0.6118205
2026-06-22 03:05:25.278 9 INFO neutron.wsgi [req-1ff44ff0-b779-4902-b664-cfed4522b886 req-c32b242e-8492-4f87-86e1-e19c00cac866 352316ba48824c048bc661d94583dafd ff984ce8357447f9b89e0c4bc2a57706 - - default default] 199.204.45.216 "POST /v2.0/ports HTTP/1.1" status: 201 len: 1162 time: 1.0472164
2026-06-22 03:05:25.285 10 INFO neutron.pecan_wsgi.hooks.translation [None req-8eef6c6d-1ab7-464f-a519-4a280380147a cc7a01d1710d4beab1703d5229aae55b f20c1acf346e4b399c3a618443cdf41c - - default default] DELETE failed (client error): The resource could not be found.
2026-06-22 03:05:25.288 10 INFO neutron.wsgi [None req-8eef6c6d-1ab7-464f-a519-4a280380147a cc7a01d1710d4beab1703d5229aae55b f20c1acf346e4b399c3a618443cdf41c - - default default] 10.0.0.71 "DELETE /v2.0/ports/de89053b-4fa1-4e11-8c7a-6b0b0dda006a HTTP/1.1" status: 404 len: 333 time: 0.0316079 /var/lib/openstack/lib/python3.10/site-packages/pycadf/identifier.py:71: UserWarning: Invalid uuid: neutron. To ensure interoperability, identifiers should be a valid uuid. warnings.warn(('Invalid uuid: %s. To ensure interoperability, '
2026-06-22 03:05:25.321 10 INFO neutron.pecan_wsgi.hooks.translation [None req-5278c011-0b9d-4f8f-80e8-dacbea7bc7a0 cc7a01d1710d4beab1703d5229aae55b f20c1acf346e4b399c3a618443cdf41c - - default default] GET failed (client error): The resource could not be found.
2026-06-22 03:05:25.324 10 INFO neutron.wsgi [None req-5278c011-0b9d-4f8f-80e8-dacbea7bc7a0 cc7a01d1710d4beab1703d5229aae55b f20c1acf346e4b399c3a618443cdf41c - - default default] 10.0.0.71 "GET /v2.0/ports/de89053b-4fa1-4e11-8c7a-6b0b0dda006a HTTP/1.1" status: 404 len: 333 time: 0.0288532
2026-06-22 03:05:25.552 10 WARNING neutron.scheduler.dhcp_agent_scheduler [None req-9c337b69-c5bc-4835-afd5-9dd939506b14 98581471a7bb49b3b2fd74c9042cb37e 67a34a473aa14c729d58178a74aa682e - - default default] No more DHCP agents
2026-06-22 03:05:25.554 10 WARNING neutron.api.rpc.agentnotifiers.dhcp_rpc_agent_api [None req-9c337b69-c5bc-4835-afd5-9dd939506b14 98581471a7bb49b3b2fd74c9042cb37e 67a34a473aa14c729d58178a74aa682e - - default default] Unable to schedule network ab9a654f-825d-4fb2-b2c4-ef1073f4a984: no agents available; will retry on subsequent port and subnet creation events.
2026-06-22 03:05:25.624 9 INFO neutron.wsgi [None req-f0aef55f-9a81-403d-bfbb-e25cd0bfb13d cc7a01d1710d4beab1703d5229aae55b f20c1acf346e4b399c3a618443cdf41c - - default default] 10.0.0.71 "DELETE /v2.0/subnets/0beea5de-80eb-4d8c-b6ef-4f52edb35fa5 HTTP/1.1" status: 204 len: 168 time: 0.2950125
2026-06-22 03:05:25.891 9 INFO neutron.db.ovn_revision_numbers_db [req-1ff44ff0-b779-4902-b664-cfed4522b886 req-59a1c69b-48a4-44a6-813d-a688b5e687bf ddad650685dd43b9aa0a072a6ceb1eca a07b64586c2e444fb76c679543faec05 - - d5f287be118a4de3998f7755fc2fc464 d5f287be118a4de3998f7755fc2fc464] Successfully bumped revision number for resource 8771a436-d07b-4c92-97f0-9d4e3bf583d0 (type: ports) to 2
2026-06-22 03:05:26.139 9 INFO neutron.db.ovn_revision_numbers_db [req-1ff44ff0-b779-4902-b664-cfed4522b886 req-59a1c69b-48a4-44a6-813d-a688b5e687bf ddad650685dd43b9aa0a072a6ceb1eca a07b64586c2e444fb76c679543faec05 - - d5f287be118a4de3998f7755fc2fc464 d5f287be118a4de3998f7755fc2fc464] Successfully bumped revision number for resource 8771a436-d07b-4c92-97f0-9d4e3bf583d0 (type: ports) to 2
2026-06-22 03:05:26.161 9 INFO neutron.wsgi [req-1ff44ff0-b779-4902-b664-cfed4522b886 req-59a1c69b-48a4-44a6-813d-a688b5e687bf ddad650685dd43b9aa0a072a6ceb1eca a07b64586c2e444fb76c679543faec05 - - d5f287be118a4de3998f7755fc2fc464 d5f287be118a4de3998f7755fc2fc464] 199.204.45.216 "PUT /v2.0/ports/8771a436-d07b-4c92-97f0-9d4e3bf583d0 HTTP/1.1" status: 200 len: 1380 time: 0.8748941 /var/lib/openstack/lib/python3.10/site-packages/pycadf/identifier.py:71: UserWarning: Invalid uuid: neutron. To ensure interoperability, identifiers should be a valid uuid. warnings.warn(('Invalid uuid: %s. To ensure interoperability, '
2026-06-22 03:05:26.214 9 INFO neutron.notifiers.nova [-] Nova event matching ['req-e14564d7-413f-4927-b145-a14b90b5f414'] response: {'name': 'network-changed', 'server_uuid': '49dc87f0-1802-4859-b558-694357d774af', 'tag': '8771a436-d07b-4c92-97f0-9d4e3bf583d0', 'status': 'completed', 'code': 200}
2026-06-22 03:05:26.248 9 INFO neutron.wsgi [req-1ff44ff0-b779-4902-b664-cfed4522b886 req-87564e32-f186-4af2-a5cc-d7e4d204b80e ddad650685dd43b9aa0a072a6ceb1eca a07b64586c2e444fb76c679543faec05 - - d5f287be118a4de3998f7755fc2fc464 d5f287be118a4de3998f7755fc2fc464] 199.204.45.216 "GET /v2.0/ports?tenant_id=ff984ce8357447f9b89e0c4bc2a57706&device_id=49dc87f0-1802-4859-b558-694357d774af HTTP/1.1" status: 200 len: 1411 time: 0.0482123
2026-06-22 03:05:26.294 9 INFO neutron.wsgi [req-1ff44ff0-b779-4902-b664-cfed4522b886 req-552ad3df-7dbe-4a49-a9d4-4d1dcbc8af13 ddad650685dd43b9aa0a072a6ceb1eca a07b64586c2e444fb76c679543faec05 - - d5f287be118a4de3998f7755fc2fc464 d5f287be118a4de3998f7755fc2fc464] 199.204.45.216 "GET /v2.0/floatingips?fixed_ip_address=10.100.0.11&port_id=8771a436-d07b-4c92-97f0-9d4e3bf583d0 HTTP/1.1" status: 200 len: 217 time: 0.0375478
2026-06-22 03:05:26.354 9 INFO neutron.wsgi [req-1ff44ff0-b779-4902-b664-cfed4522b886 req-6f723bfa-1a71-41da-8efb-691f1b583c59 ddad650685dd43b9aa0a072a6ceb1eca a07b64586c2e444fb76c679543faec05 - - d5f287be118a4de3998f7755fc2fc464 d5f287be118a4de3998f7755fc2fc464] 199.204.45.216 "GET /v2.0/subnets?id=a18cd2d0-a8df-495d-8ac0-df798d85e92f HTTP/1.1" status: 200 len: 852 time: 0.0512908
2026-06-22 03:05:26.375 10 INFO neutron.wsgi [req-da7f6002-f3ab-4c8b-8c6c-903955e6b3dc req-f361396a-9516-4d41-bc55-f507f27d69e4 352316ba48824c048bc661d94583dafd ff984ce8357447f9b89e0c4bc2a57706 - - default default] 10.0.0.149 "GET /v2.0/ports?device_id=49dc87f0-1802-4859-b558-694357d774af HTTP/1.1" status: 200 len: 1172 time: 0.0885458
2026-06-22 03:05:26.403 9 INFO neutron.wsgi [req-1ff44ff0-b779-4902-b664-cfed4522b886 req-09c6e88c-155d-4295-b26c-646030f88063 ddad650685dd43b9aa0a072a6ceb1eca a07b64586c2e444fb76c679543faec05 - - d5f287be118a4de3998f7755fc2fc464 d5f287be118a4de3998f7755fc2fc464] 199.204.45.216 "GET /v2.0/ports?network_id=bafba49e-4ab7-4f06-aad8-e4343be3677e&device_owner=network%3Adhcp HTTP/1.1" status: 200 len: 210 time: 0.0411808
2026-06-22 03:05:26.476 10 INFO neutron.wsgi [req-da7f6002-f3ab-4c8b-8c6c-903955e6b3dc req-aea965ff-7c80-41ac-a8e8-39fcc5e4bb3c 352316ba48824c048bc661d94583dafd ff984ce8357447f9b89e0c4bc2a57706 - - default default] 10.0.0.149 "GET /v2.0/security-groups?id=f00c7b9e-b394-4e3a-afe9-b9b4b81f280f&fields=id&fields=name HTTP/1.1" status: 200 len: 312 time: 0.0916808
2026-06-22 03:05:26.488 9 INFO neutron.wsgi [req-1ff44ff0-b779-4902-b664-cfed4522b886 req-307be6ff-f43c-4a03-96a1-6e3d0f9b690d ddad650685dd43b9aa0a072a6ceb1eca a07b64586c2e444fb76c679543faec05 - - d5f287be118a4de3998f7755fc2fc464 d5f287be118a4de3998f7755fc2fc464] 199.204.45.216 "GET /v2.0/networks/bafba49e-4ab7-4f06-aad8-e4343be3677e?fields=segments HTTP/1.1" status: 200 len: 212 time: 0.0754497
2026-06-22 03:05:26.562 9 INFO neutron.wsgi [req-1ff44ff0-b779-4902-b664-cfed4522b886 req-e493df38-c8f4-4814-9a32-1d365fa1befc ddad650685dd43b9aa0a072a6ceb1eca a07b64586c2e444fb76c679543faec05 - - d5f287be118a4de3998f7755fc2fc464 d5f287be118a4de3998f7755fc2fc464] 199.204.45.216 "GET /v2.0/networks/bafba49e-4ab7-4f06-aad8-e4343be3677e?fields=provider%3Aphysical_network&fields=provider%3Anetwork_type HTTP/1.1" status: 200 len: 277 time: 0.0640621
2026-06-22 03:05:26.665 9 INFO neutron.wsgi [req-52caa8d0-7f85-4310-9362-156281878868 req-396130c6-6606-41d0-89c5-4f8ca77ac770 ddad650685dd43b9aa0a072a6ceb1eca a07b64586c2e444fb76c679543faec05 - - d5f287be118a4de3998f7755fc2fc464 d5f287be118a4de3998f7755fc2fc464] 199.204.45.216 "GET /v2.0/ports?tenant_id=ff984ce8357447f9b89e0c4bc2a57706&device_id=49dc87f0-1802-4859-b558-694357d774af HTTP/1.1" status: 200 len: 1411 time: 0.0509002
2026-06-22 03:05:26.684 10 INFO neutron.services.segments.plugin [-] Segment 62f9e90d-dd29-48a4-94b3-634734aac549 resource provider aggregate not found
2026-06-22 03:05:26.697 10 INFO neutron.services.segments.plugin [-] Segment 62f9e90d-dd29-48a4-94b3-634734aac549 resource provider aggregate not found
2026-06-22 03:05:26.717 10 INFO neutron.services.segments.plugin [-] Segment 62f9e90d-dd29-48a4-94b3-634734aac549 resource provider not found; error: Placement Client Error (4xx): {"errors": [{"status": 404, "title": "Not Found", "detail": "The resource could not be found.\n\n No resource provider with uuid 62f9e90d-dd29-48a4-94b3-634734aac549 found for delete ", "request_id": "req-cd854f89-b522-46b0-a533-3f233afe364e"}]}
2026-06-22 03:05:26.720 10 INFO neutron.services.segments.plugin [-] Segment 62f9e90d-dd29-48a4-94b3-634734aac549 resource provider not found; error: Placement Client Error (4xx): {"errors": [{"status": 404, "title": "Not Found", "detail": "The resource could not be found.\n\n No resource provider with uuid 62f9e90d-dd29-48a4-94b3-634734aac549 found for delete ", "request_id": "req-08a8e217-9d64-4117-8ee2-a068dd224d9c"}]}
2026-06-22 03:05:26.750 10 INFO neutron.wsgi [None req-7bc454cb-000d-47fb-902e-df834c96a266 cc7a01d1710d4beab1703d5229aae55b f20c1acf346e4b399c3a618443cdf41c - - default default] 10.0.0.71 "DELETE /v2.0/networks/b5ad97f5-dd4c-46ec-abc5-1053621a7019 HTTP/1.1" status: 204 len: 168 time: 1.1217043
2026-06-22 03:05:26.782 10 WARNING neutron_lib.context [None req-e6a3da08-9ffc-4e42-a30d-b19440f57f77 cc7a01d1710d4beab1703d5229aae55b f20c1acf346e4b399c3a618443cdf41c - - default default] Method 'is_advsvc' is deprecated since 2023.2 release (neutron-lib 3.8.0) and will be removed once support for the old RBAC API policies will be removed from Neutron. Please use method 'is_service_role' instead.
2026-06-22 03:05:26.792 9 INFO neutron.wsgi [req-52caa8d0-7f85-4310-9362-156281878868 req-47e79b2c-d6c3-4863-a030-405c302e1a96 ddad650685dd43b9aa0a072a6ceb1eca a07b64586c2e444fb76c679543faec05 - - d5f287be118a4de3998f7755fc2fc464 d5f287be118a4de3998f7755fc2fc464] 199.204.45.216 "GET /v2.0/networks?id=bafba49e-4ab7-4f06-aad8-e4343be3677e HTTP/1.1" status: 200 len: 959 time: 0.1180401
2026-06-22 03:05:26.805 10 INFO neutron.plugins.ml2.drivers.ovn.mech_driver.mech_driver [None req-3e709302-db6d-4991-9ee7-1ef00f3c6a42 - - - - - -] OVN reports status up for port: 8771a436-d07b-4c92-97f0-9d4e3bf583d0
2026-06-22 03:05:26.824 10 INFO neutron.plugins.ml2.plugin [None req-3e709302-db6d-4991-9ee7-1ef00f3c6a42 - - - - - -] Attempt 1 to provision port 8771a436-d07b-4c92-97f0-9d4e3bf583d0
2026-06-22 03:05:26.836 9 INFO neutron.wsgi [req-52caa8d0-7f85-4310-9362-156281878868 req-c6bb8db4-4c03-4583-ac8a-2ea8eec34a48 ddad650685dd43b9aa0a072a6ceb1eca a07b64586c2e444fb76c679543faec05 - - d5f287be118a4de3998f7755fc2fc464 d5f287be118a4de3998f7755fc2fc464] 199.204.45.216 "GET /v2.0/floatingips?fixed_ip_address=10.100.0.11&port_id=8771a436-d07b-4c92-97f0-9d4e3bf583d0 HTTP/1.1" status: 200 len: 217 time: 0.0323346
2026-06-22 03:05:26.843 10 INFO neutron.db.ovn_revision_numbers_db [None req-9c337b69-c5bc-4835-afd5-9dd939506b14 98581471a7bb49b3b2fd74c9042cb37e 67a34a473aa14c729d58178a74aa682e - - default default] Successfully bumped revision number for resource 1f954c7f-62b1-44ec-bfbe-d147da7cc5f5 (type: ports) to 2
2026-06-22 03:05:26.888 9 INFO neutron.wsgi [req-52caa8d0-7f85-4310-9362-156281878868 req-756de19d-c9bd-4f19-a39b-5727734dcbf5 ddad650685dd43b9aa0a072a6ceb1eca a07b64586c2e444fb76c679543faec05 - - d5f287be118a4de3998f7755fc2fc464 d5f287be118a4de3998f7755fc2fc464] 199.204.45.216 "GET /v2.0/subnets?id=a18cd2d0-a8df-495d-8ac0-df798d85e92f HTTP/1.1" status: 200 len: 852 time: 0.0438852
2026-06-22 03:05:26.901 10 INFO neutron.db.ovn_revision_numbers_db [None req-9c337b69-c5bc-4835-afd5-9dd939506b14 98581471a7bb49b3b2fd74c9042cb37e 67a34a473aa14c729d58178a74aa682e - - default default] Successfully bumped revision number for resource 6d71e5da-d96a-4021-ab39-58dcfb47d7ad (type: subnets) to 0
2026-06-22 03:05:26.919 10 INFO neutron.db.segments_db [None req-e6a3da08-9ffc-4e42-a30d-b19440f57f77 cc7a01d1710d4beab1703d5229aae55b f20c1acf346e4b399c3a618443cdf41c - - default default] Added segment babcebf3-4ab0-483f-ad78-30b48405674d of type geneve for network 49fb4454-a6c9-46fa-94f3-24a971732f51
2026-06-22 03:05:26.930 10 INFO neutron.wsgi [None req-9c337b69-c5bc-4835-afd5-9dd939506b14 98581471a7bb49b3b2fd74c9042cb37e 67a34a473aa14c729d58178a74aa682e - - default default] 10.0.0.71 "POST /v2.0/subnets HTTP/1.1" status: 201 len: 816 time: 1.6986735
2026-06-22 03:05:26.947 10 WARNING neutron_lib.context [None req-181eee55-9638-44e8-ba17-dc1c0e01526a 98581471a7bb49b3b2fd74c9042cb37e 67a34a473aa14c729d58178a74aa682e - - default default] Method 'is_advsvc' is deprecated since 2023.2 release (neutron-lib 3.8.0) and will be removed once support for the old RBAC API policies will be removed from Neutron. Please use method 'is_service_role' instead.
2026-06-22 03:05:26.949 9 INFO neutron.wsgi [req-52caa8d0-7f85-4310-9362-156281878868 req-8aab6630-4210-422e-a398-4a545f5a16a9 ddad650685dd43b9aa0a072a6ceb1eca a07b64586c2e444fb76c679543faec05 - - d5f287be118a4de3998f7755fc2fc464 d5f287be118a4de3998f7755fc2fc464] 199.204.45.216 "GET /v2.0/ports?network_id=bafba49e-4ab7-4f06-aad8-e4343be3677e&device_owner=network%3Adhcp HTTP/1.1" status: 200 len: 210 time: 0.0550644
2026-06-22 03:05:26.999 9 INFO neutron.wsgi [req-3a9de106-b1ce-448a-906f-d130433203d1 req-3b0685f0-3a0c-42c9-b0db-b15a7c21de8a ddad650685dd43b9aa0a072a6ceb1eca a07b64586c2e444fb76c679543faec05 - - d5f287be118a4de3998f7755fc2fc464 d5f287be118a4de3998f7755fc2fc464] 199.204.45.216 "GET /v2.0/ports?device_id=11f0b843-b4d4-4e84-a0c7-d7c514c5b7f1&fields=binding%3Ahost_id&fields=binding%3Avif_type HTTP/1.1" status: 200 len: 265 time: 0.1098278
2026-06-22 03:05:27.035 9 INFO neutron.wsgi [req-52caa8d0-7f85-4310-9362-156281878868 req-33102168-d9dc-416f-9514-950e8490aa42 ddad650685dd43b9aa0a072a6ceb1eca a07b64586c2e444fb76c679543faec05 - - d5f287be118a4de3998f7755fc2fc464 d5f287be118a4de3998f7755fc2fc464] 199.204.45.216 "GET /v2.0/networks/bafba49e-4ab7-4f06-aad8-e4343be3677e?fields=segments HTTP/1.1" status: 200 len: 212 time: 0.0766714
2026-06-22 03:05:27.055 10 INFO neutron.notifiers.nova [-] Nova event matching ['req-edf97b79-a3c2-4582-8b32-8ca438b9a67b'] response: {'server_uuid': '49dc87f0-1802-4859-b558-694357d774af', 'name': 'network-vif-plugged', 'status': 'completed', 'tag': '8771a436-d07b-4c92-97f0-9d4e3bf583d0', 'code': 200}
2026-06-22 03:05:27.106 9 INFO neutron.wsgi [req-3a9de106-b1ce-448a-906f-d130433203d1 req-6a2f8d70-5023-405b-9ea3-9839410d2dcb ddad650685dd43b9aa0a072a6ceb1eca a07b64586c2e444fb76c679543faec05 - - d5f287be118a4de3998f7755fc2fc464 d5f287be118a4de3998f7755fc2fc464] 199.204.45.216 "GET /v2.0/ports?tenant_id=ff984ce8357447f9b89e0c4bc2a57706&device_id=11f0b843-b4d4-4e84-a0c7-d7c514c5b7f1 HTTP/1.1" status: 200 len: 1409 time: 0.0561702
2026-06-22 03:05:27.115 10 INFO neutron.db.segments_db [None req-181eee55-9638-44e8-ba17-dc1c0e01526a 98581471a7bb49b3b2fd74c9042cb37e 67a34a473aa14c729d58178a74aa682e - - default default] Added segment bbafbbf6-1ee8-4061-a51f-c3d736ba5e8a of type geneve for network 9b273bb1-36f5-406a-a898-df229ce64bd8
2026-06-22 03:05:27.176 9 INFO neutron.wsgi [req-52caa8d0-7f85-4310-9362-156281878868 req-f6c787a5-e26b-4804-8f42-194404511f2d ddad650685dd43b9aa0a072a6ceb1eca a07b64586c2e444fb76c679543faec05 - - d5f287be118a4de3998f7755fc2fc464 d5f287be118a4de3998f7755fc2fc464] 199.204.45.216 "GET /v2.0/networks/bafba49e-4ab7-4f06-aad8-e4343be3677e?fields=provider%3Aphysical_network&fields=provider%3Anetwork_type HTTP/1.1" status: 200 len: 277 time: 0.1334221
2026-06-22 03:05:27.191 10 INFO neutron.db.ovn_revision_numbers_db [None req-e6a3da08-9ffc-4e42-a30d-b19440f57f77 cc7a01d1710d4beab1703d5229aae55b f20c1acf346e4b399c3a618443cdf41c - - default default] Successfully bumped revision number for resource 49fb4454-a6c9-46fa-94f3-24a971732f51 (type: networks) to 1
2026-06-22 03:05:27.217 9 INFO neutron.wsgi [req-3a9de106-b1ce-448a-906f-d130433203d1 req-dcebbdab-4f74-4a83-8a68-73f0b4cab8f0 ddad650685dd43b9aa0a072a6ceb1eca a07b64586c2e444fb76c679543faec05 - - d5f287be118a4de3998f7755fc2fc464 d5f287be118a4de3998f7755fc2fc464] 199.204.45.216 "GET /v2.0/networks?id=bafba49e-4ab7-4f06-aad8-e4343be3677e HTTP/1.1" status: 200 len: 959 time: 0.0864205
2026-06-22 03:05:27.255 9 INFO neutron.wsgi [req-3a9de106-b1ce-448a-906f-d130433203d1 req-3a616caf-6426-4aed-8d7f-d1e8bb8121e4 ddad650685dd43b9aa0a072a6ceb1eca a07b64586c2e444fb76c679543faec05 - - d5f287be118a4de3998f7755fc2fc464 d5f287be118a4de3998f7755fc2fc464] 199.204.45.216 "GET /v2.0/floatingips?fixed_ip_address=10.100.0.8&port_id=19f37900-8509-472c-9b1c-6d6d105f6b7e HTTP/1.1" status: 200 len: 217 time: 0.0295923
2026-06-22 03:05:27.298 9 INFO neutron.wsgi [req-3a9de106-b1ce-448a-906f-d130433203d1 req-4a3d432a-ad4f-4325-8080-9e11bf3e2aa4 ddad650685dd43b9aa0a072a6ceb1eca a07b64586c2e444fb76c679543faec05 - - d5f287be118a4de3998f7755fc2fc464 d5f287be118a4de3998f7755fc2fc464] 199.204.45.216 "GET /v2.0/subnets?id=a18cd2d0-a8df-495d-8ac0-df798d85e92f HTTP/1.1" status: 200 len: 852 time: 0.0369396
2026-06-22 03:05:27.333 9 INFO neutron.wsgi [req-3a9de106-b1ce-448a-906f-d130433203d1 req-4d3d391b-db39-48dd-a0b7-eeb2d661f93e ddad650685dd43b9aa0a072a6ceb1eca a07b64586c2e444fb76c679543faec05 - - d5f287be118a4de3998f7755fc2fc464 d5f287be118a4de3998f7755fc2fc464] 199.204.45.216 "GET /v2.0/ports?network_id=bafba49e-4ab7-4f06-aad8-e4343be3677e&device_owner=network%3Adhcp HTTP/1.1" status: 200 len: 210 time: 0.0285583
2026-06-22 03:05:27.433 9 INFO neutron.wsgi [req-3a9de106-b1ce-448a-906f-d130433203d1 req-40565b96-d9d0-4d82-84a7-f49892609caa ddad650685dd43b9aa0a072a6ceb1eca a07b64586c2e444fb76c679543faec05 - - d5f287be118a4de3998f7755fc2fc464 d5f287be118a4de3998f7755fc2fc464] 199.204.45.216 "GET /v2.0/networks/bafba49e-4ab7-4f06-aad8-e4343be3677e?fields=segments HTTP/1.1" status: 200 len: 212 time: 0.0902913
2026-06-22 03:05:27.453 10 INFO neutron.db.ovn_revision_numbers_db [None req-181eee55-9638-44e8-ba17-dc1c0e01526a 98581471a7bb49b3b2fd74c9042cb37e 67a34a473aa14c729d58178a74aa682e - - default default] Successfully bumped revision number for resource 9b273bb1-36f5-406a-a898-df229ce64bd8 (type: networks) to 1
2026-06-22 03:05:27.516 10 INFO neutron.db.ovn_revision_numbers_db [None req-3e709302-db6d-4991-9ee7-1ef00f3c6a42 - - - - - -] Successfully bumped revision number for resource 8771a436-d07b-4c92-97f0-9d4e3bf583d0 (type: ports) to 4
2026-06-22 03:05:27.526 9 INFO neutron.wsgi [req-3a9de106-b1ce-448a-906f-d130433203d1 req-a0b9913a-6651-4920-92ed-10931ff9d37b ddad650685dd43b9aa0a072a6ceb1eca a07b64586c2e444fb76c679543faec05 - - d5f287be118a4de3998f7755fc2fc464 d5f287be118a4de3998f7755fc2fc464] 199.204.45.216 "GET /v2.0/networks/bafba49e-4ab7-4f06-aad8-e4343be3677e?fields=provider%3Aphysical_network&fields=provider%3Anetwork_type HTTP/1.1" status: 200 len: 277 time: 0.0791059
2026-06-22 03:05:27.614 10 WARNING neutron.scheduler.dhcp_agent_scheduler [None req-e6a3da08-9ffc-4e42-a30d-b19440f57f77 cc7a01d1710d4beab1703d5229aae55b f20c1acf346e4b399c3a618443cdf41c - - default default] No more DHCP agents
2026-06-22 03:05:27.627 10 WARNING neutron.api.rpc.agentnotifiers.dhcp_rpc_agent_api [None req-e6a3da08-9ffc-4e42-a30d-b19440f57f77 cc7a01d1710d4beab1703d5229aae55b f20c1acf346e4b399c3a618443cdf41c - - default default] Unable to schedule network 49fb4454-a6c9-46fa-94f3-24a971732f51: no agents available; will retry on subsequent port and subnet creation events.
2026-06-22 03:05:27.789 10 INFO neutron.wsgi [req-ef38fc0e-6155-4851-a042-a6ca13c645bd req-b712a83d-e03b-4e13-a668-69ff92dce867 352316ba48824c048bc661d94583dafd ff984ce8357447f9b89e0c4bc2a57706 - - default default] 10.0.0.149 "GET /v2.0/ports?device_id=49dc87f0-1802-4859-b558-694357d774af HTTP/1.1" status: 200 len: 1174 time: 0.2326889 /var/lib/openstack/lib/python3.10/site-packages/pycadf/identifier.py:71: UserWarning: Invalid uuid: neutron. To ensure interoperability, identifiers should be a valid uuid. warnings.warn(('Invalid uuid: %s. To ensure interoperability, '
2026-06-22 03:05:27.821 10 INFO neutron.db.ovn_revision_numbers_db [None req-e6a3da08-9ffc-4e42-a30d-b19440f57f77 cc7a01d1710d4beab1703d5229aae55b f20c1acf346e4b399c3a618443cdf41c - - default default] Successfully bumped revision number for resource 20fc7d72-7f91-4a02-ac58-951c956a1197 (type: ports) to 1
2026-06-22 03:05:27.854 10 WARNING neutron.scheduler.dhcp_agent_scheduler [None req-181eee55-9638-44e8-ba17-dc1c0e01526a 98581471a7bb49b3b2fd74c9042cb37e 67a34a473aa14c729d58178a74aa682e - - default default] No more DHCP agents
2026-06-22 03:05:27.863 10 WARNING neutron.api.rpc.agentnotifiers.dhcp_rpc_agent_api [None req-181eee55-9638-44e8-ba17-dc1c0e01526a 98581471a7bb49b3b2fd74c9042cb37e 67a34a473aa14c729d58178a74aa682e - - default default] Unable to schedule network 9b273bb1-36f5-406a-a898-df229ce64bd8: no agents available; will retry on subsequent port and subnet creation events.
2026-06-22 03:05:27.880 9 WARNING neutron_lib.context [None req-5d175af7-0d3a-43c5-9d13-4c7f12815bdd 5c785c2ea99d4be79b340f1a74662be8 803d52c499e849de9b364ab6f1e68050 - - default default] Method 'is_advsvc' is deprecated since 2023.2 release (neutron-lib 3.8.0) and will be removed once support for the old RBAC API policies will be removed from Neutron. Please use method 'is_service_role' instead.
2026-06-22 03:05:27.889 10 INFO neutron.wsgi [None req-e6a3da08-9ffc-4e42-a30d-b19440f57f77 cc7a01d1710d4beab1703d5229aae55b f20c1acf346e4b399c3a618443cdf41c - - default default] 10.0.0.71 "POST /v2.0/networks HTTP/1.1" status: 201 len: 835 time: 1.1127522
2026-06-22 03:05:27.915 10 WARNING neutron_lib.context [None req-d747cb99-6335-427f-9bd4-6f2f828005c8 cc7a01d1710d4beab1703d5229aae55b f20c1acf346e4b399c3a618443cdf41c - - default default] Method 'is_advsvc' is deprecated since 2023.2 release (neutron-lib 3.8.0) and will be removed once support for the old RBAC API policies will be removed from Neutron. Please use method 'is_service_role' instead.
2026-06-22 03:05:27.923 10 INFO neutron.wsgi [req-ef38fc0e-6155-4851-a042-a6ca13c645bd req-67b474cf-c6fb-46aa-8a0f-4b3e8b0148b8 352316ba48824c048bc661d94583dafd ff984ce8357447f9b89e0c4bc2a57706 - - default default] 10.0.0.149 "GET /v2.0/security-groups?id=f00c7b9e-b394-4e3a-afe9-b9b4b81f280f&fields=id&fields=name HTTP/1.1" status: 200 len: 312 time: 0.1253061
2026-06-22 03:05:28.029 10 INFO neutron.db.ovn_revision_numbers_db [None req-181eee55-9638-44e8-ba17-dc1c0e01526a 98581471a7bb49b3b2fd74c9042cb37e 67a34a473aa14c729d58178a74aa682e - - default default] Successfully bumped revision number for resource 5d13ce10-fa98-443a-94b6-8523ccf71e07 (type: ports) to 1
2026-06-22 03:05:28.063 10 INFO neutron.wsgi [None req-181eee55-9638-44e8-ba17-dc1c0e01526a 98581471a7bb49b3b2fd74c9042cb37e 67a34a473aa14c729d58178a74aa682e - - default default] 10.0.0.71 "POST /v2.0/networks HTTP/1.1" status: 201 len: 842 time: 1.1237645
2026-06-22 03:05:28.096 9 INFO neutron.db.ovn_revision_numbers_db [None req-5d175af7-0d3a-43c5-9d13-4c7f12815bdd 5c785c2ea99d4be79b340f1a74662be8 803d52c499e849de9b364ab6f1e68050 - - default default] Successfully bumped revision number for resource 6d0016a4-af03-4717-aeb7-9aeac7ab184a (type: security_groups) to 1
2026-06-22 03:05:28.114 9 INFO neutron.db.ovn_revision_numbers_db [None req-5d175af7-0d3a-43c5-9d13-4c7f12815bdd 5c785c2ea99d4be79b340f1a74662be8 803d52c499e849de9b364ab6f1e68050 - - default default] Successfully bumped revision number for resource 2958c979-077d-4ea4-8383-73a12812558f (type: security_group_rules) to 0
2026-06-22 03:05:28.128 9 INFO neutron.db.ovn_revision_numbers_db [None req-5d175af7-0d3a-43c5-9d13-4c7f12815bdd 5c785c2ea99d4be79b340f1a74662be8 803d52c499e849de9b364ab6f1e68050 - - default default] Successfully bumped revision number for resource 2aa05ba0-6c9d-455d-9be3-f3fa54355024 (type: security_group_rules) to 0
2026-06-22 03:05:28.145 9 INFO neutron.db.ovn_revision_numbers_db [None req-5d175af7-0d3a-43c5-9d13-4c7f12815bdd 5c785c2ea99d4be79b340f1a74662be8 803d52c499e849de9b364ab6f1e68050 - - default default] Successfully bumped revision number for resource d38a8e92-eecf-4bc8-83f6-af6666fb0299 (type: security_group_rules) to 0
2026-06-22 03:05:28.162 9 INFO neutron.db.ovn_revision_numbers_db [None req-5d175af7-0d3a-43c5-9d13-4c7f12815bdd 5c785c2ea99d4be79b340f1a74662be8 803d52c499e849de9b364ab6f1e68050 - - default default] Successfully bumped revision number for resource ef7e35b3-0d4e-463d-b72a-f8ff134cc0f4 (type: security_group_rules) to 0
2026-06-22 03:05:28.283 9 INFO neutron.db.ovn_revision_numbers_db [None req-5d175af7-0d3a-43c5-9d13-4c7f12815bdd 5c785c2ea99d4be79b340f1a74662be8 803d52c499e849de9b364ab6f1e68050 - - default default] Successfully bumped revision number for resource 4d2ed65a-f92c-43ae-9b03-04aca2fe73f1 (type: security_groups) to 1
2026-06-22 03:05:28.299 9 INFO neutron.db.ovn_revision_numbers_db [None req-5d175af7-0d3a-43c5-9d13-4c7f12815bdd 5c785c2ea99d4be79b340f1a74662be8 803d52c499e849de9b364ab6f1e68050 - - default default] Successfully bumped revision number for resource 0ed1f392-c0be-457a-a44c-e183af486755 (type: security_group_rules) to 0
2026-06-22 03:05:28.305 10 WARNING neutron.scheduler.dhcp_agent_scheduler [None req-d747cb99-6335-427f-9bd4-6f2f828005c8 cc7a01d1710d4beab1703d5229aae55b f20c1acf346e4b399c3a618443cdf41c - - default default] No more DHCP agents
2026-06-22 03:05:28.309 10 WARNING neutron.api.rpc.agentnotifiers.dhcp_rpc_agent_api [None req-d747cb99-6335-427f-9bd4-6f2f828005c8 cc7a01d1710d4beab1703d5229aae55b f20c1acf346e4b399c3a618443cdf41c - - default default] Unable to schedule network 49fb4454-a6c9-46fa-94f3-24a971732f51: no agents available; will retry on subsequent port and subnet creation events.
2026-06-22 03:05:28.318 9 INFO neutron.db.ovn_revision_numbers_db [None req-5d175af7-0d3a-43c5-9d13-4c7f12815bdd 5c785c2ea99d4be79b340f1a74662be8 803d52c499e849de9b364ab6f1e68050 - - default default] Successfully bumped revision number for resource 44afc1da-77a5-445b-9961-f4c3ad4cc3b3 (type: security_group_rules) to 0
2026-06-22 03:05:28.346 9 INFO neutron.wsgi [None req-5d175af7-0d3a-43c5-9d13-4c7f12815bdd 5c785c2ea99d4be79b340f1a74662be8 803d52c499e849de9b364ab6f1e68050 - - default default] 10.0.0.71 "POST /v2.0/security-groups HTTP/1.1" status: 201 len: 1801 time: 0.6542816
2026-06-22 03:05:28.359 10 INFO neutron.db.ovn_revision_numbers_db [None req-7567d449-1cd4-438a-9541-cc839dcd3630 98581471a7bb49b3b2fd74c9042cb37e 67a34a473aa14c729d58178a74aa682e - - default default] Successfully bumped revision number for resource 9b273bb1-36f5-406a-a898-df229ce64bd8 (type: networks) to 2
2026-06-22 03:05:28.364 10 INFO neutron.wsgi [None req-7567d449-1cd4-438a-9541-cc839dcd3630 98581471a7bb49b3b2fd74c9042cb37e 67a34a473aa14c729d58178a74aa682e - - default default] 10.0.0.71 "PUT /v2.0/networks/9b273bb1-36f5-406a-a898-df229ce64bd8 HTTP/1.1" status: 200 len: 792 time: 0.2881713
2026-06-22 03:05:28.367 10 WARNING neutron_lib.context [None req-e941363b-508b-4b8c-ab1e-efa6838f492d 5c785c2ea99d4be79b340f1a74662be8 803d52c499e849de9b364ab6f1e68050 - - default default] Method 'is_advsvc' is deprecated since 2023.2 release (neutron-lib 3.8.0) and will be removed once support for the old RBAC API policies will be removed from Neutron. Please use method 'is_service_role' instead.
2026-06-22 03:05:28.372 10 INFO neutron.db.ovn_revision_numbers_db [None req-d747cb99-6335-427f-9bd4-6f2f828005c8 cc7a01d1710d4beab1703d5229aae55b f20c1acf346e4b399c3a618443cdf41c - - default default] Successfully bumped revision number for resource bbe5baee-8b22-4209-bb60-6ae9c38a8341 (type: subnets) to 0
2026-06-22 03:05:28.374 9 WARNING neutron_lib.context [None req-c3f8da3a-e0fc-4e46-9cec-01f28cc576fe 98581471a7bb49b3b2fd74c9042cb37e 67a34a473aa14c729d58178a74aa682e - - default default] Method 'is_advsvc' is deprecated since 2023.2 release (neutron-lib 3.8.0) and will be removed once support for the old RBAC API policies will be removed from Neutron. Please use method 'is_service_role' instead.
