2026-06-22 02:41:58.773 9 INFO neutron.wsgi [-] 10.0.0.86 "GET / HTTP/1.1" status: 200 len: 246 time: 0.0106313
2026-06-22 02:42:13.765 10 INFO neutron.wsgi [-] 10.0.0.86 "GET / HTTP/1.1" status: 200 len: 246 time: 0.0029175
2026-06-22 02:42:13.765 9 INFO neutron.wsgi [-] 10.0.0.86 "GET / HTTP/1.1" status: 200 len: 246 time: 0.0030513
2026-06-22 02:42:28.765 9 INFO neutron.wsgi [-] 10.0.0.86 "GET / HTTP/1.1" status: 200 len: 246 time: 0.0028768
2026-06-22 02:42:28.765 10 INFO neutron.wsgi [-] 10.0.0.86 "GET / HTTP/1.1" status: 200 len: 246 time: 0.0027957
2026-06-22 02:42:43.767 10 INFO neutron.wsgi [-] 10.0.0.86 "GET / HTTP/1.1" status: 200 len: 246 time: 0.0040016
2026-06-22 02:42:43.768 9 INFO neutron.wsgi [-] 10.0.0.86 "GET / HTTP/1.1" status: 200 len: 246 time: 0.0045354
2026-06-22 02:42:58.764 10 INFO neutron.wsgi [-] 10.0.0.86 "GET / HTTP/1.1" status: 200 len: 246 time: 0.0023060
2026-06-22 02:42:58.764 9 INFO neutron.wsgi [-] 10.0.0.86 "GET / HTTP/1.1" status: 200 len: 246 time: 0.0022938 /var/lib/openstack/lib/python3.10/site-packages/pycadf/identifier.py:71: UserWarning: Invalid uuid: unknown. To ensure interoperability, identifiers should be a valid uuid. warnings.warn(('Invalid uuid: %s. To ensure interoperability, '
2026-06-22 02:43:11.632 10 INFO neutron.api.v2.resource [None req-9c4fd70c-77e5-485a-81bf-7528abb489e8 85f301e2e9cb4710adffa45a4b4246bf 9e17edfe74f846fbb163214cc75014ef - - default default] show failed (client error): The resource could not be found.
2026-06-22 02:43:11.633 10 INFO neutron.wsgi [None req-9c4fd70c-77e5-485a-81bf-7528abb489e8 85f301e2e9cb4710adffa45a4b4246bf 9e17edfe74f846fbb163214cc75014ef - - default default] 199.204.45.216,10.0.0.86 "GET /v2.0/security-groups/manila-service-security-group?project_id=a07b64586c2e444fb76c679543faec05 HTTP/1.1" status: 404 len: 321 time: 0.1568091
2026-06-22 02:43:11.791 10 INFO neutron.db.ovn_revision_numbers_db [None req-697598b0-6eeb-46fc-92b5-8680ee6f698b 85f301e2e9cb4710adffa45a4b4246bf 9e17edfe74f846fbb163214cc75014ef - - default default] Successfully bumped revision number for resource a5f0b47a-f6e7-4614-8e1a-cc327441f4c8 (type: security_groups) to 1
2026-06-22 02:43:11.803 10 INFO neutron.db.ovn_revision_numbers_db [None req-697598b0-6eeb-46fc-92b5-8680ee6f698b 85f301e2e9cb4710adffa45a4b4246bf 9e17edfe74f846fbb163214cc75014ef - - default default] Successfully bumped revision number for resource 5f5bf3ae-f061-4ba0-93e8-bce7dac42a67 (type: security_group_rules) to 0
2026-06-22 02:43:11.814 10 INFO neutron.db.ovn_revision_numbers_db [None req-697598b0-6eeb-46fc-92b5-8680ee6f698b 85f301e2e9cb4710adffa45a4b4246bf 9e17edfe74f846fbb163214cc75014ef - - default default] Successfully bumped revision number for resource 7316ed48-fac7-410d-b505-6d787eb6ce2f (type: security_group_rules) to 0
2026-06-22 02:43:11.827 10 INFO neutron.db.ovn_revision_numbers_db [None req-697598b0-6eeb-46fc-92b5-8680ee6f698b 85f301e2e9cb4710adffa45a4b4246bf 9e17edfe74f846fbb163214cc75014ef - - default default] Successfully bumped revision number for resource b6819692-dca4-4242-9310-4ea14d1cf509 (type: security_group_rules) to 0
2026-06-22 02:43:11.840 10 INFO neutron.db.ovn_revision_numbers_db [None req-697598b0-6eeb-46fc-92b5-8680ee6f698b 85f301e2e9cb4710adffa45a4b4246bf 9e17edfe74f846fbb163214cc75014ef - - default default] Successfully bumped revision number for resource c42cede2-1489-4571-83aa-b59e0ca63607 (type: security_group_rules) to 0
2026-06-22 02:43:11.853 10 INFO neutron.wsgi [None req-697598b0-6eeb-46fc-92b5-8680ee6f698b 85f301e2e9cb4710adffa45a4b4246bf 9e17edfe74f846fbb163214cc75014ef - - default default] 199.204.45.216,10.0.0.86 "GET /v2.0/security-groups?name=manila-service-security-group&project_id=a07b64586c2e444fb76c679543faec05 HTTP/1.1" status: 200 len: 197 time: 0.2157328
2026-06-22 02:43:12.043 10 INFO neutron.db.ovn_revision_numbers_db [None req-271020f3-defe-406c-a539-3d9b7fd68701 85f301e2e9cb4710adffa45a4b4246bf 9e17edfe74f846fbb163214cc75014ef - - default default] Successfully bumped revision number for resource ccb8bab3-6c5a-4b94-b51a-9d55401034a9 (type: security_groups) to 1
2026-06-22 02:43:12.056 10 INFO neutron.db.ovn_revision_numbers_db [None req-271020f3-defe-406c-a539-3d9b7fd68701 85f301e2e9cb4710adffa45a4b4246bf 9e17edfe74f846fbb163214cc75014ef - - default default] Successfully bumped revision number for resource 8227284e-9d56-4bd3-a821-bb0de5f9b037 (type: security_group_rules) to 0
2026-06-22 02:43:12.069 10 INFO neutron.db.ovn_revision_numbers_db [None req-271020f3-defe-406c-a539-3d9b7fd68701 85f301e2e9cb4710adffa45a4b4246bf 9e17edfe74f846fbb163214cc75014ef - - default default] Successfully bumped revision number for resource b6fbdc41-9213-4833-a48f-74ccb34e9af1 (type: security_group_rules) to 0
2026-06-22 02:43:12.089 10 INFO neutron.wsgi [None req-271020f3-defe-406c-a539-3d9b7fd68701 85f301e2e9cb4710adffa45a4b4246bf 9e17edfe74f846fbb163214cc75014ef - - default default] 199.204.45.216,10.0.0.86 "POST /v2.0/security-groups HTTP/1.1" status: 201 len: 1805 time: 0.1666746
2026-06-22 02:43:13.238 9 INFO neutron.wsgi [None req-9803405f-654a-4960-afd4-5c843de00073 85f301e2e9cb4710adffa45a4b4246bf 9e17edfe74f846fbb163214cc75014ef - - default default] 199.204.45.216,10.0.0.86 "GET /v2.0/security-groups/ccb8bab3-6c5a-4b94-b51a-9d55401034a9?project_id=a07b64586c2e444fb76c679543faec05 HTTP/1.1" status: 200 len: 1800 time: 0.0815551
2026-06-22 02:43:13.278 9 INFO neutron.wsgi [None req-aea032bf-ffe3-474a-9172-18864be8e4f0 85f301e2e9cb4710adffa45a4b4246bf 9e17edfe74f846fbb163214cc75014ef - - default default] 199.204.45.216,10.0.0.86 "GET /v2.0/security-groups/ccb8bab3-6c5a-4b94-b51a-9d55401034a9 HTTP/1.1" status: 200 len: 1800 time: 0.0320036
2026-06-22 02:43:13.387 9 INFO neutron.wsgi [None req-0a6bf108-062a-47c9-9093-751e6a2e7cfa 85f301e2e9cb4710adffa45a4b4246bf 9e17edfe74f846fbb163214cc75014ef - - default default] 199.204.45.216,10.0.0.86 "GET /v2.0/security-groups/ccb8bab3-6c5a-4b94-b51a-9d55401034a9?project_id=a07b64586c2e444fb76c679543faec05 HTTP/1.1" status: 200 len: 1800 time: 0.0303588
2026-06-22 02:43:13.551 9 INFO neutron.db.ovn_revision_numbers_db [None req-9914df9a-b604-4943-9947-a365e11ddc4f 85f301e2e9cb4710adffa45a4b4246bf 9e17edfe74f846fbb163214cc75014ef - - default default] Successfully bumped revision number for resource 2a3017c0-3d7e-4247-94a4-5ef86936498e (type: security_group_rules) to 0
2026-06-22 02:43:13.584 9 INFO neutron.wsgi [None req-9914df9a-b604-4943-9947-a365e11ddc4f 85f301e2e9cb4710adffa45a4b4246bf 9e17edfe74f846fbb163214cc75014ef - - default default] 199.204.45.216,10.0.0.86 "POST /v2.0/security-group-rules HTTP/1.1" status: 201 len: 777 time: 0.1903057
2026-06-22 02:43:13.766 9 INFO neutron.wsgi [-] 10.0.0.86 "GET / HTTP/1.1" status: 200 len: 246 time: 0.0029805
2026-06-22 02:43:13.766 10 INFO neutron.wsgi [-] 10.0.0.86 "GET / HTTP/1.1" status: 200 len: 246 time: 0.0030158
2026-06-22 02:43:14.704 9 INFO neutron.wsgi [None req-56d5669e-6b35-4edd-88ae-790e135dc8dd 85f301e2e9cb4710adffa45a4b4246bf 9e17edfe74f846fbb163214cc75014ef - - default default] 199.204.45.216,10.0.0.86 "GET /v2.0/security-groups/ccb8bab3-6c5a-4b94-b51a-9d55401034a9?project_id=a07b64586c2e444fb76c679543faec05 HTTP/1.1" status: 200 len: 2410 time: 0.1607649
2026-06-22 02:43:14.749 9 INFO neutron.wsgi [None req-f63dbfe3-695b-48e0-aff7-eb6e70114fb5 85f301e2e9cb4710adffa45a4b4246bf 9e17edfe74f846fbb163214cc75014ef - - default default] 199.204.45.216,10.0.0.86 "GET /v2.0/security-groups/ccb8bab3-6c5a-4b94-b51a-9d55401034a9 HTTP/1.1" status: 200 len: 2410 time: 0.0368495
2026-06-22 02:43:14.851 9 INFO neutron.wsgi [None req-0769b5a7-d793-41c9-ad0c-f0f212fc9dab 85f301e2e9cb4710adffa45a4b4246bf 9e17edfe74f846fbb163214cc75014ef - - default default] 199.204.45.216,10.0.0.86 "GET /v2.0/security-groups/ccb8bab3-6c5a-4b94-b51a-9d55401034a9?project_id=a07b64586c2e444fb76c679543faec05 HTTP/1.1" status: 200 len: 2410 time: 0.0320430
2026-06-22 02:43:14.993 9 INFO neutron.db.ovn_revision_numbers_db [None req-2df658cb-dbf3-40fe-8a98-dd6e45f3954b 85f301e2e9cb4710adffa45a4b4246bf 9e17edfe74f846fbb163214cc75014ef - - default default] Successfully bumped revision number for resource 262c85cb-fd50-447b-852f-56111a74f71c (type: security_group_rules) to 0
2026-06-22 02:43:15.021 9 INFO neutron.wsgi [None req-2df658cb-dbf3-40fe-8a98-dd6e45f3954b 85f301e2e9cb4710adffa45a4b4246bf 9e17edfe74f846fbb163214cc75014ef - - default default] 199.204.45.216,10.0.0.86 "POST /v2.0/security-group-rules HTTP/1.1" status: 201 len: 779 time: 0.1615613
2026-06-22 02:43:16.002 9 INFO neutron.wsgi [None req-ad7849d3-c92f-469d-a3de-00d4c6e89416 85f301e2e9cb4710adffa45a4b4246bf 9e17edfe74f846fbb163214cc75014ef - - default default] 199.204.45.216,10.0.0.86 "GET /v2.0/security-groups/ccb8bab3-6c5a-4b94-b51a-9d55401034a9?project_id=a07b64586c2e444fb76c679543faec05 HTTP/1.1" status: 200 len: 3022 time: 0.0609267
2026-06-22 02:43:16.041 9 INFO neutron.wsgi [None req-c20f1760-9082-418b-b9d6-deddc1015298 85f301e2e9cb4710adffa45a4b4246bf 9e17edfe74f846fbb163214cc75014ef - - default default] 199.204.45.216,10.0.0.86 "GET /v2.0/security-groups/ccb8bab3-6c5a-4b94-b51a-9d55401034a9 HTTP/1.1" status: 200 len: 3022 time: 0.0312774
2026-06-22 02:43:16.151 9 INFO neutron.wsgi [None req-4a722b85-76e8-49ab-a378-753c849ffa54 85f301e2e9cb4710adffa45a4b4246bf 9e17edfe74f846fbb163214cc75014ef - - default default] 199.204.45.216,10.0.0.86 "GET /v2.0/security-groups/ccb8bab3-6c5a-4b94-b51a-9d55401034a9?project_id=a07b64586c2e444fb76c679543faec05 HTTP/1.1" status: 200 len: 3022 time: 0.0385544
2026-06-22 02:43:16.312 9 INFO neutron.db.ovn_revision_numbers_db [None req-ed560e91-90f3-4932-8dd0-08a778b01eed 85f301e2e9cb4710adffa45a4b4246bf 9e17edfe74f846fbb163214cc75014ef - - default default] Successfully bumped revision number for resource 1061503f-52df-4896-8820-50928f3402cd (type: security_group_rules) to 0
2026-06-22 02:43:16.365 9 INFO neutron.wsgi [None req-ed560e91-90f3-4932-8dd0-08a778b01eed 85f301e2e9cb4710adffa45a4b4246bf 9e17edfe74f846fbb163214cc75014ef - - default default] 199.204.45.216,10.0.0.86 "POST /v2.0/security-group-rules HTTP/1.1" status: 201 len: 781 time: 0.1998382
2026-06-22 02:43:17.457 9 INFO neutron.wsgi [None req-c9ab3b0d-b432-4535-84ed-675f4d0d45cf 85f301e2e9cb4710adffa45a4b4246bf 9e17edfe74f846fbb163214cc75014ef - - default default] 199.204.45.216,10.0.0.86 "GET /v2.0/security-groups/ccb8bab3-6c5a-4b94-b51a-9d55401034a9?project_id=a07b64586c2e444fb76c679543faec05 HTTP/1.1" status: 200 len: 3636 time: 0.0902312
2026-06-22 02:43:17.504 9 INFO neutron.wsgi [None req-22c6d2ee-55d4-48bf-ae4e-3f23e30ed89b 85f301e2e9cb4710adffa45a4b4246bf 9e17edfe74f846fbb163214cc75014ef - - default default] 199.204.45.216,10.0.0.86 "GET /v2.0/security-groups/ccb8bab3-6c5a-4b94-b51a-9d55401034a9 HTTP/1.1" status: 200 len: 3636 time: 0.0396597
2026-06-22 02:43:17.613 9 INFO neutron.wsgi [None req-56e56b78-f8bd-4701-93d9-b49b7ef8dcf0 85f301e2e9cb4710adffa45a4b4246bf 9e17edfe74f846fbb163214cc75014ef - - default default] 199.204.45.216,10.0.0.86 "GET /v2.0/security-groups/ccb8bab3-6c5a-4b94-b51a-9d55401034a9?project_id=a07b64586c2e444fb76c679543faec05 HTTP/1.1" status: 200 len: 3636 time: 0.0403929
2026-06-22 02:43:17.774 9 INFO neutron.db.ovn_revision_numbers_db [None req-9af3eca6-29d4-43be-90d3-c1cca6cfa93f 85f301e2e9cb4710adffa45a4b4246bf 9e17edfe74f846fbb163214cc75014ef - - default default] Successfully bumped revision number for resource 74fef2bb-93e8-488c-891e-a7d0b601e5e1 (type: security_group_rules) to 0
2026-06-22 02:43:17.800 9 INFO neutron.wsgi [None req-9af3eca6-29d4-43be-90d3-c1cca6cfa93f 85f301e2e9cb4710adffa45a4b4246bf 9e17edfe74f846fbb163214cc75014ef - - default default] 199.204.45.216,10.0.0.86 "POST /v2.0/security-group-rules HTTP/1.1" status: 201 len: 782 time: 0.1802688
2026-06-22 02:43:28.766 10 INFO neutron.wsgi [-] 10.0.0.86 "GET / HTTP/1.1" status: 200 len: 246 time: 0.0039351
2026-06-22 02:43:28.767 9 INFO neutron.wsgi [-] 10.0.0.86 "GET / HTTP/1.1" status: 200 len: 246 time: 0.0046544
2026-06-22 02:43:43.765 9 INFO neutron.wsgi [-] 10.0.0.86 "GET / HTTP/1.1" status: 200 len: 246 time: 0.0026278
2026-06-22 02:43:43.870 10 INFO neutron.wsgi [-] 10.0.0.86 "GET / HTTP/1.1" status: 200 len: 246 time: 0.1071727
2026-06-22 02:43:58.765 10 INFO neutron.wsgi [-] 10.0.0.86 "GET / HTTP/1.1" status: 200 len: 246 time: 0.0029807
2026-06-22 02:43:58.765 9 INFO neutron.wsgi [-] 10.0.0.86 "GET / HTTP/1.1" status: 200 len: 246 time: 0.0038130
2026-06-22 02:44:13.765 10 INFO neutron.wsgi [-] 10.0.0.86 "GET / HTTP/1.1" status: 200 len: 246 time: 0.0027113
2026-06-22 02:44:13.765 9 INFO neutron.wsgi [-] 10.0.0.86 "GET / HTTP/1.1" status: 200 len: 246 time: 0.0027461
2026-06-22 02:44:28.766 10 INFO neutron.wsgi [-] 10.0.0.86 "GET / HTTP/1.1" status: 200 len: 246 time: 0.0025384
2026-06-22 02:44:28.767 9 INFO neutron.wsgi [-] 10.0.0.86 "GET / HTTP/1.1" status: 200 len: 246 time: 0.0030251
2026-06-22 02:44:43.765 9 INFO neutron.wsgi [-] 10.0.0.86 "GET / HTTP/1.1" status: 200 len: 246 time: 0.0021379
2026-06-22 02:44:43.765 10 INFO neutron.wsgi [-] 10.0.0.86 "GET / HTTP/1.1" status: 200 len: 246 time: 0.0024023
2026-06-22 02:44:58.765 9 INFO neutron.wsgi [-] 10.0.0.86 "GET / HTTP/1.1" status: 200 len: 246 time: 0.0030050
2026-06-22 02:44:58.765 10 INFO neutron.wsgi [-] 10.0.0.86 "GET / HTTP/1.1" status: 200 len: 246 time: 0.0030911
2026-06-22 02:45:13.766 9 INFO neutron.wsgi [-] 10.0.0.86 "GET / HTTP/1.1" status: 200 len: 246 time: 0.0036516
2026-06-22 02:45:13.769 9 INFO neutron.wsgi [-] 10.0.0.86 "GET / HTTP/1.1" status: 200 len: 246 time: 0.0017917
2026-06-22 02:45:28.765 9 INFO neutron.wsgi [-] 10.0.0.86 "GET / HTTP/1.1" status: 200 len: 246 time: 0.0028317
2026-06-22 02:45:28.767 9 INFO neutron.wsgi [-] 10.0.0.86 "GET / HTTP/1.1" status: 200 len: 246 time: 0.0014927
2026-06-22 02:45:33.471 9 INFO neutron.wsgi [None req-7b2895da-1041-48e0-92d6-023ce0d87233 7674eb9df539453ca207ffee56ffb4cb a07b64586c2e444fb76c679543faec05 - - d5f287be118a4de3998f7755fc2fc464 d5f287be118a4de3998f7755fc2fc464] 199.204.45.216 "GET /v2.0/networks?tenant_id=a07b64586c2e444fb76c679543faec05&shared=False HTTP/1.1" status: 200 len: 213 time: 0.1942639
2026-06-22 02:45:33.590 9 INFO neutron.db.segments_db [None req-07cf9721-de38-496f-b9ed-6fd834111ef7 7674eb9df539453ca207ffee56ffb4cb a07b64586c2e444fb76c679543faec05 - - d5f287be118a4de3998f7755fc2fc464 d5f287be118a4de3998f7755fc2fc464] Added segment 13f3a06c-9f80-420a-b49f-e1b27e534982 of type geneve for network 541591a2-9819-4473-902e-388df3da62ed
2026-06-22 02:45:33.783 9 INFO neutron.db.ovn_revision_numbers_db [None req-07cf9721-de38-496f-b9ed-6fd834111ef7 7674eb9df539453ca207ffee56ffb4cb a07b64586c2e444fb76c679543faec05 - - d5f287be118a4de3998f7755fc2fc464 d5f287be118a4de3998f7755fc2fc464] Successfully bumped revision number for resource 541591a2-9819-4473-902e-388df3da62ed (type: networks) to 1
2026-06-22 02:45:33.962 9 WARNING neutron.scheduler.dhcp_agent_scheduler [None req-07cf9721-de38-496f-b9ed-6fd834111ef7 7674eb9df539453ca207ffee56ffb4cb a07b64586c2e444fb76c679543faec05 - - d5f287be118a4de3998f7755fc2fc464 d5f287be118a4de3998f7755fc2fc464] No more DHCP agents
2026-06-22 02:45:33.964 9 WARNING neutron.api.rpc.agentnotifiers.dhcp_rpc_agent_api [None req-07cf9721-de38-496f-b9ed-6fd834111ef7 7674eb9df539453ca207ffee56ffb4cb a07b64586c2e444fb76c679543faec05 - - d5f287be118a4de3998f7755fc2fc464 d5f287be118a4de3998f7755fc2fc464] Unable to schedule network 541591a2-9819-4473-902e-388df3da62ed: no agents available; will retry on subsequent port and subnet creation events.
2026-06-22 02:45:34.044 9 INFO neutron.db.ovn_revision_numbers_db [None req-07cf9721-de38-496f-b9ed-6fd834111ef7 7674eb9df539453ca207ffee56ffb4cb a07b64586c2e444fb76c679543faec05 - - d5f287be118a4de3998f7755fc2fc464 d5f287be118a4de3998f7755fc2fc464] Successfully bumped revision number for resource a5a12238-3376-4dec-9221-51232bdb28d7 (type: ports) to 1
2026-06-22 02:45:34.073 9 INFO neutron.wsgi [None req-07cf9721-de38-496f-b9ed-6fd834111ef7 7674eb9df539453ca207ffee56ffb4cb a07b64586c2e444fb76c679543faec05 - - d5f287be118a4de3998f7755fc2fc464 d5f287be118a4de3998f7755fc2fc464] 199.204.45.216 "POST /v2.0/networks HTTP/1.1" status: 201 len: 925 time: 0.5949383
2026-06-22 02:45:34.110 9 INFO neutron.wsgi [None req-de2acdbb-5d9b-4633-af4b-f3be03ae82da 7674eb9df539453ca207ffee56ffb4cb a07b64586c2e444fb76c679543faec05 - - d5f287be118a4de3998f7755fc2fc464 d5f287be118a4de3998f7755fc2fc464] 199.204.45.216 "GET /v2.0/ports?device_id=manila-share&binding%3Ahost_id=instance HTTP/1.1" status: 200 len: 210 time: 0.0295217
2026-06-22 02:45:34.126 9 INFO neutron.wsgi [None req-c2299053-ef9c-4644-87f4-1caaf6498de2 7674eb9df539453ca207ffee56ffb4cb a07b64586c2e444fb76c679543faec05 - - d5f287be118a4de3998f7755fc2fc464 d5f287be118a4de3998f7755fc2fc464] 199.204.45.216 "GET /v2.0/extensions HTTP/1.1" status: 200 len: 18683 time: 0.0093367
2026-06-22 02:45:34.366 9 WARNING neutron.scheduler.dhcp_agent_scheduler [None req-bffc9275-43a6-4f20-a619-51bc8439c07d 7674eb9df539453ca207ffee56ffb4cb a07b64586c2e444fb76c679543faec05 - - d5f287be118a4de3998f7755fc2fc464 d5f287be118a4de3998f7755fc2fc464] No more DHCP agents
2026-06-22 02:45:34.369 9 WARNING neutron.api.rpc.agentnotifiers.dhcp_rpc_agent_api [None req-bffc9275-43a6-4f20-a619-51bc8439c07d 7674eb9df539453ca207ffee56ffb4cb a07b64586c2e444fb76c679543faec05 - - d5f287be118a4de3998f7755fc2fc464 d5f287be118a4de3998f7755fc2fc464] Unable to schedule network 541591a2-9819-4473-902e-388df3da62ed: no agents available; will retry on subsequent port and subnet creation events.
2026-06-22 02:45:34.487 9 INFO neutron.db.ovn_revision_numbers_db [None req-bffc9275-43a6-4f20-a619-51bc8439c07d 7674eb9df539453ca207ffee56ffb4cb a07b64586c2e444fb76c679543faec05 - - d5f287be118a4de3998f7755fc2fc464 d5f287be118a4de3998f7755fc2fc464] Successfully bumped revision number for resource 92d841a9-4e6e-42d7-8cfd-b0e361822271 (type: ports) to 1
2026-06-22 02:45:34.680 9 INFO neutron.db.ovn_revision_numbers_db [None req-bffc9275-43a6-4f20-a619-51bc8439c07d 7674eb9df539453ca207ffee56ffb4cb a07b64586c2e444fb76c679543faec05 - - d5f287be118a4de3998f7755fc2fc464 d5f287be118a4de3998f7755fc2fc464] Successfully bumped revision number for resource 92d841a9-4e6e-42d7-8cfd-b0e361822271 (type: ports) to 1
2026-06-22 02:45:34.711 9 INFO neutron.wsgi [None req-bffc9275-43a6-4f20-a619-51bc8439c07d 7674eb9df539453ca207ffee56ffb4cb a07b64586c2e444fb76c679543faec05 - - d5f287be118a4de3998f7755fc2fc464 d5f287be118a4de3998f7755fc2fc464] 199.204.45.216 "POST /v2.0/ports HTTP/1.1" status: 201 len: 1144 time: 0.5783126
2026-06-22 02:45:34.782 9 INFO neutron.wsgi [None req-0db7cc3e-538d-441e-ae40-94240effe846 7674eb9df539453ca207ffee56ffb4cb a07b64586c2e444fb76c679543faec05 - - d5f287be118a4de3998f7755fc2fc464 d5f287be118a4de3998f7755fc2fc464] 199.204.45.216 "GET /v2.0/networks/541591a2-9819-4473-902e-388df3da62ed HTTP/1.1" status: 200 len: 907 time: 0.0638945
2026-06-22 02:45:35.368 10 INFO neutron.plugins.ml2.drivers.ovn.mech_driver.mech_driver [None req-3e709302-db6d-4991-9ee7-1ef00f3c6a42 - - - - - -] OVN reports status up for port: 92d841a9-4e6e-42d7-8cfd-b0e361822271
2026-06-22 02:45:35.385 10 INFO neutron.plugins.ml2.plugin [None req-3e709302-db6d-4991-9ee7-1ef00f3c6a42 - - - - - -] Attempt 1 to provision port 92d841a9-4e6e-42d7-8cfd-b0e361822271
2026-06-22 02:45:35.667 10 INFO neutron.db.ovn_revision_numbers_db [None req-3e709302-db6d-4991-9ee7-1ef00f3c6a42 - - - - - -] Successfully bumped revision number for resource 92d841a9-4e6e-42d7-8cfd-b0e361822271 (type: ports) to 3
2026-06-22 02:45:36.633 9 INFO neutron.wsgi [None req-e464d0c0-ff62-4366-9822-7b1851afaa29 7674eb9df539453ca207ffee56ffb4cb a07b64586c2e444fb76c679543faec05 - - d5f287be118a4de3998f7755fc2fc464 d5f287be118a4de3998f7755fc2fc464] 199.204.45.216 "GET /v2.0/ports?device_id=manila-share&binding%3Ahost_id=instance HTTP/1.1" status: 200 len: 1172 time: 0.0550308
2026-06-22 02:45:36.699 9 INFO neutron.wsgi [None req-7e3b56b2-dfe5-4de5-8fa4-eba02b2eb927 7674eb9df539453ca207ffee56ffb4cb a07b64586c2e444fb76c679543faec05 - - d5f287be118a4de3998f7755fc2fc464 d5f287be118a4de3998f7755fc2fc464] 199.204.45.216 "GET /v2.0/networks/541591a2-9819-4473-902e-388df3da62ed HTTP/1.1" status: 200 len: 907 time: 0.0579832
2026-06-22 02:45:43.764 9 INFO neutron.wsgi [-] 10.0.0.86 "GET / HTTP/1.1" status: 200 len: 246 time: 0.0021358
2026-06-22 02:45:43.764 10 INFO neutron.wsgi [-] 10.0.0.86 "GET / HTTP/1.1" status: 200 len: 246 time: 0.0023024
2026-06-22 02:45:53.720 9 INFO neutron.wsgi [None req-827268f1-1835-4ea0-9ba8-54eef98e0a6d 85f301e2e9cb4710adffa45a4b4246bf 9e17edfe74f846fbb163214cc75014ef - - default default] 199.204.45.216,10.0.0.86 "GET /v2.0/quotas/a07b64586c2e444fb76c679543faec05 HTTP/1.1" status: 200 len: 467 time: 0.0163000
2026-06-22 02:45:54.269 9 INFO neutron.wsgi [None req-faa75298-97de-44fe-b5a4-4dff08299ef8 85f301e2e9cb4710adffa45a4b4246bf 9e17edfe74f846fbb163214cc75014ef - - default default] 199.204.45.216,10.0.0.86 "PUT /v2.0/quotas/a07b64586c2e444fb76c679543faec05 HTTP/1.1" status: 200 len: 466 time: 0.0327814
2026-06-22 02:45:58.765 9 INFO neutron.wsgi [-] 10.0.0.86 "GET / HTTP/1.1" status: 200 len: 246 time: 0.0019138
2026-06-22 02:45:58.766 10 INFO neutron.wsgi [-] 10.0.0.86 "GET / HTTP/1.1" status: 200 len: 246 time: 0.0026817
2026-06-22 02:46:13.765 10 INFO neutron.wsgi [-] 10.0.0.86 "GET / HTTP/1.1" status: 200 len: 246 time: 0.0034826
2026-06-22 02:46:13.770 9 INFO neutron.wsgi [-] 10.0.0.86 "GET / HTTP/1.1" status: 200 len: 246 time: 0.0080116
2026-06-22 02:46:28.765 9 INFO neutron.wsgi [-] 10.0.0.86 "GET / HTTP/1.1" status: 200 len: 246 time: 0.0029044
2026-06-22 02:46:28.765 10 INFO neutron.wsgi [-] 10.0.0.86 "GET / HTTP/1.1" status: 200 len: 246 time: 0.0030565
2026-06-22 02:46:43.764 9 INFO neutron.wsgi [-] 10.0.0.86 "GET / HTTP/1.1" status: 200 len: 246 time: 0.0020068
2026-06-22 02:46:43.766 10 INFO neutron.wsgi [-] 10.0.0.86 "GET / HTTP/1.1" status: 200 len: 246 time: 0.0030639
2026-06-22 02:46:58.765 9 INFO neutron.wsgi [-] 10.0.0.86 "GET / HTTP/1.1" status: 200 len: 246 time: 0.0035660
2026-06-22 02:46:58.766 10 INFO neutron.wsgi [-] 10.0.0.86 "GET / HTTP/1.1" status: 200 len: 246 time: 0.0039768
2026-06-22 02:47:13.764 10 INFO neutron.wsgi [-] 10.0.0.86 "GET / HTTP/1.1" status: 200 len: 246 time: 0.0025251
2026-06-22 02:47:13.768 10 INFO neutron.wsgi [-] 10.0.0.86 "GET / HTTP/1.1" status: 200 len: 246 time: 0.0026586
2026-06-22 02:47:20.091 9 INFO neutron.wsgi [None req-7b0a4845-ad01-47d6-9002-4abe5edcc174 85f301e2e9cb4710adffa45a4b4246bf 9e17edfe74f846fbb163214cc75014ef - - default default] 10.0.0.229 "GET /v2.0/network-ip-availabilities HTTP/1.1" status: 200 len: 1280 time: 0.0934434
2026-06-22 02:47:20.153 9 INFO neutron.wsgi [None req-47f3f273-066b-482e-85e0-78e284fbd4ef 85f301e2e9cb4710adffa45a4b4246bf 9e17edfe74f846fbb163214cc75014ef - - default default] 10.0.0.229 "GET /v2.0/subnets HTTP/1.1" status: 200 len: 1437 time: 0.0607612
2026-06-22 02:47:20.192 9 INFO neutron.wsgi [None req-f2c7fac0-a4a5-434d-bf94-8680219c0b31 85f301e2e9cb4710adffa45a4b4246bf 9e17edfe74f846fbb163214cc75014ef - - default default] 10.0.0.229 "GET /v2.0/subnetpools HTTP/1.1" status: 200 len: 193 time: 0.0363128
2026-06-22 02:47:20.384 9 INFO neutron.wsgi [None req-70bae313-70f4-470a-ab75-3a85614a4cde 85f301e2e9cb4710adffa45a4b4246bf 9e17edfe74f846fbb163214cc75014ef - - default default] 10.0.0.229 "GET /v2.0/floatingips HTTP/1.1" status: 200 len: 193 time: 0.1913953
2026-06-22 02:47:20.487 9 INFO neutron.wsgi [None req-005b72da-bcc1-4467-9399-101faa7a4c8d 85f301e2e9cb4710adffa45a4b4246bf 9e17edfe74f846fbb163214cc75014ef - - default default] 10.0.0.229 "GET /v2.0/networks HTTP/1.1" status: 200 len: 2350 time: 0.1013060
2026-06-22 02:47:20.548 9 INFO neutron.wsgi [None req-d8e57d92-f7ef-4a5c-9e96-db40d4ad171a 85f301e2e9cb4710adffa45a4b4246bf 9e17edfe74f846fbb163214cc75014ef - - default default] 10.0.0.229 "GET /v2.0/ports HTTP/1.1" status: 200 len: 5347 time: 0.0548747
2026-06-22 02:47:20.603 9 INFO neutron.wsgi [None req-7cbb1c21-9aaa-44c2-93d4-dcf0c4db8b96 85f301e2e9cb4710adffa45a4b4246bf 9e17edfe74f846fbb163214cc75014ef - - default default] 10.0.0.229 "GET /v2.0/security-groups HTTP/1.1" status: 200 len: 17574 time: 0.0514386
2026-06-22 02:47:20.649 9 INFO neutron.wsgi [None req-cb6d1cc1-978c-4036-9123-e9cf3747d32a 85f301e2e9cb4710adffa45a4b4246bf 9e17edfe74f846fbb163214cc75014ef - - default default] 10.0.0.229 "GET /v2.0/routers HTTP/1.1" status: 200 len: 189 time: 0.0374320
2026-06-22 02:47:20.693 9 INFO neutron.wsgi [None req-c0efc9de-584d-4627-8a28-f00a182edbcf 85f301e2e9cb4710adffa45a4b4246bf 9e17edfe74f846fbb163214cc75014ef - - default default] 10.0.0.229 "GET /v2.0/agents?binary=ovn-controller HTTP/1.1" status: 200 len: 591 time: 0.0433767
2026-06-22 02:47:20.732 9 INFO neutron.wsgi [None req-a43058ac-8b95-4df8-ac98-cbc5a5662c27 85f301e2e9cb4710adffa45a4b4246bf 9e17edfe74f846fbb163214cc75014ef - - default default] 10.0.0.229 "GET /v2.0/subnets HTTP/1.1" status: 200 len: 1437 time: 0.0368545
2026-06-22 02:47:20.749 9 INFO neutron.wsgi [None req-9f6a5278-faf5-4ad4-a53d-00894c22731e 85f301e2e9cb4710adffa45a4b4246bf 9e17edfe74f846fbb163214cc75014ef - - default default] 10.0.0.229 "GET /v2.0/agents HTTP/1.1" status: 200 len: 1390 time: 0.0152934
2026-06-22 02:47:28.765 10 INFO neutron.wsgi [-] 10.0.0.86 "GET / HTTP/1.1" status: 200 len: 246 time: 0.0031221
2026-06-22 02:47:28.768 10 INFO neutron.wsgi [-] 10.0.0.86 "GET / HTTP/1.1" status: 200 len: 246 time: 0.0016012
2026-06-22 02:47:43.765 9 INFO neutron.wsgi [-] 10.0.0.86 "GET / HTTP/1.1" status: 200 len: 246 time: 0.0025787
2026-06-22 02:47:43.771 9 INFO neutron.wsgi [-] 10.0.0.86 "GET / HTTP/1.1" status: 200 len: 246 time: 0.0057502
2026-06-22 02:47:58.765 9 INFO neutron.wsgi [-] 10.0.0.86 "GET / HTTP/1.1" status: 200 len: 246 time: 0.0030355
2026-06-22 02:47:58.767 10 INFO neutron.wsgi [-] 10.0.0.86 "GET / HTTP/1.1" status: 200 len: 246 time: 0.0041313
2026-06-22 02:48:13.766 10 INFO neutron.wsgi [-] 10.0.0.86 "GET / HTTP/1.1" status: 200 len: 246 time: 0.0027795
2026-06-22 02:48:13.766 9 INFO neutron.wsgi [-] 10.0.0.86 "GET / HTTP/1.1" status: 200 len: 246 time: 0.0028801
2026-06-22 02:48:14.672 15 INFO neutron.db.ovn_revision_numbers_db [None req-5972e50b-cba8-4bde-aafe-4f0f1b0b91df - - - - - -] Successfully bumped revision number for resource ccb8bab3-6c5a-4b94-b51a-9d55401034a9 (type: security_groups) to 5
2026-06-22 02:48:14.673 15 INFO neutron.plugins.ml2.drivers.ovn.mech_driver.ovsdb.maintenance [None req-5972e50b-cba8-4bde-aafe-4f0f1b0b91df - - - - - -] Maintenance task: Synchronization completed (took 0.05 seconds)
2026-06-22 02:48:19.963 9 INFO neutron.wsgi [None req-20d35892-3bef-4259-896e-bc36ed105b2d 85f301e2e9cb4710adffa45a4b4246bf 9e17edfe74f846fbb163214cc75014ef - - default default] 10.0.0.229 "GET /v2.0/security-groups HTTP/1.1" status: 200 len: 17574 time: 0.0996344
2026-06-22 02:48:20.009 9 INFO neutron.wsgi [None req-18a1e56f-8fc2-4bf3-89e6-b70fe71a0240 85f301e2e9cb4710adffa45a4b4246bf 9e17edfe74f846fbb163214cc75014ef - - default default] 10.0.0.229 "GET /v2.0/subnets HTTP/1.1" status: 200 len: 1437 time: 0.0377676
2026-06-22 02:48:20.100 9 INFO neutron.wsgi [None req-87b39b0a-a56f-4a3f-b1ab-2f27f928ebc3 85f301e2e9cb4710adffa45a4b4246bf 9e17edfe74f846fbb163214cc75014ef - - default default] 10.0.0.229 "GET /v2.0/networks HTTP/1.1" status: 200 len: 2350 time: 0.0887561
2026-06-22 02:48:20.159 9 INFO neutron.wsgi [None req-7e4edc12-b61f-46da-9a01-bf56a74cbd95 85f301e2e9cb4710adffa45a4b4246bf 9e17edfe74f846fbb163214cc75014ef - - default default] 10.0.0.229 "GET /v2.0/ports HTTP/1.1" status: 200 len: 5347 time: 0.0549715
2026-06-22 02:48:20.192 9 INFO neutron.wsgi [None req-4ebb05fe-c5d4-4f76-b0a9-6dac8b643d55 85f301e2e9cb4710adffa45a4b4246bf 9e17edfe74f846fbb163214cc75014ef - - default default] 10.0.0.229 "GET /v2.0/routers HTTP/1.1" status: 200 len: 189 time: 0.0291867
2026-06-22 02:48:20.227 9 INFO neutron.wsgi [None req-2a9b9402-3023-4a38-98e2-561749aca607 85f301e2e9cb4710adffa45a4b4246bf 9e17edfe74f846fbb163214cc75014ef - - default default] 10.0.0.229 "GET /v2.0/agents?binary=ovn-controller HTTP/1.1" status: 200 len: 591 time: 0.0335636
2026-06-22 02:48:20.250 9 INFO neutron.wsgi [None req-06b58277-2405-4f37-922f-aab5108295b3 85f301e2e9cb4710adffa45a4b4246bf 9e17edfe74f846fbb163214cc75014ef - - default default] 10.0.0.229 "GET /v2.0/agents HTTP/1.1" status: 200 len: 1390 time: 0.0195067
2026-06-22 02:48:20.265 9 INFO neutron.wsgi [None req-f5641d12-1e87-46d5-aeb1-dc00bf0f8bf4 85f301e2e9cb4710adffa45a4b4246bf 9e17edfe74f846fbb163214cc75014ef - - default default] 10.0.0.229 "GET /v2.0/network-ip-availabilities HTTP/1.1" status: 200 len: 1280 time: 0.0139711
2026-06-22 02:48:20.302 9 INFO neutron.wsgi [None req-818556f8-12f4-4b65-8560-f3e43e9cf4ec 85f301e2e9cb4710adffa45a4b4246bf 9e17edfe74f846fbb163214cc75014ef - - default default] 10.0.0.229 "GET /v2.0/subnets HTTP/1.1" status: 200 len: 1437 time: 0.0348787
2026-06-22 02:48:20.312 9 INFO neutron.wsgi [None req-68ef73c2-9296-4152-8ebd-3b7c13dc5afb 85f301e2e9cb4710adffa45a4b4246bf 9e17edfe74f846fbb163214cc75014ef - - default default] 10.0.0.229 "GET /v2.0/subnetpools HTTP/1.1" status: 200 len: 193 time: 0.0095127
2026-06-22 02:48:20.334 9 INFO neutron.wsgi [None req-faa04212-3cc3-4e48-a495-abdb409ff2c9 85f301e2e9cb4710adffa45a4b4246bf 9e17edfe74f846fbb163214cc75014ef - - default default] 10.0.0.229 "GET /v2.0/floatingips HTTP/1.1" status: 200 len: 193 time: 0.0203793
2026-06-22 02:48:28.764 9 INFO neutron.wsgi [-] 10.0.0.86 "GET / HTTP/1.1" status: 200 len: 246 time: 0.0027785
2026-06-22 02:48:28.765 10 INFO neutron.wsgi [-] 10.0.0.86 "GET / HTTP/1.1" status: 200 len: 246 time: 0.0033002
2026-06-22 02:48:43.766 9 INFO neutron.wsgi [-] 10.0.0.86 "GET / HTTP/1.1" status: 200 len: 246 time: 0.0029330
2026-06-22 02:48:43.768 10 INFO neutron.wsgi [-] 10.0.0.86 "GET / HTTP/1.1" status: 200 len: 246 time: 0.0049887
2026-06-22 02:48:58.765 9 INFO neutron.wsgi [-] 10.0.0.86 "GET / HTTP/1.1" status: 200 len: 246 time: 0.0028253
2026-06-22 02:48:58.765 10 INFO neutron.wsgi [-] 10.0.0.86 "GET / HTTP/1.1" status: 200 len: 246 time: 0.0031555
2026-06-22 02:49:13.765 10 INFO neutron.wsgi [-] 10.0.0.86 "GET / HTTP/1.1" status: 200 len: 246 time: 0.0029097
2026-06-22 02:49:13.767 9 INFO neutron.wsgi [-] 10.0.0.86 "GET / HTTP/1.1" status: 200 len: 246 time: 0.0041420
2026-06-22 02:49:19.944 9 INFO neutron.wsgi [None req-20507ca6-3d87-4274-9a41-628648e82f80 85f301e2e9cb4710adffa45a4b4246bf 9e17edfe74f846fbb163214cc75014ef - - default default] 10.0.0.229 "GET /v2.0/floatingips HTTP/1.1" status: 200 len: 193 time: 0.0687518
2026-06-22 02:49:20.031 9 INFO neutron.wsgi [None req-8ace7707-a69b-4160-bd7d-80ac839974f9 85f301e2e9cb4710adffa45a4b4246bf 9e17edfe74f846fbb163214cc75014ef - - default default] 10.0.0.229 "GET /v2.0/networks HTTP/1.1" status: 200 len: 2350 time: 0.0858495
2026-06-22 02:49:20.089 9 INFO neutron.wsgi [None req-699af048-a6ef-4cfb-88df-eb75f9136243 85f301e2e9cb4710adffa45a4b4246bf 9e17edfe74f846fbb163214cc75014ef - - default default] 10.0.0.229 "GET /v2.0/security-groups HTTP/1.1" status: 200 len: 17574 time: 0.0557601
2026-06-22 02:49:20.129 9 INFO neutron.wsgi [None req-e4535a41-2289-43df-8758-e77800e38636 85f301e2e9cb4710adffa45a4b4246bf 9e17edfe74f846fbb163214cc75014ef - - default default] 10.0.0.229 "GET /v2.0/subnets HTTP/1.1" status: 200 len: 1437 time: 0.0341437
2026-06-22 02:49:20.191 9 INFO neutron.wsgi [None req-c51c87c0-8b1f-440b-8a3d-b8407165ffd4 85f301e2e9cb4710adffa45a4b4246bf 9e17edfe74f846fbb163214cc75014ef - - default default] 10.0.0.229 "GET /v2.0/ports HTTP/1.1" status: 200 len: 5347 time: 0.0601051
2026-06-22 02:49:20.226 9 INFO neutron.wsgi [None req-6408ff15-34cc-4d7c-bf50-e0dfeb3252f0 85f301e2e9cb4710adffa45a4b4246bf 9e17edfe74f846fbb163214cc75014ef - - default default] 10.0.0.229 "GET /v2.0/routers HTTP/1.1" status: 200 len: 189 time: 0.0296800
2026-06-22 02:49:20.272 9 INFO neutron.wsgi [None req-91876855-52ff-4668-bc98-724d4a54fb9d 85f301e2e9cb4710adffa45a4b4246bf 9e17edfe74f846fbb163214cc75014ef - - default default] 10.0.0.229 "GET /v2.0/agents?binary=ovn-controller HTTP/1.1" status: 200 len: 591 time: 0.0453470
2026-06-22 02:49:20.287 9 INFO neutron.wsgi [None req-3c48b82d-f015-4e07-9d01-2f2f8eb1a191 85f301e2e9cb4710adffa45a4b4246bf 9e17edfe74f846fbb163214cc75014ef - - default default] 10.0.0.229 "GET /v2.0/network-ip-availabilities HTTP/1.1" status: 200 len: 1280 time: 0.0137019
2026-06-22 02:49:20.325 9 INFO neutron.wsgi [None req-f1a8c8c6-d2be-4da2-86dc-8233d2c5e386 85f301e2e9cb4710adffa45a4b4246bf 9e17edfe74f846fbb163214cc75014ef - - default default] 10.0.0.229 "GET /v2.0/subnets HTTP/1.1" status: 200 len: 1437 time: 0.0369298
2026-06-22 02:49:20.337 9 INFO neutron.wsgi [None req-773886a1-20cf-4fd0-a8be-d14164e0fc0b 85f301e2e9cb4710adffa45a4b4246bf 9e17edfe74f846fbb163214cc75014ef - - default default] 10.0.0.229 "GET /v2.0/subnetpools HTTP/1.1" status: 200 len: 193 time: 0.0112355
2026-06-22 02:49:20.354 9 INFO neutron.wsgi [None req-a4cdbe6d-9606-4762-9e07-854b14d7926b 85f301e2e9cb4710adffa45a4b4246bf 9e17edfe74f846fbb163214cc75014ef - - default default] 10.0.0.229 "GET /v2.0/agents HTTP/1.1" status: 200 len: 1390 time: 0.0155270
2026-06-22 02:49:28.765 10 INFO neutron.wsgi [-] 10.0.0.86 "GET / HTTP/1.1" status: 200 len: 246 time: 0.0023530
2026-06-22 02:49:28.766 9 INFO neutron.wsgi [-] 10.0.0.86 "GET / HTTP/1.1" status: 200 len: 246 time: 0.0034416
2026-06-22 02:49:43.766 9 INFO neutron.wsgi [-] 10.0.0.86 "GET / HTTP/1.1" status: 200 len: 246 time: 0.0026965
2026-06-22 02:49:43.766 10 INFO neutron.wsgi [-] 10.0.0.86 "GET / HTTP/1.1" status: 200 len: 246 time: 0.0030105
2026-06-22 02:49:58.766 9 INFO neutron.wsgi [-] 10.0.0.86 "GET / HTTP/1.1" status: 200 len: 246 time: 0.0036438
2026-06-22 02:49:58.770 10 INFO neutron.wsgi [-] 10.0.0.86 "GET / HTTP/1.1" status: 200 len: 246 time: 0.0071189
2026-06-22 02:50:13.765 9 INFO neutron.wsgi [-] 10.0.0.86 "GET / HTTP/1.1" status: 200 len: 246 time: 0.0028133
2026-06-22 02:50:13.765 10 INFO neutron.wsgi [-] 10.0.0.86 "GET / HTTP/1.1" status: 200 len: 246 time: 0.0028512
2026-06-22 02:50:19.926 9 INFO neutron.wsgi [None req-bf48fb95-1f3e-438e-a82f-50ae5c10e33c 85f301e2e9cb4710adffa45a4b4246bf 9e17edfe74f846fbb163214cc75014ef - - default default] 10.0.0.229 "GET /v2.0/floatingips HTTP/1.1" status: 200 len: 193 time: 0.0910304
2026-06-22 02:50:19.987 9 INFO neutron.wsgi [None req-cc1b20e7-dd9d-481e-96b9-b4b850fc9dcc 85f301e2e9cb4710adffa45a4b4246bf 9e17edfe74f846fbb163214cc75014ef - - default default] 10.0.0.229 "GET /v2.0/ports HTTP/1.1" status: 200 len: 5347 time: 0.0599270
2026-06-22 02:50:20.048 9 INFO neutron.wsgi [None req-c99317af-b548-4aa8-86b4-43db21e9f96e 85f301e2e9cb4710adffa45a4b4246bf 9e17edfe74f846fbb163214cc75014ef - - default default] 10.0.0.229 "GET /v2.0/security-groups HTTP/1.1" status: 200 len: 17574 time: 0.0529506
2026-06-22 02:50:20.090 9 INFO neutron.wsgi [None req-431faa95-b7e6-417d-91c5-f5de23034439 85f301e2e9cb4710adffa45a4b4246bf 9e17edfe74f846fbb163214cc75014ef - - default default] 10.0.0.229 "GET /v2.0/subnets HTTP/1.1" status: 200 len: 1437 time: 0.0345242
2026-06-22 02:50:20.114 9 INFO neutron.wsgi [None req-173f254a-cb0e-4fd6-964c-2ec6e2d2d91f 85f301e2e9cb4710adffa45a4b4246bf 9e17edfe74f846fbb163214cc75014ef - - default default] 10.0.0.229 "GET /v2.0/routers HTTP/1.1" status: 200 len: 189 time: 0.0228078
2026-06-22 02:50:20.161 9 INFO neutron.wsgi [None req-3ad19cf8-aebd-4a25-bae2-426a5d6b1e1d 85f301e2e9cb4710adffa45a4b4246bf 9e17edfe74f846fbb163214cc75014ef - - default default] 10.0.0.229 "GET /v2.0/agents?binary=ovn-controller HTTP/1.1" status: 200 len: 591 time: 0.0466521
2026-06-22 02:50:20.225 9 INFO neutron.wsgi [None req-17ead353-aa50-435c-b1e9-43b7d3c989ea 85f301e2e9cb4710adffa45a4b4246bf 9e17edfe74f846fbb163214cc75014ef - - default default] 10.0.0.229 "GET /v2.0/networks HTTP/1.1" status: 200 len: 2350 time: 0.0619502
2026-06-22 02:50:20.256 9 INFO neutron.wsgi [None req-b3e9b4db-efe0-40e0-ba69-d2132f779171 85f301e2e9cb4710adffa45a4b4246bf 9e17edfe74f846fbb163214cc75014ef - - default default] 10.0.0.229 "GET /v2.0/agents HTTP/1.1" status: 200 len: 1390 time: 0.0282316
2026-06-22 02:50:20.273 9 INFO neutron.wsgi [None req-8f0abaee-d43a-418f-8933-cebb79acfeed 85f301e2e9cb4710adffa45a4b4246bf 9e17edfe74f846fbb163214cc75014ef - - default default] 10.0.0.229 "GET /v2.0/network-ip-availabilities HTTP/1.1" status: 200 len: 1280 time: 0.0159650
2026-06-22 02:50:20.321 9 INFO neutron.wsgi [None req-a9c7b9ce-5dbd-4e6f-a083-a558cf16e06a 85f301e2e9cb4710adffa45a4b4246bf 9e17edfe74f846fbb163214cc75014ef - - default default] 10.0.0.229 "GET /v2.0/subnets HTTP/1.1" status: 200 len: 1437 time: 0.0472274
2026-06-22 02:50:20.341 9 INFO neutron.wsgi [None req-ce1b724f-c681-4ddc-a112-5253f4a346a3 85f301e2e9cb4710adffa45a4b4246bf 9e17edfe74f846fbb163214cc75014ef - - default default] 10.0.0.229 "GET /v2.0/subnetpools HTTP/1.1" status: 200 len: 193 time: 0.0187068
2026-06-22 02:50:28.766 10 INFO neutron.wsgi [-] 10.0.0.86 "GET / HTTP/1.1" status: 200 len: 246 time: 0.0029175
2026-06-22 02:50:28.767 9 INFO neutron.wsgi [-] 10.0.0.86 "GET / HTTP/1.1" status: 200 len: 246 time: 0.0031734
2026-06-22 02:50:43.765 9 INFO neutron.wsgi [-] 10.0.0.86 "GET / HTTP/1.1" status: 200 len: 246 time: 0.0029480
2026-06-22 02:50:43.771 10 INFO neutron.wsgi [-] 10.0.0.86 "GET / HTTP/1.1" status: 200 len: 246 time: 0.0034785
2026-06-22 02:50:58.766 10 INFO neutron.wsgi [-] 10.0.0.86 "GET / HTTP/1.1" status: 200 len: 246 time: 0.0030954
2026-06-22 02:50:58.766 9 INFO neutron.wsgi [-] 10.0.0.86 "GET / HTTP/1.1" status: 200 len: 246 time: 0.0030134
2026-06-22 02:51:13.767 10 INFO neutron.wsgi [-] 10.0.0.86 "GET / HTTP/1.1" status: 200 len: 246 time: 0.0034475
2026-06-22 02:51:13.771 9 INFO neutron.wsgi [-] 10.0.0.86 "GET / HTTP/1.1" status: 200 len: 246 time: 0.0082762
2026-06-22 02:51:19.964 9 INFO neutron.wsgi [None req-a0abb152-c18a-4490-ae2c-a33b92b515c9 85f301e2e9cb4710adffa45a4b4246bf 9e17edfe74f846fbb163214cc75014ef - - default default] 10.0.0.229 "GET /v2.0/agents HTTP/1.1" status: 200 len: 1390 time: 0.1104493
2026-06-22 02:51:19.982 9 INFO neutron.wsgi [None req-89a6679e-e010-4362-ac19-4b934791bdfd 85f301e2e9cb4710adffa45a4b4246bf 9e17edfe74f846fbb163214cc75014ef - - default default] 10.0.0.229 "GET /v2.0/network-ip-availabilities HTTP/1.1" status: 200 len: 1280 time: 0.0165377
2026-06-22 02:51:20.036 9 INFO neutron.wsgi [None req-a6a9c78c-5a2e-410d-a331-f4cce8b54bd4 85f301e2e9cb4710adffa45a4b4246bf 9e17edfe74f846fbb163214cc75014ef - - default default] 10.0.0.229 "GET /v2.0/ports HTTP/1.1" status: 200 len: 5347 time: 0.0524082
2026-06-22 02:51:20.065 9 INFO neutron.wsgi [None req-e71a0a26-9346-4991-8761-87623a04850d 85f301e2e9cb4710adffa45a4b4246bf 9e17edfe74f846fbb163214cc75014ef - - default default] 10.0.0.229 "GET /v2.0/routers HTTP/1.1" status: 200 len: 189 time: 0.0258060
2026-06-22 02:51:20.081 9 INFO neutron.wsgi [None req-ec108041-5b22-435a-a425-a2ddc0c4bcda 85f301e2e9cb4710adffa45a4b4246bf 9e17edfe74f846fbb163214cc75014ef - - default default] 10.0.0.229 "GET /v2.0/agents?binary=ovn-controller HTTP/1.1" status: 200 len: 591 time: 0.0141530
2026-06-22 02:51:20.159 9 INFO neutron.wsgi [None req-399a8378-7399-444e-b1f0-5c2e4a8e4ec2 85f301e2e9cb4710adffa45a4b4246bf 9e17edfe74f846fbb163214cc75014ef - - default default] 10.0.0.229 "GET /v2.0/networks HTTP/1.1" status: 200 len: 2350 time: 0.0776713
2026-06-22 02:51:20.210 9 INFO neutron.wsgi [None req-9f981b7d-0b9b-4716-89a8-02fa07eb1c15 85f301e2e9cb4710adffa45a4b4246bf 9e17edfe74f846fbb163214cc75014ef - - default default] 10.0.0.229 "GET /v2.0/security-groups HTTP/1.1" status: 200 len: 17574 time: 0.0455818
2026-06-22 02:51:20.257 9 INFO neutron.wsgi [None req-784dd20a-e8ca-4e05-ac03-28f530645505 85f301e2e9cb4710adffa45a4b4246bf 9e17edfe74f846fbb163214cc75014ef - - default default] 10.0.0.229 "GET /v2.0/subnets HTTP/1.1" status: 200 len: 1437 time: 0.0405388
2026-06-22 02:51:20.273 9 INFO neutron.wsgi [None req-d08973ef-5a54-4684-801d-9b2a30caf0fe 85f301e2e9cb4710adffa45a4b4246bf 9e17edfe74f846fbb163214cc75014ef - - default default] 10.0.0.229 "GET /v2.0/subnetpools HTTP/1.1" status: 200 len: 193 time: 0.0145793
2026-06-22 02:51:20.319 9 INFO neutron.wsgi [None req-6da9fa44-7f31-48b1-8313-ab85f2d6683b 85f301e2e9cb4710adffa45a4b4246bf 9e17edfe74f846fbb163214cc75014ef - - default default] 10.0.0.229 "GET /v2.0/subnets HTTP/1.1" status: 200 len: 1437 time: 0.0451481
2026-06-22 02:51:20.368 9 INFO neutron.wsgi [None req-21f4429f-b375-45b7-ba38-0e6e9e95c609 85f301e2e9cb4710adffa45a4b4246bf 9e17edfe74f846fbb163214cc75014ef - - default default] 10.0.0.229 "GET /v2.0/floatingips HTTP/1.1" status: 200 len: 193 time: 0.0480435
2026-06-22 02:51:28.765 10 INFO neutron.wsgi [-] 10.0.0.86 "GET / HTTP/1.1" status: 200 len: 246 time: 0.0019195
2026-06-22 02:51:28.767 9 INFO neutron.wsgi [-] 10.0.0.86 "GET / HTTP/1.1" status: 200 len: 246 time: 0.0033998
2026-06-22 02:51:43.766 9 INFO neutron.wsgi [-] 10.0.0.86 "GET / HTTP/1.1" status: 200 len: 246 time: 0.0027854
2026-06-22 02:51:43.766 10 INFO neutron.wsgi [-] 10.0.0.86 "GET / HTTP/1.1" status: 200 len: 246 time: 0.0028820
2026-06-22 02:51:58.765 10 INFO neutron.wsgi [-] 10.0.0.86 "GET / HTTP/1.1" status: 200 len: 246 time: 0.0026889
2026-06-22 02:51:58.766 9 INFO neutron.wsgi [-] 10.0.0.86 "GET / HTTP/1.1" status: 200 len: 246 time: 0.0039635
2026-06-22 02:52:13.765 10 INFO neutron.wsgi [-] 10.0.0.86 "GET / HTTP/1.1" status: 200 len: 246 time: 0.0020487
2026-06-22 02:52:13.767 10 INFO neutron.wsgi [-] 10.0.0.86 "GET / HTTP/1.1" status: 200 len: 246 time: 0.0009861
2026-06-22 02:52:20.152 9 INFO neutron.wsgi [None req-951ee621-5111-4249-9a6e-274009ef6759 85f301e2e9cb4710adffa45a4b4246bf 9e17edfe74f846fbb163214cc75014ef - - default default] 10.0.0.229 "GET /v2.0/networks HTTP/1.1" status: 200 len: 2350 time: 0.2762649
2026-06-22 02:52:20.168 9 INFO neutron.wsgi [None req-790c0f6d-9177-4d1b-ba18-0fb1431b3054 85f301e2e9cb4710adffa45a4b4246bf 9e17edfe74f846fbb163214cc75014ef - - default default] 10.0.0.229 "GET /v2.0/network-ip-availabilities HTTP/1.1" status: 200 len: 1280 time: 0.0140352
2026-06-22 02:52:20.221 9 INFO neutron.wsgi [None req-29bf243a-6f78-45bc-b5c6-9f9060097937 85f301e2e9cb4710adffa45a4b4246bf 9e17edfe74f846fbb163214cc75014ef - - default default] 10.0.0.229 "GET /v2.0/ports HTTP/1.1" status: 200 len: 5347 time: 0.0521259
2026-06-22 02:52:20.250 9 INFO neutron.wsgi [None req-b5c3e9aa-59cd-423c-afbb-ee1844546b94 85f301e2e9cb4710adffa45a4b4246bf 9e17edfe74f846fbb163214cc75014ef - - default default] 10.0.0.229 "GET /v2.0/floatingips HTTP/1.1" status: 200 len: 193 time: 0.0220001
2026-06-22 02:52:20.292 9 INFO neutron.wsgi [None req-34dd3b54-e5c3-46e5-abd0-ec822f2c3f85 85f301e2e9cb4710adffa45a4b4246bf 9e17edfe74f846fbb163214cc75014ef - - default default] 10.0.0.229 "GET /v2.0/subnets HTTP/1.1" status: 200 len: 1437 time: 0.0413876
2026-06-22 02:52:20.327 9 INFO neutron.wsgi [None req-e6e3e0f6-0808-4353-b342-0175f1c6efe4 85f301e2e9cb4710adffa45a4b4246bf 9e17edfe74f846fbb163214cc75014ef - - default default] 10.0.0.229 "GET /v2.0/subnets HTTP/1.1" status: 200 len: 1437 time: 0.0328977
2026-06-22 02:52:20.339 9 INFO neutron.wsgi [None req-b266f5de-1963-4e49-bd81-436c1639dec7 85f301e2e9cb4710adffa45a4b4246bf 9e17edfe74f846fbb163214cc75014ef - - default default] 10.0.0.229 "GET /v2.0/subnetpools HTTP/1.1" status: 200 len: 193 time: 0.0109696
2026-06-22 02:52:20.395 9 INFO neutron.wsgi [None req-f726a653-0004-41f6-b8e5-bb6a53560e31 85f301e2e9cb4710adffa45a4b4246bf 9e17edfe74f846fbb163214cc75014ef - - default default] 10.0.0.229 "GET /v2.0/security-groups HTTP/1.1" status: 200 len: 17574 time: 0.0553172
2026-06-22 02:52:20.426 9 INFO neutron.wsgi [None req-bb206e4a-25a8-48d6-bf86-36a2b888586e 85f301e2e9cb4710adffa45a4b4246bf 9e17edfe74f846fbb163214cc75014ef - - default default] 10.0.0.229 "GET /v2.0/routers HTTP/1.1" status: 200 len: 189 time: 0.0278461
2026-06-22 02:52:20.464 9 INFO neutron.wsgi [None req-0891b4b3-0e2a-4b8a-8280-028877ad1950 85f301e2e9cb4710adffa45a4b4246bf 9e17edfe74f846fbb163214cc75014ef - - default default] 10.0.0.229 "GET /v2.0/agents?binary=ovn-controller HTTP/1.1" status: 200 len: 591 time: 0.0365589
2026-06-22 02:52:20.479 9 INFO neutron.wsgi [None req-2b2779f3-5f81-4c52-b787-40e656f4d2a6 85f301e2e9cb4710adffa45a4b4246bf 9e17edfe74f846fbb163214cc75014ef - - default default] 10.0.0.229 "GET /v2.0/agents HTTP/1.1" status: 200 len: 1390 time: 0.0145826
2026-06-22 02:52:28.765 9 INFO neutron.wsgi [-] 10.0.0.86 "GET / HTTP/1.1" status: 200 len: 246 time: 0.0026851
2026-06-22 02:52:28.768 9 INFO neutron.wsgi [-] 10.0.0.86 "GET / HTTP/1.1" status: 200 len: 246 time: 0.0017407
2026-06-22 02:52:43.764 10 INFO neutron.wsgi [-] 10.0.0.86 "GET / HTTP/1.1" status: 200 len: 246 time: 0.0020757
2026-06-22 02:52:43.765 9 INFO neutron.wsgi [-] 10.0.0.86 "GET / HTTP/1.1" status: 200 len: 246 time: 0.0029154
2026-06-22 02:52:58.764 9 INFO neutron.wsgi [-] 10.0.0.86 "GET / HTTP/1.1" status: 200 len: 246 time: 0.0021343
2026-06-22 02:52:58.765 10 INFO neutron.wsgi [-] 10.0.0.86 "GET / HTTP/1.1" status: 200 len: 246 time: 0.0031564
2026-06-22 02:53:13.765 9 INFO neutron.wsgi [-] 10.0.0.86 "GET / HTTP/1.1" status: 200 len: 246 time: 0.0020905
2026-06-22 02:53:13.767 10 INFO neutron.wsgi [-] 10.0.0.86 "GET / HTTP/1.1" status: 200 len: 246 time: 0.0037713
2026-06-22 02:53:19.978 9 INFO neutron.wsgi [None req-f1e82036-873b-465c-b37e-1590e11e5201 85f301e2e9cb4710adffa45a4b4246bf 9e17edfe74f846fbb163214cc75014ef - - default default] 10.0.0.229 "GET /v2.0/agents HTTP/1.1" status: 200 len: 1390 time: 0.1297424
2026-06-22 02:53:20.031 9 INFO neutron.wsgi [None req-4d64b724-6749-4d99-8a6c-41aa01f90dc3 85f301e2e9cb4710adffa45a4b4246bf 9e17edfe74f846fbb163214cc75014ef - - default default] 10.0.0.229 "GET /v2.0/ports HTTP/1.1" status: 200 len: 5347 time: 0.0520263
2026-06-22 02:53:20.080 9 INFO neutron.wsgi [None req-9b31abf0-67e7-4466-9414-a188b74b0d29 85f301e2e9cb4710adffa45a4b4246bf 9e17edfe74f846fbb163214cc75014ef - - default default] 10.0.0.229 "GET /v2.0/routers HTTP/1.1" status: 200 len: 189 time: 0.0417216
2026-06-22 02:53:20.092 9 INFO neutron.wsgi [None req-039a7082-a512-4ba4-b161-fb693af71f06 85f301e2e9cb4710adffa45a4b4246bf 9e17edfe74f846fbb163214cc75014ef - - default default] 10.0.0.229 "GET /v2.0/agents?binary=ovn-controller HTTP/1.1" status: 200 len: 591 time: 0.0114124
2026-06-22 02:53:20.106 9 INFO neutron.wsgi [None req-15bf1f15-d2a1-4aeb-becf-a7940f919d8e 85f301e2e9cb4710adffa45a4b4246bf 9e17edfe74f846fbb163214cc75014ef - - default default] 10.0.0.229 "GET /v2.0/network-ip-availabilities HTTP/1.1" status: 200 len: 1280 time: 0.0131764
2026-06-22 02:53:20.132 9 INFO neutron.wsgi [None req-b1bd1ebf-da29-4b3c-81b6-4b36f5748084 85f301e2e9cb4710adffa45a4b4246bf 9e17edfe74f846fbb163214cc75014ef - - default default] 10.0.0.229 "GET /v2.0/floatingips HTTP/1.1" status: 200 len: 193 time: 0.0244863
2026-06-22 02:53:20.177 9 INFO neutron.wsgi [None req-e275d3f1-6fb0-4874-a6f7-75ee845f60ba 85f301e2e9cb4710adffa45a4b4246bf 9e17edfe74f846fbb163214cc75014ef - - default default] 10.0.0.229 "GET /v2.0/subnets HTTP/1.1" status: 200 len: 1437 time: 0.0440197
2026-06-22 02:53:20.189 9 INFO neutron.wsgi [None req-83ba4e9b-5144-4769-a72d-4efc0b2b9f0c 85f301e2e9cb4710adffa45a4b4246bf 9e17edfe74f846fbb163214cc75014ef - - default default] 10.0.0.229 "GET /v2.0/subnetpools HTTP/1.1" status: 200 len: 193 time: 0.0110066
2026-06-22 02:53:20.265 9 INFO neutron.wsgi [None req-b7d8905f-d3b6-453b-8f46-be198aee9053 85f301e2e9cb4710adffa45a4b4246bf 9e17edfe74f846fbb163214cc75014ef - - default default] 10.0.0.229 "GET /v2.0/networks HTTP/1.1" status: 200 len: 2350 time: 0.0754020
2026-06-22 02:53:20.307 9 INFO neutron.wsgi [None req-6ce5b434-724f-4bb4-a664-9e1d509a7133 85f301e2e9cb4710adffa45a4b4246bf 9e17edfe74f846fbb163214cc75014ef - - default default] 10.0.0.229 "GET /v2.0/security-groups HTTP/1.1" status: 200 len: 17574 time: 0.0394623
2026-06-22 02:53:20.353 9 INFO neutron.wsgi [None req-aab509d8-5b2b-407a-9a6f-613fe3de40e5 85f301e2e9cb4710adffa45a4b4246bf 9e17edfe74f846fbb163214cc75014ef - - default default] 10.0.0.229 "GET /v2.0/subnets HTTP/1.1" status: 200 len: 1437 time: 0.0416689
2026-06-22 02:53:28.764 9 INFO neutron.wsgi [-] 10.0.0.86 "GET / HTTP/1.1" status: 200 len: 246 time: 0.0024722
2026-06-22 02:53:28.768 9 INFO neutron.wsgi [-] 10.0.0.86 "GET / HTTP/1.1" status: 200 len: 246 time: 0.0021431
2026-06-22 02:53:43.764 10 INFO neutron.wsgi [-] 10.0.0.86 "GET / HTTP/1.1" status: 200 len: 246 time: 0.0021486
2026-06-22 02:53:43.767 10 INFO neutron.wsgi [-] 10.0.0.86 "GET / HTTP/1.1" status: 200 len: 246 time: 0.0016925
2026-06-22 02:53:58.766 10 INFO neutron.wsgi [-] 10.0.0.86 "GET / HTTP/1.1" status: 200 len: 246 time: 0.0041442
2026-06-22 02:53:58.766 9 INFO neutron.wsgi [-] 10.0.0.86 "GET / HTTP/1.1" status: 200 len: 246 time: 0.0043502
2026-06-22 02:54:13.765 10 INFO neutron.wsgi [-] 10.0.0.86 "GET / HTTP/1.1" status: 200 len: 246 time: 0.0021257
2026-06-22 02:54:13.766 9 INFO neutron.wsgi [-] 10.0.0.86 "GET / HTTP/1.1" status: 200 len: 246 time: 0.0031698
2026-06-22 02:54:19.987 9 INFO neutron.wsgi [None req-f0a221b5-34c2-4c74-bf17-fb522bef21d8 85f301e2e9cb4710adffa45a4b4246bf 9e17edfe74f846fbb163214cc75014ef - - default default] 10.0.0.229 "GET /v2.0/subnets HTTP/1.1" status: 200 len: 1437 time: 0.0838175
2026-06-22 02:54:20.000 9 INFO neutron.wsgi [None req-342fd630-2aac-47e0-bd3c-5e1a9090f569 85f301e2e9cb4710adffa45a4b4246bf 9e17edfe74f846fbb163214cc75014ef - - default default] 10.0.0.229 "GET /v2.0/subnetpools HTTP/1.1" status: 200 len: 193 time: 0.0110531
