2026-06-22 03:07:07.802 9 WARNING neutron.scheduler.dhcp_agent_scheduler [None req-a46fefaa-a4d2-4292-bae2-6061713f8d02 2282bfd5116c420c9a97a35f812a94f9 b58b3ab0ec6840c981e0d55e0c7f15e8 - - default default] No more DHCP agents
2026-06-22 03:07:07.805 9 WARNING neutron.api.rpc.agentnotifiers.dhcp_rpc_agent_api [None req-a46fefaa-a4d2-4292-bae2-6061713f8d02 2282bfd5116c420c9a97a35f812a94f9 b58b3ab0ec6840c981e0d55e0c7f15e8 - - default default] Unable to schedule network f2ffc705-e730-4849-a117-d2b9820fc0b4: no agents available; will retry on subsequent port and subnet creation events.
2026-06-22 03:07:07.844 10 INFO neutron.db.ovn_revision_numbers_db [None req-a1ab9605-22d2-46c9-9114-9ef1b76973ed 85f301e2e9cb4710adffa45a4b4246bf 9e17edfe74f846fbb163214cc75014ef - - default default] Successfully bumped revision number for resource 33f198f6-63c5-4c9f-9cc6-5df020151f18 (type: ports) to 1
2026-06-22 03:07:07.897 9 INFO neutron.db.ovn_revision_numbers_db [None req-a46fefaa-a4d2-4292-bae2-6061713f8d02 2282bfd5116c420c9a97a35f812a94f9 b58b3ab0ec6840c981e0d55e0c7f15e8 - - default default] Successfully bumped revision number for resource 6a5b720c-a6a2-4868-b350-8fd2cce58fd8 (type: ports) to 1
2026-06-22 03:07:07.925 9 INFO neutron.wsgi [None req-a46fefaa-a4d2-4292-bae2-6061713f8d02 2282bfd5116c420c9a97a35f812a94f9 b58b3ab0ec6840c981e0d55e0c7f15e8 - - default default] 10.0.0.71 "POST /v2.0/ports HTTP/1.1" status: 201 len: 942 time: 0.4169858 /var/lib/openstack/lib/python3.10/site-packages/pycadf/identifier.py:71: UserWarning: Invalid uuid: neutron. To ensure interoperability, identifiers should be a valid uuid. warnings.warn(('Invalid uuid: %s. To ensure interoperability, '
2026-06-22 03:07:07.940 9 WARNING neutron_lib.context [None req-a02e1597-d3c2-4851-9ff5-161fb133a3f8 2282bfd5116c420c9a97a35f812a94f9 b58b3ab0ec6840c981e0d55e0c7f15e8 - - default default] Method 'is_advsvc' is deprecated since 2023.2 release (neutron-lib 3.8.0) and will be removed once support for the old RBAC API policies will be removed from Neutron. Please use method 'is_service_role' instead.
2026-06-22 03:07:08.185 9 INFO neutron.wsgi [None req-a02e1597-d3c2-4851-9ff5-161fb133a3f8 2282bfd5116c420c9a97a35f812a94f9 b58b3ab0ec6840c981e0d55e0c7f15e8 - - default default] 10.0.0.71 "POST /v2.0/trunks HTTP/1.1" status: 201 len: 608 time: 0.2541544
2026-06-22 03:07:08.225 9 INFO neutron.wsgi [None req-b3b1106a-2567-4205-8a13-1ba845c430e2 2282bfd5116c420c9a97a35f812a94f9 b58b3ab0ec6840c981e0d55e0c7f15e8 - - default default] 10.0.0.71 "PUT /v2.0/trunks/3ec74eee-a21a-43fc-adac-17da4d2db8e4/tags HTTP/1.1" status: 200 len: 210 time: 0.0344319
2026-06-22 03:07:08.264 9 INFO neutron.wsgi [None req-2c5c119f-a5de-4273-b9b3-ed2aef64b900 2282bfd5116c420c9a97a35f812a94f9 b58b3ab0ec6840c981e0d55e0c7f15e8 - - default default] 10.0.0.71 "PUT /v2.0/trunks/54ca9b46-3995-41e4-aec7-5fda050b6e67/tags HTTP/1.1" status: 200 len: 218 time: 0.0332253
2026-06-22 03:07:08.314 9 INFO neutron.wsgi [None req-d823c0ca-b25c-48df-8944-da8ff805d9ff 2282bfd5116c420c9a97a35f812a94f9 b58b3ab0ec6840c981e0d55e0c7f15e8 - - default default] 10.0.0.71 "PUT /v2.0/trunks/af1afa77-83c0-481c-84e4-8708fc5d2036/tags HTTP/1.1" status: 200 len: 227 time: 0.0438967
2026-06-22 03:07:08.373 10 INFO neutron.wsgi [None req-45267a99-4e99-4937-9ce9-2a3d06297f23 2282bfd5116c420c9a97a35f812a94f9 b58b3ab0ec6840c981e0d55e0c7f15e8 - - default default] 10.0.0.71 "PUT /v2.0/trunks/f313913d-2a9a-480a-a239-3607673ab0d2/tags HTTP/1.1" status: 200 len: 212 time: 0.0540535
2026-06-22 03:07:08.425 9 INFO neutron.wsgi [None req-860abf3b-191f-4737-89e8-f63ac268662b 2282bfd5116c420c9a97a35f812a94f9 b58b3ab0ec6840c981e0d55e0c7f15e8 - - default default] 10.0.0.71 "GET /v2.0/trunks?tags=red HTTP/1.1" status: 200 len: 1447 time: 0.0470912
2026-06-22 03:07:08.463 10 INFO neutron.wsgi [None req-ee9c6c6e-b549-4f92-92ab-53d057479ec5 2282bfd5116c420c9a97a35f812a94f9 b58b3ab0ec6840c981e0d55e0c7f15e8 - - default default] 10.0.0.71 "GET /v2.0/trunks?tags=red%2Cblue HTTP/1.1" status: 200 len: 1041 time: 0.0304441
2026-06-22 03:07:08.495 10 INFO neutron.wsgi [None req-8278cfa7-58ea-4c58-accd-1feb14d52734 2282bfd5116c420c9a97a35f812a94f9 b58b3ab0ec6840c981e0d55e0c7f15e8 - - default default] 10.0.0.71 "GET /v2.0/trunks?tags-any=blue HTTP/1.1" status: 200 len: 1041 time: 0.0260971
2026-06-22 03:07:08.532 9 INFO neutron.wsgi [None req-bd0e6945-f038-46ab-97dc-0c067af171c1 2282bfd5116c420c9a97a35f812a94f9 b58b3ab0ec6840c981e0d55e0c7f15e8 - - default default] 10.0.0.71 "GET /v2.0/trunks?tags-any=red%2Cblue HTTP/1.1" status: 200 len: 1447 time: 0.0292561
2026-06-22 03:07:08.569 10 INFO neutron.wsgi [None req-8640798c-464d-4925-a43b-572d3b681a6a 2282bfd5116c420c9a97a35f812a94f9 b58b3ab0ec6840c981e0d55e0c7f15e8 - - default default] 10.0.0.71 "GET /v2.0/trunks?not-tags=red HTTP/1.1" status: 200 len: 1013 time: 0.0311670
2026-06-22 03:07:08.601 10 INFO neutron.wsgi [None req-e630c929-d895-40ea-b8c4-6de0d26fac0e 2282bfd5116c420c9a97a35f812a94f9 b58b3ab0ec6840c981e0d55e0c7f15e8 - - default default] 10.0.0.71 "GET /v2.0/trunks?not-tags=red%2Cblue HTTP/1.1" status: 200 len: 1419 time: 0.0266571
2026-06-22 03:07:08.627 10 INFO neutron.wsgi [None req-c7679c37-c1e6-4476-859f-15871c986571 2282bfd5116c420c9a97a35f812a94f9 b58b3ab0ec6840c981e0d55e0c7f15e8 - - default default] 10.0.0.71 "GET /v2.0/trunks?not-tags-any=blue HTTP/1.1" status: 200 len: 1419 time: 0.0208142
2026-06-22 03:07:08.665 9 INFO neutron.wsgi [None req-48db8ecf-cf82-4c9a-9380-d1675b745080 2282bfd5116c420c9a97a35f812a94f9 b58b3ab0ec6840c981e0d55e0c7f15e8 - - default default] 10.0.0.71 "GET /v2.0/trunks?not-tags-any=red%2Cblue HTTP/1.1" status: 200 len: 1013 time: 0.0304255
2026-06-22 03:07:08.684 10 INFO neutron.plugins.ml2.drivers.ovn.mech_driver.ovsdb.commands [None req-640ae87f-60ab-4ea4-b77a-bfa827d769e5 - - - - - -] Schedule LRP lrp-33f198f6-63c5-4c9f-9cc6-5df020151f18 on gateway fb47d817-7027-45e0-8447-b05306e3c8c3 with priority 1
2026-06-22 03:07:08.697 10 INFO neutron.plugins.ml2.drivers.ovn.mech_driver.mech_driver [None req-3e709302-db6d-4991-9ee7-1ef00f3c6a42 - - - - - -] OVN reports status up for port: 33f198f6-63c5-4c9f-9cc6-5df020151f18
2026-06-22 03:07:08.706 9 INFO neutron.wsgi [None req-3c714100-87ac-4622-927a-b190856e9075 2282bfd5116c420c9a97a35f812a94f9 b58b3ab0ec6840c981e0d55e0c7f15e8 - - default default] 10.0.0.71 "GET /v2.0/trunks/3ec74eee-a21a-43fc-adac-17da4d2db8e4 HTTP/1.1" status: 200 len: 608 time: 0.0331542
2026-06-22 03:07:08.717 9 INFO neutron.plugins.ml2.drivers.ovn.mech_driver.ovsdb.ovsdb_monitor [None req-c13c4fde-9d05-4013-903f-091e070bf4d3 - - - - - -] Router 5edb81e8-d78b-4e53-9316-0f8e5bd77f0e is bound to host instance
2026-06-22 03:07:08.726 10 INFO neutron.plugins.ml2.plugin [None req-3e709302-db6d-4991-9ee7-1ef00f3c6a42 - - - - - -] Attempt 1 to provision port 33f198f6-63c5-4c9f-9cc6-5df020151f18
2026-06-22 03:07:08.766 10 INFO neutron.db.ovn_revision_numbers_db [None req-a1ab9605-22d2-46c9-9114-9ef1b76973ed 85f301e2e9cb4710adffa45a4b4246bf 9e17edfe74f846fbb163214cc75014ef - - default default] Successfully bumped revision number for resource 33f198f6-63c5-4c9f-9cc6-5df020151f18 (type: router_ports) to 1
2026-06-22 03:07:08.897 9 INFO neutron.wsgi [None req-68053677-a53d-49e9-8ab3-5b2c32bb0ee3 2282bfd5116c420c9a97a35f812a94f9 b58b3ab0ec6840c981e0d55e0c7f15e8 - - default default] 10.0.0.71 "GET /v2.0/ports/c9b10413-9a1d-4782-aa53-d73602f257ea HTTP/1.1" status: 200 len: 1020 time: 0.1726861
2026-06-22 03:07:09.033 9 INFO neutron.wsgi [None req-ee8f7df2-9006-483e-b089-76d828cac462 2282bfd5116c420c9a97a35f812a94f9 b58b3ab0ec6840c981e0d55e0c7f15e8 - - default default] 10.0.0.71 "DELETE /v2.0/trunks/3ec74eee-a21a-43fc-adac-17da4d2db8e4 HTTP/1.1" status: 204 len: 168 time: 0.1268814
2026-06-22 03:07:09.064 9 INFO neutron.wsgi [None req-2b783f9b-69b6-442d-8e65-0d841666cbd0 2282bfd5116c420c9a97a35f812a94f9 b58b3ab0ec6840c981e0d55e0c7f15e8 - - default default] 10.0.0.71 "GET /v2.0/trunks/54ca9b46-3995-41e4-aec7-5fda050b6e67 HTTP/1.1" status: 200 len: 616 time: 0.0264115
2026-06-22 03:07:09.210 10 INFO neutron.db.ovn_revision_numbers_db [None req-a1ab9605-22d2-46c9-9114-9ef1b76973ed 85f301e2e9cb4710adffa45a4b4246bf 9e17edfe74f846fbb163214cc75014ef - - default default] Successfully bumped revision number for resource 5edb81e8-d78b-4e53-9316-0f8e5bd77f0e (type: routers) to 2
2026-06-22 03:07:09.214 9 INFO neutron.wsgi [None req-33c7864e-c5a8-4c33-895a-e2a2cc248b69 2282bfd5116c420c9a97a35f812a94f9 b58b3ab0ec6840c981e0d55e0c7f15e8 - - default default] 10.0.0.71 "GET /v2.0/ports/097db612-0be2-4e65-977f-bbed1c048b67 HTTP/1.1" status: 200 len: 1020 time: 0.1429536
2026-06-22 03:07:09.228 9 WARNING neutron.plugins.ml2.drivers.ovn.mech_driver.ovsdb.ovn_client [None req-11e537fb-cb2e-43b4-8e9f-2ce3ad3b24ee - - - - - -] No hosting information found for port 3846b57d-c744-4b53-90a4-b76fd38cf4b7: RuntimeError: No hosting information found for port 3846b57d-c744-4b53-90a4-b76fd38cf4b7
2026-06-22 03:07:09.237 10 INFO neutron.wsgi [None req-a1ab9605-22d2-46c9-9114-9ef1b76973ed 85f301e2e9cb4710adffa45a4b4246bf 9e17edfe74f846fbb163214cc75014ef - - default default] 10.0.0.71 "POST /v2.0/routers HTTP/1.1" status: 201 len: 1164 time: 2.1045909
2026-06-22 03:07:09.359 10 INFO neutron.wsgi [None req-99671113-eb78-43e3-a028-9d112e22097c 2282bfd5116c420c9a97a35f812a94f9 b58b3ab0ec6840c981e0d55e0c7f15e8 - - default default] 10.0.0.71 "DELETE /v2.0/trunks/54ca9b46-3995-41e4-aec7-5fda050b6e67 HTTP/1.1" status: 204 len: 168 time: 0.1195617
2026-06-22 03:07:09.391 10 INFO neutron.wsgi [None req-d5093a91-6d76-426f-9dff-13b0f3f3a747 2282bfd5116c420c9a97a35f812a94f9 b58b3ab0ec6840c981e0d55e0c7f15e8 - - default default] 10.0.0.71 "GET /v2.0/trunks/af1afa77-83c0-481c-84e4-8708fc5d2036 HTTP/1.1" status: 200 len: 625 time: 0.0251865
2026-06-22 03:07:09.502 10 INFO neutron.wsgi [None req-67bfd659-78ea-4ea1-b1dc-27e807d80943 2282bfd5116c420c9a97a35f812a94f9 b58b3ab0ec6840c981e0d55e0c7f15e8 - - default default] 10.0.0.71 "GET /v2.0/ports/0a04a9a0-f1fe-4796-870e-15ff09928cbb HTTP/1.1" status: 200 len: 1020 time: 0.1049628
2026-06-22 03:07:09.643 10 INFO neutron.wsgi [None req-95a7387b-18f9-4139-99c6-cb689e43e603 2282bfd5116c420c9a97a35f812a94f9 b58b3ab0ec6840c981e0d55e0c7f15e8 - - default default] 10.0.0.71 "DELETE /v2.0/trunks/af1afa77-83c0-481c-84e4-8708fc5d2036 HTTP/1.1" status: 204 len: 168 time: 0.1339869
2026-06-22 03:07:09.672 10 INFO neutron.wsgi [None req-f464e360-2625-490f-8283-df344ba864c2 2282bfd5116c420c9a97a35f812a94f9 b58b3ab0ec6840c981e0d55e0c7f15e8 - - default default] 10.0.0.71 "GET /v2.0/trunks/f313913d-2a9a-480a-a239-3607673ab0d2 HTTP/1.1" status: 200 len: 610 time: 0.0231264
2026-06-22 03:07:09.818 10 INFO neutron.wsgi [None req-8d73bdf0-0ca9-4b6d-9239-9b8dd90104ad 2282bfd5116c420c9a97a35f812a94f9 b58b3ab0ec6840c981e0d55e0c7f15e8 - - default default] 10.0.0.71 "GET /v2.0/ports/ebf51df0-49a2-4cf7-98df-8feb871d719b HTTP/1.1" status: 200 len: 1020 time: 0.1382740
2026-06-22 03:07:09.921 10 INFO neutron.wsgi [None req-91284809-8ff4-4a6b-b15c-0f037806e6fc 2282bfd5116c420c9a97a35f812a94f9 b58b3ab0ec6840c981e0d55e0c7f15e8 - - default default] 10.0.0.71 "DELETE /v2.0/trunks/f313913d-2a9a-480a-a239-3607673ab0d2 HTTP/1.1" status: 204 len: 168 time: 0.0984294
2026-06-22 03:07:09.946 10 INFO neutron.wsgi [None req-349ee401-99e4-4d61-a1ff-6c39afb329fe 2282bfd5116c420c9a97a35f812a94f9 b58b3ab0ec6840c981e0d55e0c7f15e8 - - default default] 10.0.0.71 "GET /v2.0/trunks/12f51a29-51e7-40bb-aeaa-da4f50859f14 HTTP/1.1" status: 200 len: 603 time: 0.0211978
2026-06-22 03:07:09.988 9 INFO neutron.db.ovn_revision_numbers_db [None req-c13c4fde-9d05-4013-903f-091e070bf4d3 - - - - - -] Successfully bumped revision number for resource 33f198f6-63c5-4c9f-9cc6-5df020151f18 (type: ports) to 1
2026-06-22 03:07:10.063 10 INFO neutron.wsgi [None req-5bb6ee06-95f4-4b7d-bb28-583663df27c2 2282bfd5116c420c9a97a35f812a94f9 b58b3ab0ec6840c981e0d55e0c7f15e8 - - default default] 10.0.0.71 "GET /v2.0/ports/6a5b720c-a6a2-4868-b350-8fd2cce58fd8 HTTP/1.1" status: 200 len: 1020 time: 0.1114709
2026-06-22 03:07:10.089 9 WARNING neutron.scheduler.dhcp_agent_scheduler [None req-ac8a5b3c-2a1e-4453-86fb-c2fc0d5dc530 85f301e2e9cb4710adffa45a4b4246bf 9e17edfe74f846fbb163214cc75014ef - - default default] No more DHCP agents
2026-06-22 03:07:10.094 9 WARNING neutron.api.rpc.agentnotifiers.dhcp_rpc_agent_api [None req-ac8a5b3c-2a1e-4453-86fb-c2fc0d5dc530 85f301e2e9cb4710adffa45a4b4246bf 9e17edfe74f846fbb163214cc75014ef - - default default] Unable to schedule network 7114e85a-8100-44e8-8de8-a49bf4768c18: no agents available; will retry on subsequent port and subnet creation events.
2026-06-22 03:07:10.184 10 INFO neutron.wsgi [None req-3844c337-996e-46ea-97e3-0b412d686aac 2282bfd5116c420c9a97a35f812a94f9 b58b3ab0ec6840c981e0d55e0c7f15e8 - - default default] 10.0.0.71 "DELETE /v2.0/trunks/12f51a29-51e7-40bb-aeaa-da4f50859f14 HTTP/1.1" status: 204 len: 168 time: 0.1168976
2026-06-22 03:07:10.540 10 INFO neutron.wsgi [None req-f778ddb3-22c9-4905-98f3-d0cccc981924 2282bfd5116c420c9a97a35f812a94f9 b58b3ab0ec6840c981e0d55e0c7f15e8 - - default default] 10.0.0.71 "DELETE /v2.0/ports/c9b10413-9a1d-4782-aa53-d73602f257ea HTTP/1.1" status: 204 len: 168 time: 0.3493774
2026-06-22 03:07:10.699 9 INFO neutron.db.ovn_revision_numbers_db [None req-ac8a5b3c-2a1e-4453-86fb-c2fc0d5dc530 85f301e2e9cb4710adffa45a4b4246bf 9e17edfe74f846fbb163214cc75014ef - - default default] Successfully bumped revision number for resource 5ab02515-6474-4db8-973c-ca25cfe7aa97 (type: ports) to 1
2026-06-22 03:07:10.849 9 INFO neutron.db.ovn_revision_numbers_db [None req-c13c4fde-9d05-4013-903f-091e070bf4d3 - - - - - -] Successfully bumped revision number for resource 33f198f6-63c5-4c9f-9cc6-5df020151f18 (type: router_ports) to 3
2026-06-22 03:07:10.955 10 INFO neutron.wsgi [None req-21472905-6aa7-48c0-97bc-dd899f70d12e 2282bfd5116c420c9a97a35f812a94f9 b58b3ab0ec6840c981e0d55e0c7f15e8 - - default default] 10.0.0.71 "DELETE /v2.0/ports/097db612-0be2-4e65-977f-bbed1c048b67 HTTP/1.1" status: 204 len: 168 time: 0.4089289
2026-06-22 03:07:11.206 9 INFO neutron.db.ovn_revision_numbers_db [None req-c13c4fde-9d05-4013-903f-091e070bf4d3 - - - - - -] Successfully bumped revision number for resource 33f198f6-63c5-4c9f-9cc6-5df020151f18 (type: ports) to 2
2026-06-22 03:07:11.298 10 INFO neutron.wsgi [None req-0d5cc78f-844f-472c-9f7b-c85bd1b916b4 2282bfd5116c420c9a97a35f812a94f9 b58b3ab0ec6840c981e0d55e0c7f15e8 - - default default] 10.0.0.71 "DELETE /v2.0/ports/0a04a9a0-f1fe-4796-870e-15ff09928cbb HTTP/1.1" status: 204 len: 168 time: 0.3385098
2026-06-22 03:07:11.526 9 ERROR ovsdbapp.backend.ovs_idl.command [None req-ac8a5b3c-2a1e-4453-86fb-c2fc0d5dc530 85f301e2e9cb4710adffa45a4b4246bf 9e17edfe74f846fbb163214cc75014ef - - default default] Error executing command (DbGetCommand): ovsdbapp.backend.ovs_idl.idlutils.RowNotFound: Cannot find Logical_Router_Port with name=lrp-5ab02515-6474-4db8-973c-ca25cfe7aa97
2026-06-22 03:07:11.526 9 ERROR ovsdbapp.backend.ovs_idl.command
Traceback (most recent call last):
2026-06-22 03:07:11.526 9 ERROR ovsdbapp.backend.ovs_idl.command
File "/var/lib/openstack/lib/python3.10/site-packages/ovsdbapp/backend/ovs_idl/command.py", line 47, in execute
2026-06-22 03:07:11.526 9 ERROR ovsdbapp.backend.ovs_idl.command self.run_idl(None)
2026-06-22 03:07:11.526 9 ERROR ovsdbapp.backend.ovs_idl.command
File "/var/lib/openstack/lib/python3.10/site-packages/ovsdbapp/backend/ovs_idl/command.py", line 235, in run_idl
2026-06-22 03:07:11.526 9 ERROR ovsdbapp.backend.ovs_idl.command record = self.api.lookup(self.table, self.record)
2026-06-22 03:07:11.526 9 ERROR ovsdbapp.backend.ovs_idl.command
File "/var/lib/openstack/lib/python3.10/site-packages/ovsdbapp/backend/ovs_idl/__init__.py", line 184, in lookup
2026-06-22 03:07:11.526 9 ERROR ovsdbapp.backend.ovs_idl.command return self._lookup(table, record)
2026-06-22 03:07:11.526 9 ERROR ovsdbapp.backend.ovs_idl.command
File "/var/lib/openstack/lib/python3.10/site-packages/ovsdbapp/backend/ovs_idl/__init__.py", line 235, in _lookup
2026-06-22 03:07:11.526 9 ERROR ovsdbapp.backend.ovs_idl.command row = idlutils.row_by_value(self, rl.table, rl.column, record)
2026-06-22 03:07:11.526 9 ERROR ovsdbapp.backend.ovs_idl.command
File "/var/lib/openstack/lib/python3.10/site-packages/ovsdbapp/backend/ovs_idl/idlutils.py", line 114, in row_by_value
2026-06-22 03:07:11.526 9 ERROR ovsdbapp.backend.ovs_idl.command raise RowNotFound(table=table, col=column, match=match)
2026-06-22 03:07:11.526 9 ERROR ovsdbapp.backend.ovs_idl.command ovsdbapp.backend.ovs_idl.idlutils.RowNotFound: Cannot find Logical_Router_Port with name=lrp-5ab02515-6474-4db8-973c-ca25cfe7aa97
2026-06-22 03:07:11.526 9 ERROR ovsdbapp.backend.ovs_idl.command 
2026-06-22 03:07:11.527 9 ERROR neutron_lib.callbacks.manager [None req-ac8a5b3c-2a1e-4453-86fb-c2fc0d5dc530 85f301e2e9cb4710adffa45a4b4246bf 9e17edfe74f846fbb163214cc75014ef - - default default] Error during notification for neutron.services.ovn_l3.plugin.OVNL3RouterPlugin._port_update-8752314948326 port, after_update: ovsdbapp.backend.ovs_idl.idlutils.RowNotFound: Cannot find Logical_Router_Port with name=lrp-5ab02515-6474-4db8-973c-ca25cfe7aa97
2026-06-22 03:07:11.527 9 ERROR neutron_lib.callbacks.manager
Traceback (most recent call last):
2026-06-22 03:07:11.527 9 ERROR neutron_lib.callbacks.manager
File "/var/lib/openstack/lib/python3.10/site-packages/neutron_lib/callbacks/manager.py", line 189, in _notify_loop
2026-06-22 03:07:11.527 9 ERROR neutron_lib.callbacks.manager callback.method(resource, event, trigger, payload=payload)
2026-06-22 03:07:11.527 9 ERROR neutron_lib.callbacks.manager
File "/var/lib/openstack/lib/python3.10/site-packages/neutron/services/ovn_l3/plugin.py", line 391, in _port_update
2026-06-22 03:07:11.527 9 ERROR neutron_lib.callbacks.manager l3plugin._ovn_client.update_router_port(context,
2026-06-22 03:07:11.527 9 ERROR neutron_lib.callbacks.manager
File "/var/lib/openstack/lib/python3.10/site-packages/neutron/plugins/ml2/drivers/ovn/mech_driver/ovsdb/ovn_client.py", line 1878, in update_router_port
2026-06-22 03:07:11.527 9 ERROR neutron_lib.callbacks.manager self._update_lrouter_port(context, port, if_exists=if_exists,
2026-06-22 03:07:11.527 9 ERROR neutron_lib.callbacks.manager
File "/var/lib/openstack/lib/python3.10/site-packages/neutron/plugins/ml2/drivers/ovn/mech_driver/ovsdb/ovn_client.py", line 1855, in _update_lrouter_port
2026-06-22 03:07:11.527 9 ERROR neutron_lib.callbacks.manager external_ids = self._nb_idl.db_get(
2026-06-22 03:07:11.527 9 ERROR neutron_lib.callbacks.manager
File "/var/lib/openstack/lib/python3.10/site-packages/ovsdbapp/backend/ovs_idl/command.py", line 47, in execute
2026-06-22 03:07:11.527 9 ERROR neutron_lib.callbacks.manager self.run_idl(None)
2026-06-22 03:07:11.527 9 ERROR neutron_lib.callbacks.manager
File "/var/lib/openstack/lib/python3.10/site-packages/ovsdbapp/backend/ovs_idl/command.py", line 235, in run_idl
2026-06-22 03:07:11.527 9 ERROR neutron_lib.callbacks.manager record = self.api.lookup(self.table, self.record)
2026-06-22 03:07:11.527 9 ERROR neutron_lib.callbacks.manager
File "/var/lib/openstack/lib/python3.10/site-packages/ovsdbapp/backend/ovs_idl/__init__.py", line 184, in lookup
2026-06-22 03:07:11.527 9 ERROR neutron_lib.callbacks.manager return self._lookup(table, record)
2026-06-22 03:07:11.527 9 ERROR neutron_lib.callbacks.manager
File "/var/lib/openstack/lib/python3.10/site-packages/ovsdbapp/backend/ovs_idl/__init__.py", line 235, in _lookup
2026-06-22 03:07:11.527 9 ERROR neutron_lib.callbacks.manager row = idlutils.row_by_value(self, rl.table, rl.column, record)
2026-06-22 03:07:11.527 9 ERROR neutron_lib.callbacks.manager
File "/var/lib/openstack/lib/python3.10/site-packages/ovsdbapp/backend/ovs_idl/idlutils.py", line 114, in row_by_value
2026-06-22 03:07:11.527 9 ERROR neutron_lib.callbacks.manager raise RowNotFound(table=table, col=column, match=match)
2026-06-22 03:07:11.527 9 ERROR neutron_lib.callbacks.manager ovsdbapp.backend.ovs_idl.idlutils.RowNotFound: Cannot find Logical_Router_Port with name=lrp-5ab02515-6474-4db8-973c-ca25cfe7aa97
2026-06-22 03:07:11.527 9 ERROR neutron_lib.callbacks.manager 
2026-06-22 03:07:11.604 10 INFO neutron.wsgi [None req-b227ffb1-8436-494e-82c0-5bc973cc608d 2282bfd5116c420c9a97a35f812a94f9 b58b3ab0ec6840c981e0d55e0c7f15e8 - - default default] 10.0.0.71 "DELETE /v2.0/ports/ebf51df0-49a2-4cf7-98df-8feb871d719b HTTP/1.1" status: 204 len: 168 time: 0.2992210
2026-06-22 03:07:11.809 9 INFO neutron.db.ovn_revision_numbers_db [None req-c13c4fde-9d05-4013-903f-091e070bf4d3 - - - - - -] Successfully bumped revision number for resource 33f198f6-63c5-4c9f-9cc6-5df020151f18 (type: ports) to 4
2026-06-22 03:07:11.868 10 INFO neutron.wsgi [None req-f9b362b7-30dc-442d-be2e-2e6cf7cbf77e 2282bfd5116c420c9a97a35f812a94f9 b58b3ab0ec6840c981e0d55e0c7f15e8 - - default default] 10.0.0.71 "DELETE /v2.0/ports/6a5b720c-a6a2-4868-b350-8fd2cce58fd8 HTTP/1.1" status: 204 len: 168 time: 0.2581985
2026-06-22 03:07:11.873 9 INFO neutron.db.ovn_revision_numbers_db [None req-ac8a5b3c-2a1e-4453-86fb-c2fc0d5dc530 85f301e2e9cb4710adffa45a4b4246bf 9e17edfe74f846fbb163214cc75014ef - - default default] Successfully bumped revision number for resource 5ab02515-6474-4db8-973c-ca25cfe7aa97 (type: ports) to 1
2026-06-22 03:07:12.095 10 INFO neutron.plugins.ml2.drivers.ovn.mech_driver.mech_driver [None req-3e709302-db6d-4991-9ee7-1ef00f3c6a42 - - - - - -] OVN reports status up for port: 5ab02515-6474-4db8-973c-ca25cfe7aa97
2026-06-22 03:07:12.120 10 INFO neutron.plugins.ml2.plugin [None req-3e709302-db6d-4991-9ee7-1ef00f3c6a42 - - - - - -] Attempt 1 to provision port 5ab02515-6474-4db8-973c-ca25cfe7aa97
2026-06-22 03:07:12.284 9 WARNING neutron.scheduler.dhcp_agent_scheduler [None req-ac8a5b3c-2a1e-4453-86fb-c2fc0d5dc530 85f301e2e9cb4710adffa45a4b4246bf 9e17edfe74f846fbb163214cc75014ef - - default default] No more DHCP agents
2026-06-22 03:07:12.304 9 WARNING neutron.api.rpc.agentnotifiers.dhcp_rpc_agent_api [None req-ac8a5b3c-2a1e-4453-86fb-c2fc0d5dc530 85f301e2e9cb4710adffa45a4b4246bf 9e17edfe74f846fbb163214cc75014ef - - default default] Unable to schedule network 7114e85a-8100-44e8-8de8-a49bf4768c18: no agents available; will retry on subsequent port and subnet creation events.
2026-06-22 03:07:12.456 10 INFO neutron.services.segments.plugin [-] Segment 24194f23-7675-431e-a62f-b06cc9a26f30 resource provider aggregate not found
2026-06-22 03:07:12.465 10 INFO neutron.services.segments.plugin [-] Segment 24194f23-7675-431e-a62f-b06cc9a26f30 resource provider aggregate not found
2026-06-22 03:07:12.487 10 INFO neutron.services.segments.plugin [-] Segment 24194f23-7675-431e-a62f-b06cc9a26f30 resource provider not found; error: Placement Client Error (4xx): {"errors": [{"status": 404, "title": "Not Found", "detail": "The resource could not be found.\n\n No resource provider with uuid 24194f23-7675-431e-a62f-b06cc9a26f30 found for delete ", "request_id": "req-a6159bb8-fa46-432b-8d06-2ffc04985d17"}]}
2026-06-22 03:07:12.499 10 INFO neutron.services.segments.plugin [-] Segment 24194f23-7675-431e-a62f-b06cc9a26f30 resource provider not found; error: Placement Client Error (4xx): {"errors": [{"status": 404, "title": "Not Found", "detail": "The resource could not be found.\n\n No resource provider with uuid 24194f23-7675-431e-a62f-b06cc9a26f30 found for delete ", "request_id": "req-e6a38665-d7c0-466b-94df-5640fc047ee4"}]}
2026-06-22 03:07:12.514 10 INFO neutron.wsgi [None req-af3aac73-7a34-4f7d-9631-60003a5c8a3c 2282bfd5116c420c9a97a35f812a94f9 b58b3ab0ec6840c981e0d55e0c7f15e8 - - default default] 10.0.0.71 "DELETE /v2.0/networks/455ff2ba-09f3-49ab-bac2-565303eed601 HTTP/1.1" status: 204 len: 168 time: 0.6402748
2026-06-22 03:07:12.567 9 INFO neutron.db.ovn_revision_numbers_db [None req-c13c4fde-9d05-4013-903f-091e070bf4d3 - - - - - -] Successfully bumped revision number for resource 33f198f6-63c5-4c9f-9cc6-5df020151f18 (type: router_ports) to 4
2026-06-22 03:07:12.754 10 INFO neutron.db.ovn_revision_numbers_db [None req-3e709302-db6d-4991-9ee7-1ef00f3c6a42 - - - - - -] Successfully bumped revision number for resource 5ab02515-6474-4db8-973c-ca25cfe7aa97 (type: ports) to 2
2026-06-22 03:07:12.896 10 ERROR ovsdbapp.backend.ovs_idl.command [None req-3e709302-db6d-4991-9ee7-1ef00f3c6a42 - - - - - -] Error executing command (DbGetCommand): ovsdbapp.backend.ovs_idl.idlutils.RowNotFound: Cannot find Logical_Router_Port with name=lrp-5ab02515-6474-4db8-973c-ca25cfe7aa97
2026-06-22 03:07:12.896 10 ERROR ovsdbapp.backend.ovs_idl.command
Traceback (most recent call last):
2026-06-22 03:07:12.896 10 ERROR ovsdbapp.backend.ovs_idl.command
File "/var/lib/openstack/lib/python3.10/site-packages/ovsdbapp/backend/ovs_idl/command.py", line 47, in execute
2026-06-22 03:07:12.896 10 ERROR ovsdbapp.backend.ovs_idl.command self.run_idl(None)
2026-06-22 03:07:12.896 10 ERROR ovsdbapp.backend.ovs_idl.command
File "/var/lib/openstack/lib/python3.10/site-packages/ovsdbapp/backend/ovs_idl/command.py", line 235, in run_idl
2026-06-22 03:07:12.896 10 ERROR ovsdbapp.backend.ovs_idl.command record = self.api.lookup(self.table, self.record)
2026-06-22 03:07:12.896 10 ERROR ovsdbapp.backend.ovs_idl.command
File "/var/lib/openstack/lib/python3.10/site-packages/ovsdbapp/backend/ovs_idl/__init__.py", line 184, in lookup
2026-06-22 03:07:12.896 10 ERROR ovsdbapp.backend.ovs_idl.command return self._lookup(table, record)
2026-06-22 03:07:12.896 10 ERROR ovsdbapp.backend.ovs_idl.command
File "/var/lib/openstack/lib/python3.10/site-packages/ovsdbapp/backend/ovs_idl/__init__.py", line 235, in _lookup
2026-06-22 03:07:12.896 10 ERROR ovsdbapp.backend.ovs_idl.command row = idlutils.row_by_value(self, rl.table, rl.column, record)
2026-06-22 03:07:12.896 10 ERROR ovsdbapp.backend.ovs_idl.command
File "/var/lib/openstack/lib/python3.10/site-packages/ovsdbapp/backend/ovs_idl/idlutils.py", line 114, in row_by_value
2026-06-22 03:07:12.896 10 ERROR ovsdbapp.backend.ovs_idl.command raise RowNotFound(table=table, col=column, match=match)
2026-06-22 03:07:12.896 10 ERROR ovsdbapp.backend.ovs_idl.command ovsdbapp.backend.ovs_idl.idlutils.RowNotFound: Cannot find Logical_Router_Port with name=lrp-5ab02515-6474-4db8-973c-ca25cfe7aa97
2026-06-22 03:07:12.896 10 ERROR ovsdbapp.backend.ovs_idl.command 
2026-06-22 03:07:12.897 10 ERROR neutron_lib.callbacks.manager [None req-3e709302-db6d-4991-9ee7-1ef00f3c6a42 - - - - - -] Error during notification for neutron.services.ovn_l3.plugin.OVNL3RouterPlugin._port_update-8752314948326 port, after_update: ovsdbapp.backend.ovs_idl.idlutils.RowNotFound: Cannot find Logical_Router_Port with name=lrp-5ab02515-6474-4db8-973c-ca25cfe7aa97
2026-06-22 03:07:12.897 10 ERROR neutron_lib.callbacks.manager
Traceback (most recent call last):
2026-06-22 03:07:12.897 10 ERROR neutron_lib.callbacks.manager
File "/var/lib/openstack/lib/python3.10/site-packages/neutron_lib/callbacks/manager.py", line 189, in _notify_loop
2026-06-22 03:07:12.897 10 ERROR neutron_lib.callbacks.manager callback.method(resource, event, trigger, payload=payload)
2026-06-22 03:07:12.897 10 ERROR neutron_lib.callbacks.manager
File "/var/lib/openstack/lib/python3.10/site-packages/neutron/services/ovn_l3/plugin.py", line 391, in _port_update
2026-06-22 03:07:12.897 10 ERROR neutron_lib.callbacks.manager l3plugin._ovn_client.update_router_port(context,
2026-06-22 03:07:12.897 10 ERROR neutron_lib.callbacks.manager
File "/var/lib/openstack/lib/python3.10/site-packages/neutron/plugins/ml2/drivers/ovn/mech_driver/ovsdb/ovn_client.py", line 1878, in update_router_port
2026-06-22 03:07:12.897 10 ERROR neutron_lib.callbacks.manager self._update_lrouter_port(context, port, if_exists=if_exists,
2026-06-22 03:07:12.897 10 ERROR neutron_lib.callbacks.manager
File "/var/lib/openstack/lib/python3.10/site-packages/neutron/plugins/ml2/drivers/ovn/mech_driver/ovsdb/ovn_client.py", line 1855, in _update_lrouter_port
2026-06-22 03:07:12.897 10 ERROR neutron_lib.callbacks.manager external_ids = self._nb_idl.db_get(
2026-06-22 03:07:12.897 10 ERROR neutron_lib.callbacks.manager
File "/var/lib/openstack/lib/python3.10/site-packages/ovsdbapp/backend/ovs_idl/command.py", line 47, in execute
2026-06-22 03:07:12.897 10 ERROR neutron_lib.callbacks.manager self.run_idl(None)
2026-06-22 03:07:12.897 10 ERROR neutron_lib.callbacks.manager
File "/var/lib/openstack/lib/python3.10/site-packages/ovsdbapp/backend/ovs_idl/command.py", line 235, in run_idl
2026-06-22 03:07:12.897 10 ERROR neutron_lib.callbacks.manager record = self.api.lookup(self.table, self.record)
2026-06-22 03:07:12.897 10 ERROR neutron_lib.callbacks.manager
File "/var/lib/openstack/lib/python3.10/site-packages/ovsdbapp/backend/ovs_idl/__init__.py", line 184, in lookup
2026-06-22 03:07:12.897 10 ERROR neutron_lib.callbacks.manager return self._lookup(table, record)
2026-06-22 03:07:12.897 10 ERROR neutron_lib.callbacks.manager
File "/var/lib/openstack/lib/python3.10/site-packages/ovsdbapp/backend/ovs_idl/__init__.py", line 235, in _lookup
2026-06-22 03:07:12.897 10 ERROR neutron_lib.callbacks.manager row = idlutils.row_by_value(self, rl.table, rl.column, record)
2026-06-22 03:07:12.897 10 ERROR neutron_lib.callbacks.manager
File "/var/lib/openstack/lib/python3.10/site-packages/ovsdbapp/backend/ovs_idl/idlutils.py", line 114, in row_by_value
2026-06-22 03:07:12.897 10 ERROR neutron_lib.callbacks.manager raise RowNotFound(table=table, col=column, match=match)
2026-06-22 03:07:12.897 10 ERROR neutron_lib.callbacks.manager ovsdbapp.backend.ovs_idl.idlutils.RowNotFound: Cannot find Logical_Router_Port with name=lrp-5ab02515-6474-4db8-973c-ca25cfe7aa97
2026-06-22 03:07:12.897 10 ERROR neutron_lib.callbacks.manager 
2026-06-22 03:07:13.186 9 INFO neutron.services.segments.plugin [-] Segment d82e6c75-577e-4c85-b3f5-8a1690d8bbe4 resource provider aggregate not found
2026-06-22 03:07:13.197 9 INFO neutron.services.segments.plugin [-] Segment d82e6c75-577e-4c85-b3f5-8a1690d8bbe4 resource provider aggregate not found
2026-06-22 03:07:13.229 9 INFO neutron.services.segments.plugin [-] Segment d82e6c75-577e-4c85-b3f5-8a1690d8bbe4 resource provider not found; error: Placement Client Error (4xx): {"errors": [{"status": 404, "title": "Not Found", "detail": "The resource could not be found.\n\n No resource provider with uuid d82e6c75-577e-4c85-b3f5-8a1690d8bbe4 found for delete ", "request_id": "req-2c749e19-4e57-4dae-8cfb-211e41edce96"}]}
2026-06-22 03:07:13.237 9 INFO neutron.wsgi [None req-9f982cdb-a823-449b-ac02-231312d9fd02 2282bfd5116c420c9a97a35f812a94f9 b58b3ab0ec6840c981e0d55e0c7f15e8 - - default default] 10.0.0.71 "DELETE /v2.0/networks/46589b56-eb41-413f-9d24-c1e8129b9c61 HTTP/1.1" status: 204 len: 168 time: 0.7049413
2026-06-22 03:07:13.243 9 INFO neutron.services.segments.plugin [-] Segment d82e6c75-577e-4c85-b3f5-8a1690d8bbe4 resource provider not found; error: Placement Client Error (4xx): {"errors": [{"status": 404, "title": "Not Found", "detail": "The resource could not be found.\n\n No resource provider with uuid d82e6c75-577e-4c85-b3f5-8a1690d8bbe4 found for delete ", "request_id": "req-560a3902-6b6d-45c5-867d-e0b3356acd3d"}]}
2026-06-22 03:07:13.299 9 INFO neutron.db.ovn_revision_numbers_db [None req-ac8a5b3c-2a1e-4453-86fb-c2fc0d5dc530 85f301e2e9cb4710adffa45a4b4246bf 9e17edfe74f846fbb163214cc75014ef - - default default] Successfully bumped revision number for resource 5ab02515-6474-4db8-973c-ca25cfe7aa97 (type: router_ports) to 1
2026-06-22 03:07:13.306 9 INFO neutron.wsgi [None req-ac8a5b3c-2a1e-4453-86fb-c2fc0d5dc530 85f301e2e9cb4710adffa45a4b4246bf 9e17edfe74f846fbb163214cc75014ef - - default default] 10.0.0.71 "PUT /v2.0/routers/5edb81e8-d78b-4e53-9316-0f8e5bd77f0e/add_router_interface HTTP/1.1" status: 200 len: 503 time: 4.0624826
2026-06-22 03:07:13.735 9 INFO neutron.wsgi [None req-42701efd-c9c6-4d0e-b47b-5ba00d69f481 2282bfd5116c420c9a97a35f812a94f9 b58b3ab0ec6840c981e0d55e0c7f15e8 - - default default] 10.0.0.71 "DELETE /v2.0/networks/672b26ed-2a72-44e6-88b8-167403da4c66 HTTP/1.1" status: 204 len: 168 time: 0.4894369
2026-06-22 03:07:13.765 9 INFO neutron.wsgi [-] 10.0.0.86 "GET / HTTP/1.1" status: 200 len: 246 time: 0.0032320
2026-06-22 03:07:13.768 9 INFO neutron.wsgi [-] 10.0.0.86 "GET / HTTP/1.1" status: 200 len: 246 time: 0.0022354
2026-06-22 03:07:14.013 9 WARNING neutron_lib.context [None req-2e3668a1-07a8-459f-b732-27d9619cb40a 0f2b079bd6834e529c2420231ae49dfe e7bf9e2c3f0c434c8fd2319f7c5b7994 - - default default] Method 'is_advsvc' is deprecated since 2023.2 release (neutron-lib 3.8.0) and will be removed once support for the old RBAC API policies will be removed from Neutron. Please use method 'is_service_role' instead.
2026-06-22 03:07:14.162 9 INFO neutron.db.ovn_revision_numbers_db [None req-2e3668a1-07a8-459f-b732-27d9619cb40a 0f2b079bd6834e529c2420231ae49dfe e7bf9e2c3f0c434c8fd2319f7c5b7994 - - default default] Successfully bumped revision number for resource f15baffb-9aec-4868-a475-e010796fd8c5 (type: security_groups) to 1
2026-06-22 03:07:14.177 9 INFO neutron.db.ovn_revision_numbers_db [None req-2e3668a1-07a8-459f-b732-27d9619cb40a 0f2b079bd6834e529c2420231ae49dfe e7bf9e2c3f0c434c8fd2319f7c5b7994 - - default default] Successfully bumped revision number for resource 4f7fa3f4-8a5f-4230-8925-dee6d220ab80 (type: security_group_rules) to 0
2026-06-22 03:07:14.196 9 INFO neutron.db.ovn_revision_numbers_db [None req-2e3668a1-07a8-459f-b732-27d9619cb40a 0f2b079bd6834e529c2420231ae49dfe e7bf9e2c3f0c434c8fd2319f7c5b7994 - - default default] Successfully bumped revision number for resource 535a3c53-607f-425e-8603-d7d40f87245d (type: security_group_rules) to 0
2026-06-22 03:07:14.204 10 INFO neutron.wsgi [None req-2240536e-e857-4ebe-9a30-3a0f606e274f 2282bfd5116c420c9a97a35f812a94f9 b58b3ab0ec6840c981e0d55e0c7f15e8 - - default default] 10.0.0.71 "DELETE /v2.0/networks/28d61a86-80f4-45c4-a007-16344e21343b HTTP/1.1" status: 204 len: 168 time: 0.4628878
2026-06-22 03:07:14.222 9 INFO neutron.wsgi [None req-2e3668a1-07a8-459f-b732-27d9619cb40a 0f2b079bd6834e529c2420231ae49dfe e7bf9e2c3f0c434c8fd2319f7c5b7994 - - default default] 10.0.0.71 "POST /v2.0/security-groups HTTP/1.1" status: 201 len: 1877 time: 0.2183077
2026-06-22 03:07:14.240 10 WARNING neutron_lib.context [None req-17eb62f8-811a-4139-82fb-5ad8d31decd1 0f2b079bd6834e529c2420231ae49dfe e7bf9e2c3f0c434c8fd2319f7c5b7994 - - default default] Method 'is_advsvc' is deprecated since 2023.2 release (neutron-lib 3.8.0) and will be removed once support for the old RBAC API policies will be removed from Neutron. Please use method 'is_service_role' instead.
2026-06-22 03:07:14.453 10 INFO neutron.db.ovn_revision_numbers_db [None req-17eb62f8-811a-4139-82fb-5ad8d31decd1 0f2b079bd6834e529c2420231ae49dfe e7bf9e2c3f0c434c8fd2319f7c5b7994 - - default default] Successfully bumped revision number for resource 04db9f0a-5800-4c94-b2b6-2668474ce04f (type: security_group_rules) to 0
2026-06-22 03:07:14.498 10 INFO neutron.wsgi [None req-17eb62f8-811a-4139-82fb-5ad8d31decd1 0f2b079bd6834e529c2420231ae49dfe e7bf9e2c3f0c434c8fd2319f7c5b7994 - - default default] 10.0.0.71 "POST /v2.0/security-group-rules HTTP/1.1" status: 201 len: 796 time: 0.2700984
2026-06-22 03:07:14.509 10 INFO neutron.services.segments.plugin [-] Segment f3499e8b-4d2d-4bec-a676-566ba7ea3e75 resource provider aggregate not found
2026-06-22 03:07:14.512 9 WARNING neutron_lib.context [None req-a144e57c-27c0-4b5f-939a-ac2e13c3c3a1 0f2b079bd6834e529c2420231ae49dfe e7bf9e2c3f0c434c8fd2319f7c5b7994 - - default default] Method 'is_advsvc' is deprecated since 2023.2 release (neutron-lib 3.8.0) and will be removed once support for the old RBAC API policies will be removed from Neutron. Please use method 'is_service_role' instead.
2026-06-22 03:07:14.517 10 INFO neutron.services.segments.plugin [-] Segment f3499e8b-4d2d-4bec-a676-566ba7ea3e75 resource provider aggregate not found
2026-06-22 03:07:14.525 10 INFO neutron.services.segments.plugin [-] Segment f3499e8b-4d2d-4bec-a676-566ba7ea3e75 resource provider not found; error: Placement Client Error (4xx): {"errors": [{"status": 404, "title": "Not Found", "detail": "The resource could not be found.\n\n No resource provider with uuid f3499e8b-4d2d-4bec-a676-566ba7ea3e75 found for delete ", "request_id": "req-1e65b1a0-e5be-4bf6-a22c-a4604f5862de"}]}
2026-06-22 03:07:14.532 10 INFO neutron.services.segments.plugin [-] Segment f3499e8b-4d2d-4bec-a676-566ba7ea3e75 resource provider not found; error: Placement Client Error (4xx): {"errors": [{"status": 404, "title": "Not Found", "detail": "The resource could not be found.\n\n No resource provider with uuid f3499e8b-4d2d-4bec-a676-566ba7ea3e75 found for delete ", "request_id": "req-bf7541b3-c78b-47a8-ae35-3ff6773635e3"}]}
2026-06-22 03:07:14.690 9 INFO neutron.db.ovn_revision_numbers_db [None req-a144e57c-27c0-4b5f-939a-ac2e13c3c3a1 0f2b079bd6834e529c2420231ae49dfe e7bf9e2c3f0c434c8fd2319f7c5b7994 - - default default] Successfully bumped revision number for resource 4b24eb99-3a24-45dc-b6b5-8713affd9878 (type: security_group_rules) to 0
2026-06-22 03:07:14.690 10 INFO neutron.wsgi [None req-a2c4fe24-f038-47a7-93d9-971b0e747abf 2282bfd5116c420c9a97a35f812a94f9 b58b3ab0ec6840c981e0d55e0c7f15e8 - - default default] 10.0.0.71 "DELETE /v2.0/networks/f2ffc705-e730-4849-a117-d2b9820fc0b4 HTTP/1.1" status: 204 len: 168 time: 0.4788473
2026-06-22 03:07:14.726 9 INFO neutron.wsgi [None req-a144e57c-27c0-4b5f-939a-ac2e13c3c3a1 0f2b079bd6834e529c2420231ae49dfe e7bf9e2c3f0c434c8fd2319f7c5b7994 - - default default] 10.0.0.71 "POST /v2.0/security-group-rules HTTP/1.1" status: 201 len: 795 time: 0.2208323
2026-06-22 03:07:14.739 9 WARNING neutron_lib.context [None req-4fb153d4-db95-4fcc-8f9c-6d2691088be8 0f2b079bd6834e529c2420231ae49dfe e7bf9e2c3f0c434c8fd2319f7c5b7994 - - default default] Method 'is_advsvc' is deprecated since 2023.2 release (neutron-lib 3.8.0) and will be removed once support for the old RBAC API policies will be removed from Neutron. Please use method 'is_service_role' instead.
2026-06-22 03:07:14.892 9 INFO neutron.db.ovn_revision_numbers_db [None req-4fb153d4-db95-4fcc-8f9c-6d2691088be8 0f2b079bd6834e529c2420231ae49dfe e7bf9e2c3f0c434c8fd2319f7c5b7994 - - default default] Successfully bumped revision number for resource ca72534b-aae6-4101-9443-c7d73ae345d4 (type: security_group_rules) to 0
2026-06-22 03:07:14.933 9 INFO neutron.wsgi [None req-4fb153d4-db95-4fcc-8f9c-6d2691088be8 0f2b079bd6834e529c2420231ae49dfe e7bf9e2c3f0c434c8fd2319f7c5b7994 - - default default] 10.0.0.71 "POST /v2.0/security-group-rules HTTP/1.1" status: 201 len: 801 time: 0.1984096
2026-06-22 03:07:14.946 9 WARNING neutron_lib.context [None req-cae6c648-46db-4d59-b644-43e9790faa3b 0f2b079bd6834e529c2420231ae49dfe e7bf9e2c3f0c434c8fd2319f7c5b7994 - - default default] Method 'is_advsvc' is deprecated since 2023.2 release (neutron-lib 3.8.0) and will be removed once support for the old RBAC API policies will be removed from Neutron. Please use method 'is_service_role' instead.
2026-06-22 03:07:15.111 9 INFO neutron.db.ovn_revision_numbers_db [None req-cae6c648-46db-4d59-b644-43e9790faa3b 0f2b079bd6834e529c2420231ae49dfe e7bf9e2c3f0c434c8fd2319f7c5b7994 - - default default] Successfully bumped revision number for resource 9ed94e59-7ae4-4f51-bb75-aa415d3fb59f (type: security_group_rules) to 0
2026-06-22 03:07:15.140 9 INFO neutron.wsgi [None req-cae6c648-46db-4d59-b644-43e9790faa3b 0f2b079bd6834e529c2420231ae49dfe e7bf9e2c3f0c434c8fd2319f7c5b7994 - - default default] 10.0.0.71 "POST /v2.0/security-group-rules HTTP/1.1" status: 201 len: 800 time: 0.2002585
2026-06-22 03:07:15.151 9 WARNING neutron_lib.context [None req-8e1cf8f7-cb04-46ba-87cb-04afda54655c 0f2b079bd6834e529c2420231ae49dfe e7bf9e2c3f0c434c8fd2319f7c5b7994 - - default default] Method 'is_advsvc' is deprecated since 2023.2 release (neutron-lib 3.8.0) and will be removed once support for the old RBAC API policies will be removed from Neutron. Please use method 'is_service_role' instead.
2026-06-22 03:07:15.199 9 INFO neutron.db.securitygroups_db [None req-8e1cf8f7-cb04-46ba-87cb-04afda54655c 0f2b079bd6834e529c2420231ae49dfe e7bf9e2c3f0c434c8fd2319f7c5b7994 - - default default] Project e7bf9e2c3f0c434c8fd2319f7c5b7994 added a security group rule with legacy IPv6 ICMP protocol name icmp, ipv6-icmp should be used instead. It was automatically converted.
2026-06-22 03:07:15.259 9 INFO neutron.services.segments.plugin [-] Segment 09360051-e590-4067-9712-9ea81869d365 resource provider aggregate not found
2026-06-22 03:07:15.267 9 INFO neutron.services.segments.plugin [-] Segment 09360051-e590-4067-9712-9ea81869d365 resource provider aggregate not found
2026-06-22 03:07:15.275 9 INFO neutron.services.segments.plugin [-] Segment 09360051-e590-4067-9712-9ea81869d365 resource provider not found; error: Placement Client Error (4xx): {"errors": [{"status": 404, "title": "Not Found", "detail": "The resource could not be found.\n\n No resource provider with uuid 09360051-e590-4067-9712-9ea81869d365 found for delete ", "request_id": "req-34379154-e1d4-4f5a-b5b5-71e83b82ed74"}]}
2026-06-22 03:07:15.286 9 INFO neutron.services.segments.plugin [-] Segment 09360051-e590-4067-9712-9ea81869d365 resource provider not found; error: Placement Client Error (4xx): {"errors": [{"status": 404, "title": "Not Found", "detail": "The resource could not be found.\n\n No resource provider with uuid 09360051-e590-4067-9712-9ea81869d365 found for delete ", "request_id": "req-42b67644-fb78-43df-abe3-0919e093abf7"}]}
2026-06-22 03:07:15.347 9 INFO neutron.db.ovn_revision_numbers_db [None req-8e1cf8f7-cb04-46ba-87cb-04afda54655c 0f2b079bd6834e529c2420231ae49dfe e7bf9e2c3f0c434c8fd2319f7c5b7994 - - default default] Successfully bumped revision number for resource eddbccf9-288a-46e2-b046-c6f32eb7f5be (type: security_group_rules) to 0
2026-06-22 03:07:15.388 9 INFO neutron.wsgi [None req-8e1cf8f7-cb04-46ba-87cb-04afda54655c 0f2b079bd6834e529c2420231ae49dfe e7bf9e2c3f0c434c8fd2319f7c5b7994 - - default default] 10.0.0.71 "POST /v2.0/security-group-rules HTTP/1.1" status: 201 len: 806 time: 0.2420650
2026-06-22 03:07:15.406 9 WARNING neutron_lib.context [None req-4407b4d0-5f33-40c5-9598-aec75495e044 0f2b079bd6834e529c2420231ae49dfe e7bf9e2c3f0c434c8fd2319f7c5b7994 - - default default] Method 'is_advsvc' is deprecated since 2023.2 release (neutron-lib 3.8.0) and will be removed once support for the old RBAC API policies will be removed from Neutron. Please use method 'is_service_role' instead.
2026-06-22 03:07:15.451 9 INFO neutron.db.securitygroups_db [None req-4407b4d0-5f33-40c5-9598-aec75495e044 0f2b079bd6834e529c2420231ae49dfe e7bf9e2c3f0c434c8fd2319f7c5b7994 - - default default] Project e7bf9e2c3f0c434c8fd2319f7c5b7994 added a security group rule with legacy IPv6 ICMP protocol name icmp, ipv6-icmp should be used instead. It was automatically converted.
2026-06-22 03:07:15.578 9 INFO neutron.db.ovn_revision_numbers_db [None req-4407b4d0-5f33-40c5-9598-aec75495e044 0f2b079bd6834e529c2420231ae49dfe e7bf9e2c3f0c434c8fd2319f7c5b7994 - - default default] Successfully bumped revision number for resource 1899e152-7002-4241-9018-b6d84cea9924 (type: security_group_rules) to 0
2026-06-22 03:07:15.609 9 INFO neutron.wsgi [None req-4407b4d0-5f33-40c5-9598-aec75495e044 0f2b079bd6834e529c2420231ae49dfe e7bf9e2c3f0c434c8fd2319f7c5b7994 - - default default] 10.0.0.71 "POST /v2.0/security-group-rules HTTP/1.1" status: 201 len: 805 time: 0.2121797
2026-06-22 03:07:15.886 10 INFO neutron.db.ovn_revision_numbers_db [None req-e63c11a8-c069-4008-a799-9a3dc9647938 85f301e2e9cb4710adffa45a4b4246bf 9e17edfe74f846fbb163214cc75014ef - - default default] Successfully bumped revision number for resource c67aed90-449a-4ee2-ae3d-d5a77b11ca6e (type: security_groups) to 1
2026-06-22 03:07:15.902 10 INFO neutron.db.ovn_revision_numbers_db [None req-e63c11a8-c069-4008-a799-9a3dc9647938 85f301e2e9cb4710adffa45a4b4246bf 9e17edfe74f846fbb163214cc75014ef - - default default] Successfully bumped revision number for resource 02eb6d13-3b72-43db-9df7-ca6540299391 (type: security_group_rules) to 0
2026-06-22 03:07:15.919 10 INFO neutron.db.ovn_revision_numbers_db [None req-e63c11a8-c069-4008-a799-9a3dc9647938 85f301e2e9cb4710adffa45a4b4246bf 9e17edfe74f846fbb163214cc75014ef - - default default] Successfully bumped revision number for resource a1c0cfbe-b90a-4592-86c4-01a523c0d5cc (type: security_group_rules) to 0
2026-06-22 03:07:15.938 10 INFO neutron.db.ovn_revision_numbers_db [None req-e63c11a8-c069-4008-a799-9a3dc9647938 85f301e2e9cb4710adffa45a4b4246bf 9e17edfe74f846fbb163214cc75014ef - - default default] Successfully bumped revision number for resource ed51e6a2-eb02-42cf-b673-557ae4194fb4 (type: security_group_rules) to 0
2026-06-22 03:07:15.954 10 INFO neutron.db.ovn_revision_numbers_db [None req-e63c11a8-c069-4008-a799-9a3dc9647938 85f301e2e9cb4710adffa45a4b4246bf 9e17edfe74f846fbb163214cc75014ef - - default default] Successfully bumped revision number for resource f5060e27-07f0-441b-b68f-5249b91e0247 (type: security_group_rules) to 0
2026-06-22 03:07:15.987 10 INFO neutron.wsgi [None req-e63c11a8-c069-4008-a799-9a3dc9647938 85f301e2e9cb4710adffa45a4b4246bf 9e17edfe74f846fbb163214cc75014ef - - default default] 10.0.0.71 "GET /v2.0/security-groups?tenant_id=54cf1b27d805452599b71ddbdad7fe29&name=default HTTP/1.1" status: 200 len: 3124 time: 0.4197884
2026-06-22 03:07:16.031 10 WARNING neutron_lib.context [None req-4e398644-a34d-4cd8-8d3b-9dd0ad43b968 0f2b079bd6834e529c2420231ae49dfe e7bf9e2c3f0c434c8fd2319f7c5b7994 - - default default] Method 'is_advsvc' is deprecated since 2023.2 release (neutron-lib 3.8.0) and will be removed once support for the old RBAC API policies will be removed from Neutron. Please use method 'is_service_role' instead.
2026-06-22 03:07:16.206 10 INFO neutron.db.ovn_revision_numbers_db [None req-4e398644-a34d-4cd8-8d3b-9dd0ad43b968 0f2b079bd6834e529c2420231ae49dfe e7bf9e2c3f0c434c8fd2319f7c5b7994 - - default default] Successfully bumped revision number for resource 7df77e7c-eed0-49f4-883b-969322c82022 (type: security_groups) to 1
2026-06-22 03:07:16.221 10 INFO neutron.db.ovn_revision_numbers_db [None req-4e398644-a34d-4cd8-8d3b-9dd0ad43b968 0f2b079bd6834e529c2420231ae49dfe e7bf9e2c3f0c434c8fd2319f7c5b7994 - - default default] Successfully bumped revision number for resource 61a827a7-ae66-43fc-81f3-189758c86571 (type: security_group_rules) to 0
2026-06-22 03:07:16.243 10 INFO neutron.db.ovn_revision_numbers_db [None req-4e398644-a34d-4cd8-8d3b-9dd0ad43b968 0f2b079bd6834e529c2420231ae49dfe e7bf9e2c3f0c434c8fd2319f7c5b7994 - - default default] Successfully bumped revision number for resource dba1d821-cb03-4237-9fe6-305779179f6d (type: security_group_rules) to 0
2026-06-22 03:07:16.276 10 INFO neutron.wsgi [None req-4e398644-a34d-4cd8-8d3b-9dd0ad43b968 0f2b079bd6834e529c2420231ae49dfe e7bf9e2c3f0c434c8fd2319f7c5b7994 - - default default] 10.0.0.71 "POST /v2.0/security-groups HTTP/1.1" status: 201 len: 1863 time: 0.2514260
2026-06-22 03:07:16.287 9 WARNING neutron_lib.context [None req-009c4eb7-b197-4ed8-9e7e-96a8ef98c14c 0f2b079bd6834e529c2420231ae49dfe e7bf9e2c3f0c434c8fd2319f7c5b7994 - - default default] Method 'is_advsvc' is deprecated since 2023.2 release (neutron-lib 3.8.0) and will be removed once support for the old RBAC API policies will be removed from Neutron. Please use method 'is_service_role' instead.
2026-06-22 03:07:16.309 10 INFO neutron.wsgi [None req-8a72147a-8f52-4f14-b90c-c01011ee0986 85f301e2e9cb4710adffa45a4b4246bf 9e17edfe74f846fbb163214cc75014ef - - default default] 10.0.0.71 "DELETE /v2.0/security-groups/c67aed90-449a-4ee2-ae3d-d5a77b11ca6e HTTP/1.1" status: 204 len: 168 time: 0.3136363
2026-06-22 03:07:16.473 9 INFO neutron.db.ovn_revision_numbers_db [None req-009c4eb7-b197-4ed8-9e7e-96a8ef98c14c 0f2b079bd6834e529c2420231ae49dfe e7bf9e2c3f0c434c8fd2319f7c5b7994 - - default default] Successfully bumped revision number for resource 6d27b049-76cd-4911-9bd9-55cccc26b82d (type: security_group_rules) to 0
2026-06-22 03:07:16.491 10 INFO neutron.wsgi [None req-22cbc6b8-6259-4a59-bb70-13f6802e5747 85f301e2e9cb4710adffa45a4b4246bf 9e17edfe74f846fbb163214cc75014ef - - default default] 10.0.0.71 "GET /v2.0/security-groups?tenant_id=b58b3ab0ec6840c981e0d55e0c7f15e8&name=default HTTP/1.1" status: 200 len: 3120 time: 0.0482461
2026-06-22 03:07:16.505 9 INFO neutron.wsgi [None req-009c4eb7-b197-4ed8-9e7e-96a8ef98c14c 0f2b079bd6834e529c2420231ae49dfe e7bf9e2c3f0c434c8fd2319f7c5b7994 - - default default] 10.0.0.71 "POST /v2.0/security-group-rules HTTP/1.1" status: 201 len: 796 time: 0.2242322
2026-06-22 03:07:16.515 10 WARNING neutron_lib.context [None req-5256f56a-e2d1-4f35-a6a1-d643b446e4a2 0f2b079bd6834e529c2420231ae49dfe e7bf9e2c3f0c434c8fd2319f7c5b7994 - - default default] Method 'is_advsvc' is deprecated since 2023.2 release (neutron-lib 3.8.0) and will be removed once support for the old RBAC API policies will be removed from Neutron. Please use method 'is_service_role' instead.
2026-06-22 03:07:16.545 10 INFO neutron.services.segments.plugin [-] Segment 76917123-1d32-4904-a7b8-f8673c7e6e2e resource provider aggregate not found
2026-06-22 03:07:16.556 10 INFO neutron.services.segments.plugin [-] Segment 76917123-1d32-4904-a7b8-f8673c7e6e2e resource provider aggregate not found
2026-06-22 03:07:16.566 10 INFO neutron.services.segments.plugin [-] Segment 76917123-1d32-4904-a7b8-f8673c7e6e2e resource provider not found; error: Placement Client Error (4xx): {"errors": [{"status": 404, "title": "Not Found", "detail": "The resource could not be found.\n\n No resource provider with uuid 76917123-1d32-4904-a7b8-f8673c7e6e2e found for delete ", "request_id": "req-57f71d6f-6ed2-4d38-84bb-f020a907b034"}]}
