File "/var/lib/openstack/lib/python3.10/site-packages/ovsdbapp/backend/ovs_idl/__init__.py", line 184, in lookup
2026-06-22 03:06:06.234 9 ERROR ovsdbapp.backend.ovs_idl.command return self._lookup(table, record)
2026-06-22 03:06:06.234 9 ERROR ovsdbapp.backend.ovs_idl.command
File "/var/lib/openstack/lib/python3.10/site-packages/ovsdbapp/backend/ovs_idl/__init__.py", line 235, in _lookup
2026-06-22 03:06:06.234 9 ERROR ovsdbapp.backend.ovs_idl.command row = idlutils.row_by_value(self, rl.table, rl.column, record)
2026-06-22 03:06:06.234 9 ERROR ovsdbapp.backend.ovs_idl.command
File "/var/lib/openstack/lib/python3.10/site-packages/ovsdbapp/backend/ovs_idl/idlutils.py", line 114, in row_by_value
2026-06-22 03:06:06.234 9 ERROR ovsdbapp.backend.ovs_idl.command raise RowNotFound(table=table, col=column, match=match)
2026-06-22 03:06:06.234 9 ERROR ovsdbapp.backend.ovs_idl.command ovsdbapp.backend.ovs_idl.idlutils.RowNotFound: Cannot find Logical_Router_Port with name=lrp-23ebe66a-7785-4e62-80b1-56a936672b01
2026-06-22 03:06:06.234 9 ERROR ovsdbapp.backend.ovs_idl.command 
2026-06-22 03:06:06.235 9 ERROR neutron_lib.callbacks.manager [None req-d423a55e-ce28-4f38-bff7-9c569cc9f573 fbc16d9c6fa44c2aa274e85d01012130 54e9d47aafe948e49a15a1ad75767219 - - default default] Error during notification for neutron.services.ovn_l3.plugin.OVNL3RouterPlugin._port_update-8752314948326 port, after_update: ovsdbapp.backend.ovs_idl.idlutils.RowNotFound: Cannot find Logical_Router_Port with name=lrp-23ebe66a-7785-4e62-80b1-56a936672b01
2026-06-22 03:06:06.235 9 ERROR neutron_lib.callbacks.manager
Traceback (most recent call last):
2026-06-22 03:06:06.235 9 ERROR neutron_lib.callbacks.manager
File "/var/lib/openstack/lib/python3.10/site-packages/neutron_lib/callbacks/manager.py", line 189, in _notify_loop
2026-06-22 03:06:06.235 9 ERROR neutron_lib.callbacks.manager callback.method(resource, event, trigger, payload=payload)
2026-06-22 03:06:06.235 9 ERROR neutron_lib.callbacks.manager
File "/var/lib/openstack/lib/python3.10/site-packages/neutron/services/ovn_l3/plugin.py", line 391, in _port_update
2026-06-22 03:06:06.235 9 ERROR neutron_lib.callbacks.manager l3plugin._ovn_client.update_router_port(context,
2026-06-22 03:06:06.235 9 ERROR neutron_lib.callbacks.manager
File "/var/lib/openstack/lib/python3.10/site-packages/neutron/plugins/ml2/drivers/ovn/mech_driver/ovsdb/ovn_client.py", line 1878, in update_router_port
2026-06-22 03:06:06.235 9 ERROR neutron_lib.callbacks.manager self._update_lrouter_port(context, port, if_exists=if_exists,
2026-06-22 03:06:06.235 9 ERROR neutron_lib.callbacks.manager
File "/var/lib/openstack/lib/python3.10/site-packages/neutron/plugins/ml2/drivers/ovn/mech_driver/ovsdb/ovn_client.py", line 1855, in _update_lrouter_port
2026-06-22 03:06:06.235 9 ERROR neutron_lib.callbacks.manager external_ids = self._nb_idl.db_get(
2026-06-22 03:06:06.235 9 ERROR neutron_lib.callbacks.manager
File "/var/lib/openstack/lib/python3.10/site-packages/ovsdbapp/backend/ovs_idl/command.py", line 47, in execute
2026-06-22 03:06:06.235 9 ERROR neutron_lib.callbacks.manager self.run_idl(None)
2026-06-22 03:06:06.235 9 ERROR neutron_lib.callbacks.manager
File "/var/lib/openstack/lib/python3.10/site-packages/ovsdbapp/backend/ovs_idl/command.py", line 235, in run_idl
2026-06-22 03:06:06.235 9 ERROR neutron_lib.callbacks.manager record = self.api.lookup(self.table, self.record)
2026-06-22 03:06:06.235 9 ERROR neutron_lib.callbacks.manager
File "/var/lib/openstack/lib/python3.10/site-packages/ovsdbapp/backend/ovs_idl/__init__.py", line 184, in lookup
2026-06-22 03:06:06.235 9 ERROR neutron_lib.callbacks.manager return self._lookup(table, record)
2026-06-22 03:06:06.235 9 ERROR neutron_lib.callbacks.manager
File "/var/lib/openstack/lib/python3.10/site-packages/ovsdbapp/backend/ovs_idl/__init__.py", line 235, in _lookup
2026-06-22 03:06:06.235 9 ERROR neutron_lib.callbacks.manager row = idlutils.row_by_value(self, rl.table, rl.column, record)
2026-06-22 03:06:06.235 9 ERROR neutron_lib.callbacks.manager
File "/var/lib/openstack/lib/python3.10/site-packages/ovsdbapp/backend/ovs_idl/idlutils.py", line 114, in row_by_value
2026-06-22 03:06:06.235 9 ERROR neutron_lib.callbacks.manager raise RowNotFound(table=table, col=column, match=match)
2026-06-22 03:06:06.235 9 ERROR neutron_lib.callbacks.manager ovsdbapp.backend.ovs_idl.idlutils.RowNotFound: Cannot find Logical_Router_Port with name=lrp-23ebe66a-7785-4e62-80b1-56a936672b01
2026-06-22 03:06:06.235 9 ERROR neutron_lib.callbacks.manager 
2026-06-22 03:06:06.668 10 ERROR ovsdbapp.backend.ovs_idl.command [None req-dd5e77f6-d7bf-4a9d-b363-b8271075aa78 36301c6defd84c11881033410a7b2eac 85284dd8d976495ba650cfff74011f51 - - default default] Error executing command (DbGetCommand): ovsdbapp.backend.ovs_idl.idlutils.RowNotFound: Cannot find Logical_Router_Port with name=lrp-123fd705-92c2-4005-b5e5-dfd7d9b62584
2026-06-22 03:06:06.668 10 ERROR ovsdbapp.backend.ovs_idl.command
Traceback (most recent call last):
2026-06-22 03:06:06.668 10 ERROR ovsdbapp.backend.ovs_idl.command
File "/var/lib/openstack/lib/python3.10/site-packages/ovsdbapp/backend/ovs_idl/command.py", line 47, in execute
2026-06-22 03:06:06.668 10 ERROR ovsdbapp.backend.ovs_idl.command self.run_idl(None)
2026-06-22 03:06:06.668 10 ERROR ovsdbapp.backend.ovs_idl.command
File "/var/lib/openstack/lib/python3.10/site-packages/ovsdbapp/backend/ovs_idl/command.py", line 235, in run_idl
2026-06-22 03:06:06.668 10 ERROR ovsdbapp.backend.ovs_idl.command record = self.api.lookup(self.table, self.record)
2026-06-22 03:06:06.668 10 ERROR ovsdbapp.backend.ovs_idl.command
File "/var/lib/openstack/lib/python3.10/site-packages/ovsdbapp/backend/ovs_idl/__init__.py", line 184, in lookup
2026-06-22 03:06:06.668 10 ERROR ovsdbapp.backend.ovs_idl.command return self._lookup(table, record)
2026-06-22 03:06:06.668 10 ERROR ovsdbapp.backend.ovs_idl.command
File "/var/lib/openstack/lib/python3.10/site-packages/ovsdbapp/backend/ovs_idl/__init__.py", line 235, in _lookup
2026-06-22 03:06:06.668 10 ERROR ovsdbapp.backend.ovs_idl.command row = idlutils.row_by_value(self, rl.table, rl.column, record)
2026-06-22 03:06:06.668 10 ERROR ovsdbapp.backend.ovs_idl.command
File "/var/lib/openstack/lib/python3.10/site-packages/ovsdbapp/backend/ovs_idl/idlutils.py", line 114, in row_by_value
2026-06-22 03:06:06.668 10 ERROR ovsdbapp.backend.ovs_idl.command raise RowNotFound(table=table, col=column, match=match)
2026-06-22 03:06:06.668 10 ERROR ovsdbapp.backend.ovs_idl.command ovsdbapp.backend.ovs_idl.idlutils.RowNotFound: Cannot find Logical_Router_Port with name=lrp-123fd705-92c2-4005-b5e5-dfd7d9b62584
2026-06-22 03:06:06.668 10 ERROR ovsdbapp.backend.ovs_idl.command 
2026-06-22 03:06:06.669 10 ERROR neutron_lib.callbacks.manager [None req-dd5e77f6-d7bf-4a9d-b363-b8271075aa78 36301c6defd84c11881033410a7b2eac 85284dd8d976495ba650cfff74011f51 - - default default] Error during notification for neutron.services.ovn_l3.plugin.OVNL3RouterPlugin._port_update-8752314948326 port, after_update: ovsdbapp.backend.ovs_idl.idlutils.RowNotFound: Cannot find Logical_Router_Port with name=lrp-123fd705-92c2-4005-b5e5-dfd7d9b62584
2026-06-22 03:06:06.669 10 ERROR neutron_lib.callbacks.manager
Traceback (most recent call last):
2026-06-22 03:06:06.669 10 ERROR neutron_lib.callbacks.manager
File "/var/lib/openstack/lib/python3.10/site-packages/neutron_lib/callbacks/manager.py", line 189, in _notify_loop
2026-06-22 03:06:06.669 10 ERROR neutron_lib.callbacks.manager callback.method(resource, event, trigger, payload=payload)
2026-06-22 03:06:06.669 10 ERROR neutron_lib.callbacks.manager
File "/var/lib/openstack/lib/python3.10/site-packages/neutron/services/ovn_l3/plugin.py", line 391, in _port_update
2026-06-22 03:06:06.669 10 ERROR neutron_lib.callbacks.manager l3plugin._ovn_client.update_router_port(context,
2026-06-22 03:06:06.669 10 ERROR neutron_lib.callbacks.manager
File "/var/lib/openstack/lib/python3.10/site-packages/neutron/plugins/ml2/drivers/ovn/mech_driver/ovsdb/ovn_client.py", line 1878, in update_router_port
2026-06-22 03:06:06.669 10 ERROR neutron_lib.callbacks.manager self._update_lrouter_port(context, port, if_exists=if_exists,
2026-06-22 03:06:06.669 10 ERROR neutron_lib.callbacks.manager
File "/var/lib/openstack/lib/python3.10/site-packages/neutron/plugins/ml2/drivers/ovn/mech_driver/ovsdb/ovn_client.py", line 1855, in _update_lrouter_port
2026-06-22 03:06:06.669 10 ERROR neutron_lib.callbacks.manager external_ids = self._nb_idl.db_get(
2026-06-22 03:06:06.669 10 ERROR neutron_lib.callbacks.manager
File "/var/lib/openstack/lib/python3.10/site-packages/ovsdbapp/backend/ovs_idl/command.py", line 47, in execute
2026-06-22 03:06:06.669 10 ERROR neutron_lib.callbacks.manager self.run_idl(None)
2026-06-22 03:06:06.669 10 ERROR neutron_lib.callbacks.manager
File "/var/lib/openstack/lib/python3.10/site-packages/ovsdbapp/backend/ovs_idl/command.py", line 235, in run_idl
2026-06-22 03:06:06.669 10 ERROR neutron_lib.callbacks.manager record = self.api.lookup(self.table, self.record)
2026-06-22 03:06:06.669 10 ERROR neutron_lib.callbacks.manager
File "/var/lib/openstack/lib/python3.10/site-packages/ovsdbapp/backend/ovs_idl/__init__.py", line 184, in lookup
2026-06-22 03:06:06.669 10 ERROR neutron_lib.callbacks.manager return self._lookup(table, record)
2026-06-22 03:06:06.669 10 ERROR neutron_lib.callbacks.manager
File "/var/lib/openstack/lib/python3.10/site-packages/ovsdbapp/backend/ovs_idl/__init__.py", line 235, in _lookup
2026-06-22 03:06:06.669 10 ERROR neutron_lib.callbacks.manager row = idlutils.row_by_value(self, rl.table, rl.column, record)
2026-06-22 03:06:06.669 10 ERROR neutron_lib.callbacks.manager
File "/var/lib/openstack/lib/python3.10/site-packages/ovsdbapp/backend/ovs_idl/idlutils.py", line 114, in row_by_value
2026-06-22 03:06:06.669 10 ERROR neutron_lib.callbacks.manager raise RowNotFound(table=table, col=column, match=match)
2026-06-22 03:06:06.669 10 ERROR neutron_lib.callbacks.manager ovsdbapp.backend.ovs_idl.idlutils.RowNotFound: Cannot find Logical_Router_Port with name=lrp-123fd705-92c2-4005-b5e5-dfd7d9b62584
2026-06-22 03:06:06.669 10 ERROR neutron_lib.callbacks.manager 
2026-06-22 03:06:06.709 9 INFO neutron.wsgi [None req-fe3372ec-5320-4096-9b06-617ee822dd8d 85f301e2e9cb4710adffa45a4b4246bf 9e17edfe74f846fbb163214cc75014ef - - default default] 10.0.0.71 "DELETE /v2.0/security-groups/b524aeb9-f9ea-4087-8bce-ac614a46d007 HTTP/1.1" status: 204 len: 168 time: 0.7796969
2026-06-22 03:06:06.759 9 INFO neutron.db.ovn_revision_numbers_db [None req-d423a55e-ce28-4f38-bff7-9c569cc9f573 fbc16d9c6fa44c2aa274e85d01012130 54e9d47aafe948e49a15a1ad75767219 - - default default] Successfully bumped revision number for resource 23ebe66a-7785-4e62-80b1-56a936672b01 (type: ports) to 1
2026-06-22 03:06:06.833 9 WARNING neutron.scheduler.dhcp_agent_scheduler [None req-d423a55e-ce28-4f38-bff7-9c569cc9f573 fbc16d9c6fa44c2aa274e85d01012130 54e9d47aafe948e49a15a1ad75767219 - - default default] No more DHCP agents
2026-06-22 03:06:06.834 9 WARNING neutron.api.rpc.agentnotifiers.dhcp_rpc_agent_api [None req-d423a55e-ce28-4f38-bff7-9c569cc9f573 fbc16d9c6fa44c2aa274e85d01012130 54e9d47aafe948e49a15a1ad75767219 - - default default] Unable to schedule network 8ae57a1c-5a09-4688-b302-6fc414ceccf0: no agents available; will retry on subsequent port and subnet creation events.
2026-06-22 03:06:06.902 10 INFO neutron.db.ovn_revision_numbers_db [None req-dd5e77f6-d7bf-4a9d-b363-b8271075aa78 36301c6defd84c11881033410a7b2eac 85284dd8d976495ba650cfff74011f51 - - default default] Successfully bumped revision number for resource 123fd705-92c2-4005-b5e5-dfd7d9b62584 (type: ports) to 3
2026-06-22 03:06:06.965 10 WARNING neutron.scheduler.dhcp_agent_scheduler [None req-dd5e77f6-d7bf-4a9d-b363-b8271075aa78 36301c6defd84c11881033410a7b2eac 85284dd8d976495ba650cfff74011f51 - - default default] No more DHCP agents
2026-06-22 03:06:06.966 10 WARNING neutron.api.rpc.agentnotifiers.dhcp_rpc_agent_api [None req-dd5e77f6-d7bf-4a9d-b363-b8271075aa78 36301c6defd84c11881033410a7b2eac 85284dd8d976495ba650cfff74011f51 - - default default] Unable to schedule network 8da4241c-eace-474d-a45f-06000cedbf69: no agents available; will retry on subsequent port and subnet creation events.
2026-06-22 03:06:06.991 9 INFO neutron.db.ovn_revision_numbers_db [None req-d423a55e-ce28-4f38-bff7-9c569cc9f573 fbc16d9c6fa44c2aa274e85d01012130 54e9d47aafe948e49a15a1ad75767219 - - default default] Successfully bumped revision number for resource 23ebe66a-7785-4e62-80b1-56a936672b01 (type: router_ports) to 1
2026-06-22 03:06:06.999 9 INFO neutron.wsgi [None req-d423a55e-ce28-4f38-bff7-9c569cc9f573 fbc16d9c6fa44c2aa274e85d01012130 54e9d47aafe948e49a15a1ad75767219 - - default default] 10.0.0.71 "PUT /v2.0/routers/7befabf0-0319-4b4e-999f-494ff2bb4388/add_router_interface HTTP/1.1" status: 200 len: 503 time: 2.1368940 /var/lib/openstack/lib/python3.10/site-packages/pycadf/identifier.py:71: UserWarning: Invalid uuid: neutron. To ensure interoperability, identifiers should be a valid uuid. warnings.warn(('Invalid uuid: %s. To ensure interoperability, '
2026-06-22 03:06:07.102 10 WARNING neutron_lib.context [None req-c28d7f0f-1c2d-4817-8f3a-1ddaa15a6679 a339fade8a444b79add2321a89636d6b e1161f8406d84650a2eeda98356431f9 - - default default] Method 'is_advsvc' is deprecated since 2023.2 release (neutron-lib 3.8.0) and will be removed once support for the old RBAC API policies will be removed from Neutron. Please use method 'is_service_role' instead.
2026-06-22 03:06:07.107 9 INFO neutron.wsgi [None req-f8e45988-af37-44f4-9a0c-1e3c83dcb389 fbc16d9c6fa44c2aa274e85d01012130 54e9d47aafe948e49a15a1ad75767219 - - default default] 10.0.0.71 "GET /v2.0/ports/23ebe66a-7785-4e62-80b1-56a936672b01 HTTP/1.1" status: 200 len: 1139 time: 0.1021717
2026-06-22 03:06:07.156 9 INFO neutron.wsgi [None req-33a236cf-20fb-410f-b1f7-881624df8caf fbc16d9c6fa44c2aa274e85d01012130 54e9d47aafe948e49a15a1ad75767219 - - default default] 10.0.0.71 "GET /v2.0/ports/23ebe66a-7785-4e62-80b1-56a936672b01 HTTP/1.1" status: 200 len: 1139 time: 0.0426087
2026-06-22 03:06:07.191 10 INFO neutron.db.ovn_revision_numbers_db [None req-dd5e77f6-d7bf-4a9d-b363-b8271075aa78 36301c6defd84c11881033410a7b2eac 85284dd8d976495ba650cfff74011f51 - - default default] Successfully bumped revision number for resource 123fd705-92c2-4005-b5e5-dfd7d9b62584 (type: router_ports) to 3
2026-06-22 03:06:07.197 10 INFO neutron.wsgi [None req-dd5e77f6-d7bf-4a9d-b363-b8271075aa78 36301c6defd84c11881033410a7b2eac 85284dd8d976495ba650cfff74011f51 - - default default] 10.0.0.71 "PUT /v2.0/routers/e54b91a6-2161-4fcf-bbe1-09aadf242516/add_router_interface HTTP/1.1" status: 200 len: 503 time: 3.0640583
2026-06-22 03:06:07.305 9 INFO neutron.wsgi [None req-cc279da5-23c3-4e20-a730-952960190415 36301c6defd84c11881033410a7b2eac 85284dd8d976495ba650cfff74011f51 - - default default] 10.0.0.71 "GET /v2.0/ports/123fd705-92c2-4005-b5e5-dfd7d9b62584 HTTP/1.1" status: 200 len: 1205 time: 0.0995836
2026-06-22 03:06:07.437 10 WARNING neutron.scheduler.dhcp_agent_scheduler [None req-c28d7f0f-1c2d-4817-8f3a-1ddaa15a6679 a339fade8a444b79add2321a89636d6b e1161f8406d84650a2eeda98356431f9 - - default default] No more DHCP agents
2026-06-22 03:06:07.440 10 WARNING neutron.api.rpc.agentnotifiers.dhcp_rpc_agent_api [None req-c28d7f0f-1c2d-4817-8f3a-1ddaa15a6679 a339fade8a444b79add2321a89636d6b e1161f8406d84650a2eeda98356431f9 - - default default] Unable to schedule network c93e448b-7fef-47f7-a495-b89909f7d740: no agents available; will retry on subsequent port and subnet creation events.
2026-06-22 03:06:07.807 10 INFO neutron.wsgi [None req-c28d7f0f-1c2d-4817-8f3a-1ddaa15a6679 a339fade8a444b79add2321a89636d6b e1161f8406d84650a2eeda98356431f9 - - default default] 10.0.0.71 "POST /v2.0/floatingips HTTP/1.1" status: 201 len: 751 time: 0.9487708
2026-06-22 03:06:07.874 10 INFO neutron.wsgi [None req-49ccf2e9-d550-4f62-a5b9-550b5309587f a339fade8a444b79add2321a89636d6b e1161f8406d84650a2eeda98356431f9 - - default default] 10.0.0.71 "PUT /v2.0/floatingips/14631f68-2951-44c2-bf06-be85b22eaf5e/tags HTTP/1.1" status: 200 len: 218 time: 0.0594082
2026-06-22 03:06:07.916 10 INFO neutron.wsgi [None req-d3036dca-5209-4b6b-b18d-05bd60548cfe a339fade8a444b79add2321a89636d6b e1161f8406d84650a2eeda98356431f9 - - default default] 10.0.0.71 "GET /v2.0/floatingips/14631f68-2951-44c2-bf06-be85b22eaf5e/tags HTTP/1.1" status: 200 len: 218 time: 0.0360487
2026-06-22 03:06:07.974 10 INFO neutron.wsgi [None req-99f88c13-9ce5-411b-87ab-9106e8feb7ed a339fade8a444b79add2321a89636d6b e1161f8406d84650a2eeda98356431f9 - - default default] 10.0.0.71 "PUT /v2.0/floatingips/14631f68-2951-44c2-bf06-be85b22eaf5e/tags/green HTTP/1.1" status: 201 len: 201 time: 0.0504656
2026-06-22 03:06:08.013 10 INFO neutron.wsgi [None req-51fb8705-51a1-4149-ab7f-e07289eea5cb a339fade8a444b79add2321a89636d6b e1161f8406d84650a2eeda98356431f9 - - default default] 10.0.0.71 "GET /v2.0/floatingips/14631f68-2951-44c2-bf06-be85b22eaf5e/tags HTTP/1.1" status: 200 len: 227 time: 0.0339847
2026-06-22 03:06:08.057 10 INFO neutron.wsgi [None req-c97daf0b-ebb8-471c-b5ea-69f744756902 a339fade8a444b79add2321a89636d6b e1161f8406d84650a2eeda98356431f9 - - default default] 10.0.0.71 "PUT /v2.0/floatingips/14631f68-2951-44c2-bf06-be85b22eaf5e/tags/red HTTP/1.1" status: 201 len: 201 time: 0.0378673
2026-06-22 03:06:08.101 10 INFO neutron.wsgi [None req-797fba9a-ca2e-49cb-bf31-a3ceff895e50 a339fade8a444b79add2321a89636d6b e1161f8406d84650a2eeda98356431f9 - - default default] 10.0.0.71 "GET /v2.0/floatingips/14631f68-2951-44c2-bf06-be85b22eaf5e/tags HTTP/1.1" status: 200 len: 227 time: 0.0382917
2026-06-22 03:06:08.143 9 INFO neutron.wsgi [None req-66e83118-afc4-4082-b378-9697d90e018d 36301c6defd84c11881033410a7b2eac 85284dd8d976495ba650cfff74011f51 - - default default] 10.0.0.71 "PUT /v2.0/routers/e54b91a6-2161-4fcf-bbe1-09aadf242516/remove_router_interface HTTP/1.1" status: 200 len: 503 time: 0.8333180 /var/lib/openstack/lib/python3.10/site-packages/pycadf/identifier.py:71: UserWarning: Invalid uuid: neutron. To ensure interoperability, identifiers should be a valid uuid. warnings.warn(('Invalid uuid: %s. To ensure interoperability, '
2026-06-22 03:06:08.178 10 INFO neutron.wsgi [None req-33ffb936-5e81-4426-9d4e-c2b45bf8a97d a339fade8a444b79add2321a89636d6b e1161f8406d84650a2eeda98356431f9 - - default default] 10.0.0.71 "PUT /v2.0/floatingips/14631f68-2951-44c2-bf06-be85b22eaf5e/tags/black.or.white HTTP/1.1" status: 201 len: 201 time: 0.0720100
2026-06-22 03:06:08.226 10 INFO neutron.api.v2.resource [None req-fb1f8ace-720a-490f-b7b2-5e48cab39fe5 36301c6defd84c11881033410a7b2eac 85284dd8d976495ba650cfff74011f51 - - default default] remove_router_interface failed (client error): The resource could not be found.
2026-06-22 03:06:08.228 10 INFO neutron.wsgi [None req-fb1f8ace-720a-490f-b7b2-5e48cab39fe5 36301c6defd84c11881033410a7b2eac 85284dd8d976495ba650cfff74011f51 - - default default] 10.0.0.71 "PUT /v2.0/routers/e54b91a6-2161-4fcf-bbe1-09aadf242516/remove_router_interface HTTP/1.1" status: 404 len: 398 time: 0.0797915
2026-06-22 03:06:08.241 9 INFO neutron.wsgi [None req-72980da2-e1b7-4b66-b38e-6e4ee1eb58e4 fbc16d9c6fa44c2aa274e85d01012130 54e9d47aafe948e49a15a1ad75767219 - - default default] 10.0.0.71 "GET /v2.0/ports/23ebe66a-7785-4e62-80b1-56a936672b01 HTTP/1.1" status: 200 len: 1139 time: 0.0790107
2026-06-22 03:06:08.246 9 INFO neutron.wsgi [None req-0fb5654e-1b19-495d-9d65-4896849ddb5c a339fade8a444b79add2321a89636d6b e1161f8406d84650a2eeda98356431f9 - - default default] 10.0.0.71 "GET /v2.0/floatingips/14631f68-2951-44c2-bf06-be85b22eaf5e/tags HTTP/1.1" status: 200 len: 245 time: 0.0594370
2026-06-22 03:06:08.255 10 INFO neutron.wsgi [None req-4d1526dd-86a3-48c4-9362-b533ff78413f 36301c6defd84c11881033410a7b2eac 85284dd8d976495ba650cfff74011f51 - - default default] 10.0.0.71 "GET /v2.0/ports?device_id=e54b91a6-2161-4fcf-bbe1-09aadf242516 HTTP/1.1" status: 200 len: 205 time: 0.0211406
2026-06-22 03:06:08.320 9 INFO neutron.wsgi [None req-2fffa04c-816f-4c95-a477-7f71ad30fef5 a339fade8a444b79add2321a89636d6b e1161f8406d84650a2eeda98356431f9 - - default default] 10.0.0.71 "PUT /v2.0/floatingips/14631f68-2951-44c2-bf06-be85b22eaf5e/tags HTTP/1.1" status: 200 len: 230 time: 0.0681503
2026-06-22 03:06:08.383 9 INFO neutron.wsgi [None req-6ace5d85-f107-426f-bd6e-e7aa136a7dae a339fade8a444b79add2321a89636d6b e1161f8406d84650a2eeda98356431f9 - - default default] 10.0.0.71 "GET /v2.0/floatingips/14631f68-2951-44c2-bf06-be85b22eaf5e/tags HTTP/1.1" status: 200 len: 230 time: 0.0551863
2026-06-22 03:06:08.447 9 INFO neutron.wsgi [None req-aaee1915-c2ee-4f9c-9399-164722d3e358 a339fade8a444b79add2321a89636d6b e1161f8406d84650a2eeda98356431f9 - - default default] 10.0.0.71 "GET /v2.0/floatingips/14631f68-2951-44c2-bf06-be85b22eaf5e/tags/red HTTP/1.1" status: 204 len: 168 time: 0.0564556
2026-06-22 03:06:08.496 9 INFO neutron.api.v2.resource [None req-da871cad-e477-47f3-b274-7920b32d9f7d a339fade8a444b79add2321a89636d6b e1161f8406d84650a2eeda98356431f9 - - default default] show failed (client error): The resource could not be found.
2026-06-22 03:06:08.498 9 INFO neutron.wsgi [None req-da871cad-e477-47f3-b274-7920b32d9f7d a339fade8a444b79add2321a89636d6b e1161f8406d84650a2eeda98356431f9 - - default default] 10.0.0.71 "GET /v2.0/floatingips/14631f68-2951-44c2-bf06-be85b22eaf5e/tags/green HTTP/1.1" status: 404 len: 299 time: 0.0450361
2026-06-22 03:06:08.566 9 INFO neutron.wsgi [None req-acd5dacf-b93a-481e-abfa-cd83915dc0e7 a339fade8a444b79add2321a89636d6b e1161f8406d84650a2eeda98356431f9 - - default default] 10.0.0.71 "DELETE /v2.0/floatingips/14631f68-2951-44c2-bf06-be85b22eaf5e/tags/red HTTP/1.1" status: 204 len: 168 time: 0.0620747
2026-06-22 03:06:08.609 9 INFO neutron.wsgi [None req-45fc2387-2f00-4f9f-830a-ad3c83b12df9 a339fade8a444b79add2321a89636d6b e1161f8406d84650a2eeda98356431f9 - - default default] 10.0.0.71 "GET /v2.0/floatingips/14631f68-2951-44c2-bf06-be85b22eaf5e/tags HTTP/1.1" status: 200 len: 223 time: 0.0377090
2026-06-22 03:06:08.657 9 INFO neutron.api.v2.resource [None req-de3ef442-76cc-451b-80c4-57b9a3473434 a339fade8a444b79add2321a89636d6b e1161f8406d84650a2eeda98356431f9 - - default default] delete failed (client error): The resource could not be found.
2026-06-22 03:06:08.660 9 INFO neutron.wsgi [None req-de3ef442-76cc-451b-80c4-57b9a3473434 a339fade8a444b79add2321a89636d6b e1161f8406d84650a2eeda98356431f9 - - default default] 10.0.0.71 "DELETE /v2.0/floatingips/14631f68-2951-44c2-bf06-be85b22eaf5e/tags/green HTTP/1.1" status: 404 len: 299 time: 0.0446088
2026-06-22 03:06:08.715 9 INFO neutron.wsgi [None req-324d4675-dd6d-4c83-911e-f3571a617831 a339fade8a444b79add2321a89636d6b e1161f8406d84650a2eeda98356431f9 - - default default] 10.0.0.71 "DELETE /v2.0/floatingips/14631f68-2951-44c2-bf06-be85b22eaf5e/tags HTTP/1.1" status: 204 len: 168 time: 0.0486002
2026-06-22 03:06:08.756 9 INFO neutron.wsgi [None req-705309cd-bcdf-4321-8573-a5d877855b07 a339fade8a444b79add2321a89636d6b e1161f8406d84650a2eeda98356431f9 - - default default] 10.0.0.71 "GET /v2.0/floatingips/14631f68-2951-44c2-bf06-be85b22eaf5e/tags HTTP/1.1" status: 200 len: 205 time: 0.0356321
2026-06-22 03:06:08.834 10 INFO neutron.wsgi [None req-503eeb44-f243-4831-acb5-bd4158450b51 36301c6defd84c11881033410a7b2eac 85284dd8d976495ba650cfff74011f51 - - default default] 10.0.0.71 "DELETE /v2.0/routers/e54b91a6-2161-4fcf-bbe1-09aadf242516 HTTP/1.1" status: 204 len: 168 time: 0.5736046
2026-06-22 03:06:09.095 10 INFO neutron.wsgi [None req-7cb3b536-3ef9-4ff3-b037-0f74e892cacc 36301c6defd84c11881033410a7b2eac 85284dd8d976495ba650cfff74011f51 - - default default] 10.0.0.71 "DELETE /v2.0/subnets/bcdf4558-3fa1-4750-85f6-b0ea55ea4aac HTTP/1.1" status: 204 len: 168 time: 0.2558098
2026-06-22 03:06:09.298 9 INFO neutron.wsgi [None req-525550f1-7e97-471d-ae6f-e36daafa7250 fbc16d9c6fa44c2aa274e85d01012130 54e9d47aafe948e49a15a1ad75767219 - - default default] 10.0.0.71 "GET /v2.0/ports/23ebe66a-7785-4e62-80b1-56a936672b01 HTTP/1.1" status: 200 len: 1139 time: 0.0501993
2026-06-22 03:06:09.301 10 INFO neutron.wsgi [None req-aad54c9c-9ee6-4f5b-8898-412a9f1ad3ca a339fade8a444b79add2321a89636d6b e1161f8406d84650a2eeda98356431f9 - - default default] 10.0.0.71 "DELETE /v2.0/floatingips/14631f68-2951-44c2-bf06-be85b22eaf5e HTTP/1.1" status: 204 len: 168 time: 0.5326490
2026-06-22 03:06:09.616 10 INFO neutron.services.segments.plugin [-] Segment 0239fccf-6c4f-4880-b3d1-85c98f798342 resource provider aggregate not found
2026-06-22 03:06:09.636 10 INFO neutron.services.segments.plugin [-] Segment 0239fccf-6c4f-4880-b3d1-85c98f798342 resource provider not found; error: Placement Client Error (4xx): {"errors": [{"status": 404, "title": "Not Found", "detail": "The resource could not be found.\n\n No resource provider with uuid 0239fccf-6c4f-4880-b3d1-85c98f798342 found for delete ", "request_id": "req-be51b0e4-32f0-429e-a12b-8fc68883d84c"}]}
2026-06-22 03:06:09.638 10 INFO neutron.services.segments.plugin [-] Segment 0239fccf-6c4f-4880-b3d1-85c98f798342 resource provider aggregate not found
2026-06-22 03:06:09.661 10 INFO neutron.services.segments.plugin [-] Segment 0239fccf-6c4f-4880-b3d1-85c98f798342 resource provider not found; error: Placement Client Error (4xx): {"errors": [{"status": 404, "title": "Not Found", "detail": "The resource could not be found.\n\n No resource provider with uuid 0239fccf-6c4f-4880-b3d1-85c98f798342 found for delete ", "request_id": "req-f8fc3677-8f98-4bcf-a6b7-2543fd53e35b"}]}
2026-06-22 03:06:09.672 10 INFO neutron.wsgi [None req-fcbbca0e-26ab-47b7-ba40-86b2e62180f7 36301c6defd84c11881033410a7b2eac 85284dd8d976495ba650cfff74011f51 - - default default] 10.0.0.71 "DELETE /v2.0/networks/8da4241c-eace-474d-a45f-06000cedbf69 HTTP/1.1" status: 204 len: 168 time: 0.5663171
2026-06-22 03:06:09.687 9 WARNING neutron_lib.context [None req-5cbb39d2-32fd-415d-9f2c-6f5e502af40a 36301c6defd84c11881033410a7b2eac 85284dd8d976495ba650cfff74011f51 - - default default] Method 'is_advsvc' is deprecated since 2023.2 release (neutron-lib 3.8.0) and will be removed once support for the old RBAC API policies will be removed from Neutron. Please use method 'is_service_role' instead.
2026-06-22 03:06:09.775 9 INFO neutron.db.segments_db [None req-5cbb39d2-32fd-415d-9f2c-6f5e502af40a 36301c6defd84c11881033410a7b2eac 85284dd8d976495ba650cfff74011f51 - - default default] Added segment c4afe7d6-df92-4554-a132-55ccedc0f89b of type geneve for network 810e0d6c-89e3-4959-bacc-be5f60c4a2a8
2026-06-22 03:06:09.981 9 INFO neutron.db.ovn_revision_numbers_db [None req-5cbb39d2-32fd-415d-9f2c-6f5e502af40a 36301c6defd84c11881033410a7b2eac 85284dd8d976495ba650cfff74011f51 - - default default] Successfully bumped revision number for resource 810e0d6c-89e3-4959-bacc-be5f60c4a2a8 (type: networks) to 1
2026-06-22 03:06:10.218 9 WARNING neutron.scheduler.dhcp_agent_scheduler [None req-5cbb39d2-32fd-415d-9f2c-6f5e502af40a 36301c6defd84c11881033410a7b2eac 85284dd8d976495ba650cfff74011f51 - - default default] No more DHCP agents
2026-06-22 03:06:10.221 9 WARNING neutron.api.rpc.agentnotifiers.dhcp_rpc_agent_api [None req-5cbb39d2-32fd-415d-9f2c-6f5e502af40a 36301c6defd84c11881033410a7b2eac 85284dd8d976495ba650cfff74011f51 - - default default] Unable to schedule network 810e0d6c-89e3-4959-bacc-be5f60c4a2a8: no agents available; will retry on subsequent port and subnet creation events.
2026-06-22 03:06:10.223 10 INFO neutron.wsgi [None req-b416bcb2-52a7-4d9f-9bb8-d1a893be2be5 63b857e7401f4b69bb926368e9d42a86 4d31f1ae7c6b42e58dd50627d42ed122 - - default default] 10.0.0.71 "POST /v2.0/qos/policies HTTP/1.1" status: 201 len: 558 time: 0.2678869
2026-06-22 03:06:10.284 9 INFO neutron.wsgi [None req-ebd93216-fe19-419e-8102-8d5af8350df2 63b857e7401f4b69bb926368e9d42a86 4d31f1ae7c6b42e58dd50627d42ed122 - - default default] 10.0.0.71 "PUT /v2.0/policies/55d547f1-cde4-4f95-a43f-ab3d00afaea9/tags HTTP/1.1" status: 200 len: 218 time: 0.0526099
2026-06-22 03:06:10.326 10 INFO neutron.wsgi [None req-5f8e43e3-94b9-4e64-9199-3f22413de0a6 63b857e7401f4b69bb926368e9d42a86 4d31f1ae7c6b42e58dd50627d42ed122 - - default default] 10.0.0.71 "GET /v2.0/policies/55d547f1-cde4-4f95-a43f-ab3d00afaea9/tags HTTP/1.1" status: 200 len: 218 time: 0.0379009
2026-06-22 03:06:10.355 9 INFO neutron.wsgi [None req-f85d5c9b-b115-4bea-8970-7d4d37cf716c fbc16d9c6fa44c2aa274e85d01012130 54e9d47aafe948e49a15a1ad75767219 - - default default] 10.0.0.71 "GET /v2.0/ports/23ebe66a-7785-4e62-80b1-56a936672b01 HTTP/1.1" status: 200 len: 1139 time: 0.0499911
2026-06-22 03:06:10.356 9 INFO neutron.db.ovn_revision_numbers_db [None req-5cbb39d2-32fd-415d-9f2c-6f5e502af40a 36301c6defd84c11881033410a7b2eac 85284dd8d976495ba650cfff74011f51 - - default default] Successfully bumped revision number for resource 0ded20f4-3ad3-43f5-97ef-5d242d7cceed (type: ports) to 1
2026-06-22 03:06:10.386 9 INFO neutron.wsgi [None req-5cbb39d2-32fd-415d-9f2c-6f5e502af40a 36301c6defd84c11881033410a7b2eac 85284dd8d976495ba650cfff74011f51 - - default default] 10.0.0.71 "POST /v2.0/networks HTTP/1.1" status: 201 len: 829 time: 0.7078147
2026-06-22 03:06:10.388 10 INFO neutron.wsgi [None req-1acc7037-93f0-408f-b6c1-9a5ecb3f5d86 63b857e7401f4b69bb926368e9d42a86 4d31f1ae7c6b42e58dd50627d42ed122 - - default default] 10.0.0.71 "PUT /v2.0/policies/55d547f1-cde4-4f95-a43f-ab3d00afaea9/tags/green HTTP/1.1" status: 201 len: 201 time: 0.0574811
2026-06-22 03:06:10.396 10 WARNING neutron_lib.context [None req-9200551e-b37f-4554-959d-95eac1c82f97 36301c6defd84c11881033410a7b2eac 85284dd8d976495ba650cfff74011f51 - - default default] Method 'is_advsvc' is deprecated since 2023.2 release (neutron-lib 3.8.0) and will be removed once support for the old RBAC API policies will be removed from Neutron. Please use method 'is_service_role' instead.
2026-06-22 03:06:10.420 9 INFO neutron.wsgi [None req-298a6837-181a-4e84-9e1b-f20e8ae89cc1 63b857e7401f4b69bb926368e9d42a86 4d31f1ae7c6b42e58dd50627d42ed122 - - default default] 10.0.0.71 "GET /v2.0/policies/55d547f1-cde4-4f95-a43f-ab3d00afaea9/tags HTTP/1.1" status: 200 len: 227 time: 0.0261455
2026-06-22 03:06:10.448 9 INFO neutron.wsgi [None req-dd450afb-0666-4b1d-b9ad-a06b00dee201 63b857e7401f4b69bb926368e9d42a86 4d31f1ae7c6b42e58dd50627d42ed122 - - default default] 10.0.0.71 "PUT /v2.0/policies/55d547f1-cde4-4f95-a43f-ab3d00afaea9/tags/red HTTP/1.1" status: 201 len: 201 time: 0.0234683
2026-06-22 03:06:10.460 10 INFO neutron.db.ovn_revision_numbers_db [None req-dfb53bb6-5aed-4824-8d18-72db892242f6 85f301e2e9cb4710adffa45a4b4246bf 9e17edfe74f846fbb163214cc75014ef - - default default] Successfully bumped revision number for resource 296325bc-2ff5-43f4-959d-6cf167ea80d5 (type: security_groups) to 1
2026-06-22 03:06:10.475 9 INFO neutron.wsgi [None req-993c1127-fef0-45bd-a798-6dfd17609f73 63b857e7401f4b69bb926368e9d42a86 4d31f1ae7c6b42e58dd50627d42ed122 - - default default] 10.0.0.71 "GET /v2.0/policies/55d547f1-cde4-4f95-a43f-ab3d00afaea9/tags HTTP/1.1" status: 200 len: 227 time: 0.0214891
2026-06-22 03:06:10.482 10 INFO neutron.db.ovn_revision_numbers_db [None req-dfb53bb6-5aed-4824-8d18-72db892242f6 85f301e2e9cb4710adffa45a4b4246bf 9e17edfe74f846fbb163214cc75014ef - - default default] Successfully bumped revision number for resource 114a7ef3-e914-4327-b7a6-ba429599604d (type: security_group_rules) to 0
2026-06-22 03:06:10.513 9 INFO neutron.wsgi [None req-9ff697d8-ebd2-4914-9b7f-3d0c8cabc91c 63b857e7401f4b69bb926368e9d42a86 4d31f1ae7c6b42e58dd50627d42ed122 - - default default] 10.0.0.71 "PUT /v2.0/policies/55d547f1-cde4-4f95-a43f-ab3d00afaea9/tags/black.or.white HTTP/1.1" status: 201 len: 201 time: 0.0344887
2026-06-22 03:06:10.515 10 INFO neutron.db.ovn_revision_numbers_db [None req-dfb53bb6-5aed-4824-8d18-72db892242f6 85f301e2e9cb4710adffa45a4b4246bf 9e17edfe74f846fbb163214cc75014ef - - default default] Successfully bumped revision number for resource 2a561f78-e605-46f3-90f7-bd4a4ddaea52 (type: security_group_rules) to 0
2026-06-22 03:06:10.539 9 INFO neutron.wsgi [None req-d1463661-0792-4702-b9ca-4df8f789d7e7 63b857e7401f4b69bb926368e9d42a86 4d31f1ae7c6b42e58dd50627d42ed122 - - default default] 10.0.0.71 "GET /v2.0/policies/55d547f1-cde4-4f95-a43f-ab3d00afaea9/tags HTTP/1.1" status: 200 len: 245 time: 0.0200491
2026-06-22 03:06:10.545 10 INFO neutron.db.ovn_revision_numbers_db [None req-dfb53bb6-5aed-4824-8d18-72db892242f6 85f301e2e9cb4710adffa45a4b4246bf 9e17edfe74f846fbb163214cc75014ef - - default default] Successfully bumped revision number for resource d3458102-a4b3-41b1-b817-bee122069ef5 (type: security_group_rules) to 0
2026-06-22 03:06:10.573 9 INFO neutron.wsgi [None req-52c20786-98e5-4ea5-a079-3c02f455b93b 63b857e7401f4b69bb926368e9d42a86 4d31f1ae7c6b42e58dd50627d42ed122 - - default default] 10.0.0.71 "PUT /v2.0/policies/55d547f1-cde4-4f95-a43f-ab3d00afaea9/tags HTTP/1.1" status: 200 len: 230 time: 0.0285749
2026-06-22 03:06:10.575 10 INFO neutron.db.ovn_revision_numbers_db [None req-dfb53bb6-5aed-4824-8d18-72db892242f6 85f301e2e9cb4710adffa45a4b4246bf 9e17edfe74f846fbb163214cc75014ef - - default default] Successfully bumped revision number for resource f187c05d-7153-424e-bdfb-1bd2544ec99e (type: security_group_rules) to 0
2026-06-22 03:06:10.599 9 INFO neutron.wsgi [None req-db094f3b-29eb-40d8-a135-10c67e450dff 63b857e7401f4b69bb926368e9d42a86 4d31f1ae7c6b42e58dd50627d42ed122 - - default default] 10.0.0.71 "GET /v2.0/policies/55d547f1-cde4-4f95-a43f-ab3d00afaea9/tags HTTP/1.1" status: 200 len: 230 time: 0.0194199
2026-06-22 03:06:10.609 10 INFO neutron.wsgi [None req-dfb53bb6-5aed-4824-8d18-72db892242f6 85f301e2e9cb4710adffa45a4b4246bf 9e17edfe74f846fbb163214cc75014ef - - default default] 10.0.0.71 "GET /v2.0/security-groups?tenant_id=ebe2cd19f091403695ae73964ad9ae43&name=default HTTP/1.1" status: 200 len: 3120 time: 0.5068321
2026-06-22 03:06:10.636 9 INFO neutron.wsgi [None req-fb4922b1-5b18-433a-96be-fb4ef524b2f6 63b857e7401f4b69bb926368e9d42a86 4d31f1ae7c6b42e58dd50627d42ed122 - - default default] 10.0.0.71 "GET /v2.0/policies/55d547f1-cde4-4f95-a43f-ab3d00afaea9/tags/red HTTP/1.1" status: 204 len: 168 time: 0.0303814
2026-06-22 03:06:10.662 10 INFO neutron.api.v2.resource [None req-e6e8ae2f-19cb-480e-8409-9c3e39d63843 63b857e7401f4b69bb926368e9d42a86 4d31f1ae7c6b42e58dd50627d42ed122 - - default default] show failed (client error): The resource could not be found.
2026-06-22 03:06:10.664 10 INFO neutron.wsgi [None req-e6e8ae2f-19cb-480e-8409-9c3e39d63843 63b857e7401f4b69bb926368e9d42a86 4d31f1ae7c6b42e58dd50627d42ed122 - - default default] 10.0.0.71 "GET /v2.0/policies/55d547f1-cde4-4f95-a43f-ab3d00afaea9/tags/green HTTP/1.1" status: 404 len: 299 time: 0.0236485
2026-06-22 03:06:10.731 10 INFO neutron.wsgi [None req-a83bb40b-cb73-408e-87b6-aa8175b738ef 63b857e7401f4b69bb926368e9d42a86 4d31f1ae7c6b42e58dd50627d42ed122 - - default default] 10.0.0.71 "DELETE /v2.0/policies/55d547f1-cde4-4f95-a43f-ab3d00afaea9/tags/red HTTP/1.1" status: 204 len: 168 time: 0.0595081
2026-06-22 03:06:10.747 10 WARNING neutron.scheduler.dhcp_agent_scheduler [None req-9200551e-b37f-4554-959d-95eac1c82f97 36301c6defd84c11881033410a7b2eac 85284dd8d976495ba650cfff74011f51 - - default default] No more DHCP agents
2026-06-22 03:06:10.752 10 WARNING neutron.api.rpc.agentnotifiers.dhcp_rpc_agent_api [None req-9200551e-b37f-4554-959d-95eac1c82f97 36301c6defd84c11881033410a7b2eac 85284dd8d976495ba650cfff74011f51 - - default default] Unable to schedule network 810e0d6c-89e3-4959-bacc-be5f60c4a2a8: no agents available; will retry on subsequent port and subnet creation events.
2026-06-22 03:06:10.777 10 INFO neutron.wsgi [None req-1c64e622-720d-47cd-bc53-f654ac76b311 63b857e7401f4b69bb926368e9d42a86 4d31f1ae7c6b42e58dd50627d42ed122 - - default default] 10.0.0.71 "GET /v2.0/policies/55d547f1-cde4-4f95-a43f-ab3d00afaea9/tags HTTP/1.1" status: 200 len: 223 time: 0.0366287
2026-06-22 03:06:10.809 9 INFO neutron.api.v2.resource [None req-e0fb9353-3b27-4e22-aa7e-3b432ac01e90 63b857e7401f4b69bb926368e9d42a86 4d31f1ae7c6b42e58dd50627d42ed122 - - default default] delete failed (client error): The resource could not be found.
2026-06-22 03:06:10.811 9 INFO neutron.wsgi [None req-e0fb9353-3b27-4e22-aa7e-3b432ac01e90 63b857e7401f4b69bb926368e9d42a86 4d31f1ae7c6b42e58dd50627d42ed122 - - default default] 10.0.0.71 "DELETE /v2.0/policies/55d547f1-cde4-4f95-a43f-ab3d00afaea9/tags/green HTTP/1.1" status: 404 len: 299 time: 0.0284877
2026-06-22 03:06:10.852 9 INFO neutron.wsgi [None req-96333d40-5818-418e-b9ad-9f9d0402f3c4 85f301e2e9cb4710adffa45a4b4246bf 9e17edfe74f846fbb163214cc75014ef - - default default] 10.0.0.71 "DELETE /v2.0/security-groups/296325bc-2ff5-43f4-959d-6cf167ea80d5 HTTP/1.1" status: 204 len: 168 time: 0.2387776
2026-06-22 03:06:10.854 9 INFO neutron.wsgi [None req-d8fe6db2-1772-48bf-8e54-c87ebb957455 63b857e7401f4b69bb926368e9d42a86 4d31f1ae7c6b42e58dd50627d42ed122 - - default default] 10.0.0.71 "DELETE /v2.0/policies/55d547f1-cde4-4f95-a43f-ab3d00afaea9/tags HTTP/1.1" status: 204 len: 168 time: 0.0364673
2026-06-22 03:06:10.875 9 INFO neutron.wsgi [None req-9ec68df2-3f6b-4b4b-9d79-5fad833e9780 63b857e7401f4b69bb926368e9d42a86 4d31f1ae7c6b42e58dd50627d42ed122 - - default default] 10.0.0.71 "GET /v2.0/policies/55d547f1-cde4-4f95-a43f-ab3d00afaea9/tags HTTP/1.1" status: 200 len: 205 time: 0.0163472
2026-06-22 03:06:10.938 9 INFO neutron.wsgi [None req-04da9eca-4e8e-4e3a-ba2e-1f0e229bbb39 63b857e7401f4b69bb926368e9d42a86 4d31f1ae7c6b42e58dd50627d42ed122 - - default default] 10.0.0.71 "DELETE /v2.0/qos/policies/55d547f1-cde4-4f95-a43f-ab3d00afaea9 HTTP/1.1" status: 204 len: 168 time: 0.0552282
2026-06-22 03:06:11.112 9 INFO neutron.db.ovn_revision_numbers_db [None req-72985ee3-c4d4-4018-a3cf-59c646cebf00 85f301e2e9cb4710adffa45a4b4246bf 9e17edfe74f846fbb163214cc75014ef - - default default] Successfully bumped revision number for resource 3a9bfeda-5ca3-42aa-b01a-5a3a0d2478aa (type: security_groups) to 1
2026-06-22 03:06:11.128 9 INFO neutron.db.ovn_revision_numbers_db [None req-72985ee3-c4d4-4018-a3cf-59c646cebf00 85f301e2e9cb4710adffa45a4b4246bf 9e17edfe74f846fbb163214cc75014ef - - default default] Successfully bumped revision number for resource 4981c40c-fa0a-4884-a116-fa6b7e05513e (type: security_group_rules) to 0
2026-06-22 03:06:11.141 9 INFO neutron.db.ovn_revision_numbers_db [None req-72985ee3-c4d4-4018-a3cf-59c646cebf00 85f301e2e9cb4710adffa45a4b4246bf 9e17edfe74f846fbb163214cc75014ef - - default default] Successfully bumped revision number for resource 6eb00602-04f3-4f51-a4e9-ec584a7733f2 (type: security_group_rules) to 0
2026-06-22 03:06:11.155 9 INFO neutron.db.ovn_revision_numbers_db [None req-72985ee3-c4d4-4018-a3cf-59c646cebf00 85f301e2e9cb4710adffa45a4b4246bf 9e17edfe74f846fbb163214cc75014ef - - default default] Successfully bumped revision number for resource a628e162-9f81-4144-89aa-9587c6214386 (type: security_group_rules) to 0
2026-06-22 03:06:11.168 9 INFO neutron.db.ovn_revision_numbers_db [None req-72985ee3-c4d4-4018-a3cf-59c646cebf00 85f301e2e9cb4710adffa45a4b4246bf 9e17edfe74f846fbb163214cc75014ef - - default default] Successfully bumped revision number for resource e6857d21-446a-4c1e-812a-f19f348063ad (type: security_group_rules) to 0
2026-06-22 03:06:11.190 9 INFO neutron.wsgi [None req-72985ee3-c4d4-4018-a3cf-59c646cebf00 85f301e2e9cb4710adffa45a4b4246bf 9e17edfe74f846fbb163214cc75014ef - - default default] 10.0.0.71 "GET /v2.0/security-groups?tenant_id=e1161f8406d84650a2eeda98356431f9&name=default HTTP/1.1" status: 200 len: 3120 time: 0.2419300
2026-06-22 03:06:11.361 10 INFO neutron.db.ovn_revision_numbers_db [None req-9200551e-b37f-4554-959d-95eac1c82f97 36301c6defd84c11881033410a7b2eac 85284dd8d976495ba650cfff74011f51 - - default default] Successfully bumped revision number for resource 0ded20f4-3ad3-43f5-97ef-5d242d7cceed (type: ports) to 2
2026-06-22 03:06:11.404 10 INFO neutron.db.ovn_revision_numbers_db [None req-9200551e-b37f-4554-959d-95eac1c82f97 36301c6defd84c11881033410a7b2eac 85284dd8d976495ba650cfff74011f51 - - default default] Successfully bumped revision number for resource f70aa4da-dc8a-4a7d-a4f0-77b670aa9c81 (type: subnets) to 0
2026-06-22 03:06:11.412 9 INFO neutron.wsgi [None req-0ac9db8a-b2f1-4313-8f51-20a9b4f116b2 fbc16d9c6fa44c2aa274e85d01012130 54e9d47aafe948e49a15a1ad75767219 - - default default] 10.0.0.71 "GET /v2.0/ports/23ebe66a-7785-4e62-80b1-56a936672b01 HTTP/1.1" status: 200 len: 1139 time: 0.0493927
2026-06-22 03:06:11.425 10 INFO neutron.wsgi [None req-9200551e-b37f-4554-959d-95eac1c82f97 36301c6defd84c11881033410a7b2eac 85284dd8d976495ba650cfff74011f51 - - default default] 10.0.0.71 "POST /v2.0/subnets HTTP/1.1" status: 201 len: 801 time: 1.0335593
2026-06-22 03:06:11.438 9 WARNING neutron_lib.context [None req-916eda23-439d-4bb9-9562-120df830c074 36301c6defd84c11881033410a7b2eac 85284dd8d976495ba650cfff74011f51 - - default default] Method 'is_advsvc' is deprecated since 2023.2 release (neutron-lib 3.8.0) and will be removed once support for the old RBAC API policies will be removed from Neutron. Please use method 'is_service_role' instead.
2026-06-22 03:06:11.491 9 INFO neutron.wsgi [None req-a38f7b6e-7fea-4289-85e0-6939f23bd887 85f301e2e9cb4710adffa45a4b4246bf 9e17edfe74f846fbb163214cc75014ef - - default default] 10.0.0.71 "DELETE /v2.0/security-groups/3a9bfeda-5ca3-42aa-b01a-5a3a0d2478aa HTTP/1.1" status: 204 len: 168 time: 0.2943442
2026-06-22 03:06:11.581 9 INFO neutron.db.ovn_revision_numbers_db [None req-916eda23-439d-4bb9-9562-120df830c074 36301c6defd84c11881033410a7b2eac 85284dd8d976495ba650cfff74011f51 - - default default] Successfully bumped revision number for resource 007f474c-a62a-4943-9bda-767698e02004 (type: routers) to 1
2026-06-22 03:06:11.598 9 INFO neutron.wsgi [None req-916eda23-439d-4bb9-9562-120df830c074 36301c6defd84c11881033410a7b2eac 85284dd8d976495ba650cfff74011f51 - - default default] 10.0.0.71 "POST /v2.0/routers HTTP/1.1" status: 201 len: 801 time: 0.1662624
2026-06-22 03:06:11.756 10 WARNING neutron.plugins.ml2.drivers.ovn.mech_driver.ovsdb.ovn_client [None req-3e709302-db6d-4991-9ee7-1ef00f3c6a42 - - - - - -] No port found with ID 123fd705-92c2-4005-b5e5-dfd7d9b62584: RuntimeError: No port found with ID 123fd705-92c2-4005-b5e5-dfd7d9b62584
2026-06-22 03:06:11.756 10 INFO neutron.plugins.ml2.drivers.ovn.mech_driver.mech_driver [None req-3e709302-db6d-4991-9ee7-1ef00f3c6a42 - - - - - -] OVN reports status up for port: 23ebe66a-7785-4e62-80b1-56a936672b01
2026-06-22 03:06:11.767 10 INFO neutron.plugins.ml2.plugin [None req-3e709302-db6d-4991-9ee7-1ef00f3c6a42 - - - - - -] Attempt 1 to provision port 23ebe66a-7785-4e62-80b1-56a936672b01
2026-06-22 03:06:12.094 10 INFO neutron.db.ovn_revision_numbers_db [None req-c66fd0bf-c004-4d3f-92ba-ca0b438fb6e6 85f301e2e9cb4710adffa45a4b4246bf 9e17edfe74f846fbb163214cc75014ef - - default default] Successfully bumped revision number for resource 5b82ce39-b72d-4d05-9b55-4dc504dcae34 (type: security_groups) to 1
2026-06-22 03:06:12.115 10 INFO neutron.db.ovn_revision_numbers_db [None req-c66fd0bf-c004-4d3f-92ba-ca0b438fb6e6 85f301e2e9cb4710adffa45a4b4246bf 9e17edfe74f846fbb163214cc75014ef - - default default] Successfully bumped revision number for resource 0555fb54-2cc3-42f3-aa6e-3232a3aeab2e (type: security_group_rules) to 0
2026-06-22 03:06:12.140 10 INFO neutron.db.ovn_revision_numbers_db [None req-c66fd0bf-c004-4d3f-92ba-ca0b438fb6e6 85f301e2e9cb4710adffa45a4b4246bf 9e17edfe74f846fbb163214cc75014ef - - default default] Successfully bumped revision number for resource 51a2c161-b0d9-4472-b5bb-0d729af4be57 (type: security_group_rules) to 0
2026-06-22 03:06:12.185 10 INFO neutron.db.ovn_revision_numbers_db [None req-c66fd0bf-c004-4d3f-92ba-ca0b438fb6e6 85f301e2e9cb4710adffa45a4b4246bf 9e17edfe74f846fbb163214cc75014ef - - default default] Successfully bumped revision number for resource 95633774-f56c-44a9-af95-54e038caf70b (type: security_group_rules) to 0
2026-06-22 03:06:12.201 10 INFO neutron.db.ovn_revision_numbers_db [None req-c66fd0bf-c004-4d3f-92ba-ca0b438fb6e6 85f301e2e9cb4710adffa45a4b4246bf 9e17edfe74f846fbb163214cc75014ef - - default default] Successfully bumped revision number for resource fc8c74d1-37e5-45a1-ad2e-5b50bf2b11e4 (type: security_group_rules) to 0
2026-06-22 03:06:12.235 10 INFO neutron.wsgi [None req-c66fd0bf-c004-4d3f-92ba-ca0b438fb6e6 85f301e2e9cb4710adffa45a4b4246bf 9e17edfe74f846fbb163214cc75014ef - - default default] 10.0.0.71 "GET /v2.0/security-groups?tenant_id=4d31f1ae7c6b42e58dd50627d42ed122&name=default HTTP/1.1" status: 200 len: 3120 time: 0.6463208
2026-06-22 03:06:12.256 10 INFO neutron.db.ovn_revision_numbers_db [None req-3e709302-db6d-4991-9ee7-1ef00f3c6a42 - - - - - -] Successfully bumped revision number for resource 23ebe66a-7785-4e62-80b1-56a936672b01 (type: ports) to 2
2026-06-22 03:06:12.405 10 INFO neutron.db.ovn_revision_numbers_db [None req-3e709302-db6d-4991-9ee7-1ef00f3c6a42 - - - - - -] Successfully bumped revision number for resource 23ebe66a-7785-4e62-80b1-56a936672b01 (type: router_ports) to 2
2026-06-22 03:06:12.506 9 WARNING neutron.scheduler.dhcp_agent_scheduler [None req-18fcd590-9960-4f83-b6d1-dd34d480fedc 36301c6defd84c11881033410a7b2eac 85284dd8d976495ba650cfff74011f51 - - default default] No more DHCP agents
2026-06-22 03:06:12.512 9 WARNING neutron.api.rpc.agentnotifiers.dhcp_rpc_agent_api [None req-18fcd590-9960-4f83-b6d1-dd34d480fedc 36301c6defd84c11881033410a7b2eac 85284dd8d976495ba650cfff74011f51 - - default default] Unable to schedule network 810e0d6c-89e3-4959-bacc-be5f60c4a2a8: no agents available; will retry on subsequent port and subnet creation events.
2026-06-22 03:06:12.520 10 INFO neutron.wsgi [None req-9d517fa1-61bb-47a8-b566-7aafa7d548f8 fbc16d9c6fa44c2aa274e85d01012130 54e9d47aafe948e49a15a1ad75767219 - - default default] 10.0.0.71 "GET /v2.0/ports/23ebe66a-7785-4e62-80b1-56a936672b01 HTTP/1.1" status: 200 len: 1141 time: 0.0999234
2026-06-22 03:06:12.606 9 INFO neutron.wsgi [None req-f3c6e7a5-a6dd-4c0f-a53b-43666ecea501 85f301e2e9cb4710adffa45a4b4246bf 9e17edfe74f846fbb163214cc75014ef - - default default] 10.0.0.71 "DELETE /v2.0/security-groups/5b82ce39-b72d-4d05-9b55-4dc504dcae34 HTTP/1.1" status: 204 len: 168 time: 0.3633945
2026-06-22 03:06:12.691 9 INFO neutron.db.ovn_revision_numbers_db [None req-18fcd590-9960-4f83-b6d1-dd34d480fedc 36301c6defd84c11881033410a7b2eac 85284dd8d976495ba650cfff74011f51 - - default default] Successfully bumped revision number for resource 9731b1c6-a736-4f1f-863c-c100cac9b0bd (type: ports) to 1
2026-06-22 03:06:12.967 9 INFO neutron.db.ovn_revision_numbers_db [None req-da930929-8794-4653-998b-6ffbff9d3341 85f301e2e9cb4710adffa45a4b4246bf 9e17edfe74f846fbb163214cc75014ef - - default default] Successfully bumped revision number for resource f4d7b895-10a3-4412-8f75-525f5b7f2407 (type: security_groups) to 1
2026-06-22 03:06:12.993 9 INFO neutron.db.ovn_revision_numbers_db [None req-da930929-8794-4653-998b-6ffbff9d3341 85f301e2e9cb4710adffa45a4b4246bf 9e17edfe74f846fbb163214cc75014ef - - default default] Successfully bumped revision number for resource 3a4cf87a-db57-4b7f-b8bb-6b29fffe9623 (type: security_group_rules) to 0
2026-06-22 03:06:13.031 9 INFO neutron.db.ovn_revision_numbers_db [None req-da930929-8794-4653-998b-6ffbff9d3341 85f301e2e9cb4710adffa45a4b4246bf 9e17edfe74f846fbb163214cc75014ef - - default default] Successfully bumped revision number for resource 795bc97a-d4e6-4726-8d6e-39060edb2bf2 (type: security_group_rules) to 0
2026-06-22 03:06:13.054 9 INFO neutron.db.ovn_revision_numbers_db [None req-da930929-8794-4653-998b-6ffbff9d3341 85f301e2e9cb4710adffa45a4b4246bf 9e17edfe74f846fbb163214cc75014ef - - default default] Successfully bumped revision number for resource acca2783-4321-4491-b94d-aae14fc0c779 (type: security_group_rules) to 0
2026-06-22 03:06:13.082 9 INFO neutron.db.ovn_revision_numbers_db [None req-da930929-8794-4653-998b-6ffbff9d3341 85f301e2e9cb4710adffa45a4b4246bf 9e17edfe74f846fbb163214cc75014ef - - default default] Successfully bumped revision number for resource d7323857-f61d-40c4-b767-b14535138140 (type: security_group_rules) to 0
2026-06-22 03:06:13.132 9 INFO neutron.wsgi [None req-da930929-8794-4653-998b-6ffbff9d3341 85f301e2e9cb4710adffa45a4b4246bf 9e17edfe74f846fbb163214cc75014ef - - default default] 10.0.0.71 "GET /v2.0/security-groups?tenant_id=cd085ccb4428465aaf6bf364c31590a8&name=default HTTP/1.1" status: 200 len: 3120 time: 0.3911572
2026-06-22 03:06:13.307 9 ERROR ovsdbapp.backend.ovs_idl.command [None req-18fcd590-9960-4f83-b6d1-dd34d480fedc 36301c6defd84c11881033410a7b2eac 85284dd8d976495ba650cfff74011f51 - - default default] Error executing command (DbGetCommand): ovsdbapp.backend.ovs_idl.idlutils.RowNotFound: Cannot find Logical_Router_Port with name=lrp-9731b1c6-a736-4f1f-863c-c100cac9b0bd
2026-06-22 03:06:13.307 9 ERROR ovsdbapp.backend.ovs_idl.command
Traceback (most recent call last):
2026-06-22 03:06:13.307 9 ERROR ovsdbapp.backend.ovs_idl.command
File "/var/lib/openstack/lib/python3.10/site-packages/ovsdbapp/backend/ovs_idl/command.py", line 47, in execute
2026-06-22 03:06:13.307 9 ERROR ovsdbapp.backend.ovs_idl.command self.run_idl(None)
2026-06-22 03:06:13.307 9 ERROR ovsdbapp.backend.ovs_idl.command
File "/var/lib/openstack/lib/python3.10/site-packages/ovsdbapp/backend/ovs_idl/command.py", line 235, in run_idl
2026-06-22 03:06:13.307 9 ERROR ovsdbapp.backend.ovs_idl.command record = self.api.lookup(self.table, self.record)
2026-06-22 03:06:13.307 9 ERROR ovsdbapp.backend.ovs_idl.command
File "/var/lib/openstack/lib/python3.10/site-packages/ovsdbapp/backend/ovs_idl/__init__.py", line 184, in lookup
2026-06-22 03:06:13.307 9 ERROR ovsdbapp.backend.ovs_idl.command return self._lookup(table, record)
2026-06-22 03:06:13.307 9 ERROR ovsdbapp.backend.ovs_idl.command
