2026-06-22 03:05:28.392 10 INFO neutron.wsgi [None req-d747cb99-6335-427f-9bd4-6f2f828005c8 cc7a01d1710d4beab1703d5229aae55b f20c1acf346e4b399c3a618443cdf41c - - default default] 10.0.0.71 "POST /v2.0/subnets HTTP/1.1" status: 201 len: 821 time: 0.4844651
2026-06-22 03:05:28.405 10 WARNING neutron_lib.context [None req-4b631133-985d-4bd5-8eab-4b44a9b8991c cc7a01d1710d4beab1703d5229aae55b f20c1acf346e4b399c3a618443cdf41c - - default default] Method 'is_advsvc' is deprecated since 2023.2 release (neutron-lib 3.8.0) and will be removed once support for the old RBAC API policies will be removed from Neutron. Please use method 'is_service_role' instead.
2026-06-22 03:05:28.606 10 INFO neutron.db.ovn_revision_numbers_db [None req-e941363b-508b-4b8c-ab1e-efa6838f492d 5c785c2ea99d4be79b340f1a74662be8 803d52c499e849de9b364ab6f1e68050 - - default default] Successfully bumped revision number for resource 9e08f8cc-f039-49fa-aa88-0b1d598a032f (type: security_groups) to 1
2026-06-22 03:05:28.628 10 INFO neutron.db.ovn_revision_numbers_db [None req-e941363b-508b-4b8c-ab1e-efa6838f492d 5c785c2ea99d4be79b340f1a74662be8 803d52c499e849de9b364ab6f1e68050 - - default default] Successfully bumped revision number for resource 7393d85e-3313-4980-bd36-6381b43f3d2b (type: security_group_rules) to 0
2026-06-22 03:05:28.655 9 WARNING neutron.scheduler.dhcp_agent_scheduler [None req-c3f8da3a-e0fc-4e46-9cec-01f28cc576fe 98581471a7bb49b3b2fd74c9042cb37e 67a34a473aa14c729d58178a74aa682e - - default default] No more DHCP agents
2026-06-22 03:05:28.656 10 INFO neutron.db.ovn_revision_numbers_db [None req-e941363b-508b-4b8c-ab1e-efa6838f492d 5c785c2ea99d4be79b340f1a74662be8 803d52c499e849de9b364ab6f1e68050 - - default default] Successfully bumped revision number for resource d305645f-c584-428a-9e5a-4dbf83c39178 (type: security_group_rules) to 0
2026-06-22 03:05:28.657 9 WARNING neutron.api.rpc.agentnotifiers.dhcp_rpc_agent_api [None req-c3f8da3a-e0fc-4e46-9cec-01f28cc576fe 98581471a7bb49b3b2fd74c9042cb37e 67a34a473aa14c729d58178a74aa682e - - default default] Unable to schedule network 9b273bb1-36f5-406a-a898-df229ce64bd8: no agents available; will retry on subsequent port and subnet creation events.
2026-06-22 03:05:28.699 10 INFO neutron.wsgi [None req-e941363b-508b-4b8c-ab1e-efa6838f492d 5c785c2ea99d4be79b340f1a74662be8 803d52c499e849de9b364ab6f1e68050 - - default default] 10.0.0.71 "POST /v2.0/security-groups HTTP/1.1" status: 201 len: 1801 time: 0.3407032
2026-06-22 03:05:28.710 10 WARNING neutron_lib.context [None req-5cf7502a-6f11-47cd-a000-51f84893fd4a 5c785c2ea99d4be79b340f1a74662be8 803d52c499e849de9b364ab6f1e68050 - - default default] Method 'is_advsvc' is deprecated since 2023.2 release (neutron-lib 3.8.0) and will be removed once support for the old RBAC API policies will be removed from Neutron. Please use method 'is_service_role' instead.
2026-06-22 03:05:28.767 9 INFO neutron.wsgi [-] 10.0.0.86 "GET / HTTP/1.1" status: 200 len: 246 time: 0.0028102
2026-06-22 03:05:28.769 9 INFO neutron.wsgi [-] 10.0.0.86 "GET / HTTP/1.1" status: 200 len: 246 time: 0.0010512
2026-06-22 03:05:28.827 10 WARNING neutron.scheduler.dhcp_agent_scheduler [None req-4b631133-985d-4bd5-8eab-4b44a9b8991c cc7a01d1710d4beab1703d5229aae55b f20c1acf346e4b399c3a618443cdf41c - - default default] No more DHCP agents
2026-06-22 03:05:28.832 10 WARNING neutron.api.rpc.agentnotifiers.dhcp_rpc_agent_api [None req-4b631133-985d-4bd5-8eab-4b44a9b8991c cc7a01d1710d4beab1703d5229aae55b f20c1acf346e4b399c3a618443cdf41c - - default default] Unable to schedule network 49fb4454-a6c9-46fa-94f3-24a971732f51: no agents available; will retry on subsequent port and subnet creation events.
2026-06-22 03:05:28.917 10 INFO neutron.db.ovn_revision_numbers_db [None req-5cf7502a-6f11-47cd-a000-51f84893fd4a 5c785c2ea99d4be79b340f1a74662be8 803d52c499e849de9b364ab6f1e68050 - - default default] Successfully bumped revision number for resource ac849faa-be58-4092-8ae6-d7f031f3213c (type: security_groups) to 1
2026-06-22 03:05:28.935 10 INFO neutron.db.ovn_revision_numbers_db [None req-5cf7502a-6f11-47cd-a000-51f84893fd4a 5c785c2ea99d4be79b340f1a74662be8 803d52c499e849de9b364ab6f1e68050 - - default default] Successfully bumped revision number for resource 2aedf75a-877a-4a7d-8214-bd0f03721bef (type: security_group_rules) to 0
2026-06-22 03:05:28.969 10 INFO neutron.db.ovn_revision_numbers_db [None req-5cf7502a-6f11-47cd-a000-51f84893fd4a 5c785c2ea99d4be79b340f1a74662be8 803d52c499e849de9b364ab6f1e68050 - - default default] Successfully bumped revision number for resource 7d5c58fb-1dff-4b44-af69-98e286e9e565 (type: security_group_rules) to 0
2026-06-22 03:05:28.993 10 INFO neutron.wsgi [None req-5cf7502a-6f11-47cd-a000-51f84893fd4a 5c785c2ea99d4be79b340f1a74662be8 803d52c499e849de9b364ab6f1e68050 - - default default] 10.0.0.71 "POST /v2.0/security-groups HTTP/1.1" status: 201 len: 1801 time: 0.2884293
2026-06-22 03:05:28.995 10 INFO neutron.db.ovn_revision_numbers_db [None req-4b631133-985d-4bd5-8eab-4b44a9b8991c cc7a01d1710d4beab1703d5229aae55b f20c1acf346e4b399c3a618443cdf41c - - default default] Successfully bumped revision number for resource 0f152933-16ca-417f-8bf9-c6cc3020db44 (type: ports) to 1
2026-06-22 03:05:29.006 9 WARNING neutron_lib.context [None req-f49a6670-d12a-495a-8ed8-8f8e8de8e254 5c785c2ea99d4be79b340f1a74662be8 803d52c499e849de9b364ab6f1e68050 - - default default] Method 'is_advsvc' is deprecated since 2023.2 release (neutron-lib 3.8.0) and will be removed once support for the old RBAC API policies will be removed from Neutron. Please use method 'is_service_role' instead.
2026-06-22 03:05:29.049 10 INFO neutron.wsgi [None req-4b631133-985d-4bd5-8eab-4b44a9b8991c cc7a01d1710d4beab1703d5229aae55b f20c1acf346e4b399c3a618443cdf41c - - default default] 10.0.0.71 "POST /v2.0/ports HTTP/1.1" status: 201 len: 1127 time: 0.6505156
2026-06-22 03:05:29.092 10 INFO neutron.wsgi [req-96436381-9e50-437e-aa85-a26ce0d85422 req-cedfbe51-b862-4661-a92f-be0c3781af79 352316ba48824c048bc661d94583dafd ff984ce8357447f9b89e0c4bc2a57706 - - default default] 10.0.0.149 "GET /v2.0/ports?device_id=49dc87f0-1802-4859-b558-694357d774af HTTP/1.1" status: 200 len: 1174 time: 0.0735366
2026-06-22 03:05:29.122 10 INFO neutron.notifiers.nova [-] Nova event matching ['req-d13044a5-cbf2-4d4a-b3e1-a2a2a8aba438'] response: {'server_uuid': '49dc87f0-1802-4859-b558-694357d774af', 'name': 'network-vif-plugged', 'status': 'completed', 'tag': '8771a436-d07b-4c92-97f0-9d4e3bf583d0', 'code': 200}
2026-06-22 03:05:29.163 10 INFO neutron.wsgi [req-96436381-9e50-437e-aa85-a26ce0d85422 req-410d93f5-b629-4919-8240-682a2142279d 352316ba48824c048bc661d94583dafd ff984ce8357447f9b89e0c4bc2a57706 - - default default] 10.0.0.149 "GET /v2.0/security-groups?id=f00c7b9e-b394-4e3a-afe9-b9b4b81f280f&fields=id&fields=name HTTP/1.1" status: 200 len: 312 time: 0.0627298
2026-06-22 03:05:29.192 9 INFO neutron.db.ovn_revision_numbers_db [None req-f49a6670-d12a-495a-8ed8-8f8e8de8e254 5c785c2ea99d4be79b340f1a74662be8 803d52c499e849de9b364ab6f1e68050 - - default default] Successfully bumped revision number for resource 3b7a05bd-c203-40c3-b344-5543a29911c2 (type: security_groups) to 1
2026-06-22 03:05:29.212 9 INFO neutron.db.ovn_revision_numbers_db [None req-f49a6670-d12a-495a-8ed8-8f8e8de8e254 5c785c2ea99d4be79b340f1a74662be8 803d52c499e849de9b364ab6f1e68050 - - default default] Successfully bumped revision number for resource 6b9b0a67-e7f1-471f-90c0-5e0630a6fc4b (type: security_group_rules) to 0
2026-06-22 03:05:29.236 9 INFO neutron.db.ovn_revision_numbers_db [None req-f49a6670-d12a-495a-8ed8-8f8e8de8e254 5c785c2ea99d4be79b340f1a74662be8 803d52c499e849de9b364ab6f1e68050 - - default default] Successfully bumped revision number for resource f89a994b-6657-459e-8a2a-634e90c1244a (type: security_group_rules) to 0
2026-06-22 03:05:29.285 9 INFO neutron.wsgi [None req-f49a6670-d12a-495a-8ed8-8f8e8de8e254 5c785c2ea99d4be79b340f1a74662be8 803d52c499e849de9b364ab6f1e68050 - - default default] 10.0.0.71 "POST /v2.0/security-groups HTTP/1.1" status: 201 len: 1801 time: 0.2862360
2026-06-22 03:05:29.300 10 INFO neutron.wsgi [req-b308e4ef-a2c0-4024-bb94-209c63514cf7 req-dabe4357-bd4c-4dfb-85d1-1cb001c53d04 352316ba48824c048bc661d94583dafd ff984ce8357447f9b89e0c4bc2a57706 - - default default] 10.0.0.149 "GET /v2.0/ports?device_id=49dc87f0-1802-4859-b558-694357d774af HTTP/1.1" status: 200 len: 1174 time: 0.0532057
2026-06-22 03:05:29.304 10 WARNING neutron_lib.context [None req-15e66672-ab08-427f-ba53-e818ccfb2f41 5c785c2ea99d4be79b340f1a74662be8 803d52c499e849de9b364ab6f1e68050 - - default default] Method 'is_advsvc' is deprecated since 2023.2 release (neutron-lib 3.8.0) and will be removed once support for the old RBAC API policies will be removed from Neutron. Please use method 'is_service_role' instead.
2026-06-22 03:05:29.356 9 INFO neutron.db.ovn_revision_numbers_db [None req-c3f8da3a-e0fc-4e46-9cec-01f28cc576fe 98581471a7bb49b3b2fd74c9042cb37e 67a34a473aa14c729d58178a74aa682e - - default default] Successfully bumped revision number for resource 5d13ce10-fa98-443a-94b6-8523ccf71e07 (type: ports) to 2
2026-06-22 03:05:29.417 10 INFO neutron.wsgi [req-b308e4ef-a2c0-4024-bb94-209c63514cf7 req-7add02a9-880b-44a6-99dd-17a49bbdd1fd 352316ba48824c048bc661d94583dafd ff984ce8357447f9b89e0c4bc2a57706 - - default default] 10.0.0.149 "GET /v2.0/security-groups?id=f00c7b9e-b394-4e3a-afe9-b9b4b81f280f&fields=id&fields=name HTTP/1.1" status: 200 len: 312 time: 0.1060317
2026-06-22 03:05:29.420 9 INFO neutron.db.ovn_revision_numbers_db [None req-c3f8da3a-e0fc-4e46-9cec-01f28cc576fe 98581471a7bb49b3b2fd74c9042cb37e 67a34a473aa14c729d58178a74aa682e - - default default] Successfully bumped revision number for resource 61ac799b-71c6-4096-a10e-4659260a4161 (type: subnets) to 0
2026-06-22 03:05:29.445 9 INFO neutron.wsgi [None req-c3f8da3a-e0fc-4e46-9cec-01f28cc576fe 98581471a7bb49b3b2fd74c9042cb37e 67a34a473aa14c729d58178a74aa682e - - default default] 10.0.0.71 "POST /v2.0/subnets HTTP/1.1" status: 201 len: 801 time: 1.0760455
2026-06-22 03:05:29.500 9 INFO neutron.wsgi [None req-5956cd0c-03ce-4521-8207-c50e084326d2 29245fc4e46049039d519f1c6f0ca942 da085b3e5e5947ed80581435b55a42f5 - - default default] 10.0.0.71 "GET /v2.0/ports?device_id=49dc87f0-1802-4859-b558-694357d774af HTTP/1.1" status: 200 len: 1408 time: 0.0525670
2026-06-22 03:05:29.570 10 INFO neutron.db.ovn_revision_numbers_db [None req-15e66672-ab08-427f-ba53-e818ccfb2f41 5c785c2ea99d4be79b340f1a74662be8 803d52c499e849de9b364ab6f1e68050 - - default default] Successfully bumped revision number for resource 55716be5-b91a-41c6-9716-5920428f7b5e (type: security_groups) to 1
2026-06-22 03:05:29.578 10 INFO neutron.wsgi [None req-f6d92780-d89d-4c6a-a235-b90cfe3936d8 cc7a01d1710d4beab1703d5229aae55b f20c1acf346e4b399c3a618443cdf41c - - default default] 10.0.0.71 "DELETE /v2.0/ports/0f152933-16ca-417f-8bf9-c6cc3020db44 HTTP/1.1" status: 204 len: 168 time: 0.5232129
2026-06-22 03:05:29.612 10 INFO neutron.db.ovn_revision_numbers_db [None req-15e66672-ab08-427f-ba53-e818ccfb2f41 5c785c2ea99d4be79b340f1a74662be8 803d52c499e849de9b364ab6f1e68050 - - default default] Successfully bumped revision number for resource 84b5c767-2289-4ea7-8dc7-0d4b56b9e3b5 (type: security_group_rules) to 0
2026-06-22 03:05:29.615 10 INFO neutron.pecan_wsgi.hooks.translation [None req-dd264f6a-80ec-46d9-bbb1-730b065a7487 cc7a01d1710d4beab1703d5229aae55b f20c1acf346e4b399c3a618443cdf41c - - default default] GET failed (client error): The resource could not be found.
2026-06-22 03:05:29.617 10 INFO neutron.wsgi [None req-dd264f6a-80ec-46d9-bbb1-730b065a7487 cc7a01d1710d4beab1703d5229aae55b f20c1acf346e4b399c3a618443cdf41c - - default default] 10.0.0.71 "GET /v2.0/ports/0f152933-16ca-417f-8bf9-c6cc3020db44 HTTP/1.1" status: 404 len: 333 time: 0.0325630
2026-06-22 03:05:29.658 10 INFO neutron.db.ovn_revision_numbers_db [None req-15e66672-ab08-427f-ba53-e818ccfb2f41 5c785c2ea99d4be79b340f1a74662be8 803d52c499e849de9b364ab6f1e68050 - - default default] Successfully bumped revision number for resource 97242f51-8747-4450-ac1f-afb1b2651482 (type: security_group_rules) to 0
2026-06-22 03:05:30.061 10 INFO neutron.wsgi [None req-15e66672-ab08-427f-ba53-e818ccfb2f41 5c785c2ea99d4be79b340f1a74662be8 803d52c499e849de9b364ab6f1e68050 - - default default] 10.0.0.71 "POST /v2.0/security-groups HTTP/1.1" status: 201 len: 1801 time: 0.7698047
2026-06-22 03:05:30.182 10 INFO neutron.wsgi [None req-99bcec7a-4afc-4469-b6e2-cac61b23d863 5c785c2ea99d4be79b340f1a74662be8 803d52c499e849de9b364ab6f1e68050 - - default default] 10.0.0.71 "PUT /v2.0/security-groups/4d2ed65a-f92c-43ae-9b03-04aca2fe73f1/tags HTTP/1.1" status: 200 len: 210 time: 0.1146073
2026-06-22 03:05:30.262 9 INFO neutron.wsgi [None req-83e6b01f-4ead-4a0f-9d31-c0f24d76bbb0 5c785c2ea99d4be79b340f1a74662be8 803d52c499e849de9b364ab6f1e68050 - - default default] 10.0.0.71 "PUT /v2.0/security-groups/9e08f8cc-f039-49fa-aa88-0b1d598a032f/tags HTTP/1.1" status: 200 len: 218 time: 0.0736895
2026-06-22 03:05:30.336 9 INFO neutron.wsgi [None req-e95789d7-ba90-4ed2-9004-757f2e5e45e5 5c785c2ea99d4be79b340f1a74662be8 803d52c499e849de9b364ab6f1e68050 - - default default] 10.0.0.71 "PUT /v2.0/security-groups/ac849faa-be58-4092-8ae6-d7f031f3213c/tags HTTP/1.1" status: 200 len: 227 time: 0.0688152
2026-06-22 03:05:30.337 10 INFO neutron.wsgi [None req-5d9bbff9-5fc7-49b8-ba2e-7f1d7cd42e16 cc7a01d1710d4beab1703d5229aae55b f20c1acf346e4b399c3a618443cdf41c - - default default] 10.0.0.71 "DELETE /v2.0/subnets/bbe5baee-8b22-4209-bb60-6ae9c38a8341 HTTP/1.1" status: 204 len: 168 time: 0.7131495
2026-06-22 03:05:30.339 10 INFO neutron.db.ovn_revision_numbers_db [None req-a2f9b7d8-6e9d-4a79-b456-2c167dc119c6 98581471a7bb49b3b2fd74c9042cb37e 67a34a473aa14c729d58178a74aa682e - - default default] Successfully bumped revision number for resource 61ac799b-71c6-4096-a10e-4659260a4161 (type: subnets) to 1
2026-06-22 03:05:30.342 10 INFO neutron.wsgi [None req-a2f9b7d8-6e9d-4a79-b456-2c167dc119c6 98581471a7bb49b3b2fd74c9042cb37e 67a34a473aa14c729d58178a74aa682e - - default default] 10.0.0.71 "PUT /v2.0/subnets/61ac799b-71c6-4096-a10e-4659260a4161 HTTP/1.1" status: 200 len: 806 time: 0.8908639
2026-06-22 03:05:30.446 9 INFO neutron.db.ovn_revision_numbers_db [None req-cdc5bbcd-ae37-437a-899d-4073786f1a39 352316ba48824c048bc661d94583dafd ff984ce8357447f9b89e0c4bc2a57706 - - default default] Successfully bumped revision number for resource 55d6bc92-d1e7-427f-b300-aefb98780b63 (type: floatingips) to 4
2026-06-22 03:05:30.452 10 INFO neutron.wsgi [None req-c984e34d-69e5-46dd-9725-36dcf3719931 5c785c2ea99d4be79b340f1a74662be8 803d52c499e849de9b364ab6f1e68050 - - default default] 10.0.0.71 "PUT /v2.0/security-groups/3b7a05bd-c203-40c3-b344-5543a29911c2/tags HTTP/1.1" status: 200 len: 212 time: 0.1085443 /var/lib/openstack/lib/python3.10/site-packages/pycadf/identifier.py:71: UserWarning: Invalid uuid: neutron. To ensure interoperability, identifiers should be a valid uuid. warnings.warn(('Invalid uuid: %s. To ensure interoperability, '
2026-06-22 03:05:30.513 10 INFO neutron.wsgi [None req-0bd33162-8924-4385-9a24-4b74a8d9d108 5c785c2ea99d4be79b340f1a74662be8 803d52c499e849de9b364ab6f1e68050 - - default default] 10.0.0.71 "GET /v2.0/security-groups?tags=red HTTP/1.1" status: 200 len: 4999 time: 0.0513043
2026-06-22 03:05:30.571 10 INFO neutron.wsgi [None req-b15776f7-2f6a-4e8b-8a65-012ac6866418 5c785c2ea99d4be79b340f1a74662be8 803d52c499e849de9b364ab6f1e68050 - - default default] 10.0.0.71 "GET /v2.0/security-groups?tags=red%2Cblue HTTP/1.1" status: 200 len: 3413 time: 0.0535481
2026-06-22 03:05:30.619 9 INFO neutron.db.ovn_revision_numbers_db [None req-cdc5bbcd-ae37-437a-899d-4073786f1a39 352316ba48824c048bc661d94583dafd ff984ce8357447f9b89e0c4bc2a57706 - - default default] Successfully bumped revision number for resource 55d6bc92-d1e7-427f-b300-aefb98780b63 (type: floatingips) to 5
2026-06-22 03:05:30.619 9 INFO neutron.db.l3_db [None req-cdc5bbcd-ae37-437a-899d-4073786f1a39 352316ba48824c048bc661d94583dafd ff984ce8357447f9b89e0c4bc2a57706 - - default default] Floating IP 55d6bc92-d1e7-427f-b300-aefb98780b63 associated. External IP: 10.96.250.204, port: 8771a436-d07b-4c92-97f0-9d4e3bf583d0.
2026-06-22 03:05:30.644 10 INFO neutron.wsgi [None req-4d1eab02-c512-4e8f-9308-48a78221e99e 5c785c2ea99d4be79b340f1a74662be8 803d52c499e849de9b364ab6f1e68050 - - default default] 10.0.0.71 "GET /v2.0/security-groups?tags-any=blue HTTP/1.1" status: 200 len: 3413 time: 0.0668349
2026-06-22 03:05:30.657 9 INFO neutron.wsgi [None req-cdc5bbcd-ae37-437a-899d-4073786f1a39 352316ba48824c048bc661d94583dafd ff984ce8357447f9b89e0c4bc2a57706 - - default default] 10.0.0.71 "PUT /v2.0/floatingips/55d6bc92-d1e7-427f-b300-aefb98780b63 HTTP/1.1" status: 200 len: 1050 time: 1.1511695
2026-06-22 03:05:30.722 10 INFO neutron.wsgi [None req-57dd5eb1-1cb7-49e6-9bdc-b6b22a15cd7f 5c785c2ea99d4be79b340f1a74662be8 803d52c499e849de9b364ab6f1e68050 - - default default] 10.0.0.71 "GET /v2.0/security-groups?tags-any=red%2Cblue HTTP/1.1" status: 200 len: 4999 time: 0.0707610
2026-06-22 03:05:30.729 9 INFO neutron.notifiers.nova [-] Nova event matching ['req-660c7f5d-4167-475a-bfb3-676d42479e28'] response: {'name': 'network-changed', 'server_uuid': '49dc87f0-1802-4859-b558-694357d774af', 'tag': '8771a436-d07b-4c92-97f0-9d4e3bf583d0', 'status': 'completed', 'code': 200}
2026-06-22 03:05:30.753 9 INFO neutron.wsgi [None req-8bc9fb7e-71f5-4372-82c3-5682691e6d9a 352316ba48824c048bc661d94583dafd ff984ce8357447f9b89e0c4bc2a57706 - - default default] 10.0.0.71 "GET /v2.0/floatingips/55d6bc92-d1e7-427f-b300-aefb98780b63 HTTP/1.1" status: 200 len: 1052 time: 0.0864761
2026-06-22 03:05:30.830 9 INFO neutron.wsgi [None req-2d6bf1f7-0023-46e5-b149-7c40066d45da 5c785c2ea99d4be79b340f1a74662be8 803d52c499e849de9b364ab6f1e68050 - - default default] 10.0.0.71 "GET /v2.0/security-groups?not-tags=red HTTP/1.1" status: 200 len: 6289 time: 0.0988467
2026-06-22 03:05:30.845 9 INFO neutron.wsgi [req-9dda00e9-9144-45cd-8fb6-ae8158c97993 req-38fad120-cf8a-42a0-b2db-408b7a188094 ddad650685dd43b9aa0a072a6ceb1eca a07b64586c2e444fb76c679543faec05 - - d5f287be118a4de3998f7755fc2fc464 d5f287be118a4de3998f7755fc2fc464] 199.204.45.216 "GET /v2.0/ports?tenant_id=ff984ce8357447f9b89e0c4bc2a57706&device_id=49dc87f0-1802-4859-b558-694357d774af HTTP/1.1" status: 200 len: 1413 time: 0.0860248
2026-06-22 03:05:30.907 10 INFO neutron.wsgi [None req-358dc6b4-ea4d-4a58-b46c-498879061ffa 5c785c2ea99d4be79b340f1a74662be8 803d52c499e849de9b364ab6f1e68050 - - default default] 10.0.0.71 "GET /v2.0/security-groups?not-tags=red%2Cblue HTTP/1.1" status: 200 len: 7875 time: 0.0693212
2026-06-22 03:05:30.944 9 INFO neutron.wsgi [req-9dda00e9-9144-45cd-8fb6-ae8158c97993 req-80b80eef-ec07-4d4c-9ade-ecf122f63f38 ddad650685dd43b9aa0a072a6ceb1eca a07b64586c2e444fb76c679543faec05 - - d5f287be118a4de3998f7755fc2fc464 d5f287be118a4de3998f7755fc2fc464] 199.204.45.216 "GET /v2.0/networks?id=bafba49e-4ab7-4f06-aad8-e4343be3677e HTTP/1.1" status: 200 len: 959 time: 0.0906408
2026-06-22 03:05:30.967 10 INFO neutron.services.segments.plugin [-] Segment babcebf3-4ab0-483f-ad78-30b48405674d resource provider aggregate not found
2026-06-22 03:05:30.983 10 INFO neutron.services.segments.plugin [-] Segment babcebf3-4ab0-483f-ad78-30b48405674d resource provider aggregate not found
2026-06-22 03:05:30.998 10 INFO neutron.services.segments.plugin [-] Segment babcebf3-4ab0-483f-ad78-30b48405674d resource provider not found; error: Placement Client Error (4xx): {"errors": [{"status": 404, "title": "Not Found", "detail": "The resource could not be found.\n\n No resource provider with uuid babcebf3-4ab0-483f-ad78-30b48405674d found for delete ", "request_id": "req-e663a9ea-c438-42b5-bdc3-b3a5766000b4"}]}
2026-06-22 03:05:31.002 10 INFO neutron.services.segments.plugin [-] Segment babcebf3-4ab0-483f-ad78-30b48405674d resource provider not found; error: Placement Client Error (4xx): {"errors": [{"status": 404, "title": "Not Found", "detail": "The resource could not be found.\n\n No resource provider with uuid babcebf3-4ab0-483f-ad78-30b48405674d found for delete ", "request_id": "req-2227ba6f-8660-4c76-aeca-adbfe7fda6db"}]}
2026-06-22 03:05:31.002 9 INFO neutron.wsgi [req-9dda00e9-9144-45cd-8fb6-ae8158c97993 req-cfb043b2-aaee-4f0b-84ae-0cd91c6bf197 ddad650685dd43b9aa0a072a6ceb1eca a07b64586c2e444fb76c679543faec05 - - d5f287be118a4de3998f7755fc2fc464 d5f287be118a4de3998f7755fc2fc464] 199.204.45.216 "GET /v2.0/floatingips?fixed_ip_address=10.100.0.11&port_id=8771a436-d07b-4c92-97f0-9d4e3bf583d0 HTTP/1.1" status: 200 len: 1060 time: 0.0487952
2026-06-22 03:05:31.014 10 INFO neutron.wsgi [None req-b4431009-d0c1-4b52-b469-d1c86e80453c 5c785c2ea99d4be79b340f1a74662be8 803d52c499e849de9b364ab6f1e68050 - - default default] 10.0.0.71 "GET /v2.0/security-groups?not-tags-any=blue HTTP/1.1" status: 200 len: 7875 time: 0.1011980
2026-06-22 03:05:31.027 10 INFO neutron.wsgi [None req-6ac21476-6331-4311-8fa0-ff6044ce67f8 cc7a01d1710d4beab1703d5229aae55b f20c1acf346e4b399c3a618443cdf41c - - default default] 10.0.0.71 "DELETE /v2.0/networks/49fb4454-a6c9-46fa-94f3-24a971732f51 HTTP/1.1" status: 204 len: 168 time: 0.6843984
2026-06-22 03:05:31.043 10 WARNING neutron_lib.context [None req-1c40b6d3-2399-45b7-97c9-b5a3128e07c2 cc7a01d1710d4beab1703d5229aae55b f20c1acf346e4b399c3a618443cdf41c - - default default] Method 'is_advsvc' is deprecated since 2023.2 release (neutron-lib 3.8.0) and will be removed once support for the old RBAC API policies will be removed from Neutron. Please use method 'is_service_role' instead.
2026-06-22 03:05:31.081 9 INFO neutron.wsgi [req-9dda00e9-9144-45cd-8fb6-ae8158c97993 req-ba9b786d-ef51-4d06-8487-eb214a9877ba ddad650685dd43b9aa0a072a6ceb1eca a07b64586c2e444fb76c679543faec05 - - d5f287be118a4de3998f7755fc2fc464 d5f287be118a4de3998f7755fc2fc464] 199.204.45.216 "GET /v2.0/subnets?id=a18cd2d0-a8df-495d-8ac0-df798d85e92f HTTP/1.1" status: 200 len: 852 time: 0.0735259
2026-06-22 03:05:31.121 9 INFO neutron.wsgi [req-9dda00e9-9144-45cd-8fb6-ae8158c97993 req-8dd68c67-ccd4-406a-9a57-eca3f056285f ddad650685dd43b9aa0a072a6ceb1eca a07b64586c2e444fb76c679543faec05 - - d5f287be118a4de3998f7755fc2fc464 d5f287be118a4de3998f7755fc2fc464] 199.204.45.216 "GET /v2.0/ports?network_id=bafba49e-4ab7-4f06-aad8-e4343be3677e&device_owner=network%3Adhcp HTTP/1.1" status: 200 len: 210 time: 0.0274262
2026-06-22 03:05:31.126 9 INFO neutron.wsgi [None req-006ca9ba-7989-494a-865a-b38e2af69497 5c785c2ea99d4be79b340f1a74662be8 803d52c499e849de9b364ab6f1e68050 - - default default] 10.0.0.71 "GET /v2.0/security-groups?not-tags-any=red%2Cblue HTTP/1.1" status: 200 len: 6289 time: 0.1058724
2026-06-22 03:05:31.221 9 INFO neutron.wsgi [req-9dda00e9-9144-45cd-8fb6-ae8158c97993 req-6b36b55e-2626-47ca-9a16-8ab620ecbd21 ddad650685dd43b9aa0a072a6ceb1eca a07b64586c2e444fb76c679543faec05 - - d5f287be118a4de3998f7755fc2fc464 d5f287be118a4de3998f7755fc2fc464] 199.204.45.216 "GET /v2.0/networks/bafba49e-4ab7-4f06-aad8-e4343be3677e?fields=segments HTTP/1.1" status: 200 len: 212 time: 0.0904372
2026-06-22 03:05:31.321 9 INFO neutron.wsgi [req-9dda00e9-9144-45cd-8fb6-ae8158c97993 req-30d744c9-5c3c-4d9a-b7d2-929de9bec268 ddad650685dd43b9aa0a072a6ceb1eca a07b64586c2e444fb76c679543faec05 - - d5f287be118a4de3998f7755fc2fc464 d5f287be118a4de3998f7755fc2fc464] 199.204.45.216 "GET /v2.0/networks/bafba49e-4ab7-4f06-aad8-e4343be3677e?fields=provider%3Aphysical_network&fields=provider%3Anetwork_type HTTP/1.1" status: 200 len: 277 time: 0.0897555
2026-06-22 03:05:31.324 10 WARNING neutron.scheduler.dhcp_agent_scheduler [None req-1c40b6d3-2399-45b7-97c9-b5a3128e07c2 cc7a01d1710d4beab1703d5229aae55b f20c1acf346e4b399c3a618443cdf41c - - default default] No more DHCP agents
2026-06-22 03:05:31.330 10 WARNING neutron.api.rpc.agentnotifiers.dhcp_rpc_agent_api [None req-1c40b6d3-2399-45b7-97c9-b5a3128e07c2 cc7a01d1710d4beab1703d5229aae55b f20c1acf346e4b399c3a618443cdf41c - - default default] Unable to schedule network f102b386-011c-4490-bab1-5f62096bfeaf: no agents available; will retry on subsequent port and subnet creation events.
2026-06-22 03:05:31.378 9 INFO neutron.wsgi [None req-8da37620-835b-4d9b-b505-cfe3f452594b 5c785c2ea99d4be79b340f1a74662be8 803d52c499e849de9b364ab6f1e68050 - - default default] 10.0.0.71 "DELETE /v2.0/security-groups/4d2ed65a-f92c-43ae-9b03-04aca2fe73f1 HTTP/1.1" status: 204 len: 168 time: 0.2399368 /var/lib/openstack/lib/python3.10/site-packages/pycadf/identifier.py:71: UserWarning: Invalid uuid: neutron. To ensure interoperability, identifiers should be a valid uuid. warnings.warn(('Invalid uuid: %s. To ensure interoperability, '
2026-06-22 03:05:31.417 9 INFO neutron.services.segments.plugin [-] Segment bbafbbf6-1ee8-4061-a51f-c3d736ba5e8a resource provider aggregate not found
2026-06-22 03:05:31.422 9 INFO neutron.services.segments.plugin [-] Segment bbafbbf6-1ee8-4061-a51f-c3d736ba5e8a resource provider aggregate not found
2026-06-22 03:05:31.439 10 INFO neutron.db.ovn_revision_numbers_db [None req-1c40b6d3-2399-45b7-97c9-b5a3128e07c2 cc7a01d1710d4beab1703d5229aae55b f20c1acf346e4b399c3a618443cdf41c - - default default] Successfully bumped revision number for resource 6196c93c-7329-4c8e-9b0f-f59d100cdf90 (type: ports) to 1
2026-06-22 03:05:31.442 9 INFO neutron.services.segments.plugin [-] Segment bbafbbf6-1ee8-4061-a51f-c3d736ba5e8a resource provider not found; error: Placement Client Error (4xx): {"errors": [{"status": 404, "title": "Not Found", "detail": "The resource could not be found.\n\n No resource provider with uuid bbafbbf6-1ee8-4061-a51f-c3d736ba5e8a found for delete ", "request_id": "req-c2205ab3-570c-4623-9287-f5ce48926b1b"}]}
2026-06-22 03:05:31.443 9 INFO neutron.services.segments.plugin [-] Segment bbafbbf6-1ee8-4061-a51f-c3d736ba5e8a resource provider not found; error: Placement Client Error (4xx): {"errors": [{"status": 404, "title": "Not Found", "detail": "The resource could not be found.\n\n No resource provider with uuid bbafbbf6-1ee8-4061-a51f-c3d736ba5e8a found for delete ", "request_id": "req-92411845-a7cd-42ca-930b-d15b5ef773ee"}]}
2026-06-22 03:05:31.454 9 INFO neutron.wsgi [None req-2f7d9113-a1ef-43b9-bfd3-fe45ca81b09f 98581471a7bb49b3b2fd74c9042cb37e 67a34a473aa14c729d58178a74aa682e - - default default] 10.0.0.71 "DELETE /v2.0/networks/9b273bb1-36f5-406a-a898-df229ce64bd8 HTTP/1.1" status: 204 len: 168 time: 1.1053460
2026-06-22 03:05:31.474 10 INFO neutron.wsgi [None req-1c40b6d3-2399-45b7-97c9-b5a3128e07c2 cc7a01d1710d4beab1703d5229aae55b f20c1acf346e4b399c3a618443cdf41c - - default default] 10.0.0.71 "POST /v2.0/ports HTTP/1.1" status: 201 len: 978 time: 0.4360664
2026-06-22 03:05:31.484 10 INFO neutron.pecan_wsgi.hooks.translation [None req-6a2202ea-d9f0-4129-b9ee-a55cfaac3fe4 98581471a7bb49b3b2fd74c9042cb37e 67a34a473aa14c729d58178a74aa682e - - default default] DELETE failed (client error): The resource could not be found.
2026-06-22 03:05:31.486 10 INFO neutron.wsgi [None req-6a2202ea-d9f0-4129-b9ee-a55cfaac3fe4 98581471a7bb49b3b2fd74c9042cb37e 67a34a473aa14c729d58178a74aa682e - - default default] 10.0.0.71 "DELETE /v2.0/networks/9b273bb1-36f5-406a-a898-df229ce64bd8 HTTP/1.1" status: 404 len: 339 time: 0.0250525
2026-06-22 03:05:31.548 10 INFO neutron.wsgi [None req-35763155-9786-4ba9-a946-ed791ef5ebcc 5c785c2ea99d4be79b340f1a74662be8 803d52c499e849de9b364ab6f1e68050 - - default default] 10.0.0.71 "DELETE /v2.0/security-groups/9e08f8cc-f039-49fa-aa88-0b1d598a032f HTTP/1.1" status: 204 len: 168 time: 0.1652319
2026-06-22 03:05:31.617 9 INFO neutron.wsgi [None req-c7bd2693-6cc7-4725-8391-29d17a492054 98581471a7bb49b3b2fd74c9042cb37e 67a34a473aa14c729d58178a74aa682e - - default default] 10.0.0.71 "GET /v2.0/networks?router%3Aexternal=True HTTP/1.1" status: 200 len: 845 time: 0.1242640
2026-06-22 03:05:31.692 9 INFO neutron.wsgi [None req-6a963413-80f5-4f98-a261-fd146fac8b77 98581471a7bb49b3b2fd74c9042cb37e 67a34a473aa14c729d58178a74aa682e - - default default] 10.0.0.71 "GET /v2.0/subnets?network_id=c93e448b-7fef-47f7-a495-b89909f7d740 HTTP/1.1" status: 200 len: 820 time: 0.0675311
2026-06-22 03:05:31.708 9 INFO neutron.wsgi [None req-66f7594d-cfa4-411e-b0c1-02954abab077 98581471a7bb49b3b2fd74c9042cb37e 67a34a473aa14c729d58178a74aa682e - - default default] 10.0.0.71 "GET /v2.0/extensions HTTP/1.1" status: 200 len: 18678 time: 0.0088151
2026-06-22 03:05:31.740 10 INFO neutron.plugins.ml2.drivers.ovn.mech_driver.mech_driver [None req-3e709302-db6d-4991-9ee7-1ef00f3c6a42 - - - - - -] OVN reports status down for port: 6196c93c-7329-4c8e-9b0f-f59d100cdf90
2026-06-22 03:05:31.780 10 INFO neutron.db.ovn_revision_numbers_db [None req-f758d8b0-99d9-476a-b39c-6fbca1ef1972 cc7a01d1710d4beab1703d5229aae55b f20c1acf346e4b399c3a618443cdf41c - - default default] Successfully bumped revision number for resource 6196c93c-7329-4c8e-9b0f-f59d100cdf90 (type: ports) to 2
2026-06-22 03:05:31.791 10 INFO neutron.wsgi [None req-f758d8b0-99d9-476a-b39c-6fbca1ef1972 cc7a01d1710d4beab1703d5229aae55b f20c1acf346e4b399c3a618443cdf41c - - default default] 10.0.0.71 "PUT /v2.0/ports/6196c93c-7329-4c8e-9b0f-f59d100cdf90 HTTP/1.1" status: 200 len: 946 time: 0.3131082
2026-06-22 03:05:31.795 9 INFO neutron.wsgi [None req-24aec08f-0945-4a88-ae17-77bd7c30f246 5c785c2ea99d4be79b340f1a74662be8 803d52c499e849de9b364ab6f1e68050 - - default default] 10.0.0.71 "DELETE /v2.0/security-groups/ac849faa-be58-4092-8ae6-d7f031f3213c HTTP/1.1" status: 204 len: 168 time: 0.2411451
2026-06-22 03:05:31.809 9 INFO neutron.wsgi [None req-cd7a7a5a-5ac8-4922-9ac1-3428d353838c 98581471a7bb49b3b2fd74c9042cb37e 67a34a473aa14c729d58178a74aa682e - - default default] 10.0.0.71 "GET /v2.0/networks HTTP/1.1" status: 200 len: 1504 time: 0.0920885 /var/lib/openstack/lib/python3.10/site-packages/pycadf/identifier.py:71: UserWarning: Invalid uuid: neutron. To ensure interoperability, identifiers should be a valid uuid. warnings.warn(('Invalid uuid: %s. To ensure interoperability, '
2026-06-22 03:05:31.889 10 INFO neutron.wsgi [None req-e64535ea-e0be-47bd-9ca8-8f7085e360a9 98581471a7bb49b3b2fd74c9042cb37e 67a34a473aa14c729d58178a74aa682e - - default default] 10.0.0.71 "GET /v2.0/subnets HTTP/1.1" status: 200 len: 1428 time: 0.0705950
2026-06-22 03:05:32.039 9 INFO neutron.wsgi [None req-d8ecd5ef-99fa-4822-98a8-6b74f816d67d 98581471a7bb49b3b2fd74c9042cb37e 67a34a473aa14c729d58178a74aa682e - - default default] 10.0.0.71 "GET /v2.0/networks/ab9a654f-825d-4fb2-b2c4-ef1073f4a984 HTTP/1.1" status: 200 len: 863 time: 0.1243100
2026-06-22 03:05:32.105 9 INFO neutron.wsgi [None req-ee22e748-086e-44f5-9d3a-cc3d25d1ef2d 98581471a7bb49b3b2fd74c9042cb37e 67a34a473aa14c729d58178a74aa682e - - default default] 10.0.0.71 "GET /v2.0/subnets/6d71e5da-d96a-4021-ab39-58dcfb47d7ad HTTP/1.1" status: 200 len: 811 time: 0.0562570
2026-06-22 03:05:32.110 9 INFO neutron.wsgi [None req-781a24d7-f6d0-478d-89b2-bfd3552e578c 5c785c2ea99d4be79b340f1a74662be8 803d52c499e849de9b364ab6f1e68050 - - default default] 10.0.0.71 "DELETE /v2.0/security-groups/3b7a05bd-c203-40c3-b344-5543a29911c2 HTTP/1.1" status: 204 len: 168 time: 0.3086731
2026-06-22 03:05:32.134 9 INFO neutron.pecan_wsgi.hooks.translation [None req-eea3961a-9446-47dd-a431-8d9eda254b6f 98581471a7bb49b3b2fd74c9042cb37e 67a34a473aa14c729d58178a74aa682e - - default default] DELETE failed (client error): The resource could not be found.
2026-06-22 03:05:32.137 9 INFO neutron.wsgi [None req-eea3961a-9446-47dd-a431-8d9eda254b6f 98581471a7bb49b3b2fd74c9042cb37e 67a34a473aa14c729d58178a74aa682e - - default default] 10.0.0.71 "DELETE /v2.0/subnets/61ac799b-71c6-4096-a10e-4659260a4161 HTTP/1.1" status: 404 len: 337 time: 0.0226641
2026-06-22 03:05:32.172 10 INFO neutron.pecan_wsgi.hooks.translation [None req-13fce21f-462a-44ee-9fd3-117b01d322d0 98581471a7bb49b3b2fd74c9042cb37e 67a34a473aa14c729d58178a74aa682e - - default default] DELETE failed (client error): The resource could not be found.
2026-06-22 03:05:32.175 10 INFO neutron.wsgi [None req-13fce21f-462a-44ee-9fd3-117b01d322d0 98581471a7bb49b3b2fd74c9042cb37e 67a34a473aa14c729d58178a74aa682e - - default default] 10.0.0.71 "DELETE /v2.0/networks/9b273bb1-36f5-406a-a898-df229ce64bd8 HTTP/1.1" status: 404 len: 339 time: 0.0298567
2026-06-22 03:05:32.349 10 INFO neutron.wsgi [None req-1f777fde-4df2-4fd1-9668-55ecedd4d900 5c785c2ea99d4be79b340f1a74662be8 803d52c499e849de9b364ab6f1e68050 - - default default] 10.0.0.71 "DELETE /v2.0/security-groups/55716be5-b91a-41c6-9716-5920428f7b5e HTTP/1.1" status: 204 len: 168 time: 0.2302017
2026-06-22 03:05:32.476 10 INFO neutron.wsgi [None req-23402f14-c303-400f-95fb-c7c5552c8b1f 98581471a7bb49b3b2fd74c9042cb37e 67a34a473aa14c729d58178a74aa682e - - default default] 10.0.0.71 "DELETE /v2.0/subnets/6d71e5da-d96a-4021-ab39-58dcfb47d7ad HTTP/1.1" status: 204 len: 168 time: 0.2881796
2026-06-22 03:05:32.629 9 INFO neutron.wsgi [None req-a9ac3553-3a5b-40bd-b2d4-95a1adf9356b cc7a01d1710d4beab1703d5229aae55b f20c1acf346e4b399c3a618443cdf41c - - default default] 10.0.0.71 "DELETE /v2.0/ports/6196c93c-7329-4c8e-9b0f-f59d100cdf90 HTTP/1.1" status: 204 len: 168 time: 0.8140707
2026-06-22 03:05:32.679 9 INFO neutron.wsgi [None req-43b10c99-7422-42c3-b74f-084c34b7870a cc7a01d1710d4beab1703d5229aae55b f20c1acf346e4b399c3a618443cdf41c - - default default] 10.0.0.71 "GET /v2.0/ports HTTP/1.1" status: 200 len: 1733 time: 0.0447683
2026-06-22 03:05:32.704 9 INFO neutron.pecan_wsgi.hooks.translation [None req-17643db8-9ecd-4627-8f5c-15f6e71f21a4 cc7a01d1710d4beab1703d5229aae55b f20c1acf346e4b399c3a618443cdf41c - - default default] GET failed (client error): The resource could not be found.
2026-06-22 03:05:32.707 9 INFO neutron.wsgi [None req-17643db8-9ecd-4627-8f5c-15f6e71f21a4 cc7a01d1710d4beab1703d5229aae55b f20c1acf346e4b399c3a618443cdf41c - - default default] 10.0.0.71 "GET /v2.0/ports/6196c93c-7329-4c8e-9b0f-f59d100cdf90 HTTP/1.1" status: 404 len: 333 time: 0.0212057
2026-06-22 03:05:32.783 9 INFO neutron.wsgi [None req-fa4ee9f9-4146-4abf-ba31-52140e97a8c3 cc7a01d1710d4beab1703d5229aae55b f20c1acf346e4b399c3a618443cdf41c - - default default] 10.0.0.71 "GET /v2.0/ports HTTP/1.1" status: 200 len: 1733 time: 0.0701287
2026-06-22 03:05:32.835 9 INFO neutron.wsgi [None req-bd2feb8f-4367-4010-a73a-50e0adb54b33 cc7a01d1710d4beab1703d5229aae55b f20c1acf346e4b399c3a618443cdf41c - - default default] 10.0.0.71 "GET /v2.0/ports/4f7d55d1-362a-4a56-84e7-f5e32511fb54 HTTP/1.1" status: 200 len: 973 time: 0.0452170
2026-06-22 03:05:32.865 9 INFO neutron.pecan_wsgi.hooks.translation [None req-e463ba43-5572-40b9-856e-6b378e438548 cc7a01d1710d4beab1703d5229aae55b f20c1acf346e4b399c3a618443cdf41c - - default default] DELETE failed (client error): The resource could not be found.
2026-06-22 03:05:32.868 9 INFO neutron.wsgi [None req-e463ba43-5572-40b9-856e-6b378e438548 cc7a01d1710d4beab1703d5229aae55b f20c1acf346e4b399c3a618443cdf41c - - default default] 10.0.0.71 "DELETE /v2.0/ports/0f152933-16ca-417f-8bf9-c6cc3020db44 HTTP/1.1" status: 404 len: 333 time: 0.0241616
2026-06-22 03:05:32.889 9 INFO neutron.pecan_wsgi.hooks.translation [None req-a1b298e0-e544-4aa7-8689-8c17d85c3003 cc7a01d1710d4beab1703d5229aae55b f20c1acf346e4b399c3a618443cdf41c - - default default] DELETE failed (client error): The resource could not be found.
2026-06-22 03:05:32.892 9 INFO neutron.wsgi [None req-a1b298e0-e544-4aa7-8689-8c17d85c3003 cc7a01d1710d4beab1703d5229aae55b f20c1acf346e4b399c3a618443cdf41c - - default default] 10.0.0.71 "DELETE /v2.0/subnets/bbe5baee-8b22-4209-bb60-6ae9c38a8341 HTTP/1.1" status: 404 len: 337 time: 0.0195658
2026-06-22 03:05:32.913 9 INFO neutron.pecan_wsgi.hooks.translation [None req-e817d2e4-7fe3-41ed-a7f2-ca01d772da92 cc7a01d1710d4beab1703d5229aae55b f20c1acf346e4b399c3a618443cdf41c - - default default] DELETE failed (client error): The resource could not be found.
2026-06-22 03:05:32.916 9 INFO neutron.wsgi [None req-e817d2e4-7fe3-41ed-a7f2-ca01d772da92 cc7a01d1710d4beab1703d5229aae55b f20c1acf346e4b399c3a618443cdf41c - - default default] 10.0.0.71 "DELETE /v2.0/subnets/0beea5de-80eb-4d8c-b6ef-4f52edb35fa5 HTTP/1.1" status: 404 len: 337 time: 0.0182271
2026-06-22 03:05:32.949 10 INFO neutron.wsgi [None req-a0db704e-a20e-45f4-9ecb-6e7813d5a471 98581471a7bb49b3b2fd74c9042cb37e 67a34a473aa14c729d58178a74aa682e - - default default] 10.0.0.71 "DELETE /v2.0/networks/ab9a654f-825d-4fb2-b2c4-ef1073f4a984 HTTP/1.1" status: 204 len: 168 time: 0.4673383
2026-06-22 03:05:33.022 10 INFO neutron.services.segments.plugin [-] Segment f782d8af-b602-4c2b-94d2-2f0dba6e7271 resource provider aggregate not found
2026-06-22 03:05:33.030 10 INFO neutron.services.segments.plugin [-] Segment f782d8af-b602-4c2b-94d2-2f0dba6e7271 resource provider aggregate not found
2026-06-22 03:05:33.044 10 INFO neutron.services.segments.plugin [-] Segment f782d8af-b602-4c2b-94d2-2f0dba6e7271 resource provider not found; error: Placement Client Error (4xx): {"errors": [{"status": 404, "title": "Not Found", "detail": "The resource could not be found.\n\n No resource provider with uuid f782d8af-b602-4c2b-94d2-2f0dba6e7271 found for delete ", "request_id": "req-d2124c3d-55d7-4ba9-a79e-173776c47850"}]}
2026-06-22 03:05:33.045 10 INFO neutron.services.segments.plugin [-] Segment f782d8af-b602-4c2b-94d2-2f0dba6e7271 resource provider not found; error: Placement Client Error (4xx): {"errors": [{"status": 404, "title": "Not Found", "detail": "The resource could not be found.\n\n No resource provider with uuid f782d8af-b602-4c2b-94d2-2f0dba6e7271 found for delete ", "request_id": "req-6c3e7c90-cfb9-4dfb-8e2b-1c8ced0441ae"}]}
2026-06-22 03:05:33.210 9 INFO neutron.wsgi [None req-5d59dd1f-6638-46b2-9df7-bbc8ae47f786 cc7a01d1710d4beab1703d5229aae55b f20c1acf346e4b399c3a618443cdf41c - - default default] 10.0.0.71 "DELETE /v2.0/ports/4f7d55d1-362a-4a56-84e7-f5e32511fb54 HTTP/1.1" status: 204 len: 168 time: 0.2878616
2026-06-22 03:05:33.582 10 INFO neutron.wsgi [None req-7f872119-1166-425b-9f08-400ce949cd24 85f301e2e9cb4710adffa45a4b4246bf 9e17edfe74f846fbb163214cc75014ef - - default default] 10.0.0.71 "GET /v2.0/security-groups?tenant_id=67a34a473aa14c729d58178a74aa682e&name=default HTTP/1.1" status: 200 len: 3120 time: 0.1054196
2026-06-22 03:05:33.622 10 INFO neutron.db.ovn_revision_numbers_db [None req-c9aabef4-d7f1-4203-ae1c-4cd769bd9a59 85f301e2e9cb4710adffa45a4b4246bf 9e17edfe74f846fbb163214cc75014ef - - default default] Successfully bumped revision number for resource 903139c2-4c6b-4ee9-b958-dce2d9cbeba9 (type: security_groups) to 1
2026-06-22 03:05:33.637 10 INFO neutron.db.ovn_revision_numbers_db [None req-c9aabef4-d7f1-4203-ae1c-4cd769bd9a59 85f301e2e9cb4710adffa45a4b4246bf 9e17edfe74f846fbb163214cc75014ef - - default default] Successfully bumped revision number for resource 3b188445-3bab-4970-a164-d1230aac060a (type: security_group_rules) to 0
2026-06-22 03:05:33.653 10 INFO neutron.db.ovn_revision_numbers_db [None req-c9aabef4-d7f1-4203-ae1c-4cd769bd9a59 85f301e2e9cb4710adffa45a4b4246bf 9e17edfe74f846fbb163214cc75014ef - - default default] Successfully bumped revision number for resource 3bc16cbd-b54e-476f-b9f3-be2f12bfb790 (type: security_group_rules) to 0
2026-06-22 03:05:33.670 10 INFO neutron.db.ovn_revision_numbers_db [None req-c9aabef4-d7f1-4203-ae1c-4cd769bd9a59 85f301e2e9cb4710adffa45a4b4246bf 9e17edfe74f846fbb163214cc75014ef - - default default] Successfully bumped revision number for resource 3e5dd63e-b2e4-4161-86a6-2a4f200d39d4 (type: security_group_rules) to 0
2026-06-22 03:05:33.686 10 INFO neutron.db.ovn_revision_numbers_db [None req-c9aabef4-d7f1-4203-ae1c-4cd769bd9a59 85f301e2e9cb4710adffa45a4b4246bf 9e17edfe74f846fbb163214cc75014ef - - default default] Successfully bumped revision number for resource f59c7a4d-eeba-4d67-9807-4d0a588bbb3f (type: security_group_rules) to 0
2026-06-22 03:05:33.715 10 INFO neutron.wsgi [None req-c9aabef4-d7f1-4203-ae1c-4cd769bd9a59 85f301e2e9cb4710adffa45a4b4246bf 9e17edfe74f846fbb163214cc75014ef - - default default] 10.0.0.71 "GET /v2.0/security-groups?tenant_id=7b3864d6d8984863952e37b83ca31168&name=default HTTP/1.1" status: 200 len: 3120 time: 0.4682870
2026-06-22 03:05:33.727 9 INFO neutron.services.segments.plugin [-] Segment 195fe029-419d-445d-b128-402abf145beb resource provider aggregate not found
2026-06-22 03:05:33.731 9 INFO neutron.services.segments.plugin [-] Segment 195fe029-419d-445d-b128-402abf145beb resource provider aggregate not found
2026-06-22 03:05:33.752 9 INFO neutron.services.segments.plugin [-] Segment 195fe029-419d-445d-b128-402abf145beb resource provider not found; error: Placement Client Error (4xx): {"errors": [{"status": 404, "title": "Not Found", "detail": "The resource could not be found.\n\n No resource provider with uuid 195fe029-419d-445d-b128-402abf145beb found for delete ", "request_id": "req-7d382e61-fb85-43a5-bbf2-a268c056bdf7"}]}
2026-06-22 03:05:33.754 9 INFO neutron.services.segments.plugin [-] Segment 195fe029-419d-445d-b128-402abf145beb resource provider not found; error: Placement Client Error (4xx): {"errors": [{"status": 404, "title": "Not Found", "detail": "The resource could not be found.\n\n No resource provider with uuid 195fe029-419d-445d-b128-402abf145beb found for delete ", "request_id": "req-9f68834e-4475-4557-80e1-3e127ed757bc"}]}
2026-06-22 03:05:33.780 9 INFO neutron.wsgi [None req-102e5ee5-e383-4a86-85e7-ac824a17621c cc7a01d1710d4beab1703d5229aae55b f20c1acf346e4b399c3a618443cdf41c - - default default] 10.0.0.71 "DELETE /v2.0/networks/f102b386-011c-4490-bab1-5f62096bfeaf HTTP/1.1" status: 204 len: 168 time: 0.5638981
2026-06-22 03:05:33.905 9 INFO neutron.wsgi [None req-ae9f7384-dc2a-44a8-a62a-30f5ed0137ad 85f301e2e9cb4710adffa45a4b4246bf 9e17edfe74f846fbb163214cc75014ef - - default default] 10.0.0.71 "DELETE /v2.0/security-groups/b8b06ba9-d787-4f10-b43c-7e1f0ce27eb3 HTTP/1.1" status: 204 len: 168 time: 0.3155949
2026-06-22 03:05:33.972 10 INFO neutron.wsgi [None req-80a0d86d-c3cf-46d1-9ffb-70cb4263ad31 85f301e2e9cb4710adffa45a4b4246bf 9e17edfe74f846fbb163214cc75014ef - - default default] 10.0.0.71 "DELETE /v2.0/security-groups/903139c2-4c6b-4ee9-b958-dce2d9cbeba9 HTTP/1.1" status: 204 len: 168 time: 0.2505000
2026-06-22 03:05:34.294 9 INFO neutron.db.ovn_revision_numbers_db [None req-08f0ad4f-585d-492d-be78-dbff71cc6230 85f301e2e9cb4710adffa45a4b4246bf 9e17edfe74f846fbb163214cc75014ef - - default default] Successfully bumped revision number for resource 7442a396-4379-4c16-9196-0cbba0bc9a57 (type: security_groups) to 1
2026-06-22 03:05:34.314 9 INFO neutron.db.ovn_revision_numbers_db [None req-08f0ad4f-585d-492d-be78-dbff71cc6230 85f301e2e9cb4710adffa45a4b4246bf 9e17edfe74f846fbb163214cc75014ef - - default default] Successfully bumped revision number for resource 150151f4-8625-4f9f-bdb5-501e3270cd46 (type: security_group_rules) to 0
2026-06-22 03:05:34.340 9 INFO neutron.db.ovn_revision_numbers_db [None req-08f0ad4f-585d-492d-be78-dbff71cc6230 85f301e2e9cb4710adffa45a4b4246bf 9e17edfe74f846fbb163214cc75014ef - - default default] Successfully bumped revision number for resource 636aa747-d2db-4469-8479-ac23233ea3b9 (type: security_group_rules) to 0
2026-06-22 03:05:34.371 9 INFO neutron.db.ovn_revision_numbers_db [None req-08f0ad4f-585d-492d-be78-dbff71cc6230 85f301e2e9cb4710adffa45a4b4246bf 9e17edfe74f846fbb163214cc75014ef - - default default] Successfully bumped revision number for resource c4b5e0c7-bd27-4ed4-8b14-af2ee964751a (type: security_group_rules) to 0
2026-06-22 03:05:34.391 9 INFO neutron.db.ovn_revision_numbers_db [None req-08f0ad4f-585d-492d-be78-dbff71cc6230 85f301e2e9cb4710adffa45a4b4246bf 9e17edfe74f846fbb163214cc75014ef - - default default] Successfully bumped revision number for resource d0ffde2e-0508-4897-ac9d-5f6ea418bb03 (type: security_group_rules) to 0
2026-06-22 03:05:34.420 9 INFO neutron.wsgi [None req-08f0ad4f-585d-492d-be78-dbff71cc6230 85f301e2e9cb4710adffa45a4b4246bf 9e17edfe74f846fbb163214cc75014ef - - default default] 10.0.0.71 "GET /v2.0/security-groups?tenant_id=5c8794a442bc4743a0e007858ac5018a&name=default HTTP/1.1" status: 200 len: 3120 time: 0.2886872
2026-06-22 03:05:34.555 9 INFO neutron.wsgi [None req-e359ac6b-5e1f-4ac1-b38b-b6ebec763048 85f301e2e9cb4710adffa45a4b4246bf 9e17edfe74f846fbb163214cc75014ef - - default default] 10.0.0.71 "GET /v2.0/security-groups?tenant_id=f20c1acf346e4b399c3a618443cdf41c&name=default HTTP/1.1" status: 200 len: 3120 time: 0.2838933
2026-06-22 03:05:34.754 10 INFO neutron.wsgi [None req-828d1b9c-6cfc-4fd5-a10d-66e3f08e9677 85f301e2e9cb4710adffa45a4b4246bf 9e17edfe74f846fbb163214cc75014ef - - default default] 10.0.0.71 "DELETE /v2.0/security-groups/7442a396-4379-4c16-9196-0cbba0bc9a57 HTTP/1.1" status: 204 len: 168 time: 0.3283787
2026-06-22 03:05:34.840 10 INFO neutron.wsgi [None req-962845e8-b382-4aef-bdd6-a9bb7ace1e15 85f301e2e9cb4710adffa45a4b4246bf 9e17edfe74f846fbb163214cc75014ef - - default default] 10.0.0.71 "DELETE /v2.0/security-groups/50b120b0-f5d6-4175-ab7c-e5e581fbb4ad HTTP/1.1" status: 204 len: 168 time: 0.2799106
2026-06-22 03:05:34.900 10 INFO neutron.wsgi [None req-e84be383-8381-49f6-abd8-c2da57af1e41 85f301e2e9cb4710adffa45a4b4246bf 9e17edfe74f846fbb163214cc75014ef - - default default] 10.0.0.71 "GET /v2.0/security-groups?tenant_id=803d52c499e849de9b364ab6f1e68050&name=default HTTP/1.1" status: 200 len: 3120 time: 0.0416811
2026-06-22 03:05:35.164 10 INFO neutron.wsgi [None req-d91162d9-1a90-4cf9-9940-47b7bebf2f41 85f301e2e9cb4710adffa45a4b4246bf 9e17edfe74f846fbb163214cc75014ef - - default default] 10.0.0.71 "DELETE /v2.0/security-groups/6d0016a4-af03-4717-aeb7-9aeac7ab184a HTTP/1.1" status: 204 len: 168 time: 0.2590654
2026-06-22 03:05:35.837 9 WARNING neutron_lib.context [None req-67ddc2d1-3955-4b0e-9455-6c6f5915666e 36301c6defd84c11881033410a7b2eac 85284dd8d976495ba650cfff74011f51 - - default default] Method 'is_advsvc' is deprecated since 2023.2 release (neutron-lib 3.8.0) and will be removed once support for the old RBAC API policies will be removed from Neutron. Please use method 'is_service_role' instead.
2026-06-22 03:05:36.020 9 INFO neutron.db.ovn_revision_numbers_db [None req-67ddc2d1-3955-4b0e-9455-6c6f5915666e 36301c6defd84c11881033410a7b2eac 85284dd8d976495ba650cfff74011f51 - - default default] Successfully bumped revision number for resource 17db0228-2323-4999-850c-8082f1ef7e3e (type: security_groups) to 1
2026-06-22 03:05:36.038 9 INFO neutron.db.ovn_revision_numbers_db [None req-67ddc2d1-3955-4b0e-9455-6c6f5915666e 36301c6defd84c11881033410a7b2eac 85284dd8d976495ba650cfff74011f51 - - default default] Successfully bumped revision number for resource 1a6b4e0b-b7fe-4cb8-a944-38547b8b5e7f (type: security_group_rules) to 0
2026-06-22 03:05:36.053 9 INFO neutron.db.ovn_revision_numbers_db [None req-67ddc2d1-3955-4b0e-9455-6c6f5915666e 36301c6defd84c11881033410a7b2eac 85284dd8d976495ba650cfff74011f51 - - default default] Successfully bumped revision number for resource 8e3f19d5-aa88-4bf0-bed2-ffdd3f7fb5e6 (type: security_group_rules) to 0
2026-06-22 03:05:36.072 9 INFO neutron.db.ovn_revision_numbers_db [None req-67ddc2d1-3955-4b0e-9455-6c6f5915666e 36301c6defd84c11881033410a7b2eac 85284dd8d976495ba650cfff74011f51 - - default default] Successfully bumped revision number for resource 9489aa6c-dc0d-4773-8d58-46391d0978eb (type: security_group_rules) to 0
2026-06-22 03:05:36.089 9 INFO neutron.db.ovn_revision_numbers_db [None req-67ddc2d1-3955-4b0e-9455-6c6f5915666e 36301c6defd84c11881033410a7b2eac 85284dd8d976495ba650cfff74011f51 - - default default] Successfully bumped revision number for resource cb513443-adbe-40dd-baa9-636ce74485b3 (type: security_group_rules) to 0
2026-06-22 03:05:36.142 9 INFO neutron.db.segments_db [None req-67ddc2d1-3955-4b0e-9455-6c6f5915666e 36301c6defd84c11881033410a7b2eac 85284dd8d976495ba650cfff74011f51 - - default default] Added segment fc6f84c5-c69d-4b2b-93fd-32dc2293421c of type geneve for network 05f569c6-c982-4ba3-80fa-c25b34bc7fdc
2026-06-22 03:05:36.287 9 INFO neutron.db.ovn_revision_numbers_db [None req-67ddc2d1-3955-4b0e-9455-6c6f5915666e 36301c6defd84c11881033410a7b2eac 85284dd8d976495ba650cfff74011f51 - - default default] Successfully bumped revision number for resource 05f569c6-c982-4ba3-80fa-c25b34bc7fdc (type: networks) to 1
2026-06-22 03:05:36.551 9 WARNING neutron.scheduler.dhcp_agent_scheduler [None req-67ddc2d1-3955-4b0e-9455-6c6f5915666e 36301c6defd84c11881033410a7b2eac 85284dd8d976495ba650cfff74011f51 - - default default] No more DHCP agents
2026-06-22 03:05:36.552 9 WARNING neutron.api.rpc.agentnotifiers.dhcp_rpc_agent_api [None req-67ddc2d1-3955-4b0e-9455-6c6f5915666e 36301c6defd84c11881033410a7b2eac 85284dd8d976495ba650cfff74011f51 - - default default] Unable to schedule network 05f569c6-c982-4ba3-80fa-c25b34bc7fdc: no agents available; will retry on subsequent port and subnet creation events.
2026-06-22 03:05:36.642 9 INFO neutron.db.ovn_revision_numbers_db [None req-67ddc2d1-3955-4b0e-9455-6c6f5915666e 36301c6defd84c11881033410a7b2eac 85284dd8d976495ba650cfff74011f51 - - default default] Successfully bumped revision number for resource ae37b151-4ac6-4a47-ab1e-35626ed7df20 (type: ports) to 1
2026-06-22 03:05:36.668 9 INFO neutron.wsgi [None req-67ddc2d1-3955-4b0e-9455-6c6f5915666e 36301c6defd84c11881033410a7b2eac 85284dd8d976495ba650cfff74011f51 - - default default] 10.0.0.71 "POST /v2.0/networks HTTP/1.1" status: 201 len: 829 time: 0.9506133
2026-06-22 03:05:36.679 9 WARNING neutron_lib.context [None req-300a61f2-3f50-4e3f-b53f-9c8b2e8effb5 36301c6defd84c11881033410a7b2eac 85284dd8d976495ba650cfff74011f51 - - default default] Method 'is_advsvc' is deprecated since 2023.2 release (neutron-lib 3.8.0) and will be removed once support for the old RBAC API policies will be removed from Neutron. Please use method 'is_service_role' instead.
