2026-06-22 03:07:16.575 10 INFO neutron.services.segments.plugin [-] Segment 76917123-1d32-4904-a7b8-f8673c7e6e2e resource provider not found; error: Placement Client Error (4xx): {"errors": [{"status": 404, "title": "Not Found", "detail": "The resource could not be found.\n\n No resource provider with uuid 76917123-1d32-4904-a7b8-f8673c7e6e2e found for delete ", "request_id": "req-1f101e04-6bc5-43be-bed8-0854205caa98"}]}
2026-06-22 03:07:16.724 10 INFO neutron.db.ovn_revision_numbers_db [None req-5256f56a-e2d1-4f35-a6a1-d643b446e4a2 0f2b079bd6834e529c2420231ae49dfe e7bf9e2c3f0c434c8fd2319f7c5b7994 - - default default] Successfully bumped revision number for resource caa5bbdf-03fa-44ba-9159-571f8d58680a (type: security_group_rules) to 0
2026-06-22 03:07:16.761 10 INFO neutron.wsgi [None req-5256f56a-e2d1-4f35-a6a1-d643b446e4a2 0f2b079bd6834e529c2420231ae49dfe e7bf9e2c3f0c434c8fd2319f7c5b7994 - - default default] 10.0.0.71 "POST /v2.0/security-group-rules HTTP/1.1" status: 201 len: 801 time: 0.2508228
2026-06-22 03:07:16.772 10 WARNING neutron_lib.context [None req-e650d46d-6fd7-4d99-ae49-2205064a6aa8 0f2b079bd6834e529c2420231ae49dfe e7bf9e2c3f0c434c8fd2319f7c5b7994 - - default default] Method 'is_advsvc' is deprecated since 2023.2 release (neutron-lib 3.8.0) and will be removed once support for the old RBAC API policies will be removed from Neutron. Please use method 'is_service_role' instead.
2026-06-22 03:07:16.813 10 INFO neutron.wsgi [None req-8f45b66e-e535-4e5a-b916-aaaaf44be1e5 85f301e2e9cb4710adffa45a4b4246bf 9e17edfe74f846fbb163214cc75014ef - - default default] 10.0.0.71 "DELETE /v2.0/security-groups/b1f9660a-e72b-4a0a-a6e1-ce9220c14b03 HTTP/1.1" status: 204 len: 168 time: 0.3145258
2026-06-22 03:07:17.433 10 WARNING neutron.scheduler.dhcp_agent_scheduler [None req-e650d46d-6fd7-4d99-ae49-2205064a6aa8 0f2b079bd6834e529c2420231ae49dfe e7bf9e2c3f0c434c8fd2319f7c5b7994 - - default default] No more DHCP agents
2026-06-22 03:07:17.438 10 WARNING neutron.api.rpc.agentnotifiers.dhcp_rpc_agent_api [None req-e650d46d-6fd7-4d99-ae49-2205064a6aa8 0f2b079bd6834e529c2420231ae49dfe e7bf9e2c3f0c434c8fd2319f7c5b7994 - - default default] Unable to schedule network c93e448b-7fef-47f7-a495-b89909f7d740: no agents available; will retry on subsequent port and subnet creation events.
2026-06-22 03:07:17.497 10 INFO neutron.db.ovn_revision_numbers_db [None req-6558d844-56e9-4075-9a47-4dbed3d44e39 85f301e2e9cb4710adffa45a4b4246bf 9e17edfe74f846fbb163214cc75014ef - - default default] Successfully bumped revision number for resource c273308a-14c0-40b2-a815-0e09b7b49c5f (type: security_groups) to 1
2026-06-22 03:07:17.524 10 INFO neutron.db.ovn_revision_numbers_db [None req-6558d844-56e9-4075-9a47-4dbed3d44e39 85f301e2e9cb4710adffa45a4b4246bf 9e17edfe74f846fbb163214cc75014ef - - default default] Successfully bumped revision number for resource 81c2644a-9acf-4760-b82d-38033ac9867a (type: security_group_rules) to 0
2026-06-22 03:07:17.550 10 INFO neutron.db.ovn_revision_numbers_db [None req-6558d844-56e9-4075-9a47-4dbed3d44e39 85f301e2e9cb4710adffa45a4b4246bf 9e17edfe74f846fbb163214cc75014ef - - default default] Successfully bumped revision number for resource 86cc80f4-4c67-453d-8b29-5b705129312c (type: security_group_rules) to 0
2026-06-22 03:07:17.566 10 INFO neutron.db.ovn_revision_numbers_db [None req-6558d844-56e9-4075-9a47-4dbed3d44e39 85f301e2e9cb4710adffa45a4b4246bf 9e17edfe74f846fbb163214cc75014ef - - default default] Successfully bumped revision number for resource accbd891-63e4-4ea1-9df2-cf6e84657fd2 (type: security_group_rules) to 0
2026-06-22 03:07:17.592 10 INFO neutron.db.ovn_revision_numbers_db [None req-6558d844-56e9-4075-9a47-4dbed3d44e39 85f301e2e9cb4710adffa45a4b4246bf 9e17edfe74f846fbb163214cc75014ef - - default default] Successfully bumped revision number for resource d3870983-9820-4713-9b43-cac45916fcb2 (type: security_group_rules) to 0
2026-06-22 03:07:17.631 10 INFO neutron.wsgi [None req-6558d844-56e9-4075-9a47-4dbed3d44e39 85f301e2e9cb4710adffa45a4b4246bf 9e17edfe74f846fbb163214cc75014ef - - default default] 10.0.0.71 "GET /v2.0/security-groups?tenant_id=dd310a0221954fe0bb5d477f2170905b&name=default HTTP/1.1" status: 200 len: 3124 time: 0.6537235
2026-06-22 03:07:17.841 10 INFO neutron.wsgi [None req-e650d46d-6fd7-4d99-ae49-2205064a6aa8 0f2b079bd6834e529c2420231ae49dfe e7bf9e2c3f0c434c8fd2319f7c5b7994 - - default default] 10.0.0.71 "POST /v2.0/floatingips HTTP/1.1" status: 201 len: 751 time: 1.0744193
2026-06-22 03:07:17.891 9 INFO neutron.wsgi [None req-90cac6a5-06f9-4f12-be6e-50fe462e2fd7 85f301e2e9cb4710adffa45a4b4246bf 9e17edfe74f846fbb163214cc75014ef - - default default] 10.0.0.71 "DELETE /v2.0/security-groups/c273308a-14c0-40b2-a815-0e09b7b49c5f HTTP/1.1" status: 204 len: 168 time: 0.2543561
2026-06-22 03:07:17.995 10 INFO neutron.wsgi [req-c9e47922-f37e-45be-a7f1-aa307ce20ca2 req-7b7ccc3b-48de-44c2-8e12-7b50a77fd9ab 0f2b079bd6834e529c2420231ae49dfe e7bf9e2c3f0c434c8fd2319f7c5b7994 - - default default] 10.0.0.149 "GET /v2.0/security-groups?name=tempest-securitygroup--1585851431&fields=id&tenant_id=e7bf9e2c3f0c434c8fd2319f7c5b7994 HTTP/1.1" status: 200 len: 267 time: 0.0520954
2026-06-22 03:07:18.057 10 INFO neutron.wsgi [req-c9e47922-f37e-45be-a7f1-aa307ce20ca2 req-9274abbe-1525-4a20-8bbe-c2b4ba40e2b7 0f2b079bd6834e529c2420231ae49dfe e7bf9e2c3f0c434c8fd2319f7c5b7994 - - default default] 10.0.0.149 "GET /v2.0/security-groups?name=tempest-secgroup-smoke-1185145123&fields=id&tenant_id=e7bf9e2c3f0c434c8fd2319f7c5b7994 HTTP/1.1" status: 200 len: 267 time: 0.0514750
2026-06-22 03:07:18.194 10 INFO neutron.wsgi [req-c9e47922-f37e-45be-a7f1-aa307ce20ca2 req-84aa2d4c-a2a9-4e30-a097-77f0e1215a70 0f2b079bd6834e529c2420231ae49dfe e7bf9e2c3f0c434c8fd2319f7c5b7994 - - default default] 10.0.0.149 "GET /v2.0/networks?id=4952c441-1178-493d-b9d1-6e97ac59b63c HTTP/1.1" status: 200 len: 872 time: 0.1302192
2026-06-22 03:07:18.217 10 INFO neutron.wsgi [req-c9e47922-f37e-45be-a7f1-aa307ce20ca2 req-8c342884-13b9-48fa-8f79-2e3a4c6bcb51 0f2b079bd6834e529c2420231ae49dfe e7bf9e2c3f0c434c8fd2319f7c5b7994 - - default default] 10.0.0.149 "GET /v2.0/quotas/e7bf9e2c3f0c434c8fd2319f7c5b7994 HTTP/1.1" status: 200 len: 491 time: 0.0139916
2026-06-22 03:07:18.361 10 INFO neutron.wsgi [req-c9e47922-f37e-45be-a7f1-aa307ce20ca2 req-832b5f1a-cd98-4cb3-bea4-1013d43c3a28 0f2b079bd6834e529c2420231ae49dfe e7bf9e2c3f0c434c8fd2319f7c5b7994 - - default default] 10.0.0.149 "GET /v2.0/ports?tenant_id=e7bf9e2c3f0c434c8fd2319f7c5b7994&fields=id HTTP/1.1" status: 200 len: 302 time: 0.1348825
2026-06-22 03:07:18.483 10 INFO neutron.wsgi [req-c9e47922-f37e-45be-a7f1-aa307ce20ca2 req-fb1cdaa1-fc7f-4bb4-a052-4d1419e8bb8e ddad650685dd43b9aa0a072a6ceb1eca a07b64586c2e444fb76c679543faec05 - - d5f287be118a4de3998f7755fc2fc464 d5f287be118a4de3998f7755fc2fc464] 10.0.0.149 "GET /v2.0/networks/4952c441-1178-493d-b9d1-6e97ac59b63c?fields=segments HTTP/1.1" status: 200 len: 212 time: 0.1081281
2026-06-22 03:07:18.484 10 WARNING neutron.plugins.ml2.drivers.ovn.mech_driver.ovsdb.ovn_client [None req-3e709302-db6d-4991-9ee7-1ef00f3c6a42 - - - - - -] No hosting information found for port 5ab02515-6474-4db8-973c-ca25cfe7aa97: RuntimeError: No hosting information found for port 5ab02515-6474-4db8-973c-ca25cfe7aa97
2026-06-22 03:07:18.566 10 INFO neutron.wsgi [req-c9e47922-f37e-45be-a7f1-aa307ce20ca2 req-ef605837-9257-4fc3-98e4-6e158c7c1872 ddad650685dd43b9aa0a072a6ceb1eca a07b64586c2e444fb76c679543faec05 - - d5f287be118a4de3998f7755fc2fc464 d5f287be118a4de3998f7755fc2fc464] 10.0.0.149 "GET /v2.0/networks/4952c441-1178-493d-b9d1-6e97ac59b63c?fields=provider%3Aphysical_network&fields=provider%3Anetwork_type HTTP/1.1" status: 200 len: 277 time: 0.0744047
2026-06-22 03:07:18.730 10 INFO neutron.wsgi [req-9c8c3631-234f-4233-a485-bc18db01b0e0 req-d0a571a7-6872-4358-9f05-c928c2d22cb1 0f2b079bd6834e529c2420231ae49dfe e7bf9e2c3f0c434c8fd2319f7c5b7994 - - default default] 10.0.0.149 "GET /v2.0/ports?device_id=d2b5429e-aec6-4a7b-9ddd-5c801bd61943 HTTP/1.1" status: 200 len: 210 time: 0.0379021
2026-06-22 03:07:19.698 9 INFO neutron.wsgi [req-c9e47922-f37e-45be-a7f1-aa307ce20ca2 req-e0e05843-fa50-4ce6-a9bd-4b2906153c8d 0f2b079bd6834e529c2420231ae49dfe e7bf9e2c3f0c434c8fd2319f7c5b7994 - - default default] 199.204.45.216 "GET /v2.0/networks?id=4952c441-1178-493d-b9d1-6e97ac59b63c HTTP/1.1" status: 200 len: 872 time: 0.1223269
2026-06-22 03:07:19.770 9 INFO neutron.wsgi [req-c9e47922-f37e-45be-a7f1-aa307ce20ca2 req-d857f7a6-db73-47ae-bf5f-662246ee5bbd 0f2b079bd6834e529c2420231ae49dfe e7bf9e2c3f0c434c8fd2319f7c5b7994 - - default default] 199.204.45.216 "GET /v2.0/security-groups?fields=id&fields=name&tenant_id=e7bf9e2c3f0c434c8fd2319f7c5b7994 HTTP/1.1" status: 200 len: 473 time: 0.0641363
2026-06-22 03:07:19.799 9 WARNING neutron_lib.context [req-c9e47922-f37e-45be-a7f1-aa307ce20ca2 req-b35981b1-4474-422e-a55f-b92fac9e7111 0f2b079bd6834e529c2420231ae49dfe e7bf9e2c3f0c434c8fd2319f7c5b7994 - - default default] Method 'is_advsvc' is deprecated since 2023.2 release (neutron-lib 3.8.0) and will be removed once support for the old RBAC API policies will be removed from Neutron. Please use method 'is_service_role' instead.
2026-06-22 03:07:19.858 10 INFO neutron.wsgi [req-7e37260c-1b25-47e2-9e6c-ba241b3280b7 req-a87f5f88-f7af-4943-a113-6b6dd6560831 0f2b079bd6834e529c2420231ae49dfe e7bf9e2c3f0c434c8fd2319f7c5b7994 - - default default] 10.0.0.149 "GET /v2.0/ports?device_id=d2b5429e-aec6-4a7b-9ddd-5c801bd61943 HTTP/1.1" status: 200 len: 210 time: 0.0355432
2026-06-22 03:07:20.221 9 INFO neutron.wsgi [None req-28f9a72f-0d99-477c-bd91-06eea66e6bef 85f301e2e9cb4710adffa45a4b4246bf 9e17edfe74f846fbb163214cc75014ef - - default default] 10.0.0.229 "GET /v2.0/floatingips HTTP/1.1" status: 200 len: 730 time: 0.2101657
2026-06-22 03:07:20.288 9 INFO neutron.wsgi [None req-818c55e6-8fd8-434e-82b6-46701a40e579 85f301e2e9cb4710adffa45a4b4246bf 9e17edfe74f846fbb163214cc75014ef - - default default] 10.0.0.229 "GET /v2.0/security-groups HTTP/1.1" status: 200 len: 31606 time: 0.0656898
2026-06-22 03:07:20.363 9 INFO neutron.wsgi [None req-f4651657-de2b-4017-8fc8-94f8424e924a 85f301e2e9cb4710adffa45a4b4246bf 9e17edfe74f846fbb163214cc75014ef - - default default] 10.0.0.229 "GET /v2.0/subnets HTTP/1.1" status: 200 len: 2744 time: 0.0650563
2026-06-22 03:07:20.365 9 WARNING neutron.scheduler.dhcp_agent_scheduler [req-c9e47922-f37e-45be-a7f1-aa307ce20ca2 req-b35981b1-4474-422e-a55f-b92fac9e7111 0f2b079bd6834e529c2420231ae49dfe e7bf9e2c3f0c434c8fd2319f7c5b7994 - - default default] No more DHCP agents
2026-06-22 03:07:20.370 9 WARNING neutron.api.rpc.agentnotifiers.dhcp_rpc_agent_api [req-c9e47922-f37e-45be-a7f1-aa307ce20ca2 req-b35981b1-4474-422e-a55f-b92fac9e7111 0f2b079bd6834e529c2420231ae49dfe e7bf9e2c3f0c434c8fd2319f7c5b7994 - - default default] Unable to schedule network 4952c441-1178-493d-b9d1-6e97ac59b63c: no agents available; will retry on subsequent port and subnet creation events. /var/lib/openstack/lib/python3.10/site-packages/pycadf/identifier.py:71: UserWarning: Invalid uuid: neutron. To ensure interoperability, identifiers should be a valid uuid. warnings.warn(('Invalid uuid: %s. To ensure interoperability, '
2026-06-22 03:07:20.468 9 INFO neutron.wsgi [None req-ffc6b936-6429-4d97-9216-4a99aae9f68c 85f301e2e9cb4710adffa45a4b4246bf 9e17edfe74f846fbb163214cc75014ef - - default default] 10.0.0.229 "GET /v2.0/ports HTTP/1.1" status: 200 len: 13897 time: 0.1007683
2026-06-22 03:07:20.499 9 INFO neutron.wsgi [None req-43153396-6dfc-4f34-8b6f-002df2f2a7d8 85f301e2e9cb4710adffa45a4b4246bf 9e17edfe74f846fbb163214cc75014ef - - default default] 10.0.0.229 "GET /v2.0/network-ip-availabilities HTTP/1.1" status: 200 len: 2222 time: 0.0182116
2026-06-22 03:07:20.563 9 INFO neutron.wsgi [None req-e889cc9f-3674-430b-8f8b-6b98e0c121c2 85f301e2e9cb4710adffa45a4b4246bf 9e17edfe74f846fbb163214cc75014ef - - default default] 10.0.0.229 "GET /v2.0/subnets HTTP/1.1" status: 200 len: 2744 time: 0.0615988
2026-06-22 03:07:20.580 9 INFO neutron.wsgi [None req-5f92f37f-f0e2-4d6c-ad06-fdd79533beb5 85f301e2e9cb4710adffa45a4b4246bf 9e17edfe74f846fbb163214cc75014ef - - default default] 10.0.0.229 "GET /v2.0/subnetpools HTTP/1.1" status: 200 len: 193 time: 0.0146115
2026-06-22 03:07:20.609 9 INFO neutron.wsgi [None req-eca2b462-23f6-41eb-b017-66a73e51b28a 85f301e2e9cb4710adffa45a4b4246bf 9e17edfe74f846fbb163214cc75014ef - - default default] 10.0.0.229 "GET /v2.0/agents HTTP/1.1" status: 200 len: 1390 time: 0.0274808
2026-06-22 03:07:20.991 10 INFO neutron.wsgi [req-fedbd36f-6391-4c29-bbc9-ba9504092e8c req-f62f6f20-28ca-4e6a-a2a1-6ffbaa9eda3d 0f2b079bd6834e529c2420231ae49dfe e7bf9e2c3f0c434c8fd2319f7c5b7994 - - default default] 10.0.0.149 "GET /v2.0/ports?device_id=d2b5429e-aec6-4a7b-9ddd-5c801bd61943 HTTP/1.1" status: 200 len: 1195 time: 0.0626194
2026-06-22 03:07:21.036 9 INFO neutron.wsgi [None req-e2f66bd3-49a3-4ee8-a0aa-dedc68f3f0bd 85f301e2e9cb4710adffa45a4b4246bf 9e17edfe74f846fbb163214cc75014ef - - default default] 10.0.0.229 "GET /v2.0/networks HTTP/1.1" status: 200 len: 3865 time: 0.4231639
2026-06-22 03:07:21.080 10 INFO neutron.wsgi [req-fedbd36f-6391-4c29-bbc9-ba9504092e8c req-21556800-e717-4da1-be24-2000ea6e27b8 0f2b079bd6834e529c2420231ae49dfe e7bf9e2c3f0c434c8fd2319f7c5b7994 - - default default] 10.0.0.149 "GET /v2.0/security-groups?id=f15baffb-9aec-4868-a475-e010796fd8c5&id=7df77e7c-eed0-49f4-883b-969322c82022&fields=id&fields=name HTTP/1.1" status: 200 len: 406 time: 0.0832372
2026-06-22 03:07:21.120 9 INFO neutron.db.ovn_revision_numbers_db [req-c9e47922-f37e-45be-a7f1-aa307ce20ca2 req-b35981b1-4474-422e-a55f-b92fac9e7111 0f2b079bd6834e529c2420231ae49dfe e7bf9e2c3f0c434c8fd2319f7c5b7994 - - default default] Successfully bumped revision number for resource b5f2b359-cc44-4726-895a-28d0ed2a5dbd (type: ports) to 1
2026-06-22 03:07:21.168 9 INFO neutron.wsgi [req-c9e47922-f37e-45be-a7f1-aa307ce20ca2 req-b35981b1-4474-422e-a55f-b92fac9e7111 0f2b079bd6834e529c2420231ae49dfe e7bf9e2c3f0c434c8fd2319f7c5b7994 - - default default] 199.204.45.216 "POST /v2.0/ports HTTP/1.1" status: 201 len: 1197 time: 1.3745761
2026-06-22 03:07:21.176 9 INFO neutron.wsgi [None req-28662845-caf9-44e5-812f-f689c4bce492 85f301e2e9cb4710adffa45a4b4246bf 9e17edfe74f846fbb163214cc75014ef - - default default] 10.0.0.229 "GET /v2.0/routers HTTP/1.1" status: 200 len: 2112 time: 0.1359239
2026-06-22 03:07:21.209 9 INFO neutron.wsgi [None req-f186f5b4-649f-4ca6-8576-3d0d6ad0d246 85f301e2e9cb4710adffa45a4b4246bf 9e17edfe74f846fbb163214cc75014ef - - default default] 10.0.0.229 "GET /v2.0/agents?binary=ovn-controller HTTP/1.1" status: 200 len: 591 time: 0.0318205
2026-06-22 03:07:21.646 10 WARNING neutron_lib.context [None req-941524d3-b2c6-4e60-9d89-374955f28180 9c7b9099185c41239a454390927725c2 dc5ac67f150e4076b9929d23b6bae584 - - default default] Method 'is_advsvc' is deprecated since 2023.2 release (neutron-lib 3.8.0) and will be removed once support for the old RBAC API policies will be removed from Neutron. Please use method 'is_service_role' instead.
2026-06-22 03:07:21.677 9 INFO neutron.db.ovn_revision_numbers_db [req-c9e47922-f37e-45be-a7f1-aa307ce20ca2 req-d0dc3a2c-a8e1-44b4-9c5c-8cc2f3e1bd50 ddad650685dd43b9aa0a072a6ceb1eca a07b64586c2e444fb76c679543faec05 - - d5f287be118a4de3998f7755fc2fc464 d5f287be118a4de3998f7755fc2fc464] Successfully bumped revision number for resource b5f2b359-cc44-4726-895a-28d0ed2a5dbd (type: ports) to 2
2026-06-22 03:07:21.809 10 INFO neutron.db.ovn_revision_numbers_db [None req-941524d3-b2c6-4e60-9d89-374955f28180 9c7b9099185c41239a454390927725c2 dc5ac67f150e4076b9929d23b6bae584 - - default default] Successfully bumped revision number for resource b87c0e7f-8506-4c0c-becf-5b119ca116e1 (type: security_groups) to 1
2026-06-22 03:07:21.830 10 INFO neutron.db.ovn_revision_numbers_db [None req-941524d3-b2c6-4e60-9d89-374955f28180 9c7b9099185c41239a454390927725c2 dc5ac67f150e4076b9929d23b6bae584 - - default default] Successfully bumped revision number for resource 1e8b1bf6-8a50-4e3c-8013-c3de88c9c9d5 (type: security_group_rules) to 0
2026-06-22 03:07:21.844 10 INFO neutron.db.ovn_revision_numbers_db [None req-941524d3-b2c6-4e60-9d89-374955f28180 9c7b9099185c41239a454390927725c2 dc5ac67f150e4076b9929d23b6bae584 - - default default] Successfully bumped revision number for resource 732bcc76-12be-464b-9111-034b4fb8576a (type: security_group_rules) to 0
2026-06-22 03:07:21.862 10 INFO neutron.db.ovn_revision_numbers_db [None req-941524d3-b2c6-4e60-9d89-374955f28180 9c7b9099185c41239a454390927725c2 dc5ac67f150e4076b9929d23b6bae584 - - default default] Successfully bumped revision number for resource be9f0629-45c0-4354-869e-73d967212f80 (type: security_group_rules) to 0
2026-06-22 03:07:21.879 10 INFO neutron.db.ovn_revision_numbers_db [None req-941524d3-b2c6-4e60-9d89-374955f28180 9c7b9099185c41239a454390927725c2 dc5ac67f150e4076b9929d23b6bae584 - - default default] Successfully bumped revision number for resource ea39fdd1-02f1-4d55-a9a9-fcb6b002e0f8 (type: security_group_rules) to 0
2026-06-22 03:07:21.916 9 INFO neutron.db.ovn_revision_numbers_db [req-c9e47922-f37e-45be-a7f1-aa307ce20ca2 req-d0dc3a2c-a8e1-44b4-9c5c-8cc2f3e1bd50 ddad650685dd43b9aa0a072a6ceb1eca a07b64586c2e444fb76c679543faec05 - - d5f287be118a4de3998f7755fc2fc464 d5f287be118a4de3998f7755fc2fc464] Successfully bumped revision number for resource b5f2b359-cc44-4726-895a-28d0ed2a5dbd (type: ports) to 2
2026-06-22 03:07:21.935 9 INFO neutron.wsgi [req-c9e47922-f37e-45be-a7f1-aa307ce20ca2 req-d0dc3a2c-a8e1-44b4-9c5c-8cc2f3e1bd50 ddad650685dd43b9aa0a072a6ceb1eca a07b64586c2e444fb76c679543faec05 - - d5f287be118a4de3998f7755fc2fc464 d5f287be118a4de3998f7755fc2fc464] 199.204.45.216 "PUT /v2.0/ports/b5f2b359-cc44-4726-895a-28d0ed2a5dbd HTTP/1.1" status: 200 len: 1415 time: 0.7582879
2026-06-22 03:07:21.983 9 INFO neutron.notifiers.nova [-] Nova event matching ['req-8ddd920a-4720-400d-bc93-944ef918d6a5'] response: {'name': 'network-changed', 'server_uuid': 'd2b5429e-aec6-4a7b-9ddd-5c801bd61943', 'tag': 'b5f2b359-cc44-4726-895a-28d0ed2a5dbd', 'status': 'completed', 'code': 200} /var/lib/openstack/lib/python3.10/site-packages/pycadf/identifier.py:71: UserWarning: Invalid uuid: neutron. To ensure interoperability, identifiers should be a valid uuid. warnings.warn(('Invalid uuid: %s. To ensure interoperability, '
2026-06-22 03:07:21.988 10 INFO neutron.db.ovn_revision_numbers_db [None req-941524d3-b2c6-4e60-9d89-374955f28180 9c7b9099185c41239a454390927725c2 dc5ac67f150e4076b9929d23b6bae584 - - default default] Successfully bumped revision number for resource 03efc755-d411-4de8-add5-5221b2b2be7b (type: security_groups) to 1
2026-06-22 03:07:22.003 10 INFO neutron.db.ovn_revision_numbers_db [None req-941524d3-b2c6-4e60-9d89-374955f28180 9c7b9099185c41239a454390927725c2 dc5ac67f150e4076b9929d23b6bae584 - - default default] Successfully bumped revision number for resource 54eb7dd8-be9d-46cd-bf51-61d0b0a5bd67 (type: security_group_rules) to 0
2026-06-22 03:07:22.017 10 INFO neutron.db.ovn_revision_numbers_db [None req-941524d3-b2c6-4e60-9d89-374955f28180 9c7b9099185c41239a454390927725c2 dc5ac67f150e4076b9929d23b6bae584 - - default default] Successfully bumped revision number for resource 5efc3f14-c840-4288-b96f-0d75670a8cce (type: security_group_rules) to 0
2026-06-22 03:07:22.036 10 INFO neutron.wsgi [None req-941524d3-b2c6-4e60-9d89-374955f28180 9c7b9099185c41239a454390927725c2 dc5ac67f150e4076b9929d23b6bae584 - - default default] 10.0.0.71 "POST /v2.0/security-groups HTTP/1.1" status: 201 len: 1803 time: 0.6007528
2026-06-22 03:07:22.054 9 INFO neutron.wsgi [req-c9e47922-f37e-45be-a7f1-aa307ce20ca2 req-19aeb85c-2409-4cd9-9b7f-15bdfd53bc39 ddad650685dd43b9aa0a072a6ceb1eca a07b64586c2e444fb76c679543faec05 - - d5f287be118a4de3998f7755fc2fc464 d5f287be118a4de3998f7755fc2fc464] 199.204.45.216 "GET /v2.0/ports?tenant_id=e7bf9e2c3f0c434c8fd2319f7c5b7994&device_id=d2b5429e-aec6-4a7b-9ddd-5c801bd61943 HTTP/1.1" status: 200 len: 1446 time: 0.0752101
2026-06-22 03:07:22.108 9 INFO neutron.wsgi [req-c9e47922-f37e-45be-a7f1-aa307ce20ca2 req-4e0c1bf8-9239-477a-a875-2574fc1d8a68 ddad650685dd43b9aa0a072a6ceb1eca a07b64586c2e444fb76c679543faec05 - - d5f287be118a4de3998f7755fc2fc464 d5f287be118a4de3998f7755fc2fc464] 199.204.45.216 "GET /v2.0/floatingips?fixed_ip_address=10.100.0.8&port_id=b5f2b359-cc44-4726-895a-28d0ed2a5dbd HTTP/1.1" status: 200 len: 217 time: 0.0381827
2026-06-22 03:07:22.124 9 INFO neutron.wsgi [None req-1910c5b2-82d2-4b9a-a52c-a65b3224447d 9c7b9099185c41239a454390927725c2 dc5ac67f150e4076b9929d23b6bae584 - - default default] 10.0.0.71 "PUT /v2.0/security-groups/03efc755-d411-4de8-add5-5221b2b2be7b/tags HTTP/1.1" status: 200 len: 218 time: 0.0804467
2026-06-22 03:07:22.159 10 INFO neutron.wsgi [None req-7def2740-3587-478a-af7e-4f90b1891922 9c7b9099185c41239a454390927725c2 dc5ac67f150e4076b9929d23b6bae584 - - default default] 10.0.0.71 "GET /v2.0/security-groups/03efc755-d411-4de8-add5-5221b2b2be7b/tags HTTP/1.1" status: 200 len: 218 time: 0.0300276
2026-06-22 03:07:22.165 9 INFO neutron.wsgi [req-c9e47922-f37e-45be-a7f1-aa307ce20ca2 req-357e73f6-f38f-4d8d-894c-d658bcfaf3fb ddad650685dd43b9aa0a072a6ceb1eca a07b64586c2e444fb76c679543faec05 - - d5f287be118a4de3998f7755fc2fc464 d5f287be118a4de3998f7755fc2fc464] 199.204.45.216 "GET /v2.0/subnets?id=ba940795-8336-48c3-b9bf-8e6ed8857885 HTTP/1.1" status: 200 len: 866 time: 0.0467119
2026-06-22 03:07:22.207 10 INFO neutron.wsgi [req-215b2796-18d5-408a-9822-2194ad60a553 req-0def53d0-354b-4176-886d-e0c0a58ff8bb 0f2b079bd6834e529c2420231ae49dfe e7bf9e2c3f0c434c8fd2319f7c5b7994 - - default default] 10.0.0.149 "GET /v2.0/ports?device_id=d2b5429e-aec6-4a7b-9ddd-5c801bd61943 HTTP/1.1" status: 200 len: 1208 time: 0.0449812
2026-06-22 03:07:22.214 9 INFO neutron.wsgi [req-c9e47922-f37e-45be-a7f1-aa307ce20ca2 req-e36c5904-5569-485b-8ab7-6e032a8ba0bb ddad650685dd43b9aa0a072a6ceb1eca a07b64586c2e444fb76c679543faec05 - - d5f287be118a4de3998f7755fc2fc464 d5f287be118a4de3998f7755fc2fc464] 199.204.45.216 "GET /v2.0/ports?network_id=4952c441-1178-493d-b9d1-6e97ac59b63c&device_owner=network%3Adhcp HTTP/1.1" status: 200 len: 210 time: 0.0410483
2026-06-22 03:07:22.221 10 INFO neutron.wsgi [None req-676e02b4-56d1-4450-8a0e-5cf8a7dfbddd 9c7b9099185c41239a454390927725c2 dc5ac67f150e4076b9929d23b6bae584 - - default default] 10.0.0.71 "PUT /v2.0/security-groups/03efc755-d411-4de8-add5-5221b2b2be7b/tags/green HTTP/1.1" status: 201 len: 201 time: 0.0503724
2026-06-22 03:07:22.261 10 INFO neutron.wsgi [None req-b04ae4e0-efef-462b-a4fd-f79f08031e25 9c7b9099185c41239a454390927725c2 dc5ac67f150e4076b9929d23b6bae584 - - default default] 10.0.0.71 "GET /v2.0/security-groups/03efc755-d411-4de8-add5-5221b2b2be7b/tags HTTP/1.1" status: 200 len: 227 time: 0.0314064
2026-06-22 03:07:22.266 10 INFO neutron.wsgi [req-215b2796-18d5-408a-9822-2194ad60a553 req-60b2e94f-9643-4e6a-a247-820d63013cba 0f2b079bd6834e529c2420231ae49dfe e7bf9e2c3f0c434c8fd2319f7c5b7994 - - default default] 10.0.0.149 "GET /v2.0/security-groups?id=f15baffb-9aec-4868-a475-e010796fd8c5&id=7df77e7c-eed0-49f4-883b-969322c82022&fields=id&fields=name HTTP/1.1" status: 200 len: 406 time: 0.0528955
2026-06-22 03:07:22.290 9 INFO neutron.wsgi [req-c9e47922-f37e-45be-a7f1-aa307ce20ca2 req-729b0d52-adad-45dd-97bb-d79f342a674a ddad650685dd43b9aa0a072a6ceb1eca a07b64586c2e444fb76c679543faec05 - - d5f287be118a4de3998f7755fc2fc464 d5f287be118a4de3998f7755fc2fc464] 199.204.45.216 "GET /v2.0/networks/4952c441-1178-493d-b9d1-6e97ac59b63c?fields=segments HTTP/1.1" status: 200 len: 212 time: 0.0670245
2026-06-22 03:07:22.294 10 INFO neutron.wsgi [None req-911b04e6-2f9a-4686-bbd3-72e7d77fbbf4 9c7b9099185c41239a454390927725c2 dc5ac67f150e4076b9929d23b6bae584 - - default default] 10.0.0.71 "PUT /v2.0/security-groups/03efc755-d411-4de8-add5-5221b2b2be7b/tags/red HTTP/1.1" status: 201 len: 201 time: 0.0272372
2026-06-22 03:07:22.336 10 INFO neutron.wsgi [None req-8a2c086d-5c81-4ecd-b01b-f7b59fc2d307 9c7b9099185c41239a454390927725c2 dc5ac67f150e4076b9929d23b6bae584 - - default default] 10.0.0.71 "GET /v2.0/security-groups/03efc755-d411-4de8-add5-5221b2b2be7b/tags HTTP/1.1" status: 200 len: 227 time: 0.0326052
2026-06-22 03:07:22.372 9 INFO neutron.wsgi [req-c9e47922-f37e-45be-a7f1-aa307ce20ca2 req-c7b56625-e948-48d1-aaa4-10f4094d4467 ddad650685dd43b9aa0a072a6ceb1eca a07b64586c2e444fb76c679543faec05 - - d5f287be118a4de3998f7755fc2fc464 d5f287be118a4de3998f7755fc2fc464] 199.204.45.216 "GET /v2.0/networks/4952c441-1178-493d-b9d1-6e97ac59b63c?fields=provider%3Aphysical_network&fields=provider%3Anetwork_type HTTP/1.1" status: 200 len: 277 time: 0.0711677
2026-06-22 03:07:22.397 10 INFO neutron.wsgi [None req-9672abdb-6ea6-4e84-8545-d36b88a0af8f 9c7b9099185c41239a454390927725c2 dc5ac67f150e4076b9929d23b6bae584 - - default default] 10.0.0.71 "PUT /v2.0/security-groups/03efc755-d411-4de8-add5-5221b2b2be7b/tags/black.or.white HTTP/1.1" status: 201 len: 201 time: 0.0538542
2026-06-22 03:07:22.448 10 INFO neutron.wsgi [None req-e3cae3dd-48cf-4274-84ec-fb4ac314842f 9c7b9099185c41239a454390927725c2 dc5ac67f150e4076b9929d23b6bae584 - - default default] 10.0.0.71 "GET /v2.0/security-groups/03efc755-d411-4de8-add5-5221b2b2be7b/tags HTTP/1.1" status: 200 len: 245 time: 0.0421872
2026-06-22 03:07:22.479 9 INFO neutron.wsgi [req-3f7d8ece-5365-4192-9ebc-83cc54e2aa64 req-1fe81341-9d36-4ada-9edd-088813cc9587 ddad650685dd43b9aa0a072a6ceb1eca a07b64586c2e444fb76c679543faec05 - - d5f287be118a4de3998f7755fc2fc464 d5f287be118a4de3998f7755fc2fc464] 199.204.45.216 "GET /v2.0/ports?tenant_id=e7bf9e2c3f0c434c8fd2319f7c5b7994&device_id=d2b5429e-aec6-4a7b-9ddd-5c801bd61943 HTTP/1.1" status: 200 len: 1446 time: 0.0609190
2026-06-22 03:07:22.499 10 INFO neutron.wsgi [None req-f839a4cc-d53f-46e2-9d69-87765f615910 9c7b9099185c41239a454390927725c2 dc5ac67f150e4076b9929d23b6bae584 - - default default] 10.0.0.71 "PUT /v2.0/security-groups/03efc755-d411-4de8-add5-5221b2b2be7b/tags HTTP/1.1" status: 200 len: 230 time: 0.0449290
2026-06-22 03:07:22.529 10 INFO neutron.wsgi [None req-52d9555d-8a5e-4169-b732-71025ae04272 9c7b9099185c41239a454390927725c2 dc5ac67f150e4076b9929d23b6bae584 - - default default] 10.0.0.71 "GET /v2.0/security-groups/03efc755-d411-4de8-add5-5221b2b2be7b/tags HTTP/1.1" status: 200 len: 230 time: 0.0247967
2026-06-22 03:07:22.560 10 INFO neutron.wsgi [None req-49e0ece9-02d4-4410-8ee9-ae4f84b21371 9c7b9099185c41239a454390927725c2 dc5ac67f150e4076b9929d23b6bae584 - - default default] 10.0.0.71 "GET /v2.0/security-groups/03efc755-d411-4de8-add5-5221b2b2be7b/tags/red HTTP/1.1" status: 204 len: 168 time: 0.0257123
2026-06-22 03:07:22.561 9 INFO neutron.wsgi [req-3f7d8ece-5365-4192-9ebc-83cc54e2aa64 req-ff4b3be0-e371-44c6-98d6-f9cdc4cc18ee ddad650685dd43b9aa0a072a6ceb1eca a07b64586c2e444fb76c679543faec05 - - d5f287be118a4de3998f7755fc2fc464 d5f287be118a4de3998f7755fc2fc464] 199.204.45.216 "GET /v2.0/networks?id=4952c441-1178-493d-b9d1-6e97ac59b63c HTTP/1.1" status: 200 len: 971 time: 0.0715630
2026-06-22 03:07:22.588 10 INFO neutron.api.v2.resource [None req-73e93af8-4774-4e53-8d0d-91dd1ea0d3a2 9c7b9099185c41239a454390927725c2 dc5ac67f150e4076b9929d23b6bae584 - - default default] show failed (client error): The resource could not be found.
2026-06-22 03:07:22.589 10 INFO neutron.wsgi [None req-73e93af8-4774-4e53-8d0d-91dd1ea0d3a2 9c7b9099185c41239a454390927725c2 dc5ac67f150e4076b9929d23b6bae584 - - default default] 10.0.0.71 "GET /v2.0/security-groups/03efc755-d411-4de8-add5-5221b2b2be7b/tags/green HTTP/1.1" status: 404 len: 299 time: 0.0232224
2026-06-22 03:07:22.620 9 INFO neutron.wsgi [req-3f7d8ece-5365-4192-9ebc-83cc54e2aa64 req-6c9c85fd-e725-4ed9-b99b-2a35d45cbcf7 ddad650685dd43b9aa0a072a6ceb1eca a07b64586c2e444fb76c679543faec05 - - d5f287be118a4de3998f7755fc2fc464 d5f287be118a4de3998f7755fc2fc464] 199.204.45.216 "GET /v2.0/floatingips?fixed_ip_address=10.100.0.8&port_id=b5f2b359-cc44-4726-895a-28d0ed2a5dbd HTTP/1.1" status: 200 len: 217 time: 0.0494630
2026-06-22 03:07:22.632 10 INFO neutron.wsgi [None req-154b7346-d452-467a-8a03-3a591d51bcc9 9c7b9099185c41239a454390927725c2 dc5ac67f150e4076b9929d23b6bae584 - - default default] 10.0.0.71 "DELETE /v2.0/security-groups/03efc755-d411-4de8-add5-5221b2b2be7b/tags/red HTTP/1.1" status: 204 len: 168 time: 0.0382204
2026-06-22 03:07:22.643 9 INFO neutron.wsgi [req-e2967990-f6e3-47fa-bdab-86a5b0fd6d39 req-36157fd4-bea9-4218-916f-b5db031303c0 ddad650685dd43b9aa0a072a6ceb1eca a07b64586c2e444fb76c679543faec05 - - d5f287be118a4de3998f7755fc2fc464 d5f287be118a4de3998f7755fc2fc464] 199.204.45.216 "GET /v2.0/ports?device_id=d2b5429e-aec6-4a7b-9ddd-5c801bd61943 HTTP/1.1" status: 200 len: 1446 time: 0.0807500
2026-06-22 03:07:22.663 10 INFO neutron.wsgi [None req-00a73abe-6046-4e7c-bb0a-155bf6fee349 9c7b9099185c41239a454390927725c2 dc5ac67f150e4076b9929d23b6bae584 - - default default] 10.0.0.71 "GET /v2.0/security-groups/03efc755-d411-4de8-add5-5221b2b2be7b/tags HTTP/1.1" status: 200 len: 223 time: 0.0263228
2026-06-22 03:07:22.672 9 INFO neutron.wsgi [req-3f7d8ece-5365-4192-9ebc-83cc54e2aa64 req-cfba8f81-c4c7-44c3-a7a9-766bcea219ab ddad650685dd43b9aa0a072a6ceb1eca a07b64586c2e444fb76c679543faec05 - - d5f287be118a4de3998f7755fc2fc464 d5f287be118a4de3998f7755fc2fc464] 199.204.45.216 "GET /v2.0/subnets?id=ba940795-8336-48c3-b9bf-8e6ed8857885 HTTP/1.1" status: 200 len: 866 time: 0.0428839
2026-06-22 03:07:22.702 10 INFO neutron.api.v2.resource [None req-98afacd5-21b5-4e1e-97ad-39f26c711d26 9c7b9099185c41239a454390927725c2 dc5ac67f150e4076b9929d23b6bae584 - - default default] delete failed (client error): The resource could not be found.
2026-06-22 03:07:22.704 10 INFO neutron.wsgi [None req-98afacd5-21b5-4e1e-97ad-39f26c711d26 9c7b9099185c41239a454390927725c2 dc5ac67f150e4076b9929d23b6bae584 - - default default] 10.0.0.71 "DELETE /v2.0/security-groups/03efc755-d411-4de8-add5-5221b2b2be7b/tags/green HTTP/1.1" status: 404 len: 299 time: 0.0347235
2026-06-22 03:07:22.710 9 INFO neutron.wsgi [req-3f7d8ece-5365-4192-9ebc-83cc54e2aa64 req-bc2330b7-793b-4f0a-ae7e-f0f43e265266 ddad650685dd43b9aa0a072a6ceb1eca a07b64586c2e444fb76c679543faec05 - - d5f287be118a4de3998f7755fc2fc464 d5f287be118a4de3998f7755fc2fc464] 199.204.45.216 "GET /v2.0/ports?network_id=4952c441-1178-493d-b9d1-6e97ac59b63c&device_owner=network%3Adhcp HTTP/1.1" status: 200 len: 210 time: 0.0325429
2026-06-22 03:07:22.724 9 INFO neutron.wsgi [req-e2967990-f6e3-47fa-bdab-86a5b0fd6d39 req-bc348420-7a69-4c9c-bee7-d0bf27381745 ddad650685dd43b9aa0a072a6ceb1eca a07b64586c2e444fb76c679543faec05 - - d5f287be118a4de3998f7755fc2fc464 d5f287be118a4de3998f7755fc2fc464] 199.204.45.216 "GET /v2.0/security-groups?id=f15baffb-9aec-4868-a475-e010796fd8c5&id=7df77e7c-eed0-49f4-883b-969322c82022&fields=id&fields=name HTTP/1.1" status: 200 len: 406 time: 0.0752661
2026-06-22 03:07:22.759 10 INFO neutron.wsgi [None req-8062c68d-2229-4c68-af9f-94e022325027 9c7b9099185c41239a454390927725c2 dc5ac67f150e4076b9929d23b6bae584 - - default default] 10.0.0.71 "DELETE /v2.0/security-groups/03efc755-d411-4de8-add5-5221b2b2be7b/tags HTTP/1.1" status: 204 len: 168 time: 0.0498724
2026-06-22 03:07:22.788 9 INFO neutron.wsgi [req-3f7d8ece-5365-4192-9ebc-83cc54e2aa64 req-98446cd7-1986-4a57-a52b-e004b4cf2ae3 ddad650685dd43b9aa0a072a6ceb1eca a07b64586c2e444fb76c679543faec05 - - d5f287be118a4de3998f7755fc2fc464 d5f287be118a4de3998f7755fc2fc464] 199.204.45.216 "GET /v2.0/networks/4952c441-1178-493d-b9d1-6e97ac59b63c?fields=segments HTTP/1.1" status: 200 len: 212 time: 0.0629814
2026-06-22 03:07:22.802 10 INFO neutron.wsgi [None req-495b6298-61b3-47c4-88bc-8e1006d7e6ab 9c7b9099185c41239a454390927725c2 dc5ac67f150e4076b9929d23b6bae584 - - default default] 10.0.0.71 "GET /v2.0/security-groups/03efc755-d411-4de8-add5-5221b2b2be7b/tags HTTP/1.1" status: 200 len: 205 time: 0.0304039
2026-06-22 03:07:22.850 10 INFO neutron.plugins.ml2.drivers.ovn.mech_driver.mech_driver [None req-3e709302-db6d-4991-9ee7-1ef00f3c6a42 - - - - - -] OVN reports status up for port: b5f2b359-cc44-4726-895a-28d0ed2a5dbd
2026-06-22 03:07:22.863 10 INFO neutron.plugins.ml2.plugin [None req-3e709302-db6d-4991-9ee7-1ef00f3c6a42 - - - - - -] Attempt 1 to provision port b5f2b359-cc44-4726-895a-28d0ed2a5dbd
2026-06-22 03:07:22.882 9 INFO neutron.wsgi [req-3f7d8ece-5365-4192-9ebc-83cc54e2aa64 req-dbcb073d-a8ef-49b1-a4d8-172c3a2ca275 ddad650685dd43b9aa0a072a6ceb1eca a07b64586c2e444fb76c679543faec05 - - d5f287be118a4de3998f7755fc2fc464 d5f287be118a4de3998f7755fc2fc464] 199.204.45.216 "GET /v2.0/networks/4952c441-1178-493d-b9d1-6e97ac59b63c?fields=provider%3Aphysical_network&fields=provider%3Anetwork_type HTTP/1.1" status: 200 len: 277 time: 0.0837665
2026-06-22 03:07:23.020 10 INFO neutron.wsgi [None req-f8b671f7-ab4d-404f-a600-968e5bf4ea86 9c7b9099185c41239a454390927725c2 dc5ac67f150e4076b9929d23b6bae584 - - default default] 10.0.0.71 "DELETE /v2.0/security-groups/03efc755-d411-4de8-add5-5221b2b2be7b HTTP/1.1" status: 204 len: 168 time: 0.2026317
2026-06-22 03:07:23.064 10 INFO neutron.notifiers.nova [-] Nova event matching ['req-a15c8b4b-ba90-40f2-908e-88d2d6648ed4'] response: {'server_uuid': 'd2b5429e-aec6-4a7b-9ddd-5c801bd61943', 'name': 'network-vif-plugged', 'status': 'completed', 'tag': 'b5f2b359-cc44-4726-895a-28d0ed2a5dbd', 'code': 200}
2026-06-22 03:07:23.227 10 INFO neutron.db.ovn_revision_numbers_db [None req-3e709302-db6d-4991-9ee7-1ef00f3c6a42 - - - - - -] Successfully bumped revision number for resource b5f2b359-cc44-4726-895a-28d0ed2a5dbd (type: ports) to 4 /var/lib/openstack/lib/python3.10/site-packages/pycadf/identifier.py:71: UserWarning: Invalid uuid: neutron. To ensure interoperability, identifiers should be a valid uuid. warnings.warn(('Invalid uuid: %s. To ensure interoperability, '
2026-06-22 03:07:23.479 10 INFO neutron.wsgi [req-b6263a97-9a2a-4bda-9c1f-58516a6480e9 req-dff55f20-8eb1-4a49-8ebd-ecf741eb7546 0f2b079bd6834e529c2420231ae49dfe e7bf9e2c3f0c434c8fd2319f7c5b7994 - - default default] 10.0.0.149 "GET /v2.0/ports?device_id=d2b5429e-aec6-4a7b-9ddd-5c801bd61943 HTTP/1.1" status: 200 len: 1210 time: 0.1272547
2026-06-22 03:07:23.556 10 INFO neutron.wsgi [req-b6263a97-9a2a-4bda-9c1f-58516a6480e9 req-3cbe3255-80c4-49bb-9cbc-cd4cf3540b39 0f2b079bd6834e529c2420231ae49dfe e7bf9e2c3f0c434c8fd2319f7c5b7994 - - default default] 10.0.0.149 "GET /v2.0/security-groups?id=f15baffb-9aec-4868-a475-e010796fd8c5&id=7df77e7c-eed0-49f4-883b-969322c82022&fields=id&fields=name HTTP/1.1" status: 200 len: 406 time: 0.0702636
2026-06-22 03:07:24.056 9 INFO neutron.db.ovn_revision_numbers_db [None req-0b5d8822-6f76-491c-ac19-8450b534d288 85f301e2e9cb4710adffa45a4b4246bf 9e17edfe74f846fbb163214cc75014ef - - default default] Successfully bumped revision number for resource 671a7ce6-9079-45ab-a5d1-2c93324e56c3 (type: security_groups) to 1
2026-06-22 03:07:24.072 9 INFO neutron.db.ovn_revision_numbers_db [None req-0b5d8822-6f76-491c-ac19-8450b534d288 85f301e2e9cb4710adffa45a4b4246bf 9e17edfe74f846fbb163214cc75014ef - - default default] Successfully bumped revision number for resource 519be33c-9b57-45a5-8de0-7c4a6c768dc9 (type: security_group_rules) to 0
2026-06-22 03:07:24.089 9 INFO neutron.db.ovn_revision_numbers_db [None req-0b5d8822-6f76-491c-ac19-8450b534d288 85f301e2e9cb4710adffa45a4b4246bf 9e17edfe74f846fbb163214cc75014ef - - default default] Successfully bumped revision number for resource 55c5ecdc-1db5-44cf-8e57-a6bd0cd677ab (type: security_group_rules) to 0
2026-06-22 03:07:24.106 9 INFO neutron.db.ovn_revision_numbers_db [None req-0b5d8822-6f76-491c-ac19-8450b534d288 85f301e2e9cb4710adffa45a4b4246bf 9e17edfe74f846fbb163214cc75014ef - - default default] Successfully bumped revision number for resource 712afdcf-91a6-42f4-b200-f7b61535f931 (type: security_group_rules) to 0
2026-06-22 03:07:24.123 9 INFO neutron.db.ovn_revision_numbers_db [None req-0b5d8822-6f76-491c-ac19-8450b534d288 85f301e2e9cb4710adffa45a4b4246bf 9e17edfe74f846fbb163214cc75014ef - - default default] Successfully bumped revision number for resource 7a319f17-0c4b-4d94-85f1-8447fa6c2b1a (type: security_group_rules) to 0
2026-06-22 03:07:24.148 9 INFO neutron.wsgi [None req-0b5d8822-6f76-491c-ac19-8450b534d288 85f301e2e9cb4710adffa45a4b4246bf 9e17edfe74f846fbb163214cc75014ef - - default default] 10.0.0.71 "GET /v2.0/security-groups?tenant_id=c298ec35bbfb4482a941e8401c9e57c0&name=default HTTP/1.1" status: 200 len: 3124 time: 0.3644633
2026-06-22 03:07:24.391 10 INFO neutron.wsgi [None req-e8dcbbec-d16b-4ce3-9eff-fb2a8aa4d5e2 85f301e2e9cb4710adffa45a4b4246bf 9e17edfe74f846fbb163214cc75014ef - - default default] 10.0.0.71 "DELETE /v2.0/security-groups/671a7ce6-9079-45ab-a5d1-2c93324e56c3 HTTP/1.1" status: 204 len: 168 time: 0.2348485
2026-06-22 03:07:24.555 9 INFO neutron.wsgi [None req-8b5868fb-b092-4a53-b874-fa563a8f778b 85f301e2e9cb4710adffa45a4b4246bf 9e17edfe74f846fbb163214cc75014ef - - default default] 10.0.0.71 "GET /v2.0/security-groups?tenant_id=dc5ac67f150e4076b9929d23b6bae584&name=default HTTP/1.1" status: 200 len: 3124 time: 0.0446899
2026-06-22 03:07:24.698 10 INFO neutron.wsgi [req-a3a24039-44f6-4d3e-bc5b-adb0973f883c req-4f344c3a-e07b-48dd-ae7c-bfef49e24dd7 0f2b079bd6834e529c2420231ae49dfe e7bf9e2c3f0c434c8fd2319f7c5b7994 - - default default] 10.0.0.149 "GET /v2.0/ports?device_id=d2b5429e-aec6-4a7b-9ddd-5c801bd61943 HTTP/1.1" status: 200 len: 1210 time: 0.0691485
2026-06-22 03:07:24.753 10 INFO neutron.wsgi [req-a3a24039-44f6-4d3e-bc5b-adb0973f883c req-74659947-cef1-4a43-9412-0db6a00a9e53 0f2b079bd6834e529c2420231ae49dfe e7bf9e2c3f0c434c8fd2319f7c5b7994 - - default default] 10.0.0.149 "GET /v2.0/security-groups?id=f15baffb-9aec-4868-a475-e010796fd8c5&id=7df77e7c-eed0-49f4-883b-969322c82022&fields=id&fields=name HTTP/1.1" status: 200 len: 406 time: 0.0469272
2026-06-22 03:07:24.870 10 INFO neutron.wsgi [req-a9b5d231-d51d-4099-8ae8-243f108cadc2 req-bb5465e1-2e4d-40b8-ad7e-60c5813ac77f 0f2b079bd6834e529c2420231ae49dfe e7bf9e2c3f0c434c8fd2319f7c5b7994 - - default default] 10.0.0.149 "GET /v2.0/ports?device_id=d2b5429e-aec6-4a7b-9ddd-5c801bd61943 HTTP/1.1" status: 200 len: 1210 time: 0.0519245
2026-06-22 03:07:24.871 9 INFO neutron.wsgi [None req-df3793e6-4167-468c-b2a0-6bf15aee57d6 85f301e2e9cb4710adffa45a4b4246bf 9e17edfe74f846fbb163214cc75014ef - - default default] 10.0.0.71 "DELETE /v2.0/security-groups/b87c0e7f-8506-4c0c-becf-5b119ca116e1 HTTP/1.1" status: 204 len: 168 time: 0.3101397
2026-06-22 03:07:25.117 10 INFO neutron.notifiers.nova [-] Nova event matching ['req-9acdd84c-57f1-4f47-a7dd-612d6e07ffb2'] response: {'server_uuid': 'd2b5429e-aec6-4a7b-9ddd-5c801bd61943', 'name': 'network-vif-plugged', 'status': 'completed', 'tag': 'b5f2b359-cc44-4726-895a-28d0ed2a5dbd', 'code': 200}
2026-06-22 03:07:26.113 9 INFO neutron.db.ovn_revision_numbers_db [None req-f2772fa3-ec1a-4cf3-aa74-5b5e1f18ada6 0f2b079bd6834e529c2420231ae49dfe e7bf9e2c3f0c434c8fd2319f7c5b7994 - - default default] Successfully bumped revision number for resource f514f6dc-2154-48bc-8336-5c4ad3e0235c (type: floatingips) to 1
2026-06-22 03:07:26.254 9 INFO neutron.db.ovn_revision_numbers_db [None req-f2772fa3-ec1a-4cf3-aa74-5b5e1f18ada6 0f2b079bd6834e529c2420231ae49dfe e7bf9e2c3f0c434c8fd2319f7c5b7994 - - default default] Successfully bumped revision number for resource f514f6dc-2154-48bc-8336-5c4ad3e0235c (type: floatingips) to 2
2026-06-22 03:07:26.254 9 INFO neutron.db.l3_db [None req-f2772fa3-ec1a-4cf3-aa74-5b5e1f18ada6 0f2b079bd6834e529c2420231ae49dfe e7bf9e2c3f0c434c8fd2319f7c5b7994 - - default default] Floating IP f514f6dc-2154-48bc-8336-5c4ad3e0235c associated. External IP: 10.96.250.204, port: b5f2b359-cc44-4726-895a-28d0ed2a5dbd.
2026-06-22 03:07:26.289 9 INFO neutron.wsgi [None req-f2772fa3-ec1a-4cf3-aa74-5b5e1f18ada6 0f2b079bd6834e529c2420231ae49dfe e7bf9e2c3f0c434c8fd2319f7c5b7994 - - default default] 10.0.0.71 "PUT /v2.0/floatingips/f514f6dc-2154-48bc-8336-5c4ad3e0235c HTTP/1.1" status: 200 len: 1049 time: 1.4055154
2026-06-22 03:07:26.339 9 INFO neutron.notifiers.nova [-] Nova event matching ['req-43f6804d-d902-443d-80fa-0222629278e4'] response: {'name': 'network-changed', 'server_uuid': 'd2b5429e-aec6-4a7b-9ddd-5c801bd61943', 'tag': 'b5f2b359-cc44-4726-895a-28d0ed2a5dbd', 'status': 'completed', 'code': 200} /var/lib/openstack/lib/python3.10/site-packages/pycadf/identifier.py:71: UserWarning: Invalid uuid: neutron. To ensure interoperability, identifiers should be a valid uuid. warnings.warn(('Invalid uuid: %s. To ensure interoperability, '
2026-06-22 03:07:26.433 9 INFO neutron.wsgi [req-460d5bb5-74e2-473e-8de4-84c3028192cb req-c8e544b5-e578-4bed-8e90-d604008b12a9 ddad650685dd43b9aa0a072a6ceb1eca a07b64586c2e444fb76c679543faec05 - - d5f287be118a4de3998f7755fc2fc464 d5f287be118a4de3998f7755fc2fc464] 199.204.45.216 "GET /v2.0/ports?tenant_id=e7bf9e2c3f0c434c8fd2319f7c5b7994&device_id=d2b5429e-aec6-4a7b-9ddd-5c801bd61943 HTTP/1.1" status: 200 len: 1448 time: 0.0629992
2026-06-22 03:07:26.534 9 INFO neutron.wsgi [req-460d5bb5-74e2-473e-8de4-84c3028192cb req-93307b96-5921-47e5-a8bf-60422faefc25 ddad650685dd43b9aa0a072a6ceb1eca a07b64586c2e444fb76c679543faec05 - - d5f287be118a4de3998f7755fc2fc464 d5f287be118a4de3998f7755fc2fc464] 199.204.45.216 "GET /v2.0/networks?id=4952c441-1178-493d-b9d1-6e97ac59b63c HTTP/1.1" status: 200 len: 971 time: 0.0852895
2026-06-22 03:07:26.615 9 INFO neutron.wsgi [req-460d5bb5-74e2-473e-8de4-84c3028192cb req-a31f6a6c-5e76-4350-83b6-5b71a5b5645b ddad650685dd43b9aa0a072a6ceb1eca a07b64586c2e444fb76c679543faec05 - - d5f287be118a4de3998f7755fc2fc464 d5f287be118a4de3998f7755fc2fc464] 199.204.45.216 "GET /v2.0/floatingips?fixed_ip_address=10.100.0.8&port_id=b5f2b359-cc44-4726-895a-28d0ed2a5dbd HTTP/1.1" status: 200 len: 1059 time: 0.0759280
2026-06-22 03:07:26.665 9 INFO neutron.wsgi [req-460d5bb5-74e2-473e-8de4-84c3028192cb req-26cc224b-6f7a-4028-90d3-8f4d01c1f1a3 ddad650685dd43b9aa0a072a6ceb1eca a07b64586c2e444fb76c679543faec05 - - d5f287be118a4de3998f7755fc2fc464 d5f287be118a4de3998f7755fc2fc464] 199.204.45.216 "GET /v2.0/subnets?id=ba940795-8336-48c3-b9bf-8e6ed8857885 HTTP/1.1" status: 200 len: 866 time: 0.0448895
2026-06-22 03:07:26.702 9 INFO neutron.wsgi [req-460d5bb5-74e2-473e-8de4-84c3028192cb req-cf5c5c50-4306-4a18-992a-d29d2f2f5bb5 ddad650685dd43b9aa0a072a6ceb1eca a07b64586c2e444fb76c679543faec05 - - d5f287be118a4de3998f7755fc2fc464 d5f287be118a4de3998f7755fc2fc464] 199.204.45.216 "GET /v2.0/ports?network_id=4952c441-1178-493d-b9d1-6e97ac59b63c&device_owner=network%3Adhcp HTTP/1.1" status: 200 len: 210 time: 0.0284915
2026-06-22 03:07:26.779 9 INFO neutron.wsgi [req-460d5bb5-74e2-473e-8de4-84c3028192cb req-9ab68105-870d-4b3b-be56-db3c07ee96b9 ddad650685dd43b9aa0a072a6ceb1eca a07b64586c2e444fb76c679543faec05 - - d5f287be118a4de3998f7755fc2fc464 d5f287be118a4de3998f7755fc2fc464] 199.204.45.216 "GET /v2.0/networks/4952c441-1178-493d-b9d1-6e97ac59b63c?fields=segments HTTP/1.1" status: 200 len: 212 time: 0.0686052
2026-06-22 03:07:26.866 9 INFO neutron.wsgi [req-460d5bb5-74e2-473e-8de4-84c3028192cb req-b88e2ce2-d72f-42b6-ac1b-b4be70b2e4fa ddad650685dd43b9aa0a072a6ceb1eca a07b64586c2e444fb76c679543faec05 - - d5f287be118a4de3998f7755fc2fc464 d5f287be118a4de3998f7755fc2fc464] 199.204.45.216 "GET /v2.0/networks/4952c441-1178-493d-b9d1-6e97ac59b63c?fields=provider%3Aphysical_network&fields=provider%3Anetwork_type HTTP/1.1" status: 200 len: 277 time: 0.0811281
2026-06-22 03:07:28.552 9 WARNING neutron_lib.context [None req-5a6f3310-a3d9-41a7-b82c-4b64b8905826 8d7c028a1d8f414fb05ae49cfa7cf864 2af27faf11004bb9bd372f16462f8fba - - default default] Method 'is_advsvc' is deprecated since 2023.2 release (neutron-lib 3.8.0) and will be removed once support for the old RBAC API policies will be removed from Neutron. Please use method 'is_service_role' instead.
2026-06-22 03:07:28.719 9 INFO neutron.db.ovn_revision_numbers_db [None req-5a6f3310-a3d9-41a7-b82c-4b64b8905826 8d7c028a1d8f414fb05ae49cfa7cf864 2af27faf11004bb9bd372f16462f8fba - - default default] Successfully bumped revision number for resource 4c36f4c1-5948-485c-bc1e-93ede67b19e9 (type: security_groups) to 1
2026-06-22 03:07:28.737 9 INFO neutron.db.ovn_revision_numbers_db [None req-5a6f3310-a3d9-41a7-b82c-4b64b8905826 8d7c028a1d8f414fb05ae49cfa7cf864 2af27faf11004bb9bd372f16462f8fba - - default default] Successfully bumped revision number for resource 339aac71-9233-4cc0-bb57-cae729b5f9df (type: security_group_rules) to 0
2026-06-22 03:07:28.752 9 INFO neutron.db.ovn_revision_numbers_db [None req-5a6f3310-a3d9-41a7-b82c-4b64b8905826 8d7c028a1d8f414fb05ae49cfa7cf864 2af27faf11004bb9bd372f16462f8fba - - default default] Successfully bumped revision number for resource 679bbb86-922e-44c8-8447-816bc0cdc722 (type: security_group_rules) to 0
2026-06-22 03:07:28.764 9 INFO neutron.wsgi [-] 10.0.0.86 "GET / HTTP/1.1" status: 200 len: 246 time: 0.0016606
2026-06-22 03:07:28.765 10 INFO neutron.wsgi [-] 10.0.0.86 "GET / HTTP/1.1" status: 200 len: 246 time: 0.0032563
2026-06-22 03:07:28.769 9 INFO neutron.db.ovn_revision_numbers_db [None req-5a6f3310-a3d9-41a7-b82c-4b64b8905826 8d7c028a1d8f414fb05ae49cfa7cf864 2af27faf11004bb9bd372f16462f8fba - - default default] Successfully bumped revision number for resource 84ee7766-8b1b-4bf4-8e0d-951b1f2f0d5d (type: security_group_rules) to 0
2026-06-22 03:07:28.785 9 INFO neutron.db.ovn_revision_numbers_db [None req-5a6f3310-a3d9-41a7-b82c-4b64b8905826 8d7c028a1d8f414fb05ae49cfa7cf864 2af27faf11004bb9bd372f16462f8fba - - default default] Successfully bumped revision number for resource dc49b95c-7941-4310-aac0-f29e6767d5bf (type: security_group_rules) to 0
2026-06-22 03:07:28.843 9 INFO neutron.db.segments_db [None req-5a6f3310-a3d9-41a7-b82c-4b64b8905826 8d7c028a1d8f414fb05ae49cfa7cf864 2af27faf11004bb9bd372f16462f8fba - - default default] Added segment 3aa779ad-a8f4-4940-a9e5-f1edd9c736cc of type geneve for network c57aff6f-e6e9-467a-938d-60a104282439
2026-06-22 03:07:28.852 9 INFO neutron.wsgi [req-3b336355-fab3-4bfb-8edf-1baf8f6c54c5 req-50ebae1f-a859-4a33-8894-aab77714d062 ddad650685dd43b9aa0a072a6ceb1eca a07b64586c2e444fb76c679543faec05 - - d5f287be118a4de3998f7755fc2fc464 d5f287be118a4de3998f7755fc2fc464] 199.204.45.216 "GET /v2.0/ports?device_id=d2b5429e-aec6-4a7b-9ddd-5c801bd61943&fields=binding%3Ahost_id&fields=binding%3Avif_type HTTP/1.1" status: 200 len: 265 time: 0.0523250
2026-06-22 03:07:28.960 9 INFO neutron.wsgi [req-3b336355-fab3-4bfb-8edf-1baf8f6c54c5 req-05509836-2840-4b68-92bb-092a802082e9 ddad650685dd43b9aa0a072a6ceb1eca a07b64586c2e444fb76c679543faec05 - - d5f287be118a4de3998f7755fc2fc464 d5f287be118a4de3998f7755fc2fc464] 199.204.45.216 "GET /v2.0/ports?tenant_id=e7bf9e2c3f0c434c8fd2319f7c5b7994&device_id=d2b5429e-aec6-4a7b-9ddd-5c801bd61943 HTTP/1.1" status: 200 len: 1448 time: 0.0462043
2026-06-22 03:07:29.054 9 INFO neutron.db.ovn_revision_numbers_db [None req-5a6f3310-a3d9-41a7-b82c-4b64b8905826 8d7c028a1d8f414fb05ae49cfa7cf864 2af27faf11004bb9bd372f16462f8fba - - default default] Successfully bumped revision number for resource c57aff6f-e6e9-467a-938d-60a104282439 (type: networks) to 1
2026-06-22 03:07:29.088 9 INFO neutron.wsgi [req-3b336355-fab3-4bfb-8edf-1baf8f6c54c5 req-4e43b49b-7884-43b1-b786-9e64f01a0a26 ddad650685dd43b9aa0a072a6ceb1eca a07b64586c2e444fb76c679543faec05 - - d5f287be118a4de3998f7755fc2fc464 d5f287be118a4de3998f7755fc2fc464] 199.204.45.216 "GET /v2.0/networks?id=4952c441-1178-493d-b9d1-6e97ac59b63c HTTP/1.1" status: 200 len: 971 time: 0.1029387
2026-06-22 03:07:29.171 9 INFO neutron.wsgi [req-3b336355-fab3-4bfb-8edf-1baf8f6c54c5 req-6d8cc5be-64c3-4337-a599-ea112ec96a3a ddad650685dd43b9aa0a072a6ceb1eca a07b64586c2e444fb76c679543faec05 - - d5f287be118a4de3998f7755fc2fc464 d5f287be118a4de3998f7755fc2fc464] 199.204.45.216 "GET /v2.0/floatingips?fixed_ip_address=10.100.0.8&port_id=b5f2b359-cc44-4726-895a-28d0ed2a5dbd HTTP/1.1" status: 200 len: 1059 time: 0.0676515
2026-06-22 03:07:29.246 9 INFO neutron.wsgi [req-3b336355-fab3-4bfb-8edf-1baf8f6c54c5 req-2551a0e6-03f0-4108-8820-d310d82edf48 ddad650685dd43b9aa0a072a6ceb1eca a07b64586c2e444fb76c679543faec05 - - d5f287be118a4de3998f7755fc2fc464 d5f287be118a4de3998f7755fc2fc464] 199.204.45.216 "GET /v2.0/subnets?id=ba940795-8336-48c3-b9bf-8e6ed8857885 HTTP/1.1" status: 200 len: 866 time: 0.0665195
2026-06-22 03:07:29.282 9 INFO neutron.wsgi [req-3b336355-fab3-4bfb-8edf-1baf8f6c54c5 req-059969b9-b0f7-47f5-bb9a-4279d9d0eb65 ddad650685dd43b9aa0a072a6ceb1eca a07b64586c2e444fb76c679543faec05 - - d5f287be118a4de3998f7755fc2fc464 d5f287be118a4de3998f7755fc2fc464] 199.204.45.216 "GET /v2.0/ports?network_id=4952c441-1178-493d-b9d1-6e97ac59b63c&device_owner=network%3Adhcp HTTP/1.1" status: 200 len: 210 time: 0.0270345
2026-06-22 03:07:29.407 9 INFO neutron.wsgi [req-3b336355-fab3-4bfb-8edf-1baf8f6c54c5 req-caa44fe3-6215-49a4-8ffb-40830569d632 ddad650685dd43b9aa0a072a6ceb1eca a07b64586c2e444fb76c679543faec05 - - d5f287be118a4de3998f7755fc2fc464 d5f287be118a4de3998f7755fc2fc464] 199.204.45.216 "GET /v2.0/networks/4952c441-1178-493d-b9d1-6e97ac59b63c?fields=segments HTTP/1.1" status: 200 len: 212 time: 0.1166275
2026-06-22 03:07:29.408 9 WARNING neutron.scheduler.dhcp_agent_scheduler [None req-5a6f3310-a3d9-41a7-b82c-4b64b8905826 8d7c028a1d8f414fb05ae49cfa7cf864 2af27faf11004bb9bd372f16462f8fba - - default default] No more DHCP agents
2026-06-22 03:07:29.414 9 WARNING neutron.api.rpc.agentnotifiers.dhcp_rpc_agent_api [None req-5a6f3310-a3d9-41a7-b82c-4b64b8905826 8d7c028a1d8f414fb05ae49cfa7cf864 2af27faf11004bb9bd372f16462f8fba - - default default] Unable to schedule network c57aff6f-e6e9-467a-938d-60a104282439: no agents available; will retry on subsequent port and subnet creation events.
