2026-06-22 03:04:27.745 10 INFO neutron.db.ovn_revision_numbers_db [None req-696575c2-c68d-4a65-81b1-ce4c5478fc6c 85f301e2e9cb4710adffa45a4b4246bf 9e17edfe74f846fbb163214cc75014ef - - default default] Successfully bumped revision number for resource 15b492b6-5fcd-4fd6-929a-5f924a4e326f (type: security_group_rules) to 0
2026-06-22 03:04:27.769 10 INFO neutron.db.ovn_revision_numbers_db [None req-696575c2-c68d-4a65-81b1-ce4c5478fc6c 85f301e2e9cb4710adffa45a4b4246bf 9e17edfe74f846fbb163214cc75014ef - - default default] Successfully bumped revision number for resource 1618cdb1-f732-41fe-8b72-2f2391a79059 (type: security_group_rules) to 0
2026-06-22 03:04:27.778 10 INFO neutron.db.ovn_revision_numbers_db [None req-5f805db9-cec0-492e-8f45-3b756db34a2f 85f301e2e9cb4710adffa45a4b4246bf 9e17edfe74f846fbb163214cc75014ef - - default default] Successfully bumped revision number for resource 23c2108f-a250-4072-9798-250ec74fd65a (type: security_groups) to 1
2026-06-22 03:04:27.783 10 INFO neutron.db.ovn_revision_numbers_db [None req-696575c2-c68d-4a65-81b1-ce4c5478fc6c 85f301e2e9cb4710adffa45a4b4246bf 9e17edfe74f846fbb163214cc75014ef - - default default] Successfully bumped revision number for resource 36cabbbb-8ba7-4a96-8140-cf6150ed8c75 (type: security_group_rules) to 0
2026-06-22 03:04:27.793 10 INFO neutron.db.ovn_revision_numbers_db [None req-5f805db9-cec0-492e-8f45-3b756db34a2f 85f301e2e9cb4710adffa45a4b4246bf 9e17edfe74f846fbb163214cc75014ef - - default default] Successfully bumped revision number for resource 11204fc2-e88e-46a1-81f0-ed309708a119 (type: security_group_rules) to 0
2026-06-22 03:04:27.798 10 INFO neutron.db.ovn_revision_numbers_db [None req-696575c2-c68d-4a65-81b1-ce4c5478fc6c 85f301e2e9cb4710adffa45a4b4246bf 9e17edfe74f846fbb163214cc75014ef - - default default] Successfully bumped revision number for resource 42259c78-e60f-4f5f-8f40-be1eae903b60 (type: security_group_rules) to 0
2026-06-22 03:04:27.814 10 INFO neutron.db.ovn_revision_numbers_db [None req-5f805db9-cec0-492e-8f45-3b756db34a2f 85f301e2e9cb4710adffa45a4b4246bf 9e17edfe74f846fbb163214cc75014ef - - default default] Successfully bumped revision number for resource 27454e20-23fc-47ad-8143-09862298f550 (type: security_group_rules) to 0
2026-06-22 03:04:27.819 10 INFO neutron.wsgi [None req-696575c2-c68d-4a65-81b1-ce4c5478fc6c 85f301e2e9cb4710adffa45a4b4246bf 9e17edfe74f846fbb163214cc75014ef - - default default] 10.0.0.71 "GET /v2.0/security-groups?tenant_id=7a4934fc45a44956985cf53b59fb1ed5&name=default HTTP/1.1" status: 200 len: 3120 time: 0.4336350
2026-06-22 03:04:27.837 10 INFO neutron.db.ovn_revision_numbers_db [None req-5f805db9-cec0-492e-8f45-3b756db34a2f 85f301e2e9cb4710adffa45a4b4246bf 9e17edfe74f846fbb163214cc75014ef - - default default] Successfully bumped revision number for resource 3289a1c3-72fd-4bae-9661-5243bc1cc621 (type: security_group_rules) to 0
2026-06-22 03:04:27.850 10 INFO neutron.db.ovn_revision_numbers_db [None req-5f805db9-cec0-492e-8f45-3b756db34a2f 85f301e2e9cb4710adffa45a4b4246bf 9e17edfe74f846fbb163214cc75014ef - - default default] Successfully bumped revision number for resource 6f22f9ea-fba1-441c-baeb-a3c43fd64979 (type: security_group_rules) to 0
2026-06-22 03:04:27.890 10 INFO neutron.wsgi [None req-5f805db9-cec0-492e-8f45-3b756db34a2f 85f301e2e9cb4710adffa45a4b4246bf 9e17edfe74f846fbb163214cc75014ef - - default default] 10.0.0.71 "GET /v2.0/security-groups?tenant_id=0b2409ccf8e84504b2046bb64a7819fb&name=default HTTP/1.1" status: 200 len: 3120 time: 0.2814457
2026-06-22 03:04:28.103 9 INFO neutron.wsgi [None req-2b078ba4-5b1a-410a-a2e7-142e529085c8 85f301e2e9cb4710adffa45a4b4246bf 9e17edfe74f846fbb163214cc75014ef - - default default] 10.0.0.71 "DELETE /v2.0/security-groups/c2c32d06-4402-4cef-a501-ea52943c9a3d HTTP/1.1" status: 204 len: 168 time: 0.2782664
2026-06-22 03:04:28.154 9 INFO neutron.wsgi [None req-19852476-58f0-40df-9229-f027e42f122e 85f301e2e9cb4710adffa45a4b4246bf 9e17edfe74f846fbb163214cc75014ef - - default default] 10.0.0.71 "DELETE /v2.0/security-groups/23c2108f-a250-4072-9798-250ec74fd65a HTTP/1.1" status: 204 len: 168 time: 0.2551403
2026-06-22 03:04:28.763 9 INFO neutron.wsgi [-] 10.0.0.86 "GET / HTTP/1.1" status: 200 len: 246 time: 0.0018706
2026-06-22 03:04:28.765 10 INFO neutron.wsgi [-] 10.0.0.86 "GET / HTTP/1.1" status: 200 len: 246 time: 0.0030353
2026-06-22 03:04:28.843 9 INFO neutron.db.ovn_revision_numbers_db [None req-5054b5fa-b8c0-4969-94f8-cb66be2e7a3c 85f301e2e9cb4710adffa45a4b4246bf 9e17edfe74f846fbb163214cc75014ef - - default default] Successfully bumped revision number for resource b1d9c1be-a48a-49ab-8218-96562875fca0 (type: security_groups) to 1
2026-06-22 03:04:28.859 9 INFO neutron.db.ovn_revision_numbers_db [None req-5054b5fa-b8c0-4969-94f8-cb66be2e7a3c 85f301e2e9cb4710adffa45a4b4246bf 9e17edfe74f846fbb163214cc75014ef - - default default] Successfully bumped revision number for resource 01bf0834-a3d5-4ca1-aa6e-7701e255b090 (type: security_group_rules) to 0
2026-06-22 03:04:28.871 9 INFO neutron.db.ovn_revision_numbers_db [None req-5054b5fa-b8c0-4969-94f8-cb66be2e7a3c 85f301e2e9cb4710adffa45a4b4246bf 9e17edfe74f846fbb163214cc75014ef - - default default] Successfully bumped revision number for resource 1ac8a5c9-c686-44cb-bb30-d278aa5525af (type: security_group_rules) to 0
2026-06-22 03:04:28.885 9 INFO neutron.db.ovn_revision_numbers_db [None req-5054b5fa-b8c0-4969-94f8-cb66be2e7a3c 85f301e2e9cb4710adffa45a4b4246bf 9e17edfe74f846fbb163214cc75014ef - - default default] Successfully bumped revision number for resource 59250de0-4043-49aa-896a-a3a66d6003d2 (type: security_group_rules) to 0
2026-06-22 03:04:28.901 9 INFO neutron.db.ovn_revision_numbers_db [None req-5054b5fa-b8c0-4969-94f8-cb66be2e7a3c 85f301e2e9cb4710adffa45a4b4246bf 9e17edfe74f846fbb163214cc75014ef - - default default] Successfully bumped revision number for resource b60b8c53-2998-4434-bb44-7ce3f5bb9120 (type: security_group_rules) to 0
2026-06-22 03:04:28.928 9 INFO neutron.wsgi [None req-5054b5fa-b8c0-4969-94f8-cb66be2e7a3c 85f301e2e9cb4710adffa45a4b4246bf 9e17edfe74f846fbb163214cc75014ef - - default default] 10.0.0.71 "GET /v2.0/security-groups?tenant_id=5b37ae5e4abd4ceaa0501a9cb1c16f06&name=default HTTP/1.1" status: 200 len: 3120 time: 0.3349364
2026-06-22 03:04:29.188 10 INFO neutron.wsgi [None req-8201d29d-c24e-408a-8019-29a88f1d84da 85f301e2e9cb4710adffa45a4b4246bf 9e17edfe74f846fbb163214cc75014ef - - default default] 10.0.0.71 "DELETE /v2.0/security-groups/b1d9c1be-a48a-49ab-8218-96562875fca0 HTTP/1.1" status: 204 len: 168 time: 0.2510262
2026-06-22 03:04:29.497 10 INFO neutron.db.ovn_revision_numbers_db [None req-252d590d-02a1-40bb-a001-3c969f167f2e 85f301e2e9cb4710adffa45a4b4246bf 9e17edfe74f846fbb163214cc75014ef - - default default] Successfully bumped revision number for resource 84479b94-48e3-420d-a838-8426b42c4674 (type: security_groups) to 1
2026-06-22 03:04:29.516 10 INFO neutron.db.ovn_revision_numbers_db [None req-252d590d-02a1-40bb-a001-3c969f167f2e 85f301e2e9cb4710adffa45a4b4246bf 9e17edfe74f846fbb163214cc75014ef - - default default] Successfully bumped revision number for resource 2d9e3c3e-365c-41e9-8de1-22a3bad5d147 (type: security_group_rules) to 0
2026-06-22 03:04:29.535 10 INFO neutron.db.ovn_revision_numbers_db [None req-252d590d-02a1-40bb-a001-3c969f167f2e 85f301e2e9cb4710adffa45a4b4246bf 9e17edfe74f846fbb163214cc75014ef - - default default] Successfully bumped revision number for resource 8ededc79-07fc-470f-89ea-3e19df3da027 (type: security_group_rules) to 0
2026-06-22 03:04:29.562 10 INFO neutron.db.ovn_revision_numbers_db [None req-252d590d-02a1-40bb-a001-3c969f167f2e 85f301e2e9cb4710adffa45a4b4246bf 9e17edfe74f846fbb163214cc75014ef - - default default] Successfully bumped revision number for resource 92787711-4f77-4e5c-b0a4-9550bab1a6d1 (type: security_group_rules) to 0
2026-06-22 03:04:29.581 10 INFO neutron.db.ovn_revision_numbers_db [None req-252d590d-02a1-40bb-a001-3c969f167f2e 85f301e2e9cb4710adffa45a4b4246bf 9e17edfe74f846fbb163214cc75014ef - - default default] Successfully bumped revision number for resource fb62be11-64fd-4492-9629-46eaa38aabce (type: security_group_rules) to 0
2026-06-22 03:04:29.605 10 INFO neutron.wsgi [None req-252d590d-02a1-40bb-a001-3c969f167f2e 85f301e2e9cb4710adffa45a4b4246bf 9e17edfe74f846fbb163214cc75014ef - - default default] 10.0.0.71 "GET /v2.0/security-groups?tenant_id=3abe282c0dd34a5283ba15d3760ff67d&name=default HTTP/1.1" status: 200 len: 3120 time: 0.2617633
2026-06-22 03:04:29.912 10 INFO neutron.wsgi [None req-ee5b05f8-b071-48dc-8c42-595fa85d5c2c 85f301e2e9cb4710adffa45a4b4246bf 9e17edfe74f846fbb163214cc75014ef - - default default] 10.0.0.71 "DELETE /v2.0/security-groups/84479b94-48e3-420d-a838-8426b42c4674 HTTP/1.1" status: 204 len: 168 time: 0.3024344
2026-06-22 03:04:30.127 9 INFO neutron.wsgi [None req-665cd3f7-2aa2-42b9-ab89-2bcab815cd8f 85f301e2e9cb4710adffa45a4b4246bf 9e17edfe74f846fbb163214cc75014ef - - default default] 10.0.0.71 "GET /v2.0/security-groups?tenant_id=261f12adfd7d4b95bfd6f74f9760173a&name=default HTTP/1.1" status: 200 len: 3120 time: 0.0580711
2026-06-22 03:04:30.398 9 INFO neutron.wsgi [None req-8fcba879-14f4-4e1a-b4c4-4bffbf035ce2 85f301e2e9cb4710adffa45a4b4246bf 9e17edfe74f846fbb163214cc75014ef - - default default] 10.0.0.71 "DELETE /v2.0/security-groups/3c23c33e-2a6a-4755-8c30-517003dc355d HTTP/1.1" status: 204 len: 168 time: 0.2654281
2026-06-22 03:04:32.522 10 INFO neutron.db.ovn_revision_numbers_db [None req-b303f060-d39b-4448-b1c1-18166826fef5 85f301e2e9cb4710adffa45a4b4246bf 9e17edfe74f846fbb163214cc75014ef - - default default] Successfully bumped revision number for resource b5ff92b2-d479-439b-89c6-8fd3d878ce8c (type: security_groups) to 1
2026-06-22 03:04:32.537 10 INFO neutron.db.ovn_revision_numbers_db [None req-b303f060-d39b-4448-b1c1-18166826fef5 85f301e2e9cb4710adffa45a4b4246bf 9e17edfe74f846fbb163214cc75014ef - - default default] Successfully bumped revision number for resource 2a4fddba-9bdc-43d0-89e5-84ebed5f11f9 (type: security_group_rules) to 0
2026-06-22 03:04:32.550 10 INFO neutron.db.ovn_revision_numbers_db [None req-b303f060-d39b-4448-b1c1-18166826fef5 85f301e2e9cb4710adffa45a4b4246bf 9e17edfe74f846fbb163214cc75014ef - - default default] Successfully bumped revision number for resource 2b255df1-543b-4fa4-ba51-4c6877e102ed (type: security_group_rules) to 0
2026-06-22 03:04:32.565 10 INFO neutron.db.ovn_revision_numbers_db [None req-b303f060-d39b-4448-b1c1-18166826fef5 85f301e2e9cb4710adffa45a4b4246bf 9e17edfe74f846fbb163214cc75014ef - - default default] Successfully bumped revision number for resource 748e18f6-ea70-40e0-81c6-29b7ec3b9598 (type: security_group_rules) to 0
2026-06-22 03:04:32.580 10 INFO neutron.db.ovn_revision_numbers_db [None req-b303f060-d39b-4448-b1c1-18166826fef5 85f301e2e9cb4710adffa45a4b4246bf 9e17edfe74f846fbb163214cc75014ef - - default default] Successfully bumped revision number for resource d6cf0dd5-bfd5-4bae-ad3e-c1f1c6ed87ff (type: security_group_rules) to 0
2026-06-22 03:04:32.600 10 INFO neutron.wsgi [None req-b303f060-d39b-4448-b1c1-18166826fef5 85f301e2e9cb4710adffa45a4b4246bf 9e17edfe74f846fbb163214cc75014ef - - default default] 10.0.0.71 "GET /v2.0/security-groups?tenant_id=7e4f01e288894e6bb48e780859522abb&name=default HTTP/1.1" status: 200 len: 3120 time: 0.5558417
2026-06-22 03:04:32.904 9 INFO neutron.wsgi [None req-503184f6-1858-43b7-9cb7-7eab720a17c2 85f301e2e9cb4710adffa45a4b4246bf 9e17edfe74f846fbb163214cc75014ef - - default default] 10.0.0.71 "DELETE /v2.0/security-groups/b5ff92b2-d479-439b-89c6-8fd3d878ce8c HTTP/1.1" status: 204 len: 168 time: 0.2959569
2026-06-22 03:04:33.152 9 INFO neutron.db.ovn_revision_numbers_db [None req-fe0e8736-9ece-4d43-8645-e2812959ec27 85f301e2e9cb4710adffa45a4b4246bf 9e17edfe74f846fbb163214cc75014ef - - default default] Successfully bumped revision number for resource 32e4f8e8-9e18-412e-8997-7ebd94aa7e80 (type: security_groups) to 1
2026-06-22 03:04:33.169 9 INFO neutron.db.ovn_revision_numbers_db [None req-fe0e8736-9ece-4d43-8645-e2812959ec27 85f301e2e9cb4710adffa45a4b4246bf 9e17edfe74f846fbb163214cc75014ef - - default default] Successfully bumped revision number for resource 0482d46a-5c45-4610-a9b5-aa0a61267208 (type: security_group_rules) to 0
2026-06-22 03:04:33.182 9 INFO neutron.db.ovn_revision_numbers_db [None req-fe0e8736-9ece-4d43-8645-e2812959ec27 85f301e2e9cb4710adffa45a4b4246bf 9e17edfe74f846fbb163214cc75014ef - - default default] Successfully bumped revision number for resource 09bc2355-c399-4800-b8bc-64f1cfb406a2 (type: security_group_rules) to 0
2026-06-22 03:04:33.196 9 INFO neutron.db.ovn_revision_numbers_db [None req-fe0e8736-9ece-4d43-8645-e2812959ec27 85f301e2e9cb4710adffa45a4b4246bf 9e17edfe74f846fbb163214cc75014ef - - default default] Successfully bumped revision number for resource 114d0eaf-7d26-48ad-ad44-5037d96297b9 (type: security_group_rules) to 0
2026-06-22 03:04:33.210 9 INFO neutron.db.ovn_revision_numbers_db [None req-fe0e8736-9ece-4d43-8645-e2812959ec27 85f301e2e9cb4710adffa45a4b4246bf 9e17edfe74f846fbb163214cc75014ef - - default default] Successfully bumped revision number for resource 4cde3d67-e895-49a6-addc-a00f4746d381 (type: security_group_rules) to 0
2026-06-22 03:04:33.234 9 INFO neutron.wsgi [None req-fe0e8736-9ece-4d43-8645-e2812959ec27 85f301e2e9cb4710adffa45a4b4246bf 9e17edfe74f846fbb163214cc75014ef - - default default] 10.0.0.71 "GET /v2.0/security-groups?tenant_id=931e25fda0c841e6ac9c1952457a5ff1&name=default HTTP/1.1" status: 200 len: 3120 time: 0.2189944
2026-06-22 03:04:33.515 9 INFO neutron.wsgi [None req-ee90ea86-5fda-49fe-bfe5-41f3b971e16b 85f301e2e9cb4710adffa45a4b4246bf 9e17edfe74f846fbb163214cc75014ef - - default default] 10.0.0.71 "DELETE /v2.0/security-groups/32e4f8e8-9e18-412e-8997-7ebd94aa7e80 HTTP/1.1" status: 204 len: 168 time: 0.2752502
2026-06-22 03:04:35.296 10 WARNING neutron_lib.context [None req-0fa9f833-75f2-4d0d-a474-236403830cb5 6cb763131f9b48cdbc1d02e2bd4593b8 883f4803711d4f30952575f60840a1cd - - default default] Method 'is_advsvc' is deprecated since 2023.2 release (neutron-lib 3.8.0) and will be removed once support for the old RBAC API policies will be removed from Neutron. Please use method 'is_service_role' instead.
2026-06-22 03:04:35.404 9 INFO neutron.wsgi [req-089263d0-3a05-4634-82ae-29c47e68b68a req-85815c27-a2e4-4302-ad8e-48874abe7a33 ddad650685dd43b9aa0a072a6ceb1eca a07b64586c2e444fb76c679543faec05 - - d5f287be118a4de3998f7755fc2fc464 d5f287be118a4de3998f7755fc2fc464] 10.0.0.224 "GET /v2.0/ports?device_id=d69dfc7f-3c65-49f5-a611-5df3d0ad1575 HTTP/1.1" status: 200 len: 1409 time: 0.0578444
2026-06-22 03:04:35.470 9 INFO neutron.wsgi [req-089263d0-3a05-4634-82ae-29c47e68b68a req-b112559a-73a3-4860-8ff3-e1d72bde4b5b ddad650685dd43b9aa0a072a6ceb1eca a07b64586c2e444fb76c679543faec05 - - d5f287be118a4de3998f7755fc2fc464 d5f287be118a4de3998f7755fc2fc464] 10.0.0.224 "GET /v2.0/security-groups?id=c21f2c70-24c3-43ea-9679-32edacd7763c&fields=id&fields=name HTTP/1.1" status: 200 len: 313 time: 0.0528467
2026-06-22 03:04:35.651 10 WARNING neutron.scheduler.dhcp_agent_scheduler [None req-0fa9f833-75f2-4d0d-a474-236403830cb5 6cb763131f9b48cdbc1d02e2bd4593b8 883f4803711d4f30952575f60840a1cd - - default default] No more DHCP agents
2026-06-22 03:04:35.654 10 WARNING neutron.api.rpc.agentnotifiers.dhcp_rpc_agent_api [None req-0fa9f833-75f2-4d0d-a474-236403830cb5 6cb763131f9b48cdbc1d02e2bd4593b8 883f4803711d4f30952575f60840a1cd - - default default] Unable to schedule network c93e448b-7fef-47f7-a495-b89909f7d740: no agents available; will retry on subsequent port and subnet creation events.
2026-06-22 03:04:36.043 10 INFO neutron.wsgi [None req-0fa9f833-75f2-4d0d-a474-236403830cb5 6cb763131f9b48cdbc1d02e2bd4593b8 883f4803711d4f30952575f60840a1cd - - default default] 10.0.0.71 "POST /v2.0/floatingips HTTP/1.1" status: 201 len: 751 time: 1.0974703
2026-06-22 03:04:36.056 10 WARNING neutron_lib.context [None req-b5062fb0-b351-4ad5-af35-3ffb6a3f5146 6cb763131f9b48cdbc1d02e2bd4593b8 883f4803711d4f30952575f60840a1cd - - default default] Method 'is_advsvc' is deprecated since 2023.2 release (neutron-lib 3.8.0) and will be removed once support for the old RBAC API policies will be removed from Neutron. Please use method 'is_service_role' instead.
2026-06-22 03:04:36.225 10 INFO neutron.db.ovn_revision_numbers_db [None req-211f94d7-63d6-40a9-bd3d-4ad35c7f72cb 85f301e2e9cb4710adffa45a4b4246bf 9e17edfe74f846fbb163214cc75014ef - - default default] Successfully bumped revision number for resource 1784cade-604f-41d2-8599-509f7d163934 (type: security_groups) to 1
2026-06-22 03:04:36.243 10 INFO neutron.db.ovn_revision_numbers_db [None req-211f94d7-63d6-40a9-bd3d-4ad35c7f72cb 85f301e2e9cb4710adffa45a4b4246bf 9e17edfe74f846fbb163214cc75014ef - - default default] Successfully bumped revision number for resource 18278ede-66b2-4250-872c-d326f670ae40 (type: security_group_rules) to 0
2026-06-22 03:04:36.267 10 INFO neutron.db.ovn_revision_numbers_db [None req-211f94d7-63d6-40a9-bd3d-4ad35c7f72cb 85f301e2e9cb4710adffa45a4b4246bf 9e17edfe74f846fbb163214cc75014ef - - default default] Successfully bumped revision number for resource 7d7b5d78-84e8-4c7c-ae70-fb423143aab3 (type: security_group_rules) to 0
2026-06-22 03:04:36.293 10 INFO neutron.db.ovn_revision_numbers_db [None req-211f94d7-63d6-40a9-bd3d-4ad35c7f72cb 85f301e2e9cb4710adffa45a4b4246bf 9e17edfe74f846fbb163214cc75014ef - - default default] Successfully bumped revision number for resource a124d42f-078f-4af0-a706-bcaffdfc8ae0 (type: security_group_rules) to 0
2026-06-22 03:04:36.318 10 INFO neutron.db.ovn_revision_numbers_db [None req-211f94d7-63d6-40a9-bd3d-4ad35c7f72cb 85f301e2e9cb4710adffa45a4b4246bf 9e17edfe74f846fbb163214cc75014ef - - default default] Successfully bumped revision number for resource d8c8e60a-f39f-47cf-9207-51da91afecff (type: security_group_rules) to 0
2026-06-22 03:04:36.366 10 INFO neutron.wsgi [None req-211f94d7-63d6-40a9-bd3d-4ad35c7f72cb 85f301e2e9cb4710adffa45a4b4246bf 9e17edfe74f846fbb163214cc75014ef - - default default] 10.0.0.71 "GET /v2.0/security-groups?tenant_id=c75e1c667b6e4649b045db9410f2b725&name=default HTTP/1.1" status: 200 len: 3120 time: 0.4554858
2026-06-22 03:04:36.477 10 WARNING neutron.scheduler.dhcp_agent_scheduler [None req-b5062fb0-b351-4ad5-af35-3ffb6a3f5146 6cb763131f9b48cdbc1d02e2bd4593b8 883f4803711d4f30952575f60840a1cd - - default default] No more DHCP agents
2026-06-22 03:04:36.483 10 WARNING neutron.api.rpc.agentnotifiers.dhcp_rpc_agent_api [None req-b5062fb0-b351-4ad5-af35-3ffb6a3f5146 6cb763131f9b48cdbc1d02e2bd4593b8 883f4803711d4f30952575f60840a1cd - - default default] Unable to schedule network c93e448b-7fef-47f7-a495-b89909f7d740: no agents available; will retry on subsequent port and subnet creation events.
2026-06-22 03:04:36.657 9 INFO neutron.wsgi [None req-57c47786-80d4-4d1b-add8-658d6ee74588 85f301e2e9cb4710adffa45a4b4246bf 9e17edfe74f846fbb163214cc75014ef - - default default] 10.0.0.71 "DELETE /v2.0/security-groups/1784cade-604f-41d2-8599-509f7d163934 HTTP/1.1" status: 204 len: 168 time: 0.2826910
2026-06-22 03:04:36.847 10 INFO neutron.wsgi [None req-b5062fb0-b351-4ad5-af35-3ffb6a3f5146 6cb763131f9b48cdbc1d02e2bd4593b8 883f4803711d4f30952575f60840a1cd - - default default] 10.0.0.71 "POST /v2.0/floatingips HTTP/1.1" status: 201 len: 751 time: 0.7967064
2026-06-22 03:04:36.857 10 WARNING neutron_lib.context [None req-ed422926-d469-43c8-a25b-77118d57f1d5 6cb763131f9b48cdbc1d02e2bd4593b8 883f4803711d4f30952575f60840a1cd - - default default] Method 'is_advsvc' is deprecated since 2023.2 release (neutron-lib 3.8.0) and will be removed once support for the old RBAC API policies will be removed from Neutron. Please use method 'is_service_role' instead.
2026-06-22 03:04:37.155 10 WARNING neutron.scheduler.dhcp_agent_scheduler [None req-ed422926-d469-43c8-a25b-77118d57f1d5 6cb763131f9b48cdbc1d02e2bd4593b8 883f4803711d4f30952575f60840a1cd - - default default] No more DHCP agents
2026-06-22 03:04:37.159 10 WARNING neutron.api.rpc.agentnotifiers.dhcp_rpc_agent_api [None req-ed422926-d469-43c8-a25b-77118d57f1d5 6cb763131f9b48cdbc1d02e2bd4593b8 883f4803711d4f30952575f60840a1cd - - default default] Unable to schedule network c93e448b-7fef-47f7-a495-b89909f7d740: no agents available; will retry on subsequent port and subnet creation events.
2026-06-22 03:04:37.531 10 INFO neutron.wsgi [None req-ed422926-d469-43c8-a25b-77118d57f1d5 6cb763131f9b48cdbc1d02e2bd4593b8 883f4803711d4f30952575f60840a1cd - - default default] 10.0.0.71 "POST /v2.0/floatingips HTTP/1.1" status: 201 len: 751 time: 0.6786559
2026-06-22 03:04:37.541 10 WARNING neutron_lib.context [None req-e568603f-df02-4a39-bd8b-cdb3e36d5ce5 6cb763131f9b48cdbc1d02e2bd4593b8 883f4803711d4f30952575f60840a1cd - - default default] Method 'is_advsvc' is deprecated since 2023.2 release (neutron-lib 3.8.0) and will be removed once support for the old RBAC API policies will be removed from Neutron. Please use method 'is_service_role' instead.
2026-06-22 03:04:37.888 10 WARNING neutron.scheduler.dhcp_agent_scheduler [None req-e568603f-df02-4a39-bd8b-cdb3e36d5ce5 6cb763131f9b48cdbc1d02e2bd4593b8 883f4803711d4f30952575f60840a1cd - - default default] No more DHCP agents
2026-06-22 03:04:37.890 10 WARNING neutron.api.rpc.agentnotifiers.dhcp_rpc_agent_api [None req-e568603f-df02-4a39-bd8b-cdb3e36d5ce5 6cb763131f9b48cdbc1d02e2bd4593b8 883f4803711d4f30952575f60840a1cd - - default default] Unable to schedule network c93e448b-7fef-47f7-a495-b89909f7d740: no agents available; will retry on subsequent port and subnet creation events.
2026-06-22 03:04:38.222 10 INFO neutron.wsgi [None req-e568603f-df02-4a39-bd8b-cdb3e36d5ce5 6cb763131f9b48cdbc1d02e2bd4593b8 883f4803711d4f30952575f60840a1cd - - default default] 10.0.0.71 "POST /v2.0/floatingips HTTP/1.1" status: 201 len: 751 time: 0.6862628
2026-06-22 03:04:38.234 10 WARNING neutron_lib.context [None req-321e72f0-ffeb-4b5a-92bf-c140453a1ec9 6cb763131f9b48cdbc1d02e2bd4593b8 883f4803711d4f30952575f60840a1cd - - default default] Method 'is_advsvc' is deprecated since 2023.2 release (neutron-lib 3.8.0) and will be removed once support for the old RBAC API policies will be removed from Neutron. Please use method 'is_service_role' instead.
2026-06-22 03:04:38.601 10 WARNING neutron.scheduler.dhcp_agent_scheduler [None req-321e72f0-ffeb-4b5a-92bf-c140453a1ec9 6cb763131f9b48cdbc1d02e2bd4593b8 883f4803711d4f30952575f60840a1cd - - default default] No more DHCP agents
2026-06-22 03:04:38.605 10 WARNING neutron.api.rpc.agentnotifiers.dhcp_rpc_agent_api [None req-321e72f0-ffeb-4b5a-92bf-c140453a1ec9 6cb763131f9b48cdbc1d02e2bd4593b8 883f4803711d4f30952575f60840a1cd - - default default] Unable to schedule network c93e448b-7fef-47f7-a495-b89909f7d740: no agents available; will retry on subsequent port and subnet creation events.
2026-06-22 03:04:38.895 9 WARNING neutron_lib.context [None req-ceac0bda-7f0f-46e7-bd3b-5f1eed3010b0 28f8e26e16eb45cf98d91c0bef794191 d7ffd2f3eea9468a9a16979d183f759a - - default default] Method 'is_advsvc' is deprecated since 2023.2 release (neutron-lib 3.8.0) and will be removed once support for the old RBAC API policies will be removed from Neutron. Please use method 'is_service_role' instead.
2026-06-22 03:04:39.101 9 INFO neutron.db.ovn_revision_numbers_db [None req-ceac0bda-7f0f-46e7-bd3b-5f1eed3010b0 28f8e26e16eb45cf98d91c0bef794191 d7ffd2f3eea9468a9a16979d183f759a - - default default] Successfully bumped revision number for resource 6c3599a4-b037-47ab-9b40-7d1b3acf175a (type: security_groups) to 1
2026-06-22 03:04:39.148 9 INFO neutron.db.ovn_revision_numbers_db [None req-ceac0bda-7f0f-46e7-bd3b-5f1eed3010b0 28f8e26e16eb45cf98d91c0bef794191 d7ffd2f3eea9468a9a16979d183f759a - - default default] Successfully bumped revision number for resource 03743477-5c70-45c5-a83a-34b3d9163dbc (type: security_group_rules) to 0
2026-06-22 03:04:39.173 9 INFO neutron.db.ovn_revision_numbers_db [None req-ceac0bda-7f0f-46e7-bd3b-5f1eed3010b0 28f8e26e16eb45cf98d91c0bef794191 d7ffd2f3eea9468a9a16979d183f759a - - default default] Successfully bumped revision number for resource 2e7074fa-ec1b-4b83-a4ed-35c66ff2e420 (type: security_group_rules) to 0
2026-06-22 03:04:39.197 9 INFO neutron.db.ovn_revision_numbers_db [None req-ceac0bda-7f0f-46e7-bd3b-5f1eed3010b0 28f8e26e16eb45cf98d91c0bef794191 d7ffd2f3eea9468a9a16979d183f759a - - default default] Successfully bumped revision number for resource 443d26d4-eac9-4c81-94ac-562584610b9c (type: security_group_rules) to 0
2026-06-22 03:04:39.209 10 INFO neutron.db.ovn_revision_numbers_db [None req-d120b78e-5e09-424d-b967-d6dfe333cfa5 85f301e2e9cb4710adffa45a4b4246bf 9e17edfe74f846fbb163214cc75014ef - - default default] Successfully bumped revision number for resource 1d97c93f-5bd8-4b35-95e5-d45849dab8ec (type: security_groups) to 1
2026-06-22 03:04:39.213 9 INFO neutron.db.ovn_revision_numbers_db [None req-ceac0bda-7f0f-46e7-bd3b-5f1eed3010b0 28f8e26e16eb45cf98d91c0bef794191 d7ffd2f3eea9468a9a16979d183f759a - - default default] Successfully bumped revision number for resource ee86ad51-ef65-4e82-beb8-aecb73cae416 (type: security_group_rules) to 0
2026-06-22 03:04:39.231 10 INFO neutron.db.ovn_revision_numbers_db [None req-d120b78e-5e09-424d-b967-d6dfe333cfa5 85f301e2e9cb4710adffa45a4b4246bf 9e17edfe74f846fbb163214cc75014ef - - default default] Successfully bumped revision number for resource 93d2df69-c1d9-4954-b8a4-42005eb60216 (type: security_group_rules) to 0
2026-06-22 03:04:39.254 10 INFO neutron.db.ovn_revision_numbers_db [None req-d120b78e-5e09-424d-b967-d6dfe333cfa5 85f301e2e9cb4710adffa45a4b4246bf 9e17edfe74f846fbb163214cc75014ef - - default default] Successfully bumped revision number for resource d8a0fcd3-c4be-4d64-b902-480481a96bd4 (type: security_group_rules) to 0
2026-06-22 03:04:39.271 10 INFO neutron.db.ovn_revision_numbers_db [None req-d120b78e-5e09-424d-b967-d6dfe333cfa5 85f301e2e9cb4710adffa45a4b4246bf 9e17edfe74f846fbb163214cc75014ef - - default default] Successfully bumped revision number for resource e1f1bf59-651c-464a-b111-32357585b00a (type: security_group_rules) to 0
2026-06-22 03:04:39.276 9 INFO neutron.db.segments_db [None req-ceac0bda-7f0f-46e7-bd3b-5f1eed3010b0 28f8e26e16eb45cf98d91c0bef794191 d7ffd2f3eea9468a9a16979d183f759a - - default default] Added segment e1d96783-5c29-43ab-a2fa-6f5b7367aa5f of type geneve for network 80a6540a-6f4b-4759-ad0c-123289fa0b42
2026-06-22 03:04:39.292 10 INFO neutron.wsgi [None req-321e72f0-ffeb-4b5a-92bf-c140453a1ec9 6cb763131f9b48cdbc1d02e2bd4593b8 883f4803711d4f30952575f60840a1cd - - default default] 10.0.0.71 "POST /v2.0/floatingips HTTP/1.1" status: 201 len: 751 time: 1.0643790
2026-06-22 03:04:39.293 10 INFO neutron.db.ovn_revision_numbers_db [None req-d120b78e-5e09-424d-b967-d6dfe333cfa5 85f301e2e9cb4710adffa45a4b4246bf 9e17edfe74f846fbb163214cc75014ef - - default default] Successfully bumped revision number for resource fc6054e4-67f3-448e-a547-aa7e1dc8d87d (type: security_group_rules) to 0
2026-06-22 03:04:39.377 10 INFO neutron.wsgi [None req-d120b78e-5e09-424d-b967-d6dfe333cfa5 85f301e2e9cb4710adffa45a4b4246bf 9e17edfe74f846fbb163214cc75014ef - - default default] 10.0.0.71 "GET /v2.0/security-groups?tenant_id=ee16885cad5d44ec8087d88eee254c4c&name=default HTTP/1.1" status: 200 len: 3120 time: 0.8649199
2026-06-22 03:04:39.414 10 INFO neutron.wsgi [None req-17ba8e33-edf8-47c6-a3c9-b377f909eddc 6cb763131f9b48cdbc1d02e2bd4593b8 883f4803711d4f30952575f60840a1cd - - default default] 10.0.0.71 "PUT /v2.0/floatingips/d38f5fc5-7c6f-480d-bcec-34b570512b4f/tags HTTP/1.1" status: 200 len: 210 time: 0.1160545
2026-06-22 03:04:39.480 10 INFO neutron.wsgi [None req-d3d44b4e-0058-4042-bc63-08a8291d01af 6cb763131f9b48cdbc1d02e2bd4593b8 883f4803711d4f30952575f60840a1cd - - default default] 10.0.0.71 "PUT /v2.0/floatingips/eb18389e-a86d-4f92-a0a0-e11f1b7ca9a5/tags HTTP/1.1" status: 200 len: 218 time: 0.0597792
2026-06-22 03:04:39.565 10 INFO neutron.wsgi [None req-91832de7-2284-428d-9cfb-c4f8416cb88a 6cb763131f9b48cdbc1d02e2bd4593b8 883f4803711d4f30952575f60840a1cd - - default default] 10.0.0.71 "PUT /v2.0/floatingips/013c0dd7-2aa7-43dd-ac80-18f9805054a4/tags HTTP/1.1" status: 200 len: 227 time: 0.0792110
2026-06-22 03:04:39.647 10 INFO neutron.wsgi [None req-2de540b1-7840-4e95-8ba9-a7b1adee3cb4 6cb763131f9b48cdbc1d02e2bd4593b8 883f4803711d4f30952575f60840a1cd - - default default] 10.0.0.71 "PUT /v2.0/floatingips/6ce36148-3f04-4412-8d2f-9d37f6b84c02/tags HTTP/1.1" status: 200 len: 212 time: 0.0764670
2026-06-22 03:04:39.720 10 INFO neutron.wsgi [None req-5a4444a2-519c-4e0f-ad71-50da3011d153 6cb763131f9b48cdbc1d02e2bd4593b8 883f4803711d4f30952575f60840a1cd - - default default] 10.0.0.71 "GET /v2.0/floatingips?tags=red HTTP/1.1" status: 200 len: 1866 time: 0.0638950
2026-06-22 03:04:39.803 10 INFO neutron.wsgi [None req-d26face2-8382-403b-80de-e4bf8bb29eb2 6cb763131f9b48cdbc1d02e2bd4593b8 883f4803711d4f30952575f60840a1cd - - default default] 10.0.0.71 "GET /v2.0/floatingips?tags=red%2Cblue HTTP/1.1" status: 200 len: 1323 time: 0.0758543
2026-06-22 03:04:39.859 10 INFO neutron.wsgi [None req-c3de8668-8c7d-4c3f-a586-1240239a18a0 6cb763131f9b48cdbc1d02e2bd4593b8 883f4803711d4f30952575f60840a1cd - - default default] 10.0.0.71 "GET /v2.0/floatingips?tags-any=blue HTTP/1.1" status: 200 len: 1323 time: 0.0504193
2026-06-22 03:04:39.919 10 INFO neutron.wsgi [None req-0dd30aac-30dd-4720-9c53-cf6bc2e9edcc 6cb763131f9b48cdbc1d02e2bd4593b8 883f4803711d4f30952575f60840a1cd - - default default] 10.0.0.71 "GET /v2.0/floatingips?tags-any=red%2Cblue HTTP/1.1" status: 200 len: 1866 time: 0.0503664
2026-06-22 03:04:39.949 9 INFO neutron.db.ovn_revision_numbers_db [None req-ceac0bda-7f0f-46e7-bd3b-5f1eed3010b0 28f8e26e16eb45cf98d91c0bef794191 d7ffd2f3eea9468a9a16979d183f759a - - default default] Successfully bumped revision number for resource 80a6540a-6f4b-4759-ad0c-123289fa0b42 (type: networks) to 1
2026-06-22 03:04:40.016 10 INFO neutron.wsgi [None req-305f2973-aaa2-43bc-a62b-7aebedb53d26 6cb763131f9b48cdbc1d02e2bd4593b8 883f4803711d4f30952575f60840a1cd - - default default] 10.0.0.71 "GET /v2.0/floatingips?not-tags=red HTTP/1.1" status: 200 len: 1295 time: 0.0913589
2026-06-22 03:04:40.038 10 INFO neutron.wsgi [None req-3adb695f-b473-473f-9370-8707b65cc554 85f301e2e9cb4710adffa45a4b4246bf 9e17edfe74f846fbb163214cc75014ef - - default default] 10.0.0.71 "DELETE /v2.0/security-groups/1d97c93f-5bd8-4b35-95e5-d45849dab8ec HTTP/1.1" status: 204 len: 168 time: 0.6486802
2026-06-22 03:04:40.050 10 INFO neutron.wsgi [req-efc6be39-44c8-4669-9377-0178d6c3cedb req-57001741-e989-4b93-ba50-c8098deb4167 17afc1d08de041dfa38273d6b371a1d5 5906ba1e44ae432baa0accefc60ac670 - - default default] 10.0.0.149 "GET /v2.0/ports?device_id=d69dfc7f-3c65-49f5-a611-5df3d0ad1575 HTTP/1.1" status: 200 len: 1170 time: 0.1973836
2026-06-22 03:04:40.092 9 INFO neutron.wsgi [None req-f10aefa2-f5d8-4e25-bb0f-841d5a84970f 6cb763131f9b48cdbc1d02e2bd4593b8 883f4803711d4f30952575f60840a1cd - - default default] 10.0.0.71 "GET /v2.0/floatingips?not-tags=red%2Cblue HTTP/1.1" status: 200 len: 1838 time: 0.0691557
2026-06-22 03:04:40.139 10 INFO neutron.wsgi [req-efc6be39-44c8-4669-9377-0178d6c3cedb req-9d9f3e77-4e37-42b6-9344-399beaf862ac 17afc1d08de041dfa38273d6b371a1d5 5906ba1e44ae432baa0accefc60ac670 - - default default] 10.0.0.149 "GET /v2.0/security-groups?id=c21f2c70-24c3-43ea-9679-32edacd7763c&fields=id&fields=name HTTP/1.1" status: 200 len: 313 time: 0.0764456
2026-06-22 03:04:40.144 10 INFO neutron.wsgi [None req-8397170b-81ff-454e-9a1c-46938e61265a 6cb763131f9b48cdbc1d02e2bd4593b8 883f4803711d4f30952575f60840a1cd - - default default] 10.0.0.71 "GET /v2.0/floatingips?not-tags-any=blue HTTP/1.1" status: 200 len: 1838 time: 0.0466044
2026-06-22 03:04:40.185 10 INFO neutron.wsgi [None req-302769d1-83d3-4ea3-be66-6df04e0846a7 6cb763131f9b48cdbc1d02e2bd4593b8 883f4803711d4f30952575f60840a1cd - - default default] 10.0.0.71 "GET /v2.0/floatingips?not-tags-any=red%2Cblue HTTP/1.1" status: 200 len: 1295 time: 0.0364742
2026-06-22 03:04:40.257 9 WARNING neutron.scheduler.dhcp_agent_scheduler [None req-ceac0bda-7f0f-46e7-bd3b-5f1eed3010b0 28f8e26e16eb45cf98d91c0bef794191 d7ffd2f3eea9468a9a16979d183f759a - - default default] No more DHCP agents
2026-06-22 03:04:40.261 9 WARNING neutron.api.rpc.agentnotifiers.dhcp_rpc_agent_api [None req-ceac0bda-7f0f-46e7-bd3b-5f1eed3010b0 28f8e26e16eb45cf98d91c0bef794191 d7ffd2f3eea9468a9a16979d183f759a - - default default] Unable to schedule network 80a6540a-6f4b-4759-ad0c-123289fa0b42: no agents available; will retry on subsequent port and subnet creation events.
2026-06-22 03:04:40.368 9 INFO neutron.db.ovn_revision_numbers_db [None req-ceac0bda-7f0f-46e7-bd3b-5f1eed3010b0 28f8e26e16eb45cf98d91c0bef794191 d7ffd2f3eea9468a9a16979d183f759a - - default default] Successfully bumped revision number for resource f03634e1-a6c8-4a55-877e-054086e45b2d (type: ports) to 1
2026-06-22 03:04:40.400 9 INFO neutron.wsgi [None req-ceac0bda-7f0f-46e7-bd3b-5f1eed3010b0 28f8e26e16eb45cf98d91c0bef794191 d7ffd2f3eea9468a9a16979d183f759a - - default default] 10.0.0.71 "POST /v2.0/networks HTTP/1.1" status: 201 len: 849 time: 1.5575955
2026-06-22 03:04:40.416 9 WARNING neutron_lib.context [None req-19bb8cb0-dc47-4dac-8f88-1b4940321772 28f8e26e16eb45cf98d91c0bef794191 d7ffd2f3eea9468a9a16979d183f759a - - default default] Method 'is_advsvc' is deprecated since 2023.2 release (neutron-lib 3.8.0) and will be removed once support for the old RBAC API policies will be removed from Neutron. Please use method 'is_service_role' instead.
2026-06-22 03:04:40.429 10 INFO neutron.wsgi [req-fa33ac43-a56f-4e11-af07-89f09a7e7af9 req-83ac2568-843d-4df3-a163-4e17cd9351d4 17afc1d08de041dfa38273d6b371a1d5 5906ba1e44ae432baa0accefc60ac670 - - default default] 10.0.0.149 "GET /v2.0/ports?device_id=d69dfc7f-3c65-49f5-a611-5df3d0ad1575 HTTP/1.1" status: 200 len: 1170 time: 0.0853589
2026-06-22 03:04:40.517 10 INFO neutron.wsgi [req-fa33ac43-a56f-4e11-af07-89f09a7e7af9 req-59d2f18f-3e51-43c8-b0b2-e05863e4235d 17afc1d08de041dfa38273d6b371a1d5 5906ba1e44ae432baa0accefc60ac670 - - default default] 10.0.0.149 "GET /v2.0/security-groups?id=c21f2c70-24c3-43ea-9679-32edacd7763c&fields=id&fields=name HTTP/1.1" status: 200 len: 313 time: 0.0785956
2026-06-22 03:04:40.672 9 INFO neutron.plugins.ml2.drivers.ovn.mech_driver.mech_driver [None req-11e537fb-cb2e-43b4-8e9f-2ce3ad3b24ee - - - - - -] OVN reports status down for port: 4aaef2fa-b00f-4f26-920e-4fd5594261ee
2026-06-22 03:04:40.690 10 INFO neutron.wsgi [None req-6ba11a42-3c3c-4ffb-8d5e-5756a342eab2 6cb763131f9b48cdbc1d02e2bd4593b8 883f4803711d4f30952575f60840a1cd - - default default] 10.0.0.71 "DELETE /v2.0/floatingips/d38f5fc5-7c6f-480d-bcec-34b570512b4f HTTP/1.1" status: 204 len: 168 time: 0.4994760
2026-06-22 03:04:40.712 9 WARNING neutron.scheduler.dhcp_agent_scheduler [None req-19bb8cb0-dc47-4dac-8f88-1b4940321772 28f8e26e16eb45cf98d91c0bef794191 d7ffd2f3eea9468a9a16979d183f759a - - default default] No more DHCP agents
2026-06-22 03:04:40.720 9 WARNING neutron.api.rpc.agentnotifiers.dhcp_rpc_agent_api [None req-19bb8cb0-dc47-4dac-8f88-1b4940321772 28f8e26e16eb45cf98d91c0bef794191 d7ffd2f3eea9468a9a16979d183f759a - - default default] Unable to schedule network 80a6540a-6f4b-4759-ad0c-123289fa0b42: no agents available; will retry on subsequent port and subnet creation events.
2026-06-22 03:04:40.766 9 INFO neutron.db.ovn_revision_numbers_db [None req-19bb8cb0-dc47-4dac-8f88-1b4940321772 28f8e26e16eb45cf98d91c0bef794191 d7ffd2f3eea9468a9a16979d183f759a - - default default] Successfully bumped revision number for resource a3c6a8d6-f953-430c-b62c-af063c5f337e (type: subnets) to 0
2026-06-22 03:04:40.789 9 INFO neutron.wsgi [None req-19bb8cb0-dc47-4dac-8f88-1b4940321772 28f8e26e16eb45cf98d91c0bef794191 d7ffd2f3eea9468a9a16979d183f759a - - default default] 10.0.0.71 "POST /v2.0/subnets HTTP/1.1" status: 201 len: 802 time: 0.3816574
2026-06-22 03:04:40.801 9 WARNING neutron_lib.context [None req-d72bd8ac-07bf-40c6-ae2e-810a7b116212 28f8e26e16eb45cf98d91c0bef794191 d7ffd2f3eea9468a9a16979d183f759a - - default default] Method 'is_advsvc' is deprecated since 2023.2 release (neutron-lib 3.8.0) and will be removed once support for the old RBAC API policies will be removed from Neutron. Please use method 'is_service_role' instead.
2026-06-22 03:04:40.906 9 INFO neutron.notifiers.nova [-] Nova event matching ['req-707076e9-ebe4-4324-b056-87620d62dd29'] response: {'server_uuid': 'd69dfc7f-3c65-49f5-a611-5df3d0ad1575', 'name': 'network-vif-unplugged', 'status': 'completed', 'tag': '4aaef2fa-b00f-4f26-920e-4fd5594261ee', 'code': 200}
2026-06-22 03:04:41.150 10 INFO neutron.wsgi [None req-0a8d78d3-8295-4a1f-a8b1-35b6bceeced6 6cb763131f9b48cdbc1d02e2bd4593b8 883f4803711d4f30952575f60840a1cd - - default default] 10.0.0.71 "DELETE /v2.0/floatingips/eb18389e-a86d-4f92-a0a0-e11f1b7ca9a5 HTTP/1.1" status: 204 len: 168 time: 0.4521329
2026-06-22 03:04:41.225 9 INFO neutron.wsgi [req-97d9fb59-e4f0-4447-8f81-3866a1b9cf85 req-c600822f-2621-4343-85e2-48bff65aa40f 17afc1d08de041dfa38273d6b371a1d5 5906ba1e44ae432baa0accefc60ac670 - - default default] 199.204.45.216 "GET /v2.0/ports?device_id=d69dfc7f-3c65-49f5-a611-5df3d0ad1575 HTTP/1.1" status: 200 len: 1168 time: 0.2546682
2026-06-22 03:04:41.420 9 INFO neutron.db.ovn_revision_numbers_db [None req-11e537fb-cb2e-43b4-8e9f-2ce3ad3b24ee - - - - - -] Successfully bumped revision number for resource 4aaef2fa-b00f-4f26-920e-4fd5594261ee (type: ports) to 7
2026-06-22 03:04:41.575 10 INFO neutron.wsgi [None req-2c0ffdef-cab5-49d3-b788-1607750ee95d 6cb763131f9b48cdbc1d02e2bd4593b8 883f4803711d4f30952575f60840a1cd - - default default] 10.0.0.71 "DELETE /v2.0/floatingips/013c0dd7-2aa7-43dd-ac80-18f9805054a4 HTTP/1.1" status: 204 len: 168 time: 0.4171474
2026-06-22 03:04:41.673 10 INFO neutron.wsgi [req-4c61bddb-2207-4945-9052-de94f4c4767d req-1b88d0b6-087e-4c47-ae4c-0fd59b55daa5 17afc1d08de041dfa38273d6b371a1d5 5906ba1e44ae432baa0accefc60ac670 - - default default] 10.0.0.149 "GET /v2.0/ports?device_id=d69dfc7f-3c65-49f5-a611-5df3d0ad1575 HTTP/1.1" status: 200 len: 1168 time: 0.0680654
2026-06-22 03:04:41.741 10 INFO neutron.wsgi [req-4c61bddb-2207-4945-9052-de94f4c4767d req-f6e37fce-b9cf-443e-adcc-ee9fcc2a4c88 17afc1d08de041dfa38273d6b371a1d5 5906ba1e44ae432baa0accefc60ac670 - - default default] 10.0.0.149 "GET /v2.0/security-groups?id=c21f2c70-24c3-43ea-9679-32edacd7763c&fields=id&fields=name HTTP/1.1" status: 200 len: 313 time: 0.0617375
2026-06-22 03:04:42.078 10 INFO neutron.wsgi [None req-d7985fa5-eb2b-4297-a01e-b430040e49f7 6cb763131f9b48cdbc1d02e2bd4593b8 883f4803711d4f30952575f60840a1cd - - default default] 10.0.0.71 "DELETE /v2.0/floatingips/6ce36148-3f04-4412-8d2f-9d37f6b84c02 HTTP/1.1" status: 204 len: 168 time: 0.4986067
2026-06-22 03:04:42.099 9 WARNING neutron.scheduler.dhcp_agent_scheduler [None req-d72bd8ac-07bf-40c6-ae2e-810a7b116212 28f8e26e16eb45cf98d91c0bef794191 d7ffd2f3eea9468a9a16979d183f759a - - default default] No more DHCP agents
2026-06-22 03:04:42.103 9 WARNING neutron.api.rpc.agentnotifiers.dhcp_rpc_agent_api [None req-d72bd8ac-07bf-40c6-ae2e-810a7b116212 28f8e26e16eb45cf98d91c0bef794191 d7ffd2f3eea9468a9a16979d183f759a - - default default] Unable to schedule network c93e448b-7fef-47f7-a495-b89909f7d740: no agents available; will retry on subsequent port and subnet creation events.
2026-06-22 03:04:42.255 9 INFO neutron.db.l3_db [req-97d9fb59-e4f0-4447-8f81-3866a1b9cf85 req-91d4f16e-45da-4464-a1bf-6f86048d501b 17afc1d08de041dfa38273d6b371a1d5 5906ba1e44ae432baa0accefc60ac670 - - default default] Floating IP ec191312-ad95-402b-98fe-2eff7236855a disassociated. External IP: 10.96.250.210, port: 4aaef2fa-b00f-4f26-920e-4fd5594261ee.
2026-06-22 03:04:42.417 9 INFO neutron.db.ovn_revision_numbers_db [None req-d72bd8ac-07bf-40c6-ae2e-810a7b116212 28f8e26e16eb45cf98d91c0bef794191 d7ffd2f3eea9468a9a16979d183f759a - - default default] Successfully bumped revision number for resource 2cc0a44f-4f6e-4829-a769-c931763bb374 (type: ports) to 1
2026-06-22 03:04:42.496 9 INFO neutron.wsgi [req-97d9fb59-e4f0-4447-8f81-3866a1b9cf85 req-91d4f16e-45da-4464-a1bf-6f86048d501b 17afc1d08de041dfa38273d6b371a1d5 5906ba1e44ae432baa0accefc60ac670 - - default default] 199.204.45.216 "DELETE /v2.0/ports/4aaef2fa-b00f-4f26-920e-4fd5594261ee HTTP/1.1" status: 204 len: 173 time: 1.2621443
2026-06-22 03:04:42.497 10 INFO neutron.wsgi [None req-ae910be0-a726-4ae6-9ac1-7be554080188 6cb763131f9b48cdbc1d02e2bd4593b8 883f4803711d4f30952575f60840a1cd - - default default] 10.0.0.71 "DELETE /v2.0/floatingips/b2436136-cb04-4ce1-82c8-588a1335acd3 HTTP/1.1" status: 204 len: 168 time: 0.4111660
2026-06-22 03:04:42.848 10 INFO neutron.wsgi [req-fa5bb772-6de8-442c-ae99-02e29a13721e req-8a820ebb-3ade-4757-8ff4-78f2d5702ead 17afc1d08de041dfa38273d6b371a1d5 5906ba1e44ae432baa0accefc60ac670 - - default default] 10.0.0.149 "GET /v2.0/ports?device_id=d69dfc7f-3c65-49f5-a611-5df3d0ad1575 HTTP/1.1" status: 200 len: 210 time: 0.0247161
2026-06-22 03:04:42.947 9 INFO neutron.notifiers.nova [-] Nova event matching ['req-d7fdc778-2a28-4114-9535-81fa71cfe810'] response: {'server_uuid': 'd69dfc7f-3c65-49f5-a611-5df3d0ad1575', 'name': 'network-vif-unplugged', 'status': 'completed', 'tag': '4aaef2fa-b00f-4f26-920e-4fd5594261ee', 'code': 200}
2026-06-22 03:04:42.948 9 INFO neutron.notifiers.nova [-] Nova event matching ['req-d7fdc778-2a28-4114-9535-81fa71cfe810'] response: {'server_uuid': 'd69dfc7f-3c65-49f5-a611-5df3d0ad1575', 'name': 'network-vif-deleted', 'tag': '4aaef2fa-b00f-4f26-920e-4fd5594261ee', 'status': 'completed', 'code': 200}
2026-06-22 03:04:43.305 10 WARNING neutron_lib.context [None req-13d36181-4ac1-43ac-b49f-dffe140fcf84 352316ba48824c048bc661d94583dafd ff984ce8357447f9b89e0c4bc2a57706 - - default default] Method 'is_advsvc' is deprecated since 2023.2 release (neutron-lib 3.8.0) and will be removed once support for the old RBAC API policies will be removed from Neutron. Please use method 'is_service_role' instead.
2026-06-22 03:04:43.476 10 INFO neutron.db.ovn_revision_numbers_db [None req-13d36181-4ac1-43ac-b49f-dffe140fcf84 352316ba48824c048bc661d94583dafd ff984ce8357447f9b89e0c4bc2a57706 - - default default] Successfully bumped revision number for resource 3c16ce14-c5b4-4533-8821-fc56629c1b94 (type: security_groups) to 1
2026-06-22 03:04:43.492 10 INFO neutron.db.ovn_revision_numbers_db [None req-13d36181-4ac1-43ac-b49f-dffe140fcf84 352316ba48824c048bc661d94583dafd ff984ce8357447f9b89e0c4bc2a57706 - - default default] Successfully bumped revision number for resource 66ce26c7-99ef-4a79-a8b8-6e38bcc92413 (type: security_group_rules) to 0
2026-06-22 03:04:43.513 10 INFO neutron.db.ovn_revision_numbers_db [None req-13d36181-4ac1-43ac-b49f-dffe140fcf84 352316ba48824c048bc661d94583dafd ff984ce8357447f9b89e0c4bc2a57706 - - default default] Successfully bumped revision number for resource 72da1ec0-66da-441b-b951-3d2b9d2bc348 (type: security_group_rules) to 0
2026-06-22 03:04:43.523 9 INFO neutron.plugins.ml2.drivers.ovn.mech_driver.ovsdb.commands [None req-4ef78323-77b5-4e5c-bf5c-6fb59f1d426f - - - - - -] Schedule LRP lrp-2cc0a44f-4f6e-4829-a769-c931763bb374 on gateway fb47d817-7027-45e0-8447-b05306e3c8c3 with priority 1
2026-06-22 03:04:43.543 10 INFO neutron.plugins.ml2.drivers.ovn.mech_driver.mech_driver [None req-3e709302-db6d-4991-9ee7-1ef00f3c6a42 - - - - - -] OVN reports status up for port: 2cc0a44f-4f6e-4829-a769-c931763bb374
2026-06-22 03:04:43.546 10 INFO neutron.db.ovn_revision_numbers_db [None req-13d36181-4ac1-43ac-b49f-dffe140fcf84 352316ba48824c048bc661d94583dafd ff984ce8357447f9b89e0c4bc2a57706 - - default default] Successfully bumped revision number for resource 7d87d1bf-4540-471c-9f75-d03b010f202d (type: security_group_rules) to 0
2026-06-22 03:04:43.555 10 INFO neutron.plugins.ml2.plugin [None req-3e709302-db6d-4991-9ee7-1ef00f3c6a42 - - - - - -] Attempt 1 to provision port 2cc0a44f-4f6e-4829-a769-c931763bb374
2026-06-22 03:04:43.582 9 INFO neutron.db.ovn_revision_numbers_db [None req-d72bd8ac-07bf-40c6-ae2e-810a7b116212 28f8e26e16eb45cf98d91c0bef794191 d7ffd2f3eea9468a9a16979d183f759a - - default default] Successfully bumped revision number for resource 2cc0a44f-4f6e-4829-a769-c931763bb374 (type: router_ports) to 1
2026-06-22 03:04:43.584 10 INFO neutron.db.ovn_revision_numbers_db [None req-13d36181-4ac1-43ac-b49f-dffe140fcf84 352316ba48824c048bc661d94583dafd ff984ce8357447f9b89e0c4bc2a57706 - - default default] Successfully bumped revision number for resource 914dfa81-26c6-43e3-a797-c8f722232ee2 (type: security_group_rules) to 0
2026-06-22 03:04:43.663 10 INFO neutron.db.segments_db [None req-13d36181-4ac1-43ac-b49f-dffe140fcf84 352316ba48824c048bc661d94583dafd ff984ce8357447f9b89e0c4bc2a57706 - - default default] Added segment 6b6b682c-72e5-4b22-965a-57c875f1bfc4 of type geneve for network bafba49e-4ab7-4f06-aad8-e4343be3677e
2026-06-22 03:04:43.684 9 INFO neutron.db.ovn_revision_numbers_db [None req-d72bd8ac-07bf-40c6-ae2e-810a7b116212 28f8e26e16eb45cf98d91c0bef794191 d7ffd2f3eea9468a9a16979d183f759a - - default default] Successfully bumped revision number for resource ce4bad69-07b6-4ee1-8ca4-11da18013e1a (type: routers) to 2
2026-06-22 03:04:43.706 9 INFO neutron.wsgi [None req-d72bd8ac-07bf-40c6-ae2e-810a7b116212 28f8e26e16eb45cf98d91c0bef794191 d7ffd2f3eea9468a9a16979d183f759a - - default default] 10.0.0.71 "POST /v2.0/routers HTTP/1.1" status: 201 len: 1154 time: 2.9114721 /var/lib/openstack/lib/python3.10/site-packages/pycadf/identifier.py:71: UserWarning: Invalid uuid: neutron. To ensure interoperability, identifiers should be a valid uuid. warnings.warn(('Invalid uuid: %s. To ensure interoperability, '
2026-06-22 03:04:43.765 10 INFO neutron.wsgi [-] 10.0.0.86 "GET / HTTP/1.1" status: 200 len: 246 time: 0.0017066
2026-06-22 03:04:43.767 10 INFO neutron.wsgi [-] 10.0.0.86 "GET / HTTP/1.1" status: 200 len: 246 time: 0.0010891
2026-06-22 03:04:43.887 10 INFO neutron.db.ovn_revision_numbers_db [None req-13d36181-4ac1-43ac-b49f-dffe140fcf84 352316ba48824c048bc661d94583dafd ff984ce8357447f9b89e0c4bc2a57706 - - default default] Successfully bumped revision number for resource bafba49e-4ab7-4f06-aad8-e4343be3677e (type: networks) to 1
2026-06-22 03:04:43.898 10 INFO neutron.db.ovn_revision_numbers_db [None req-b52afff9-8d89-40fe-a75d-86d428cdf20f 85f301e2e9cb4710adffa45a4b4246bf 9e17edfe74f846fbb163214cc75014ef - - default default] Successfully bumped revision number for resource 772c691e-23c2-454c-ab1a-4f56820aea8f (type: security_groups) to 1
2026-06-22 03:04:43.930 10 INFO neutron.db.ovn_revision_numbers_db [None req-b52afff9-8d89-40fe-a75d-86d428cdf20f 85f301e2e9cb4710adffa45a4b4246bf 9e17edfe74f846fbb163214cc75014ef - - default default] Successfully bumped revision number for resource 5c20c6c7-e743-481d-8935-ff59dc34507e (type: security_group_rules) to 0
2026-06-22 03:04:43.957 10 INFO neutron.db.ovn_revision_numbers_db [None req-b52afff9-8d89-40fe-a75d-86d428cdf20f 85f301e2e9cb4710adffa45a4b4246bf 9e17edfe74f846fbb163214cc75014ef - - default default] Successfully bumped revision number for resource 7d981fcf-8bd5-43fe-96de-587a74b26d36 (type: security_group_rules) to 0
2026-06-22 03:04:43.989 10 INFO neutron.db.ovn_revision_numbers_db [None req-b52afff9-8d89-40fe-a75d-86d428cdf20f 85f301e2e9cb4710adffa45a4b4246bf 9e17edfe74f846fbb163214cc75014ef - - default default] Successfully bumped revision number for resource 993398c0-dd90-4434-9f03-eaa46077addb (type: security_group_rules) to 0
2026-06-22 03:04:44.029 10 INFO neutron.db.ovn_revision_numbers_db [None req-b52afff9-8d89-40fe-a75d-86d428cdf20f 85f301e2e9cb4710adffa45a4b4246bf 9e17edfe74f846fbb163214cc75014ef - - default default] Successfully bumped revision number for resource be89a92e-5dff-4e1b-87c7-c722eb189f8f (type: security_group_rules) to 0
2026-06-22 03:04:44.072 10 INFO neutron.wsgi [None req-b52afff9-8d89-40fe-a75d-86d428cdf20f 85f301e2e9cb4710adffa45a4b4246bf 9e17edfe74f846fbb163214cc75014ef - - default default] 10.0.0.71 "GET /v2.0/security-groups?tenant_id=3863cb7409cf4ae6b0d09af07d00acd2&name=default HTTP/1.1" status: 200 len: 3120 time: 0.5714138
2026-06-22 03:04:44.228 9 INFO neutron.wsgi [None req-da9b1615-cccc-4bcf-aeef-a4caca35719f 17afc1d08de041dfa38273d6b371a1d5 5906ba1e44ae432baa0accefc60ac670 - - default default] 10.0.0.71 "DELETE /v2.0/security-groups/c21f2c70-24c3-43ea-9679-32edacd7763c HTTP/1.1" status: 204 len: 168 time: 0.2599590
2026-06-22 03:04:44.249 9 INFO neutron.api.v2.resource [None req-8a534338-aa9e-484f-9962-78a7175a2fe4 17afc1d08de041dfa38273d6b371a1d5 5906ba1e44ae432baa0accefc60ac670 - - default default] show failed (client error): The resource could not be found.
2026-06-22 03:04:44.251 9 INFO neutron.wsgi [None req-8a534338-aa9e-484f-9962-78a7175a2fe4 17afc1d08de041dfa38273d6b371a1d5 5906ba1e44ae432baa0accefc60ac670 - - default default] 10.0.0.71 "GET /v2.0/security-groups/c21f2c70-24c3-43ea-9679-32edacd7763c HTTP/1.1" status: 404 len: 347 time: 0.0162795
2026-06-22 03:04:44.519 10 WARNING neutron.scheduler.dhcp_agent_scheduler [None req-13d36181-4ac1-43ac-b49f-dffe140fcf84 352316ba48824c048bc661d94583dafd ff984ce8357447f9b89e0c4bc2a57706 - - default default] No more DHCP agents
2026-06-22 03:04:44.522 10 WARNING neutron.api.rpc.agentnotifiers.dhcp_rpc_agent_api [None req-13d36181-4ac1-43ac-b49f-dffe140fcf84 352316ba48824c048bc661d94583dafd ff984ce8357447f9b89e0c4bc2a57706 - - default default] Unable to schedule network bafba49e-4ab7-4f06-aad8-e4343be3677e: no agents available; will retry on subsequent port and subnet creation events.
2026-06-22 03:04:44.644 10 INFO neutron.db.ovn_revision_numbers_db [None req-13d36181-4ac1-43ac-b49f-dffe140fcf84 352316ba48824c048bc661d94583dafd ff984ce8357447f9b89e0c4bc2a57706 - - default default] Successfully bumped revision number for resource 70ca83f9-326c-4a7d-a1d3-5d2fbae436c6 (type: ports) to 1
