2026-06-22 03:02:49.993 10 INFO neutron.wsgi [req-469b4f98-f18a-41a0-9719-fc605dd48958 req-56fe55be-cf98-40af-abe6-b54e9fdd9902 49f564b3569544a99967d68285746c1c c8dfcedaabf6481a9e5d600c676b8205 - - default default] 10.0.0.149 "GET /v2.0/ports?device_id=6313a5b9-fa9f-4070-a05f-b2d831fd1503 HTTP/1.1" status: 200 len: 1174 time: 0.1978292
2026-06-22 03:02:50.146 10 INFO neutron.wsgi [req-469b4f98-f18a-41a0-9719-fc605dd48958 req-388bbd24-f8bb-4d7e-9195-9fc92c3c4895 49f564b3569544a99967d68285746c1c c8dfcedaabf6481a9e5d600c676b8205 - - default default] 10.0.0.149 "GET /v2.0/security-groups?id=e71d908f-9cbc-4492-b3a8-c0097561ebef&fields=id&fields=name HTTP/1.1" status: 200 len: 313 time: 0.1447897
2026-06-22 03:02:50.278 9 WARNING neutron.scheduler.dhcp_agent_scheduler [None req-454c691c-f95b-43c4-9a08-8722f7721c6b 85f301e2e9cb4710adffa45a4b4246bf 9e17edfe74f846fbb163214cc75014ef - - default default] No more DHCP agents
2026-06-22 03:02:50.280 9 WARNING neutron.api.rpc.agentnotifiers.dhcp_rpc_agent_api [None req-454c691c-f95b-43c4-9a08-8722f7721c6b 85f301e2e9cb4710adffa45a4b4246bf 9e17edfe74f846fbb163214cc75014ef - - default default] Unable to schedule network 873970d3-066d-4fa8-acff-343ac8e16fc2: no agents available; will retry on subsequent port and subnet creation events.
2026-06-22 03:02:50.497 9 INFO neutron.db.ovn_revision_numbers_db [None req-454c691c-f95b-43c4-9a08-8722f7721c6b 85f301e2e9cb4710adffa45a4b4246bf 9e17edfe74f846fbb163214cc75014ef - - default default] Successfully bumped revision number for resource 4930826b-8f5e-421b-b99b-8faa0ea71e63 (type: ports) to 1
2026-06-22 03:02:50.513 10 WARNING neutron.scheduler.dhcp_agent_scheduler [None req-31adaad4-b171-4d8d-bc89-e00cc7f13d3b 85f301e2e9cb4710adffa45a4b4246bf 9e17edfe74f846fbb163214cc75014ef - - default default] No more DHCP agents
2026-06-22 03:02:50.525 10 WARNING neutron.api.rpc.agentnotifiers.dhcp_rpc_agent_api [None req-31adaad4-b171-4d8d-bc89-e00cc7f13d3b 85f301e2e9cb4710adffa45a4b4246bf 9e17edfe74f846fbb163214cc75014ef - - default default] Unable to schedule network c93e448b-7fef-47f7-a495-b89909f7d740: no agents available; will retry on subsequent port and subnet creation events.
2026-06-22 03:02:50.560 10 INFO neutron.db.ovn_revision_numbers_db [None req-c2640a0e-1f08-4ed2-97f1-a3c702b88a9e - - - - - -] Successfully bumped revision number for resource d1e5216f-83f6-4f56-9f2b-9d7911987fc0 (type: ports) to 1
2026-06-22 03:02:50.748 10 INFO neutron.db.ovn_revision_numbers_db [None req-31adaad4-b171-4d8d-bc89-e00cc7f13d3b 85f301e2e9cb4710adffa45a4b4246bf 9e17edfe74f846fbb163214cc75014ef - - default default] Successfully bumped revision number for resource ca371a5f-a3b8-47fe-a109-91af43d59e29 (type: ports) to 1
2026-06-22 03:02:51.092 9 ERROR ovsdbapp.backend.ovs_idl.command [None req-454c691c-f95b-43c4-9a08-8722f7721c6b 85f301e2e9cb4710adffa45a4b4246bf 9e17edfe74f846fbb163214cc75014ef - - default default] Error executing command (DbGetCommand): ovsdbapp.backend.ovs_idl.idlutils.RowNotFound: Cannot find Logical_Router_Port with name=lrp-4930826b-8f5e-421b-b99b-8faa0ea71e63
2026-06-22 03:02:51.092 9 ERROR ovsdbapp.backend.ovs_idl.command
Traceback (most recent call last):
2026-06-22 03:02:51.092 9 ERROR ovsdbapp.backend.ovs_idl.command
File "/var/lib/openstack/lib/python3.10/site-packages/ovsdbapp/backend/ovs_idl/command.py", line 47, in execute
2026-06-22 03:02:51.092 9 ERROR ovsdbapp.backend.ovs_idl.command self.run_idl(None)
2026-06-22 03:02:51.092 9 ERROR ovsdbapp.backend.ovs_idl.command
File "/var/lib/openstack/lib/python3.10/site-packages/ovsdbapp/backend/ovs_idl/command.py", line 235, in run_idl
2026-06-22 03:02:51.092 9 ERROR ovsdbapp.backend.ovs_idl.command record = self.api.lookup(self.table, self.record)
2026-06-22 03:02:51.092 9 ERROR ovsdbapp.backend.ovs_idl.command
File "/var/lib/openstack/lib/python3.10/site-packages/ovsdbapp/backend/ovs_idl/__init__.py", line 184, in lookup
2026-06-22 03:02:51.092 9 ERROR ovsdbapp.backend.ovs_idl.command return self._lookup(table, record)
2026-06-22 03:02:51.092 9 ERROR ovsdbapp.backend.ovs_idl.command
File "/var/lib/openstack/lib/python3.10/site-packages/ovsdbapp/backend/ovs_idl/__init__.py", line 235, in _lookup
2026-06-22 03:02:51.092 9 ERROR ovsdbapp.backend.ovs_idl.command row = idlutils.row_by_value(self, rl.table, rl.column, record)
2026-06-22 03:02:51.092 9 ERROR ovsdbapp.backend.ovs_idl.command
File "/var/lib/openstack/lib/python3.10/site-packages/ovsdbapp/backend/ovs_idl/idlutils.py", line 114, in row_by_value
2026-06-22 03:02:51.092 9 ERROR ovsdbapp.backend.ovs_idl.command raise RowNotFound(table=table, col=column, match=match)
2026-06-22 03:02:51.092 9 ERROR ovsdbapp.backend.ovs_idl.command ovsdbapp.backend.ovs_idl.idlutils.RowNotFound: Cannot find Logical_Router_Port with name=lrp-4930826b-8f5e-421b-b99b-8faa0ea71e63
2026-06-22 03:02:51.092 9 ERROR ovsdbapp.backend.ovs_idl.command 
2026-06-22 03:02:51.093 9 ERROR neutron_lib.callbacks.manager [None req-454c691c-f95b-43c4-9a08-8722f7721c6b 85f301e2e9cb4710adffa45a4b4246bf 9e17edfe74f846fbb163214cc75014ef - - default default] Error during notification for neutron.services.ovn_l3.plugin.OVNL3RouterPlugin._port_update-8752314948326 port, after_update: ovsdbapp.backend.ovs_idl.idlutils.RowNotFound: Cannot find Logical_Router_Port with name=lrp-4930826b-8f5e-421b-b99b-8faa0ea71e63
2026-06-22 03:02:51.093 9 ERROR neutron_lib.callbacks.manager
Traceback (most recent call last):
2026-06-22 03:02:51.093 9 ERROR neutron_lib.callbacks.manager
File "/var/lib/openstack/lib/python3.10/site-packages/neutron_lib/callbacks/manager.py", line 189, in _notify_loop
2026-06-22 03:02:51.093 9 ERROR neutron_lib.callbacks.manager callback.method(resource, event, trigger, payload=payload)
2026-06-22 03:02:51.093 9 ERROR neutron_lib.callbacks.manager
File "/var/lib/openstack/lib/python3.10/site-packages/neutron/services/ovn_l3/plugin.py", line 391, in _port_update
2026-06-22 03:02:51.093 9 ERROR neutron_lib.callbacks.manager l3plugin._ovn_client.update_router_port(context,
2026-06-22 03:02:51.093 9 ERROR neutron_lib.callbacks.manager
File "/var/lib/openstack/lib/python3.10/site-packages/neutron/plugins/ml2/drivers/ovn/mech_driver/ovsdb/ovn_client.py", line 1878, in update_router_port
2026-06-22 03:02:51.093 9 ERROR neutron_lib.callbacks.manager self._update_lrouter_port(context, port, if_exists=if_exists,
2026-06-22 03:02:51.093 9 ERROR neutron_lib.callbacks.manager
File "/var/lib/openstack/lib/python3.10/site-packages/neutron/plugins/ml2/drivers/ovn/mech_driver/ovsdb/ovn_client.py", line 1855, in _update_lrouter_port
2026-06-22 03:02:51.093 9 ERROR neutron_lib.callbacks.manager external_ids = self._nb_idl.db_get(
2026-06-22 03:02:51.093 9 ERROR neutron_lib.callbacks.manager
File "/var/lib/openstack/lib/python3.10/site-packages/ovsdbapp/backend/ovs_idl/command.py", line 47, in execute
2026-06-22 03:02:51.093 9 ERROR neutron_lib.callbacks.manager self.run_idl(None)
2026-06-22 03:02:51.093 9 ERROR neutron_lib.callbacks.manager
File "/var/lib/openstack/lib/python3.10/site-packages/ovsdbapp/backend/ovs_idl/command.py", line 235, in run_idl
2026-06-22 03:02:51.093 9 ERROR neutron_lib.callbacks.manager record = self.api.lookup(self.table, self.record)
2026-06-22 03:02:51.093 9 ERROR neutron_lib.callbacks.manager
File "/var/lib/openstack/lib/python3.10/site-packages/ovsdbapp/backend/ovs_idl/__init__.py", line 184, in lookup
2026-06-22 03:02:51.093 9 ERROR neutron_lib.callbacks.manager return self._lookup(table, record)
2026-06-22 03:02:51.093 9 ERROR neutron_lib.callbacks.manager
File "/var/lib/openstack/lib/python3.10/site-packages/ovsdbapp/backend/ovs_idl/__init__.py", line 235, in _lookup
2026-06-22 03:02:51.093 9 ERROR neutron_lib.callbacks.manager row = idlutils.row_by_value(self, rl.table, rl.column, record)
2026-06-22 03:02:51.093 9 ERROR neutron_lib.callbacks.manager
File "/var/lib/openstack/lib/python3.10/site-packages/ovsdbapp/backend/ovs_idl/idlutils.py", line 114, in row_by_value
2026-06-22 03:02:51.093 9 ERROR neutron_lib.callbacks.manager raise RowNotFound(table=table, col=column, match=match)
2026-06-22 03:02:51.093 9 ERROR neutron_lib.callbacks.manager ovsdbapp.backend.ovs_idl.idlutils.RowNotFound: Cannot find Logical_Router_Port with name=lrp-4930826b-8f5e-421b-b99b-8faa0ea71e63
2026-06-22 03:02:51.093 9 ERROR neutron_lib.callbacks.manager 
2026-06-22 03:02:51.217 9 INFO neutron.notifiers.nova [-] Nova event matching ['req-b3096afb-9016-47f8-8f86-8b5e10498e01'] response: {'server_uuid': '6313a5b9-fa9f-4070-a05f-b2d831fd1503', 'name': 'network-vif-plugged', 'status': 'completed', 'tag': '68466d0a-bd1b-4cd4-a1ef-a54fe9e1b6f9', 'code': 200}
2026-06-22 03:02:51.353 9 INFO neutron.db.ovn_revision_numbers_db [None req-454c691c-f95b-43c4-9a08-8722f7721c6b 85f301e2e9cb4710adffa45a4b4246bf 9e17edfe74f846fbb163214cc75014ef - - default default] Successfully bumped revision number for resource 4930826b-8f5e-421b-b99b-8faa0ea71e63 (type: ports) to 1
2026-06-22 03:02:51.367 10 INFO neutron.wsgi [req-2bd40ec8-c639-4bd9-b7ab-09b68e182969 req-08eccb84-7bb9-4394-a952-74d79987ce21 49f564b3569544a99967d68285746c1c c8dfcedaabf6481a9e5d600c676b8205 - - default default] 10.0.0.149 "GET /v2.0/ports?device_id=6313a5b9-fa9f-4070-a05f-b2d831fd1503 HTTP/1.1" status: 200 len: 1174 time: 0.1206563
2026-06-22 03:02:51.441 9 WARNING neutron.scheduler.dhcp_agent_scheduler [None req-454c691c-f95b-43c4-9a08-8722f7721c6b 85f301e2e9cb4710adffa45a4b4246bf 9e17edfe74f846fbb163214cc75014ef - - default default] No more DHCP agents
2026-06-22 03:02:51.444 9 WARNING neutron.api.rpc.agentnotifiers.dhcp_rpc_agent_api [None req-454c691c-f95b-43c4-9a08-8722f7721c6b 85f301e2e9cb4710adffa45a4b4246bf 9e17edfe74f846fbb163214cc75014ef - - default default] Unable to schedule network 873970d3-066d-4fa8-acff-343ac8e16fc2: no agents available; will retry on subsequent port and subnet creation events.
2026-06-22 03:02:51.520 10 INFO neutron.wsgi [req-2bd40ec8-c639-4bd9-b7ab-09b68e182969 req-1125ff70-15d0-4492-bae3-b51a827785c4 49f564b3569544a99967d68285746c1c c8dfcedaabf6481a9e5d600c676b8205 - - default default] 10.0.0.149 "GET /v2.0/security-groups?id=e71d908f-9cbc-4492-b3a8-c0097561ebef&fields=id&fields=name HTTP/1.1" status: 200 len: 313 time: 0.1298530
2026-06-22 03:02:51.539 10 INFO neutron.plugins.ml2.drivers.ovn.mech_driver.mech_driver [None req-3e709302-db6d-4991-9ee7-1ef00f3c6a42 - - - - - -] OVN reports status up for port: 4930826b-8f5e-421b-b99b-8faa0ea71e63
2026-06-22 03:02:51.559 10 INFO neutron.plugins.ml2.plugin [None req-3e709302-db6d-4991-9ee7-1ef00f3c6a42 - - - - - -] Attempt 1 to provision port 4930826b-8f5e-421b-b99b-8faa0ea71e63
2026-06-22 03:02:51.712 10 INFO neutron.db.ovn_revision_numbers_db [None req-c2640a0e-1f08-4ed2-97f1-a3c702b88a9e - - - - - -] Successfully bumped revision number for resource d1e5216f-83f6-4f56-9f2b-9d7911987fc0 (type: router_ports) to 3
2026-06-22 03:02:51.735 10 INFO neutron.wsgi [req-a4ce1429-f2d5-4ae5-95bb-a596a3b6ffd4 req-d2390b86-450b-4158-bcc6-357115e69ab6 49f564b3569544a99967d68285746c1c c8dfcedaabf6481a9e5d600c676b8205 - - default default] 10.0.0.149 "GET /v2.0/ports?device_id=6313a5b9-fa9f-4070-a05f-b2d831fd1503 HTTP/1.1" status: 200 len: 1174 time: 0.0732064
2026-06-22 03:02:52.249 9 INFO neutron.db.ovn_revision_numbers_db [None req-454c691c-f95b-43c4-9a08-8722f7721c6b 85f301e2e9cb4710adffa45a4b4246bf 9e17edfe74f846fbb163214cc75014ef - - default default] Successfully bumped revision number for resource 4930826b-8f5e-421b-b99b-8faa0ea71e63 (type: router_ports) to 1
2026-06-22 03:02:52.257 9 INFO neutron.wsgi [None req-454c691c-f95b-43c4-9a08-8722f7721c6b 85f301e2e9cb4710adffa45a4b4246bf 9e17edfe74f846fbb163214cc75014ef - - default default] 10.0.0.71 "PUT /v2.0/routers/f463ff21-5bed-48db-97b0-7115d928fa21/add_router_interface HTTP/1.1" status: 200 len: 503 time: 3.0708163
2026-06-22 03:02:52.797 10 INFO neutron.db.ovn_revision_numbers_db [None req-c2640a0e-1f08-4ed2-97f1-a3c702b88a9e - - - - - -] Successfully bumped revision number for resource d1e5216f-83f6-4f56-9f2b-9d7911987fc0 (type: ports) to 2 /var/lib/openstack/lib/python3.10/site-packages/pycadf/identifier.py:71: UserWarning: Invalid uuid: neutron. To ensure interoperability, identifiers should be a valid uuid. warnings.warn(('Invalid uuid: %s. To ensure interoperability, '
2026-06-22 03:02:53.016 9 WARNING neutron_lib.context [None req-fc6ae01d-1bf1-4d11-800b-3841ab88e23f 927787777ddd4ed6879891ff307b81c1 817dd3645443472bb21bdb16bac73222 - - default default] Method 'is_advsvc' is deprecated since 2023.2 release (neutron-lib 3.8.0) and will be removed once support for the old RBAC API policies will be removed from Neutron. Please use method 'is_service_role' instead.
2026-06-22 03:02:53.158 9 INFO neutron.db.ovn_revision_numbers_db [None req-fc6ae01d-1bf1-4d11-800b-3841ab88e23f 927787777ddd4ed6879891ff307b81c1 817dd3645443472bb21bdb16bac73222 - - default default] Successfully bumped revision number for resource be6331fc-5d62-41a5-a05f-41326b610a6b (type: security_groups) to 1
2026-06-22 03:02:53.173 9 INFO neutron.db.ovn_revision_numbers_db [None req-fc6ae01d-1bf1-4d11-800b-3841ab88e23f 927787777ddd4ed6879891ff307b81c1 817dd3645443472bb21bdb16bac73222 - - default default] Successfully bumped revision number for resource 24ddeb06-de57-4c32-aa78-d14d725eed08 (type: security_group_rules) to 0
2026-06-22 03:02:53.186 9 INFO neutron.db.ovn_revision_numbers_db [None req-fc6ae01d-1bf1-4d11-800b-3841ab88e23f 927787777ddd4ed6879891ff307b81c1 817dd3645443472bb21bdb16bac73222 - - default default] Successfully bumped revision number for resource c620dd19-aee2-48dc-869e-3a61f44931a1 (type: security_group_rules) to 0
2026-06-22 03:02:53.214 9 INFO neutron.wsgi [None req-fc6ae01d-1bf1-4d11-800b-3841ab88e23f 927787777ddd4ed6879891ff307b81c1 817dd3645443472bb21bdb16bac73222 - - default default] 10.0.0.71 "POST /v2.0/security-groups HTTP/1.1" status: 201 len: 1860 time: 0.2056324
2026-06-22 03:02:53.226 9 WARNING neutron_lib.context [None req-8dab4f18-ee19-4963-8bef-4f8aafdca478 927787777ddd4ed6879891ff307b81c1 817dd3645443472bb21bdb16bac73222 - - default default] Method 'is_advsvc' is deprecated since 2023.2 release (neutron-lib 3.8.0) and will be removed once support for the old RBAC API policies will be removed from Neutron. Please use method 'is_service_role' instead.
2026-06-22 03:02:53.406 9 INFO neutron.db.ovn_revision_numbers_db [None req-8dab4f18-ee19-4963-8bef-4f8aafdca478 927787777ddd4ed6879891ff307b81c1 817dd3645443472bb21bdb16bac73222 - - default default] Successfully bumped revision number for resource 79fa9849-6024-4853-b005-f2990d8256cc (type: security_group_rules) to 0
2026-06-22 03:02:53.455 9 INFO neutron.wsgi [None req-8dab4f18-ee19-4963-8bef-4f8aafdca478 927787777ddd4ed6879891ff307b81c1 817dd3645443472bb21bdb16bac73222 - - default default] 10.0.0.71 "POST /v2.0/security-group-rules HTTP/1.1" status: 201 len: 796 time: 0.2352548
2026-06-22 03:02:53.463 10 INFO neutron.plugins.ml2.drivers.ovn.mech_driver.ovsdb.commands [None req-640ae87f-60ab-4ea4-b77a-bfa827d769e5 - - - - - -] Schedule LRP lrp-ca371a5f-a3b8-47fe-a109-91af43d59e29 on gateway fb47d817-7027-45e0-8447-b05306e3c8c3 with priority 1
2026-06-22 03:02:53.470 9 WARNING neutron_lib.context [None req-4528ae11-80d0-40ed-8331-ca1caaa18fd5 927787777ddd4ed6879891ff307b81c1 817dd3645443472bb21bdb16bac73222 - - default default] Method 'is_advsvc' is deprecated since 2023.2 release (neutron-lib 3.8.0) and will be removed once support for the old RBAC API policies will be removed from Neutron. Please use method 'is_service_role' instead.
2026-06-22 03:02:53.491 10 INFO neutron.db.ovn_revision_numbers_db [None req-3e709302-db6d-4991-9ee7-1ef00f3c6a42 - - - - - -] Successfully bumped revision number for resource 4930826b-8f5e-421b-b99b-8faa0ea71e63 (type: ports) to 2
2026-06-22 03:02:53.504 9 INFO neutron.plugins.ml2.drivers.ovn.mech_driver.ovsdb.ovsdb_monitor [None req-c13c4fde-9d05-4013-903f-091e070bf4d3 - - - - - -] Router ce9eaa73-98ec-4e99-b121-c4e5152e274d is bound to host instance
2026-06-22 03:02:53.601 9 INFO neutron.db.ovn_revision_numbers_db [None req-817f3081-8572-4560-bb72-0b769a80e174 85f301e2e9cb4710adffa45a4b4246bf 9e17edfe74f846fbb163214cc75014ef - - default default] Successfully bumped revision number for resource 6514d699-3484-46f2-8909-415a9e15f52a (type: security_groups) to 1
2026-06-22 03:02:53.613 10 INFO neutron.db.ovn_revision_numbers_db [None req-31adaad4-b171-4d8d-bc89-e00cc7f13d3b 85f301e2e9cb4710adffa45a4b4246bf 9e17edfe74f846fbb163214cc75014ef - - default default] Successfully bumped revision number for resource ca371a5f-a3b8-47fe-a109-91af43d59e29 (type: router_ports) to 1
2026-06-22 03:02:53.622 9 INFO neutron.db.ovn_revision_numbers_db [None req-817f3081-8572-4560-bb72-0b769a80e174 85f301e2e9cb4710adffa45a4b4246bf 9e17edfe74f846fbb163214cc75014ef - - default default] Successfully bumped revision number for resource 477eaf26-9592-4831-b232-8379cadf1220 (type: security_group_rules) to 0
2026-06-22 03:02:53.653 9 INFO neutron.db.ovn_revision_numbers_db [None req-817f3081-8572-4560-bb72-0b769a80e174 85f301e2e9cb4710adffa45a4b4246bf 9e17edfe74f846fbb163214cc75014ef - - default default] Successfully bumped revision number for resource 4974a095-b1ac-4798-9612-1099607fc242 (type: security_group_rules) to 0
2026-06-22 03:02:53.682 9 INFO neutron.db.ovn_revision_numbers_db [None req-817f3081-8572-4560-bb72-0b769a80e174 85f301e2e9cb4710adffa45a4b4246bf 9e17edfe74f846fbb163214cc75014ef - - default default] Successfully bumped revision number for resource 8b7d2e5e-8f9b-4634-a8d9-8d8a457302b2 (type: security_group_rules) to 0
2026-06-22 03:02:53.713 9 INFO neutron.db.ovn_revision_numbers_db [None req-817f3081-8572-4560-bb72-0b769a80e174 85f301e2e9cb4710adffa45a4b4246bf 9e17edfe74f846fbb163214cc75014ef - - default default] Successfully bumped revision number for resource bc70b00f-707a-4f67-808a-f388673629f5 (type: security_group_rules) to 0
2026-06-22 03:02:53.727 9 INFO neutron.db.ovn_revision_numbers_db [None req-4528ae11-80d0-40ed-8331-ca1caaa18fd5 927787777ddd4ed6879891ff307b81c1 817dd3645443472bb21bdb16bac73222 - - default default] Successfully bumped revision number for resource 12614981-9ab2-40c0-b0de-5be8756f3e3f (type: security_group_rules) to 0
2026-06-22 03:02:53.762 9 INFO neutron.wsgi [None req-817f3081-8572-4560-bb72-0b769a80e174 85f301e2e9cb4710adffa45a4b4246bf 9e17edfe74f846fbb163214cc75014ef - - default default] 10.0.0.71 "GET /v2.0/security-groups?tenant_id=010f906a21964b7b91fa00d99a7bfab1&name=default HTTP/1.1" status: 200 len: 3120 time: 0.5642390
2026-06-22 03:02:53.799 9 INFO neutron.wsgi [None req-4528ae11-80d0-40ed-8331-ca1caaa18fd5 927787777ddd4ed6879891ff307b81c1 817dd3645443472bb21bdb16bac73222 - - default default] 10.0.0.71 "POST /v2.0/security-group-rules HTTP/1.1" status: 201 len: 801 time: 0.3382957
2026-06-22 03:02:53.810 9 WARNING neutron_lib.context [None req-24bb01e5-fa6f-44ac-9fb1-62ccedb49455 927787777ddd4ed6879891ff307b81c1 817dd3645443472bb21bdb16bac73222 - - default default] Method 'is_advsvc' is deprecated since 2023.2 release (neutron-lib 3.8.0) and will be removed once support for the old RBAC API policies will be removed from Neutron. Please use method 'is_service_role' instead.
2026-06-22 03:02:53.820 10 INFO neutron.db.ovn_revision_numbers_db [None req-31adaad4-b171-4d8d-bc89-e00cc7f13d3b 85f301e2e9cb4710adffa45a4b4246bf 9e17edfe74f846fbb163214cc75014ef - - default default] Successfully bumped revision number for resource ce9eaa73-98ec-4e99-b121-c4e5152e274d (type: routers) to 2
2026-06-22 03:02:53.883 10 INFO neutron.wsgi [None req-31adaad4-b171-4d8d-bc89-e00cc7f13d3b 85f301e2e9cb4710adffa45a4b4246bf 9e17edfe74f846fbb163214cc75014ef - - default default] 10.0.0.71 "POST /v2.0/routers HTTP/1.1" status: 201 len: 1170 time: 4.5890346
2026-06-22 03:02:53.914 10 INFO neutron.db.ovn_revision_numbers_db [None req-bd597478-026a-48bb-bb83-d9dbceb342bb 49f564b3569544a99967d68285746c1c c8dfcedaabf6481a9e5d600c676b8205 - - default default] Successfully bumped revision number for resource ed10badf-646e-4310-a37f-553aa79084ce (type: floatingips) to 1
2026-06-22 03:02:53.960 10 INFO neutron.db.ovn_revision_numbers_db [None req-3e709302-db6d-4991-9ee7-1ef00f3c6a42 - - - - - -] Successfully bumped revision number for resource 4930826b-8f5e-421b-b99b-8faa0ea71e63 (type: router_ports) to 2
2026-06-22 03:02:54.198 10 INFO neutron.db.ovn_revision_numbers_db [None req-bd597478-026a-48bb-bb83-d9dbceb342bb 49f564b3569544a99967d68285746c1c c8dfcedaabf6481a9e5d600c676b8205 - - default default] Successfully bumped revision number for resource ed10badf-646e-4310-a37f-553aa79084ce (type: floatingips) to 2
2026-06-22 03:02:54.198 10 INFO neutron.db.l3_db [None req-bd597478-026a-48bb-bb83-d9dbceb342bb 49f564b3569544a99967d68285746c1c c8dfcedaabf6481a9e5d600c676b8205 - - default default] Floating IP ed10badf-646e-4310-a37f-553aa79084ce associated. External IP: 10.96.250.212, port: 68466d0a-bd1b-4cd4-a1ef-a54fe9e1b6f9.
2026-06-22 03:02:54.206 10 INFO neutron.db.ovn_revision_numbers_db [None req-c2640a0e-1f08-4ed2-97f1-a3c702b88a9e - - - - - -] Successfully bumped revision number for resource d1e5216f-83f6-4f56-9f2b-9d7911987fc0 (type: ports) to 4
2026-06-22 03:02:54.237 10 INFO neutron.wsgi [None req-bd597478-026a-48bb-bb83-d9dbceb342bb 49f564b3569544a99967d68285746c1c c8dfcedaabf6481a9e5d600c676b8205 - - default default] 10.0.0.71 "PUT /v2.0/floatingips/ed10badf-646e-4310-a37f-553aa79084ce HTTP/1.1" status: 200 len: 1050 time: 2.4841650
2026-06-22 03:02:54.354 10 INFO neutron.wsgi [req-04784ffe-f50c-4232-b75a-8cbf252e4858 req-853d8e0c-1938-4a24-929f-0e75541f844e 49f564b3569544a99967d68285746c1c c8dfcedaabf6481a9e5d600c676b8205 - - default default] 10.0.0.149 "GET /v2.0/ports?device_id=6313a5b9-fa9f-4070-a05f-b2d831fd1503 HTTP/1.1" status: 200 len: 1174 time: 0.0684052
2026-06-22 03:02:54.413 10 INFO neutron.wsgi [None req-0c737596-c115-42b5-85b9-b33b5167335d 85f301e2e9cb4710adffa45a4b4246bf 9e17edfe74f846fbb163214cc75014ef - - default default] 10.0.0.71 "DELETE /v2.0/security-groups/6514d699-3484-46f2-8909-415a9e15f52a HTTP/1.1" status: 204 len: 168 time: 0.6260962
2026-06-22 03:02:54.671 9 WARNING neutron.scheduler.dhcp_agent_scheduler [None req-24bb01e5-fa6f-44ac-9fb1-62ccedb49455 927787777ddd4ed6879891ff307b81c1 817dd3645443472bb21bdb16bac73222 - - default default] No more DHCP agents
2026-06-22 03:02:54.679 9 WARNING neutron.api.rpc.agentnotifiers.dhcp_rpc_agent_api [None req-24bb01e5-fa6f-44ac-9fb1-62ccedb49455 927787777ddd4ed6879891ff307b81c1 817dd3645443472bb21bdb16bac73222 - - default default] Unable to schedule network c93e448b-7fef-47f7-a495-b89909f7d740: no agents available; will retry on subsequent port and subnet creation events.
2026-06-22 03:02:54.739 10 INFO neutron.wsgi [req-04784ffe-f50c-4232-b75a-8cbf252e4858 req-f61d488c-5c89-4b43-bd82-8d36244fd3a6 49f564b3569544a99967d68285746c1c c8dfcedaabf6481a9e5d600c676b8205 - - default default] 10.0.0.149 "GET /v2.0/security-groups?id=e71d908f-9cbc-4492-b3a8-c0097561ebef&fields=id&fields=name HTTP/1.1" status: 200 len: 313 time: 0.3738329
2026-06-22 03:02:54.906 10 INFO neutron.notifiers.nova [-] Nova event matching ['req-e6507139-cef0-4ded-b448-6c9d0a75701d'] response: {'name': 'network-changed', 'server_uuid': '6313a5b9-fa9f-4070-a05f-b2d831fd1503', 'tag': '68466d0a-bd1b-4cd4-a1ef-a54fe9e1b6f9', 'status': 'completed', 'code': 200}
2026-06-22 03:02:54.918 10 INFO neutron.db.ovn_revision_numbers_db [None req-c2640a0e-1f08-4ed2-97f1-a3c702b88a9e - - - - - -] Successfully bumped revision number for resource d1e5216f-83f6-4f56-9f2b-9d7911987fc0 (type: router_ports) to 4
2026-06-22 03:02:55.058 9 INFO neutron.wsgi [req-c7225cac-6308-4583-83a7-0c74c26bec1a req-935a7550-7924-4d6f-9a96-6931f680bb32 ddad650685dd43b9aa0a072a6ceb1eca a07b64586c2e444fb76c679543faec05 - - d5f287be118a4de3998f7755fc2fc464 d5f287be118a4de3998f7755fc2fc464] 199.204.45.216 "GET /v2.0/ports?tenant_id=c8dfcedaabf6481a9e5d600c676b8205&device_id=6313a5b9-fa9f-4070-a05f-b2d831fd1503 HTTP/1.1" status: 200 len: 1413 time: 0.1080074
2026-06-22 03:02:55.280 9 INFO neutron.wsgi [req-c7225cac-6308-4583-83a7-0c74c26bec1a req-a8033b55-7d45-4963-9f5a-575309381e7b ddad650685dd43b9aa0a072a6ceb1eca a07b64586c2e444fb76c679543faec05 - - d5f287be118a4de3998f7755fc2fc464 d5f287be118a4de3998f7755fc2fc464] 199.204.45.216 "GET /v2.0/networks?id=e481eabd-d974-497a-95c6-3e11486b7614 HTTP/1.1" status: 200 len: 977 time: 0.2038767
2026-06-22 03:02:55.298 9 INFO neutron.plugins.ml2.drivers.ovn.mech_driver.mech_driver [None req-11e537fb-cb2e-43b4-8e9f-2ce3ad3b24ee - - - - - -] OVN reports status down for port: 68466d0a-bd1b-4cd4-a1ef-a54fe9e1b6f9
2026-06-22 03:02:55.334 10 INFO neutron.wsgi [req-5cceb066-77c4-403b-b177-8c507f54f40d req-fbbba5c2-269b-4d11-a35e-737fc7988427 49f564b3569544a99967d68285746c1c c8dfcedaabf6481a9e5d600c676b8205 - - default default] 10.0.0.149 "GET /v2.0/ports?device_id=6313a5b9-fa9f-4070-a05f-b2d831fd1503 HTTP/1.1" status: 200 len: 1174 time: 0.1248467
2026-06-22 03:02:55.368 9 INFO neutron.db.ovn_revision_numbers_db [None req-c13c4fde-9d05-4013-903f-091e070bf4d3 - - - - - -] Successfully bumped revision number for resource ca371a5f-a3b8-47fe-a109-91af43d59e29 (type: ports) to 1
2026-06-22 03:02:55.412 10 INFO neutron.wsgi [req-5cceb066-77c4-403b-b177-8c507f54f40d req-6b409d7b-6136-4e62-9b0f-f984211b875e 49f564b3569544a99967d68285746c1c c8dfcedaabf6481a9e5d600c676b8205 - - default default] 10.0.0.149 "GET /v2.0/security-groups?id=e71d908f-9cbc-4492-b3a8-c0097561ebef&fields=id&fields=name HTTP/1.1" status: 200 len: 313 time: 0.0688953
2026-06-22 03:02:55.464 9 INFO neutron.wsgi [req-c7225cac-6308-4583-83a7-0c74c26bec1a req-7b3c3910-9713-41cb-b9ac-8565df5cfb59 ddad650685dd43b9aa0a072a6ceb1eca a07b64586c2e444fb76c679543faec05 - - d5f287be118a4de3998f7755fc2fc464 d5f287be118a4de3998f7755fc2fc464] 199.204.45.216 "GET /v2.0/floatingips?fixed_ip_address=10.100.0.12&port_id=68466d0a-bd1b-4cd4-a1ef-a54fe9e1b6f9 HTTP/1.1" status: 200 len: 1060 time: 0.1709442
2026-06-22 03:02:55.540 9 WARNING neutron.scheduler.dhcp_agent_scheduler [None req-4de0257b-dafd-4367-8373-c34e87ce7a48 85f301e2e9cb4710adffa45a4b4246bf 9e17edfe74f846fbb163214cc75014ef - - default default] No more DHCP agents
2026-06-22 03:02:55.555 9 WARNING neutron.api.rpc.agentnotifiers.dhcp_rpc_agent_api [None req-4de0257b-dafd-4367-8373-c34e87ce7a48 85f301e2e9cb4710adffa45a4b4246bf 9e17edfe74f846fbb163214cc75014ef - - default default] Unable to schedule network b60f0e72-d315-40a9-816a-ed98b3a1a38a: no agents available; will retry on subsequent port and subnet creation events.
2026-06-22 03:02:55.655 10 INFO neutron.wsgi [req-3341b36d-429c-495b-8a66-27947ad56387 req-163fb3f9-211e-4ccb-877c-102fe8ff5e70 49f564b3569544a99967d68285746c1c c8dfcedaabf6481a9e5d600c676b8205 - - default default] 199.204.45.216 "GET /v2.0/ports?device_id=6313a5b9-fa9f-4070-a05f-b2d831fd1503 HTTP/1.1" status: 200 len: 1174 time: 0.0484450
2026-06-22 03:02:55.852 9 INFO neutron.wsgi [req-c7225cac-6308-4583-83a7-0c74c26bec1a req-dc899d51-2aac-42c0-98e6-2ffc1f83735d ddad650685dd43b9aa0a072a6ceb1eca a07b64586c2e444fb76c679543faec05 - - d5f287be118a4de3998f7755fc2fc464 d5f287be118a4de3998f7755fc2fc464] 199.204.45.216 "GET /v2.0/subnets?id=193913fd-6482-42e0-995f-3818879fa3cd HTTP/1.1" status: 200 len: 872 time: 0.3725157
2026-06-22 03:02:55.905 9 INFO neutron.wsgi [req-c7225cac-6308-4583-83a7-0c74c26bec1a req-60dc5ed1-1c5f-4dc4-a61b-1f41c32f4b56 ddad650685dd43b9aa0a072a6ceb1eca a07b64586c2e444fb76c679543faec05 - - d5f287be118a4de3998f7755fc2fc464 d5f287be118a4de3998f7755fc2fc464] 199.204.45.216 "GET /v2.0/ports?network_id=e481eabd-d974-497a-95c6-3e11486b7614&device_owner=network%3Adhcp HTTP/1.1" status: 200 len: 210 time: 0.0456557
2026-06-22 03:02:56.035 9 INFO neutron.wsgi [None req-24bb01e5-fa6f-44ac-9fb1-62ccedb49455 927787777ddd4ed6879891ff307b81c1 817dd3645443472bb21bdb16bac73222 - - default default] 10.0.0.71 "POST /v2.0/floatingips HTTP/1.1" status: 201 len: 751 time: 2.2309997
2026-06-22 03:02:56.051 9 INFO neutron.notifiers.nova [-] Nova event matching ['req-92af94fe-cade-4f50-9c4a-f43806ebacb0'] response: {'server_uuid': '6313a5b9-fa9f-4070-a05f-b2d831fd1503', 'name': 'network-vif-unplugged', 'status': 'completed', 'tag': '68466d0a-bd1b-4cd4-a1ef-a54fe9e1b6f9', 'code': 200}
2026-06-22 03:02:56.097 9 INFO neutron.wsgi [req-c7225cac-6308-4583-83a7-0c74c26bec1a req-30ebb931-ad52-4a93-8e19-ae43d73289f7 ddad650685dd43b9aa0a072a6ceb1eca a07b64586c2e444fb76c679543faec05 - - d5f287be118a4de3998f7755fc2fc464 d5f287be118a4de3998f7755fc2fc464] 199.204.45.216 "GET /v2.0/networks/e481eabd-d974-497a-95c6-3e11486b7614?fields=segments HTTP/1.1" status: 200 len: 212 time: 0.1774263
2026-06-22 03:02:56.165 10 INFO neutron.db.l3_db [req-3341b36d-429c-495b-8a66-27947ad56387 req-9c36afcd-2b7a-476e-a6f6-518dc1e64f33 49f564b3569544a99967d68285746c1c c8dfcedaabf6481a9e5d600c676b8205 - - default default] Floating IP ed10badf-646e-4310-a37f-553aa79084ce disassociated. External IP: 10.96.250.212, port: 68466d0a-bd1b-4cd4-a1ef-a54fe9e1b6f9.
2026-06-22 03:02:56.275 9 INFO neutron.wsgi [req-c7225cac-6308-4583-83a7-0c74c26bec1a req-a93c37ea-2b61-4006-81a9-f804c6baebc0 ddad650685dd43b9aa0a072a6ceb1eca a07b64586c2e444fb76c679543faec05 - - d5f287be118a4de3998f7755fc2fc464 d5f287be118a4de3998f7755fc2fc464] 199.204.45.216 "GET /v2.0/networks/e481eabd-d974-497a-95c6-3e11486b7614?fields=provider%3Aphysical_network&fields=provider%3Anetwork_type HTTP/1.1" status: 200 len: 277 time: 0.1700897
2026-06-22 03:02:56.325 10 INFO neutron.wsgi [req-3341b36d-429c-495b-8a66-27947ad56387 req-9c36afcd-2b7a-476e-a6f6-518dc1e64f33 49f564b3569544a99967d68285746c1c c8dfcedaabf6481a9e5d600c676b8205 - - default default] 199.204.45.216 "DELETE /v2.0/ports/68466d0a-bd1b-4cd4-a1ef-a54fe9e1b6f9 HTTP/1.1" status: 204 len: 173 time: 0.6689856
2026-06-22 03:02:56.377 9 INFO neutron.db.ovn_revision_numbers_db [None req-4de0257b-dafd-4367-8373-c34e87ce7a48 85f301e2e9cb4710adffa45a4b4246bf 9e17edfe74f846fbb163214cc75014ef - - default default] Successfully bumped revision number for resource 81ac37a9-47f9-4c34-9c71-c82294ed11b6 (type: ports) to 1
2026-06-22 03:02:56.459 9 ERROR neutron.plugins.ml2.managers [None req-11e537fb-cb2e-43b4-8e9f-2ce3ad3b24ee - - - - - -] Mechanism driver 'ovn' failed in update_port_postcommit: ovsdbapp.backend.ovs_idl.idlutils.RowNotFound: Cannot find Logical_Switch_Port with name=68466d0a-bd1b-4cd4-a1ef-a54fe9e1b6f9
2026-06-22 03:02:56.459 9 ERROR neutron.plugins.ml2.managers
Traceback (most recent call last):
2026-06-22 03:02:56.459 9 ERROR neutron.plugins.ml2.managers
File "/var/lib/openstack/lib/python3.10/site-packages/neutron/plugins/ml2/managers.py", line 481, in _call_on_drivers
2026-06-22 03:02:56.459 9 ERROR neutron.plugins.ml2.managers getattr(driver.obj, method_name)(context)
2026-06-22 03:02:56.459 9 ERROR neutron.plugins.ml2.managers
File "/var/lib/openstack/lib/python3.10/site-packages/neutron/plugins/ml2/drivers/ovn/mech_driver/mech_driver.py", line 979, in update_port_postcommit
2026-06-22 03:02:56.459 9 ERROR neutron.plugins.ml2.managers self._ovn_update_port(context.plugin_context, port, original_port,
2026-06-22 03:02:56.459 9 ERROR neutron.plugins.ml2.managers
File "/var/lib/openstack/lib/python3.10/site-packages/neutron/plugins/ml2/drivers/ovn/mech_driver/mech_driver.py", line 859, in _ovn_update_port
2026-06-22 03:02:56.459 9 ERROR neutron.plugins.ml2.managers self._ovn_client.update_port(plugin_context, port,
2026-06-22 03:02:56.459 9 ERROR neutron.plugins.ml2.managers
File "/var/lib/openstack/lib/python3.10/site-packages/neutron/plugins/ml2/drivers/ovn/mech_driver/ovsdb/ovn_client.py", line 746, in update_port
2026-06-22 03:02:56.459 9 ERROR neutron.plugins.ml2.managers ovn_port = self._nb_idl.lookup('Logical_Switch_Port', port['id'])
2026-06-22 03:02:56.459 9 ERROR neutron.plugins.ml2.managers
File "/var/lib/openstack/lib/python3.10/site-packages/ovsdbapp/backend/ovs_idl/__init__.py", line 184, in lookup
2026-06-22 03:02:56.459 9 ERROR neutron.plugins.ml2.managers return self._lookup(table, record)
2026-06-22 03:02:56.459 9 ERROR neutron.plugins.ml2.managers
File "/var/lib/openstack/lib/python3.10/site-packages/ovsdbapp/backend/ovs_idl/__init__.py", line 235, in _lookup
2026-06-22 03:02:56.459 9 ERROR neutron.plugins.ml2.managers row = idlutils.row_by_value(self, rl.table, rl.column, record)
2026-06-22 03:02:56.459 9 ERROR neutron.plugins.ml2.managers
File "/var/lib/openstack/lib/python3.10/site-packages/ovsdbapp/backend/ovs_idl/idlutils.py", line 114, in row_by_value
2026-06-22 03:02:56.459 9 ERROR neutron.plugins.ml2.managers raise RowNotFound(table=table, col=column, match=match)
2026-06-22 03:02:56.459 9 ERROR neutron.plugins.ml2.managers ovsdbapp.backend.ovs_idl.idlutils.RowNotFound: Cannot find Logical_Switch_Port with name=68466d0a-bd1b-4cd4-a1ef-a54fe9e1b6f9
2026-06-22 03:02:56.459 9 ERROR neutron.plugins.ml2.managers 
2026-06-22 03:02:56.476 9 ERROR ovsdbapp.backend.ovs_idl.command [None req-11e537fb-cb2e-43b4-8e9f-2ce3ad3b24ee - - - - - -] Error executing command (LspGetUpCommand): ovsdbapp.backend.ovs_idl.idlutils.RowNotFound: Cannot find Logical_Switch_Port with name=68466d0a-bd1b-4cd4-a1ef-a54fe9e1b6f9
2026-06-22 03:02:56.476 9 ERROR ovsdbapp.backend.ovs_idl.command
Traceback (most recent call last):
2026-06-22 03:02:56.476 9 ERROR ovsdbapp.backend.ovs_idl.command
File "/var/lib/openstack/lib/python3.10/site-packages/ovsdbapp/backend/ovs_idl/command.py", line 47, in execute
2026-06-22 03:02:56.476 9 ERROR ovsdbapp.backend.ovs_idl.command self.run_idl(None)
2026-06-22 03:02:56.476 9 ERROR ovsdbapp.backend.ovs_idl.command
File "/var/lib/openstack/lib/python3.10/site-packages/ovsdbapp/schema/ovn_northbound/commands.py", line 679, in run_idl
2026-06-22 03:02:56.476 9 ERROR ovsdbapp.backend.ovs_idl.command lsp = self.api.lookup('Logical_Switch_Port', self.port)
2026-06-22 03:02:56.476 9 ERROR ovsdbapp.backend.ovs_idl.command
File "/var/lib/openstack/lib/python3.10/site-packages/ovsdbapp/backend/ovs_idl/__init__.py", line 184, in lookup
2026-06-22 03:02:56.476 9 ERROR ovsdbapp.backend.ovs_idl.command return self._lookup(table, record)
2026-06-22 03:02:56.476 9 ERROR ovsdbapp.backend.ovs_idl.command
File "/var/lib/openstack/lib/python3.10/site-packages/ovsdbapp/backend/ovs_idl/__init__.py", line 235, in _lookup
2026-06-22 03:02:56.476 9 ERROR ovsdbapp.backend.ovs_idl.command row = idlutils.row_by_value(self, rl.table, rl.column, record)
2026-06-22 03:02:56.476 9 ERROR ovsdbapp.backend.ovs_idl.command
File "/var/lib/openstack/lib/python3.10/site-packages/ovsdbapp/backend/ovs_idl/idlutils.py", line 114, in row_by_value
2026-06-22 03:02:56.476 9 ERROR ovsdbapp.backend.ovs_idl.command raise RowNotFound(table=table, col=column, match=match)
2026-06-22 03:02:56.476 9 ERROR ovsdbapp.backend.ovs_idl.command ovsdbapp.backend.ovs_idl.idlutils.RowNotFound: Cannot find Logical_Switch_Port with name=68466d0a-bd1b-4cd4-a1ef-a54fe9e1b6f9
2026-06-22 03:02:56.476 9 ERROR ovsdbapp.backend.ovs_idl.command 
2026-06-22 03:02:56.476 9 ERROR ovsdbapp.event [None req-11e537fb-cb2e-43b4-8e9f-2ce3ad3b24ee - - - - - -] Unexpected exception in notify_loop: ovsdbapp.backend.ovs_idl.idlutils.RowNotFound: Cannot find Logical_Switch_Port with name=68466d0a-bd1b-4cd4-a1ef-a54fe9e1b6f9
2026-06-22 03:02:56.476 9 ERROR ovsdbapp.event
Traceback (most recent call last):
2026-06-22 03:02:56.476 9 ERROR ovsdbapp.event
File "/var/lib/openstack/lib/python3.10/site-packages/ovsdbapp/event.py", line 177, in notify_loop
2026-06-22 03:02:56.476 9 ERROR ovsdbapp.event match.run(event, row, updates)
2026-06-22 03:02:56.476 9 ERROR ovsdbapp.event
File "/var/lib/openstack/lib/python3.10/site-packages/neutron/plugins/ml2/drivers/ovn/mech_driver/ovsdb/ovsdb_monitor.py", line 539, in run
2026-06-22 03:02:56.476 9 ERROR ovsdbapp.event self.driver.set_port_status_down(row.name)
2026-06-22 03:02:56.476 9 ERROR ovsdbapp.event
File "/var/lib/openstack/lib/python3.10/site-packages/neutron/plugins/ml2/drivers/ovn/mech_driver/mech_driver.py", line 1324, in set_port_status_down
2026-06-22 03:02:56.476 9 ERROR ovsdbapp.event self._ovn_client.update_lsp_host_info(
2026-06-22 03:02:56.476 9 ERROR ovsdbapp.event
File "/var/lib/openstack/lib/python3.10/site-packages/neutron/plugins/ml2/drivers/ovn/mech_driver/ovsdb/ovn_client.py", line 307, in update_lsp_host_info
2026-06-22 03:02:56.476 9 ERROR ovsdbapp.event port_up = self._nb_idl.lsp_get_up(db_port.id).execute(
2026-06-22 03:02:56.476 9 ERROR ovsdbapp.event
File "/var/lib/openstack/lib/python3.10/site-packages/ovsdbapp/backend/ovs_idl/command.py", line 47, in execute
2026-06-22 03:02:56.476 9 ERROR ovsdbapp.event self.run_idl(None)
2026-06-22 03:02:56.476 9 ERROR ovsdbapp.event
File "/var/lib/openstack/lib/python3.10/site-packages/ovsdbapp/schema/ovn_northbound/commands.py", line 679, in run_idl
2026-06-22 03:02:56.476 9 ERROR ovsdbapp.event lsp = self.api.lookup('Logical_Switch_Port', self.port)
2026-06-22 03:02:56.476 9 ERROR ovsdbapp.event
File "/var/lib/openstack/lib/python3.10/site-packages/ovsdbapp/backend/ovs_idl/__init__.py", line 184, in lookup
2026-06-22 03:02:56.476 9 ERROR ovsdbapp.event return self._lookup(table, record)
2026-06-22 03:02:56.476 9 ERROR ovsdbapp.event
File "/var/lib/openstack/lib/python3.10/site-packages/ovsdbapp/backend/ovs_idl/__init__.py", line 235, in _lookup
2026-06-22 03:02:56.476 9 ERROR ovsdbapp.event row = idlutils.row_by_value(self, rl.table, rl.column, record)
2026-06-22 03:02:56.476 9 ERROR ovsdbapp.event
File "/var/lib/openstack/lib/python3.10/site-packages/ovsdbapp/backend/ovs_idl/idlutils.py", line 114, in row_by_value
2026-06-22 03:02:56.476 9 ERROR ovsdbapp.event raise RowNotFound(table=table, col=column, match=match)
2026-06-22 03:02:56.476 9 ERROR ovsdbapp.event ovsdbapp.backend.ovs_idl.idlutils.RowNotFound: Cannot find Logical_Switch_Port with name=68466d0a-bd1b-4cd4-a1ef-a54fe9e1b6f9
2026-06-22 03:02:56.476 9 ERROR ovsdbapp.event 
2026-06-22 03:02:56.531 10 INFO neutron.wsgi [req-a9ec3f13-cd8c-4c92-aeb8-f2ca2992999e req-1de39bb8-6c18-4950-a3f8-175f16882053 49f564b3569544a99967d68285746c1c c8dfcedaabf6481a9e5d600c676b8205 - - default default] 10.0.0.149 "GET /v2.0/ports?device_id=6313a5b9-fa9f-4070-a05f-b2d831fd1503 HTTP/1.1" status: 200 len: 210 time: 0.0347900
2026-06-22 03:02:56.579 10 INFO neutron.wsgi [req-ab2eaa94-c5b3-4014-85c8-86544d2d6436 req-a43ea1cf-a3de-4bfe-adab-ce7bc5dc90a6 927787777ddd4ed6879891ff307b81c1 817dd3645443472bb21bdb16bac73222 - - default default] 10.0.0.149 "GET /v2.0/security-groups?name=tempest-securitygroup--1464409955&fields=id&tenant_id=817dd3645443472bb21bdb16bac73222 HTTP/1.1" status: 200 len: 267 time: 0.0530374
2026-06-22 03:02:56.589 9 INFO neutron.db.ovn_revision_numbers_db [None req-c13c4fde-9d05-4013-903f-091e070bf4d3 - - - - - -] Successfully bumped revision number for resource ca371a5f-a3b8-47fe-a109-91af43d59e29 (type: router_ports) to 3
2026-06-22 03:02:56.679 10 INFO neutron.wsgi [req-ab2eaa94-c5b3-4014-85c8-86544d2d6436 req-da53e783-592b-4072-a833-549e376aad99 927787777ddd4ed6879891ff307b81c1 817dd3645443472bb21bdb16bac73222 - - default default] 10.0.0.149 "GET /v2.0/networks?id=873970d3-066d-4fa8-acff-343ac8e16fc2 HTTP/1.1" status: 200 len: 882 time: 0.0941992
2026-06-22 03:02:56.716 10 INFO neutron.wsgi [req-ab2eaa94-c5b3-4014-85c8-86544d2d6436 req-6ed15567-e6f4-486e-a6a7-fc017010e9ec 927787777ddd4ed6879891ff307b81c1 817dd3645443472bb21bdb16bac73222 - - default default] 10.0.0.149 "GET /v2.0/quotas/817dd3645443472bb21bdb16bac73222 HTTP/1.1" status: 200 len: 491 time: 0.0249062
2026-06-22 03:02:56.870 10 INFO neutron.wsgi [req-ab2eaa94-c5b3-4014-85c8-86544d2d6436 req-c4eba8ec-049d-4326-a8dc-4503ca825a13 927787777ddd4ed6879891ff307b81c1 817dd3645443472bb21bdb16bac73222 - - default default] 10.0.0.149 "GET /v2.0/ports?tenant_id=817dd3645443472bb21bdb16bac73222&fields=id HTTP/1.1" status: 200 len: 302 time: 0.1319115
2026-06-22 03:02:56.949 9 INFO neutron.db.ovn_revision_numbers_db [None req-c13c4fde-9d05-4013-903f-091e070bf4d3 - - - - - -] Successfully bumped revision number for resource ca371a5f-a3b8-47fe-a109-91af43d59e29 (type: ports) to 2
2026-06-22 03:02:56.956 10 INFO neutron.notifiers.nova [-] Nova event matching ['req-5b417447-f2ad-405c-8529-7a3f67e7468f'] response: {'server_uuid': '6313a5b9-fa9f-4070-a05f-b2d831fd1503', 'name': 'network-vif-deleted', 'tag': '68466d0a-bd1b-4cd4-a1ef-a54fe9e1b6f9', 'status': 'completed', 'code': 200}
2026-06-22 03:02:56.980 10 INFO neutron.wsgi [req-ab2eaa94-c5b3-4014-85c8-86544d2d6436 req-8ca744cf-aab4-45b0-99b0-12e325cbed07 ddad650685dd43b9aa0a072a6ceb1eca a07b64586c2e444fb76c679543faec05 - - d5f287be118a4de3998f7755fc2fc464 d5f287be118a4de3998f7755fc2fc464] 10.0.0.149 "GET /v2.0/networks/873970d3-066d-4fa8-acff-343ac8e16fc2?fields=segments HTTP/1.1" status: 200 len: 212 time: 0.0967369
2026-06-22 03:02:57.081 10 INFO neutron.wsgi [req-ab2eaa94-c5b3-4014-85c8-86544d2d6436 req-f6ab78fb-1db6-4a25-89f3-9c8fe7f2228f ddad650685dd43b9aa0a072a6ceb1eca a07b64586c2e444fb76c679543faec05 - - d5f287be118a4de3998f7755fc2fc464 d5f287be118a4de3998f7755fc2fc464] 10.0.0.149 "GET /v2.0/networks/873970d3-066d-4fa8-acff-343ac8e16fc2?fields=provider%3Aphysical_network&fields=provider%3Anetwork_type HTTP/1.1" status: 200 len: 277 time: 0.0892324
2026-06-22 03:02:57.257 10 INFO neutron.wsgi [req-3cbda04f-d813-4251-aebb-f8e0ed32d907 req-b196b55b-5a31-4aef-95fc-9a3411f6511b 927787777ddd4ed6879891ff307b81c1 817dd3645443472bb21bdb16bac73222 - - default default] 10.0.0.149 "GET /v2.0/ports?device_id=611f6025-1366-44d2-ba48-91b16dd9902b HTTP/1.1" status: 200 len: 210 time: 0.0261009
2026-06-22 03:02:57.342 10 INFO neutron.db.ovn_revision_numbers_db [None req-68f5a380-80eb-44f2-aea7-8c253f65835f 85f301e2e9cb4710adffa45a4b4246bf 9e17edfe74f846fbb163214cc75014ef - - default default] Successfully bumped revision number for resource d0430a7b-0cfb-4a8a-91bd-f013054498fc (type: security_groups) to 1
2026-06-22 03:02:57.362 10 INFO neutron.db.ovn_revision_numbers_db [None req-68f5a380-80eb-44f2-aea7-8c253f65835f 85f301e2e9cb4710adffa45a4b4246bf 9e17edfe74f846fbb163214cc75014ef - - default default] Successfully bumped revision number for resource 0ae79e8a-5397-4216-a1ee-a69daa5485d8 (type: security_group_rules) to 0
2026-06-22 03:02:57.378 10 INFO neutron.db.ovn_revision_numbers_db [None req-68f5a380-80eb-44f2-aea7-8c253f65835f 85f301e2e9cb4710adffa45a4b4246bf 9e17edfe74f846fbb163214cc75014ef - - default default] Successfully bumped revision number for resource 120d8ddd-6877-4c9c-98d9-fb995f1e6dfe (type: security_group_rules) to 0
2026-06-22 03:02:57.398 10 INFO neutron.db.ovn_revision_numbers_db [None req-68f5a380-80eb-44f2-aea7-8c253f65835f 85f301e2e9cb4710adffa45a4b4246bf 9e17edfe74f846fbb163214cc75014ef - - default default] Successfully bumped revision number for resource 6546e1c6-f800-4824-bc31-055163571367 (type: security_group_rules) to 0
2026-06-22 03:02:57.413 10 INFO neutron.db.ovn_revision_numbers_db [None req-68f5a380-80eb-44f2-aea7-8c253f65835f 85f301e2e9cb4710adffa45a4b4246bf 9e17edfe74f846fbb163214cc75014ef - - default default] Successfully bumped revision number for resource 7d1849c9-b35d-4ba6-8ee7-788e2f1c50fc (type: security_group_rules) to 0
2026-06-22 03:02:57.439 10 INFO neutron.wsgi [None req-68f5a380-80eb-44f2-aea7-8c253f65835f 85f301e2e9cb4710adffa45a4b4246bf 9e17edfe74f846fbb163214cc75014ef - - default default] 10.0.0.71 "GET /v2.0/security-groups?tenant_id=50715a9829134295a2a58fb42dd184df&name=default HTTP/1.1" status: 200 len: 3120 time: 0.5345390
2026-06-22 03:02:57.529 9 ERROR ovsdbapp.backend.ovs_idl.command [None req-4de0257b-dafd-4367-8373-c34e87ce7a48 85f301e2e9cb4710adffa45a4b4246bf 9e17edfe74f846fbb163214cc75014ef - - default default] Error executing command (DbGetCommand): ovsdbapp.backend.ovs_idl.idlutils.RowNotFound: Cannot find Logical_Router_Port with name=lrp-81ac37a9-47f9-4c34-9c71-c82294ed11b6
2026-06-22 03:02:57.529 9 ERROR ovsdbapp.backend.ovs_idl.command
Traceback (most recent call last):
2026-06-22 03:02:57.529 9 ERROR ovsdbapp.backend.ovs_idl.command
File "/var/lib/openstack/lib/python3.10/site-packages/ovsdbapp/backend/ovs_idl/command.py", line 47, in execute
2026-06-22 03:02:57.529 9 ERROR ovsdbapp.backend.ovs_idl.command self.run_idl(None)
2026-06-22 03:02:57.529 9 ERROR ovsdbapp.backend.ovs_idl.command
File "/var/lib/openstack/lib/python3.10/site-packages/ovsdbapp/backend/ovs_idl/command.py", line 235, in run_idl
2026-06-22 03:02:57.529 9 ERROR ovsdbapp.backend.ovs_idl.command record = self.api.lookup(self.table, self.record)
2026-06-22 03:02:57.529 9 ERROR ovsdbapp.backend.ovs_idl.command
File "/var/lib/openstack/lib/python3.10/site-packages/ovsdbapp/backend/ovs_idl/__init__.py", line 184, in lookup
2026-06-22 03:02:57.529 9 ERROR ovsdbapp.backend.ovs_idl.command return self._lookup(table, record)
2026-06-22 03:02:57.529 9 ERROR ovsdbapp.backend.ovs_idl.command
File "/var/lib/openstack/lib/python3.10/site-packages/ovsdbapp/backend/ovs_idl/__init__.py", line 235, in _lookup
2026-06-22 03:02:57.529 9 ERROR ovsdbapp.backend.ovs_idl.command row = idlutils.row_by_value(self, rl.table, rl.column, record)
2026-06-22 03:02:57.529 9 ERROR ovsdbapp.backend.ovs_idl.command
File "/var/lib/openstack/lib/python3.10/site-packages/ovsdbapp/backend/ovs_idl/idlutils.py", line 114, in row_by_value
2026-06-22 03:02:57.529 9 ERROR ovsdbapp.backend.ovs_idl.command raise RowNotFound(table=table, col=column, match=match)
2026-06-22 03:02:57.529 9 ERROR ovsdbapp.backend.ovs_idl.command ovsdbapp.backend.ovs_idl.idlutils.RowNotFound: Cannot find Logical_Router_Port with name=lrp-81ac37a9-47f9-4c34-9c71-c82294ed11b6
2026-06-22 03:02:57.529 9 ERROR ovsdbapp.backend.ovs_idl.command 
2026-06-22 03:02:57.530 9 ERROR neutron_lib.callbacks.manager [None req-4de0257b-dafd-4367-8373-c34e87ce7a48 85f301e2e9cb4710adffa45a4b4246bf 9e17edfe74f846fbb163214cc75014ef - - default default] Error during notification for neutron.services.ovn_l3.plugin.OVNL3RouterPlugin._port_update-8752314948326 port, after_update: ovsdbapp.backend.ovs_idl.idlutils.RowNotFound: Cannot find Logical_Router_Port with name=lrp-81ac37a9-47f9-4c34-9c71-c82294ed11b6
2026-06-22 03:02:57.530 9 ERROR neutron_lib.callbacks.manager
Traceback (most recent call last):
2026-06-22 03:02:57.530 9 ERROR neutron_lib.callbacks.manager
File "/var/lib/openstack/lib/python3.10/site-packages/neutron_lib/callbacks/manager.py", line 189, in _notify_loop
2026-06-22 03:02:57.530 9 ERROR neutron_lib.callbacks.manager callback.method(resource, event, trigger, payload=payload)
2026-06-22 03:02:57.530 9 ERROR neutron_lib.callbacks.manager
File "/var/lib/openstack/lib/python3.10/site-packages/neutron/services/ovn_l3/plugin.py", line 391, in _port_update
2026-06-22 03:02:57.530 9 ERROR neutron_lib.callbacks.manager l3plugin._ovn_client.update_router_port(context,
2026-06-22 03:02:57.530 9 ERROR neutron_lib.callbacks.manager
File "/var/lib/openstack/lib/python3.10/site-packages/neutron/plugins/ml2/drivers/ovn/mech_driver/ovsdb/ovn_client.py", line 1878, in update_router_port
2026-06-22 03:02:57.530 9 ERROR neutron_lib.callbacks.manager self._update_lrouter_port(context, port, if_exists=if_exists,
2026-06-22 03:02:57.530 9 ERROR neutron_lib.callbacks.manager
File "/var/lib/openstack/lib/python3.10/site-packages/neutron/plugins/ml2/drivers/ovn/mech_driver/ovsdb/ovn_client.py", line 1855, in _update_lrouter_port
2026-06-22 03:02:57.530 9 ERROR neutron_lib.callbacks.manager external_ids = self._nb_idl.db_get(
2026-06-22 03:02:57.530 9 ERROR neutron_lib.callbacks.manager
File "/var/lib/openstack/lib/python3.10/site-packages/ovsdbapp/backend/ovs_idl/command.py", line 47, in execute
2026-06-22 03:02:57.530 9 ERROR neutron_lib.callbacks.manager self.run_idl(None)
2026-06-22 03:02:57.530 9 ERROR neutron_lib.callbacks.manager
File "/var/lib/openstack/lib/python3.10/site-packages/ovsdbapp/backend/ovs_idl/command.py", line 235, in run_idl
2026-06-22 03:02:57.530 9 ERROR neutron_lib.callbacks.manager record = self.api.lookup(self.table, self.record)
2026-06-22 03:02:57.530 9 ERROR neutron_lib.callbacks.manager
File "/var/lib/openstack/lib/python3.10/site-packages/ovsdbapp/backend/ovs_idl/__init__.py", line 184, in lookup
2026-06-22 03:02:57.530 9 ERROR neutron_lib.callbacks.manager return self._lookup(table, record)
2026-06-22 03:02:57.530 9 ERROR neutron_lib.callbacks.manager
File "/var/lib/openstack/lib/python3.10/site-packages/ovsdbapp/backend/ovs_idl/__init__.py", line 235, in _lookup
2026-06-22 03:02:57.530 9 ERROR neutron_lib.callbacks.manager row = idlutils.row_by_value(self, rl.table, rl.column, record)
2026-06-22 03:02:57.530 9 ERROR neutron_lib.callbacks.manager
File "/var/lib/openstack/lib/python3.10/site-packages/ovsdbapp/backend/ovs_idl/idlutils.py", line 114, in row_by_value
2026-06-22 03:02:57.530 9 ERROR neutron_lib.callbacks.manager raise RowNotFound(table=table, col=column, match=match)
2026-06-22 03:02:57.530 9 ERROR neutron_lib.callbacks.manager ovsdbapp.backend.ovs_idl.idlutils.RowNotFound: Cannot find Logical_Router_Port with name=lrp-81ac37a9-47f9-4c34-9c71-c82294ed11b6
2026-06-22 03:02:57.530 9 ERROR neutron_lib.callbacks.manager 
2026-06-22 03:02:57.783 10 INFO neutron.wsgi [None req-31df4ff2-b475-49d7-b47e-a1efce6849ab 49f564b3569544a99967d68285746c1c c8dfcedaabf6481a9e5d600c676b8205 - - default default] 10.0.0.71 "DELETE /v2.0/security-groups/e71d908f-9cbc-4492-b3a8-c0097561ebef HTTP/1.1" status: 204 len: 168 time: 0.1521671
2026-06-22 03:02:57.805 10 INFO neutron.api.v2.resource [None req-2b45cb8c-5bb1-43e5-bfe8-74d6481ffc7d 49f564b3569544a99967d68285746c1c c8dfcedaabf6481a9e5d600c676b8205 - - default default] show failed (client error): The resource could not be found.
