2026-06-22 03:03:33.281 9 INFO neutron.db.segments_db [None req-6b0782ae-d408-4faf-a6f3-15eb3cd62a10 01a41662695442acbe7393dcbb280b2a ee4ecaea6da14a648d56d58fe3d7865a - - default default] Added segment 133f6e2b-13e2-4e80-a2a6-517dcd65b98b of type geneve for network 675edbd2-6e24-4a30-add2-2080ae11a1ab
2026-06-22 03:03:33.563 9 INFO neutron.wsgi [None req-97588fb5-e5d0-49f3-8de8-fa2502a0d52d 85f301e2e9cb4710adffa45a4b4246bf 9e17edfe74f846fbb163214cc75014ef - - default default] 10.0.0.71 "DELETE /v2.0/routers/67b28fee-c1c2-4501-9001-253f27197df5 HTTP/1.1" status: 204 len: 168 time: 1.3485403
2026-06-22 03:03:33.582 9 INFO neutron.db.ovn_revision_numbers_db [None req-6b0782ae-d408-4faf-a6f3-15eb3cd62a10 01a41662695442acbe7393dcbb280b2a ee4ecaea6da14a648d56d58fe3d7865a - - default default] Successfully bumped revision number for resource 675edbd2-6e24-4a30-add2-2080ae11a1ab (type: networks) to 1
2026-06-22 03:03:33.754 10 INFO neutron.db.ovn_revision_numbers_db [None req-c389a6a5-9029-4547-b4e4-dd1a4a9a362a 85f301e2e9cb4710adffa45a4b4246bf 9e17edfe74f846fbb163214cc75014ef - - default default] Successfully bumped revision number for resource 487f29d0-668f-462c-b38b-1a81ddb7e8eb (type: security_groups) to 1
2026-06-22 03:03:33.785 9 WARNING neutron.scheduler.dhcp_agent_scheduler [None req-6b0782ae-d408-4faf-a6f3-15eb3cd62a10 01a41662695442acbe7393dcbb280b2a ee4ecaea6da14a648d56d58fe3d7865a - - default default] No more DHCP agents
2026-06-22 03:03:33.787 10 INFO neutron.db.ovn_revision_numbers_db [None req-c389a6a5-9029-4547-b4e4-dd1a4a9a362a 85f301e2e9cb4710adffa45a4b4246bf 9e17edfe74f846fbb163214cc75014ef - - default default] Successfully bumped revision number for resource 3cefda68-7600-490e-915d-d27d0f3870e2 (type: security_group_rules) to 0
2026-06-22 03:03:33.789 9 WARNING neutron.api.rpc.agentnotifiers.dhcp_rpc_agent_api [None req-6b0782ae-d408-4faf-a6f3-15eb3cd62a10 01a41662695442acbe7393dcbb280b2a ee4ecaea6da14a648d56d58fe3d7865a - - default default] Unable to schedule network 675edbd2-6e24-4a30-add2-2080ae11a1ab: no agents available; will retry on subsequent port and subnet creation events.
2026-06-22 03:03:33.811 10 INFO neutron.db.ovn_revision_numbers_db [None req-c389a6a5-9029-4547-b4e4-dd1a4a9a362a 85f301e2e9cb4710adffa45a4b4246bf 9e17edfe74f846fbb163214cc75014ef - - default default] Successfully bumped revision number for resource 40e31721-ad3a-46a5-a80e-8a32dc082913 (type: security_group_rules) to 0
2026-06-22 03:03:33.846 10 INFO neutron.db.ovn_revision_numbers_db [None req-c389a6a5-9029-4547-b4e4-dd1a4a9a362a 85f301e2e9cb4710adffa45a4b4246bf 9e17edfe74f846fbb163214cc75014ef - - default default] Successfully bumped revision number for resource 698453a8-5ea5-41b7-89fd-84927d301f26 (type: security_group_rules) to 0
2026-06-22 03:03:33.876 10 INFO neutron.db.ovn_revision_numbers_db [None req-c389a6a5-9029-4547-b4e4-dd1a4a9a362a 85f301e2e9cb4710adffa45a4b4246bf 9e17edfe74f846fbb163214cc75014ef - - default default] Successfully bumped revision number for resource 86da264c-72fb-49e3-b241-b3eee42d74b9 (type: security_group_rules) to 0
2026-06-22 03:03:33.884 9 INFO neutron.db.ovn_revision_numbers_db [None req-6b0782ae-d408-4faf-a6f3-15eb3cd62a10 01a41662695442acbe7393dcbb280b2a ee4ecaea6da14a648d56d58fe3d7865a - - default default] Successfully bumped revision number for resource 0689cc59-da21-4c9f-8c2d-7f3731b610ec (type: ports) to 1
2026-06-22 03:03:33.910 10 INFO neutron.wsgi [None req-c389a6a5-9029-4547-b4e4-dd1a4a9a362a 85f301e2e9cb4710adffa45a4b4246bf 9e17edfe74f846fbb163214cc75014ef - - default default] 10.0.0.71 "GET /v2.0/security-groups?tenant_id=663467b7c4154a0b8a7225f81eff2b36&name=default HTTP/1.1" status: 200 len: 3120 time: 0.6432736
2026-06-22 03:03:33.931 9 INFO neutron.wsgi [None req-6b0782ae-d408-4faf-a6f3-15eb3cd62a10 01a41662695442acbe7393dcbb280b2a ee4ecaea6da14a648d56d58fe3d7865a - - default default] 10.0.0.71 "POST /v2.0/networks HTTP/1.1" status: 201 len: 849 time: 0.7940919
2026-06-22 03:03:33.941 9 WARNING neutron_lib.context [None req-b4768e1c-1227-4063-8320-ce81a6faba91 01a41662695442acbe7393dcbb280b2a ee4ecaea6da14a648d56d58fe3d7865a - - default default] Method 'is_advsvc' is deprecated since 2023.2 release (neutron-lib 3.8.0) and will be removed once support for the old RBAC API policies will be removed from Neutron. Please use method 'is_service_role' instead.
2026-06-22 03:03:33.942 10 INFO neutron.wsgi [None req-f07af61b-97b3-4b53-8bdd-8ddd4b7e0a6c 85f301e2e9cb4710adffa45a4b4246bf 9e17edfe74f846fbb163214cc75014ef - - default default] 10.0.0.71 "DELETE /v2.0/subnets/46cd7166-ad65-45ed-a30d-0a84cbc23876 HTTP/1.1" status: 204 len: 168 time: 0.3724861
2026-06-22 03:03:34.071 9 INFO neutron.db.segments_db [None req-b4768e1c-1227-4063-8320-ce81a6faba91 01a41662695442acbe7393dcbb280b2a ee4ecaea6da14a648d56d58fe3d7865a - - default default] Added segment b31460fb-d0bd-44c6-9dd1-94db69503a36 of type geneve for network f22da0e0-cbc8-4f0b-aac9-c88c615fc98d
2026-06-22 03:03:34.500 10 INFO neutron.services.segments.plugin [-] Segment 75fb2b2e-7b2d-4b2b-af31-57b0f12936b4 resource provider aggregate not found
2026-06-22 03:03:34.504 10 INFO neutron.services.segments.plugin [-] Segment 75fb2b2e-7b2d-4b2b-af31-57b0f12936b4 resource provider aggregate not found
2026-06-22 03:03:34.525 10 INFO neutron.services.segments.plugin [-] Segment 75fb2b2e-7b2d-4b2b-af31-57b0f12936b4 resource provider not found; error: Placement Client Error (4xx): {"errors": [{"status": 404, "title": "Not Found", "detail": "The resource could not be found.\n\n No resource provider with uuid 75fb2b2e-7b2d-4b2b-af31-57b0f12936b4 found for delete ", "request_id": "req-84530bba-dcd5-4835-9b31-dc4f30fa1462"}]}
2026-06-22 03:03:34.526 10 INFO neutron.services.segments.plugin [-] Segment 75fb2b2e-7b2d-4b2b-af31-57b0f12936b4 resource provider not found; error: Placement Client Error (4xx): {"errors": [{"status": 404, "title": "Not Found", "detail": "The resource could not be found.\n\n No resource provider with uuid 75fb2b2e-7b2d-4b2b-af31-57b0f12936b4 found for delete ", "request_id": "req-3ce1dada-f732-47e6-a98c-80590a152e22"}]}
2026-06-22 03:03:34.574 10 INFO neutron.wsgi [None req-aeb2bff7-0e2c-4ba9-afef-0f190821fa22 85f301e2e9cb4710adffa45a4b4246bf 9e17edfe74f846fbb163214cc75014ef - - default default] 10.0.0.71 "DELETE /v2.0/networks/b1a73a88-22f1-445d-a760-f5b63ce7c69f HTTP/1.1" status: 204 len: 168 time: 0.6260078
2026-06-22 03:03:34.609 9 INFO neutron.db.ovn_revision_numbers_db [None req-b4768e1c-1227-4063-8320-ce81a6faba91 01a41662695442acbe7393dcbb280b2a ee4ecaea6da14a648d56d58fe3d7865a - - default default] Successfully bumped revision number for resource f22da0e0-cbc8-4f0b-aac9-c88c615fc98d (type: networks) to 1
2026-06-22 03:03:34.638 9 INFO neutron.wsgi [None req-56f06477-c08c-4661-bdb4-d5a69614c71a 85f301e2e9cb4710adffa45a4b4246bf 9e17edfe74f846fbb163214cc75014ef - - default default] 10.0.0.71 "DELETE /v2.0/security-groups/487f29d0-668f-462c-b38b-1a81ddb7e8eb HTTP/1.1" status: 204 len: 168 time: 0.7223372
2026-06-22 03:03:34.760 10 INFO neutron.wsgi [None req-840a5891-b062-434d-860d-ac5dc01a46d9 85f301e2e9cb4710adffa45a4b4246bf 9e17edfe74f846fbb163214cc75014ef - - default default] 10.0.0.71 "GET /v2.0/security-groups?tenant_id=793aa03315de4ec0921123ac8536f12a&name=default HTTP/1.1" status: 200 len: 3120 time: 0.0480933
2026-06-22 03:03:34.860 9 WARNING neutron.scheduler.dhcp_agent_scheduler [None req-b4768e1c-1227-4063-8320-ce81a6faba91 01a41662695442acbe7393dcbb280b2a ee4ecaea6da14a648d56d58fe3d7865a - - default default] No more DHCP agents
2026-06-22 03:03:34.861 9 WARNING neutron.api.rpc.agentnotifiers.dhcp_rpc_agent_api [None req-b4768e1c-1227-4063-8320-ce81a6faba91 01a41662695442acbe7393dcbb280b2a ee4ecaea6da14a648d56d58fe3d7865a - - default default] Unable to schedule network f22da0e0-cbc8-4f0b-aac9-c88c615fc98d: no agents available; will retry on subsequent port and subnet creation events.
2026-06-22 03:03:34.965 9 INFO neutron.db.ovn_revision_numbers_db [None req-b4768e1c-1227-4063-8320-ce81a6faba91 01a41662695442acbe7393dcbb280b2a ee4ecaea6da14a648d56d58fe3d7865a - - default default] Successfully bumped revision number for resource da0be453-411d-44c4-891f-8aa27eff0378 (type: ports) to 1
2026-06-22 03:03:35.005 9 INFO neutron.wsgi [None req-b4768e1c-1227-4063-8320-ce81a6faba91 01a41662695442acbe7393dcbb280b2a ee4ecaea6da14a648d56d58fe3d7865a - - default default] 10.0.0.71 "POST /v2.0/networks HTTP/1.1" status: 201 len: 849 time: 1.0678341
2026-06-22 03:03:35.060 9 WARNING neutron_lib.context [None req-cb934d70-06d9-4a2c-9580-9b099692d0cc 01a41662695442acbe7393dcbb280b2a ee4ecaea6da14a648d56d58fe3d7865a - - default default] Method 'is_advsvc' is deprecated since 2023.2 release (neutron-lib 3.8.0) and will be removed once support for the old RBAC API policies will be removed from Neutron. Please use method 'is_service_role' instead.
2026-06-22 03:03:35.103 9 WARNING neutron_lib.context [None req-cb934d70-06d9-4a2c-9580-9b099692d0cc 01a41662695442acbe7393dcbb280b2a ee4ecaea6da14a648d56d58fe3d7865a - - default default] Method 'is_advsvc' is deprecated since 2023.2 release (neutron-lib 3.8.0) and will be removed once support for the old RBAC API policies will be removed from Neutron. Please use method 'is_service_role' instead.
2026-06-22 03:03:35.248 10 INFO neutron.wsgi [None req-2f843f75-d33e-45cb-99e1-e4b7eb942462 85f301e2e9cb4710adffa45a4b4246bf 9e17edfe74f846fbb163214cc75014ef - - default default] 10.0.0.71 "PUT /v2.0/routers/f463ff21-5bed-48db-97b0-7115d928fa21/remove_router_interface HTTP/1.1" status: 200 len: 503 time: 1.9056797 /var/lib/openstack/lib/python3.10/site-packages/pycadf/identifier.py:71: UserWarning: Invalid uuid: neutron. To ensure interoperability, identifiers should be a valid uuid. warnings.warn(('Invalid uuid: %s. To ensure interoperability, '
2026-06-22 03:03:35.563 10 INFO neutron.wsgi [None req-a3792f2d-4a49-411d-a7a9-b445114d9893 85f301e2e9cb4710adffa45a4b4246bf 9e17edfe74f846fbb163214cc75014ef - - default default] 10.0.0.71 "DELETE /v2.0/security-groups/9b62aa7a-8b74-49fd-831a-22ed7833379b HTTP/1.1" status: 204 len: 168 time: 0.7943826
2026-06-22 03:03:35.569 9 WARNING neutron.scheduler.dhcp_agent_scheduler [None req-cb934d70-06d9-4a2c-9580-9b099692d0cc 01a41662695442acbe7393dcbb280b2a ee4ecaea6da14a648d56d58fe3d7865a - - default default] No more DHCP agents
2026-06-22 03:03:35.574 9 WARNING neutron.api.rpc.agentnotifiers.dhcp_rpc_agent_api [None req-cb934d70-06d9-4a2c-9580-9b099692d0cc 01a41662695442acbe7393dcbb280b2a ee4ecaea6da14a648d56d58fe3d7865a - - default default] Unable to schedule network 675edbd2-6e24-4a30-add2-2080ae11a1ab: no agents available; will retry on subsequent port and subnet creation events.
2026-06-22 03:03:36.175 9 INFO neutron.db.ovn_revision_numbers_db [None req-cb934d70-06d9-4a2c-9580-9b099692d0cc 01a41662695442acbe7393dcbb280b2a ee4ecaea6da14a648d56d58fe3d7865a - - default default] Successfully bumped revision number for resource 0689cc59-da21-4c9f-8c2d-7f3731b610ec (type: ports) to 2
2026-06-22 03:03:36.212 9 INFO neutron.db.ovn_revision_numbers_db [None req-cb934d70-06d9-4a2c-9580-9b099692d0cc 01a41662695442acbe7393dcbb280b2a ee4ecaea6da14a648d56d58fe3d7865a - - default default] Successfully bumped revision number for resource 4dc6be8d-4f35-4ffe-addf-a3252ff2912d (type: subnets) to 0
2026-06-22 03:03:36.240 9 WARNING neutron.scheduler.dhcp_agent_scheduler [None req-cb934d70-06d9-4a2c-9580-9b099692d0cc 01a41662695442acbe7393dcbb280b2a ee4ecaea6da14a648d56d58fe3d7865a - - default default] No more DHCP agents
2026-06-22 03:03:36.245 9 WARNING neutron.api.rpc.agentnotifiers.dhcp_rpc_agent_api [None req-cb934d70-06d9-4a2c-9580-9b099692d0cc 01a41662695442acbe7393dcbb280b2a ee4ecaea6da14a648d56d58fe3d7865a - - default default] Unable to schedule network f22da0e0-cbc8-4f0b-aac9-c88c615fc98d: no agents available; will retry on subsequent port and subnet creation events.
2026-06-22 03:03:36.319 10 INFO neutron.wsgi [None req-5bb92025-7aff-494a-97e5-d816770236b1 85f301e2e9cb4710adffa45a4b4246bf 9e17edfe74f846fbb163214cc75014ef - - default default] 10.0.0.71 "DELETE /v2.0/routers/f463ff21-5bed-48db-97b0-7115d928fa21 HTTP/1.1" status: 204 len: 168 time: 1.0653613
2026-06-22 03:03:36.565 10 INFO neutron.wsgi [None req-66e94f1e-1580-4fd5-a8e2-4b02f61c9707 85f301e2e9cb4710adffa45a4b4246bf 9e17edfe74f846fbb163214cc75014ef - - default default] 10.0.0.71 "DELETE /v2.0/subnets/ca30a029-0dc9-4aa4-a052-470309931849 HTTP/1.1" status: 204 len: 168 time: 0.2398925
2026-06-22 03:03:36.871 9 INFO neutron.db.ovn_revision_numbers_db [None req-cb934d70-06d9-4a2c-9580-9b099692d0cc 01a41662695442acbe7393dcbb280b2a ee4ecaea6da14a648d56d58fe3d7865a - - default default] Successfully bumped revision number for resource da0be453-411d-44c4-891f-8aa27eff0378 (type: ports) to 2
2026-06-22 03:03:36.911 9 INFO neutron.db.ovn_revision_numbers_db [None req-cb934d70-06d9-4a2c-9580-9b099692d0cc 01a41662695442acbe7393dcbb280b2a ee4ecaea6da14a648d56d58fe3d7865a - - default default] Successfully bumped revision number for resource c3497e94-d385-4954-8824-1d5aed4d63db (type: subnets) to 0
2026-06-22 03:03:36.930 9 INFO neutron.wsgi [None req-cb934d70-06d9-4a2c-9580-9b099692d0cc 01a41662695442acbe7393dcbb280b2a ee4ecaea6da14a648d56d58fe3d7865a - - default default] 10.0.0.71 "POST /v2.0/subnets HTTP/1.1" status: 201 len: 1426 time: 1.8764632
2026-06-22 03:03:37.001 9 INFO neutron.wsgi [None req-8eb574db-ad64-40f3-aa07-16119bd3bf9e 01a41662695442acbe7393dcbb280b2a ee4ecaea6da14a648d56d58fe3d7865a - - default default] 10.0.0.71 "GET /v2.0/subnets HTTP/1.1" status: 200 len: 2034 time: 0.0645173
2026-06-22 03:03:37.021 10 INFO neutron.services.segments.plugin [-] Segment ff3d267a-36b0-4ddf-b961-f1a04dd2bfed resource provider aggregate not found
2026-06-22 03:03:37.026 10 INFO neutron.services.segments.plugin [-] Segment ff3d267a-36b0-4ddf-b961-f1a04dd2bfed resource provider aggregate not found
2026-06-22 03:03:37.036 10 INFO neutron.services.segments.plugin [-] Segment ff3d267a-36b0-4ddf-b961-f1a04dd2bfed resource provider not found; error: Placement Client Error (4xx): {"errors": [{"status": 404, "title": "Not Found", "detail": "The resource could not be found.\n\n No resource provider with uuid ff3d267a-36b0-4ddf-b961-f1a04dd2bfed found for delete ", "request_id": "req-9354294f-2823-45e4-8197-e154754a4c3e"}]}
2026-06-22 03:03:37.049 10 INFO neutron.services.segments.plugin [-] Segment ff3d267a-36b0-4ddf-b961-f1a04dd2bfed resource provider not found; error: Placement Client Error (4xx): {"errors": [{"status": 404, "title": "Not Found", "detail": "The resource could not be found.\n\n No resource provider with uuid ff3d267a-36b0-4ddf-b961-f1a04dd2bfed found for delete ", "request_id": "req-1880e97a-48a3-4d13-8d6d-e7718b8cb229"}]}
2026-06-22 03:03:37.060 10 INFO neutron.db.ovn_revision_numbers_db [None req-7d399840-b29d-410a-8bb6-ac407ed0402e 85f301e2e9cb4710adffa45a4b4246bf 9e17edfe74f846fbb163214cc75014ef - - default default] Successfully bumped revision number for resource 358c201e-9cd3-4efd-89e3-d3377f47e558 (type: security_groups) to 1
2026-06-22 03:03:37.075 10 INFO neutron.wsgi [None req-6db3c16d-cef7-4e9e-b533-eeb63b2be12e 85f301e2e9cb4710adffa45a4b4246bf 9e17edfe74f846fbb163214cc75014ef - - default default] 10.0.0.71 "DELETE /v2.0/networks/873970d3-066d-4fa8-acff-343ac8e16fc2 HTTP/1.1" status: 204 len: 168 time: 0.4972670
2026-06-22 03:03:37.086 10 INFO neutron.db.ovn_revision_numbers_db [None req-7d399840-b29d-410a-8bb6-ac407ed0402e 85f301e2e9cb4710adffa45a4b4246bf 9e17edfe74f846fbb163214cc75014ef - - default default] Successfully bumped revision number for resource 2bdb4cd0-75c6-453e-a85d-ba2670ff47dc (type: security_group_rules) to 0
2026-06-22 03:03:37.103 10 INFO neutron.db.ovn_revision_numbers_db [None req-7d399840-b29d-410a-8bb6-ac407ed0402e 85f301e2e9cb4710adffa45a4b4246bf 9e17edfe74f846fbb163214cc75014ef - - default default] Successfully bumped revision number for resource 83bddeb1-bc9f-453a-89c0-fcfd2645fbc2 (type: security_group_rules) to 0
2026-06-22 03:03:37.125 10 INFO neutron.db.ovn_revision_numbers_db [None req-7d399840-b29d-410a-8bb6-ac407ed0402e 85f301e2e9cb4710adffa45a4b4246bf 9e17edfe74f846fbb163214cc75014ef - - default default] Successfully bumped revision number for resource b7da8083-88de-4303-ab42-c7850c156add (type: security_group_rules) to 0
2026-06-22 03:03:37.141 10 INFO neutron.db.ovn_revision_numbers_db [None req-7d399840-b29d-410a-8bb6-ac407ed0402e 85f301e2e9cb4710adffa45a4b4246bf 9e17edfe74f846fbb163214cc75014ef - - default default] Successfully bumped revision number for resource cb0aa88f-dd49-42c7-93ff-58cc992ed56d (type: security_group_rules) to 0
2026-06-22 03:03:37.196 10 INFO neutron.db.segments_db [None req-7d399840-b29d-410a-8bb6-ac407ed0402e 85f301e2e9cb4710adffa45a4b4246bf 9e17edfe74f846fbb163214cc75014ef - - default default] Added segment f798c7a9-b955-4d7e-918d-b1232ec6e6c0 of type geneve for network c1bb2663-eaf1-475e-bd05-22bb9dbebcd9
2026-06-22 03:03:37.291 9 INFO neutron.wsgi [None req-1338d615-abb2-43a5-8684-32a8b374a1aa 01a41662695442acbe7393dcbb280b2a ee4ecaea6da14a648d56d58fe3d7865a - - default default] 10.0.0.71 "DELETE /v2.0/subnets/4dc6be8d-4f35-4ffe-addf-a3252ff2912d HTTP/1.1" status: 204 len: 168 time: 0.2810316
2026-06-22 03:03:37.342 9 INFO neutron.wsgi [None req-10883dee-ed41-4bd3-9399-8f1c69e02f08 85f301e2e9cb4710adffa45a4b4246bf 9e17edfe74f846fbb163214cc75014ef - - default default] 10.0.0.71 "GET /v2.0/security-groups?tenant_id=817dd3645443472bb21bdb16bac73222&name=default HTTP/1.1" status: 200 len: 3120 time: 0.0798421
2026-06-22 03:03:37.368 10 INFO neutron.db.ovn_revision_numbers_db [None req-7d399840-b29d-410a-8bb6-ac407ed0402e 85f301e2e9cb4710adffa45a4b4246bf 9e17edfe74f846fbb163214cc75014ef - - default default] Successfully bumped revision number for resource c1bb2663-eaf1-475e-bd05-22bb9dbebcd9 (type: networks) to 1
2026-06-22 03:03:37.639 9 INFO neutron.wsgi [None req-d7768541-7e1d-48ec-9c0c-ca9758d0bbd2 01a41662695442acbe7393dcbb280b2a ee4ecaea6da14a648d56d58fe3d7865a - - default default] 10.0.0.71 "DELETE /v2.0/subnets/c3497e94-d385-4954-8824-1d5aed4d63db HTTP/1.1" status: 204 len: 168 time: 0.3402388
2026-06-22 03:03:37.686 9 INFO neutron.wsgi [None req-21e549a3-860e-4f18-a936-340a6ec098d3 85f301e2e9cb4710adffa45a4b4246bf 9e17edfe74f846fbb163214cc75014ef - - default default] 10.0.0.71 "DELETE /v2.0/security-groups/e2aaa5dd-042f-4c92-ad4f-3a748b53c2cf HTTP/1.1" status: 204 len: 168 time: 0.3367515
2026-06-22 03:03:37.693 10 WARNING neutron.scheduler.dhcp_agent_scheduler [None req-7d399840-b29d-410a-8bb6-ac407ed0402e 85f301e2e9cb4710adffa45a4b4246bf 9e17edfe74f846fbb163214cc75014ef - - default default] No more DHCP agents
2026-06-22 03:03:37.699 10 WARNING neutron.api.rpc.agentnotifiers.dhcp_rpc_agent_api [None req-7d399840-b29d-410a-8bb6-ac407ed0402e 85f301e2e9cb4710adffa45a4b4246bf 9e17edfe74f846fbb163214cc75014ef - - default default] Unable to schedule network c1bb2663-eaf1-475e-bd05-22bb9dbebcd9: no agents available; will retry on subsequent port and subnet creation events.
2026-06-22 03:03:37.722 10 INFO neutron.wsgi [None req-8c4414e0-1bba-4e51-a95b-4d86843f5407 01a41662695442acbe7393dcbb280b2a ee4ecaea6da14a648d56d58fe3d7865a - - default default] 10.0.0.71 "GET /v2.0/subnets HTTP/1.1" status: 200 len: 820 time: 0.0745463
2026-06-22 03:03:37.787 10 INFO neutron.db.ovn_revision_numbers_db [None req-ce16c24b-4662-4c5f-9cde-13bc4c8ad9be 85f301e2e9cb4710adffa45a4b4246bf 9e17edfe74f846fbb163214cc75014ef - - default default] Successfully bumped revision number for resource 8065181d-7703-49c7-b40e-ba1f2f6299c8 (type: security_groups) to 1
2026-06-22 03:03:37.807 10 INFO neutron.db.ovn_revision_numbers_db [None req-7d399840-b29d-410a-8bb6-ac407ed0402e 85f301e2e9cb4710adffa45a4b4246bf 9e17edfe74f846fbb163214cc75014ef - - default default] Successfully bumped revision number for resource e43d8555-b53d-48bc-8693-cac426f2cf76 (type: ports) to 1
2026-06-22 03:03:37.810 10 INFO neutron.db.ovn_revision_numbers_db [None req-ce16c24b-4662-4c5f-9cde-13bc4c8ad9be 85f301e2e9cb4710adffa45a4b4246bf 9e17edfe74f846fbb163214cc75014ef - - default default] Successfully bumped revision number for resource 37e393b2-44fd-441f-879a-a921ccb0f93c (type: security_group_rules) to 0
2026-06-22 03:03:37.831 10 INFO neutron.db.ovn_revision_numbers_db [None req-ce16c24b-4662-4c5f-9cde-13bc4c8ad9be 85f301e2e9cb4710adffa45a4b4246bf 9e17edfe74f846fbb163214cc75014ef - - default default] Successfully bumped revision number for resource cb4c2ab9-d041-426d-941c-6449568c550b (type: security_group_rules) to 0
2026-06-22 03:03:37.835 10 INFO neutron.wsgi [None req-7d399840-b29d-410a-8bb6-ac407ed0402e 85f301e2e9cb4710adffa45a4b4246bf 9e17edfe74f846fbb163214cc75014ef - - default default] 10.0.0.71 "POST /v2.0/networks HTTP/1.1" status: 201 len: 942 time: 1.2023072
2026-06-22 03:03:37.854 10 INFO neutron.db.ovn_revision_numbers_db [None req-ce16c24b-4662-4c5f-9cde-13bc4c8ad9be 85f301e2e9cb4710adffa45a4b4246bf 9e17edfe74f846fbb163214cc75014ef - - default default] Successfully bumped revision number for resource e8c93c3f-f436-4897-a47b-d67ac6de3ecb (type: security_group_rules) to 0
2026-06-22 03:03:37.868 10 INFO neutron.db.ovn_revision_numbers_db [None req-ce16c24b-4662-4c5f-9cde-13bc4c8ad9be 85f301e2e9cb4710adffa45a4b4246bf 9e17edfe74f846fbb163214cc75014ef - - default default] Successfully bumped revision number for resource ed770fce-81fb-49ba-bf0d-b89495527120 (type: security_group_rules) to 0
2026-06-22 03:03:37.925 10 INFO neutron.db.segments_db [None req-ce16c24b-4662-4c5f-9cde-13bc4c8ad9be 85f301e2e9cb4710adffa45a4b4246bf 9e17edfe74f846fbb163214cc75014ef - - default default] Added segment 3e50ad31-3a57-41b0-a989-0de3c0d07f27 of type geneve for network ced82aec-7db2-48de-897b-77a516b007cb
2026-06-22 03:03:38.043 10 WARNING neutron.scheduler.dhcp_agent_scheduler [None req-1e0bc85c-d292-4b89-8886-a195a3bf632c 85f301e2e9cb4710adffa45a4b4246bf 9e17edfe74f846fbb163214cc75014ef - - default default] No more DHCP agents
2026-06-22 03:03:38.054 10 WARNING neutron.api.rpc.agentnotifiers.dhcp_rpc_agent_api [None req-1e0bc85c-d292-4b89-8886-a195a3bf632c 85f301e2e9cb4710adffa45a4b4246bf 9e17edfe74f846fbb163214cc75014ef - - default default] Unable to schedule network c1bb2663-eaf1-475e-bd05-22bb9dbebcd9: no agents available; will retry on subsequent port and subnet creation events.
2026-06-22 03:03:38.152 10 INFO neutron.db.ovn_revision_numbers_db [None req-ce16c24b-4662-4c5f-9cde-13bc4c8ad9be 85f301e2e9cb4710adffa45a4b4246bf 9e17edfe74f846fbb163214cc75014ef - - default default] Successfully bumped revision number for resource ced82aec-7db2-48de-897b-77a516b007cb (type: networks) to 1
2026-06-22 03:03:38.220 9 INFO neutron.services.segments.plugin [-] Segment b31460fb-d0bd-44c6-9dd1-94db69503a36 resource provider aggregate not found
2026-06-22 03:03:38.227 9 INFO neutron.services.segments.plugin [-] Segment b31460fb-d0bd-44c6-9dd1-94db69503a36 resource provider aggregate not found
2026-06-22 03:03:38.246 9 INFO neutron.services.segments.plugin [-] Segment b31460fb-d0bd-44c6-9dd1-94db69503a36 resource provider not found; error: Placement Client Error (4xx): {"errors": [{"status": 404, "title": "Not Found", "detail": "The resource could not be found.\n\n No resource provider with uuid b31460fb-d0bd-44c6-9dd1-94db69503a36 found for delete ", "request_id": "req-8422a75e-f6cb-45f5-87f2-aa0c9762c0e0"}]}
2026-06-22 03:03:38.247 9 INFO neutron.services.segments.plugin [-] Segment b31460fb-d0bd-44c6-9dd1-94db69503a36 resource provider not found; error: Placement Client Error (4xx): {"errors": [{"status": 404, "title": "Not Found", "detail": "The resource could not be found.\n\n No resource provider with uuid b31460fb-d0bd-44c6-9dd1-94db69503a36 found for delete ", "request_id": "req-f3ea681e-9e59-4f59-a6f6-26d46c01f917"}]}
2026-06-22 03:03:38.269 9 INFO neutron.wsgi [None req-08987b5f-c3a7-477c-ab37-6c520ca8c74a 01a41662695442acbe7393dcbb280b2a ee4ecaea6da14a648d56d58fe3d7865a - - default default] 10.0.0.71 "DELETE /v2.0/networks/f22da0e0-cbc8-4f0b-aac9-c88c615fc98d HTTP/1.1" status: 204 len: 168 time: 0.5345786
2026-06-22 03:03:38.448 10 WARNING neutron.scheduler.dhcp_agent_scheduler [None req-ce16c24b-4662-4c5f-9cde-13bc4c8ad9be 85f301e2e9cb4710adffa45a4b4246bf 9e17edfe74f846fbb163214cc75014ef - - default default] No more DHCP agents
2026-06-22 03:03:38.453 10 WARNING neutron.api.rpc.agentnotifiers.dhcp_rpc_agent_api [None req-ce16c24b-4662-4c5f-9cde-13bc4c8ad9be 85f301e2e9cb4710adffa45a4b4246bf 9e17edfe74f846fbb163214cc75014ef - - default default] Unable to schedule network ced82aec-7db2-48de-897b-77a516b007cb: no agents available; will retry on subsequent port and subnet creation events.
2026-06-22 03:03:38.591 10 INFO neutron.db.ovn_revision_numbers_db [None req-ce16c24b-4662-4c5f-9cde-13bc4c8ad9be 85f301e2e9cb4710adffa45a4b4246bf 9e17edfe74f846fbb163214cc75014ef - - default default] Successfully bumped revision number for resource 2cdb7620-da85-4511-b80e-0e483945f918 (type: ports) to 1
2026-06-22 03:03:38.629 10 INFO neutron.wsgi [None req-ce16c24b-4662-4c5f-9cde-13bc4c8ad9be 85f301e2e9cb4710adffa45a4b4246bf 9e17edfe74f846fbb163214cc75014ef - - default default] 10.0.0.71 "POST /v2.0/networks HTTP/1.1" status: 201 len: 946 time: 1.3534489
2026-06-22 03:03:38.743 9 INFO neutron.wsgi [None req-77cacda0-933d-47ff-b4a6-41ac456f8a2e 01a41662695442acbe7393dcbb280b2a ee4ecaea6da14a648d56d58fe3d7865a - - default default] 10.0.0.71 "DELETE /v2.0/networks/675edbd2-6e24-4a30-add2-2080ae11a1ab HTTP/1.1" status: 204 len: 168 time: 0.4670355
2026-06-22 03:03:38.913 10 INFO neutron.db.ovn_revision_numbers_db [None req-1e0bc85c-d292-4b89-8886-a195a3bf632c 85f301e2e9cb4710adffa45a4b4246bf 9e17edfe74f846fbb163214cc75014ef - - default default] Successfully bumped revision number for resource e43d8555-b53d-48bc-8693-cac426f2cf76 (type: ports) to 2
2026-06-22 03:03:38.952 10 WARNING neutron.scheduler.dhcp_agent_scheduler [None req-2a602a8f-1f47-467f-8e36-3fccd4c96973 85f301e2e9cb4710adffa45a4b4246bf 9e17edfe74f846fbb163214cc75014ef - - default default] No more DHCP agents
2026-06-22 03:03:38.957 10 WARNING neutron.api.rpc.agentnotifiers.dhcp_rpc_agent_api [None req-2a602a8f-1f47-467f-8e36-3fccd4c96973 85f301e2e9cb4710adffa45a4b4246bf 9e17edfe74f846fbb163214cc75014ef - - default default] Unable to schedule network ced82aec-7db2-48de-897b-77a516b007cb: no agents available; will retry on subsequent port and subnet creation events.
2026-06-22 03:03:39.328 10 INFO neutron.db.ovn_revision_numbers_db [None req-1e0bc85c-d292-4b89-8886-a195a3bf632c 85f301e2e9cb4710adffa45a4b4246bf 9e17edfe74f846fbb163214cc75014ef - - default default] Successfully bumped revision number for resource e17baf1d-0051-4681-a564-1837d5092f09 (type: subnets) to 0
2026-06-22 03:03:39.366 10 INFO neutron.wsgi [None req-1e0bc85c-d292-4b89-8886-a195a3bf632c 85f301e2e9cb4710adffa45a4b4246bf 9e17edfe74f846fbb163214cc75014ef - - default default] 10.0.0.71 "POST /v2.0/subnets HTTP/1.1" status: 201 len: 862 time: 1.5250497
2026-06-22 03:03:39.830 9 INFO neutron.db.ovn_revision_numbers_db [None req-eb9ff8cf-09e7-4b12-8004-94779e559473 85f301e2e9cb4710adffa45a4b4246bf 9e17edfe74f846fbb163214cc75014ef - - default default] Successfully bumped revision number for resource fd58c15e-3aa7-4664-ba06-b883afbcf390 (type: security_groups) to 1
2026-06-22 03:03:39.860 9 INFO neutron.db.ovn_revision_numbers_db [None req-eb9ff8cf-09e7-4b12-8004-94779e559473 85f301e2e9cb4710adffa45a4b4246bf 9e17edfe74f846fbb163214cc75014ef - - default default] Successfully bumped revision number for resource 1487f4b3-29b4-49d1-a9bd-aeed00c4c7cb (type: security_group_rules) to 0
2026-06-22 03:03:39.880 9 INFO neutron.db.ovn_revision_numbers_db [None req-eb9ff8cf-09e7-4b12-8004-94779e559473 85f301e2e9cb4710adffa45a4b4246bf 9e17edfe74f846fbb163214cc75014ef - - default default] Successfully bumped revision number for resource a1883b6c-4379-4ba0-b505-bbb3a885373c (type: security_group_rules) to 0
2026-06-22 03:03:39.900 9 INFO neutron.db.ovn_revision_numbers_db [None req-eb9ff8cf-09e7-4b12-8004-94779e559473 85f301e2e9cb4710adffa45a4b4246bf 9e17edfe74f846fbb163214cc75014ef - - default default] Successfully bumped revision number for resource e79728a0-b663-43f1-8390-dc1a59e1432d (type: security_group_rules) to 0
2026-06-22 03:03:39.915 10 INFO neutron.services.segments.plugin [-] Segment 98000add-da22-4ab2-8f5c-0363693d5834 resource provider aggregate not found
2026-06-22 03:03:39.921 9 INFO neutron.db.ovn_revision_numbers_db [None req-eb9ff8cf-09e7-4b12-8004-94779e559473 85f301e2e9cb4710adffa45a4b4246bf 9e17edfe74f846fbb163214cc75014ef - - default default] Successfully bumped revision number for resource ebd068e2-d4b0-44c6-b254-5e0286457592 (type: security_group_rules) to 0
2026-06-22 03:03:39.925 10 INFO neutron.services.segments.plugin [-] Segment 98000add-da22-4ab2-8f5c-0363693d5834 resource provider aggregate not found
2026-06-22 03:03:39.952 10 INFO neutron.services.segments.plugin [-] Segment 98000add-da22-4ab2-8f5c-0363693d5834 resource provider not found; error: Placement Client Error (4xx): {"errors": [{"status": 404, "title": "Not Found", "detail": "The resource could not be found.\n\n No resource provider with uuid 98000add-da22-4ab2-8f5c-0363693d5834 found for delete ", "request_id": "req-f6681162-6a4b-496e-a423-f2219ac74ac1"}]}
2026-06-22 03:03:39.953 10 INFO neutron.services.segments.plugin [-] Segment 98000add-da22-4ab2-8f5c-0363693d5834 resource provider not found; error: Placement Client Error (4xx): {"errors": [{"status": 404, "title": "Not Found", "detail": "The resource could not be found.\n\n No resource provider with uuid 98000add-da22-4ab2-8f5c-0363693d5834 found for delete ", "request_id": "req-653ad8c0-dd3b-4a52-a053-e123685696db"}]}
2026-06-22 03:03:39.978 9 INFO neutron.db.segments_db [None req-eb9ff8cf-09e7-4b12-8004-94779e559473 85f301e2e9cb4710adffa45a4b4246bf 9e17edfe74f846fbb163214cc75014ef - - default default] Added segment aee13c96-0a12-442a-92a7-f634bd91f9bd of type geneve for network bf9fe57f-cc57-4902-8cad-579e44f43703
2026-06-22 03:03:40.031 10 INFO neutron.wsgi [None req-7545265e-c7a4-456b-b764-2def66424e75 01a41662695442acbe7393dcbb280b2a ee4ecaea6da14a648d56d58fe3d7865a - - default default] 10.0.0.71 "DELETE /v2.0/networks/8c102deb-2031-48cf-befc-efc221786357 HTTP/1.1" status: 204 len: 168 time: 1.2836537
2026-06-22 03:03:40.188 9 INFO neutron.db.ovn_revision_numbers_db [None req-eb9ff8cf-09e7-4b12-8004-94779e559473 85f301e2e9cb4710adffa45a4b4246bf 9e17edfe74f846fbb163214cc75014ef - - default default] Successfully bumped revision number for resource bf9fe57f-cc57-4902-8cad-579e44f43703 (type: networks) to 1
2026-06-22 03:03:40.277 9 INFO neutron.services.segments.plugin [-] Segment 133f6e2b-13e2-4e80-a2a6-517dcd65b98b resource provider aggregate not found
2026-06-22 03:03:40.283 9 INFO neutron.services.segments.plugin [-] Segment 133f6e2b-13e2-4e80-a2a6-517dcd65b98b resource provider aggregate not found
2026-06-22 03:03:40.312 9 INFO neutron.services.segments.plugin [-] Segment 133f6e2b-13e2-4e80-a2a6-517dcd65b98b resource provider not found; error: Placement Client Error (4xx): {"errors": [{"status": 404, "title": "Not Found", "detail": "The resource could not be found.\n\n No resource provider with uuid 133f6e2b-13e2-4e80-a2a6-517dcd65b98b found for delete ", "request_id": "req-ae1e2d8e-27f3-467d-8a97-01e6e39bcf50"}]}
2026-06-22 03:03:40.322 9 INFO neutron.services.segments.plugin [-] Segment 133f6e2b-13e2-4e80-a2a6-517dcd65b98b resource provider not found; error: Placement Client Error (4xx): {"errors": [{"status": 404, "title": "Not Found", "detail": "The resource could not be found.\n\n No resource provider with uuid 133f6e2b-13e2-4e80-a2a6-517dcd65b98b found for delete ", "request_id": "req-c6f9490f-c548-4b07-b42e-d8f80facbca5"}]}
2026-06-22 03:03:40.353 10 WARNING neutron.scheduler.dhcp_agent_scheduler [None req-056ded79-f45a-43fd-b9c1-e789676de887 85f301e2e9cb4710adffa45a4b4246bf 9e17edfe74f846fbb163214cc75014ef - - default default] No more DHCP agents
2026-06-22 03:03:40.355 10 INFO neutron.db.ovn_revision_numbers_db [None req-2a602a8f-1f47-467f-8e36-3fccd4c96973 85f301e2e9cb4710adffa45a4b4246bf 9e17edfe74f846fbb163214cc75014ef - - default default] Successfully bumped revision number for resource 2cdb7620-da85-4511-b80e-0e483945f918 (type: ports) to 2
2026-06-22 03:03:40.358 10 WARNING neutron.api.rpc.agentnotifiers.dhcp_rpc_agent_api [None req-056ded79-f45a-43fd-b9c1-e789676de887 85f301e2e9cb4710adffa45a4b4246bf 9e17edfe74f846fbb163214cc75014ef - - default default] Unable to schedule network c93e448b-7fef-47f7-a495-b89909f7d740: no agents available; will retry on subsequent port and subnet creation events.
2026-06-22 03:03:40.433 10 INFO neutron.db.ovn_revision_numbers_db [None req-2a602a8f-1f47-467f-8e36-3fccd4c96973 85f301e2e9cb4710adffa45a4b4246bf 9e17edfe74f846fbb163214cc75014ef - - default default] Successfully bumped revision number for resource 0d5a719a-2698-4b95-bbec-6c02d83927a2 (type: subnets) to 0
2026-06-22 03:03:40.473 10 INFO neutron.wsgi [None req-2a602a8f-1f47-467f-8e36-3fccd4c96973 85f301e2e9cb4710adffa45a4b4246bf 9e17edfe74f846fbb163214cc75014ef - - default default] 10.0.0.71 "POST /v2.0/subnets HTTP/1.1" status: 201 len: 866 time: 1.8386848
2026-06-22 03:03:40.523 9 WARNING neutron.scheduler.dhcp_agent_scheduler [None req-eb9ff8cf-09e7-4b12-8004-94779e559473 85f301e2e9cb4710adffa45a4b4246bf 9e17edfe74f846fbb163214cc75014ef - - default default] No more DHCP agents
2026-06-22 03:03:40.539 9 WARNING neutron.api.rpc.agentnotifiers.dhcp_rpc_agent_api [None req-eb9ff8cf-09e7-4b12-8004-94779e559473 85f301e2e9cb4710adffa45a4b4246bf 9e17edfe74f846fbb163214cc75014ef - - default default] Unable to schedule network bf9fe57f-cc57-4902-8cad-579e44f43703: no agents available; will retry on subsequent port and subnet creation events.
2026-06-22 03:03:40.593 10 INFO neutron.db.ovn_revision_numbers_db [None req-056ded79-f45a-43fd-b9c1-e789676de887 85f301e2e9cb4710adffa45a4b4246bf 9e17edfe74f846fbb163214cc75014ef - - default default] Successfully bumped revision number for resource 302c345f-5a79-4902-81b7-7231d046a625 (type: ports) to 1
2026-06-22 03:03:40.787 9 INFO neutron.db.ovn_revision_numbers_db [None req-eb9ff8cf-09e7-4b12-8004-94779e559473 85f301e2e9cb4710adffa45a4b4246bf 9e17edfe74f846fbb163214cc75014ef - - default default] Successfully bumped revision number for resource 7d4b438c-c30c-4ccb-a4cf-aae0ae3e786f (type: ports) to 1
2026-06-22 03:03:40.852 9 INFO neutron.wsgi [None req-eb9ff8cf-09e7-4b12-8004-94779e559473 85f301e2e9cb4710adffa45a4b4246bf 9e17edfe74f846fbb163214cc75014ef - - default default] 10.0.0.71 "POST /v2.0/networks HTTP/1.1" status: 201 len: 946 time: 1.3722367
2026-06-22 03:03:40.915 9 INFO neutron.wsgi [None req-cabcbbab-f174-4514-a005-26b5083f670b 01a41662695442acbe7393dcbb280b2a ee4ecaea6da14a648d56d58fe3d7865a - - default default] 10.0.0.71 "DELETE /v2.0/networks/5343eb0b-683d-47fa-a443-1270e22ac35f HTTP/1.1" status: 204 len: 168 time: 0.8771915
2026-06-22 03:03:41.121 10 WARNING neutron.scheduler.dhcp_agent_scheduler [None req-5176b0a7-e047-47b3-b9d9-2798ac4e6f44 85f301e2e9cb4710adffa45a4b4246bf 9e17edfe74f846fbb163214cc75014ef - - default default] No more DHCP agents
2026-06-22 03:03:41.126 10 WARNING neutron.api.rpc.agentnotifiers.dhcp_rpc_agent_api [None req-5176b0a7-e047-47b3-b9d9-2798ac4e6f44 85f301e2e9cb4710adffa45a4b4246bf 9e17edfe74f846fbb163214cc75014ef - - default default] Unable to schedule network bf9fe57f-cc57-4902-8cad-579e44f43703: no agents available; will retry on subsequent port and subnet creation events.
2026-06-22 03:03:41.619 9 WARNING neutron.scheduler.dhcp_agent_scheduler [None req-44de3c6e-75ce-4a67-be74-b272b5d6dc09 85f301e2e9cb4710adffa45a4b4246bf 9e17edfe74f846fbb163214cc75014ef - - default default] No more DHCP agents
2026-06-22 03:03:41.621 9 WARNING neutron.api.rpc.agentnotifiers.dhcp_rpc_agent_api [None req-44de3c6e-75ce-4a67-be74-b272b5d6dc09 85f301e2e9cb4710adffa45a4b4246bf 9e17edfe74f846fbb163214cc75014ef - - default default] Unable to schedule network c93e448b-7fef-47f7-a495-b89909f7d740: no agents available; will retry on subsequent port and subnet creation events.
2026-06-22 03:03:41.709 9 INFO neutron.wsgi [None req-c2e17e93-5325-4e73-8cf7-99c53c32e83f 85f301e2e9cb4710adffa45a4b4246bf 9e17edfe74f846fbb163214cc75014ef - - default default] 10.0.0.71 "GET /v2.0/security-groups?tenant_id=ee4ecaea6da14a648d56d58fe3d7865a&name=default HTTP/1.1" status: 200 len: 3120 time: 0.1562452
2026-06-22 03:03:41.837 9 INFO neutron.db.ovn_revision_numbers_db [None req-44de3c6e-75ce-4a67-be74-b272b5d6dc09 85f301e2e9cb4710adffa45a4b4246bf 9e17edfe74f846fbb163214cc75014ef - - default default] Successfully bumped revision number for resource 200dfdc6-58cf-4ba4-ae7a-fe88752d900a (type: ports) to 1
2026-06-22 03:03:41.918 10 INFO neutron.plugins.ml2.drivers.ovn.mech_driver.ovsdb.commands [None req-640ae87f-60ab-4ea4-b77a-bfa827d769e5 - - - - - -] Schedule LRP lrp-302c345f-5a79-4902-81b7-7231d046a625 on gateway fb47d817-7027-45e0-8447-b05306e3c8c3 with priority 1
2026-06-22 03:03:41.928 10 INFO neutron.plugins.ml2.drivers.ovn.mech_driver.mech_driver [None req-3e709302-db6d-4991-9ee7-1ef00f3c6a42 - - - - - -] OVN reports status up for port: 302c345f-5a79-4902-81b7-7231d046a625
2026-06-22 03:03:41.957 9 INFO neutron.plugins.ml2.drivers.ovn.mech_driver.ovsdb.ovsdb_monitor [None req-c13c4fde-9d05-4013-903f-091e070bf4d3 - - - - - -] Router 9e6c6058-7c6b-42cf-b6c6-2e9d201cbb71 is bound to host instance
2026-06-22 03:03:41.965 10 INFO neutron.plugins.ml2.plugin [None req-3e709302-db6d-4991-9ee7-1ef00f3c6a42 - - - - - -] Attempt 1 to provision port 302c345f-5a79-4902-81b7-7231d046a625
2026-06-22 03:03:42.014 10 INFO neutron.db.ovn_revision_numbers_db [None req-056ded79-f45a-43fd-b9c1-e789676de887 85f301e2e9cb4710adffa45a4b4246bf 9e17edfe74f846fbb163214cc75014ef - - default default] Successfully bumped revision number for resource 302c345f-5a79-4902-81b7-7231d046a625 (type: router_ports) to 1
2026-06-22 03:03:42.153 10 INFO neutron.db.ovn_revision_numbers_db [None req-056ded79-f45a-43fd-b9c1-e789676de887 85f301e2e9cb4710adffa45a4b4246bf 9e17edfe74f846fbb163214cc75014ef - - default default] Successfully bumped revision number for resource 9e6c6058-7c6b-42cf-b6c6-2e9d201cbb71 (type: routers) to 2
2026-06-22 03:03:42.165 9 INFO neutron.wsgi [None req-a267cc16-7cfb-46fe-8c1e-dc66a48c1b96 85f301e2e9cb4710adffa45a4b4246bf 9e17edfe74f846fbb163214cc75014ef - - default default] 10.0.0.71 "DELETE /v2.0/security-groups/f8fbb88e-23e2-4113-8921-bf31b372beba HTTP/1.1" status: 204 len: 168 time: 0.4510748
2026-06-22 03:03:42.173 10 INFO neutron.wsgi [None req-056ded79-f45a-43fd-b9c1-e789676de887 85f301e2e9cb4710adffa45a4b4246bf 9e17edfe74f846fbb163214cc75014ef - - default default] 10.0.0.71 "POST /v2.0/routers HTTP/1.1" status: 201 len: 1164 time: 2.8020172
2026-06-22 03:03:42.337 9 INFO neutron.services.segments.plugin [-] Segment 2fd8b514-f929-4b68-8825-56ffa8497845 resource provider aggregate not found
2026-06-22 03:03:42.358 10 INFO neutron.db.ovn_revision_numbers_db [None req-5176b0a7-e047-47b3-b9d9-2798ac4e6f44 85f301e2e9cb4710adffa45a4b4246bf 9e17edfe74f846fbb163214cc75014ef - - default default] Successfully bumped revision number for resource 7d4b438c-c30c-4ccb-a4cf-aae0ae3e786f (type: ports) to 2
2026-06-22 03:03:42.363 9 INFO neutron.services.segments.plugin [-] Segment 2fd8b514-f929-4b68-8825-56ffa8497845 resource provider not found; error: Placement Client Error (4xx): {"errors": [{"status": 404, "title": "Not Found", "detail": "The resource could not be found.\n\n No resource provider with uuid 2fd8b514-f929-4b68-8825-56ffa8497845 found for delete ", "request_id": "req-d51ec619-f06a-448b-85f1-12debfb92999"}]}
2026-06-22 03:03:42.364 9 INFO neutron.services.segments.plugin [-] Segment 2fd8b514-f929-4b68-8825-56ffa8497845 resource provider aggregate not found
2026-06-22 03:03:42.397 9 INFO neutron.services.segments.plugin [-] Segment 2fd8b514-f929-4b68-8825-56ffa8497845 resource provider not found; error: Placement Client Error (4xx): {"errors": [{"status": 404, "title": "Not Found", "detail": "The resource could not be found.\n\n No resource provider with uuid 2fd8b514-f929-4b68-8825-56ffa8497845 found for delete ", "request_id": "req-5430b8a2-64b5-4592-9a44-0f596080b01b"}]}
2026-06-22 03:03:42.399 10 INFO neutron.db.ovn_revision_numbers_db [None req-5176b0a7-e047-47b3-b9d9-2798ac4e6f44 85f301e2e9cb4710adffa45a4b4246bf 9e17edfe74f846fbb163214cc75014ef - - default default] Successfully bumped revision number for resource 3212b266-4946-4394-af11-f325152d16ab (type: subnets) to 0
2026-06-22 03:03:42.425 10 INFO neutron.wsgi [None req-5176b0a7-e047-47b3-b9d9-2798ac4e6f44 85f301e2e9cb4710adffa45a4b4246bf 9e17edfe74f846fbb163214cc75014ef - - default default] 10.0.0.71 "POST /v2.0/subnets HTTP/1.1" status: 201 len: 866 time: 1.5678647
2026-06-22 03:03:42.853 9 INFO neutron.plugins.ml2.drivers.ovn.mech_driver.ovsdb.commands [None req-4ef78323-77b5-4e5c-bf5c-6fb59f1d426f - - - - - -] Schedule LRP lrp-200dfdc6-58cf-4ba4-ae7a-fe88752d900a on gateway fb47d817-7027-45e0-8447-b05306e3c8c3 with priority 1
2026-06-22 03:03:42.915 9 INFO neutron.db.ovn_revision_numbers_db [None req-44de3c6e-75ce-4a67-be74-b272b5d6dc09 85f301e2e9cb4710adffa45a4b4246bf 9e17edfe74f846fbb163214cc75014ef - - default default] Successfully bumped revision number for resource 200dfdc6-58cf-4ba4-ae7a-fe88752d900a (type: router_ports) to 1
2026-06-22 03:03:42.989 10 WARNING neutron.scheduler.dhcp_agent_scheduler [None req-7fef185e-2a2f-49cb-99be-10a440a966cc 85f301e2e9cb4710adffa45a4b4246bf 9e17edfe74f846fbb163214cc75014ef - - default default] No more DHCP agents
2026-06-22 03:03:42.994 10 WARNING neutron.api.rpc.agentnotifiers.dhcp_rpc_agent_api [None req-7fef185e-2a2f-49cb-99be-10a440a966cc 85f301e2e9cb4710adffa45a4b4246bf 9e17edfe74f846fbb163214cc75014ef - - default default] Unable to schedule network c1bb2663-eaf1-475e-bd05-22bb9dbebcd9: no agents available; will retry on subsequent port and subnet creation events.
2026-06-22 03:03:43.044 9 INFO neutron.db.ovn_revision_numbers_db [None req-c13c4fde-9d05-4013-903f-091e070bf4d3 - - - - - -] Successfully bumped revision number for resource 302c345f-5a79-4902-81b7-7231d046a625 (type: ports) to 1
2026-06-22 03:03:43.066 9 INFO neutron.db.ovn_revision_numbers_db [None req-44de3c6e-75ce-4a67-be74-b272b5d6dc09 85f301e2e9cb4710adffa45a4b4246bf 9e17edfe74f846fbb163214cc75014ef - - default default] Successfully bumped revision number for resource a4a5d7aa-5a07-4ed5-8b76-c9020cd38df1 (type: routers) to 2
2026-06-22 03:03:43.152 9 INFO neutron.wsgi [None req-44de3c6e-75ce-4a67-be74-b272b5d6dc09 85f301e2e9cb4710adffa45a4b4246bf 9e17edfe74f846fbb163214cc75014ef - - default default] 10.0.0.71 "POST /v2.0/routers HTTP/1.1" status: 201 len: 1168 time: 2.6716547
2026-06-22 03:03:43.195 10 WARNING neutron.scheduler.dhcp_agent_scheduler [None req-be0f42aa-95b0-41f1-8bad-79f8bf58dfe8 85f301e2e9cb4710adffa45a4b4246bf 9e17edfe74f846fbb163214cc75014ef - - default default] No more DHCP agents
2026-06-22 03:03:43.199 10 WARNING neutron.api.rpc.agentnotifiers.dhcp_rpc_agent_api [None req-be0f42aa-95b0-41f1-8bad-79f8bf58dfe8 85f301e2e9cb4710adffa45a4b4246bf 9e17edfe74f846fbb163214cc75014ef - - default default] Unable to schedule network c93e448b-7fef-47f7-a495-b89909f7d740: no agents available; will retry on subsequent port and subnet creation events.
2026-06-22 03:03:43.241 10 INFO neutron.db.ovn_revision_numbers_db [None req-7fef185e-2a2f-49cb-99be-10a440a966cc 85f301e2e9cb4710adffa45a4b4246bf 9e17edfe74f846fbb163214cc75014ef - - default default] Successfully bumped revision number for resource 9e11d110-b985-4312-923a-e720fef8d593 (type: ports) to 1
2026-06-22 03:03:43.482 10 INFO neutron.db.ovn_revision_numbers_db [None req-be0f42aa-95b0-41f1-8bad-79f8bf58dfe8 85f301e2e9cb4710adffa45a4b4246bf 9e17edfe74f846fbb163214cc75014ef - - default default] Successfully bumped revision number for resource 199415d0-2b27-48ca-ab05-4011ebb9c2ed (type: ports) to 1
2026-06-22 03:03:43.765 9 INFO neutron.wsgi [-] 10.0.0.86 "GET / HTTP/1.1" status: 200 len: 246 time: 0.0017774
2026-06-22 03:03:43.766 9 INFO neutron.wsgi [-] 10.0.0.86 "GET / HTTP/1.1" status: 200 len: 246 time: 0.0010629
2026-06-22 03:03:44.108 9 INFO neutron.db.ovn_revision_numbers_db [None req-c13c4fde-9d05-4013-903f-091e070bf4d3 - - - - - -] Successfully bumped revision number for resource 302c345f-5a79-4902-81b7-7231d046a625 (type: router_ports) to 3
2026-06-22 03:03:44.201 9 WARNING neutron_lib.context [None req-5b07f5fb-0a94-4eec-998c-ebc439bdeb99 0e809ce002024944bb0444c8a6960a2b 2d80f535ea5a430c97e180854e44e8f6 - - default default] Method 'is_advsvc' is deprecated since 2023.2 release (neutron-lib 3.8.0) and will be removed once support for the old RBAC API policies will be removed from Neutron. Please use method 'is_service_role' instead.
2026-06-22 03:03:44.383 10 ERROR ovsdbapp.backend.ovs_idl.command [None req-7fef185e-2a2f-49cb-99be-10a440a966cc 85f301e2e9cb4710adffa45a4b4246bf 9e17edfe74f846fbb163214cc75014ef - - default default] Error executing command (DbGetCommand): ovsdbapp.backend.ovs_idl.idlutils.RowNotFound: Cannot find Logical_Router_Port with name=lrp-9e11d110-b985-4312-923a-e720fef8d593
2026-06-22 03:03:44.383 10 ERROR ovsdbapp.backend.ovs_idl.command
Traceback (most recent call last):
2026-06-22 03:03:44.383 10 ERROR ovsdbapp.backend.ovs_idl.command
File "/var/lib/openstack/lib/python3.10/site-packages/ovsdbapp/backend/ovs_idl/command.py", line 47, in execute
2026-06-22 03:03:44.383 10 ERROR ovsdbapp.backend.ovs_idl.command self.run_idl(None)
2026-06-22 03:03:44.383 10 ERROR ovsdbapp.backend.ovs_idl.command
File "/var/lib/openstack/lib/python3.10/site-packages/ovsdbapp/backend/ovs_idl/command.py", line 235, in run_idl
2026-06-22 03:03:44.383 10 ERROR ovsdbapp.backend.ovs_idl.command record = self.api.lookup(self.table, self.record)
2026-06-22 03:03:44.383 10 ERROR ovsdbapp.backend.ovs_idl.command
File "/var/lib/openstack/lib/python3.10/site-packages/ovsdbapp/backend/ovs_idl/__init__.py", line 184, in lookup
2026-06-22 03:03:44.383 10 ERROR ovsdbapp.backend.ovs_idl.command return self._lookup(table, record)
2026-06-22 03:03:44.383 10 ERROR ovsdbapp.backend.ovs_idl.command
File "/var/lib/openstack/lib/python3.10/site-packages/ovsdbapp/backend/ovs_idl/__init__.py", line 235, in _lookup
2026-06-22 03:03:44.383 10 ERROR ovsdbapp.backend.ovs_idl.command row = idlutils.row_by_value(self, rl.table, rl.column, record)
2026-06-22 03:03:44.383 10 ERROR ovsdbapp.backend.ovs_idl.command
File "/var/lib/openstack/lib/python3.10/site-packages/ovsdbapp/backend/ovs_idl/idlutils.py", line 114, in row_by_value
2026-06-22 03:03:44.383 10 ERROR ovsdbapp.backend.ovs_idl.command raise RowNotFound(table=table, col=column, match=match)
2026-06-22 03:03:44.383 10 ERROR ovsdbapp.backend.ovs_idl.command ovsdbapp.backend.ovs_idl.idlutils.RowNotFound: Cannot find Logical_Router_Port with name=lrp-9e11d110-b985-4312-923a-e720fef8d593
2026-06-22 03:03:44.383 10 ERROR ovsdbapp.backend.ovs_idl.command 
2026-06-22 03:03:44.384 10 ERROR neutron_lib.callbacks.manager [None req-7fef185e-2a2f-49cb-99be-10a440a966cc 85f301e2e9cb4710adffa45a4b4246bf 9e17edfe74f846fbb163214cc75014ef - - default default] Error during notification for neutron.services.ovn_l3.plugin.OVNL3RouterPlugin._port_update-8752314948326 port, after_update: ovsdbapp.backend.ovs_idl.idlutils.RowNotFound: Cannot find Logical_Router_Port with name=lrp-9e11d110-b985-4312-923a-e720fef8d593
2026-06-22 03:03:44.384 10 ERROR neutron_lib.callbacks.manager
Traceback (most recent call last):
2026-06-22 03:03:44.384 10 ERROR neutron_lib.callbacks.manager
File "/var/lib/openstack/lib/python3.10/site-packages/neutron_lib/callbacks/manager.py", line 189, in _notify_loop
2026-06-22 03:03:44.384 10 ERROR neutron_lib.callbacks.manager callback.method(resource, event, trigger, payload=payload)
2026-06-22 03:03:44.384 10 ERROR neutron_lib.callbacks.manager
File "/var/lib/openstack/lib/python3.10/site-packages/neutron/services/ovn_l3/plugin.py", line 391, in _port_update
2026-06-22 03:03:44.384 10 ERROR neutron_lib.callbacks.manager l3plugin._ovn_client.update_router_port(context,
2026-06-22 03:03:44.384 10 ERROR neutron_lib.callbacks.manager
File "/var/lib/openstack/lib/python3.10/site-packages/neutron/plugins/ml2/drivers/ovn/mech_driver/ovsdb/ovn_client.py", line 1878, in update_router_port
2026-06-22 03:03:44.384 10 ERROR neutron_lib.callbacks.manager self._update_lrouter_port(context, port, if_exists=if_exists,
2026-06-22 03:03:44.384 10 ERROR neutron_lib.callbacks.manager
File "/var/lib/openstack/lib/python3.10/site-packages/neutron/plugins/ml2/drivers/ovn/mech_driver/ovsdb/ovn_client.py", line 1855, in _update_lrouter_port
2026-06-22 03:03:44.384 10 ERROR neutron_lib.callbacks.manager external_ids = self._nb_idl.db_get(
2026-06-22 03:03:44.384 10 ERROR neutron_lib.callbacks.manager
File "/var/lib/openstack/lib/python3.10/site-packages/ovsdbapp/backend/ovs_idl/command.py", line 47, in execute
2026-06-22 03:03:44.384 10 ERROR neutron_lib.callbacks.manager self.run_idl(None)
2026-06-22 03:03:44.384 10 ERROR neutron_lib.callbacks.manager
File "/var/lib/openstack/lib/python3.10/site-packages/ovsdbapp/backend/ovs_idl/command.py", line 235, in run_idl
2026-06-22 03:03:44.384 10 ERROR neutron_lib.callbacks.manager record = self.api.lookup(self.table, self.record)
2026-06-22 03:03:44.384 10 ERROR neutron_lib.callbacks.manager
File "/var/lib/openstack/lib/python3.10/site-packages/ovsdbapp/backend/ovs_idl/__init__.py", line 184, in lookup
2026-06-22 03:03:44.384 10 ERROR neutron_lib.callbacks.manager return self._lookup(table, record)
2026-06-22 03:03:44.384 10 ERROR neutron_lib.callbacks.manager
