Jun 29 04:37:27.906126 np0000183340 devstack@neutron-api.service[103536]: DEBUG dbcounter [-] [103536] Writing DB stats neutron:UPDATE=1,neutron:SELECT=1 {{(pid=103536) stat_writer /opt/stack/data/venv/lib/python3.12/site-packages/dbcounter.py:115}}
Jun 29 04:37:29.063197 np0000183340 devstack@neutron-api.service[103538]: DEBUG dbcounter [-] [103538] Writing DB stats neutron:UPDATE=1,neutron:SELECT=1 {{(pid=103538) stat_writer /opt/stack/data/venv/lib/python3.12/site-packages/dbcounter.py:115}}
Jun 29 04:37:29.089401 np0000183340 devstack@neutron-api.service[103535]: DEBUG dbcounter [-] [103535] Writing DB stats neutron:UPDATE=1,neutron:SELECT=1 {{(pid=103535) stat_writer /opt/stack/data/venv/lib/python3.12/site-packages/dbcounter.py:115}}
Jun 29 04:37:29.095943 np0000183340 devstack@neutron-api.service[103537]: DEBUG dbcounter [-] [103537] Writing DB stats neutron:UPDATE=1,neutron:SELECT=1 {{(pid=103537) stat_writer /opt/stack/data/venv/lib/python3.12/site-packages/dbcounter.py:115}}
Jun 29 04:37:32.891398 np0000183340 devstack@neutron-api.service[103536]: DEBUG futurist.periodics [-] Submitting periodic callback 'neutron.plugins.ml2.drivers.ovn.mech_driver.ovsdb.maintenance.HashRingHealthCheckPeriodics.touch_hash_ring_node' {{(pid=103536) _process_scheduled /opt/stack/data/venv/lib/python3.12/site-packages/futurist/periodics.py:784}}
Jun 29 04:37:32.892108 np0000183340 devstack@neutron-api.service[103536]: DEBUG neutron.plugins.ml2.drivers.ovn.mech_driver.ovsdb.maintenance [-] Touching Hash Ring node "9feba39160a8536dac257ca6b5068996" from periodic health check thread {{(pid=103536) touch_hash_ring_node /opt/stack/neutron/neutron/plugins/ml2/drivers/ovn/mech_driver/ovsdb/maintenance.py:1419}}
Jun 29 04:37:34.039739 np0000183340 devstack@neutron-api.service[103538]: DEBUG futurist.periodics [-] Submitting periodic callback 'neutron.plugins.ml2.drivers.ovn.mech_driver.ovsdb.maintenance.HashRingHealthCheckPeriodics.touch_hash_ring_node' {{(pid=103538) _process_scheduled /opt/stack/data/venv/lib/python3.12/site-packages/futurist/periodics.py:784}}
Jun 29 04:37:34.040682 np0000183340 devstack@neutron-api.service[103538]: DEBUG neutron.plugins.ml2.drivers.ovn.mech_driver.ovsdb.maintenance [-] Touching Hash Ring node "4c658dfa4bc95a88a0560bba35c1b7b1" from periodic health check thread {{(pid=103538) touch_hash_ring_node /opt/stack/neutron/neutron/plugins/ml2/drivers/ovn/mech_driver/ovsdb/maintenance.py:1419}}
Jun 29 04:37:34.074735 np0000183340 devstack@neutron-api.service[103535]: DEBUG futurist.periodics [-] Submitting periodic callback 'neutron.plugins.ml2.drivers.ovn.mech_driver.ovsdb.maintenance.HashRingHealthCheckPeriodics.touch_hash_ring_node' {{(pid=103535) _process_scheduled /opt/stack/data/venv/lib/python3.12/site-packages/futurist/periodics.py:784}}
Jun 29 04:37:34.075715 np0000183340 devstack@neutron-api.service[103535]: DEBUG neutron.plugins.ml2.drivers.ovn.mech_driver.ovsdb.maintenance [-] Touching Hash Ring node "4f2409f7cb9b580aa6227882c963fcd6" from periodic health check thread {{(pid=103535) touch_hash_ring_node /opt/stack/neutron/neutron/plugins/ml2/drivers/ovn/mech_driver/ovsdb/maintenance.py:1419}}
Jun 29 04:37:34.077262 np0000183340 devstack@neutron-api.service[103537]: DEBUG futurist.periodics [-] Submitting periodic callback 'neutron.plugins.ml2.drivers.ovn.mech_driver.ovsdb.maintenance.HashRingHealthCheckPeriodics.touch_hash_ring_node' {{(pid=103537) _process_scheduled /opt/stack/data/venv/lib/python3.12/site-packages/futurist/periodics.py:784}}
Jun 29 04:37:34.078156 np0000183340 devstack@neutron-api.service[103537]: DEBUG neutron.plugins.ml2.drivers.ovn.mech_driver.ovsdb.maintenance [-] Touching Hash Ring node "06a11992815156508f2c45c2d8f02b91" from periodic health check thread {{(pid=103537) touch_hash_ring_node /opt/stack/neutron/neutron/plugins/ml2/drivers/ovn/mech_driver/ovsdb/maintenance.py:1419}}
Jun 29 04:37:41.126913 np0000183340 devstack@neutron-api.service[103537]: /opt/stack/neutron/neutron/extensions/quotasv2.py:134: UserWarning: "--check-limit" parameter is no longer needed since Epoxy (2025.1) release. By default, Neutron quota engine checks the resource usage before updating the limits
Jun 29 04:37:41.126913 np0000183340 devstack@neutron-api.service[103537]: warnings.warn('"--check-limit" parameter is no longer needed '
Jun 29 04:37:41.127840 np0000183340 devstack@neutron-api.service[103537]: DEBUG neutron.api.v2.base [None req-3da2a2f2-819a-4842-a7f0-fccf9964c2d4 admin admin] Request body: {'quota': {'security_group': 100}} {{(pid=103537) prepare_request_body /opt/stack/neutron/neutron/api/v2/base.py:727}}
Jun 29 04:37:41.154988 np0000183340 devstack@neutron-api.service[103537]: [pid: 103537|app: 0|req: 22/88] 199.204.45.227 () {68 vars in 1449 bytes} [Mon Jun 29 04:37:41 2026] PUT /networking/v2.0/quotas/e55b0654e3d842a586284799a36dc36d => generated 195 bytes in 37 msecs (HTTP/1.1 200) 4 headers in 157 bytes (1 switches on core 0)
Jun 29 04:37:41.459595 np0000183340 devstack@neutron-api.service[103535]: /opt/stack/neutron/neutron/extensions/quotasv2.py:134: UserWarning: "--check-limit" parameter is no longer needed since Epoxy (2025.1) release. By default, Neutron quota engine checks the resource usage before updating the limits
Jun 29 04:37:41.459595 np0000183340 devstack@neutron-api.service[103535]: warnings.warn('"--check-limit" parameter is no longer needed '
Jun 29 04:37:41.460329 np0000183340 devstack@neutron-api.service[103535]: DEBUG neutron.api.v2.base [None req-ce8e042e-940b-4b90-8ae8-6aaf6a0185df admin admin] Request body: {'quota': {'security_group_rule': 1000}} {{(pid=103535) prepare_request_body /opt/stack/neutron/neutron/api/v2/base.py:727}}
Jun 29 04:37:41.488725 np0000183340 devstack@neutron-api.service[103535]: [pid: 103535|app: 0|req: 22/89] 199.204.45.227 () {68 vars in 1449 bytes} [Mon Jun 29 04:37:41 2026] PUT /networking/v2.0/quotas/e55b0654e3d842a586284799a36dc36d => generated 196 bytes in 36 msecs (HTTP/1.1 200) 4 headers in 157 bytes (1 switches on core 0)
Jun 29 04:37:42.906048 np0000183340 devstack@neutron-api.service[103536]: DEBUG dbcounter [-] [103536] Writing DB stats neutron:UPDATE=1,neutron:SELECT=1 {{(pid=103536) stat_writer /opt/stack/data/venv/lib/python3.12/site-packages/dbcounter.py:115}}
Jun 29 04:37:44.055417 np0000183340 devstack@neutron-api.service[103538]: DEBUG dbcounter [-] [103538] Writing DB stats neutron:UPDATE=1,neutron:SELECT=1 {{(pid=103538) stat_writer /opt/stack/data/venv/lib/python3.12/site-packages/dbcounter.py:115}}
Jun 29 04:37:47.892285 np0000183340 devstack@neutron-api.service[103536]: DEBUG futurist.periodics [-] Submitting periodic callback 'neutron.plugins.ml2.drivers.ovn.mech_driver.ovsdb.maintenance.HashRingHealthCheckPeriodics.touch_hash_ring_node' {{(pid=103536) _process_scheduled /opt/stack/data/venv/lib/python3.12/site-packages/futurist/periodics.py:784}}
Jun 29 04:37:47.893094 np0000183340 devstack@neutron-api.service[103536]: DEBUG neutron.plugins.ml2.drivers.ovn.mech_driver.ovsdb.maintenance [-] Touching Hash Ring node "9feba39160a8536dac257ca6b5068996" from periodic health check thread {{(pid=103536) touch_hash_ring_node /opt/stack/neutron/neutron/plugins/ml2/drivers/ovn/mech_driver/ovsdb/maintenance.py:1419}}
Jun 29 04:37:49.040601 np0000183340 devstack@neutron-api.service[103538]: DEBUG futurist.periodics [-] Submitting periodic callback 'neutron.plugins.ml2.drivers.ovn.mech_driver.ovsdb.maintenance.HashRingHealthCheckPeriodics.touch_hash_ring_node' {{(pid=103538) _process_scheduled /opt/stack/data/venv/lib/python3.12/site-packages/futurist/periodics.py:784}}
Jun 29 04:37:49.041195 np0000183340 devstack@neutron-api.service[103538]: DEBUG neutron.plugins.ml2.drivers.ovn.mech_driver.ovsdb.maintenance [-] Touching Hash Ring node "4c658dfa4bc95a88a0560bba35c1b7b1" from periodic health check thread {{(pid=103538) touch_hash_ring_node /opt/stack/neutron/neutron/plugins/ml2/drivers/ovn/mech_driver/ovsdb/maintenance.py:1419}}
Jun 29 04:37:49.075962 np0000183340 devstack@neutron-api.service[103535]: DEBUG futurist.periodics [-] Submitting periodic callback 'neutron.plugins.ml2.drivers.ovn.mech_driver.ovsdb.maintenance.HashRingHealthCheckPeriodics.touch_hash_ring_node' {{(pid=103535) _process_scheduled /opt/stack/data/venv/lib/python3.12/site-packages/futurist/periodics.py:784}}
Jun 29 04:37:49.076760 np0000183340 devstack@neutron-api.service[103535]: DEBUG neutron.plugins.ml2.drivers.ovn.mech_driver.ovsdb.maintenance [-] Touching Hash Ring node "4f2409f7cb9b580aa6227882c963fcd6" from periodic health check thread {{(pid=103535) touch_hash_ring_node /opt/stack/neutron/neutron/plugins/ml2/drivers/ovn/mech_driver/ovsdb/maintenance.py:1419}}
Jun 29 04:37:49.078721 np0000183340 devstack@neutron-api.service[103537]: DEBUG futurist.periodics [-] Submitting periodic callback 'neutron.plugins.ml2.drivers.ovn.mech_driver.ovsdb.maintenance.HashRingHealthCheckPeriodics.touch_hash_ring_node' {{(pid=103537) _process_scheduled /opt/stack/data/venv/lib/python3.12/site-packages/futurist/periodics.py:784}}
Jun 29 04:37:49.080605 np0000183340 devstack@neutron-api.service[103537]: DEBUG neutron.plugins.ml2.drivers.ovn.mech_driver.ovsdb.maintenance [-] Touching Hash Ring node "06a11992815156508f2c45c2d8f02b91" from periodic health check thread {{(pid=103537) touch_hash_ring_node /opt/stack/neutron/neutron/plugins/ml2/drivers/ovn/mech_driver/ovsdb/maintenance.py:1419}}
Jun 29 04:37:57.905075 np0000183340 devstack@neutron-api.service[103536]: DEBUG dbcounter [-] [103536] Writing DB stats neutron:UPDATE=1,neutron:SELECT=1 {{(pid=103536) stat_writer /opt/stack/data/venv/lib/python3.12/site-packages/dbcounter.py:115}}
Jun 29 04:37:58.170839 np0000183340 devstack@neutron-api.service[103536]: DEBUG neutron.pecan_wsgi.hooks.policy_enforcement [None req-c244a9fc-61ce-41d3-a04c-b8a783e13fc1 admin admin] Attributes excluded by policy engine: ['standard_attr_id'] {{(pid=103536) _exclude_attributes_by_policy /opt/stack/neutron/neutron/pecan_wsgi/hooks/policy_enforcement.py:259}}
Jun 29 04:37:58.173194 np0000183340 devstack@neutron-api.service[103536]: [pid: 103536|app: 0|req: 24/90] 199.204.45.227 () {64 vars in 1378 bytes} [Mon Jun 29 04:37:58 2026] GET /networking/v2.0/ports?device_owner=network%3Adistributed => generated 1649 bytes in 138 msecs (HTTP/1.1 200) 4 headers in 158 bytes (1 switches on core 0)
Jun 29 04:37:59.051705 np0000183340 devstack@neutron-api.service[103538]: DEBUG dbcounter [-] [103538] Writing DB stats neutron:UPDATE=1,neutron:SELECT=1 {{(pid=103538) stat_writer /opt/stack/data/venv/lib/python3.12/site-packages/dbcounter.py:115}}
Jun 29 04:37:59.089302 np0000183340 devstack@neutron-api.service[103535]: DEBUG dbcounter [-] [103535] Writing DB stats neutron:UPDATE=2,neutron:SELECT=6,neutron:INSERT=1 {{(pid=103535) stat_writer /opt/stack/data/venv/lib/python3.12/site-packages/dbcounter.py:115}}
Jun 29 04:37:59.093379 np0000183340 devstack@neutron-api.service[103537]: DEBUG dbcounter [-] [103537] Writing DB stats neutron:UPDATE=2,neutron:SELECT=6,neutron:INSERT=1 {{(pid=103537) stat_writer /opt/stack/data/venv/lib/python3.12/site-packages/dbcounter.py:115}}
Jun 29 04:37:59.402846 np0000183340 devstack@neutron-api.service[103536]: DEBUG neutron.common.ovn.hash_ring_manager [None req-a665e45b-b9ae-4e95-8a39-1ecce2623124 None None] Hash Ring loaded. 4 active nodes. 0 offline nodes {{(pid=103536) _load_hash_ring /opt/stack/neutron/neutron/common/ovn/hash_ring_manager.py:110}}
Jun 29 04:37:59.403333 np0000183340 devstack@neutron-api.service[103536]: DEBUG neutron.plugins.ml2.drivers.ovn.mech_driver.ovsdb.ovsdb_monitor [None req-a665e45b-b9ae-4e95-8a39-1ecce2623124 None None] Hash Ring: Node 9feba39160a8536dac257ca6b5068996 (host: np0000183340) handling event "update" for row 27d89f2b-cb93-496a-84f4-651be6f578ca (table: Connection) {{(pid=103536) notify /opt/stack/neutron/neutron/plugins/ml2/drivers/ovn/mech_driver/ovsdb/ovsdb_monitor.py:1015}}
Jun 29 04:37:59.410086 np0000183340 devstack@neutron-api.service[103535]: DEBUG neutron.common.ovn.hash_ring_manager [None req-ee14fd7f-974b-4f20-928f-768569b91802 None None] Hash Ring loaded. 4 active nodes. 0 offline nodes {{(pid=103535) _load_hash_ring /opt/stack/neutron/neutron/common/ovn/hash_ring_manager.py:110}}
Jun 29 04:37:59.411776 np0000183340 devstack@neutron-api.service[103538]: DEBUG neutron.common.ovn.hash_ring_manager [None req-062da7db-4d81-4a05-879a-1a276e1df74f None None] Hash Ring loaded. 4 active nodes. 0 offline nodes {{(pid=103538) _load_hash_ring /opt/stack/neutron/neutron/common/ovn/hash_ring_manager.py:110}}
Jun 29 04:37:59.414221 np0000183340 devstack@neutron-api.service[103537]: DEBUG neutron.common.ovn.hash_ring_manager [None req-8a579d57-54f6-4c24-94f8-204be3a2077d None None] Hash Ring loaded. 4 active nodes. 0 offline nodes {{(pid=103537) _load_hash_ring /opt/stack/neutron/neutron/common/ovn/hash_ring_manager.py:110}}
Jun 29 04:38:02.893327 np0000183340 devstack@neutron-api.service[103536]: DEBUG futurist.periodics [-] Submitting periodic callback 'neutron.plugins.ml2.drivers.ovn.mech_driver.ovsdb.maintenance.HashRingHealthCheckPeriodics.touch_hash_ring_node' {{(pid=103536) _process_scheduled /opt/stack/data/venv/lib/python3.12/site-packages/futurist/periodics.py:784}}
Jun 29 04:38:02.894313 np0000183340 devstack@neutron-api.service[103536]: DEBUG neutron.plugins.ml2.drivers.ovn.mech_driver.ovsdb.maintenance [-] Touching Hash Ring node "9feba39160a8536dac257ca6b5068996" from periodic health check thread {{(pid=103536) touch_hash_ring_node /opt/stack/neutron/neutron/plugins/ml2/drivers/ovn/mech_driver/ovsdb/maintenance.py:1419}}
Jun 29 04:38:04.041620 np0000183340 devstack@neutron-api.service[103538]: DEBUG futurist.periodics [-] Submitting periodic callback 'neutron.plugins.ml2.drivers.ovn.mech_driver.ovsdb.maintenance.HashRingHealthCheckPeriodics.touch_hash_ring_node' {{(pid=103538) _process_scheduled /opt/stack/data/venv/lib/python3.12/site-packages/futurist/periodics.py:784}}
Jun 29 04:38:04.042504 np0000183340 devstack@neutron-api.service[103538]: DEBUG neutron.plugins.ml2.drivers.ovn.mech_driver.ovsdb.maintenance [-] Touching Hash Ring node "4c658dfa4bc95a88a0560bba35c1b7b1" from periodic health check thread {{(pid=103538) touch_hash_ring_node /opt/stack/neutron/neutron/plugins/ml2/drivers/ovn/mech_driver/ovsdb/maintenance.py:1419}}
Jun 29 04:38:04.076935 np0000183340 devstack@neutron-api.service[103535]: DEBUG futurist.periodics [-] Submitting periodic callback 'neutron.plugins.ml2.drivers.ovn.mech_driver.ovsdb.maintenance.HashRingHealthCheckPeriodics.touch_hash_ring_node' {{(pid=103535) _process_scheduled /opt/stack/data/venv/lib/python3.12/site-packages/futurist/periodics.py:784}}
Jun 29 04:38:04.079837 np0000183340 devstack@neutron-api.service[103535]: DEBUG neutron.plugins.ml2.drivers.ovn.mech_driver.ovsdb.maintenance [-] Touching Hash Ring node "4f2409f7cb9b580aa6227882c963fcd6" from periodic health check thread {{(pid=103535) touch_hash_ring_node /opt/stack/neutron/neutron/plugins/ml2/drivers/ovn/mech_driver/ovsdb/maintenance.py:1419}}
Jun 29 04:38:04.079933 np0000183340 devstack@neutron-api.service[103537]: DEBUG futurist.periodics [-] Submitting periodic callback 'neutron.plugins.ml2.drivers.ovn.mech_driver.ovsdb.maintenance.HashRingHealthCheckPeriodics.touch_hash_ring_node' {{(pid=103537) _process_scheduled /opt/stack/data/venv/lib/python3.12/site-packages/futurist/periodics.py:784}}
Jun 29 04:38:04.080579 np0000183340 devstack@neutron-api.service[103537]: DEBUG neutron.plugins.ml2.drivers.ovn.mech_driver.ovsdb.maintenance [-] Touching Hash Ring node "06a11992815156508f2c45c2d8f02b91" from periodic health check thread {{(pid=103537) touch_hash_ring_node /opt/stack/neutron/neutron/plugins/ml2/drivers/ovn/mech_driver/ovsdb/maintenance.py:1419}}
Jun 29 04:38:12.915158 np0000183340 devstack@neutron-api.service[103536]: DEBUG dbcounter [-] [103536] Writing DB stats neutron:SELECT=12,neutron:UPDATE=1 {{(pid=103536) stat_writer /opt/stack/data/venv/lib/python3.12/site-packages/dbcounter.py:115}}
Jun 29 04:38:13.439499 np0000183340 devstack@neutron-api.service[103538]: INFO neutron.pecan_wsgi.hooks.translation [None req-0446ee90-a95f-4794-9ef8-3acdefecda52 admin admin] GET failed (client error): The resource could not be found.
Jun 29 04:38:13.440457 np0000183340 devstack@neutron-api.service[103538]: [pid: 103538|app: 0|req: 23/91] 199.204.45.227 () {64 vars in 1334 bytes} [Mon Jun 29 04:38:13 2026] GET /networking/v2.0/networks/admin_net => generated 111 bytes in 17 msecs (HTTP/1.1 404) 4 headers in 164 bytes (1 switches on core 0)
Jun 29 04:38:13.473096 np0000183340 devstack@neutron-api.service[103537]: [pid: 103537|app: 0|req: 23/92] 199.204.45.227 () {64 vars in 1346 bytes} [Mon Jun 29 04:38:13 2026] GET /networking/v2.0/networks?name=admin_net => generated 15 bytes in 22 msecs (HTTP/1.1 200) 4 headers in 156 bytes (1 switches on core 0)
Jun 29 04:38:13.741187 np0000183340 devstack@neutron-api.service[103535]: DEBUG neutron.api.v2.base [None req-a430e175-7b3e-41f4-b743-a20a9b62a851 admin admin] Request body: {'network': {'project_id': 'b0db5bf12dac4501b01704d5c009d776', 'name': 'admin_net', 'admin_state_up': True}} {{(pid=103535) prepare_request_body /opt/stack/neutron/neutron/api/v2/base.py:727}}
Jun 29 04:38:13.763128 np0000183340 devstack@neutron-api.service[103535]: DEBUG neutron.pecan_wsgi.hooks.quota_enforcement [None req-a430e175-7b3e-41f4-b743-a20a9b62a851 admin admin] Made reservation on behalf of b0db5bf12dac4501b01704d5c009d776 for: {'network': 1} {{(pid=103535) before /opt/stack/neutron/neutron/pecan_wsgi/hooks/quota_enforcement.py:66}}
Jun 29 04:38:13.768168 np0000183340 devstack@neutron-api.service[103535]: DEBUG neutron_lib.callbacks.manager [None req-a430e175-7b3e-41f4-b743-a20a9b62a851 admin admin] Publish callbacks ['neutron.plugins.ml2.plugin.SecurityGroupDbMixin._ensure_default_security_group_handler-84215'] for network (None), before_create {{(pid=103535) _notify_loop /opt/stack/data/venv/lib/python3.12/site-packages/neutron_lib/callbacks/manager.py:184}}
Jun 29 04:38:13.773911 np0000183340 devstack@neutron-api.service[103535]: DEBUG neutron_lib.callbacks.manager [None req-a430e175-7b3e-41f4-b743-a20a9b62a851 admin admin] Publish callbacks [] for security_group (None), before_create {{(pid=103535) _notify_loop /opt/stack/data/venv/lib/python3.12/site-packages/neutron_lib/callbacks/manager.py:184}}
Jun 29 04:38:13.839456 np0000183340 devstack@neutron-api.service[103535]: DEBUG neutron_lib.callbacks.manager [None req-a430e175-7b3e-41f4-b743-a20a9b62a851 admin admin] Publish callbacks ['neutron.plugins.ml2.drivers.ovn.mech_driver.mech_driver.OVNMechanismDriver._create_security_group_precommit-926165'] for security_group (d436ab0f-77b9-4257-8c8d-486b84c608a4), precommit_create {{(pid=103535) _notify_loop /opt/stack/data/venv/lib/python3.12/site-packages/neutron_lib/callbacks/manager.py:184}}
Jun 29 04:38:13.839784 np0000183340 devstack@neutron-api.service[103535]: DEBUG neutron.db.ovn_revision_numbers_db [None req-a430e175-7b3e-41f4-b743-a20a9b62a851 admin admin] create_initial_revision uuid=d436ab0f-77b9-4257-8c8d-486b84c608a4, type=security_groups, rev=-1 {{(pid=103535) create_initial_revision /opt/stack/neutron/neutron/db/ovn_revision_numbers_db.py:98}}
Jun 29 04:38:13.841290 np0000183340 devstack@neutron-api.service[103535]: DEBUG neutron.db.ovn_revision_numbers_db [None req-a430e175-7b3e-41f4-b743-a20a9b62a851 admin admin] create_initial_revision uuid=12b6f050-7b9f-47c4-833a-1f6f8b4e68e3, type=security_group_rules, rev=-1 {{(pid=103535) create_initial_revision /opt/stack/neutron/neutron/db/ovn_revision_numbers_db.py:98}}
Jun 29 04:38:13.842616 np0000183340 devstack@neutron-api.service[103535]: DEBUG neutron.db.ovn_revision_numbers_db [None req-a430e175-7b3e-41f4-b743-a20a9b62a851 admin admin] create_initial_revision uuid=553f504b-bcd9-4443-a00d-1ead3d0de180, type=security_group_rules, rev=-1 {{(pid=103535) create_initial_revision /opt/stack/neutron/neutron/db/ovn_revision_numbers_db.py:98}}
Jun 29 04:38:13.843859 np0000183340 devstack@neutron-api.service[103535]: DEBUG neutron.db.ovn_revision_numbers_db [None req-a430e175-7b3e-41f4-b743-a20a9b62a851 admin admin] create_initial_revision uuid=6e799366-18c4-4854-a3c4-22df0b3cc1ea, type=security_group_rules, rev=-1 {{(pid=103535) create_initial_revision /opt/stack/neutron/neutron/db/ovn_revision_numbers_db.py:98}}
Jun 29 04:38:13.844833 np0000183340 devstack@neutron-api.service[103535]: DEBUG neutron.db.ovn_revision_numbers_db [None req-a430e175-7b3e-41f4-b743-a20a9b62a851 admin admin] create_initial_revision uuid=8ced57ea-c00b-4629-a0c2-ba20afedf7af, type=security_group_rules, rev=-1 {{(pid=103535) create_initial_revision /opt/stack/neutron/neutron/db/ovn_revision_numbers_db.py:98}}
Jun 29 04:38:13.853741 np0000183340 devstack@neutron-api.service[103535]: DEBUG neutron_lib.callbacks.manager [None req-a430e175-7b3e-41f4-b743-a20a9b62a851 admin admin] Publish callbacks ['neutron.plugins.ml2.drivers.ovn.mech_driver.mech_driver.OVNMechanismDriver._create_security_group-926191', 'neutron.plugins.ml2.ovo_rpc._ObjectChangeHandler.handle_event-14818067'] for security_group (d436ab0f-77b9-4257-8c8d-486b84c608a4), after_create {{(pid=103535) _notify_loop /opt/stack/data/venv/lib/python3.12/site-packages/neutron_lib/callbacks/manager.py:184}}
Jun 29 04:38:13.854339 np0000183340 devstack@neutron-api.service[103535]: DEBUG ovsdbapp.backend.ovs_idl.transaction [None req-ee14fd7f-974b-4f20-928f-768569b91802 None None] Running txn n=1 command(idx=0): PgAddCommand(_result=None, name=pg_d436ab0f_77b9_4257_8c8d_486b84c608a4, may_exist=False, columns={'acls': [], 'external_ids': {'neutron:security_group_id': 'd436ab0f-77b9-4257-8c8d-486b84c608a4'}}) {{(pid=103535) do_commit /opt/stack/data/venv/lib/python3.12/site-packages/ovsdbapp/backend/ovs_idl/transaction.py:89}}
Jun 29 04:38:13.854823 np0000183340 devstack@neutron-api.service[103535]: DEBUG ovsdbapp.backend.ovs_idl.transaction [None req-ee14fd7f-974b-4f20-928f-768569b91802 None None] Running txn n=1 command(idx=1): PgAclAddCommand(_result=None, entity=pg_d436ab0f_77b9_4257_8c8d_486b84c608a4, direction=to-lport, priority=1002, match=outport == @pg_d436ab0f_77b9_4257_8c8d_486b84c608a4 && ip6 && ip6.src == $pg_d436ab0f_77b9_4257_8c8d_486b84c608a4_ip6, action=allow-related, log=False, may_exist=True, severity=[], name=[], meter=[], external_ids={'neutron:security_group_rule_id': '12b6f050-7b9f-47c4-833a-1f6f8b4e68e3'}) {{(pid=103535) do_commit /opt/stack/data/venv/lib/python3.12/site-packages/ovsdbapp/backend/ovs_idl/transaction.py:89}}
Jun 29 04:38:13.855306 np0000183340 devstack@neutron-api.service[103535]: DEBUG ovsdbapp.backend.ovs_idl.transaction [None req-ee14fd7f-974b-4f20-928f-768569b91802 None None] Running txn n=1 command(idx=2): PgAclAddCommand(_result=None, entity=pg_d436ab0f_77b9_4257_8c8d_486b84c608a4, direction=from-lport, priority=1002, match=inport == @pg_d436ab0f_77b9_4257_8c8d_486b84c608a4 && ip4, action=allow-related, log=False, may_exist=True, severity=[], name=[], meter=[], external_ids={'neutron:security_group_rule_id': '553f504b-bcd9-4443-a00d-1ead3d0de180'}) {{(pid=103535) do_commit /opt/stack/data/venv/lib/python3.12/site-packages/ovsdbapp/backend/ovs_idl/transaction.py:89}}
Jun 29 04:38:13.855607 np0000183340 devstack@neutron-api.service[103535]: DEBUG ovsdbapp.backend.ovs_idl.transaction [None req-ee14fd7f-974b-4f20-928f-768569b91802 None None] Running txn n=1 command(idx=3): PgAclAddCommand(_result=None, entity=pg_d436ab0f_77b9_4257_8c8d_486b84c608a4, direction=from-lport, priority=1002, match=inport == @pg_d436ab0f_77b9_4257_8c8d_486b84c608a4 && ip6, action=allow-related, log=False, may_exist=True, severity=[], name=[], meter=[], external_ids={'neutron:security_group_rule_id': '6e799366-18c4-4854-a3c4-22df0b3cc1ea'}) {{(pid=103535) do_commit /opt/stack/data/venv/lib/python3.12/site-packages/ovsdbapp/backend/ovs_idl/transaction.py:89}}
Jun 29 04:38:13.856251 np0000183340 devstack@neutron-api.service[103535]: DEBUG ovsdbapp.backend.ovs_idl.transaction [None req-ee14fd7f-974b-4f20-928f-768569b91802 None None] Running txn n=1 command(idx=4): PgAclAddCommand(_result=None, entity=pg_d436ab0f_77b9_4257_8c8d_486b84c608a4, direction=to-lport, priority=1002, match=outport == @pg_d436ab0f_77b9_4257_8c8d_486b84c608a4 && ip4 && ip4.src == $pg_d436ab0f_77b9_4257_8c8d_486b84c608a4_ip4, action=allow-related, log=False, may_exist=True, severity=[], name=[], meter=[], external_ids={'neutron:security_group_rule_id': '8ced57ea-c00b-4629-a0c2-ba20afedf7af'}) {{(pid=103535) do_commit /opt/stack/data/venv/lib/python3.12/site-packages/ovsdbapp/backend/ovs_idl/transaction.py:89}}
Jun 29 04:38:13.865357 np0000183340 devstack@neutron-api.service[103535]: DEBUG neutron.plugins.ml2.drivers.ovn.mech_driver.ovsdb.ovsdb_monitor [None req-ee14fd7f-974b-4f20-928f-768569b91802 None None] Touching Hash Ring node "4f2409f7cb9b580aa6227882c963fcd6" from IDL notify handler {{(pid=103535) notify /opt/stack/neutron/neutron/plugins/ml2/drivers/ovn/mech_driver/ovsdb/ovsdb_monitor.py:1007}}
Jun 29 04:38:13.867870 np0000183340 devstack@neutron-api.service[103536]: DEBUG neutron.plugins.ml2.drivers.ovn.mech_driver.ovsdb.ovsdb_monitor [None req-a665e45b-b9ae-4e95-8a39-1ecce2623124 None None] Touching Hash Ring node "9feba39160a8536dac257ca6b5068996" from IDL notify handler {{(pid=103536) notify /opt/stack/neutron/neutron/plugins/ml2/drivers/ovn/mech_driver/ovsdb/ovsdb_monitor.py:1007}}
Jun 29 04:38:13.869219 np0000183340 devstack@neutron-api.service[103538]: DEBUG neutron.plugins.ml2.drivers.ovn.mech_driver.ovsdb.ovsdb_monitor [None req-062da7db-4d81-4a05-879a-1a276e1df74f None None] Touching Hash Ring node "4c658dfa4bc95a88a0560bba35c1b7b1" from IDL notify handler {{(pid=103538) notify /opt/stack/neutron/neutron/plugins/ml2/drivers/ovn/mech_driver/ovsdb/ovsdb_monitor.py:1007}}
Jun 29 04:38:13.875934 np0000183340 devstack@neutron-api.service[103535]: DEBUG neutron.plugins.ml2.drivers.ovn.mech_driver.ovsdb.ovsdb_monitor [None req-ee14fd7f-974b-4f20-928f-768569b91802 None None] Hash Ring: Node 4f2409f7cb9b580aa6227882c963fcd6 (host: np0000183340) handling event "create" for row 1c69beff-13d6-4b21-a143-e39993d85adc (table: Port_Group) {{(pid=103535) notify /opt/stack/neutron/neutron/plugins/ml2/drivers/ovn/mech_driver/ovsdb/ovsdb_monitor.py:1015}}
Jun 29 04:38:13.879329 np0000183340 devstack@neutron-api.service[103536]: DEBUG neutron.plugins.ml2.drivers.ovn.mech_driver.ovsdb.ovsdb_monitor [None req-a665e45b-b9ae-4e95-8a39-1ecce2623124 None None] Hash Ring: Node 9feba39160a8536dac257ca6b5068996 (host: np0000183340) handling event "create" for row 3a2b5517-65d6-47ce-abac-5cdaa0dc9d4d (table: ACL) {{(pid=103536) notify /opt/stack/neutron/neutron/plugins/ml2/drivers/ovn/mech_driver/ovsdb/ovsdb_monitor.py:1015}}
Jun 29 04:38:13.879978 np0000183340 devstack@neutron-api.service[103538]: DEBUG neutron.plugins.ml2.drivers.ovn.mech_driver.ovsdb.ovsdb_monitor [None req-062da7db-4d81-4a05-879a-1a276e1df74f None None] Hash Ring: Node 4c658dfa4bc95a88a0560bba35c1b7b1 (host: np0000183340) handling event "create" for row 032f6250-a2c2-4520-8617-775cdfa8f9a8 (table: ACL) {{(pid=103538) notify /opt/stack/neutron/neutron/plugins/ml2/drivers/ovn/mech_driver/ovsdb/ovsdb_monitor.py:1015}}
Jun 29 04:38:13.880430 np0000183340 devstack@neutron-api.service[103536]: DEBUG neutron.plugins.ml2.drivers.ovn.mech_driver.ovsdb.ovsdb_monitor [None req-a665e45b-b9ae-4e95-8a39-1ecce2623124 None None] Touching Hash Ring node "9feba39160a8536dac257ca6b5068996" from IDL notify handler {{(pid=103536) notify /opt/stack/neutron/neutron/plugins/ml2/drivers/ovn/mech_driver/ovsdb/ovsdb_monitor.py:1007}}
Jun 29 04:38:13.880543 np0000183340 devstack@neutron-api.service[103538]: DEBUG neutron.plugins.ml2.drivers.ovn.mech_driver.ovsdb.ovsdb_monitor [None req-062da7db-4d81-4a05-879a-1a276e1df74f None None] Touching Hash Ring node "4c658dfa4bc95a88a0560bba35c1b7b1" from IDL notify handler {{(pid=103538) notify /opt/stack/neutron/neutron/plugins/ml2/drivers/ovn/mech_driver/ovsdb/ovsdb_monitor.py:1007}}
Jun 29 04:38:13.883795 np0000183340 devstack@neutron-api.service[103536]: DEBUG neutron.plugins.ml2.drivers.ovn.mech_driver.ovsdb.ovsdb_monitor [None req-a665e45b-b9ae-4e95-8a39-1ecce2623124 None None] Hash Ring: Node 9feba39160a8536dac257ca6b5068996 (host: np0000183340) handling event "create" for row d09dc28b-bdf7-4af9-8ecc-e1fe851f9a33 (table: ACL) {{(pid=103536) notify /opt/stack/neutron/neutron/plugins/ml2/drivers/ovn/mech_driver/ovsdb/ovsdb_monitor.py:1015}}
Jun 29 04:38:13.884590 np0000183340 devstack@neutron-api.service[103538]: DEBUG neutron.plugins.ml2.drivers.ovn.mech_driver.ovsdb.ovsdb_monitor [None req-062da7db-4d81-4a05-879a-1a276e1df74f None None] Hash Ring: Node 4c658dfa4bc95a88a0560bba35c1b7b1 (host: np0000183340) handling event "create" for row 875061de-afde-442c-b15c-bc39d00f5500 (table: ACL) {{(pid=103538) notify /opt/stack/neutron/neutron/plugins/ml2/drivers/ovn/mech_driver/ovsdb/ovsdb_monitor.py:1015}}
Jun 29 04:38:13.895187 np0000183340 devstack@neutron-api.service[103535]: INFO neutron.db.ovn_revision_numbers_db [None req-a430e175-7b3e-41f4-b743-a20a9b62a851 admin admin] Successfully bumped revision number for resource d436ab0f-77b9-4257-8c8d-486b84c608a4 (type: security_groups) to 1
Jun 29 04:38:13.911564 np0000183340 devstack@neutron-api.service[103535]: INFO neutron.db.ovn_revision_numbers_db [None req-a430e175-7b3e-41f4-b743-a20a9b62a851 admin admin] Successfully bumped revision number for resource 12b6f050-7b9f-47c4-833a-1f6f8b4e68e3 (type: security_group_rules) to 0
Jun 29 04:38:13.926688 np0000183340 devstack@neutron-api.service[103535]: INFO neutron.db.ovn_revision_numbers_db [None req-a430e175-7b3e-41f4-b743-a20a9b62a851 admin admin] Successfully bumped revision number for resource 553f504b-bcd9-4443-a00d-1ead3d0de180 (type: security_group_rules) to 0
Jun 29 04:38:13.942531 np0000183340 devstack@neutron-api.service[103535]: INFO neutron.db.ovn_revision_numbers_db [None req-a430e175-7b3e-41f4-b743-a20a9b62a851 admin admin] Successfully bumped revision number for resource 6e799366-18c4-4854-a3c4-22df0b3cc1ea (type: security_group_rules) to 0
Jun 29 04:38:13.958940 np0000183340 devstack@neutron-api.service[103535]: INFO neutron.db.ovn_revision_numbers_db [None req-a430e175-7b3e-41f4-b743-a20a9b62a851 admin admin] Successfully bumped revision number for resource 8ced57ea-c00b-4629-a0c2-ba20afedf7af (type: security_group_rules) to 0
Jun 29 04:38:13.986298 np0000183340 devstack@neutron-api.service[103535]: DEBUG neutron.api.rpc.handlers.resources_rpc [None req-a430e175-7b3e-41f4-b743-a20a9b62a851 admin admin] Pushing event updated for resources: {'SecurityGroup': ['ID=d436ab0f-77b9-4257-8c8d-486b84c608a4,revision_number=1']} {{(pid=103535) push /opt/stack/neutron/neutron/api/rpc/handlers/resources_rpc.py:237}}
Jun 29 04:38:13.992138 np0000183340 devstack@neutron-api.service[103535]: DEBUG ovsdbapp.backend.ovs_idl.transaction [None req-ee14fd7f-974b-4f20-928f-768569b91802 None None] Running txn n=1 command(idx=0): CheckLivenessCommand(_result=None) {{(pid=103535) do_commit /opt/stack/data/venv/lib/python3.12/site-packages/ovsdbapp/backend/ovs_idl/transaction.py:89}}
Jun 29 04:38:13.997948 np0000183340 devstack@neutron-api.service[103535]: DEBUG neutron.api.rpc.callbacks.version_manager [None req-a430e175-7b3e-41f4-b743-a20a9b62a851 admin admin] Tracked resource versions report:
Jun 29 04:38:13.997948 np0000183340 devstack@neutron-api.service[103535]: pushed versions:
Jun 29 04:38:13.997948 np0000183340 devstack@neutron-api.service[103535]: { 'AddressGroup': {'1.2'},
Jun 29 04:38:13.997948 np0000183340 devstack@neutron-api.service[103535]: 'Agent': {'1.1'},
Jun 29 04:38:13.997948 np0000183340 devstack@neutron-api.service[103535]: 'ConntrackHelper': {'1.0'},
Jun 29 04:38:13.997948 np0000183340 devstack@neutron-api.service[103535]: 'LocalIPAssociation': {'1.0'},
Jun 29 04:38:13.997948 np0000183340 devstack@neutron-api.service[103535]: 'Log': {'1.0'},
Jun 29 04:38:13.997948 np0000183340 devstack@neutron-api.service[103535]: 'NDPProxy': {'1.0'},
Jun 29 04:38:13.997948 np0000183340 devstack@neutron-api.service[103535]: 'Network': {'1.3'},
Jun 29 04:38:13.997948 np0000183340 devstack@neutron-api.service[103535]: 'Port': {'1.11'},
Jun 29 04:38:13.997948 np0000183340 devstack@neutron-api.service[103535]: 'PortForwarding': {'1.3'},
Jun 29 04:38:13.997948 np0000183340 devstack@neutron-api.service[103535]: 'QosPolicy': {'1.10'},
Jun 29 04:38:13.997948 np0000183340 devstack@neutron-api.service[103535]: 'SecurityGroup': {'1.6'},
Jun 29 04:38:13.997948 np0000183340 devstack@neutron-api.service[103535]: 'SecurityGroupRule': {'1.3'},
Jun 29 04:38:13.997948 np0000183340 devstack@neutron-api.service[103535]: 'SubPort': {'1.0'},
Jun 29 04:38:13.997948 np0000183340 devstack@neutron-api.service[103535]: 'Subnet': {'1.2'},
Jun 29 04:38:13.997948 np0000183340 devstack@neutron-api.service[103535]: 'Trunk': {'1.1'}}
Jun 29 04:38:13.997948 np0000183340 devstack@neutron-api.service[103535]: consumer versions:
Jun 29 04:38:13.997948 np0000183340 devstack@neutron-api.service[103535]: { OVN Neutron agent@np0000183340: {},
Jun 29 04:38:13.997948 np0000183340 devstack@neutron-api.service[103535]: OVN Controller Gateway agent@np0000183340: {}}
Jun 29 04:38:13.997948 np0000183340 devstack@neutron-api.service[103535]: {{(pid=103535) report /opt/stack/neutron/neutron/api/rpc/callbacks/version_manager.py:183}}
Jun 29 04:38:14.002301 np0000183340 devstack@neutron-api.service[103538]: DEBUG neutron.plugins.ml2.drivers.ovn.mech_driver.ovsdb.ovsdb_monitor [None req-062da7db-4d81-4a05-879a-1a276e1df74f None None] Touching Hash Ring node "4c658dfa4bc95a88a0560bba35c1b7b1" from IDL notify handler {{(pid=103538) notify /opt/stack/neutron/neutron/plugins/ml2/drivers/ovn/mech_driver/ovsdb/ovsdb_monitor.py:1007}}
Jun 29 04:38:14.003341 np0000183340 devstack@neutron-api.service[103535]: DEBUG neutron.plugins.ml2.drivers.ovn.mech_driver.ovsdb.ovsdb_monitor [None req-7365563f-4c46-4ff2-9971-dcd26263fa9b None None] ChassisAgentWriteEvent : Matched Chassis_Private, update, None None {{(pid=103535) matches /opt/stack/neutron/neutron/plugins/ml2/drivers/ovn/mech_driver/ovsdb/ovsdb_monitor.py:64}}
Jun 29 04:38:14.003691 np0000183340 devstack@neutron-api.service[103537]: DEBUG neutron.plugins.ml2.drivers.ovn.mech_driver.ovsdb.ovsdb_monitor [None req-739ddbd8-04df-4a6a-98df-9b2dd6e5190e None None] ChassisAgentWriteEvent : Matched Chassis_Private, update, None None {{(pid=103537) matches /opt/stack/neutron/neutron/plugins/ml2/drivers/ovn/mech_driver/ovsdb/ovsdb_monitor.py:64}}
Jun 29 04:38:14.005557 np0000183340 devstack@neutron-api.service[103538]: DEBUG neutron.plugins.ml2.drivers.ovn.mech_driver.ovsdb.ovsdb_monitor [None req-9af0af24-2a6c-4762-b468-72238222e5e4 None None] ChassisAgentWriteEvent : Matched Chassis_Private, update, None None {{(pid=103538) matches /opt/stack/neutron/neutron/plugins/ml2/drivers/ovn/mech_driver/ovsdb/ovsdb_monitor.py:64}}
Jun 29 04:38:14.005888 np0000183340 devstack@neutron-api.service[103536]: DEBUG neutron.plugins.ml2.drivers.ovn.mech_driver.ovsdb.ovsdb_monitor [None req-62e5f870-1821-47ce-bcc1-8826c809e030 None None] ChassisAgentWriteEvent : Matched Chassis_Private, update, None None {{(pid=103536) matches /opt/stack/neutron/neutron/plugins/ml2/drivers/ovn/mech_driver/ovsdb/ovsdb_monitor.py:64}}
Jun 29 04:38:14.018916 np0000183340 devstack@neutron-api.service[103536]: DEBUG neutron.common.ovn.hash_ring_manager [None req-62e5f870-1821-47ce-bcc1-8826c809e030 None None] Hash Ring loaded. 4 active nodes. 0 offline nodes {{(pid=103536) _load_hash_ring /opt/stack/neutron/neutron/common/ovn/hash_ring_manager.py:110}}
Jun 29 04:38:14.019670 np0000183340 devstack@neutron-api.service[103536]: DEBUG neutron.plugins.ml2.drivers.ovn.mech_driver.ovsdb.ovsdb_monitor [None req-62e5f870-1821-47ce-bcc1-8826c809e030 None None] Hash Ring: Node 9feba39160a8536dac257ca6b5068996 (host: np0000183340) handling event "update" for row 913a121d-421a-4d74-b9a5-a6510aad6e4a (table: Chassis_Private) {{(pid=103536) notify /opt/stack/neutron/neutron/plugins/ml2/drivers/ovn/mech_driver/ovsdb/ovsdb_monitor.py:1015}}
Jun 29 04:38:14.023591 np0000183340 devstack@neutron-api.service[103538]: DEBUG neutron.plugins.ml2.drivers.ovn.mech_driver.ovsdb.ovsdb_monitor [None req-062da7db-4d81-4a05-879a-1a276e1df74f None None] Hash Ring: Node 4c658dfa4bc95a88a0560bba35c1b7b1 (host: np0000183340) handling event "update" for row 7150c3f7-23ba-471b-9948-698c493aee40 (table: NB_Global) {{(pid=103538) notify /opt/stack/neutron/neutron/plugins/ml2/drivers/ovn/mech_driver/ovsdb/ovsdb_monitor.py:1015}}
Jun 29 04:38:14.025009 np0000183340 devstack@neutron-api.service[103538]: DEBUG neutron.plugins.ml2.drivers.ovn.mech_driver.ovsdb.ovsdb_monitor [None req-062da7db-4d81-4a05-879a-1a276e1df74f None None] Touching Hash Ring node "4c658dfa4bc95a88a0560bba35c1b7b1" from IDL notify handler {{(pid=103538) notify /opt/stack/neutron/neutron/plugins/ml2/drivers/ovn/mech_driver/ovsdb/ovsdb_monitor.py:1007}}
Jun 29 04:38:14.028555 np0000183340 devstack@neutron-api.service[103535]: DEBUG neutron.common.ovn.hash_ring_manager [None req-7365563f-4c46-4ff2-9971-dcd26263fa9b None None] Hash Ring loaded. 4 active nodes. 0 offline nodes {{(pid=103535) _load_hash_ring /opt/stack/neutron/neutron/common/ovn/hash_ring_manager.py:110}}
Jun 29 04:38:14.028609 np0000183340 devstack@neutron-api.service[103537]: DEBUG neutron.common.ovn.hash_ring_manager [None req-739ddbd8-04df-4a6a-98df-9b2dd6e5190e None None] Hash Ring loaded. 4 active nodes. 0 offline nodes {{(pid=103537) _load_hash_ring /opt/stack/neutron/neutron/common/ovn/hash_ring_manager.py:110}}
Jun 29 04:38:14.028646 np0000183340 devstack@neutron-api.service[103538]: DEBUG neutron.plugins.ml2.drivers.ovn.mech_driver.ovsdb.ovsdb_monitor [None req-062da7db-4d81-4a05-879a-1a276e1df74f None None] Hash Ring: Node 4c658dfa4bc95a88a0560bba35c1b7b1 (host: np0000183340) handling event "update" for row 7150c3f7-23ba-471b-9948-698c493aee40 (table: NB_Global) {{(pid=103538) notify /opt/stack/neutron/neutron/plugins/ml2/drivers/ovn/mech_driver/ovsdb/ovsdb_monitor.py:1015}}
Jun 29 04:38:14.030062 np0000183340 devstack@neutron-api.service[103538]: DEBUG neutron.common.ovn.hash_ring_manager [None req-9af0af24-2a6c-4762-b468-72238222e5e4 None None] Hash Ring loaded. 4 active nodes. 0 offline nodes {{(pid=103538) _load_hash_ring /opt/stack/neutron/neutron/common/ovn/hash_ring_manager.py:110}}
Jun 29 04:38:14.031763 np0000183340 devstack@neutron-api.service[103538]: DEBUG neutron.plugins.ml2.drivers.ovn.mech_driver.ovsdb.ovsdb_monitor [None req-062da7db-4d81-4a05-879a-1a276e1df74f None None] Touching Hash Ring node "4c658dfa4bc95a88a0560bba35c1b7b1" from IDL notify handler {{(pid=103538) notify /opt/stack/neutron/neutron/plugins/ml2/drivers/ovn/mech_driver/ovsdb/ovsdb_monitor.py:1007}}
Jun 29 04:38:14.034801 np0000183340 devstack@neutron-api.service[103538]: DEBUG neutron.plugins.ml2.drivers.ovn.mech_driver.ovsdb.ovsdb_monitor [None req-062da7db-4d81-4a05-879a-1a276e1df74f None None] Hash Ring: Node 4c658dfa4bc95a88a0560bba35c1b7b1 (host: np0000183340) handling event "update" for row 7150c3f7-23ba-471b-9948-698c493aee40 (table: NB_Global) {{(pid=103538) notify /opt/stack/neutron/neutron/plugins/ml2/drivers/ovn/mech_driver/ovsdb/ovsdb_monitor.py:1015}}
Jun 29 04:38:14.036203 np0000183340 devstack@neutron-api.service[103538]: DEBUG neutron.plugins.ml2.drivers.ovn.mech_driver.ovsdb.ovsdb_monitor [None req-062da7db-4d81-4a05-879a-1a276e1df74f None None] Touching Hash Ring node "4c658dfa4bc95a88a0560bba35c1b7b1" from IDL notify handler {{(pid=103538) notify /opt/stack/neutron/neutron/plugins/ml2/drivers/ovn/mech_driver/ovsdb/ovsdb_monitor.py:1007}}
Jun 29 04:38:14.038423 np0000183340 devstack@neutron-api.service[103538]: DEBUG neutron.plugins.ml2.drivers.ovn.mech_driver.ovsdb.ovsdb_monitor [None req-062da7db-4d81-4a05-879a-1a276e1df74f None None] Hash Ring: Node 4c658dfa4bc95a88a0560bba35c1b7b1 (host: np0000183340) handling event "update" for row 7150c3f7-23ba-471b-9948-698c493aee40 (table: NB_Global) {{(pid=103538) notify /opt/stack/neutron/neutron/plugins/ml2/drivers/ovn/mech_driver/ovsdb/ovsdb_monitor.py:1015}}
Jun 29 04:38:14.054897 np0000183340 devstack@neutron-api.service[103535]: DEBUG neutron.plugins.ml2.drivers.helpers [None req-a430e175-7b3e-41f4-b743-a20a9b62a851 admin admin] geneve segment allocate from pool success with {'geneve_vni': 41673} {{(pid=103535) allocate_partially_specified_segment /opt/stack/neutron/neutron/plugins/ml2/drivers/helpers.py:142}}
Jun 29 04:38:14.064516 np0000183340 devstack@neutron-api.service[103535]: DEBUG neutron_lib.callbacks.manager [None req-a430e175-7b3e-41f4-b743-a20a9b62a851 admin admin] Publish callbacks ['neutron.services.segments.db._add_segment_host_mapping_for_segment-8024301020534', 'neutron.plugins.ml2.plugin.Ml2Plugin._handle_segment_change-358189'] for segment (a35230ed-b922-4042-99e7-5aa53b9b67a1), precommit_create {{(pid=103535) _notify_loop /opt/stack/data/venv/lib/python3.12/site-packages/neutron_lib/callbacks/manager.py:184}}
Jun 29 04:38:14.064633 np0000183340 devstack@neutron-api.service[103535]: INFO neutron.db.segments_db [None req-a430e175-7b3e-41f4-b743-a20a9b62a851 admin admin] Added segment a35230ed-b922-4042-99e7-5aa53b9b67a1 of type geneve for network 48d1d368-7f56-461e-92e8-97b199a7d8d9
Jun 29 04:38:14.081933 np0000183340 devstack@neutron-api.service[103535]: DEBUG neutron_lib.callbacks.manager [None req-a430e175-7b3e-41f4-b743-a20a9b62a851 admin admin] Publish callbacks ['neutron.services.auto_allocate.db._ensure_external_network_default_value_callback-8024298418960'] for network (48d1d368-7f56-461e-92e8-97b199a7d8d9), precommit_create {{(pid=103535) _notify_loop /opt/stack/data/venv/lib/python3.12/site-packages/neutron_lib/callbacks/manager.py:184}}
Jun 29 04:38:14.094973 np0000183340 devstack@neutron-api.service[103535]: DEBUG neutron.plugins.ml2.drivers.ovn.mech_driver.mech_driver [None req-a430e175-7b3e-41f4-b743-a20a9b62a851 admin admin] Validating network segment with type geneve, segmentation ID 41673, physical network None {{(pid=103535) _validate_network_segments /opt/stack/neutron/neutron/plugins/ml2/drivers/ovn/mech_driver/mech_driver.py:646}}
Jun 29 04:38:14.095137 np0000183340 devstack@neutron-api.service[103535]: DEBUG neutron.db.ovn_revision_numbers_db [None req-a430e175-7b3e-41f4-b743-a20a9b62a851 admin admin] create_initial_revision uuid=48d1d368-7f56-461e-92e8-97b199a7d8d9, type=networks, rev=-1 {{(pid=103535) create_initial_revision /opt/stack/neutron/neutron/db/ovn_revision_numbers_db.py:98}}
Jun 29 04:38:14.105070 np0000183340 devstack@neutron-api.service[103535]: DEBUG neutron_lib.callbacks.manager [None req-a430e175-7b3e-41f4-b743-a20a9b62a851 admin admin] Publish callbacks ['neutron.plugins.ml2.ovo_rpc._ObjectChangeHandler.handle_event-14818064'] for network (48d1d368-7f56-461e-92e8-97b199a7d8d9), after_create {{(pid=103535) _notify_loop /opt/stack/data/venv/lib/python3.12/site-packages/neutron_lib/callbacks/manager.py:184}}
Jun 29 04:38:14.122217 np0000183340 devstack@neutron-api.service[103535]: DEBUG neutron.api.rpc.handlers.resources_rpc [None req-a430e175-7b3e-41f4-b743-a20a9b62a851 admin admin] Pushing event updated for resources: {'Network': ['ID=48d1d368-7f56-461e-92e8-97b199a7d8d9,revision_number=1']} {{(pid=103535) push /opt/stack/neutron/neutron/api/rpc/handlers/resources_rpc.py:237}}
Jun 29 04:38:14.131276 np0000183340 devstack@neutron-api.service[103535]: DEBUG ovsdbapp.backend.ovs_idl.transaction [None req-ee14fd7f-974b-4f20-928f-768569b91802 None None] Running txn n=1 command(idx=0): AddNetworkCommand(_result=None, network_uuid=48d1d368-7f56-461e-92e8-97b199a7d8d9, may_exist=True, columns={'external_ids': {'neutron:network_name': 'admin_net', 'neutron:mtu': '1372', 'neutron:revision_number': '1', 'neutron:availability_zone_hints': '', 'neutron:provnet-network-type': 'geneve'}, 'other_config': {'mcast_snoop': 'false', 'mcast_flood_unregistered': 'false', 'vlan-passthru': 'false'}}) {{(pid=103535) do_commit /opt/stack/data/venv/lib/python3.12/site-packages/ovsdbapp/backend/ovs_idl/transaction.py:89}}
Jun 29 04:38:14.137986 np0000183340 devstack@neutron-api.service[103535]: DEBUG neutron.plugins.ml2.drivers.ovn.mech_driver.ovsdb.ovsdb_monitor [None req-ee14fd7f-974b-4f20-928f-768569b91802 None None] Touching Hash Ring node "4f2409f7cb9b580aa6227882c963fcd6" from IDL notify handler {{(pid=103535) notify /opt/stack/neutron/neutron/plugins/ml2/drivers/ovn/mech_driver/ovsdb/ovsdb_monitor.py:1007}}
Jun 29 04:38:14.145294 np0000183340 devstack@neutron-api.service[103537]: DEBUG neutron.plugins.ml2.drivers.ovn.mech_driver.ovsdb.ovsdb_monitor [None req-739ddbd8-04df-4a6a-98df-9b2dd6e5190e None None] Hash Ring: Node 06a11992815156508f2c45c2d8f02b91 (host: np0000183340) handling event "create" for row 7b1ff580-0c85-4657-b064-716228f349de (table: Datapath_Binding) {{(pid=103537) notify /opt/stack/neutron/neutron/plugins/ml2/drivers/ovn/mech_driver/ovsdb/ovsdb_monitor.py:1015}}
Jun 29 04:38:14.147824 np0000183340 devstack@neutron-api.service[103535]: DEBUG neutron.plugins.ml2.drivers.ovn.mech_driver.ovsdb.ovsdb_monitor [None req-ee14fd7f-974b-4f20-928f-768569b91802 None None] Hash Ring: Node 4f2409f7cb9b580aa6227882c963fcd6 (host: np0000183340) handling event "create" for row 48d1d368-7f56-461e-92e8-97b199a7d8d9 (table: Logical_Switch) {{(pid=103535) notify /opt/stack/neutron/neutron/plugins/ml2/drivers/ovn/mech_driver/ovsdb/ovsdb_monitor.py:1015}}
Jun 29 04:38:14.183809 np0000183340 devstack@neutron-api.service[103535]: INFO neutron.db.ovn_revision_numbers_db [None req-a430e175-7b3e-41f4-b743-a20a9b62a851 admin admin] Successfully bumped revision number for resource 48d1d368-7f56-461e-92e8-97b199a7d8d9 (type: networks) to 1
Jun 29 04:38:14.201955 np0000183340 devstack@neutron-api.service[103535]: DEBUG neutron_lib.callbacks.manager [None req-a430e175-7b3e-41f4-b743-a20a9b62a851 admin admin] Publish callbacks ['neutron.plugins.ml2.plugin.SecurityGroupDbMixin._ensure_default_security_group_handler-84215'] for port (None), before_create {{(pid=103535) _notify_loop /opt/stack/data/venv/lib/python3.12/site-packages/neutron_lib/callbacks/manager.py:184}}
Jun 29 04:38:14.274588 np0000183340 devstack@neutron-api.service[103535]: DEBUG neutron_lib.callbacks.manager [None req-a430e175-7b3e-41f4-b743-a20a9b62a851 admin admin] Publish callbacks ['neutron.plugins.ml2.drivers.ovn.mech_driver.mech_driver.OVNMechanismDriver._validate_allowed_address_pairs-926045'] for allowed_address_pair (d8e402c2-9835-4802-b256-143ab07ef42f), before_create {{(pid=103535) _notify_loop /opt/stack/data/venv/lib/python3.12/site-packages/neutron_lib/callbacks/manager.py:184}}
Jun 29 04:38:14.275049 np0000183340 devstack@neutron-api.service[103535]: DEBUG neutron_lib.callbacks.manager [None req-a430e175-7b3e-41f4-b743-a20a9b62a851 admin admin] Publish callbacks [] for port (d8e402c2-9835-4802-b256-143ab07ef42f), precommit_create {{(pid=103535) _notify_loop /opt/stack/data/venv/lib/python3.12/site-packages/neutron_lib/callbacks/manager.py:184}}
Jun 29 04:38:14.275235 np0000183340 devstack@neutron-api.service[103535]: DEBUG neutron.plugins.ml2.drivers.ovn.mech_driver.mech_driver [None req-a430e175-7b3e-41f4-b743-a20a9b62a851 admin admin] No provisioning block for port d8e402c2-9835-4802-b256-143ab07ef42f since it does not have a host {{(pid=103535) _is_port_provisioning_required /opt/stack/neutron/neutron/plugins/ml2/drivers/ovn/mech_driver/mech_driver.py:899}}
Jun 29 04:38:14.275467 np0000183340 devstack@neutron-api.service[103535]: DEBUG neutron.db.ovn_revision_numbers_db [None req-a430e175-7b3e-41f4-b743-a20a9b62a851 admin admin] create_initial_revision uuid=d8e402c2-9835-4802-b256-143ab07ef42f, type=ports, rev=-1 {{(pid=103535) create_initial_revision /opt/stack/neutron/neutron/db/ovn_revision_numbers_db.py:98}}
Jun 29 04:38:14.316102 np0000183340 devstack@neutron-api.service[103535]: DEBUG neutron_lib.callbacks.manager [None req-a430e175-7b3e-41f4-b743-a20a9b62a851 admin admin] Publish callbacks ['neutron.plugins.ml2.ovo_rpc._ObjectChangeHandler.handle_event-14818087'] for port (d8e402c2-9835-4802-b256-143ab07ef42f), after_create {{(pid=103535) _notify_loop /opt/stack/data/venv/lib/python3.12/site-packages/neutron_lib/callbacks/manager.py:184}}
Jun 29 04:38:14.347147 np0000183340 devstack@neutron-api.service[103535]: DEBUG neutron.api.rpc.handlers.resources_rpc [None req-a430e175-7b3e-41f4-b743-a20a9b62a851 admin admin] Pushing event updated for resources: {'Port': ['ID=d8e402c2-9835-4802-b256-143ab07ef42f,revision_number=1']} {{(pid=103535) push /opt/stack/neutron/neutron/api/rpc/handlers/resources_rpc.py:237}}
Jun 29 04:38:14.354784 np0000183340 devstack@neutron-api.service[103535]: DEBUG neutron.plugins.ml2.drivers.ovn.mech_driver.ovsdb.commands [None req-a430e175-7b3e-41f4-b743-a20a9b62a851 admin admin] Converting tag [] to a tag_request {{(pid=103535) _tag_column_to_tag_request /opt/stack/neutron/neutron/plugins/ml2/drivers/ovn/mech_driver/ovsdb/commands.py:205}}
