Jun 29 04:34:03.744344 np0000183340 devstack@neutron-api.service[103538]: INFO neutron.api.extensions [None req-c474514c-8763-457b-869a-3a1f9b7306da None None] Loaded extension: quotas
Jun 29 04:34:03.744437 np0000183340 devstack@neutron-api.service[103538]: DEBUG neutron.api.extensions [None req-c474514c-8763-457b-869a-3a1f9b7306da None None] Loading extension file: quotasv2_detail.py {{(pid=103538) _load_all_extensions_from_path /opt/stack/neutron/neutron/api/extensions.py:449}}
Jun 29 04:34:03.744819 np0000183340 devstack@neutron-api.service[103538]: DEBUG neutron.api.extensions [None req-c474514c-8763-457b-869a-3a1f9b7306da None None] Ext name="Quota details management support" alias="quota_details" description="Expose functions for quotas usage statistics per project" updated="2017-02-10T10:00:00-00:00" {{(pid=103538) _check_extension /opt/stack/neutron/neutron/api/extensions.py:415}}
Jun 29 04:34:03.744952 np0000183340 devstack@neutron-api.service[103538]: INFO neutron.api.extensions [None req-c474514c-8763-457b-869a-3a1f9b7306da None None] Loaded extension: quota_details
Jun 29 04:34:03.745052 np0000183340 devstack@neutron-api.service[103538]: DEBUG neutron.api.extensions [None req-c474514c-8763-457b-869a-3a1f9b7306da None None] Loading extension file: rbac.py {{(pid=103538) _load_all_extensions_from_path /opt/stack/neutron/neutron/api/extensions.py:449}}
Jun 29 04:34:03.745602 np0000183340 devstack@neutron-api.service[103538]: DEBUG neutron.api.extensions [None req-c474514c-8763-457b-869a-3a1f9b7306da None None] Ext name="RBAC Policies" alias="rbac-policies" description="Allows creation and modification of policies that control project access to resources." updated="2015-06-17T12:15:12-00:00" {{(pid=103538) _check_extension /opt/stack/neutron/neutron/api/extensions.py:415}}
Jun 29 04:34:03.745800 np0000183340 devstack@neutron-api.service[103538]: INFO neutron.api.extensions [None req-c474514c-8763-457b-869a-3a1f9b7306da None None] Loaded extension: rbac-policies
Jun 29 04:34:03.745948 np0000183340 devstack@neutron-api.service[103538]: DEBUG neutron.api.extensions [None req-c474514c-8763-457b-869a-3a1f9b7306da None None] Loading extension file: rbac_address_group.py {{(pid=103538) _load_all_extensions_from_path /opt/stack/neutron/neutron/api/extensions.py:449}}
Jun 29 04:34:03.746194 np0000183340 devstack@neutron-api.service[103538]: DEBUG neutron.api.extensions [None req-c474514c-8763-457b-869a-3a1f9b7306da None None] Ext name="Add address_group type to RBAC" alias="rbac-address-group" description="Add address_group type to network RBAC" updated="2021-01-20T00:00:00-00:00" {{(pid=103538) _check_extension /opt/stack/neutron/neutron/api/extensions.py:415}}
Jun 29 04:34:03.746398 np0000183340 devstack@neutron-api.service[103538]: INFO neutron.api.extensions [None req-c474514c-8763-457b-869a-3a1f9b7306da None None] Extension rbac-address-group not supported by any of loaded plugins
Jun 29 04:34:03.746512 np0000183340 devstack@neutron-api.service[103538]: DEBUG neutron.api.extensions [None req-c474514c-8763-457b-869a-3a1f9b7306da None None] Loading extension file: rbac_address_scope.py {{(pid=103538) _load_all_extensions_from_path /opt/stack/neutron/neutron/api/extensions.py:449}}
Jun 29 04:34:03.746788 np0000183340 devstack@neutron-api.service[103538]: DEBUG neutron.api.extensions [None req-c474514c-8763-457b-869a-3a1f9b7306da None None] Ext name="Add address_scope type to RBAC" alias="rbac-address-scope" description="Add address_scope type to RBAC" updated="2020-02-12T00:00:00-00:00" {{(pid=103538) _check_extension /opt/stack/neutron/neutron/api/extensions.py:415}}
Jun 29 04:34:03.747005 np0000183340 devstack@neutron-api.service[103538]: INFO neutron.api.extensions [None req-c474514c-8763-457b-869a-3a1f9b7306da None None] Loaded extension: rbac-address-scope
Jun 29 04:34:03.747103 np0000183340 devstack@neutron-api.service[103538]: DEBUG neutron.api.extensions [None req-c474514c-8763-457b-869a-3a1f9b7306da None None] Loading extension file: rbac_security_groups.py {{(pid=103538) _load_all_extensions_from_path /opt/stack/neutron/neutron/api/extensions.py:449}}
Jun 29 04:34:03.747343 np0000183340 devstack@neutron-api.service[103538]: DEBUG neutron.api.extensions [None req-c474514c-8763-457b-869a-3a1f9b7306da None None] Ext name="Add security_group type to network RBAC" alias="rbac-security-groups" description="Add security_group type to network RBAC" updated="2019-02-14T00:00:00-00:00" {{(pid=103538) _check_extension /opt/stack/neutron/neutron/api/extensions.py:415}}
Jun 29 04:34:03.747536 np0000183340 devstack@neutron-api.service[103538]: INFO neutron.api.extensions [None req-c474514c-8763-457b-869a-3a1f9b7306da None None] Loaded extension: rbac-security-groups
Jun 29 04:34:03.747647 np0000183340 devstack@neutron-api.service[103538]: DEBUG neutron.api.extensions [None req-c474514c-8763-457b-869a-3a1f9b7306da None None] Loading extension file: rbac_subnetpool.py {{(pid=103538) _load_all_extensions_from_path /opt/stack/neutron/neutron/api/extensions.py:449}}
Jun 29 04:34:03.747926 np0000183340 devstack@neutron-api.service[103538]: DEBUG neutron.api.extensions [None req-c474514c-8763-457b-869a-3a1f9b7306da None None] Ext name="Add subnetpool type to RBAC" alias="rbac-subnetpool" description="Add subnetpool type to RBAC" updated="2020-02-05T00:00:00-00:00" {{(pid=103538) _check_extension /opt/stack/neutron/neutron/api/extensions.py:415}}
Jun 29 04:34:03.748109 np0000183340 devstack@neutron-api.service[103538]: INFO neutron.api.extensions [None req-c474514c-8763-457b-869a-3a1f9b7306da None None] Extension rbac-subnetpool not supported by any of loaded plugins
Jun 29 04:34:03.748204 np0000183340 devstack@neutron-api.service[103538]: DEBUG neutron.api.extensions [None req-c474514c-8763-457b-869a-3a1f9b7306da None None] Loading extension file: revisionifmatch.py {{(pid=103538) _load_all_extensions_from_path /opt/stack/neutron/neutron/api/extensions.py:449}}
Jun 29 04:34:03.748435 np0000183340 devstack@neutron-api.service[103538]: DEBUG neutron.api.extensions [None req-c474514c-8763-457b-869a-3a1f9b7306da None None] Ext name="If-Match constraints based on revision_number" alias="revision-if-match" description="Extension indicating that If-Match based on revision_number is supported." updated="2016-12-11T00:00:00-00:00" {{(pid=103538) _check_extension /opt/stack/neutron/neutron/api/extensions.py:415}}
Jun 29 04:34:03.748642 np0000183340 devstack@neutron-api.service[103538]: INFO neutron.api.extensions [None req-c474514c-8763-457b-869a-3a1f9b7306da None None] Loaded extension: revision-if-match
Jun 29 04:34:03.748759 np0000183340 devstack@neutron-api.service[103538]: DEBUG neutron.api.extensions [None req-c474514c-8763-457b-869a-3a1f9b7306da None None] Loading extension file: revisions.py {{(pid=103538) _load_all_extensions_from_path /opt/stack/neutron/neutron/api/extensions.py:449}}
Jun 29 04:34:03.749046 np0000183340 devstack@neutron-api.service[103538]: DEBUG neutron.api.extensions [None req-c474514c-8763-457b-869a-3a1f9b7306da None None] Ext name="Resource revision numbers" alias="standard-attr-revisions" description="This extension will display the revision number of neutron resources." updated="2016-04-11T10:00:00-00:00" {{(pid=103538) _check_extension /opt/stack/neutron/neutron/api/extensions.py:415}}
Jun 29 04:34:03.749218 np0000183340 devstack@neutron-api.service[103538]: INFO neutron.api.extensions [None req-c474514c-8763-457b-869a-3a1f9b7306da None None] Loaded extension: standard-attr-revisions
Jun 29 04:34:03.749311 np0000183340 devstack@neutron-api.service[103538]: DEBUG neutron.api.extensions [None req-c474514c-8763-457b-869a-3a1f9b7306da None None] Loading extension file: router_availability_zone.py {{(pid=103538) _load_all_extensions_from_path /opt/stack/neutron/neutron/api/extensions.py:449}}
Jun 29 04:34:03.749597 np0000183340 devstack@neutron-api.service[103538]: DEBUG neutron.api.extensions [None req-c474514c-8763-457b-869a-3a1f9b7306da None None] Ext name="Router Availability Zone" alias="router_availability_zone" description="Availability zone support for router." updated="2015-01-01T10:00:00-00:00" {{(pid=103538) _check_extension /opt/stack/neutron/neutron/api/extensions.py:415}}
Jun 29 04:34:03.749810 np0000183340 devstack@neutron-api.service[103538]: INFO neutron.api.extensions [None req-c474514c-8763-457b-869a-3a1f9b7306da None None] Loaded extension: router_availability_zone
Jun 29 04:34:03.749970 np0000183340 devstack@neutron-api.service[103538]: DEBUG neutron.api.extensions [None req-c474514c-8763-457b-869a-3a1f9b7306da None None] Loading extension file: router_enable_snat.py {{(pid=103538) _load_all_extensions_from_path /opt/stack/neutron/neutron/api/extensions.py:449}}
Jun 29 04:34:03.750212 np0000183340 devstack@neutron-api.service[103538]: DEBUG neutron.api.extensions [None req-c474514c-8763-457b-869a-3a1f9b7306da None None] Ext name="Exposes the router "enable_snat" read-only configuration flag" alias="router-enable-snat" description="Exposes the router "enable_snat" read-only configuration flag" updated="2025-09-18T18:00:00-00:00" {{(pid=103538) _check_extension /opt/stack/neutron/neutron/api/extensions.py:415}}
Jun 29 04:34:03.750386 np0000183340 devstack@neutron-api.service[103538]: INFO neutron.api.extensions [None req-c474514c-8763-457b-869a-3a1f9b7306da None None] Loaded extension: router-enable-snat
Jun 29 04:34:03.750483 np0000183340 devstack@neutron-api.service[103538]: DEBUG neutron.api.extensions [None req-c474514c-8763-457b-869a-3a1f9b7306da None None] Loading extension file: routerservicetype.py {{(pid=103538) _load_all_extensions_from_path /opt/stack/neutron/neutron/api/extensions.py:449}}
Jun 29 04:34:03.750758 np0000183340 devstack@neutron-api.service[103538]: DEBUG neutron.api.extensions [None req-c474514c-8763-457b-869a-3a1f9b7306da None None] Ext name="Router Service Type" alias="router-service-type" description="Provides router service type" updated="2013-01-29T00:00:00-00:00" {{(pid=103538) _check_extension /opt/stack/neutron/neutron/api/extensions.py:415}}
Jun 29 04:34:03.750968 np0000183340 devstack@neutron-api.service[103538]: INFO neutron.api.extensions [None req-c474514c-8763-457b-869a-3a1f9b7306da None None] Extension router-service-type not supported by any of loaded plugins
Jun 29 04:34:03.751063 np0000183340 devstack@neutron-api.service[103538]: DEBUG neutron.api.extensions [None req-c474514c-8763-457b-869a-3a1f9b7306da None None] Loading extension file: security_groups_default_rules.py {{(pid=103538) _load_all_extensions_from_path /opt/stack/neutron/neutron/api/extensions.py:449}}
Jun 29 04:34:03.751509 np0000183340 devstack@neutron-api.service[103538]: DEBUG neutron.api.extensions [None req-c474514c-8763-457b-869a-3a1f9b7306da None None] Ext name="Default rules for security groups" alias="security-groups-default-rules" description="Configure set of security group rules used as default rules for every new security group" updated="2022-12-19T10:00:00-00:00" {{(pid=103538) _check_extension /opt/stack/neutron/neutron/api/extensions.py:415}}
Jun 29 04:34:03.751705 np0000183340 devstack@neutron-api.service[103538]: INFO neutron.api.extensions [None req-c474514c-8763-457b-869a-3a1f9b7306da None None] Loaded extension: security-groups-default-rules
Jun 29 04:34:03.751820 np0000183340 devstack@neutron-api.service[103538]: DEBUG neutron.api.extensions [None req-c474514c-8763-457b-869a-3a1f9b7306da None None] Loading extension file: security_groups_default_statefulness.py {{(pid=103538) _load_all_extensions_from_path /opt/stack/neutron/neutron/api/extensions.py:449}}
Jun 29 04:34:03.752103 np0000183340 devstack@neutron-api.service[103538]: DEBUG neutron.api.extensions [None req-c474514c-8763-457b-869a-3a1f9b7306da None None] Ext name="Security Groups Default Statefulness" alias="security-groups-default-statefulness" description="Allows configuring the default value of the 'stateful' attribute for new security groups, on a per-project or system-wide basis" updated="2026-04-13T00:00:00-00:00" {{(pid=103538) _check_extension /opt/stack/neutron/neutron/api/extensions.py:415}}
Jun 29 04:34:03.752283 np0000183340 devstack@neutron-api.service[103538]: INFO neutron.api.extensions [None req-c474514c-8763-457b-869a-3a1f9b7306da None None] Loaded extension: security-groups-default-statefulness
Jun 29 04:34:03.752378 np0000183340 devstack@neutron-api.service[103538]: DEBUG neutron.api.extensions [None req-c474514c-8763-457b-869a-3a1f9b7306da None None] Loading extension file: security_groups_normalized_cidr.py {{(pid=103538) _load_all_extensions_from_path /opt/stack/neutron/neutron/api/extensions.py:449}}
Jun 29 04:34:03.752630 np0000183340 devstack@neutron-api.service[103538]: DEBUG neutron.api.extensions [None req-c474514c-8763-457b-869a-3a1f9b7306da None None] Ext name="Normalized CIDR field for security group rules" alias="security-groups-normalized-cidr" description="Add new field with normalized remote_ip_prefix cidr in SG rule" updated="2020-07-28T10:00:00-00:00" {{(pid=103538) _check_extension /opt/stack/neutron/neutron/api/extensions.py:415}}
Jun 29 04:34:03.752828 np0000183340 devstack@neutron-api.service[103538]: INFO neutron.api.extensions [None req-c474514c-8763-457b-869a-3a1f9b7306da None None] Loaded extension: security-groups-normalized-cidr
Jun 29 04:34:03.752950 np0000183340 devstack@neutron-api.service[103538]: DEBUG neutron.api.extensions [None req-c474514c-8763-457b-869a-3a1f9b7306da None None] Loading extension file: security_groups_port_filtering.py {{(pid=103538) _load_all_extensions_from_path /opt/stack/neutron/neutron/api/extensions.py:449}}
Jun 29 04:34:03.753218 np0000183340 devstack@neutron-api.service[103538]: DEBUG neutron.api.extensions [None req-c474514c-8763-457b-869a-3a1f9b7306da None None] Ext name="Port filtering on security groups" alias="port-security-groups-filtering" description="Provides security groups filtering when listing ports" updated="2018-01-09T09:00:00-00:00" {{(pid=103538) _check_extension /opt/stack/neutron/neutron/api/extensions.py:415}}
Jun 29 04:34:03.753477 np0000183340 devstack@neutron-api.service[103538]: INFO neutron.api.extensions [None req-c474514c-8763-457b-869a-3a1f9b7306da None None] Extension port-security-groups-filtering not supported by any of loaded plugins
Jun 29 04:34:03.753573 np0000183340 devstack@neutron-api.service[103538]: DEBUG neutron.api.extensions [None req-c474514c-8763-457b-869a-3a1f9b7306da None None] Loading extension file: security_groups_remote_address_group.py {{(pid=103538) _load_all_extensions_from_path /opt/stack/neutron/neutron/api/extensions.py:449}}
Jun 29 04:34:03.753860 np0000183340 devstack@neutron-api.service[103538]: DEBUG neutron.api.extensions [None req-c474514c-8763-457b-869a-3a1f9b7306da None None] Ext name="Remote address group id field for security group rules" alias="security-groups-remote-address-group" description="Add new field of remote address group id in SG rules" updated="2020-08-25T10:00:00-00:00" {{(pid=103538) _check_extension /opt/stack/neutron/neutron/api/extensions.py:415}}
Jun 29 04:34:03.754084 np0000183340 devstack@neutron-api.service[103538]: INFO neutron.api.extensions [None req-c474514c-8763-457b-869a-3a1f9b7306da None None] Loaded extension: security-groups-remote-address-group
Jun 29 04:34:03.754178 np0000183340 devstack@neutron-api.service[103538]: DEBUG neutron.api.extensions [None req-c474514c-8763-457b-869a-3a1f9b7306da None None] Loading extension file: security_groups_rules_belongs_to_default_sg.py {{(pid=103538) _load_all_extensions_from_path /opt/stack/neutron/neutron/api/extensions.py:449}}
Jun 29 04:34:03.754629 np0000183340 devstack@neutron-api.service[103538]: DEBUG neutron.api.extensions [None req-c474514c-8763-457b-869a-3a1f9b7306da None None] Ext name="Security group rule belongs to the project's default security group" alias="security-groups-rules-belongs-to-default-sg" description="Flag to determine if the security group rule belongs to the project's default security group" updated="2023-05-23T10:00:00-00:00" {{(pid=103538) _check_extension /opt/stack/neutron/neutron/api/extensions.py:415}}
Jun 29 04:34:03.754912 np0000183340 devstack@neutron-api.service[103538]: INFO neutron.api.extensions [None req-c474514c-8763-457b-869a-3a1f9b7306da None None] Loaded extension: security-groups-rules-belongs-to-default-sg
Jun 29 04:34:03.755057 np0000183340 devstack@neutron-api.service[103538]: DEBUG neutron.api.extensions [None req-c474514c-8763-457b-869a-3a1f9b7306da None None] Loading extension file: security_groups_shared_filtering.py {{(pid=103538) _load_all_extensions_from_path /opt/stack/neutron/neutron/api/extensions.py:449}}
Jun 29 04:34:03.755303 np0000183340 devstack@neutron-api.service[103538]: DEBUG neutron.api.extensions [None req-c474514c-8763-457b-869a-3a1f9b7306da None None] Ext name="Security group filtering on the shared field" alias="security-groups-shared-filtering" description="Support filtering security groups on the shared field" updated="2021-10-05T09:00:00-00:00" {{(pid=103538) _check_extension /opt/stack/neutron/neutron/api/extensions.py:415}}
Jun 29 04:34:03.755552 np0000183340 devstack@neutron-api.service[103538]: INFO neutron.api.extensions [None req-c474514c-8763-457b-869a-3a1f9b7306da None None] Loaded extension: security-groups-shared-filtering
Jun 29 04:34:03.755638 np0000183340 devstack@neutron-api.service[103538]: DEBUG neutron.api.extensions [None req-c474514c-8763-457b-869a-3a1f9b7306da None None] Loading extension file: securitygroup.py {{(pid=103538) _load_all_extensions_from_path /opt/stack/neutron/neutron/api/extensions.py:449}}
Jun 29 04:34:03.757539 np0000183340 devstack@neutron-api.service[103538]: DEBUG neutron.api.extensions [None req-c474514c-8763-457b-869a-3a1f9b7306da None None] Ext name="security-group" alias="security-group" description="The security groups extension." updated="2012-10-05T10:00:00-00:00" {{(pid=103538) _check_extension /opt/stack/neutron/neutron/api/extensions.py:415}}
Jun 29 04:34:03.757659 np0000183340 devstack@neutron-api.service[103535]: INFO neutron.plugins.ml2.drivers.type_vlan [None req-780dd020-1915-4cd7-9684-bdaae1b91278 None None] VlanTypeDriver initialization complete
Jun 29 04:34:03.757929 np0000183340 devstack@neutron-api.service[103538]: INFO neutron.api.extensions [None req-c474514c-8763-457b-869a-3a1f9b7306da None None] Loaded extension: security-group
Jun 29 04:34:03.757996 np0000183340 devstack@neutron-api.service[103535]: INFO neutron.plugins.ml2.managers [None req-780dd020-1915-4cd7-9684-bdaae1b91278 None None] Initializing extension driver 'port_security'
Jun 29 04:34:03.758041 np0000183340 devstack@neutron-api.service[103538]: DEBUG neutron.api.extensions [None req-c474514c-8763-457b-869a-3a1f9b7306da None None] Loading extension file: segment.py {{(pid=103538) _load_all_extensions_from_path /opt/stack/neutron/neutron/api/extensions.py:449}}
Jun 29 04:34:03.758080 np0000183340 devstack@neutron-api.service[103535]: INFO neutron.plugins.ml2.extensions.port_security [None req-780dd020-1915-4cd7-9684-bdaae1b91278 None None] PortSecurityExtensionDriver initialization complete
Jun 29 04:34:03.758080 np0000183340 devstack@neutron-api.service[103535]: INFO neutron.plugins.ml2.managers [None req-780dd020-1915-4cd7-9684-bdaae1b91278 None None] Initializing extension driver 'qos'
Jun 29 04:34:03.758210 np0000183340 devstack@neutron-api.service[103535]: DEBUG neutron.plugins.ml2.extensions.qos [None req-780dd020-1915-4cd7-9684-bdaae1b91278 None None] QosExtensionDriver initialization complete {{(pid=103535) initialize /opt/stack/neutron/neutron/plugins/ml2/extensions/qos.py:31}}
Jun 29 04:34:03.758302 np0000183340 devstack@neutron-api.service[103538]: DEBUG neutron.api.extensions [None req-c474514c-8763-457b-869a-3a1f9b7306da None None] Ext name="Segment" alias="segment" description="Segments extension." updated="2016-02-24T17:00:00-00:00" {{(pid=103538) _check_extension /opt/stack/neutron/neutron/api/extensions.py:415}}
Jun 29 04:34:03.758344 np0000183340 devstack@neutron-api.service[103535]: INFO neutron.plugins.ml2.managers [None req-780dd020-1915-4cd7-9684-bdaae1b91278 None None] Initializing mechanism driver 'ovn'
Jun 29 04:34:03.758407 np0000183340 devstack@neutron-api.service[103535]: INFO neutron.plugins.ml2.drivers.ovn.mech_driver.mech_driver [None req-780dd020-1915-4cd7-9684-bdaae1b91278 None None] Starting OVNMechanismDriver
Jun 29 04:34:03.758560 np0000183340 devstack@neutron-api.service[103538]: INFO neutron.api.extensions [None req-c474514c-8763-457b-869a-3a1f9b7306da None None] Extension segment not supported by any of loaded plugins
Jun 29 04:34:03.758687 np0000183340 devstack@neutron-api.service[103538]: DEBUG neutron.api.extensions [None req-c474514c-8763-457b-869a-3a1f9b7306da None None] Loading extension file: segments_peer_subnet_host_routes.py {{(pid=103538) _load_all_extensions_from_path /opt/stack/neutron/neutron/api/extensions.py:449}}
Jun 29 04:34:03.758958 np0000183340 devstack@neutron-api.service[103538]: DEBUG neutron.api.extensions [None req-c474514c-8763-457b-869a-3a1f9b7306da None None] Ext name="Segments peer-subnet host routes" alias="segments-peer-subnet-host-routes" description="Add host routes to subnets on a routed network (segments)" updated="2018-06-12T10:00:00-00:00" {{(pid=103538) _check_extension /opt/stack/neutron/neutron/api/extensions.py:415}}
Jun 29 04:34:03.759135 np0000183340 devstack@neutron-api.service[103538]: INFO neutron.api.extensions [None req-c474514c-8763-457b-869a-3a1f9b7306da None None] Extension segments-peer-subnet-host-routes not supported by any of loaded plugins
Jun 29 04:34:03.759231 np0000183340 devstack@neutron-api.service[103538]: DEBUG neutron.api.extensions [None req-c474514c-8763-457b-869a-3a1f9b7306da None None] Loading extension file: servicetype.py {{(pid=103538) _load_all_extensions_from_path /opt/stack/neutron/neutron/api/extensions.py:449}}
Jun 29 04:34:03.759500 np0000183340 devstack@neutron-api.service[103538]: DEBUG neutron.api.extensions [None req-c474514c-8763-457b-869a-3a1f9b7306da None None] Ext name="Neutron Service Type Management" alias="service-type" description="API for retrieving service providers for Neutron advanced services" updated="2013-01-20T00:00:00-00:00" {{(pid=103538) _check_extension /opt/stack/neutron/neutron/api/extensions.py:415}}
Jun 29 04:34:03.759683 np0000183340 devstack@neutron-api.service[103538]: INFO neutron.api.extensions [None req-c474514c-8763-457b-869a-3a1f9b7306da None None] Loaded extension: service-type
Jun 29 04:34:03.759770 np0000183340 devstack@neutron-api.service[103538]: DEBUG neutron.api.extensions [None req-c474514c-8763-457b-869a-3a1f9b7306da None None] Loading extension file: sorting.py {{(pid=103538) _load_all_extensions_from_path /opt/stack/neutron/neutron/api/extensions.py:449}}
Jun 29 04:34:03.760013 np0000183340 devstack@neutron-api.service[103538]: DEBUG neutron.api.extensions [None req-c474514c-8763-457b-869a-3a1f9b7306da None None] Ext name="Sorting support" alias="sorting" description="Extension that indicates that sorting is enabled." updated="2016-06-12T00:00:00-00:00" {{(pid=103538) _check_extension /opt/stack/neutron/neutron/api/extensions.py:415}}
Jun 29 04:34:03.760105 np0000183340 devstack@neutron-api.service[103538]: INFO neutron.api.extensions [None req-c474514c-8763-457b-869a-3a1f9b7306da None None] Loaded extension: sorting
Jun 29 04:34:03.760197 np0000183340 devstack@neutron-api.service[103538]: DEBUG neutron.api.extensions [None req-c474514c-8763-457b-869a-3a1f9b7306da None None] Loading extension file: standard_attr_segment.py {{(pid=103538) _load_all_extensions_from_path /opt/stack/neutron/neutron/api/extensions.py:449}}
Jun 29 04:34:03.760433 np0000183340 devstack@neutron-api.service[103538]: DEBUG neutron.api.extensions [None req-c474514c-8763-457b-869a-3a1f9b7306da None None] Ext name="Standard Attribute Segment Extension" alias="standard-attr-segment" description="Add standard attributes to Segment resource" updated="2018-04-09T10:00:00-00:00" {{(pid=103538) _check_extension /opt/stack/neutron/neutron/api/extensions.py:415}}
Jun 29 04:34:03.760625 np0000183340 devstack@neutron-api.service[103538]: INFO neutron.api.extensions [None req-c474514c-8763-457b-869a-3a1f9b7306da None None] Extension standard-attr-segment not supported by any of loaded plugins
Jun 29 04:34:03.760723 np0000183340 devstack@neutron-api.service[103538]: DEBUG neutron.api.extensions [None req-c474514c-8763-457b-869a-3a1f9b7306da None None] Loading extension file: standardattrdescription.py {{(pid=103538) _load_all_extensions_from_path /opt/stack/neutron/neutron/api/extensions.py:449}}
Jun 29 04:34:03.760974 np0000183340 devstack@neutron-api.service[103538]: DEBUG neutron.api.extensions [None req-c474514c-8763-457b-869a-3a1f9b7306da None None] Ext name="standard-attr-description" alias="standard-attr-description" description="Extension to add descriptions to standard attributes" updated="2016-02-10T10:00:00-00:00" {{(pid=103538) _check_extension /opt/stack/neutron/neutron/api/extensions.py:415}}
Jun 29 04:34:03.761149 np0000183340 devstack@neutron-api.service[103538]: INFO neutron.api.extensions [None req-c474514c-8763-457b-869a-3a1f9b7306da None None] Loaded extension: standard-attr-description
Jun 29 04:34:03.761242 np0000183340 devstack@neutron-api.service[103538]: DEBUG neutron.api.extensions [None req-c474514c-8763-457b-869a-3a1f9b7306da None None] Loading extension file: stateful_security_group.py {{(pid=103538) _load_all_extensions_from_path /opt/stack/neutron/neutron/api/extensions.py:449}}
Jun 29 04:34:03.761474 np0000183340 devstack@neutron-api.service[103538]: DEBUG neutron.api.extensions [None req-c474514c-8763-457b-869a-3a1f9b7306da None None] Ext name="Stateful security group" alias="stateful-security-group" description="Indicates if the security group is stateful or not" updated="2019-11-26T09:00:00-00:00" {{(pid=103538) _check_extension /opt/stack/neutron/neutron/api/extensions.py:415}}
Jun 29 04:34:03.761543 np0000183340 devstack@neutron-api.service[103535]: DEBUG neutron_lib.callbacks.manager [None req-780dd020-1915-4cd7-9684-bdaae1b91278 None None] Subscribe: > process before_spawn 55550000, False {{(pid=103535) subscribe /opt/stack/data/venv/lib/python3.12/site-packages/neutron_lib/callbacks/manager.py:52}}
Jun 29 04:34:03.761667 np0000183340 devstack@neutron-api.service[103538]: INFO neutron.api.extensions [None req-c474514c-8763-457b-869a-3a1f9b7306da None None] Loaded extension: stateful-security-group
Jun 29 04:34:03.761705 np0000183340 devstack@neutron-api.service[103535]: DEBUG neutron_lib.callbacks.manager [None req-780dd020-1915-4cd7-9684-bdaae1b91278 None None] Subscribe: > process after_init 55550000, True {{(pid=103535) subscribe /opt/stack/data/venv/lib/python3.12/site-packages/neutron_lib/callbacks/manager.py:52}}
Jun 29 04:34:03.761762 np0000183340 devstack@neutron-api.service[103538]: DEBUG neutron.api.extensions [None req-c474514c-8763-457b-869a-3a1f9b7306da None None] Loading extension file: stdattrs_common.py {{(pid=103538) _load_all_extensions_from_path /opt/stack/neutron/neutron/api/extensions.py:449}}
Jun 29 04:34:03.761815 np0000183340 devstack@neutron-api.service[103535]: DEBUG neutron_lib.callbacks.manager [None req-780dd020-1915-4cd7-9684-bdaae1b91278 None None] Subscribe: > segment after_create 55550000, False {{(pid=103535) subscribe /opt/stack/data/venv/lib/python3.12/site-packages/neutron_lib/callbacks/manager.py:52}}
Jun 29 04:34:03.761925 np0000183340 devstack@neutron-api.service[103535]: DEBUG neutron_lib.callbacks.manager [None req-780dd020-1915-4cd7-9684-bdaae1b91278 None None] Subscribe: > segment after_create 55550000, False {{(pid=103535) subscribe /opt/stack/data/venv/lib/python3.12/site-packages/neutron_lib/callbacks/manager.py:52}}
Jun 29 04:34:03.761964 np0000183340 devstack@neutron-api.service[103538]: WARNING neutron.api.extensions [None req-c474514c-8763-457b-869a-3a1f9b7306da None None] Did not find expected name "Stdattrs_common" in /opt/stack/neutron/neutron/extensions/stdattrs_common.py
Jun 29 04:34:03.762046 np0000183340 devstack@neutron-api.service[103535]: DEBUG neutron_lib.callbacks.manager [None req-780dd020-1915-4cd7-9684-bdaae1b91278 None None] Subscribe: > segment after_delete 55550000, False {{(pid=103535) subscribe /opt/stack/data/venv/lib/python3.12/site-packages/neutron_lib/callbacks/manager.py:52}}
Jun 29 04:34:03.762088 np0000183340 devstack@neutron-api.service[103538]: DEBUG neutron.api.extensions [None req-c474514c-8763-457b-869a-3a1f9b7306da None None] Loading extension file: subnet_dns_publish_fixed_ip.py {{(pid=103538) _load_all_extensions_from_path /opt/stack/neutron/neutron/api/extensions.py:449}}
Jun 29 04:34:03.762173 np0000183340 devstack@neutron-api.service[103535]: DEBUG neutron_lib.callbacks.manager [None req-780dd020-1915-4cd7-9684-bdaae1b91278 None None] Subscribe: > allowed_address_pair before_create 55550000, False {{(pid=103535) subscribe /opt/stack/data/venv/lib/python3.12/site-packages/neutron_lib/callbacks/manager.py:52}}
Jun 29 04:34:03.762283 np0000183340 devstack@neutron-api.service[103535]: DEBUG neutron_lib.callbacks.manager [None req-780dd020-1915-4cd7-9684-bdaae1b91278 None None] Subscribe: > security_group precommit_create 55550000, False {{(pid=103535) subscribe /opt/stack/data/venv/lib/python3.12/site-packages/neutron_lib/callbacks/manager.py:52}}
Jun 29 04:34:03.762329 np0000183340 devstack@neutron-api.service[103538]: DEBUG neutron.api.extensions [None req-c474514c-8763-457b-869a-3a1f9b7306da None None] Ext name="Subnet DNS publish fixed IP" alias="subnet-dns-publish-fixed-ip" description="Support choosing to publish DNS records for IPs from a subnet" updated="2019-05-24T10:00:00-00:00" {{(pid=103538) _check_extension /opt/stack/neutron/neutron/api/extensions.py:415}}
Jun 29 04:34:03.762392 np0000183340 devstack@neutron-api.service[103535]: DEBUG neutron_lib.callbacks.manager [None req-780dd020-1915-4cd7-9684-bdaae1b91278 None None] Subscribe: > security_group after_update 55550000, False {{(pid=103535) subscribe /opt/stack/data/venv/lib/python3.12/site-packages/neutron_lib/callbacks/manager.py:52}}
Jun 29 04:34:03.762499 np0000183340 devstack@neutron-api.service[103538]: INFO neutron.api.extensions [None req-c474514c-8763-457b-869a-3a1f9b7306da None None] Loaded extension: subnet-dns-publish-fixed-ip
Jun 29 04:34:03.762540 np0000183340 devstack@neutron-api.service[103535]: DEBUG neutron_lib.callbacks.manager [None req-780dd020-1915-4cd7-9684-bdaae1b91278 None None] Subscribe: > security_group after_create 55550000, False {{(pid=103535) subscribe /opt/stack/data/venv/lib/python3.12/site-packages/neutron_lib/callbacks/manager.py:52}}
Jun 29 04:34:03.762601 np0000183340 devstack@neutron-api.service[103538]: DEBUG neutron.api.extensions [None req-c474514c-8763-457b-869a-3a1f9b7306da None None] Loading extension file: subnet_external_network.py {{(pid=103538) _load_all_extensions_from_path /opt/stack/neutron/neutron/api/extensions.py:449}}
Jun 29 04:34:03.762638 np0000183340 devstack@neutron-api.service[103535]: DEBUG neutron_lib.callbacks.manager [None req-780dd020-1915-4cd7-9684-bdaae1b91278 None None] Subscribe: > security_group precommit_delete 55550000, False {{(pid=103535) subscribe /opt/stack/data/venv/lib/python3.12/site-packages/neutron_lib/callbacks/manager.py:52}}
Jun 29 04:34:03.762723 np0000183340 devstack@neutron-api.service[103535]: DEBUG neutron_lib.callbacks.manager [None req-780dd020-1915-4cd7-9684-bdaae1b91278 None None] Subscribe: > security_group after_delete 55550000, False {{(pid=103535) subscribe /opt/stack/data/venv/lib/python3.12/site-packages/neutron_lib/callbacks/manager.py:52}}
Jun 29 04:34:03.762827 np0000183340 devstack@neutron-api.service[103535]: DEBUG neutron_lib.callbacks.manager [None req-780dd020-1915-4cd7-9684-bdaae1b91278 None None] Subscribe: > security_group_rule precommit_create 55550000, False {{(pid=103535) subscribe /opt/stack/data/venv/lib/python3.12/site-packages/neutron_lib/callbacks/manager.py:52}}
Jun 29 04:34:03.762865 np0000183340 devstack@neutron-api.service[103538]: DEBUG neutron.api.extensions [None req-c474514c-8763-457b-869a-3a1f9b7306da None None] Ext name="Subnet belongs to an external network" alias="subnet-external-network" description="Informs if the subnet belongs to an external network" updated="2024-02-05T18:00:00-00:00" {{(pid=103538) _check_extension /opt/stack/neutron/neutron/api/extensions.py:415}}
Jun 29 04:34:03.762934 np0000183340 devstack@neutron-api.service[103535]: DEBUG neutron_lib.callbacks.manager [None req-780dd020-1915-4cd7-9684-bdaae1b91278 None None] Subscribe: > security_group_rule after_create 55550000, False {{(pid=103535) subscribe /opt/stack/data/venv/lib/python3.12/site-packages/neutron_lib/callbacks/manager.py:52}}
Jun 29 04:34:03.763001 np0000183340 devstack@neutron-api.service[103538]: INFO neutron.api.extensions [None req-c474514c-8763-457b-869a-3a1f9b7306da None None] Loaded extension: subnet-external-network
Jun 29 04:34:03.763050 np0000183340 devstack@neutron-api.service[103535]: DEBUG neutron_lib.callbacks.manager [None req-780dd020-1915-4cd7-9684-bdaae1b91278 None None] Subscribe: > security_group_rule before_delete 55550000, False {{(pid=103535) subscribe /opt/stack/data/venv/lib/python3.12/site-packages/neutron_lib/callbacks/manager.py:52}}
Jun 29 04:34:03.763090 np0000183340 devstack@neutron-api.service[103538]: DEBUG neutron.api.extensions [None req-c474514c-8763-457b-869a-3a1f9b7306da None None] Loading extension file: subnet_onboard.py {{(pid=103538) _load_all_extensions_from_path /opt/stack/neutron/neutron/api/extensions.py:449}}
Jun 29 04:34:03.763126 np0000183340 devstack@neutron-api.service[103535]: DEBUG neutron_lib.callbacks.manager [None req-780dd020-1915-4cd7-9684-bdaae1b91278 None None] Subscribe: > address_group after_create 55550000, False {{(pid=103535) subscribe /opt/stack/data/venv/lib/python3.12/site-packages/neutron_lib/callbacks/manager.py:52}}
Jun 29 04:34:03.763240 np0000183340 devstack@neutron-api.service[103535]: DEBUG neutron_lib.callbacks.manager [None req-780dd020-1915-4cd7-9684-bdaae1b91278 None None] Subscribe: > address_group after_update 55550000, False {{(pid=103535) subscribe /opt/stack/data/venv/lib/python3.12/site-packages/neutron_lib/callbacks/manager.py:52}}
Jun 29 04:34:03.763334 np0000183340 devstack@neutron-api.service[103538]: DEBUG neutron.api.extensions [None req-c474514c-8763-457b-869a-3a1f9b7306da None None] Ext name="Subnet Onboard" alias="subnet_onboard" description="Provides support for onboarding subnets into subnet pools" updated="2018-12-18T09:00:00-00:00" {{(pid=103538) _check_extension /opt/stack/neutron/neutron/api/extensions.py:415}}
Jun 29 04:34:03.763375 np0000183340 devstack@neutron-api.service[103535]: DEBUG neutron_lib.callbacks.manager [None req-780dd020-1915-4cd7-9684-bdaae1b91278 None None] Subscribe: > address_group after_delete 55550000, False {{(pid=103535) subscribe /opt/stack/data/venv/lib/python3.12/site-packages/neutron_lib/callbacks/manager.py:52}}
Jun 29 04:34:03.763527 np0000183340 devstack@neutron-api.service[103538]: INFO neutron.api.extensions [None req-c474514c-8763-457b-869a-3a1f9b7306da None None] Loaded extension: subnet_onboard
Jun 29 04:34:03.763565 np0000183340 devstack@neutron-api.service[103535]: DEBUG neutron_lib.callbacks.manager [None req-780dd020-1915-4cd7-9684-bdaae1b91278 None None] Subscribe: > qos_plugin after_init 55550000, False {{(pid=103535) subscribe /opt/stack/data/venv/lib/python3.12/site-packages/neutron_lib/callbacks/manager.py:52}}
Jun 29 04:34:03.763622 np0000183340 devstack@neutron-api.service[103538]: DEBUG neutron.api.extensions [None req-c474514c-8763-457b-869a-3a1f9b7306da None None] Loading extension file: subnet_segmentid_writable.py {{(pid=103538) _load_all_extensions_from_path /opt/stack/neutron/neutron/api/extensions.py:449}}
Jun 29 04:34:03.763841 np0000183340 devstack@neutron-api.service[103535]: DEBUG neutron_lib.callbacks.manager [None req-780dd020-1915-4cd7-9684-bdaae1b91278 None None] Subscribe: > trunk_plugin after_init 55550000, False {{(pid=103535) subscribe /opt/stack/data/venv/lib/python3.12/site-packages/neutron_lib/callbacks/manager.py:52}}
Jun 29 04:34:03.763880 np0000183340 devstack@neutron-api.service[103538]: DEBUG neutron.api.extensions [None req-c474514c-8763-457b-869a-3a1f9b7306da None None] Ext name="Subnet SegmentID (writable)" alias="subnet-segmentid-writable" description="Provides a writable segment_id attribute for a subnet resource." updated="2018-03-12T00:00:00-00:00" {{(pid=103538) _check_extension /opt/stack/neutron/neutron/api/extensions.py:415}}
Jun 29 04:34:03.764016 np0000183340 devstack@neutron-api.service[103538]: INFO neutron.api.extensions [None req-c474514c-8763-457b-869a-3a1f9b7306da None None] Extension subnet-segmentid-writable not supported by any of loaded plugins
Jun 29 04:34:03.764084 np0000183340 devstack@neutron-api.service[103535]: DEBUG neutron_lib.callbacks.manager [None req-780dd020-1915-4cd7-9684-bdaae1b91278 None None] Subscribe: > logging-plugin after_init 55550000, False {{(pid=103535) subscribe /opt/stack/data/venv/lib/python3.12/site-packages/neutron_lib/callbacks/manager.py:52}}
Jun 29 04:34:03.764124 np0000183340 devstack@neutron-api.service[103538]: DEBUG neutron.api.extensions [None req-c474514c-8763-457b-869a-3a1f9b7306da None None] Loading extension file: subnet_service_types.py {{(pid=103538) _load_all_extensions_from_path /opt/stack/neutron/neutron/api/extensions.py:449}}
Jun 29 04:34:03.764333 np0000183340 devstack@neutron-api.service[103538]: DEBUG neutron.api.extensions [None req-c474514c-8763-457b-869a-3a1f9b7306da None None] Ext name="Subnet service types" alias="subnet-service-types" description="Provides ability to set the subnet service_types field" updated="2016-03-15T18:00:00-00:00" {{(pid=103538) _check_extension /opt/stack/neutron/neutron/api/extensions.py:415}}
Jun 29 04:34:03.764523 np0000183340 devstack@neutron-api.service[103538]: INFO neutron.api.extensions [None req-c474514c-8763-457b-869a-3a1f9b7306da None None] Loaded extension: subnet-service-types
Jun 29 04:34:03.764628 np0000183340 devstack@neutron-api.service[103535]: INFO neutron.services.logapi.drivers.ovn.driver [None req-780dd020-1915-4cd7-9684-bdaae1b91278 None None] OVN logging driver registered
Jun 29 04:34:03.764665 np0000183340 devstack@neutron-api.service[103538]: DEBUG neutron.api.extensions [None req-c474514c-8763-457b-869a-3a1f9b7306da None None] Loading extension file: subnetallocation.py {{(pid=103538) _load_all_extensions_from_path /opt/stack/neutron/neutron/api/extensions.py:449}}
Jun 29 04:34:03.764736 np0000183340 devstack@neutron-api.service[103535]: DEBUG neutron_lib.callbacks.manager [None req-780dd020-1915-4cd7-9684-bdaae1b91278 None None] Subscribe: ._register_pvlan_driver at 0x74c4d836ff60> pvlan_plugin before_spawn 55550000, False {{(pid=103535) subscribe /opt/stack/data/venv/lib/python3.12/site-packages/neutron_lib/callbacks/manager.py:52}}
Jun 29 04:34:03.764845 np0000183340 devstack@neutron-api.service[103535]: DEBUG neutron_lib.callbacks.manager [None req-780dd020-1915-4cd7-9684-bdaae1b91278 None None] Subscribe: process after_init 55550000, False {{(pid=103535) subscribe /opt/stack/data/venv/lib/python3.12/site-packages/neutron_lib/callbacks/manager.py:52}}
Jun 29 04:34:03.764906 np0000183340 devstack@neutron-api.service[103538]: DEBUG neutron.api.extensions [None req-c474514c-8763-457b-869a-3a1f9b7306da None None] Ext name="Subnet Allocation" alias="subnet_allocation" description="Enables allocation of subnets from a subnet pool" updated="2015-03-30T10:00:00-00:00" {{(pid=103538) _check_extension /opt/stack/neutron/neutron/api/extensions.py:415}}
Jun 29 04:34:03.765080 np0000183340 devstack@neutron-api.service[103538]: INFO neutron.api.extensions [None req-c474514c-8763-457b-869a-3a1f9b7306da None None] Loaded extension: subnet_allocation
Jun 29 04:34:03.765171 np0000183340 devstack@neutron-api.service[103538]: DEBUG neutron.api.extensions [None req-c474514c-8763-457b-869a-3a1f9b7306da None None] Loading extension file: subnetpool_prefix_ops.py {{(pid=103538) _load_all_extensions_from_path /opt/stack/neutron/neutron/api/extensions.py:449}}
Jun 29 04:34:03.765427 np0000183340 devstack@neutron-api.service[103538]: DEBUG neutron.api.extensions [None req-c474514c-8763-457b-869a-3a1f9b7306da None None] Ext name="Subnet Pool Prefix Operations" alias="subnetpool-prefix-ops" description="Provides support for adjusting the prefix list of subnet pools" updated="2019-02-08T10:00:00-00:00" {{(pid=103538) _check_extension /opt/stack/neutron/neutron/api/extensions.py:415}}
Jun 29 04:34:03.765629 np0000183340 devstack@neutron-api.service[103538]: INFO neutron.api.extensions [None req-c474514c-8763-457b-869a-3a1f9b7306da None None] Loaded extension: subnetpool-prefix-ops
Jun 29 04:34:03.765756 np0000183340 devstack@neutron-api.service[103538]: DEBUG neutron.api.extensions [None req-c474514c-8763-457b-869a-3a1f9b7306da None None] Loading extension file: tag_creation.py {{(pid=103538) _load_all_extensions_from_path /opt/stack/neutron/neutron/api/extensions.py:449}}
Jun 29 04:34:03.766019 np0000183340 devstack@neutron-api.service[103538]: DEBUG neutron.api.extensions [None req-c474514c-8763-457b-869a-3a1f9b7306da None None] Ext name="Tag creation extension" alias="tag-creation" description="Allow to create multiple tags for a resource" updated="2024-23-07T10:00:00-00:00" {{(pid=103538) _check_extension /opt/stack/neutron/neutron/api/extensions.py:415}}
Jun 29 04:34:03.766266 np0000183340 devstack@neutron-api.service[103538]: INFO neutron.api.extensions [None req-c474514c-8763-457b-869a-3a1f9b7306da None None] Loaded extension: tag-creation
Jun 29 04:34:03.766361 np0000183340 devstack@neutron-api.service[103538]: DEBUG neutron.api.extensions [None req-c474514c-8763-457b-869a-3a1f9b7306da None None] Loading extension file: tag_ports_during_bulk_creation.py {{(pid=103538) _load_all_extensions_from_path /opt/stack/neutron/neutron/api/extensions.py:449}}
Jun 29 04:34:03.766596 np0000183340 devstack@neutron-api.service[103535]: DEBUG neutron.plugins.ml2.plugin [None req-780dd020-1915-4cd7-9684-bdaae1b91278 None None] neutron.plugins.ml2.plugin.Ml2Plugin method _start_rpc_notifiers called with arguments () {} {{(pid=103535) wrapper /opt/stack/data/venv/lib/python3.12/site-packages/oslo_log/helpers.py:77}}
Jun 29 04:34:03.766641 np0000183340 devstack@neutron-api.service[103538]: DEBUG neutron.api.extensions [None req-c474514c-8763-457b-869a-3a1f9b7306da None None] Ext name="Tag Ports During Bulk Creation" alias="tag-ports-during-bulk-creation" description="Allow to tag ports during bulk creation" updated="2019-12-29T19:00:00-00:00" {{(pid=103538) _check_extension /opt/stack/neutron/neutron/api/extensions.py:415}}
Jun 29 04:34:03.766815 np0000183340 devstack@neutron-api.service[103538]: INFO neutron.api.extensions [None req-c474514c-8763-457b-869a-3a1f9b7306da None None] Extension tag-ports-during-bulk-creation not supported by any of loaded plugins
Jun 29 04:34:03.766901 np0000183340 devstack@neutron-api.service[103535]: DEBUG neutron_lib.callbacks.manager [None req-780dd020-1915-4cd7-9684-bdaae1b91278 None None] Subscribe: > port after_create 55550000, False {{(pid=103535) subscribe /opt/stack/data/venv/lib/python3.12/site-packages/neutron_lib/callbacks/manager.py:52}}
Jun 29 04:34:03.766943 np0000183340 devstack@neutron-api.service[103538]: DEBUG neutron.api.extensions [None req-c474514c-8763-457b-869a-3a1f9b7306da None None] Loading extension file: tagging.py {{(pid=103538) _load_all_extensions_from_path /opt/stack/neutron/neutron/api/extensions.py:449}}
Jun 29 04:34:03.767027 np0000183340 devstack@neutron-api.service[103535]: DEBUG neutron_lib.callbacks.manager [None req-780dd020-1915-4cd7-9684-bdaae1b91278 None None] Subscribe: > port after_update 55550000, False {{(pid=103535) subscribe /opt/stack/data/venv/lib/python3.12/site-packages/neutron_lib/callbacks/manager.py:52}}
Jun 29 04:34:03.767151 np0000183340 devstack@neutron-api.service[103535]: DEBUG neutron_lib.callbacks.manager [None req-780dd020-1915-4cd7-9684-bdaae1b91278 None None] Subscribe: > port after_delete 55550000, False {{(pid=103535) subscribe /opt/stack/data/venv/lib/python3.12/site-packages/neutron_lib/callbacks/manager.py:52}}
Jun 29 04:34:03.767274 np0000183340 devstack@neutron-api.service[103535]: DEBUG neutron_lib.callbacks.manager [None req-780dd020-1915-4cd7-9684-bdaae1b91278 None None] Subscribe: > subnet after_create 55550000, False {{(pid=103535) subscribe /opt/stack/data/venv/lib/python3.12/site-packages/neutron_lib/callbacks/manager.py:52}}
Jun 29 04:34:03.767381 np0000183340 devstack@neutron-api.service[103535]: DEBUG neutron_lib.callbacks.manager [None req-780dd020-1915-4cd7-9684-bdaae1b91278 None None] Subscribe: > subnet after_update 55550000, False {{(pid=103535) subscribe /opt/stack/data/venv/lib/python3.12/site-packages/neutron_lib/callbacks/manager.py:52}}
Jun 29 04:34:03.767497 np0000183340 devstack@neutron-api.service[103535]: DEBUG neutron_lib.callbacks.manager [None req-780dd020-1915-4cd7-9684-bdaae1b91278 None None] Subscribe: > subnet after_delete 55550000, False {{(pid=103535) subscribe /opt/stack/data/venv/lib/python3.12/site-packages/neutron_lib/callbacks/manager.py:52}}
Jun 29 04:34:03.767607 np0000183340 devstack@neutron-api.service[103535]: DEBUG neutron_lib.callbacks.manager [None req-780dd020-1915-4cd7-9684-bdaae1b91278 None None] Subscribe: > network after_create 55550000, False {{(pid=103535) subscribe /opt/stack/data/venv/lib/python3.12/site-packages/neutron_lib/callbacks/manager.py:52}}
Jun 29 04:34:03.767712 np0000183340 devstack@neutron-api.service[103535]: DEBUG neutron_lib.callbacks.manager [None req-780dd020-1915-4cd7-9684-bdaae1b91278 None None] Subscribe: > network after_update 55550000, False {{(pid=103535) subscribe /opt/stack/data/venv/lib/python3.12/site-packages/neutron_lib/callbacks/manager.py:52}}
Jun 29 04:34:03.767813 np0000183340 devstack@neutron-api.service[103535]: DEBUG neutron_lib.callbacks.manager [None req-780dd020-1915-4cd7-9684-bdaae1b91278 None None] Subscribe: > network after_delete 55550000, False {{(pid=103535) subscribe /opt/stack/data/venv/lib/python3.12/site-packages/neutron_lib/callbacks/manager.py:52}}
Jun 29 04:34:03.767916 np0000183340 devstack@neutron-api.service[103535]: DEBUG neutron_lib.callbacks.manager [None req-780dd020-1915-4cd7-9684-bdaae1b91278 None None] Subscribe: > security_group after_create 55550000, False {{(pid=103535) subscribe /opt/stack/data/venv/lib/python3.12/site-packages/neutron_lib/callbacks/manager.py:52}}
Jun 29 04:34:03.767956 np0000183340 devstack@neutron-api.service[103538]: DEBUG neutron.api.extensions [None req-c474514c-8763-457b-869a-3a1f9b7306da None None] Ext name="Tag support for resources with standard attribute: port, subnet, subnetpool, network, security_group, router, floatingip, policy, trunk, network_segment_range" alias="standard-attr-tag" description="Enables to set tag on resources with standard attribute." updated="2017-01-01T00:00:00-00:00" {{(pid=103538) _check_extension /opt/stack/neutron/neutron/api/extensions.py:415}}
Jun 29 04:34:03.768025 np0000183340 devstack@neutron-api.service[103535]: DEBUG neutron_lib.callbacks.manager [None req-780dd020-1915-4cd7-9684-bdaae1b91278 None None] Subscribe: > security_group after_update 55550000, False {{(pid=103535) subscribe /opt/stack/data/venv/lib/python3.12/site-packages/neutron_lib/callbacks/manager.py:52}}
Jun 29 04:34:03.768111 np0000183340 devstack@neutron-api.service[103535]: DEBUG neutron_lib.callbacks.manager [None req-780dd020-1915-4cd7-9684-bdaae1b91278 None None] Subscribe: > security_group after_delete 55550000, False {{(pid=103535) subscribe /opt/stack/data/venv/lib/python3.12/site-packages/neutron_lib/callbacks/manager.py:52}}
Jun 29 04:34:03.768155 np0000183340 devstack@neutron-api.service[103538]: INFO neutron.api.extensions [None req-c474514c-8763-457b-869a-3a1f9b7306da None None] Loaded extension: standard-attr-tag
Jun 29 04:34:03.768211 np0000183340 devstack@neutron-api.service[103535]: DEBUG neutron_lib.callbacks.manager [None req-780dd020-1915-4cd7-9684-bdaae1b91278 None None] Subscribe: > security_group_rule after_create 55550000, False {{(pid=103535) subscribe /opt/stack/data/venv/lib/python3.12/site-packages/neutron_lib/callbacks/manager.py:52}}
Jun 29 04:34:03.768260 np0000183340 devstack@neutron-api.service[103538]: DEBUG neutron.api.extensions [None req-c474514c-8763-457b-869a-3a1f9b7306da None None] Loading extension file: timestamp.py {{(pid=103538) _load_all_extensions_from_path /opt/stack/neutron/neutron/api/extensions.py:449}}
Jun 29 04:34:03.768300 np0000183340 devstack@neutron-api.service[103535]: DEBUG neutron_lib.callbacks.manager [None req-780dd020-1915-4cd7-9684-bdaae1b91278 None None] Subscribe: > security_group_rule after_update 55550000, False {{(pid=103535) subscribe /opt/stack/data/venv/lib/python3.12/site-packages/neutron_lib/callbacks/manager.py:52}}
Jun 29 04:34:03.768407 np0000183340 devstack@neutron-api.service[103535]: DEBUG neutron_lib.callbacks.manager [None req-780dd020-1915-4cd7-9684-bdaae1b91278 None None] Subscribe: > security_group_rule after_delete 55550000, False {{(pid=103535) subscribe /opt/stack/data/venv/lib/python3.12/site-packages/neutron_lib/callbacks/manager.py:52}}
Jun 29 04:34:03.768525 np0000183340 devstack@neutron-api.service[103535]: DEBUG neutron_lib.callbacks.manager [None req-780dd020-1915-4cd7-9684-bdaae1b91278 None None] Subscribe: > address_group after_create 55550000, False {{(pid=103535) subscribe /opt/stack/data/venv/lib/python3.12/site-packages/neutron_lib/callbacks/manager.py:52}}
