2026-05-08 02:18:54.959 8 WARNING neutron.plugins.ml2.drivers.ovn.mech_driver.ovsdb.ovn_client [None req-bcc91fee-8400-44e5-baf8-77e9b44088a5 - - - - - -] No hosting information found for port 248549a1-9715-48d4-b61a-9fca95407d7c: RuntimeError: No hosting information found for port 248549a1-9715-48d4-b61a-9fca95407d7c [pid: 7|app: 0|req: 1360/2540] 10.0.0.54 () {32 vars in 725 bytes} [Fri May 8 02:18:54 2026] DELETE /v2.0/networks/3bc675e3-fe3c-4c72-adcc-672c816ff7f5 => generated 0 bytes in 521 msecs (HTTP/1.1 204) 3 headers in 131 bytes (1 switches on core 0) [pid: 7|app: 0|req: 1361/2541] 10.0.0.54 () {32 vars in 670 bytes} [Fri May 8 02:18:54 2026] GET /v2.0/vpn/endpoint-groups => generated 908 bytes in 8 msecs (HTTP/1.1 200) 4 headers in 157 bytes (1 switches on core 0)
2026-05-08 02:18:55.006 7 INFO neutron.pecan_wsgi.hooks.translation [None req-63bd6476-1034-438b-ac31-006b6f4955da a45c645efd634f3e92c0adb1a927a04f 77dd178850ea4c7fb5cb10bf9a4d8512 - - default default] DELETE failed (client error): The resource could not be found. [pid: 7|app: 0|req: 1362/2542] 10.0.0.54 () {32 vars in 723 bytes} [Fri May 8 02:18:54 2026] DELETE /v2.0/subnets/bab6bac6-153b-4b93-b2ae-96c3bc490a0a => generated 136 bytes in 13 msecs (HTTP/1.1 404) 4 headers in 164 bytes (1 switches on core 0) [pid: 7|app: 0|req: 1363/2543] 10.0.0.54 () {32 vars in 747 bytes} [Fri May 8 02:18:55 2026] DELETE /v2.0/vpn/endpoint-groups/8ccba659-f331-4707-98f8-3376be8e16dc => generated 0 bytes in 22 msecs (HTTP/1.1 204) 2 headers in 112 bytes (1 switches on core 0)
2026-05-08 02:18:55.039 7 INFO neutron.pecan_wsgi.hooks.translation [None req-bde6491a-9554-4ea9-a605-88d6db952ef7 a45c645efd634f3e92c0adb1a927a04f 77dd178850ea4c7fb5cb10bf9a4d8512 - - default default] DELETE failed (client error): The resource could not be found. [pid: 7|app: 0|req: 1364/2544] 10.0.0.54 () {32 vars in 723 bytes} [Fri May 8 02:18:55 2026] DELETE /v2.0/subnets/c72b1ec1-7188-410a-bb66-f43243b3346a => generated 136 bytes in 10 msecs (HTTP/1.1 404) 4 headers in 164 bytes (1 switches on core 0)
2026-05-08 02:18:55.128 8 INFO neutron.db.ovn_revision_numbers_db [None req-bcc91fee-8400-44e5-baf8-77e9b44088a5 - - - - - -] Successfully bumped revision number for resource 248549a1-9715-48d4-b61a-9fca95407d7c (type: router_ports) to 2
2026-05-08 02:18:55.129 8 INFO neutron.plugins.ml2.drivers.ovn.mech_driver.mech_driver [None req-bcc91fee-8400-44e5-baf8-77e9b44088a5 - - - - - -] OVN reports status down for port: 0a42adc2-9f31-4ce5-b916-7095904c585e
2026-05-08 02:18:55.139 8 INFO neutron.plugins.ml2.drivers.ovn.mech_driver.mech_driver [None req-bcc91fee-8400-44e5-baf8-77e9b44088a5 - - - - - -] OVN reports status down for port: a473af1f-1275-4fd7-a74b-a644e97eba33 [pid: 7|app: 0|req: 1365/2545] 10.0.0.54 () {32 vars in 773 bytes} [Fri May 8 02:18:55 2026] GET /v2.0/security-groups?tenant_id=4d3d5687bc664d998026d7b3bd85a6f9&name=default => generated 2925 bytes in 105 msecs (HTTP/1.1 200) 4 headers in 158 bytes (1 switches on core 0)
2026-05-08 02:18:55.153 8 INFO neutron.plugins.ml2.drivers.ovn.mech_driver.mech_driver [None req-bcc91fee-8400-44e5-baf8-77e9b44088a5 - - - - - -] OVN reports status down for port: 9caf71c5-1b95-4d76-9964-7aa059de0f8b [pid: 7|app: 0|req: 1366/2546] 10.0.0.54 () {32 vars in 670 bytes} [Fri May 8 02:18:55 2026] GET /v2.0/vpn/endpoint-groups => generated 632 bytes in 9 msecs (HTTP/1.1 200) 4 headers in 157 bytes (1 switches on core 0)
2026-05-08 02:18:55.167 8 INFO neutron.plugins.ml2.drivers.ovn.mech_driver.mech_driver [None req-bcc91fee-8400-44e5-baf8-77e9b44088a5 - - - - - -] OVN reports status down for port: 55f452ef-9d6a-443d-ab8b-622b381a1bbb
2026-05-08 02:18:55.168 7 INFO neutron.pecan_wsgi.hooks.translation [None req-08dfa5e2-bf1a-4787-b75d-23a08e434c1f a45c645efd634f3e92c0adb1a927a04f 77dd178850ea4c7fb5cb10bf9a4d8512 - - default default] DELETE failed (client error): The resource could not be found. [pid: 7|app: 0|req: 1367/2547] 10.0.0.54 () {32 vars in 723 bytes} [Fri May 8 02:18:55 2026] DELETE /v2.0/subnets/d1465a16-1912-41af-ada3-93d0b1892853 => generated 136 bytes in 12 msecs (HTTP/1.1 404) 4 headers in 164 bytes (1 switches on core 0)
2026-05-08 02:18:55.179 8 INFO neutron.plugins.ml2.drivers.ovn.mech_driver.mech_driver [None req-bcc91fee-8400-44e5-baf8-77e9b44088a5 - - - - - -] OVN reports status down for port: 6d37ea2a-d0f0-4d39-a291-9fbea5d6528b
2026-05-08 02:18:55.190 8 INFO neutron.db.ovn_revision_numbers_db [None req-5f348f8c-3974-4e24-83f3-6693383c968f 23fd863c063c4efd8ed7c4d2c31871f6 f6e3768e47ca43399ab3fa8a2d0e712b - - default default] Successfully bumped revision number for resource 7b14e2e6-4712-4211-8c17-639e5827036e (type: networks) to 1
2026-05-08 02:18:55.193 8 INFO neutron.plugins.ml2.drivers.ovn.mech_driver.mech_driver [None req-bcc91fee-8400-44e5-baf8-77e9b44088a5 - - - - - -] OVN reports status up for port: 55f452ef-9d6a-443d-ab8b-622b381a1bbb
2026-05-08 02:18:55.214 8 INFO neutron.plugins.ml2.drivers.ovn.mech_driver.mech_driver [None req-bcc91fee-8400-44e5-baf8-77e9b44088a5 - - - - - -] OVN reports status down for port: 664f61e5-ca49-4448-a906-b8d362f5cb6c
2026-05-08 02:18:55.334 8 INFO neutron.plugins.ml2.drivers.ovn.mech_driver.mech_driver [None req-bcc91fee-8400-44e5-baf8-77e9b44088a5 - - - - - -] OVN reports status down for port: bd176c82-594d-41f9-adb5-7e4f0a2bbccf
2026-05-08 02:18:55.386 8 INFO neutron.plugins.ml2.drivers.ovn.mech_driver.mech_driver [None req-bcc91fee-8400-44e5-baf8-77e9b44088a5 - - - - - -] OVN reports status down for port: 32284b20-2181-4042-a60f-d1568086822c
2026-05-08 02:18:55.482 8 WARNING neutron.scheduler.dhcp_agent_scheduler [None req-5f348f8c-3974-4e24-83f3-6693383c968f 23fd863c063c4efd8ed7c4d2c31871f6 f6e3768e47ca43399ab3fa8a2d0e712b - - default default] No more DHCP agents [pid: 7|app: 0|req: 1368/2548] 10.0.0.54 () {32 vars in 739 bytes} [Fri May 8 02:18:55 2026] DELETE /v2.0/security-groups/9b313e2f-dd42-4dcb-8344-fb740d55fb94 => generated 0 bytes in 314 msecs (HTTP/1.1 204) 2 headers in 112 bytes (1 switches on core 0)
2026-05-08 02:18:55.485 8 WARNING neutron.api.rpc.agentnotifiers.dhcp_rpc_agent_api [None req-5f348f8c-3974-4e24-83f3-6693383c968f 23fd863c063c4efd8ed7c4d2c31871f6 f6e3768e47ca43399ab3fa8a2d0e712b - - default default] Unable to schedule network 7b14e2e6-4712-4211-8c17-639e5827036e: no agents available; will retry on subsequent port and subnet creation events. [pid: 7|app: 0|req: 1369/2549] 10.0.0.54 () {34 vars in 692 bytes} [Fri May 8 02:18:55 2026] POST /v2.0/vpn/endpoint-groups => generated 301 bytes in 71 msecs (HTTP/1.1 201) 4 headers in 162 bytes (1 switches on core 0)
2026-05-08 02:18:55.610 8 INFO neutron.plugins.ml2.drivers.ovn.mech_driver.mech_driver [None req-bcc91fee-8400-44e5-baf8-77e9b44088a5 - - - - - -] OVN reports status down for port: 2a66b584-fbfa-404b-ab60-bf7b4cbacff9
2026-05-08 02:18:55.619 7 INFO neutron.api.v2.resource [None req-7b233f0b-d187-45ee-9a95-34c4f6d5e11e 12f90be5d5594763a97dc0b80d9d9dab 0b82827f019244e2bd42e5a697b5510c - - default default] create failed (client error): The server could not comply with the request since it is either malformed or otherwise incorrect. [pid: 7|app: 0|req: 1370/2550] 10.0.0.54 () {34 vars in 706 bytes} [Fri May 8 02:18:55 2026] POST /v2.0/vpn/ipsec-site-connections => generated 148 bytes in 60 msecs (HTTP/1.1 400) 4 headers in 166 bytes (1 switches on core 0)
2026-05-08 02:18:55.673 8 INFO neutron.db.ovn_revision_numbers_db [None req-5f348f8c-3974-4e24-83f3-6693383c968f 23fd863c063c4efd8ed7c4d2c31871f6 f6e3768e47ca43399ab3fa8a2d0e712b - - default default] Successfully bumped revision number for resource cf7f7570-7c6c-40ad-b470-18c460190190 (type: ports) to 1 [pid: 8|app: 0|req: 1181/2551] 10.0.0.54 () {34 vars in 669 bytes} [Fri May 8 02:18:54 2026] POST /v2.0/networks => generated 651 bytes in 909 msecs (HTTP/1.1 201) 4 headers in 162 bytes (1 switches on core 0) [pid: 8|app: 0|req: 1182/2552] 10.0.0.54 () {32 vars in 670 bytes} [Fri May 8 02:18:55 2026] GET /v2.0/vpn/endpoint-groups => generated 915 bytes in 22 msecs (HTTP/1.1 200) 4 headers in 157 bytes (1 switches on core 0)
2026-05-08 02:18:55.791 7 INFO neutron.db.ovn_revision_numbers_db [None req-b53c1b7f-6467-4323-945d-c0bd047701da 851bc5c755714825a7a4112a8cca4c5e 26fb6695060545ef8400d2ec89c516d7 - - default default] Successfully bumped revision number for resource 02abec2b-3a79-4812-b196-7eb65acd3e77 (type: security_groups) to 1
2026-05-08 02:18:55.803 8 INFO neutron.services.segments.plugin [-] Segment 27880a9e-292b-4aba-a50b-e26abe3ad8a9 resource provider aggregate not found
2026-05-08 02:18:55.806 7 INFO neutron.db.ovn_revision_numbers_db [None req-b53c1b7f-6467-4323-945d-c0bd047701da 851bc5c755714825a7a4112a8cca4c5e 26fb6695060545ef8400d2ec89c516d7 - - default default] Successfully bumped revision number for resource 14009bc3-5d57-477d-8530-193ee5755658 (type: security_group_rules) to 0
2026-05-08 02:18:55.808 8 INFO neutron.services.segments.plugin [-] Segment 27880a9e-292b-4aba-a50b-e26abe3ad8a9 resource provider aggregate not found
2026-05-08 02:18:55.818 7 INFO neutron.db.ovn_revision_numbers_db [None req-b53c1b7f-6467-4323-945d-c0bd047701da 851bc5c755714825a7a4112a8cca4c5e 26fb6695060545ef8400d2ec89c516d7 - - default default] Successfully bumped revision number for resource 28963848-8fa5-4148-b4d2-5649c43599d3 (type: security_group_rules) to 0
2026-05-08 02:18:55.822 8 INFO neutron.plugins.ml2.drivers.ovn.mech_driver.mech_driver [None req-bcc91fee-8400-44e5-baf8-77e9b44088a5 - - - - - -] OVN reports status down for port: d393076f-2bd5-4fc0-9eed-6cae7e7bb2bb
2026-05-08 02:18:55.823 8 INFO neutron.services.segments.plugin [-] Segment 27880a9e-292b-4aba-a50b-e26abe3ad8a9 resource provider not found; error: Placement Client Error (4xx): {"errors": [{"status": 404, "title": "Not Found", "detail": "The resource could not be found.\n\n No resource provider with uuid 27880a9e-292b-4aba-a50b-e26abe3ad8a9 found for delete ", "request_id": "req-da2275da-b110-4761-aab3-ced5d94ac197"}]}
2026-05-08 02:18:55.825 8 INFO neutron.services.segments.plugin [-] Segment 27880a9e-292b-4aba-a50b-e26abe3ad8a9 resource provider not found; error: Placement Client Error (4xx): {"errors": [{"status": 404, "title": "Not Found", "detail": "The resource could not be found.\n\n No resource provider with uuid 27880a9e-292b-4aba-a50b-e26abe3ad8a9 found for delete ", "request_id": "req-7a209945-6e41-42fd-9e1d-9658dff2244f"}]}
2026-05-08 02:18:55.831 7 INFO neutron.db.ovn_revision_numbers_db [None req-b53c1b7f-6467-4323-945d-c0bd047701da 851bc5c755714825a7a4112a8cca4c5e 26fb6695060545ef8400d2ec89c516d7 - - default default] Successfully bumped revision number for resource 86426ee8-ef2b-4e23-af3b-52b2c088e794 (type: security_group_rules) to 0
2026-05-08 02:18:55.842 7 INFO neutron.db.ovn_revision_numbers_db [None req-b53c1b7f-6467-4323-945d-c0bd047701da 851bc5c755714825a7a4112a8cca4c5e 26fb6695060545ef8400d2ec89c516d7 - - default default] Successfully bumped revision number for resource 9a6524db-00c4-4617-b56d-e54ac25ff6c4 (type: security_group_rules) to 0 [pid: 7|app: 0|req: 1371/2553] 10.0.0.54 () {32 vars in 773 bytes} [Fri May 8 02:18:55 2026] GET /v2.0/security-groups?tenant_id=d6570e8d879449bfb585fe75b8a1ae11&name=default => generated 2925 bytes in 259 msecs (HTTP/1.1 200) 4 headers in 158 bytes (1 switches on core 0) [pid: 7|app: 0|req: 1372/2554] 10.0.0.54 () {32 vars in 747 bytes} [Fri May 8 02:18:55 2026] DELETE /v2.0/vpn/endpoint-groups/3d951668-13dd-4cef-a06a-008add177253 => generated 0 bytes in 23 msecs (HTTP/1.1 204) 2 headers in 112 bytes (1 switches on core 0)
2026-05-08 02:18:55.937 8 INFO neutron.plugins.ml2.drivers.ovn.mech_driver.mech_driver [None req-bcc91fee-8400-44e5-baf8-77e9b44088a5 - - - - - -] OVN reports status down for port: 8e3e2dea-7ef9-4b7e-b763-e4d53c393ee1
2026-05-08 02:18:55.952 8 INFO neutron.plugins.ml2.drivers.ovn.mech_driver.mech_driver [None req-bcc91fee-8400-44e5-baf8-77e9b44088a5 - - - - - -] OVN reports status down for port: ef40a94d-343e-4a0c-9a89-840a643ef302
2026-05-08 02:18:56.127 8 WARNING neutron.scheduler.dhcp_agent_scheduler [None req-e7d222fc-c73b-47ce-8c9e-137f30b8b5f0 23fd863c063c4efd8ed7c4d2c31871f6 f6e3768e47ca43399ab3fa8a2d0e712b - - default default] No more DHCP agents
2026-05-08 02:18:56.130 8 WARNING neutron.api.rpc.agentnotifiers.dhcp_rpc_agent_api [None req-e7d222fc-c73b-47ce-8c9e-137f30b8b5f0 23fd863c063c4efd8ed7c4d2c31871f6 f6e3768e47ca43399ab3fa8a2d0e712b - - default default] Unable to schedule network 7b14e2e6-4712-4211-8c17-639e5827036e: no agents available; will retry on subsequent port and subnet creation events. [pid: 7|app: 0|req: 1373/2555] 10.0.0.54 () {32 vars in 739 bytes} [Fri May 8 02:18:55 2026] DELETE /v2.0/security-groups/02abec2b-3a79-4812-b196-7eb65acd3e77 => generated 0 bytes in 273 msecs (HTTP/1.1 204) 2 headers in 112 bytes (1 switches on core 0)
2026-05-08 02:18:56.185 8 INFO neutron.plugins.ml2.drivers.ovn.mech_driver.mech_driver [None req-bcc91fee-8400-44e5-baf8-77e9b44088a5 - - - - - -] OVN reports status down for port: f0f9758d-e6e2-4bae-8a54-3e3a3ed8b04b [pid: 7|app: 0|req: 1374/2556] 10.0.0.54 () {32 vars in 670 bytes} [Fri May 8 02:18:56 2026] GET /v2.0/vpn/endpoint-groups => generated 632 bytes in 12 msecs (HTTP/1.1 200) 4 headers in 157 bytes (1 switches on core 0)
2026-05-08 02:18:56.314 8 INFO neutron.plugins.ml2.drivers.ovn.mech_driver.mech_driver [None req-bcc91fee-8400-44e5-baf8-77e9b44088a5 - - - - - -] OVN reports status down for port: 699a2339-5de4-4864-90b0-96435c12cfd3
2026-05-08 02:18:56.342 8 INFO neutron.db.ovn_revision_numbers_db [None req-e7d222fc-c73b-47ce-8c9e-137f30b8b5f0 23fd863c063c4efd8ed7c4d2c31871f6 f6e3768e47ca43399ab3fa8a2d0e712b - - default default] Successfully bumped revision number for resource 5348a185-0ed1-4db6-9b52-b856267fbc5a (type: ports) to 1 [pid: 8|app: 0|req: 1183/2557] 10.0.0.54 () {34 vars in 663 bytes} [Fri May 8 02:18:55 2026] POST /v2.0/ports => generated 743 bytes in 674 msecs (HTTP/1.1 201) 4 headers in 162 bytes (1 switches on core 0) /var/lib/openstack/lib/python3.12/site-packages/pycadf/identifier.py:70: UserWarning: Invalid uuid: neutron. To ensure interoperability, identifiers should be a valid uuid. warnings.warn(('Invalid uuid: %s. To ensure interoperability, '
2026-05-08 02:18:56.423 8 WARNING neutron.api.v2.base [None req-8d4c903c-d058-41bc-ba37-2935ec2f97c0 12f90be5d5594763a97dc0b80d9d9dab 0b82827f019244e2bd42e5a697b5510c - - default default] An exception happened while processing the request body. The exception message is [Invalid input for peer_cidrs. Reason: '1.0.0.0/33' is not a valid IP subnet.].: webob.exc.HTTPBadRequest: Invalid input for peer_cidrs. Reason: '1.0.0.0/33' is not a valid IP subnet.
2026-05-08 02:18:56.423 8 INFO neutron.api.v2.resource [None req-8d4c903c-d058-41bc-ba37-2935ec2f97c0 12f90be5d5594763a97dc0b80d9d9dab 0b82827f019244e2bd42e5a697b5510c - - default default] create failed (client error): Invalid input for peer_cidrs. Reason: '1.0.0.0/33' is not a valid IP subnet. [pid: 8|app: 0|req: 1184/2558] 10.0.0.54 () {34 vars in 706 bytes} [Fri May 8 02:18:56 2026] POST /v2.0/vpn/ipsec-site-connections => generated 149 bytes in 5 msecs (HTTP/1.1 400) 4 headers in 166 bytes (1 switches on core 0)
2026-05-08 02:18:56.442 8 INFO neutron.plugins.ml2.drivers.ovn.mech_driver.mech_driver [None req-bcc91fee-8400-44e5-baf8-77e9b44088a5 - - - - - -] OVN reports status down for port: 6cbe518d-59fa-4e70-b393-74e3a910ecb1 [pid: 8|app: 0|req: 1185/2559] 10.0.0.54 () {34 vars in 746 bytes} [Fri May 8 02:18:56 2026] PUT /v2.0/ports/2a66b584-fbfa-404b-ab60-bf7b4cbacff9/tags => generated 17 bytes in 103 msecs (HTTP/1.1 200) 4 headers in 156 bytes (1 switches on core 0) /var/lib/openstack/lib/python3.12/site-packages/pycadf/identifier.py:70: UserWarning: Invalid uuid: neutron. To ensure interoperability, identifiers should be a valid uuid. warnings.warn(('Invalid uuid: %s. To ensure interoperability, '
2026-05-08 02:18:56.578 7 INFO neutron.db.ovn_revision_numbers_db [None req-72bce186-1f6c-4630-9d0c-f1193053ea5c 851bc5c755714825a7a4112a8cca4c5e 26fb6695060545ef8400d2ec89c516d7 - - default default] Successfully bumped revision number for resource 53b22287-11d1-4dc2-b4b3-ba0fc915d4da (type: security_groups) to 1
2026-05-08 02:18:56.590 7 INFO neutron.db.ovn_revision_numbers_db [None req-72bce186-1f6c-4630-9d0c-f1193053ea5c 851bc5c755714825a7a4112a8cca4c5e 26fb6695060545ef8400d2ec89c516d7 - - default default] Successfully bumped revision number for resource 4d4b3d44-6f74-4b4e-91b7-3c334869500f (type: security_group_rules) to 0
2026-05-08 02:18:56.602 7 INFO neutron.db.ovn_revision_numbers_db [None req-72bce186-1f6c-4630-9d0c-f1193053ea5c 851bc5c755714825a7a4112a8cca4c5e 26fb6695060545ef8400d2ec89c516d7 - - default default] Successfully bumped revision number for resource 83ca05b1-c40d-4ebd-869d-6de321107966 (type: security_group_rules) to 0
2026-05-08 02:18:56.614 7 INFO neutron.db.ovn_revision_numbers_db [None req-72bce186-1f6c-4630-9d0c-f1193053ea5c 851bc5c755714825a7a4112a8cca4c5e 26fb6695060545ef8400d2ec89c516d7 - - default default] Successfully bumped revision number for resource 86aa03c2-de57-447e-b8ab-beefe5f36c4b (type: security_group_rules) to 0
2026-05-08 02:18:56.627 7 INFO neutron.db.ovn_revision_numbers_db [None req-72bce186-1f6c-4630-9d0c-f1193053ea5c 851bc5c755714825a7a4112a8cca4c5e 26fb6695060545ef8400d2ec89c516d7 - - default default] Successfully bumped revision number for resource a06e4a55-94d6-4a2f-983a-9d34bc186799 (type: security_group_rules) to 0
2026-05-08 02:18:56.636 8 INFO neutron.db.segments_db [None req-2009499b-b910-4168-be60-4304e7d3c7d7 12f90be5d5594763a97dc0b80d9d9dab 0b82827f019244e2bd42e5a697b5510c - - default default] Added segment 6d75a1e9-f412-4598-ba25-c29741c48c7c of type geneve for network 2b15bded-d223-48db-93fb-c79edaf8e09e [pid: 7|app: 0|req: 1375/2560] 10.0.0.54 () {32 vars in 773 bytes} [Fri May 8 02:18:56 2026] GET /v2.0/security-groups?tenant_id=6f19ce6196bd4899bb9987f77b3ef0df&name=default => generated 2925 bytes in 474 msecs (HTTP/1.1 200) 4 headers in 158 bytes (1 switches on core 0)
2026-05-08 02:18:56.671 8 INFO neutron.plugins.ml2.drivers.ovn.mech_driver.mech_driver [None req-bcc91fee-8400-44e5-baf8-77e9b44088a5 - - - - - -] OVN reports status down for port: 1648a9f9-deaf-46a4-8847-0d08ae39c1cd [pid: 7|app: 0|req: 1376/2561] 10.0.0.54 () {34 vars in 746 bytes} [Fri May 8 02:18:56 2026] PUT /v2.0/ports/ef40a94d-343e-4a0c-9a89-840a643ef302/tags => generated 25 bytes in 61 msecs (HTTP/1.1 200) 4 headers in 156 bytes (1 switches on core 0) /var/lib/openstack/lib/python3.12/site-packages/pycadf/identifier.py:70: UserWarning: Invalid uuid: neutron. To ensure interoperability, identifiers should be a valid uuid. warnings.warn(('Invalid uuid: %s. To ensure interoperability, '
2026-05-08 02:18:56.805 8 INFO neutron.plugins.ml2.drivers.ovn.mech_driver.mech_driver [None req-bcc91fee-8400-44e5-baf8-77e9b44088a5 - - - - - -] OVN reports status down for port: cf7f7570-7c6c-40ad-b470-18c460190190
2026-05-08 02:18:56.833 8 INFO neutron.db.ovn_revision_numbers_db [None req-2009499b-b910-4168-be60-4304e7d3c7d7 12f90be5d5594763a97dc0b80d9d9dab 0b82827f019244e2bd42e5a697b5510c - - default default] Successfully bumped revision number for resource 2b15bded-d223-48db-93fb-c79edaf8e09e (type: networks) to 1
2026-05-08 02:18:57.016 8 INFO neutron.plugins.ml2.drivers.ovn.mech_driver.mech_driver [None req-bcc91fee-8400-44e5-baf8-77e9b44088a5 - - - - - -] OVN reports status down for port: 5348a185-0ed1-4db6-9b52-b856267fbc5a [pid: 7|app: 0|req: 1377/2562] 10.0.0.54 () {32 vars in 739 bytes} [Fri May 8 02:18:56 2026] DELETE /v2.0/security-groups/53b22287-11d1-4dc2-b4b3-ba0fc915d4da => generated 0 bytes in 355 msecs (HTTP/1.1 204) 2 headers in 112 bytes (1 switches on core 0)
2026-05-08 02:18:57.110 8 WARNING neutron.scheduler.dhcp_agent_scheduler [None req-2009499b-b910-4168-be60-4304e7d3c7d7 12f90be5d5594763a97dc0b80d9d9dab 0b82827f019244e2bd42e5a697b5510c - - default default] No more DHCP agents
2026-05-08 02:18:57.114 8 WARNING neutron.api.rpc.agentnotifiers.dhcp_rpc_agent_api [None req-2009499b-b910-4168-be60-4304e7d3c7d7 12f90be5d5594763a97dc0b80d9d9dab 0b82827f019244e2bd42e5a697b5510c - - default default] Unable to schedule network 2b15bded-d223-48db-93fb-c79edaf8e09e: no agents available; will retry on subsequent port and subnet creation events. [pid: 7|app: 0|req: 1378/2563] 10.0.0.54 () {34 vars in 746 bytes} [Fri May 8 02:18:57 2026] PUT /v2.0/ports/699a2339-5de4-4864-90b0-96435c12cfd3/tags => generated 34 bytes in 74 msecs (HTTP/1.1 200) 4 headers in 156 bytes (1 switches on core 0) /var/lib/openstack/lib/python3.12/site-packages/pycadf/identifier.py:70: UserWarning: Invalid uuid: neutron. To ensure interoperability, identifiers should be a valid uuid. warnings.warn(('Invalid uuid: %s. To ensure interoperability, '
2026-05-08 02:18:57.237 8 INFO neutron.plugins.ml2.drivers.ovn.mech_driver.mech_driver [None req-bcc91fee-8400-44e5-baf8-77e9b44088a5 - - - - - -] OVN reports status down for port: 8097292d-d9d5-4934-abbe-cb69edd997ec [pid: 7|app: 0|req: 1379/2564] 10.0.0.54 () {34 vars in 746 bytes} [Fri May 8 02:18:57 2026] PUT /v2.0/ports/1648a9f9-deaf-46a4-8847-0d08ae39c1cd/tags => generated 19 bytes in 110 msecs (HTTP/1.1 200) 4 headers in 156 bytes (1 switches on core 0) /var/lib/openstack/lib/python3.12/site-packages/pycadf/identifier.py:70: UserWarning: Invalid uuid: neutron. To ensure interoperability, identifiers should be a valid uuid. warnings.warn(('Invalid uuid: %s. To ensure interoperability, '
2026-05-08 02:18:57.284 8 INFO neutron.db.ovn_revision_numbers_db [None req-2009499b-b910-4168-be60-4304e7d3c7d7 12f90be5d5594763a97dc0b80d9d9dab 0b82827f019244e2bd42e5a697b5510c - - default default] Successfully bumped revision number for resource 8097292d-d9d5-4934-abbe-cb69edd997ec (type: ports) to 1 [pid: 8|app: 0|req: 1186/2565] 10.0.0.54 () {34 vars in 669 bytes} [Fri May 8 02:18:56 2026] POST /v2.0/networks => generated 650 bytes in 792 msecs (HTTP/1.1 201) 4 headers in 162 bytes (1 switches on core 0)
2026-05-08 02:18:57.454 7 INFO neutron.db.ovn_revision_numbers_db [None req-de0a6934-107a-48d0-ac26-f18d2fb7f9ec 851bc5c755714825a7a4112a8cca4c5e 26fb6695060545ef8400d2ec89c516d7 - - default default] Successfully bumped revision number for resource 66b8cb38-f816-4a97-824b-f8d3525c640a (type: security_groups) to 1
2026-05-08 02:18:57.494 7 INFO neutron.db.ovn_revision_numbers_db [None req-de0a6934-107a-48d0-ac26-f18d2fb7f9ec 851bc5c755714825a7a4112a8cca4c5e 26fb6695060545ef8400d2ec89c516d7 - - default default] Successfully bumped revision number for resource 4992b5f3-cc96-4a17-9467-0d73cf86f4b0 (type: security_group_rules) to 0 [pid: 8|app: 0|req: 1187/2566] 10.0.0.54 () {32 vars in 659 bytes} [Fri May 8 02:18:57 2026] GET /v2.0/ports?tags=red => generated 2253 bytes in 209 msecs (HTTP/1.1 200) 4 headers in 158 bytes (1 switches on core 0)
2026-05-08 02:18:57.534 7 INFO neutron.db.ovn_revision_numbers_db [None req-de0a6934-107a-48d0-ac26-f18d2fb7f9ec 851bc5c755714825a7a4112a8cca4c5e 26fb6695060545ef8400d2ec89c516d7 - - default default] Successfully bumped revision number for resource 5ac1078a-869f-4068-b4a3-09cf6d53676c (type: security_group_rules) to 0
2026-05-08 02:18:57.563 7 INFO neutron.db.ovn_revision_numbers_db [None req-de0a6934-107a-48d0-ac26-f18d2fb7f9ec 851bc5c755714825a7a4112a8cca4c5e 26fb6695060545ef8400d2ec89c516d7 - - default default] Successfully bumped revision number for resource 83788826-00a0-4cd4-951f-613ef159798d (type: security_group_rules) to 0
2026-05-08 02:18:57.617 7 INFO neutron.db.ovn_revision_numbers_db [None req-de0a6934-107a-48d0-ac26-f18d2fb7f9ec 851bc5c755714825a7a4112a8cca4c5e 26fb6695060545ef8400d2ec89c516d7 - - default default] Successfully bumped revision number for resource c3c34f61-080b-4b70-95d7-639c94d48619 (type: security_group_rules) to 0 [pid: 7|app: 0|req: 1380/2567] 10.0.0.54 () {32 vars in 773 bytes} [Fri May 8 02:18:57 2026] GET /v2.0/security-groups?tenant_id=8adcdb566b284a078592cbf5be548128&name=default => generated 2925 bytes in 379 msecs (HTTP/1.1 200) 4 headers in 158 bytes (1 switches on core 0)
2026-05-08 02:18:57.740 8 WARNING neutron.scheduler.dhcp_agent_scheduler [None req-d6db09fe-225f-42f6-82ad-e7c4a88faea1 12f90be5d5594763a97dc0b80d9d9dab 0b82827f019244e2bd42e5a697b5510c - - default default] No more DHCP agents
2026-05-08 02:18:57.742 8 WARNING neutron.api.rpc.agentnotifiers.dhcp_rpc_agent_api [None req-d6db09fe-225f-42f6-82ad-e7c4a88faea1 12f90be5d5594763a97dc0b80d9d9dab 0b82827f019244e2bd42e5a697b5510c - - default default] Unable to schedule network 2b15bded-d223-48db-93fb-c79edaf8e09e: no agents available; will retry on subsequent port and subnet creation events. [pid: 7|app: 0|req: 1381/2568] 10.0.0.54 () {32 vars in 673 bytes} [Fri May 8 02:18:57 2026] GET /v2.0/ports?tags=red%2Cblue => generated 1513 bytes in 92 msecs (HTTP/1.1 200) 4 headers in 158 bytes (1 switches on core 0) [pid: 7|app: 0|req: 1382/2569] 10.0.0.54 () {32 vars in 739 bytes} [Fri May 8 02:18:57 2026] DELETE /v2.0/security-groups/66b8cb38-f816-4a97-824b-f8d3525c640a => generated 0 bytes in 301 msecs (HTTP/1.1 204) 2 headers in 112 bytes (1 switches on core 0) [pid: 7|app: 0|req: 1383/2570] 10.0.0.54 () {32 vars in 669 bytes} [Fri May 8 02:18:58 2026] GET /v2.0/ports?tags-any=blue => generated 1513 bytes in 61 msecs (HTTP/1.1 200) 4 headers in 158 bytes (1 switches on core 0) [pid: 7|app: 0|req: 1384/2571] 10.0.0.54 () {32 vars in 681 bytes} [Fri May 8 02:18:58 2026] GET /v2.0/ports?tags-any=red%2Cblue => generated 2253 bytes in 117 msecs (HTTP/1.1 200) 4 headers in 158 bytes (1 switches on core 0) [pid: 7|app: 0|req: 1385/2572] 10.0.0.54 () {32 vars in 773 bytes} [Fri May 8 02:18:58 2026] GET /v2.0/security-groups?tenant_id=77dd178850ea4c7fb5cb10bf9a4d8512&name=default => generated 2925 bytes in 20 msecs (HTTP/1.1 200) 4 headers in 158 bytes (1 switches on core 0)
2026-05-08 02:18:58.262 8 INFO neutron.db.ovn_revision_numbers_db [None req-30d896bb-9269-4104-acfd-81972c50fdfd - - - - - -] Successfully bumped revision number for resource 8097292d-d9d5-4934-abbe-cb69edd997ec (type: ports) to 2
2026-05-08 02:18:58.305 8 INFO neutron.db.ovn_revision_numbers_db [None req-30d896bb-9269-4104-acfd-81972c50fdfd - - - - - -] Successfully bumped revision number for resource 28877dd0-603e-48c1-8385-f6e890532062 (type: subnets) to 0 [pid: 8|app: 0|req: 1188/2573] 10.0.0.54 () {34 vars in 668 bytes} [Fri May 8 02:18:57 2026] POST /v2.0/subnets => generated 629 bytes in 794 msecs (HTTP/1.1 201) 4 headers in 162 bytes (1 switches on core 0) [pid: 7|app: 0|req: 1386/2574] 10.0.0.54 () {32 vars in 667 bytes} [Fri May 8 02:18:58 2026] GET /v2.0/ports?not-tags=red => generated 5268 bytes in 125 msecs (HTTP/1.1 200) 4 headers in 158 bytes (1 switches on core 0) [pid: 8|app: 0|req: 1189/2575] 10.0.0.54 () {32 vars in 739 bytes} [Fri May 8 02:18:58 2026] DELETE /v2.0/security-groups/40411ee1-5dde-456d-b972-d66b09a2a8ec => generated 0 bytes in 339 msecs (HTTP/1.1 204) 2 headers in 112 bytes (1 switches on core 0) [pid: 8|app: 0|req: 1190/2576] 10.0.0.54 () {32 vars in 681 bytes} [Fri May 8 02:18:58 2026] GET /v2.0/ports?not-tags=red%2Cblue => generated 6008 bytes in 83 msecs (HTTP/1.1 200) 4 headers in 158 bytes (1 switches on core 0)
2026-05-08 02:18:58.811 7 WARNING neutron.scheduler.dhcp_agent_scheduler [None req-e2bdcb8d-abd3-44ab-9e51-bf0e56ebcaa4 12f90be5d5594763a97dc0b80d9d9dab 0b82827f019244e2bd42e5a697b5510c - - default default] No more DHCP agents
2026-05-08 02:18:58.812 7 WARNING neutron.api.rpc.agentnotifiers.dhcp_rpc_agent_api [None req-e2bdcb8d-abd3-44ab-9e51-bf0e56ebcaa4 12f90be5d5594763a97dc0b80d9d9dab 0b82827f019244e2bd42e5a697b5510c - - default default] Unable to schedule network 3fe954c3-4c5d-4b9b-9783-90a7b9cc2d7d: no agents available; will retry on subsequent port and subnet creation events. [pid: 8|app: 0|req: 1191/2577] 10.0.0.54 () {32 vars in 677 bytes} [Fri May 8 02:18:58 2026] GET /v2.0/ports?not-tags-any=blue => generated 6008 bytes in 85 msecs (HTTP/1.1 200) 4 headers in 158 bytes (1 switches on core 0) [pid: 8|app: 0|req: 1192/2578] 10.0.0.54 () {32 vars in 689 bytes} [Fri May 8 02:18:58 2026] GET /v2.0/ports?not-tags-any=red%2Cblue => generated 5268 bytes in 74 msecs (HTTP/1.1 200) 4 headers in 158 bytes (1 switches on core 0)
2026-05-08 02:18:58.984 8 INFO neutron.plugins.ml2.drivers.ovn.mech_driver.mech_driver [None req-bcc91fee-8400-44e5-baf8-77e9b44088a5 - - - - - -] OVN reports status down for port: f9d49fba-a6c0-43c4-b501-2d8964020d6a
2026-05-08 02:18:58.985 7 INFO neutron.db.ovn_revision_numbers_db [None req-e2bdcb8d-abd3-44ab-9e51-bf0e56ebcaa4 12f90be5d5594763a97dc0b80d9d9dab 0b82827f019244e2bd42e5a697b5510c - - default default] Successfully bumped revision number for resource f9d49fba-a6c0-43c4-b501-2d8964020d6a (type: ports) to 1
2026-05-08 02:18:59.082 8 INFO neutron_taas.services.taas.taas_plugin [None req-01bc5dd3-15c4-4d7f-9bbd-8ce3fe85f294 23fd863c063c4efd8ed7c4d2c31871f6 f6e3768e47ca43399ab3fa8a2d0e712b - - default default] TaaS: Handle Delete Port: 2a66b584-fbfa-404b-ab60-bf7b4cbacff9
2026-05-08 02:18:59.085 8 INFO neutron_taas.services.taas.tap_mirror_plugin [None req-01bc5dd3-15c4-4d7f-9bbd-8ce3fe85f294 23fd863c063c4efd8ed7c4d2c31871f6 f6e3768e47ca43399ab3fa8a2d0e712b - - default default] Tap Mirror: Handle Delete Port: 2a66b584-fbfa-404b-ab60-bf7b4cbacff9 [pid: 8|app: 0|req: 1193/2579] 10.0.0.54 () {32 vars in 719 bytes} [Fri May 8 02:18:58 2026] DELETE /v2.0/ports/2a66b584-fbfa-404b-ab60-bf7b4cbacff9 => generated 0 bytes in 467 msecs (HTTP/1.1 204) 3 headers in 131 bytes (1 switches on core 0)
2026-05-08 02:18:59.521 8 INFO neutron_taas.services.taas.taas_plugin [None req-1fca2b61-3a3b-421a-b96c-78e1e3e78b4f 23fd863c063c4efd8ed7c4d2c31871f6 f6e3768e47ca43399ab3fa8a2d0e712b - - default default] TaaS: Handle Delete Port: ef40a94d-343e-4a0c-9a89-840a643ef302
2026-05-08 02:18:59.524 8 INFO neutron_taas.services.taas.tap_mirror_plugin [None req-1fca2b61-3a3b-421a-b96c-78e1e3e78b4f 23fd863c063c4efd8ed7c4d2c31871f6 f6e3768e47ca43399ab3fa8a2d0e712b - - default default] Tap Mirror: Handle Delete Port: ef40a94d-343e-4a0c-9a89-840a643ef302 [pid: 8|app: 0|req: 1194/2580] 10.0.0.54 () {32 vars in 719 bytes} [Fri May 8 02:18:59 2026] DELETE /v2.0/ports/ef40a94d-343e-4a0c-9a89-840a643ef302 => generated 0 bytes in 272 msecs (HTTP/1.1 204) 3 headers in 131 bytes (1 switches on core 0)
2026-05-08 02:18:59.786 8 INFO neutron_taas.services.taas.taas_plugin [None req-0e24fe61-33a3-408e-9fb4-f63e53551f57 23fd863c063c4efd8ed7c4d2c31871f6 f6e3768e47ca43399ab3fa8a2d0e712b - - default default] TaaS: Handle Delete Port: 699a2339-5de4-4864-90b0-96435c12cfd3
2026-05-08 02:18:59.789 8 INFO neutron_taas.services.taas.tap_mirror_plugin [None req-0e24fe61-33a3-408e-9fb4-f63e53551f57 23fd863c063c4efd8ed7c4d2c31871f6 f6e3768e47ca43399ab3fa8a2d0e712b - - default default] Tap Mirror: Handle Delete Port: 699a2339-5de4-4864-90b0-96435c12cfd3
2026-05-08 02:18:59.814 7 INFO neutron.plugins.ml2.drivers.ovn.mech_driver.ovsdb.commands [-] Schedule LRP lrp-f9d49fba-a6c0-43c4-b501-2d8964020d6a on gateway e3bae007-08b7-4886-bcb2-3143baafb434 with priority 1
2026-05-08 02:18:59.927 8 INFO neutron.plugins.ml2.drivers.ovn.mech_driver.mech_driver [None req-bcc91fee-8400-44e5-baf8-77e9b44088a5 - - - - - -] OVN reports status up for port: f9d49fba-a6c0-43c4-b501-2d8964020d6a
2026-05-08 02:18:59.972 7 INFO neutron.db.ovn_revision_numbers_db [None req-e2bdcb8d-abd3-44ab-9e51-bf0e56ebcaa4 12f90be5d5594763a97dc0b80d9d9dab 0b82827f019244e2bd42e5a697b5510c - - default default] Successfully bumped revision number for resource f9d49fba-a6c0-43c4-b501-2d8964020d6a (type: router_ports) to 1
2026-05-08 02:18:59.997 8 INFO neutron.plugins.ml2.plugin [None req-bcc91fee-8400-44e5-baf8-77e9b44088a5 - - - - - -] Attempt 1 to provision port f9d49fba-a6c0-43c4-b501-2d8964020d6a [pid: 8|app: 0|req: 1195/2581] 10.0.0.54 () {32 vars in 719 bytes} [Fri May 8 02:18:59 2026] DELETE /v2.0/ports/699a2339-5de4-4864-90b0-96435c12cfd3 => generated 0 bytes in 329 msecs (HTTP/1.1 204) 3 headers in 131 bytes (1 switches on core 0)
2026-05-08 02:19:00.144 7 INFO neutron.db.ovn_revision_numbers_db [None req-e2bdcb8d-abd3-44ab-9e51-bf0e56ebcaa4 12f90be5d5594763a97dc0b80d9d9dab 0b82827f019244e2bd42e5a697b5510c - - default default] Successfully bumped revision number for resource 78dc48ff-37c6-414d-b951-633413bc6b0f (type: routers) to 2
2026-05-08 02:19:00.188 8 INFO neutron_taas.services.taas.taas_plugin [None req-df56a8b6-b982-4738-b6b6-c1ff7ef5a288 23fd863c063c4efd8ed7c4d2c31871f6 f6e3768e47ca43399ab3fa8a2d0e712b - - default default] TaaS: Handle Delete Port: 1648a9f9-deaf-46a4-8847-0d08ae39c1cd
2026-05-08 02:19:00.191 8 INFO neutron_taas.services.taas.tap_mirror_plugin [None req-df56a8b6-b982-4738-b6b6-c1ff7ef5a288 23fd863c063c4efd8ed7c4d2c31871f6 f6e3768e47ca43399ab3fa8a2d0e712b - - default default] Tap Mirror: Handle Delete Port: 1648a9f9-deaf-46a4-8847-0d08ae39c1cd [pid: 7|app: 0|req: 1387/2582] 10.0.0.54 () {34 vars in 668 bytes} [Fri May 8 02:18:58 2026] POST /v2.0/routers => generated 937 bytes in 1863 msecs (HTTP/1.1 201) 4 headers in 162 bytes (1 switches on core 0) [pid: 8|app: 0|req: 1196/2583] 10.0.0.54 () {32 vars in 719 bytes} [Fri May 8 02:19:00 2026] DELETE /v2.0/ports/1648a9f9-deaf-46a4-8847-0d08ae39c1cd => generated 0 bytes in 494 msecs (HTTP/1.1 204) 3 headers in 131 bytes (1 switches on core 0)
2026-05-08 02:19:00.548 7 INFO neutron.api.v2.resource [None req-565611a4-d8ef-4a00-b885-6a7f8c29698d fbaf0d340814422593e3f361bfa68db1 4df50aa69c93499190d9df7ffdc5b2b4 - - default default] create failed (client error): The server could not comply with the request since it is either malformed or otherwise incorrect. [pid: 7|app: 0|req: 1388/2584] 10.0.0.54 () {34 vars in 684 bytes} [Fri May 8 02:19:00 2026] POST /v2.0/vpn/vpnservices => generated 194 bytes in 308 msecs (HTTP/1.1 400) 4 headers in 166 bytes (1 switches on core 0)
2026-05-08 02:19:00.674 7 INFO neutron_taas.services.taas.taas_plugin [None req-0df3d039-ce29-422c-905e-4c204f8c514e fbaf0d340814422593e3f361bfa68db1 4df50aa69c93499190d9df7ffdc5b2b4 - - default default] TaaS: Handle Delete Port: 8097292d-d9d5-4934-abbe-cb69edd997ec
2026-05-08 02:19:00.677 7 INFO neutron_taas.services.taas.tap_mirror_plugin [None req-0df3d039-ce29-422c-905e-4c204f8c514e fbaf0d340814422593e3f361bfa68db1 4df50aa69c93499190d9df7ffdc5b2b4 - - default default] Tap Mirror: Handle Delete Port: 8097292d-d9d5-4934-abbe-cb69edd997ec
2026-05-08 02:19:01.029 7 INFO neutron.services.segments.plugin [-] Segment 6d75a1e9-f412-4598-ba25-c29741c48c7c resource provider aggregate not found
2026-05-08 02:19:01.043 7 INFO neutron.services.segments.plugin [-] Segment 6d75a1e9-f412-4598-ba25-c29741c48c7c resource provider aggregate not found
2026-05-08 02:19:01.056 7 INFO neutron.services.segments.plugin [-] Segment 6d75a1e9-f412-4598-ba25-c29741c48c7c resource provider not found; error: Placement Client Error (4xx): {"errors": [{"status": 404, "title": "Not Found", "detail": "The resource could not be found.\n\n No resource provider with uuid 6d75a1e9-f412-4598-ba25-c29741c48c7c found for delete ", "request_id": "req-ff59bf72-87f9-4606-bfd2-b2f546bd6cda"}]}
2026-05-08 02:19:01.068 7 INFO neutron.services.segments.plugin [-] Segment 6d75a1e9-f412-4598-ba25-c29741c48c7c resource provider not found; error: Placement Client Error (4xx): {"errors": [{"status": 404, "title": "Not Found", "detail": "The resource could not be found.\n\n No resource provider with uuid 6d75a1e9-f412-4598-ba25-c29741c48c7c found for delete ", "request_id": "req-48dd8114-b74b-4731-bbf4-5b0c0161e427"}]} [pid: 7|app: 0|req: 1389/2585] 10.0.0.54 () {32 vars in 725 bytes} [Fri May 8 02:19:00 2026] DELETE /v2.0/networks/2b15bded-d223-48db-93fb-c79edaf8e09e => generated 0 bytes in 570 msecs (HTTP/1.1 204) 3 headers in 131 bytes (1 switches on core 0)
2026-05-08 02:19:01.244 8 INFO neutron_taas.services.taas.taas_plugin [None req-21418468-1fbc-4b3e-91a2-8e2fc67cdd44 23fd863c063c4efd8ed7c4d2c31871f6 f6e3768e47ca43399ab3fa8a2d0e712b - - default default] TaaS: Handle Delete Port: 5348a185-0ed1-4db6-9b52-b856267fbc5a
2026-05-08 02:19:01.249 8 INFO neutron_taas.services.taas.tap_mirror_plugin [None req-21418468-1fbc-4b3e-91a2-8e2fc67cdd44 23fd863c063c4efd8ed7c4d2c31871f6 f6e3768e47ca43399ab3fa8a2d0e712b - - default default] Tap Mirror: Handle Delete Port: 5348a185-0ed1-4db6-9b52-b856267fbc5a [pid: 8|app: 0|req: 1197/2586] 10.0.0.54 () {32 vars in 719 bytes} [Fri May 8 02:19:00 2026] DELETE /v2.0/ports/5348a185-0ed1-4db6-9b52-b856267fbc5a => generated 0 bytes in 944 msecs (HTTP/1.1 204) 3 headers in 131 bytes (1 switches on core 0)
2026-05-08 02:19:01.462 7 INFO neutron_taas.services.taas.taas_plugin [None req-76151d00-0d64-4c77-be0b-722e45458f91 fbaf0d340814422593e3f361bfa68db1 4df50aa69c93499190d9df7ffdc5b2b4 - - default default] TaaS: Handle Delete Port: f9d49fba-a6c0-43c4-b501-2d8964020d6a
2026-05-08 02:19:01.465 7 INFO neutron_taas.services.taas.tap_mirror_plugin [None req-76151d00-0d64-4c77-be0b-722e45458f91 fbaf0d340814422593e3f361bfa68db1 4df50aa69c93499190d9df7ffdc5b2b4 - - default default] Tap Mirror: Handle Delete Port: f9d49fba-a6c0-43c4-b501-2d8964020d6a
2026-05-08 02:19:01.575 8 INFO neutron_taas.services.taas.taas_plugin [None req-9ba39fc0-23a2-4e3b-9d06-587368518fa4 23fd863c063c4efd8ed7c4d2c31871f6 f6e3768e47ca43399ab3fa8a2d0e712b - - default default] TaaS: Handle Delete Port: 32284b20-2181-4042-a60f-d1568086822c
2026-05-08 02:19:01.578 8 INFO neutron_taas.services.taas.tap_mirror_plugin [None req-9ba39fc0-23a2-4e3b-9d06-587368518fa4 23fd863c063c4efd8ed7c4d2c31871f6 f6e3768e47ca43399ab3fa8a2d0e712b - - default default] Tap Mirror: Handle Delete Port: 32284b20-2181-4042-a60f-d1568086822c
2026-05-08 02:19:01.865 8 INFO neutron.services.segments.plugin [-] Segment 654062a6-b546-46b8-8110-7fcb108d6caa resource provider aggregate not found
2026-05-08 02:19:01.875 8 INFO neutron.services.segments.plugin [-] Segment 654062a6-b546-46b8-8110-7fcb108d6caa resource provider aggregate not found
2026-05-08 02:19:01.894 8 INFO neutron.services.segments.plugin [-] Segment 654062a6-b546-46b8-8110-7fcb108d6caa resource provider not found; error: Placement Client Error (4xx): {"errors": [{"status": 404, "title": "Not Found", "detail": "The resource could not be found.\n\n No resource provider with uuid 654062a6-b546-46b8-8110-7fcb108d6caa found for delete ", "request_id": "req-1969d1b3-7afb-436f-8a7c-a0a18103f663"}]}
2026-05-08 02:19:01.895 8 INFO neutron.services.segments.plugin [-] Segment 654062a6-b546-46b8-8110-7fcb108d6caa resource provider not found; error: Placement Client Error (4xx): {"errors": [{"status": 404, "title": "Not Found", "detail": "The resource could not be found.\n\n No resource provider with uuid 654062a6-b546-46b8-8110-7fcb108d6caa found for delete ", "request_id": "req-83f567fb-f9db-4f8a-ab6f-f6097eaf03c6"}]} [pid: 7|app: 0|req: 1390/2587] 10.0.0.54 () {32 vars in 723 bytes} [Fri May 8 02:19:01 2026] DELETE /v2.0/routers/78dc48ff-37c6-414d-b951-633413bc6b0f => generated 0 bytes in 842 msecs (HTTP/1.1 204) 2 headers in 112 bytes (1 switches on core 0)
2026-05-08 02:19:01.983 7 WARNING neutron.api.v2.base [None req-1d6eb3e9-367f-40bb-b1af-2c8e5a6fca03 12f90be5d5594763a97dc0b80d9d9dab 0b82827f019244e2bd42e5a697b5510c - - default default] An exception happened while processing the request body. The exception message is [Invalid input for description. Reason: 'yyyyyyyyyyyyyyyyyyyyyyyyyyyyyyyyyyyyyyyyyyyyyyyyyyyyyyyyyyyyyyyyyyyyyyyyyyyyyyyyyyyyyyyyyyyyyyyyyyyyyyyyyyyyyyyyyyyyyyyyyyyyyyyyyyyyyyyyyyyyyyyyyyyyyyyyyyyyyyyyyyyyyyyyyyyyyyyyyyyyyyyyyyyyyyyyyyyyyyyyyyyyyyyyyyyyyyyyyyyyyyyyyyyyyyyyyyyyyyyyyyyyyyyyyyyyyyyy' exceeds maximum length of 255.].: webob.exc.HTTPBadRequest: Invalid input for description. Reason: 'yyyyyyyyyyyyyyyyyyyyyyyyyyyyyyyyyyyyyyyyyyyyyyyyyyyyyyyyyyyyyyyyyyyyyyyyyyyyyyyyyyyyyyyyyyyyyyyyyyyyyyyyyyyyyyyyyyyyyyyyyyyyyyyyyyyyyyyyyyyyyyyyyyyyyyyyyyyyyyyyyyyyyyyyyyyyyyyyyyyyyyyyyyyyyyyyyyyyyyyyyyyyyyyyyyyyyyyyyyyyyyyyyyyyyyyyyyyyyyyyyyyyyyyyyyyyyyyy' exceeds maximum length of 255.
2026-05-08 02:19:01.983 7 INFO neutron.api.v2.resource [None req-1d6eb3e9-367f-40bb-b1af-2c8e5a6fca03 12f90be5d5594763a97dc0b80d9d9dab 0b82827f019244e2bd42e5a697b5510c - - default default] create failed (client error): Invalid input for description. Reason: 'yyyyyyyyyyyyyyyyyyyyyyyyyyyyyyyyyyyyyyyyyyyyyyyyyyyyyyyyyyyyyyyyyyyyyyyyyyyyyyyyyyyyyyyyyyyyyyyyyyyyyyyyyyyyyyyyyyyyyyyyyyyyyyyyyyyyyyyyyyyyyyyyyyyyyyyyyyyyyyyyyyyyyyyyyyyyyyyyyyyyyyyyyyyyyyyyyyyyyyyyyyyyyyyyyyyyyyyyyyyyyyyyyyyyyyyyyyyyyyyyyyyyyyyyyyyyyyyy' exceeds maximum length of 255. [pid: 7|app: 0|req: 1391/2588] 10.0.0.54 () {34 vars in 684 bytes} [Fri May 8 02:19:01 2026] POST /v2.0/vpn/vpnservices => generated 401 bytes in 7 msecs (HTTP/1.1 400) 4 headers in 166 bytes (1 switches on core 0)
2026-05-08 02:19:01.994 7 WARNING neutron.api.v2.base [None req-51380952-e750-4309-8568-1a7b7aab44f0 12f90be5d5594763a97dc0b80d9d9dab 0b82827f019244e2bd42e5a697b5510c - - default default] An exception happened while processing the request body. The exception message is [Invalid input for name. Reason: 'xxxxxxxxxxxxxxxxxxxxxxxxxxxxxxxxxxxxxxxxxxxxxxxxxxxxxxxxxxxxxxxxxxxxxxxxxxxxxxxxxxxxxxxxxxxxxxxxxxxxxxxxxxxxxxxxxxxxxxxxxxxxxxxxxxxxxxxxxxxxxxxxxxxxxxxxxxxxxxxxxxxxxxxxxxxxxxxxxxxxxxxxxxxxxxxxxxxxxxxxxxxxxxxxxxxxxxxxxxxxxxxxxxxxxxxxxxxxxxxxxxxxxxxxxxxxxxxx' exceeds maximum length of 255.].: webob.exc.HTTPBadRequest: Invalid input for name. Reason: 'xxxxxxxxxxxxxxxxxxxxxxxxxxxxxxxxxxxxxxxxxxxxxxxxxxxxxxxxxxxxxxxxxxxxxxxxxxxxxxxxxxxxxxxxxxxxxxxxxxxxxxxxxxxxxxxxxxxxxxxxxxxxxxxxxxxxxxxxxxxxxxxxxxxxxxxxxxxxxxxxxxxxxxxxxxxxxxxxxxxxxxxxxxxxxxxxxxxxxxxxxxxxxxxxxxxxxxxxxxxxxxxxxxxxxxxxxxxxxxxxxxxxxxxxxxxxxxxx' exceeds maximum length of 255.
2026-05-08 02:19:01.995 7 INFO neutron.api.v2.resource [None req-51380952-e750-4309-8568-1a7b7aab44f0 12f90be5d5594763a97dc0b80d9d9dab 0b82827f019244e2bd42e5a697b5510c - - default default] create failed (client error): Invalid input for name. Reason: 'xxxxxxxxxxxxxxxxxxxxxxxxxxxxxxxxxxxxxxxxxxxxxxxxxxxxxxxxxxxxxxxxxxxxxxxxxxxxxxxxxxxxxxxxxxxxxxxxxxxxxxxxxxxxxxxxxxxxxxxxxxxxxxxxxxxxxxxxxxxxxxxxxxxxxxxxxxxxxxxxxxxxxxxxxxxxxxxxxxxxxxxxxxxxxxxxxxxxxxxxxxxxxxxxxxxxxxxxxxxxxxxxxxxxxxxxxxxxxxxxxxxxxxxxxxxxxxxx' exceeds maximum length of 255. [pid: 7|app: 0|req: 1392/2589] 10.0.0.54 () {34 vars in 684 bytes} [Fri May 8 02:19:01 2026] POST /v2.0/vpn/vpnservices => generated 394 bytes in 6 msecs (HTTP/1.1 400) 4 headers in 166 bytes (1 switches on core 0) [pid: 8|app: 0|req: 1198/2590] 10.0.0.54 () {32 vars in 725 bytes} [Fri May 8 02:19:01 2026] DELETE /v2.0/networks/f86e379b-6be6-4864-bbec-6c461ae3179b => generated 0 bytes in 558 msecs (HTTP/1.1 204) 3 headers in 131 bytes (1 switches on core 0)
2026-05-08 02:19:02.088 7 INFO neutron.api.v2.resource [None req-00938444-f961-489c-b9b0-ea6472903083 12f90be5d5594763a97dc0b80d9d9dab 0b82827f019244e2bd42e5a697b5510c - - default default] create failed (client error): The server could not comply with the request since it is either malformed or otherwise incorrect. [pid: 7|app: 0|req: 1393/2591] 10.0.0.54 () {34 vars in 692 bytes} [Fri May 8 02:19:02 2026] POST /v2.0/vpn/endpoint-groups => generated 183 bytes in 89 msecs (HTTP/1.1 400) 4 headers in 166 bytes (1 switches on core 0)
2026-05-08 02:19:02.129 8 INFO neutron_taas.services.taas.taas_plugin [None req-32192d30-ff0e-44bf-96e2-77d5bb1bedba 23fd863c063c4efd8ed7c4d2c31871f6 f6e3768e47ca43399ab3fa8a2d0e712b - - default default] TaaS: Handle Delete Port: d393076f-2bd5-4fc0-9eed-6cae7e7bb2bb
2026-05-08 02:19:02.132 8 INFO neutron_taas.services.taas.tap_mirror_plugin [None req-32192d30-ff0e-44bf-96e2-77d5bb1bedba 23fd863c063c4efd8ed7c4d2c31871f6 f6e3768e47ca43399ab3fa8a2d0e712b - - default default] Tap Mirror: Handle Delete Port: d393076f-2bd5-4fc0-9eed-6cae7e7bb2bb
2026-05-08 02:19:02.135 7 INFO neutron.api.v2.resource [None req-4df069b2-6f6f-4ce4-ab89-09ece89a3069 12f90be5d5594763a97dc0b80d9d9dab 0b82827f019244e2bd42e5a697b5510c - - default default] create failed (client error): The server could not comply with the request since it is either malformed or otherwise incorrect. [pid: 7|app: 0|req: 1394/2592] 10.0.0.54 () {34 vars in 692 bytes} [Fri May 8 02:19:02 2026] POST /v2.0/vpn/endpoint-groups => generated 160 bytes in 39 msecs (HTTP/1.1 400) 4 headers in 166 bytes (1 switches on core 0)
2026-05-08 02:19:02.193 7 INFO neutron.api.v2.resource [None req-62315340-7146-4b23-aa65-1f35c5b130b0 12f90be5d5594763a97dc0b80d9d9dab 0b82827f019244e2bd42e5a697b5510c - - default default] create failed (client error): The server could not comply with the request since it is either malformed or otherwise incorrect. [pid: 7|app: 0|req: 1395/2593] 10.0.0.54 () {34 vars in 692 bytes} [Fri May 8 02:19:02 2026] POST /v2.0/vpn/endpoint-groups => generated 154 bytes in 53 msecs (HTTP/1.1 400) 4 headers in 166 bytes (1 switches on core 0) [pid: 7|app: 0|req: 1396/2594] 10.0.0.54 () {32 vars in 662 bytes} [Fri May 8 02:19:02 2026] GET /v2.0/vpn/ikepolicies => generated 407 bytes in 10 msecs (HTTP/1.1 200) 4 headers in 157 bytes (1 switches on core 0) [pid: 7|app: 0|req: 1397/2595] 10.0.0.54 () {32 vars in 666 bytes} [Fri May 8 02:19:02 2026] GET /v2.0/vpn/ipsecpolicies => generated 416 bytes in 20 msecs (HTTP/1.1 200) 4 headers in 157 bytes (1 switches on core 0) [pid: 7|app: 0|req: 1398/2596] 10.0.0.54 () {32 vars in 684 bytes} [Fri May 8 02:19:02 2026] GET /v2.0/vpn/ipsec-site-connections => generated 795 bytes in 19 msecs (HTTP/1.1 200) 4 headers in 157 bytes (1 switches on core 0) [pid: 7|app: 0|req: 1399/2597] 10.0.0.54 () {32 vars in 662 bytes} [Fri May 8 02:19:02 2026] GET /v2.0/vpn/vpnservices => generated 860 bytes in 12 msecs (HTTP/1.1 200) 4 headers in 157 bytes (1 switches on core 0) [pid: 7|app: 0|req: 1400/2598] 10.0.0.54 () {32 vars in 744 bytes} [Fri May 8 02:19:02 2026] GET /v2.0/vpn/endpoint-groups/f25fd543-0464-4232-8514-2a8cd211fef2 => generated 328 bytes in 10 msecs (HTTP/1.1 200) 4 headers in 157 bytes (1 switches on core 0) [pid: 7|app: 0|req: 1401/2599] 10.0.0.54 () {32 vars in 744 bytes} [Fri May 8 02:19:02 2026] GET /v2.0/vpn/endpoint-groups/de9fb9a0-449d-4384-85ce-de5e956a1420 => generated 319 bytes in 10 msecs (HTTP/1.1 200) 4 headers in 157 bytes (1 switches on core 0) [pid: 7|app: 0|req: 1402/2600] 10.0.0.54 () {32 vars in 736 bytes} [Fri May 8 02:19:02 2026] GET /v2.0/vpn/ikepolicies/b3af8bc4-511a-4e39-98c1-e2795ef29fdf => generated 403 bytes in 10 msecs (HTTP/1.1 200) 4 headers in 157 bytes (1 switches on core 0) [pid: 7|app: 0|req: 1403/2601] 10.0.0.54 () {32 vars in 740 bytes} [Fri May 8 02:19:02 2026] GET /v2.0/vpn/ipsecpolicies/3ba9744d-8e15-4db6-9b73-583c670befa6 => generated 412 bytes in 8 msecs (HTTP/1.1 200) 4 headers in 157 bytes (1 switches on core 0) [pid: 7|app: 0|req: 1404/2602] 10.0.0.54 () {32 vars in 736 bytes} [Fri May 8 02:19:02 2026] GET /v2.0/vpn/vpnservices/848d94fa-3837-4d13-bc26-7c3a12c9aba7 => generated 450 bytes in 11 msecs (HTTP/1.1 200) 4 headers in 157 bytes (1 switches on core 0) [pid: 8|app: 0|req: 1199/2603] 10.0.0.54 () {32 vars in 725 bytes} [Fri May 8 02:19:02 2026] DELETE /v2.0/networks/0a35d4a6-816c-4aae-98bc-c19968efbd7c => generated 0 bytes in 475 msecs (HTTP/1.1 204) 3 headers in 131 bytes (1 switches on core 0)
2026-05-08 02:19:02.610 8 INFO neutron_taas.services.taas.taas_plugin [None req-62b059db-ef7e-41fd-b6df-f752b76c3cff 23fd863c063c4efd8ed7c4d2c31871f6 f6e3768e47ca43399ab3fa8a2d0e712b - - default default] TaaS: Handle Delete Port: f0f9758d-e6e2-4bae-8a54-3e3a3ed8b04b
2026-05-08 02:19:02.612 8 INFO neutron_taas.services.taas.tap_mirror_plugin [None req-62b059db-ef7e-41fd-b6df-f752b76c3cff 23fd863c063c4efd8ed7c4d2c31871f6 f6e3768e47ca43399ab3fa8a2d0e712b - - default default] Tap Mirror: Handle Delete Port: f0f9758d-e6e2-4bae-8a54-3e3a3ed8b04b
2026-05-08 02:19:02.972 7 INFO neutron.db.ovn_revision_numbers_db [None req-f7259e0c-01c2-4cb7-a7e0-f7a734695e8d 12f90be5d5594763a97dc0b80d9d9dab 0b82827f019244e2bd42e5a697b5510c - - default default] Successfully bumped revision number for resource 63c831d5-4372-4236-8d82-fce6f8271597 (type: routers) to 10 [pid: 8|app: 0|req: 1200/2604] 10.0.0.54 () {32 vars in 725 bytes} [Fri May 8 02:19:02 2026] DELETE /v2.0/networks/5cb8a614-90cc-4a28-abfc-d1a237e46746 => generated 0 bytes in 471 msecs (HTTP/1.1 204) 3 headers in 131 bytes (1 switches on core 0) [pid: 7|app: 0|req: 1405/2605] 10.0.0.54 () {32 vars in 761 bytes} [Fri May 8 02:19:02 2026] DELETE /v2.0/vpn/ipsec-site-connections/4abf5a87-aee6-4f05-a1e5-bba85901da4a => generated 0 bytes in 688 msecs (HTTP/1.1 204) 2 headers in 112 bytes (1 switches on core 0)
2026-05-08 02:19:03.092 8 INFO neutron_taas.services.taas.taas_plugin [None req-7ca1e7a0-1b5e-43f9-a64a-2c275e8be603 23fd863c063c4efd8ed7c4d2c31871f6 f6e3768e47ca43399ab3fa8a2d0e712b - - default default] TaaS: Handle Delete Port: 6cbe518d-59fa-4e70-b393-74e3a910ecb1
2026-05-08 02:19:03.095 8 INFO neutron_taas.services.taas.tap_mirror_plugin [None req-7ca1e7a0-1b5e-43f9-a64a-2c275e8be603 23fd863c063c4efd8ed7c4d2c31871f6 f6e3768e47ca43399ab3fa8a2d0e712b - - default default] Tap Mirror: Handle Delete Port: 6cbe518d-59fa-4e70-b393-74e3a910ecb1 [pid: 8|app: 0|req: 1201/2606] 10.0.0.54 () {32 vars in 725 bytes} [Fri May 8 02:19:02 2026] DELETE /v2.0/networks/fc91eaad-4b77-4109-9697-0982d72a8b28 => generated 0 bytes in 408 msecs (HTTP/1.1 204) 3 headers in 131 bytes (1 switches on core 0) [pid: 8|app: 0|req: 1202/2607] 10.0.0.54 () {32 vars in 747 bytes} [Fri May 8 02:19:03 2026] DELETE /v2.0/vpn/endpoint-groups/f25fd543-0464-4232-8514-2a8cd211fef2 => generated 0 bytes in 33 msecs (HTTP/1.1 204) 2 headers in 112 bytes (1 switches on core 0)
