2026-05-08 02:16:02.585 8 INFO neutron.pecan_wsgi.hooks.translation [None req-e9e7e158-3485-478f-b6ba-8cf3faa39708 0f4a1eefdc454cf5bd06defadf52426c 6482545f6ac84c91ad53c6e44d83dc2b - - default default] DELETE failed (client error): The resource could not be found. [pid: 8|app: 0|req: 649/1414] 10.0.0.54 () {32 vars in 719 bytes} [Fri May 8 02:16:02 2026] DELETE /v2.0/ports/23b90b18-e68a-4bb7-be89-33b9a63e57f9 => generated 132 bytes in 25 msecs (HTTP/1.1 404) 4 headers in 164 bytes (1 switches on core 0)
2026-05-08 02:16:02.611 8 INFO neutron.pecan_wsgi.hooks.translation [None req-f4fda202-4e09-4ef0-b248-d506a8d67d41 0f4a1eefdc454cf5bd06defadf52426c 6482545f6ac84c91ad53c6e44d83dc2b - - default default] GET failed (client error): The resource could not be found. [pid: 8|app: 0|req: 650/1415] 10.0.0.54 () {32 vars in 716 bytes} [Fri May 8 02:16:02 2026] GET /v2.0/ports/23b90b18-e68a-4bb7-be89-33b9a63e57f9 => generated 132 bytes in 18 msecs (HTTP/1.1 404) 4 headers in 164 bytes (1 switches on core 0) [pid: 8|app: 0|req: 651/1416] 10.0.0.54 () {32 vars in 723 bytes} [Fri May 8 02:16:02 2026] DELETE /v2.0/subnets/6556b69b-3eae-48d9-8efe-ad60d76fdef0 => generated 0 bytes in 160 msecs (HTTP/1.1 204) 3 headers in 131 bytes (1 switches on core 0)
2026-05-08 02:16:02.885 8 INFO neutron_taas.services.taas.taas_plugin [None req-81de9e4d-9642-4384-a07d-a0b315761540 0f4a1eefdc454cf5bd06defadf52426c 6482545f6ac84c91ad53c6e44d83dc2b - - default default] TaaS: Handle Delete Port: c2a07181-a567-4eb3-a0eb-84ca579aef4c
2026-05-08 02:16:02.888 8 INFO neutron_taas.services.taas.tap_mirror_plugin [None req-81de9e4d-9642-4384-a07d-a0b315761540 0f4a1eefdc454cf5bd06defadf52426c 6482545f6ac84c91ad53c6e44d83dc2b - - default default] Tap Mirror: Handle Delete Port: c2a07181-a567-4eb3-a0eb-84ca579aef4c
2026-05-08 02:16:03.095 8 INFO neutron.services.segments.plugin [-] Segment d56195c6-8952-4982-994b-d49d13258896 resource provider aggregate not found
2026-05-08 02:16:03.098 8 INFO neutron.services.segments.plugin [-] Segment d56195c6-8952-4982-994b-d49d13258896 resource provider aggregate not found
2026-05-08 02:16:03.116 8 INFO neutron.services.segments.plugin [-] Segment d56195c6-8952-4982-994b-d49d13258896 resource provider not found; error: Placement Client Error (4xx): {"errors": [{"status": 404, "title": "Not Found", "detail": "The resource could not be found.\n\n No resource provider with uuid d56195c6-8952-4982-994b-d49d13258896 found for delete ", "request_id": "req-ad1992f8-4691-4204-a1c2-c0abe58dd959"}]}
2026-05-08 02:16:03.120 8 INFO neutron.services.segments.plugin [-] Segment d56195c6-8952-4982-994b-d49d13258896 resource provider not found; error: Placement Client Error (4xx): {"errors": [{"status": 404, "title": "Not Found", "detail": "The resource could not be found.\n\n No resource provider with uuid d56195c6-8952-4982-994b-d49d13258896 found for delete ", "request_id": "req-24dff392-6432-491d-b7b1-01f1dff53c7a"}]} [pid: 8|app: 0|req: 652/1417] 10.0.0.54 () {32 vars in 725 bytes} [Fri May 8 02:16:02 2026] DELETE /v2.0/networks/4cf0989c-4f81-40fa-b346-0f4aa7f929fb => generated 0 bytes in 381 msecs (HTTP/1.1 204) 3 headers in 131 bytes (1 switches on core 0)
2026-05-08 02:16:03.434 7 INFO neutron.db.ovn_revision_numbers_db [None req-006c9c4e-e00e-4762-b096-faa92060c868 - - - - - -] Successfully bumped revision number for resource 0b434938-8197-41fa-ab10-20530dd08e71 (type: ports) to 2
2026-05-08 02:16:03.485 7 INFO neutron.db.ovn_revision_numbers_db [None req-006c9c4e-e00e-4762-b096-faa92060c868 - - - - - -] Successfully bumped revision number for resource b6f47bf6-1ae6-436e-bb28-8819b982f56e (type: subnets) to 0
2026-05-08 02:16:03.506 8 INFO neutron.db.ovn_revision_numbers_db [None req-2b74e5c7-82ca-4f44-a4ad-c2bbc7f68776 94c6b113429140a88cab77b96a313f96 ee630cd1c0bf43b78583755957b8b257 - - default default] Successfully bumped revision number for resource c62e9c1d-c4a6-438f-9d7a-0e0349e6a79d (type: security_groups) to 1 [pid: 7|app: 0|req: 766/1418] 10.0.0.54 () {34 vars in 668 bytes} [Fri May 8 02:16:02 2026] POST /v2.0/subnets => generated 641 bytes in 1187 msecs (HTTP/1.1 201) 4 headers in 162 bytes (1 switches on core 0)
2026-05-08 02:16:03.522 8 INFO neutron.db.ovn_revision_numbers_db [None req-2b74e5c7-82ca-4f44-a4ad-c2bbc7f68776 94c6b113429140a88cab77b96a313f96 ee630cd1c0bf43b78583755957b8b257 - - default default] Successfully bumped revision number for resource 243dce09-0114-4a57-a99e-643a82ed169a (type: security_group_rules) to 0
2026-05-08 02:16:03.537 8 INFO neutron.db.ovn_revision_numbers_db [None req-2b74e5c7-82ca-4f44-a4ad-c2bbc7f68776 94c6b113429140a88cab77b96a313f96 ee630cd1c0bf43b78583755957b8b257 - - default default] Successfully bumped revision number for resource 7dc5e337-9eda-4c91-bbc0-20e1b0155410 (type: security_group_rules) to 0
2026-05-08 02:16:03.556 8 INFO neutron.db.ovn_revision_numbers_db [None req-2b74e5c7-82ca-4f44-a4ad-c2bbc7f68776 94c6b113429140a88cab77b96a313f96 ee630cd1c0bf43b78583755957b8b257 - - default default] Successfully bumped revision number for resource 7e61f99e-1e0b-4ba0-b96c-3145cf1e74fb (type: security_group_rules) to 0
2026-05-08 02:16:03.568 8 INFO neutron.db.ovn_revision_numbers_db [None req-2b74e5c7-82ca-4f44-a4ad-c2bbc7f68776 94c6b113429140a88cab77b96a313f96 ee630cd1c0bf43b78583755957b8b257 - - default default] Successfully bumped revision number for resource 8ae3b8e8-a6de-40c4-a62f-52d2b60f299f (type: security_group_rules) to 0
2026-05-08 02:16:03.612 7 INFO neutron.db.segments_db [None req-e8c5db61-9fc4-4a72-aea5-387d992a1f96 0f4a1eefdc454cf5bd06defadf52426c 6482545f6ac84c91ad53c6e44d83dc2b - - default default] Added segment 406e0946-d280-427e-8e9b-714dcc63e851 of type geneve for network b7694554-0fb0-4e4e-abcb-dd6d9a3c8870
2026-05-08 02:16:03.705 8 INFO neutron.db.ovn_revision_numbers_db [None req-2b74e5c7-82ca-4f44-a4ad-c2bbc7f68776 94c6b113429140a88cab77b96a313f96 ee630cd1c0bf43b78583755957b8b257 - - default default] Successfully bumped revision number for resource 6b35507e-2836-404b-8b16-c39bc0eedd9e (type: security_groups) to 1
2026-05-08 02:16:03.718 8 INFO neutron.db.ovn_revision_numbers_db [None req-2b74e5c7-82ca-4f44-a4ad-c2bbc7f68776 94c6b113429140a88cab77b96a313f96 ee630cd1c0bf43b78583755957b8b257 - - default default] Successfully bumped revision number for resource b43b390a-b0b1-4ae0-b9f7-5c3bd8b0a31a (type: security_group_rules) to 0
2026-05-08 02:16:03.739 8 INFO neutron.db.ovn_revision_numbers_db [None req-2b74e5c7-82ca-4f44-a4ad-c2bbc7f68776 94c6b113429140a88cab77b96a313f96 ee630cd1c0bf43b78583755957b8b257 - - default default] Successfully bumped revision number for resource caff0375-4c41-458a-8939-c0c1fabf73b6 (type: security_group_rules) to 0
2026-05-08 02:16:03.764 7 INFO neutron.db.ovn_revision_numbers_db [None req-e8c5db61-9fc4-4a72-aea5-387d992a1f96 0f4a1eefdc454cf5bd06defadf52426c 6482545f6ac84c91ad53c6e44d83dc2b - - default default] Successfully bumped revision number for resource b7694554-0fb0-4e4e-abcb-dd6d9a3c8870 (type: networks) to 1 [pid: 8|app: 0|req: 653/1419] 10.0.0.54 () {34 vars in 683 bytes} [Fri May 8 02:16:03 2026] POST /v2.0/security-groups => generated 1625 bytes in 619 msecs (HTTP/1.1 201) 4 headers in 163 bytes (1 switches on core 0)
2026-05-08 02:16:03.869 8 INFO neutron.db.segments_db [None req-f8eef4d0-7009-4f92-839a-71d7cb53491a 1bbc40886f4d45679c7dd76ede1c8fc7 94be90ac4a80405c8deacada26175f10 - - default default] Added segment 2a5f9481-abd8-4247-8c47-1955955ecbad of type geneve for network 838a0254-ed17-4951-b85e-9ad7401261fd
2026-05-08 02:16:03.922 7 WARNING neutron.scheduler.dhcp_agent_scheduler [None req-e8c5db61-9fc4-4a72-aea5-387d992a1f96 0f4a1eefdc454cf5bd06defadf52426c 6482545f6ac84c91ad53c6e44d83dc2b - - default default] No more DHCP agents
2026-05-08 02:16:03.924 7 WARNING neutron.api.rpc.agentnotifiers.dhcp_rpc_agent_api [None req-e8c5db61-9fc4-4a72-aea5-387d992a1f96 0f4a1eefdc454cf5bd06defadf52426c 6482545f6ac84c91ad53c6e44d83dc2b - - default default] Unable to schedule network b7694554-0fb0-4e4e-abcb-dd6d9a3c8870: no agents available; will retry on subsequent port and subnet creation events.
2026-05-08 02:16:03.998 8 INFO neutron.db.ovn_revision_numbers_db [None req-f8eef4d0-7009-4f92-839a-71d7cb53491a 1bbc40886f4d45679c7dd76ede1c8fc7 94be90ac4a80405c8deacada26175f10 - - default default] Successfully bumped revision number for resource 838a0254-ed17-4951-b85e-9ad7401261fd (type: networks) to 1
2026-05-08 02:16:04.037 8 INFO neutron.plugins.ml2.drivers.ovn.mech_driver.mech_driver [None req-3da30c3c-3dd7-4223-b186-d45c301cc790 - - - - - -] OVN reports status down for port: 238bd7b1-44a7-4d72-a1be-4b193d4e0d5b
2026-05-08 02:16:04.054 7 INFO neutron.db.ovn_revision_numbers_db [None req-e8c5db61-9fc4-4a72-aea5-387d992a1f96 0f4a1eefdc454cf5bd06defadf52426c 6482545f6ac84c91ad53c6e44d83dc2b - - default default] Successfully bumped revision number for resource 238bd7b1-44a7-4d72-a1be-4b193d4e0d5b (type: ports) to 1 [pid: 7|app: 0|req: 767/1420] 10.0.0.54 () {34 vars in 669 bytes} [Fri May 8 02:16:03 2026] POST /v2.0/networks => generated 651 bytes in 567 msecs (HTTP/1.1 201) 4 headers in 162 bytes (1 switches on core 0) [pid: 7|app: 0|req: 770/1423] 10.0.0.54 () {32 vars in 662 bytes} [Fri May 8 02:16:04 2026] GET /v2.0/security-groups => generated 4530 bytes in 44 msecs (HTTP/1.1 200) 4 headers in 158 bytes (1 switches on core 0)
2026-05-08 02:16:04.224 8 WARNING neutron.scheduler.dhcp_agent_scheduler [None req-f8eef4d0-7009-4f92-839a-71d7cb53491a 1bbc40886f4d45679c7dd76ede1c8fc7 94be90ac4a80405c8deacada26175f10 - - default default] No more DHCP agents
2026-05-08 02:16:04.225 8 WARNING neutron.api.rpc.agentnotifiers.dhcp_rpc_agent_api [None req-f8eef4d0-7009-4f92-839a-71d7cb53491a 1bbc40886f4d45679c7dd76ede1c8fc7 94be90ac4a80405c8deacada26175f10 - - default default] Unable to schedule network 838a0254-ed17-4951-b85e-9ad7401261fd: no agents available; will retry on subsequent port and subnet creation events.
2026-05-08 02:16:04.297 8 INFO neutron.plugins.ml2.drivers.ovn.mech_driver.mech_driver [None req-3da30c3c-3dd7-4223-b186-d45c301cc790 - - - - - -] OVN reports status down for port: 42359590-7dac-447f-bc1b-6b73be860426
2026-05-08 02:16:04.326 7 WARNING neutron.scheduler.dhcp_agent_scheduler [None req-68cd2857-03ea-4d48-beaf-45b88e5d997d 0f4a1eefdc454cf5bd06defadf52426c 6482545f6ac84c91ad53c6e44d83dc2b - - default default] No more DHCP agents
2026-05-08 02:16:04.328 7 WARNING neutron.api.rpc.agentnotifiers.dhcp_rpc_agent_api [None req-68cd2857-03ea-4d48-beaf-45b88e5d997d 0f4a1eefdc454cf5bd06defadf52426c 6482545f6ac84c91ad53c6e44d83dc2b - - default default] Unable to schedule network b7694554-0fb0-4e4e-abcb-dd6d9a3c8870: no agents available; will retry on subsequent port and subnet creation events.
2026-05-08 02:16:04.360 8 INFO neutron.db.ovn_revision_numbers_db [None req-f8eef4d0-7009-4f92-839a-71d7cb53491a 1bbc40886f4d45679c7dd76ede1c8fc7 94be90ac4a80405c8deacada26175f10 - - default default] Successfully bumped revision number for resource 42359590-7dac-447f-bc1b-6b73be860426 (type: ports) to 1 [pid: 8|app: 0|req: 654/1424] 10.0.0.54 () {34 vars in 669 bytes} [Fri May 8 02:16:03 2026] POST /v2.0/networks => generated 663 bytes in 616 msecs (HTTP/1.1 201) 4 headers in 162 bytes (1 switches on core 0)
2026-05-08 02:16:04.467 8 INFO neutron.db.ovn_revision_numbers_db [None req-f5a55379-62ae-4001-a6c5-3dbf16b83c84 94c6b113429140a88cab77b96a313f96 ee630cd1c0bf43b78583755957b8b257 - - default default] Successfully bumped revision number for resource 6b35507e-2836-404b-8b16-c39bc0eedd9e (type: security_groups) to 2 [pid: 8|app: 0|req: 655/1425] 10.0.0.54 () {34 vars in 757 bytes} [Fri May 8 02:16:04 2026] PUT /v2.0/security-groups/6b35507e-2836-404b-8b16-c39bc0eedd9e => generated 1663 bytes in 86 msecs (HTTP/1.1 200) 4 headers in 158 bytes (1 switches on core 0)
2026-05-08 02:16:04.642 8 INFO neutron.db.ovn_revision_numbers_db [None req-2046d702-51d8-48bb-8176-269fe3fe2a9b 1bbc40886f4d45679c7dd76ede1c8fc7 94be90ac4a80405c8deacada26175f10 - - default default] Successfully bumped revision number for resource 838a0254-ed17-4951-b85e-9ad7401261fd (type: networks) to 2 [pid: 8|app: 0|req: 656/1426] 10.0.0.54 () {34 vars in 742 bytes} [Fri May 8 02:16:04 2026] PUT /v2.0/networks/838a0254-ed17-4951-b85e-9ad7401261fd => generated 636 bytes in 164 msecs (HTTP/1.1 200) 4 headers in 157 bytes (1 switches on core 0) [pid: 8|app: 0|req: 657/1427] 10.0.0.54 () {32 vars in 736 bytes} [Fri May 8 02:16:04 2026] GET /v2.0/security-groups/6b35507e-2836-404b-8b16-c39bc0eedd9e => generated 1663 bytes in 23 msecs (HTTP/1.1 200) 4 headers in 158 bytes (1 switches on core 0)
2026-05-08 02:16:04.755 7 INFO neutron.db.ovn_revision_numbers_db [None req-744fb0b2-69b3-49e4-a6b6-db6c07c53733 - - - - - -] Successfully bumped revision number for resource 238bd7b1-44a7-4d72-a1be-4b193d4e0d5b (type: ports) to 2
2026-05-08 02:16:04.783 7 INFO neutron.db.ovn_revision_numbers_db [None req-744fb0b2-69b3-49e4-a6b6-db6c07c53733 - - - - - -] Successfully bumped revision number for resource 5d7996a4-0fe4-45fb-97a7-3824508c16da (type: subnets) to 0 [pid: 7|app: 0|req: 771/1428] 10.0.0.54 () {34 vars in 668 bytes} [Fri May 8 02:16:04 2026] POST /v2.0/subnets => generated 626 bytes in 674 msecs (HTTP/1.1 201) 4 headers in 162 bytes (1 switches on core 0)
2026-05-08 02:16:04.864 8 WARNING neutron.scheduler.dhcp_agent_scheduler [None req-a8e49436-6509-4c87-8b5d-8180ec798d48 1bbc40886f4d45679c7dd76ede1c8fc7 94be90ac4a80405c8deacada26175f10 - - default default] No more DHCP agents
2026-05-08 02:16:04.865 8 WARNING neutron.api.rpc.agentnotifiers.dhcp_rpc_agent_api [None req-a8e49436-6509-4c87-8b5d-8180ec798d48 1bbc40886f4d45679c7dd76ede1c8fc7 94be90ac4a80405c8deacada26175f10 - - default default] Unable to schedule network 838a0254-ed17-4951-b85e-9ad7401261fd: no agents available; will retry on subsequent port and subnet creation events. [pid: 7|app: 0|req: 772/1429] 10.0.0.54 () {32 vars in 739 bytes} [Fri May 8 02:16:04 2026] DELETE /v2.0/security-groups/6b35507e-2836-404b-8b16-c39bc0eedd9e => generated 0 bytes in 132 msecs (HTTP/1.1 204) 2 headers in 112 bytes (1 switches on core 0)
2026-05-08 02:16:05.161 7 WARNING neutron.scheduler.dhcp_agent_scheduler [None req-56c0142d-301e-44ca-bc66-8f4f01e78f8b 0f4a1eefdc454cf5bd06defadf52426c 6482545f6ac84c91ad53c6e44d83dc2b - - default default] No more DHCP agents
2026-05-08 02:16:05.163 7 WARNING neutron.api.rpc.agentnotifiers.dhcp_rpc_agent_api [None req-56c0142d-301e-44ca-bc66-8f4f01e78f8b 0f4a1eefdc454cf5bd06defadf52426c 6482545f6ac84c91ad53c6e44d83dc2b - - default default] Unable to schedule network b7694554-0fb0-4e4e-abcb-dd6d9a3c8870: no agents available; will retry on subsequent port and subnet creation events.
2026-05-08 02:16:05.309 8 INFO neutron.plugins.ml2.drivers.ovn.mech_driver.mech_driver [None req-3da30c3c-3dd7-4223-b186-d45c301cc790 - - - - - -] OVN reports status down for port: ead73177-f872-4ee3-822a-3e9884f78e3b
2026-05-08 02:16:05.330 7 INFO neutron.db.ovn_revision_numbers_db [None req-56c0142d-301e-44ca-bc66-8f4f01e78f8b 0f4a1eefdc454cf5bd06defadf52426c 6482545f6ac84c91ad53c6e44d83dc2b - - default default] Successfully bumped revision number for resource ead73177-f872-4ee3-822a-3e9884f78e3b (type: ports) to 1 [pid: 7|app: 0|req: 773/1430] 10.0.0.54 () {34 vars in 664 bytes} [Fri May 8 02:16:04 2026] POST /v2.0/ports => generated 915 bytes in 431 msecs (HTTP/1.1 201) 4 headers in 162 bytes (1 switches on core 0) [pid: 7|app: 0|req: 774/1431] 10.0.0.54 () {32 vars in 662 bytes} [Fri May 8 02:16:05 2026] GET /v2.0/security-groups => generated 2925 bytes in 35 msecs (HTTP/1.1 200) 4 headers in 158 bytes (1 switches on core 0)
2026-05-08 02:16:05.448 8 INFO neutron.db.ovn_revision_numbers_db [None req-3c4a97eb-58d9-4b0d-b11d-ccc87c48d64f - - - - - -] Successfully bumped revision number for resource 42359590-7dac-447f-bc1b-6b73be860426 (type: ports) to 2
2026-05-08 02:16:05.490 8 INFO neutron.db.ovn_revision_numbers_db [None req-3c4a97eb-58d9-4b0d-b11d-ccc87c48d64f - - - - - -] Successfully bumped revision number for resource 1bffe53e-70ae-43fb-b832-a07b130c09a7 (type: subnets) to 0 [pid: 8|app: 0|req: 658/1432] 10.0.0.54 () {34 vars in 668 bytes} [Fri May 8 02:16:04 2026] POST /v2.0/subnets => generated 626 bytes in 834 msecs (HTTP/1.1 201) 4 headers in 162 bytes (1 switches on core 0)
2026-05-08 02:16:05.521 8 INFO neutron.api.v2.resource [None req-b6cd14ee-1cb3-4163-9ccb-a8fe1100501b 94c6b113429140a88cab77b96a313f96 ee630cd1c0bf43b78583755957b8b257 - - default default] delete failed (client error): The resource could not be found. [pid: 8|app: 0|req: 659/1433] 10.0.0.54 () {32 vars in 739 bytes} [Fri May 8 02:16:05 2026] DELETE /v2.0/security-groups/6b35507e-2836-404b-8b16-c39bc0eedd9e => generated 146 bytes in 13 msecs (HTTP/1.1 404) 4 headers in 164 bytes (1 switches on core 0)
2026-05-08 02:16:05.539 7 INFO neutron_taas.services.taas.taas_plugin [None req-9671a345-8f19-4b95-a219-0f84d3cb97e6 0f4a1eefdc454cf5bd06defadf52426c 6482545f6ac84c91ad53c6e44d83dc2b - - default default] TaaS: Handle Delete Port: ead73177-f872-4ee3-822a-3e9884f78e3b
2026-05-08 02:16:05.542 7 INFO neutron_taas.services.taas.tap_mirror_plugin [None req-9671a345-8f19-4b95-a219-0f84d3cb97e6 0f4a1eefdc454cf5bd06defadf52426c 6482545f6ac84c91ad53c6e44d83dc2b - - default default] Tap Mirror: Handle Delete Port: ead73177-f872-4ee3-822a-3e9884f78e3b [pid: 7|app: 0|req: 775/1434] 10.0.0.54 () {32 vars in 719 bytes} [Fri May 8 02:16:05 2026] DELETE /v2.0/ports/ead73177-f872-4ee3-822a-3e9884f78e3b => generated 0 bytes in 321 msecs (HTTP/1.1 204) 3 headers in 131 bytes (1 switches on core 0)
2026-05-08 02:16:05.819 8 INFO neutron.db.ovn_revision_numbers_db [None req-cf86c500-ad87-462a-9dfd-e283784d4f96 1bbc40886f4d45679c7dd76ede1c8fc7 94be90ac4a80405c8deacada26175f10 - - default default] Successfully bumped revision number for resource 1bffe53e-70ae-43fb-b832-a07b130c09a7 (type: subnets) to 1 [pid: 8|app: 0|req: 660/1435] 10.0.0.54 () {34 vars in 740 bytes} [Fri May 8 02:16:05 2026] PUT /v2.0/subnets/1bffe53e-70ae-43fb-b832-a07b130c09a7 => generated 636 bytes in 302 msecs (HTTP/1.1 200) 4 headers in 157 bytes (1 switches on core 0)
2026-05-08 02:16:05.841 8 INFO neutron.pecan_wsgi.hooks.translation [None req-5b8615d0-d63f-4fec-ba28-b8d350150ef2 0f4a1eefdc454cf5bd06defadf52426c 6482545f6ac84c91ad53c6e44d83dc2b - - default default] GET failed (client error): The resource could not be found. [pid: 8|app: 0|req: 661/1436] 10.0.0.54 () {32 vars in 716 bytes} [Fri May 8 02:16:05 2026] GET /v2.0/ports/ead73177-f872-4ee3-822a-3e9884f78e3b => generated 132 bytes in 16 msecs (HTTP/1.1 404) 4 headers in 164 bytes (1 switches on core 0)
2026-05-08 02:16:05.856 7 INFO neutron.db.ovn_revision_numbers_db [None req-9ae87418-e4f8-4e2a-8fa4-1c6eeeae72d6 94c6b113429140a88cab77b96a313f96 ee630cd1c0bf43b78583755957b8b257 - - default default] Successfully bumped revision number for resource 248580d5-0deb-462d-b966-d371a84d6f61 (type: security_groups) to 1
2026-05-08 02:16:05.870 7 INFO neutron.db.ovn_revision_numbers_db [None req-9ae87418-e4f8-4e2a-8fa4-1c6eeeae72d6 94c6b113429140a88cab77b96a313f96 ee630cd1c0bf43b78583755957b8b257 - - default default] Successfully bumped revision number for resource d5622a91-f317-4890-a29c-e6bac23d70d0 (type: security_group_rules) to 0
2026-05-08 02:16:05.880 7 INFO neutron.db.ovn_revision_numbers_db [None req-9ae87418-e4f8-4e2a-8fa4-1c6eeeae72d6 94c6b113429140a88cab77b96a313f96 ee630cd1c0bf43b78583755957b8b257 - - default default] Successfully bumped revision number for resource f602c424-0c1e-4cb6-a789-06c5a7ec96c1 (type: security_group_rules) to 0 [pid: 7|app: 0|req: 776/1437] 10.0.0.54 () {34 vars in 683 bytes} [Fri May 8 02:16:05 2026] POST /v2.0/security-groups => generated 1624 bytes in 193 msecs (HTTP/1.1 201) 4 headers in 163 bytes (1 switches on core 0)
2026-05-08 02:16:06.000 8 INFO neutron_taas.services.taas.taas_plugin [None req-f2b3cf08-ad46-4950-83d5-c1ae8e5835df 1bbc40886f4d45679c7dd76ede1c8fc7 94be90ac4a80405c8deacada26175f10 - - default default] TaaS: Handle Delete Port: 42359590-7dac-447f-bc1b-6b73be860426
2026-05-08 02:16:06.003 8 INFO neutron_taas.services.taas.tap_mirror_plugin [None req-f2b3cf08-ad46-4950-83d5-c1ae8e5835df 1bbc40886f4d45679c7dd76ede1c8fc7 94be90ac4a80405c8deacada26175f10 - - default default] Tap Mirror: Handle Delete Port: 42359590-7dac-447f-bc1b-6b73be860426 [pid: 7|app: 0|req: 777/1438] 10.0.0.54 () {32 vars in 723 bytes} [Fri May 8 02:16:05 2026] DELETE /v2.0/subnets/5d7996a4-0fe4-45fb-97a7-3824508c16da => generated 0 bytes in 178 msecs (HTTP/1.1 204) 3 headers in 131 bytes (1 switches on core 0)
2026-05-08 02:16:06.267 7 INFO neutron.db.ovn_revision_numbers_db [None req-c23aba27-147f-44bb-ad06-df3e1274d6cb 94c6b113429140a88cab77b96a313f96 ee630cd1c0bf43b78583755957b8b257 - - default default] Successfully bumped revision number for resource 9c081b52-ad4c-4243-950f-098ee97e5db9 (type: security_group_rules) to 0 [pid: 7|app: 0|req: 778/1439] 10.0.0.54 () {34 vars in 694 bytes} [Fri May 8 02:16:06 2026] POST /v2.0/security-group-rules => generated 601 bytes in 208 msecs (HTTP/1.1 201) 4 headers in 162 bytes (1 switches on core 0)
2026-05-08 02:16:06.360 8 INFO neutron.services.segments.plugin [-] Segment 2a5f9481-abd8-4247-8c47-1955955ecbad resource provider aggregate not found
2026-05-08 02:16:06.363 8 INFO neutron.services.segments.plugin [-] Segment 2a5f9481-abd8-4247-8c47-1955955ecbad resource provider aggregate not found
2026-05-08 02:16:06.376 8 INFO neutron.services.segments.plugin [-] Segment 2a5f9481-abd8-4247-8c47-1955955ecbad resource provider not found; error: Placement Client Error (4xx): {"errors": [{"status": 404, "title": "Not Found", "detail": "The resource could not be found.\n\n No resource provider with uuid 2a5f9481-abd8-4247-8c47-1955955ecbad found for delete ", "request_id": "req-ef1796da-603a-45f2-94a2-63fed098920e"}]}
2026-05-08 02:16:06.384 8 INFO neutron.services.segments.plugin [-] Segment 2a5f9481-abd8-4247-8c47-1955955ecbad resource provider not found; error: Placement Client Error (4xx): {"errors": [{"status": 404, "title": "Not Found", "detail": "The resource could not be found.\n\n No resource provider with uuid 2a5f9481-abd8-4247-8c47-1955955ecbad found for delete ", "request_id": "req-6bcd2e2b-5893-4be7-9cec-2e84ee07e74f"}]} [pid: 8|app: 0|req: 662/1440] 10.0.0.54 () {32 vars in 725 bytes} [Fri May 8 02:16:05 2026] DELETE /v2.0/networks/838a0254-ed17-4951-b85e-9ad7401261fd => generated 0 bytes in 596 msecs (HTTP/1.1 204) 3 headers in 131 bytes (1 switches on core 0)
2026-05-08 02:16:06.456 7 INFO neutron_taas.services.taas.taas_plugin [None req-72bf0d1c-d45d-4085-a85a-d0cab55956d2 0f4a1eefdc454cf5bd06defadf52426c 6482545f6ac84c91ad53c6e44d83dc2b - - default default] TaaS: Handle Delete Port: 238bd7b1-44a7-4d72-a1be-4b193d4e0d5b
2026-05-08 02:16:06.458 7 INFO neutron_taas.services.taas.tap_mirror_plugin [None req-72bf0d1c-d45d-4085-a85a-d0cab55956d2 0f4a1eefdc454cf5bd06defadf52426c 6482545f6ac84c91ad53c6e44d83dc2b - - default default] Tap Mirror: Handle Delete Port: 238bd7b1-44a7-4d72-a1be-4b193d4e0d5b [pid: 8|app: 0|req: 663/1441] 10.0.0.54 () {32 vars in 746 bytes} [Fri May 8 02:16:06 2026] GET /v2.0/security-group-rules/9c081b52-ad4c-4243-950f-098ee97e5db9 => generated 601 bytes in 19 msecs (HTTP/1.1 200) 4 headers in 157 bytes (1 switches on core 0)
2026-05-08 02:16:06.472 8 INFO neutron.pecan_wsgi.hooks.translation [None req-ce960dc8-6e26-4f25-9c7f-ed271dea9b63 1bbc40886f4d45679c7dd76ede1c8fc7 94be90ac4a80405c8deacada26175f10 - - default default] DELETE failed (client error): The resource could not be found. [pid: 8|app: 0|req: 664/1442] 10.0.0.54 () {32 vars in 725 bytes} [Fri May 8 02:16:06 2026] DELETE /v2.0/networks/838a0254-ed17-4951-b85e-9ad7401261fd => generated 138 bytes in 15 msecs (HTTP/1.1 404) 4 headers in 164 bytes (1 switches on core 0) [pid: 8|app: 0|req: 665/1443] 10.0.0.54 () {32 vars in 672 bytes} [Fri May 8 02:16:06 2026] GET /v2.0/security-group-rules => generated 4138 bytes in 123 msecs (HTTP/1.1 200) 4 headers in 158 bytes (1 switches on core 0) [pid: 8|app: 0|req: 666/1444] 10.0.0.54 () {32 vars in 693 bytes} [Fri May 8 02:16:06 2026] GET /v2.0/networks?router%3Aexternal=True => generated 689 bytes in 51 msecs (HTTP/1.1 200) 4 headers in 157 bytes (1 switches on core 0)
2026-05-08 02:16:06.654 7 INFO neutron.services.segments.plugin [-] Segment 406e0946-d280-427e-8e9b-714dcc63e851 resource provider aggregate not found
2026-05-08 02:16:06.660 7 INFO neutron.services.segments.plugin [-] Segment 406e0946-d280-427e-8e9b-714dcc63e851 resource provider aggregate not found
2026-05-08 02:16:06.676 7 INFO neutron.services.segments.plugin [-] Segment 406e0946-d280-427e-8e9b-714dcc63e851 resource provider not found; error: Placement Client Error (4xx): {"errors": [{"status": 404, "title": "Not Found", "detail": "The resource could not be found.\n\n No resource provider with uuid 406e0946-d280-427e-8e9b-714dcc63e851 found for delete ", "request_id": "req-20b04341-3901-435e-bf76-6c9b0bf1961e"}]}
2026-05-08 02:16:06.678 7 INFO neutron.services.segments.plugin [-] Segment 406e0946-d280-427e-8e9b-714dcc63e851 resource provider not found; error: Placement Client Error (4xx): {"errors": [{"status": 404, "title": "Not Found", "detail": "The resource could not be found.\n\n No resource provider with uuid 406e0946-d280-427e-8e9b-714dcc63e851 found for delete ", "request_id": "req-c9111ebe-0630-4b86-ac65-e993a08b8cef"}]} [pid: 7|app: 0|req: 779/1445] 10.0.0.54 () {32 vars in 725 bytes} [Fri May 8 02:16:06 2026] DELETE /v2.0/networks/b7694554-0fb0-4e4e-abcb-dd6d9a3c8870 => generated 0 bytes in 419 msecs (HTTP/1.1 204) 3 headers in 131 bytes (1 switches on core 0) [pid: 8|app: 0|req: 667/1446] 10.0.0.54 () {32 vars in 749 bytes} [Fri May 8 02:16:06 2026] DELETE /v2.0/security-group-rules/9c081b52-ad4c-4243-950f-098ee97e5db9 => generated 0 bytes in 130 msecs (HTTP/1.1 204) 2 headers in 112 bytes (1 switches on core 0) [pid: 8|app: 0|req: 668/1447] 10.0.0.54 () {32 vars in 741 bytes} [Fri May 8 02:16:06 2026] GET /v2.0/subnets?network_id=3fe954c3-4c5d-4b9b-9783-90a7b9cc2d7d => generated 649 bytes in 36 msecs (HTTP/1.1 200) 4 headers in 157 bytes (1 switches on core 0) [pid: 7|app: 0|req: 780/1448] 10.0.0.105 () {34 vars in 990 bytes} [Fri May 8 02:16:06 2026] GET /v2.0/ports?device_id=df687d75-e956-4166-b1d0-61f64dff3023 => generated 1213 bytes in 154 msecs (HTTP/1.1 200) 4 headers in 158 bytes (1 switches on core 0) [pid: 7|app: 0|req: 781/1449] 10.0.0.54 () {32 vars in 672 bytes} [Fri May 8 02:16:06 2026] GET /v2.0/security-group-rules => generated 3560 bytes in 85 msecs (HTTP/1.1 200) 4 headers in 158 bytes (1 switches on core 0) [pid: 7|app: 0|req: 782/1450] 10.0.0.54 () {32 vars in 652 bytes} [Fri May 8 02:16:06 2026] GET /v2.0/extensions => generated 20541 bytes in 4 msecs (HTTP/1.1 200) 4 headers in 159 bytes (1 switches on core 0) [pid: 7|app: 0|req: 783/1451] 10.0.0.105 () {34 vars in 1040 bytes} [Fri May 8 02:16:06 2026] GET /v2.0/security-groups?id=c1169aed-06b2-43ca-acc5-4f8cc0ef167e&fields=id&fields=name => generated 114 bytes in 33 msecs (HTTP/1.1 200) 4 headers in 157 bytes (1 switches on core 0)
2026-05-08 02:16:07.080 8 WARNING neutron.scheduler.dhcp_agent_scheduler [None req-f65642f8-c67d-4fca-b476-f5b7a513e5ba 0f4a1eefdc454cf5bd06defadf52426c 6482545f6ac84c91ad53c6e44d83dc2b - - default default] No more DHCP agents
2026-05-08 02:16:07.082 8 WARNING neutron.api.rpc.agentnotifiers.dhcp_rpc_agent_api [None req-f65642f8-c67d-4fca-b476-f5b7a513e5ba 0f4a1eefdc454cf5bd06defadf52426c 6482545f6ac84c91ad53c6e44d83dc2b - - default default] Unable to schedule network 064f50a4-75e3-483e-9e09-80e41d0a318b: no agents available; will retry on subsequent port and subnet creation events.
2026-05-08 02:16:07.129 7 INFO neutron.db.ovn_revision_numbers_db [None req-6e0dec79-29b6-41cf-9144-c60025a16c6d 94c6b113429140a88cab77b96a313f96 ee630cd1c0bf43b78583755957b8b257 - - default default] Successfully bumped revision number for resource 9095aec6-8fe1-4100-b06f-64812add2368 (type: security_group_rules) to 0
2026-05-08 02:16:07.174 8 INFO neutron.plugins.ml2.drivers.ovn.mech_driver.mech_driver [None req-3da30c3c-3dd7-4223-b186-d45c301cc790 - - - - - -] OVN reports status down for port: 9f6dec2a-f412-4ee4-b1e7-ed237233d4d8 [pid: 7|app: 0|req: 784/1452] 10.0.0.54 () {34 vars in 694 bytes} [Fri May 8 02:16:06 2026] POST /v2.0/security-group-rules => generated 601 bytes in 200 msecs (HTTP/1.1 201) 4 headers in 162 bytes (1 switches on core 0)
2026-05-08 02:16:07.255 8 INFO neutron.db.ovn_revision_numbers_db [None req-f65642f8-c67d-4fca-b476-f5b7a513e5ba 0f4a1eefdc454cf5bd06defadf52426c 6482545f6ac84c91ad53c6e44d83dc2b - - default default] Successfully bumped revision number for resource 9f6dec2a-f412-4ee4-b1e7-ed237233d4d8 (type: ports) to 1 [pid: 7|app: 0|req: 785/1453] 10.0.0.54 () {32 vars in 648 bytes} [Fri May 8 02:16:07 2026] GET /v2.0/networks => generated 1384 bytes in 72 msecs (HTTP/1.1 200) 4 headers in 158 bytes (1 switches on core 0) [pid: 7|app: 0|req: 786/1454] 10.0.0.54 () {32 vars in 746 bytes} [Fri May 8 02:16:07 2026] GET /v2.0/security-group-rules/9095aec6-8fe1-4100-b06f-64812add2368 => generated 601 bytes in 12 msecs (HTTP/1.1 200) 4 headers in 157 bytes (1 switches on core 0) [pid: 7|app: 0|req: 787/1455] 10.0.0.54 () {32 vars in 646 bytes} [Fri May 8 02:16:07 2026] GET /v2.0/subnets => generated 1280 bytes in 37 msecs (HTTP/1.1 200) 4 headers in 158 bytes (1 switches on core 0) [pid: 8|app: 0|req: 669/1456] 10.0.0.54 () {34 vars in 664 bytes} [Fri May 8 02:16:06 2026] POST /v2.0/ports => generated 773 bytes in 511 msecs (HTTP/1.1 201) 4 headers in 162 bytes (1 switches on core 0) /var/lib/openstack/lib/python3.12/site-packages/pycadf/identifier.py:70: UserWarning: Invalid uuid: neutron. To ensure interoperability, identifiers should be a valid uuid. warnings.warn(('Invalid uuid: %s. To ensure interoperability, ' [pid: 8|app: 0|req: 670/1457] 10.0.0.54 () {32 vars in 722 bytes} [Fri May 8 02:16:07 2026] GET /v2.0/networks/4f80750c-6d4c-43b8-bb13-75084f8213e5 => generated 706 bytes in 40 msecs (HTTP/1.1 200) 4 headers in 157 bytes (1 switches on core 0) [pid: 7|app: 0|req: 788/1458] 10.0.0.54 () {32 vars in 672 bytes} [Fri May 8 02:16:07 2026] GET /v2.0/security-group-rules => generated 4138 bytes in 56 msecs (HTTP/1.1 200) 4 headers in 158 bytes (1 switches on core 0) [pid: 7|app: 0|req: 789/1459] 10.0.0.54 () {32 vars in 720 bytes} [Fri May 8 02:16:07 2026] GET /v2.0/subnets/b6f47bf6-1ae6-436e-bb28-8819b982f56e => generated 641 bytes in 22 msecs (HTTP/1.1 200) 4 headers in 157 bytes (1 switches on core 0) [pid: 7|app: 0|req: 790/1460] 10.0.0.54 () {32 vars in 749 bytes} [Fri May 8 02:16:07 2026] DELETE /v2.0/security-group-rules/9095aec6-8fe1-4100-b06f-64812add2368 => generated 0 bytes in 130 msecs (HTTP/1.1 204) 2 headers in 112 bytes (1 switches on core 0)
2026-05-08 02:16:07.538 7 INFO neutron.pecan_wsgi.hooks.translation [None req-756bda22-0aa6-4a3e-a41a-ee607a9223f2 1bbc40886f4d45679c7dd76ede1c8fc7 94be90ac4a80405c8deacada26175f10 - - default default] DELETE failed (client error): The resource could not be found. [pid: 7|app: 0|req: 791/1461] 10.0.0.54 () {32 vars in 723 bytes} [Fri May 8 02:16:07 2026] DELETE /v2.0/subnets/1bffe53e-70ae-43fb-b832-a07b130c09a7 => generated 136 bytes in 12 msecs (HTTP/1.1 404) 4 headers in 164 bytes (1 switches on core 0)
2026-05-08 02:16:07.596 8 INFO neutron.plugins.ml2.drivers.ovn.mech_driver.mech_driver [None req-3da30c3c-3dd7-4223-b186-d45c301cc790 - - - - - -] OVN reports status down for port: 9f6dec2a-f412-4ee4-b1e7-ed237233d4d8 [pid: 7|app: 0|req: 792/1462] 10.0.0.54 () {32 vars in 672 bytes} [Fri May 8 02:16:07 2026] GET /v2.0/security-group-rules => generated 3560 bytes in 78 msecs (HTTP/1.1 200) 4 headers in 158 bytes (1 switches on core 0)
2026-05-08 02:16:07.629 7 INFO neutron.pecan_wsgi.hooks.translation [None req-e0061dbf-5876-4cb8-992e-f433f901906f 1bbc40886f4d45679c7dd76ede1c8fc7 94be90ac4a80405c8deacada26175f10 - - default default] DELETE failed (client error): The resource could not be found. [pid: 7|app: 0|req: 793/1463] 10.0.0.54 () {32 vars in 725 bytes} [Fri May 8 02:16:07 2026] DELETE /v2.0/networks/838a0254-ed17-4951-b85e-9ad7401261fd => generated 138 bytes in 12 msecs (HTTP/1.1 404) 4 headers in 164 bytes (1 switches on core 0)
2026-05-08 02:16:07.634 8 INFO neutron.db.ovn_revision_numbers_db [None req-fca7bc6d-b55f-4459-817f-f6b5b982e711 0f4a1eefdc454cf5bd06defadf52426c 6482545f6ac84c91ad53c6e44d83dc2b - - default default] Successfully bumped revision number for resource 9f6dec2a-f412-4ee4-b1e7-ed237233d4d8 (type: ports) to 2 [pid: 8|app: 0|req: 671/1464] 10.0.0.54 () {34 vars in 736 bytes} [Fri May 8 02:16:07 2026] PUT /v2.0/ports/9f6dec2a-f412-4ee4-b1e7-ed237233d4d8 => generated 752 bytes in 285 msecs (HTTP/1.1 200) 4 headers in 157 bytes (1 switches on core 0) /var/lib/openstack/lib/python3.12/site-packages/pycadf/identifier.py:70: UserWarning: Invalid uuid: neutron. To ensure interoperability, identifiers should be a valid uuid. warnings.warn(('Invalid uuid: %s. To ensure interoperability, '
2026-05-08 02:16:07.667 7 INFO neutron.db.securitygroups_db [None req-dcd33837-935b-4685-8b74-c5853f405ff6 94c6b113429140a88cab77b96a313f96 ee630cd1c0bf43b78583755957b8b257 - - default default] Project ee630cd1c0bf43b78583755957b8b257 added a security group rule with legacy IPv6 ICMP protocol name icmp, ipv6-icmp should be used instead. It was automatically converted.
2026-05-08 02:16:07.763 7 INFO neutron.db.ovn_revision_numbers_db [None req-dcd33837-935b-4685-8b74-c5853f405ff6 94c6b113429140a88cab77b96a313f96 ee630cd1c0bf43b78583755957b8b257 - - default default] Successfully bumped revision number for resource 27b1139a-fb4f-4b7f-b58a-796fd9819979 (type: security_group_rules) to 0 [pid: 7|app: 0|req: 794/1465] 10.0.0.54 () {34 vars in 694 bytes} [Fri May 8 02:16:07 2026] POST /v2.0/security-group-rules => generated 607 bytes in 160 msecs (HTTP/1.1 201) 4 headers in 162 bytes (1 switches on core 0) [pid: 8|app: 0|req: 672/1466] 10.0.0.54 () {32 vars in 723 bytes} [Fri May 8 02:16:07 2026] DELETE /v2.0/subnets/b6f47bf6-1ae6-436e-bb28-8819b982f56e => generated 0 bytes in 180 msecs (HTTP/1.1 204) 3 headers in 131 bytes (1 switches on core 0) [pid: 8|app: 0|req: 673/1467] 10.0.0.54 () {32 vars in 746 bytes} [Fri May 8 02:16:07 2026] GET /v2.0/security-group-rules/27b1139a-fb4f-4b7f-b58a-796fd9819979 => generated 607 bytes in 12 msecs (HTTP/1.1 200) 4 headers in 157 bytes (1 switches on core 0)
2026-05-08 02:16:07.928 7 INFO neutron_taas.services.taas.taas_plugin [None req-89b20364-1552-40ca-ad78-e1ec1ab6fd33 0f4a1eefdc454cf5bd06defadf52426c 6482545f6ac84c91ad53c6e44d83dc2b - - default default] TaaS: Handle Delete Port: 9f6dec2a-f412-4ee4-b1e7-ed237233d4d8
2026-05-08 02:16:07.932 7 INFO neutron_taas.services.taas.tap_mirror_plugin [None req-89b20364-1552-40ca-ad78-e1ec1ab6fd33 0f4a1eefdc454cf5bd06defadf52426c 6482545f6ac84c91ad53c6e44d83dc2b - - default default] Tap Mirror: Handle Delete Port: 9f6dec2a-f412-4ee4-b1e7-ed237233d4d8
2026-05-08 02:16:07.942 8 INFO neutron_taas.services.taas.taas_plugin [None req-661cd975-4f1c-42de-ba0d-6b6be9d47cae 1bbc40886f4d45679c7dd76ede1c8fc7 94be90ac4a80405c8deacada26175f10 - - default default] TaaS: Handle Delete Port: 0b434938-8197-41fa-ab10-20530dd08e71
2026-05-08 02:16:07.945 8 INFO neutron_taas.services.taas.tap_mirror_plugin [None req-661cd975-4f1c-42de-ba0d-6b6be9d47cae 1bbc40886f4d45679c7dd76ede1c8fc7 94be90ac4a80405c8deacada26175f10 - - default default] Tap Mirror: Handle Delete Port: 0b434938-8197-41fa-ab10-20530dd08e71 [pid: 7|app: 0|req: 795/1468] 10.0.0.54 () {32 vars in 719 bytes} [Fri May 8 02:16:07 2026] DELETE /v2.0/ports/9f6dec2a-f412-4ee4-b1e7-ed237233d4d8 => generated 0 bytes in 325 msecs (HTTP/1.1 204) 3 headers in 131 bytes (1 switches on core 0) [pid: 7|app: 0|req: 796/1469] 10.0.0.54 () {32 vars in 672 bytes} [Fri May 8 02:16:08 2026] GET /v2.0/security-group-rules => generated 4144 bytes in 68 msecs (HTTP/1.1 200) 4 headers in 158 bytes (1 switches on core 0) [pid: 7|app: 0|req: 797/1470] 10.0.0.54 () {32 vars in 642 bytes} [Fri May 8 02:16:08 2026] GET /v2.0/ports => generated 1534 bytes in 89 msecs (HTTP/1.1 200) 4 headers in 158 bytes (1 switches on core 0) [pid: 8|app: 0|req: 674/1471] 10.0.0.54 () {32 vars in 725 bytes} [Fri May 8 02:16:07 2026] DELETE /v2.0/networks/4f80750c-6d4c-43b8-bb13-75084f8213e5 => generated 0 bytes in 451 msecs (HTTP/1.1 204) 3 headers in 131 bytes (1 switches on core 0)
2026-05-08 02:16:08.313 8 INFO neutron.pecan_wsgi.hooks.translation [None req-f9df8d63-36a6-403b-947a-bcbace57e33e 0f4a1eefdc454cf5bd06defadf52426c 6482545f6ac84c91ad53c6e44d83dc2b - - default default] GET failed (client error): The resource could not be found. [pid: 8|app: 0|req: 675/1472] 10.0.0.54 () {32 vars in 716 bytes} [Fri May 8 02:16:08 2026] GET /v2.0/ports/9f6dec2a-f412-4ee4-b1e7-ed237233d4d8 => generated 132 bytes in 16 msecs (HTTP/1.1 404) 4 headers in 164 bytes (1 switches on core 0)
2026-05-08 02:16:08.400 8 INFO neutron.services.segments.plugin [-] Segment 5e6463aa-6614-4aa8-8a21-51fd9cc13d9b resource provider aggregate not found
2026-05-08 02:16:08.410 8 INFO neutron.services.segments.plugin [-] Segment 5e6463aa-6614-4aa8-8a21-51fd9cc13d9b resource provider aggregate not found [pid: 8|app: 0|req: 676/1473] 10.0.0.54 () {32 vars in 642 bytes} [Fri May 8 02:16:08 2026] GET /v2.0/ports => generated 1534 bytes in 106 msecs (HTTP/1.1 200) 4 headers in 158 bytes (1 switches on core 0)
2026-05-08 02:16:08.432 8 INFO neutron.services.segments.plugin [-] Segment 5e6463aa-6614-4aa8-8a21-51fd9cc13d9b resource provider not found; error: Placement Client Error (4xx): {"errors": [{"status": 404, "title": "Not Found", "detail": "The resource could not be found.\n\n No resource provider with uuid 5e6463aa-6614-4aa8-8a21-51fd9cc13d9b found for delete ", "request_id": "req-c8f4ea11-21c3-487f-b612-9e296252a14b"}]}
2026-05-08 02:16:08.432 8 INFO neutron.services.segments.plugin [-] Segment 5e6463aa-6614-4aa8-8a21-51fd9cc13d9b resource provider not found; error: Placement Client Error (4xx): {"errors": [{"status": 404, "title": "Not Found", "detail": "The resource could not be found.\n\n No resource provider with uuid 5e6463aa-6614-4aa8-8a21-51fd9cc13d9b found for delete ", "request_id": "req-74ec94df-63e9-4f9d-9be9-e60118fa802a"}]} [pid: 7|app: 0|req: 798/1474] 10.0.0.54 () {32 vars in 749 bytes} [Fri May 8 02:16:08 2026] DELETE /v2.0/security-group-rules/27b1139a-fb4f-4b7f-b58a-796fd9819979 => generated 0 bytes in 163 msecs (HTTP/1.1 204) 2 headers in 112 bytes (1 switches on core 0) [pid: 8|app: 0|req: 677/1475] 10.0.0.54 () {32 vars in 716 bytes} [Fri May 8 02:16:08 2026] GET /v2.0/ports/2eac3256-1dcd-4927-ac37-1f46fd4dbc1f => generated 775 bytes in 37 msecs (HTTP/1.1 200) 4 headers in 157 bytes (1 switches on core 0)
2026-05-08 02:16:08.490 8 INFO neutron.pecan_wsgi.hooks.translation [None req-0657d750-3a96-4f67-bec2-767e91610125 0f4a1eefdc454cf5bd06defadf52426c 6482545f6ac84c91ad53c6e44d83dc2b - - default default] DELETE failed (client error): The resource could not be found. [pid: 7|app: 0|req: 799/1476] 10.0.0.54 () {32 vars in 672 bytes} [Fri May 8 02:16:08 2026] GET /v2.0/security-group-rules => generated 3560 bytes in 49 msecs (HTTP/1.1 200) 4 headers in 158 bytes (1 switches on core 0) [pid: 8|app: 0|req: 678/1477] 10.0.0.54 () {32 vars in 719 bytes} [Fri May 8 02:16:08 2026] DELETE /v2.0/ports/ead73177-f872-4ee3-822a-3e9884f78e3b => generated 132 bytes in 15 msecs (HTTP/1.1 404) 4 headers in 164 bytes (1 switches on core 0)
2026-05-08 02:16:08.509 8 INFO neutron.pecan_wsgi.hooks.translation [None req-cd777cd6-ba63-4c98-aa00-5099b5688d5b 0f4a1eefdc454cf5bd06defadf52426c 6482545f6ac84c91ad53c6e44d83dc2b - - default default] DELETE failed (client error): The resource could not be found. [pid: 8|app: 0|req: 679/1478] 10.0.0.54 () {32 vars in 723 bytes} [Fri May 8 02:16:08 2026] DELETE /v2.0/subnets/5d7996a4-0fe4-45fb-97a7-3824508c16da => generated 136 bytes in 12 msecs (HTTP/1.1 404) 4 headers in 164 bytes (1 switches on core 0)
2026-05-08 02:16:08.530 8 INFO neutron.pecan_wsgi.hooks.translation [None req-cb94396f-a6c2-438c-abb7-553937fd1469 0f4a1eefdc454cf5bd06defadf52426c 6482545f6ac84c91ad53c6e44d83dc2b - - default default] DELETE failed (client error): The resource could not be found. [pid: 8|app: 0|req: 680/1479] 10.0.0.54 () {32 vars in 723 bytes} [Fri May 8 02:16:08 2026] DELETE /v2.0/subnets/6556b69b-3eae-48d9-8efe-ad60d76fdef0 => generated 136 bytes in 17 msecs (HTTP/1.1 404) 4 headers in 164 bytes (1 switches on core 0) [pid: 7|app: 0|req: 800/1480] 10.0.0.54 () {32 vars in 739 bytes} [Fri May 8 02:16:08 2026] DELETE /v2.0/security-groups/248580d5-0deb-462d-b966-d371a84d6f61 => generated 0 bytes in 143 msecs (HTTP/1.1 204) 2 headers in 112 bytes (1 switches on core 0) [pid: 7|app: 0|req: 801/1481] 10.0.0.54 () {32 vars in 662 bytes} [Fri May 8 02:16:08 2026] GET /v2.0/security-groups => generated 2925 bytes in 30 msecs (HTTP/1.1 200) 4 headers in 158 bytes (1 switches on core 0)
2026-05-08 02:16:08.681 8 INFO neutron_taas.services.taas.taas_plugin [None req-dea056b0-6dec-4428-a15a-d29bc1b7e2e2 0f4a1eefdc454cf5bd06defadf52426c 6482545f6ac84c91ad53c6e44d83dc2b - - default default] TaaS: Handle Delete Port: 2eac3256-1dcd-4927-ac37-1f46fd4dbc1f
2026-05-08 02:16:08.683 8 INFO neutron_taas.services.taas.tap_mirror_plugin [None req-dea056b0-6dec-4428-a15a-d29bc1b7e2e2 0f4a1eefdc454cf5bd06defadf52426c 6482545f6ac84c91ad53c6e44d83dc2b - - default default] Tap Mirror: Handle Delete Port: 2eac3256-1dcd-4927-ac37-1f46fd4dbc1f [pid: 7|app: 0|req: 802/1482] 10.0.0.54 () {32 vars in 662 bytes} [Fri May 8 02:16:08 2026] GET /v2.0/security-groups => generated 2925 bytes in 24 msecs (HTTP/1.1 200) 4 headers in 158 bytes (1 switches on core 0) [pid: 8|app: 0|req: 681/1483] 10.0.0.54 () {32 vars in 719 bytes} [Fri May 8 02:16:08 2026] DELETE /v2.0/ports/2eac3256-1dcd-4927-ac37-1f46fd4dbc1f => generated 0 bytes in 290 msecs (HTTP/1.1 204) 3 headers in 131 bytes (1 switches on core 0) [pid: 7|app: 0|req: 803/1484] 10.0.0.54 () {32 vars in 773 bytes} [Fri May 8 02:16:08 2026] GET /v2.0/security-groups?tenant_id=94be90ac4a80405c8deacada26175f10&name=default => generated 2925 bytes in 116 msecs (HTTP/1.1 200) 4 headers in 158 bytes (1 switches on core 0)
2026-05-08 02:16:08.929 8 INFO neutron_taas.services.taas.taas_plugin [None req-c3a2bf1d-7433-4eb3-a735-771f51d2ed76 0f4a1eefdc454cf5bd06defadf52426c 6482545f6ac84c91ad53c6e44d83dc2b - - default default] TaaS: Handle Delete Port: 909a3ece-5478-4910-b178-deaa4e9cd739
2026-05-08 02:16:08.931 8 INFO neutron_taas.services.taas.tap_mirror_plugin [None req-c3a2bf1d-7433-4eb3-a735-771f51d2ed76 0f4a1eefdc454cf5bd06defadf52426c 6482545f6ac84c91ad53c6e44d83dc2b - - default default] Tap Mirror: Handle Delete Port: 909a3ece-5478-4910-b178-deaa4e9cd739 [pid: 8|app: 0|req: 682/1485] 10.0.0.54 () {32 vars in 725 bytes} [Fri May 8 02:16:08 2026] DELETE /v2.0/networks/064f50a4-75e3-483e-9e09-80e41d0a318b => generated 0 bytes in 334 msecs (HTTP/1.1 204) 3 headers in 131 bytes (1 switches on core 0) [pid: 7|app: 0|req: 804/1486] 10.0.0.54 () {32 vars in 739 bytes} [Fri May 8 02:16:08 2026] DELETE /v2.0/security-groups/1551f70c-0228-4c5c-b3ba-c6f375dd9e13 => generated 0 bytes in 342 msecs (HTTP/1.1 204) 2 headers in 112 bytes (1 switches on core 0) [pid: 8|app: 0|req: 683/1487] 10.0.0.54 () {32 vars in 773 bytes} [Fri May 8 02:16:09 2026] GET /v2.0/security-groups?tenant_id=ee630cd1c0bf43b78583755957b8b257&name=default => generated 2925 bytes in 193 msecs (HTTP/1.1 200) 4 headers in 158 bytes (1 switches on core 0) [pid: 7|app: 0|req: 805/1488] 10.0.0.54 () {32 vars in 739 bytes} [Fri May 8 02:16:09 2026] DELETE /v2.0/security-groups/c62e9c1d-c4a6-438f-9d7a-0e0349e6a79d => generated 0 bytes in 255 msecs (HTTP/1.1 204) 2 headers in 112 bytes (1 switches on core 0) [pid: 8|app: 0|req: 684/1489] 10.0.0.54 () {32 vars in 773 bytes} [Fri May 8 02:16:09 2026] GET /v2.0/security-groups?tenant_id=6482545f6ac84c91ad53c6e44d83dc2b&name=default => generated 2925 bytes in 221 msecs (HTTP/1.1 200) 4 headers in 158 bytes (1 switches on core 0) [pid: 7|app: 0|req: 806/1490] 10.0.0.54 () {32 vars in 739 bytes} [Fri May 8 02:16:09 2026] DELETE /v2.0/security-groups/eab6f53c-e0c7-4dce-b066-9b84b52cb471 => generated 0 bytes in 275 msecs (HTTP/1.1 204) 2 headers in 112 bytes (1 switches on core 0)
2026-05-08 02:16:10.452 8 INFO neutron.services.segments.plugin [-] Segment d03b7fbb-806d-4a4c-aeee-4413a1874e4a resource provider aggregate not found
2026-05-08 02:16:10.459 8 INFO neutron.services.segments.plugin [-] Segment d03b7fbb-806d-4a4c-aeee-4413a1874e4a resource provider aggregate not found
2026-05-08 02:16:10.467 8 INFO neutron.services.segments.plugin [-] Segment d03b7fbb-806d-4a4c-aeee-4413a1874e4a resource provider not found; error: Placement Client Error (4xx): {"errors": [{"status": 404, "title": "Not Found", "detail": "The resource could not be found.\n\n No resource provider with uuid d03b7fbb-806d-4a4c-aeee-4413a1874e4a found for delete ", "request_id": "req-cd3d4787-3f88-4cef-9470-d43f3671383f"}]}
2026-05-08 02:16:10.482 8 INFO neutron.services.segments.plugin [-] Segment d03b7fbb-806d-4a4c-aeee-4413a1874e4a resource provider not found; error: Placement Client Error (4xx): {"errors": [{"status": 404, "title": "Not Found", "detail": "The resource could not be found.\n\n No resource provider with uuid d03b7fbb-806d-4a4c-aeee-4413a1874e4a found for delete ", "request_id": "req-1c801573-58fa-4193-9820-26f9bae0afa7"}]}
2026-05-08 02:16:11.247 8 INFO neutron.db.ovn_revision_numbers_db [None req-70f24c07-8a35-44e7-b74f-2856f608e31c 659d5084da7a4892aa6910f7df67a057 16ba1e3637d44da587cc989d177c1c1a - - default default] Successfully bumped revision number for resource f690cfdc-bb9c-4c7b-8f76-1ea303483171 (type: security_groups) to 1
2026-05-08 02:16:11.266 8 INFO neutron.db.ovn_revision_numbers_db [None req-70f24c07-8a35-44e7-b74f-2856f608e31c 659d5084da7a4892aa6910f7df67a057 16ba1e3637d44da587cc989d177c1c1a - - default default] Successfully bumped revision number for resource 4369fb88-d205-459d-9103-c9406920b566 (type: security_group_rules) to 0
2026-05-08 02:16:11.282 8 INFO neutron.db.ovn_revision_numbers_db [None req-70f24c07-8a35-44e7-b74f-2856f608e31c 659d5084da7a4892aa6910f7df67a057 16ba1e3637d44da587cc989d177c1c1a - - default default] Successfully bumped revision number for resource bbba93c3-1957-4310-9bb9-b9c95d8f1a5d (type: security_group_rules) to 0
2026-05-08 02:16:11.296 8 INFO neutron.db.ovn_revision_numbers_db [None req-70f24c07-8a35-44e7-b74f-2856f608e31c 659d5084da7a4892aa6910f7df67a057 16ba1e3637d44da587cc989d177c1c1a - - default default] Successfully bumped revision number for resource e317c43b-3389-428b-b6e9-adea546fa96a (type: security_group_rules) to 0
2026-05-08 02:16:11.311 8 INFO neutron.db.ovn_revision_numbers_db [None req-70f24c07-8a35-44e7-b74f-2856f608e31c 659d5084da7a4892aa6910f7df67a057 16ba1e3637d44da587cc989d177c1c1a - - default default] Successfully bumped revision number for resource f4db5d83-54e8-41d0-b4f0-6301374be7a5 (type: security_group_rules) to 0
2026-05-08 02:16:11.385 8 INFO neutron.db.segments_db [None req-70f24c07-8a35-44e7-b74f-2856f608e31c 659d5084da7a4892aa6910f7df67a057 16ba1e3637d44da587cc989d177c1c1a - - default default] Added segment d35376b8-f765-41f3-bf65-624c60b93bcb of type geneve for network aec57fc8-8225-4a9c-b784-0f390ff02b76
2026-05-08 02:16:11.501 8 INFO neutron.db.ovn_revision_numbers_db [None req-70f24c07-8a35-44e7-b74f-2856f608e31c 659d5084da7a4892aa6910f7df67a057 16ba1e3637d44da587cc989d177c1c1a - - default default] Successfully bumped revision number for resource aec57fc8-8225-4a9c-b784-0f390ff02b76 (type: networks) to 1
2026-05-08 02:16:11.669 8 WARNING neutron.scheduler.dhcp_agent_scheduler [None req-70f24c07-8a35-44e7-b74f-2856f608e31c 659d5084da7a4892aa6910f7df67a057 16ba1e3637d44da587cc989d177c1c1a - - default default] No more DHCP agents
2026-05-08 02:16:11.670 8 WARNING neutron.api.rpc.agentnotifiers.dhcp_rpc_agent_api [None req-70f24c07-8a35-44e7-b74f-2856f608e31c 659d5084da7a4892aa6910f7df67a057 16ba1e3637d44da587cc989d177c1c1a - - default default] Unable to schedule network aec57fc8-8225-4a9c-b784-0f390ff02b76: no agents available; will retry on subsequent port and subnet creation events.
2026-05-08 02:16:11.729 8 INFO neutron.plugins.ml2.drivers.ovn.mech_driver.mech_driver [None req-3da30c3c-3dd7-4223-b186-d45c301cc790 - - - - - -] OVN reports status down for port: 2f8a84f4-c4b9-458c-b6c8-4c232e6c347e
2026-05-08 02:16:11.776 8 INFO neutron.db.ovn_revision_numbers_db [None req-70f24c07-8a35-44e7-b74f-2856f608e31c 659d5084da7a4892aa6910f7df67a057 16ba1e3637d44da587cc989d177c1c1a - - default default] Successfully bumped revision number for resource 2f8a84f4-c4b9-458c-b6c8-4c232e6c347e (type: ports) to 1 [pid: 8|app: 0|req: 685/1491] 10.0.0.54 () {34 vars in 669 bytes} [Fri May 8 02:16:10 2026] POST /v2.0/networks => generated 668 bytes in 949 msecs (HTTP/1.1 201) 4 headers in 162 bytes (1 switches on core 0)
2026-05-08 02:16:12.016 7 WARNING neutron.scheduler.dhcp_agent_scheduler [None req-301bf157-ce8d-4583-94ed-d61181856b2a 659d5084da7a4892aa6910f7df67a057 16ba1e3637d44da587cc989d177c1c1a - - default default] No more DHCP agents
2026-05-08 02:16:12.018 7 WARNING neutron.api.rpc.agentnotifiers.dhcp_rpc_agent_api [None req-301bf157-ce8d-4583-94ed-d61181856b2a 659d5084da7a4892aa6910f7df67a057 16ba1e3637d44da587cc989d177c1c1a - - default default] Unable to schedule network aec57fc8-8225-4a9c-b784-0f390ff02b76: no agents available; will retry on subsequent port and subnet creation events.
