2026-05-08 02:18:45.769 8 INFO neutron.services.segments.plugin [-] Segment cc6761c7-aced-49a1-bc99-386fdfc45d12 resource provider not found; error: Placement Client Error (4xx): {"errors": [{"status": 404, "title": "Not Found", "detail": "The resource could not be found.\n\n No resource provider with uuid cc6761c7-aced-49a1-bc99-386fdfc45d12 found for delete ", "request_id": "req-9024215a-e9cb-46a7-8257-a916fabf569f"}]}
2026-05-08 02:18:45.806 7 INFO neutron.db.ovn_revision_numbers_db [None req-dd0ac45e-d144-4cd9-b9d7-1c45ca5a9c96 - - - - - -] Successfully bumped revision number for resource 0a42adc2-9f31-4ce5-b916-7095904c585e (type: ports) to 1 [pid: 8|app: 0|req: 1158/2500] 10.0.0.54 () {32 vars in 725 bytes} [Fri May 8 02:18:45 2026] DELETE /v2.0/networks/84b87305-66e8-44db-ae12-7b3e3f56c2dc => generated 0 bytes in 604 msecs (HTTP/1.1 204) 3 headers in 131 bytes (1 switches on core 0)
2026-05-08 02:18:45.978 8 INFO neutron.db.segments_db [None req-183d7cc5-183d-4ca2-a22c-4a617471a9c4 a45c645efd634f3e92c0adb1a927a04f 77dd178850ea4c7fb5cb10bf9a4d8512 - - default default] Added segment 0e6ae842-f414-493f-8677-7c04678b7850 of type geneve for network d70738f9-f2ad-4dfb-b203-5f5976977840
2026-05-08 02:18:46.090 7 INFO neutron.db.ovn_revision_numbers_db [None req-dd0ac45e-d144-4cd9-b9d7-1c45ca5a9c96 - - - - - -] Successfully bumped revision number for resource 0a42adc2-9f31-4ce5-b916-7095904c585e (type: ports) to 3
2026-05-08 02:18:46.145 8 INFO neutron.db.ovn_revision_numbers_db [None req-183d7cc5-183d-4ca2-a22c-4a617471a9c4 a45c645efd634f3e92c0adb1a927a04f 77dd178850ea4c7fb5cb10bf9a4d8512 - - default default] Successfully bumped revision number for resource d70738f9-f2ad-4dfb-b203-5f5976977840 (type: networks) to 1
2026-05-08 02:18:46.167 7 INFO neutron.db.segments_db [None req-dd0ac45e-d144-4cd9-b9d7-1c45ca5a9c96 - - - - - -] Added segment 054cdfb7-8005-4af9-ae82-9a13a4466cfe of type geneve for network efea22eb-3673-4171-ab03-6290e6a83d36
2026-05-08 02:18:46.296 7 INFO neutron.db.ovn_revision_numbers_db [None req-75c38d8d-a179-4f3b-a063-2f1977f2842d - - - - - -] Successfully bumped revision number for resource efea22eb-3673-4171-ab03-6290e6a83d36 (type: networks) to 1
2026-05-08 02:18:46.327 8 WARNING neutron.scheduler.dhcp_agent_scheduler [None req-183d7cc5-183d-4ca2-a22c-4a617471a9c4 a45c645efd634f3e92c0adb1a927a04f 77dd178850ea4c7fb5cb10bf9a4d8512 - - default default] No more DHCP agents
2026-05-08 02:18:46.328 8 WARNING neutron.api.rpc.agentnotifiers.dhcp_rpc_agent_api [None req-183d7cc5-183d-4ca2-a22c-4a617471a9c4 a45c645efd634f3e92c0adb1a927a04f 77dd178850ea4c7fb5cb10bf9a4d8512 - - default default] Unable to schedule network d70738f9-f2ad-4dfb-b203-5f5976977840: no agents available; will retry on subsequent port and subnet creation events.
2026-05-08 02:18:46.433 8 INFO neutron.db.ovn_revision_numbers_db [None req-183d7cc5-183d-4ca2-a22c-4a617471a9c4 a45c645efd634f3e92c0adb1a927a04f 77dd178850ea4c7fb5cb10bf9a4d8512 - - default default] Successfully bumped revision number for resource a473af1f-1275-4fd7-a74b-a644e97eba33 (type: ports) to 1 [pid: 8|app: 0|req: 1159/2501] 10.0.0.54 () {34 vars in 669 bytes} [Fri May 8 02:18:45 2026] POST /v2.0/networks => generated 748 bytes in 589 msecs (HTTP/1.1 201) 4 headers in 162 bytes (1 switches on core 0)
2026-05-08 02:18:46.493 7 WARNING neutron.scheduler.dhcp_agent_scheduler [None req-75c38d8d-a179-4f3b-a063-2f1977f2842d - - - - - -] No more DHCP agents
2026-05-08 02:18:46.513 7 WARNING neutron.api.rpc.agentnotifiers.dhcp_rpc_agent_api [None req-75c38d8d-a179-4f3b-a063-2f1977f2842d - - - - - -] Unable to schedule network efea22eb-3673-4171-ab03-6290e6a83d36: no agents available; will retry on subsequent port and subnet creation events.
2026-05-08 02:18:46.631 7 INFO neutron.db.ovn_revision_numbers_db [None req-75c38d8d-a179-4f3b-a063-2f1977f2842d - - - - - -] Successfully bumped revision number for resource 9caf71c5-1b95-4d76-9964-7aa059de0f8b (type: ports) to 1
2026-05-08 02:18:46.750 7 WARNING neutron.scheduler.dhcp_agent_scheduler [None req-75c38d8d-a179-4f3b-a063-2f1977f2842d - - - - - -] No more DHCP agents
2026-05-08 02:18:46.751 7 WARNING neutron.api.rpc.agentnotifiers.dhcp_rpc_agent_api [None req-75c38d8d-a179-4f3b-a063-2f1977f2842d - - - - - -] Unable to schedule network efea22eb-3673-4171-ab03-6290e6a83d36: no agents available; will retry on subsequent port and subnet creation events.
2026-05-08 02:18:46.783 7 INFO neutron.db.ovn_revision_numbers_db [None req-75c38d8d-a179-4f3b-a063-2f1977f2842d - - - - - -] Successfully bumped revision number for resource 13577897-f85f-4996-9f2a-a1970f84dfdf (type: subnets) to 0
2026-05-08 02:18:46.863 8 INFO neutron.db.ovn_revision_numbers_db [None req-a9592aa2-9af6-4021-a6b2-d10336cc5766 164f8d2931e542c0b19dd3368564b48a 4d3d5687bc664d998026d7b3bd85a6f9 - - default default] Successfully bumped revision number for resource 9b313e2f-dd42-4dcb-8344-fb740d55fb94 (type: security_groups) to 1
2026-05-08 02:18:46.874 8 INFO neutron.db.ovn_revision_numbers_db [None req-a9592aa2-9af6-4021-a6b2-d10336cc5766 164f8d2931e542c0b19dd3368564b48a 4d3d5687bc664d998026d7b3bd85a6f9 - - default default] Successfully bumped revision number for resource 4e490526-adb2-42ae-be19-85a7494cfd91 (type: security_group_rules) to 0
2026-05-08 02:18:46.896 8 INFO neutron.db.ovn_revision_numbers_db [None req-a9592aa2-9af6-4021-a6b2-d10336cc5766 164f8d2931e542c0b19dd3368564b48a 4d3d5687bc664d998026d7b3bd85a6f9 - - default default] Successfully bumped revision number for resource 6f847037-2a80-4181-a283-3c389318ca1b (type: security_group_rules) to 0
2026-05-08 02:18:46.907 8 INFO neutron.db.ovn_revision_numbers_db [None req-a9592aa2-9af6-4021-a6b2-d10336cc5766 164f8d2931e542c0b19dd3368564b48a 4d3d5687bc664d998026d7b3bd85a6f9 - - default default] Successfully bumped revision number for resource b7451626-bff1-4513-892b-9cbb2f3c0966 (type: security_group_rules) to 0
2026-05-08 02:18:46.920 8 INFO neutron.db.ovn_revision_numbers_db [None req-a9592aa2-9af6-4021-a6b2-d10336cc5766 164f8d2931e542c0b19dd3368564b48a 4d3d5687bc664d998026d7b3bd85a6f9 - - default default] Successfully bumped revision number for resource b9595d20-6907-4b32-926c-130b83ee4ec1 (type: security_group_rules) to 0
2026-05-08 02:18:46.999 8 INFO neutron.db.segments_db [None req-a9592aa2-9af6-4021-a6b2-d10336cc5766 164f8d2931e542c0b19dd3368564b48a 4d3d5687bc664d998026d7b3bd85a6f9 - - default default] Added segment cc839f20-4569-4577-8386-d5bf136afe14 of type geneve for network 83549599-735d-454f-af32-23bf9f953b39
2026-05-08 02:18:47.128 8 INFO neutron.db.ovn_revision_numbers_db [None req-a9592aa2-9af6-4021-a6b2-d10336cc5766 164f8d2931e542c0b19dd3368564b48a 4d3d5687bc664d998026d7b3bd85a6f9 - - default default] Successfully bumped revision number for resource 83549599-735d-454f-af32-23bf9f953b39 (type: networks) to 1
2026-05-08 02:18:47.159 7 WARNING neutron.scheduler.dhcp_agent_scheduler [None req-75c38d8d-a179-4f3b-a063-2f1977f2842d - - - - - -] No more DHCP agents
2026-05-08 02:18:47.160 7 WARNING neutron.api.rpc.agentnotifiers.dhcp_rpc_agent_api [None req-75c38d8d-a179-4f3b-a063-2f1977f2842d - - - - - -] Unable to schedule network efea22eb-3673-4171-ab03-6290e6a83d36: no agents available; will retry on subsequent port and subnet creation events.
2026-05-08 02:18:47.308 7 INFO neutron.db.ovn_revision_numbers_db [None req-75c38d8d-a179-4f3b-a063-2f1977f2842d - - - - - -] Successfully bumped revision number for resource 55f452ef-9d6a-443d-ab8b-622b381a1bbb (type: ports) to 1
2026-05-08 02:18:47.341 8 WARNING neutron.scheduler.dhcp_agent_scheduler [None req-a9592aa2-9af6-4021-a6b2-d10336cc5766 164f8d2931e542c0b19dd3368564b48a 4d3d5687bc664d998026d7b3bd85a6f9 - - default default] No more DHCP agents
2026-05-08 02:18:47.344 8 WARNING neutron.api.rpc.agentnotifiers.dhcp_rpc_agent_api [None req-a9592aa2-9af6-4021-a6b2-d10336cc5766 164f8d2931e542c0b19dd3368564b48a 4d3d5687bc664d998026d7b3bd85a6f9 - - default default] Unable to schedule network 83549599-735d-454f-af32-23bf9f953b39: no agents available; will retry on subsequent port and subnet creation events.
2026-05-08 02:18:47.467 8 INFO neutron.db.ovn_revision_numbers_db [None req-a9592aa2-9af6-4021-a6b2-d10336cc5766 164f8d2931e542c0b19dd3368564b48a 4d3d5687bc664d998026d7b3bd85a6f9 - - default default] Successfully bumped revision number for resource 6d37ea2a-d0f0-4d39-a291-9fbea5d6528b (type: ports) to 1 [pid: 8|app: 0|req: 1160/2502] 10.0.0.54 () {34 vars in 669 bytes} [Fri May 8 02:18:46 2026] POST /v2.0/networks => generated 651 bytes in 1036 msecs (HTTP/1.1 201) 4 headers in 162 bytes (1 switches on core 0)
2026-05-08 02:18:47.606 8 WARNING neutron.scheduler.dhcp_agent_scheduler [None req-60c995ac-ded5-4a97-a1c7-a02406c58770 a45c645efd634f3e92c0adb1a927a04f 77dd178850ea4c7fb5cb10bf9a4d8512 - - default default] No more DHCP agents
2026-05-08 02:18:47.607 8 WARNING neutron.api.rpc.agentnotifiers.dhcp_rpc_agent_api [None req-60c995ac-ded5-4a97-a1c7-a02406c58770 a45c645efd634f3e92c0adb1a927a04f 77dd178850ea4c7fb5cb10bf9a4d8512 - - default default] Unable to schedule network d70738f9-f2ad-4dfb-b203-5f5976977840: no agents available; will retry on subsequent port and subnet creation events.
2026-05-08 02:18:47.961 7 WARNING neutron.scheduler.dhcp_agent_scheduler [None req-75c38d8d-a179-4f3b-a063-2f1977f2842d - - - - - -] No more DHCP agents
2026-05-08 02:18:47.963 7 WARNING neutron.api.rpc.agentnotifiers.dhcp_rpc_agent_api [None req-75c38d8d-a179-4f3b-a063-2f1977f2842d - - - - - -] Unable to schedule network efea22eb-3673-4171-ab03-6290e6a83d36: no agents available; will retry on subsequent port and subnet creation events.
2026-05-08 02:18:48.064 8 INFO neutron.db.ovn_revision_numbers_db [None req-abd83365-450d-4844-b552-28fe0ede7886 - - - - - -] Successfully bumped revision number for resource a473af1f-1275-4fd7-a74b-a644e97eba33 (type: ports) to 2
2026-05-08 02:18:48.087 8 INFO neutron.db.ovn_revision_numbers_db [None req-abd83365-450d-4844-b552-28fe0ede7886 - - - - - -] Successfully bumped revision number for resource c72b1ec1-7188-410a-bb66-f43243b3346a (type: subnets) to 0 [pid: 8|app: 0|req: 1161/2503] 10.0.0.54 () {34 vars in 668 bytes} [Fri May 8 02:18:47 2026] POST /v2.0/subnets => generated 647 bytes in 614 msecs (HTTP/1.1 201) 4 headers in 162 bytes (1 switches on core 0)
2026-05-08 02:18:48.182 8 INFO neutron.db.segments_db [None req-429f7294-e05b-4815-8ffb-cac21722668e 164f8d2931e542c0b19dd3368564b48a 4d3d5687bc664d998026d7b3bd85a6f9 - - default default] Added segment 27880a9e-292b-4aba-a50b-e26abe3ad8a9 of type geneve for network 96f3842b-cd6a-438e-a246-00642b18be51
2026-05-08 02:18:48.282 8 INFO neutron.db.ovn_revision_numbers_db [None req-429f7294-e05b-4815-8ffb-cac21722668e 164f8d2931e542c0b19dd3368564b48a 4d3d5687bc664d998026d7b3bd85a6f9 - - default default] Successfully bumped revision number for resource 96f3842b-cd6a-438e-a246-00642b18be51 (type: networks) to 1
2026-05-08 02:18:48.436 8 WARNING neutron.scheduler.dhcp_agent_scheduler [None req-429f7294-e05b-4815-8ffb-cac21722668e 164f8d2931e542c0b19dd3368564b48a 4d3d5687bc664d998026d7b3bd85a6f9 - - default default] No more DHCP agents
2026-05-08 02:18:48.437 8 WARNING neutron.api.rpc.agentnotifiers.dhcp_rpc_agent_api [None req-429f7294-e05b-4815-8ffb-cac21722668e 164f8d2931e542c0b19dd3368564b48a 4d3d5687bc664d998026d7b3bd85a6f9 - - default default] Unable to schedule network 96f3842b-cd6a-438e-a246-00642b18be51: no agents available; will retry on subsequent port and subnet creation events.
2026-05-08 02:18:48.545 8 INFO neutron.db.ovn_revision_numbers_db [None req-429f7294-e05b-4815-8ffb-cac21722668e 164f8d2931e542c0b19dd3368564b48a 4d3d5687bc664d998026d7b3bd85a6f9 - - default default] Successfully bumped revision number for resource 664f61e5-ca49-4448-a906-b8d362f5cb6c (type: ports) to 1 [pid: 8|app: 0|req: 1162/2504] 10.0.0.54 () {34 vars in 669 bytes} [Fri May 8 02:18:48 2026] POST /v2.0/networks => generated 649 bytes in 465 msecs (HTTP/1.1 201) 4 headers in 162 bytes (1 switches on core 0)
2026-05-08 02:18:48.626 8 WARNING neutron.plugins.ml2.drivers.ovn.mech_driver.ovsdb.ovn_client [None req-f548035a-ee90-473f-a4c0-847cc15862d5 - - - - - -] No hosting information found for port cc9a491a-5da1-437e-bc22-ea4352738c45: RuntimeError: No hosting information found for port cc9a491a-5da1-437e-bc22-ea4352738c45
2026-05-08 02:18:48.627 8 INFO neutron.plugins.ml2.drivers.ovn.mech_driver.mech_driver [None req-f548035a-ee90-473f-a4c0-847cc15862d5 - - - - - -] OVN reports status down for port: 248549a1-9715-48d4-b61a-9fca95407d7c
2026-05-08 02:18:48.678 8 WARNING neutron.plugins.ml2.drivers.ovn.mech_driver.ovsdb.ovn_client [None req-f548035a-ee90-473f-a4c0-847cc15862d5 - - - - - -] Logical_Switch_Port %s host information not removed, the port state is up
2026-05-08 02:18:48.678 8 INFO neutron.plugins.ml2.drivers.ovn.mech_driver.mech_driver [None req-f548035a-ee90-473f-a4c0-847cc15862d5 - - - - - -] OVN reports status down for port: 319650ab-4a5d-4353-9a45-4674245734f6
2026-05-08 02:18:48.690 8 INFO neutron.plugins.ml2.drivers.ovn.mech_driver.mech_driver [None req-f548035a-ee90-473f-a4c0-847cc15862d5 - - - - - -] OVN reports status up for port: 248549a1-9715-48d4-b61a-9fca95407d7c
2026-05-08 02:18:48.701 8 INFO neutron.plugins.ml2.plugin [None req-f548035a-ee90-473f-a4c0-847cc15862d5 - - - - - -] Attempt 1 to provision port 248549a1-9715-48d4-b61a-9fca95407d7c
2026-05-08 02:18:49.057 7 INFO neutron.db.ovn_revision_numbers_db [None req-75c38d8d-a179-4f3b-a063-2f1977f2842d - - - - - -] Successfully bumped revision number for resource 55f452ef-9d6a-443d-ab8b-622b381a1bbb (type: router_ports) to 1
2026-05-08 02:18:49.177 8 INFO neutron.db.ovn_revision_numbers_db [None req-b63171c2-8e52-4932-bdd3-ffd91c29d29a 23fd863c063c4efd8ed7c4d2c31871f6 f6e3768e47ca43399ab3fa8a2d0e712b - - default default] Successfully bumped revision number for resource 2f32f856-c6bd-4fb3-8a0f-0a3f3b6c8ed9 (type: security_groups) to 1
2026-05-08 02:18:49.196 8 INFO neutron.db.ovn_revision_numbers_db [None req-b63171c2-8e52-4932-bdd3-ffd91c29d29a 23fd863c063c4efd8ed7c4d2c31871f6 f6e3768e47ca43399ab3fa8a2d0e712b - - default default] Successfully bumped revision number for resource 03f50d79-26d9-4874-bcab-cfcc4a33ddfd (type: security_group_rules) to 0
2026-05-08 02:18:49.220 8 INFO neutron.db.ovn_revision_numbers_db [None req-b63171c2-8e52-4932-bdd3-ffd91c29d29a 23fd863c063c4efd8ed7c4d2c31871f6 f6e3768e47ca43399ab3fa8a2d0e712b - - default default] Successfully bumped revision number for resource 55213969-bb68-4d79-93b0-294a69a856e6 (type: security_group_rules) to 0
2026-05-08 02:18:49.248 8 INFO neutron.db.ovn_revision_numbers_db [None req-b63171c2-8e52-4932-bdd3-ffd91c29d29a 23fd863c063c4efd8ed7c4d2c31871f6 f6e3768e47ca43399ab3fa8a2d0e712b - - default default] Successfully bumped revision number for resource 7b77cc79-3aa2-48f7-b128-4eed99eb3c75 (type: security_group_rules) to 0
2026-05-08 02:18:49.267 8 INFO neutron.db.ovn_revision_numbers_db [None req-b63171c2-8e52-4932-bdd3-ffd91c29d29a 23fd863c063c4efd8ed7c4d2c31871f6 f6e3768e47ca43399ab3fa8a2d0e712b - - default default] Successfully bumped revision number for resource ac9f86ba-570f-4a1b-82b0-6471bfb2af51 (type: security_group_rules) to 0
2026-05-08 02:18:49.307 7 WARNING neutron.scheduler.dhcp_agent_scheduler [None req-75c38d8d-a179-4f3b-a063-2f1977f2842d - - - - - -] No more DHCP agents
2026-05-08 02:18:49.309 7 WARNING neutron.api.rpc.agentnotifiers.dhcp_rpc_agent_api [None req-75c38d8d-a179-4f3b-a063-2f1977f2842d - - - - - -] Unable to schedule network efea22eb-3673-4171-ab03-6290e6a83d36: no agents available; will retry on subsequent port and subnet creation events.
2026-05-08 02:18:49.411 8 INFO neutron.db.segments_db [None req-b63171c2-8e52-4932-bdd3-ffd91c29d29a 23fd863c063c4efd8ed7c4d2c31871f6 f6e3768e47ca43399ab3fa8a2d0e712b - - default default] Added segment 654062a6-b546-46b8-8110-7fcb108d6caa of type geneve for network f86e379b-6be6-4864-bbec-6c461ae3179b
2026-05-08 02:18:49.466 7 INFO neutron.db.ovn_revision_numbers_db [None req-75c38d8d-a179-4f3b-a063-2f1977f2842d - - - - - -] Successfully bumped revision number for resource bd176c82-594d-41f9-adb5-7e4f0a2bbccf (type: ports) to 1
2026-05-08 02:18:49.516 8 INFO neutron.db.ovn_revision_numbers_db [None req-f548035a-ee90-473f-a4c0-847cc15862d5 - - - - - -] Successfully bumped revision number for resource 248549a1-9715-48d4-b61a-9fca95407d7c (type: ports) to 2
2026-05-08 02:18:49.641 8 INFO neutron.db.ovn_revision_numbers_db [None req-b63171c2-8e52-4932-bdd3-ffd91c29d29a 23fd863c063c4efd8ed7c4d2c31871f6 f6e3768e47ca43399ab3fa8a2d0e712b - - default default] Successfully bumped revision number for resource f86e379b-6be6-4864-bbec-6c461ae3179b (type: networks) to 1
2026-05-08 02:18:49.741 7 INFO neutron.db.ovn_revision_numbers_db [None req-75c38d8d-a179-4f3b-a063-2f1977f2842d - - - - - -] Successfully bumped revision number for resource bd176c82-594d-41f9-adb5-7e4f0a2bbccf (type: ports) to 3
2026-05-08 02:18:49.863 8 WARNING neutron.scheduler.dhcp_agent_scheduler [None req-b63171c2-8e52-4932-bdd3-ffd91c29d29a 23fd863c063c4efd8ed7c4d2c31871f6 f6e3768e47ca43399ab3fa8a2d0e712b - - default default] No more DHCP agents
2026-05-08 02:18:49.865 8 WARNING neutron.api.rpc.agentnotifiers.dhcp_rpc_agent_api [None req-b63171c2-8e52-4932-bdd3-ffd91c29d29a 23fd863c063c4efd8ed7c4d2c31871f6 f6e3768e47ca43399ab3fa8a2d0e712b - - default default] Unable to schedule network f86e379b-6be6-4864-bbec-6c461ae3179b: no agents available; will retry on subsequent port and subnet creation events. [pid: 7|app: 0|req: 1343/2505] 10.0.0.54 () {34 vars in 684 bytes} [Fri May 8 02:18:45 2026] POST /v2.0/vpn/vpnservices => generated 459 bytes in 4773 msecs (HTTP/1.1 201) 4 headers in 162 bytes (1 switches on core 0)
2026-05-08 02:18:49.890 7 WARNING neutron.api.v2.base [None req-1ca123be-51d7-4df6-aca2-14383a8fb0c0 a45c645efd634f3e92c0adb1a927a04f 77dd178850ea4c7fb5cb10bf9a4d8512 - - default default] An exception happened while processing the request body. The exception message is [Invalid input for target_tenant. Reason: '1234123412341234123412341234123412341234123412341234123412341234123412341234123412341234123412341234123412341234123412341234123412341234123412341234123412341234123412341234123412341234123412341234123412341234123412341234123412341234123412341234123412341234123412341234123412341234123412341234123412341234123412341234123412341234123412341234123412341234123412341234123412341234123412341234123412341234' exceeds maximum length of 255.].: webob.exc.HTTPBadRequest: Invalid input for target_tenant. Reason: '1234123412341234123412341234123412341234123412341234123412341234123412341234123412341234123412341234123412341234123412341234123412341234123412341234123412341234123412341234123412341234123412341234123412341234123412341234123412341234123412341234123412341234123412341234123412341234123412341234123412341234123412341234123412341234123412341234123412341234123412341234123412341234123412341234123412341234' exceeds maximum length of 255.
2026-05-08 02:18:49.890 7 INFO neutron.api.v2.resource [None req-1ca123be-51d7-4df6-aca2-14383a8fb0c0 a45c645efd634f3e92c0adb1a927a04f 77dd178850ea4c7fb5cb10bf9a4d8512 - - default default] create failed (client error): Invalid input for target_tenant. Reason: '1234123412341234123412341234123412341234123412341234123412341234123412341234123412341234123412341234123412341234123412341234123412341234123412341234123412341234123412341234123412341234123412341234123412341234123412341234123412341234123412341234123412341234123412341234123412341234123412341234123412341234123412341234123412341234123412341234123412341234123412341234123412341234123412341234123412341234' exceeds maximum length of 255. [pid: 7|app: 0|req: 1344/2506] 10.0.0.54 () {34 vars in 680 bytes} [Fri May 8 02:18:49 2026] POST /v2.0/rbac-policies => generated 547 bytes in 6 msecs (HTTP/1.1 400) 4 headers in 166 bytes (1 switches on core 0)
2026-05-08 02:18:50.002 8 INFO neutron.db.ovn_revision_numbers_db [None req-b63171c2-8e52-4932-bdd3-ffd91c29d29a 23fd863c063c4efd8ed7c4d2c31871f6 f6e3768e47ca43399ab3fa8a2d0e712b - - default default] Successfully bumped revision number for resource 32284b20-2181-4042-a60f-d1568086822c (type: ports) to 1 [pid: 7|app: 0|req: 1347/2509] 10.0.0.54 () {34 vars in 752 bytes} [Fri May 8 02:18:49 2026] PUT /v2.0/networks/83549599-735d-454f-af32-23bf9f953b39/tags => generated 25 bytes in 127 msecs (HTTP/1.1 200) 4 headers in 156 bytes (1 switches on core 0) [pid: 8|app: 0|req: 1163/2510] 10.0.0.54 () {34 vars in 669 bytes} [Fri May 8 02:18:48 2026] POST /v2.0/networks => generated 651 bytes in 1453 msecs (HTTP/1.1 201) 4 headers in 162 bytes (1 switches on core 0) [pid: 7|app: 0|req: 1348/2511] 10.0.0.54 () {32 vars in 662 bytes} [Fri May 8 02:18:50 2026] GET /v2.0/vpn/vpnservices => generated 1305 bytes in 11 msecs (HTTP/1.1 200) 4 headers in 158 bytes (1 switches on core 0)
2026-05-08 02:18:50.160 8 INFO neutron_taas.services.taas.taas_plugin [None req-11eb077e-207e-4428-b640-550444fd89b4 a45c645efd634f3e92c0adb1a927a04f 77dd178850ea4c7fb5cb10bf9a4d8512 - - default default] TaaS: Handle Delete Port: a473af1f-1275-4fd7-a74b-a644e97eba33
2026-05-08 02:18:50.164 8 INFO neutron_taas.services.taas.tap_mirror_plugin [None req-11eb077e-207e-4428-b640-550444fd89b4 a45c645efd634f3e92c0adb1a927a04f 77dd178850ea4c7fb5cb10bf9a4d8512 - - default default] Tap Mirror: Handle Delete Port: a473af1f-1275-4fd7-a74b-a644e97eba33
2026-05-08 02:18:50.244 7 WARNING neutron.scheduler.dhcp_agent_scheduler [None req-08a22246-5614-4c6d-8b82-a1dd19638a1a 23fd863c063c4efd8ed7c4d2c31871f6 f6e3768e47ca43399ab3fa8a2d0e712b - - default default] No more DHCP agents
2026-05-08 02:18:50.245 7 WARNING neutron.api.rpc.agentnotifiers.dhcp_rpc_agent_api [None req-08a22246-5614-4c6d-8b82-a1dd19638a1a 23fd863c063c4efd8ed7c4d2c31871f6 f6e3768e47ca43399ab3fa8a2d0e712b - - default default] Unable to schedule network f86e379b-6be6-4864-bbec-6c461ae3179b: no agents available; will retry on subsequent port and subnet creation events.
2026-05-08 02:18:50.371 7 INFO neutron.db.ovn_revision_numbers_db [None req-08a22246-5614-4c6d-8b82-a1dd19638a1a 23fd863c063c4efd8ed7c4d2c31871f6 f6e3768e47ca43399ab3fa8a2d0e712b - - default default] Successfully bumped revision number for resource 2a66b584-fbfa-404b-ab60-bf7b4cbacff9 (type: ports) to 1 [pid: 7|app: 0|req: 1349/2512] 10.0.0.54 () {34 vars in 663 bytes} [Fri May 8 02:18:50 2026] POST /v2.0/ports => generated 743 bytes in 407 msecs (HTTP/1.1 201) 4 headers in 162 bytes (1 switches on core 0) /var/lib/openstack/lib/python3.12/site-packages/pycadf/identifier.py:70: UserWarning: Invalid uuid: neutron. To ensure interoperability, identifiers should be a valid uuid. warnings.warn(('Invalid uuid: %s. To ensure interoperability, ' [pid: 7|app: 0|req: 1350/2513] 10.0.0.54 () {32 vars in 732 bytes} [Fri May 8 02:18:50 2026] GET /v2.0/networks/83549599-735d-454f-af32-23bf9f953b39/tags => generated 25 bytes in 46 msecs (HTTP/1.1 200) 4 headers in 156 bytes (1 switches on core 0)
2026-05-08 02:18:50.537 8 INFO neutron.services.segments.plugin [-] Segment 0e6ae842-f414-493f-8677-7c04678b7850 resource provider aggregate not found
2026-05-08 02:18:50.543 8 INFO neutron.services.segments.plugin [-] Segment 0e6ae842-f414-493f-8677-7c04678b7850 resource provider aggregate not found
2026-05-08 02:18:50.559 8 INFO neutron.services.segments.plugin [-] Segment 0e6ae842-f414-493f-8677-7c04678b7850 resource provider not found; error: Placement Client Error (4xx): {"errors": [{"status": 404, "title": "Not Found", "detail": "The resource could not be found.\n\n No resource provider with uuid 0e6ae842-f414-493f-8677-7c04678b7850 found for delete ", "request_id": "req-a646411e-c456-4bef-adf1-8d558375082e"}]}
2026-05-08 02:18:50.563 8 INFO neutron.services.segments.plugin [-] Segment 0e6ae842-f414-493f-8677-7c04678b7850 resource provider not found; error: Placement Client Error (4xx): {"errors": [{"status": 404, "title": "Not Found", "detail": "The resource could not be found.\n\n No resource provider with uuid 0e6ae842-f414-493f-8677-7c04678b7850 found for delete ", "request_id": "req-78a31cb4-3b50-4075-ba03-01bc677d6044"}]} [pid: 8|app: 0|req: 1164/2514] 10.0.0.54 () {32 vars in 725 bytes} [Fri May 8 02:18:50 2026] DELETE /v2.0/networks/d70738f9-f2ad-4dfb-b203-5f5976977840 => generated 0 bytes in 579 msecs (HTTP/1.1 204) 3 headers in 131 bytes (1 switches on core 0)
2026-05-08 02:18:50.687 8 INFO neutron.db.segments_db [None req-5ed6d3b9-a47c-4f3a-b943-218c4e7dd41a 23fd863c063c4efd8ed7c4d2c31871f6 f6e3768e47ca43399ab3fa8a2d0e712b - - default default] Added segment b3a5c5ab-34ed-437e-92d0-3236b16a9f62 of type geneve for network 0a35d4a6-816c-4aae-98bc-c19968efbd7c
2026-05-08 02:18:50.729 7 INFO neutron_taas.services.taas.taas_plugin [None req-ec13c45a-5328-45f6-abd4-a3d5d9dff166 12f90be5d5594763a97dc0b80d9d9dab 0b82827f019244e2bd42e5a697b5510c - - default default] TaaS: Handle Delete Port: 0a42adc2-9f31-4ce5-b916-7095904c585e
2026-05-08 02:18:50.732 7 INFO neutron_taas.services.taas.tap_mirror_plugin [None req-ec13c45a-5328-45f6-abd4-a3d5d9dff166 12f90be5d5594763a97dc0b80d9d9dab 0b82827f019244e2bd42e5a697b5510c - - default default] Tap Mirror: Handle Delete Port: 0a42adc2-9f31-4ce5-b916-7095904c585e
2026-05-08 02:18:50.801 8 INFO neutron.db.ovn_revision_numbers_db [None req-5ed6d3b9-a47c-4f3a-b943-218c4e7dd41a 23fd863c063c4efd8ed7c4d2c31871f6 f6e3768e47ca43399ab3fa8a2d0e712b - - default default] Successfully bumped revision number for resource 0a35d4a6-816c-4aae-98bc-c19968efbd7c (type: networks) to 1
2026-05-08 02:18:50.954 8 WARNING neutron.scheduler.dhcp_agent_scheduler [None req-5ed6d3b9-a47c-4f3a-b943-218c4e7dd41a 23fd863c063c4efd8ed7c4d2c31871f6 f6e3768e47ca43399ab3fa8a2d0e712b - - default default] No more DHCP agents
2026-05-08 02:18:50.956 8 WARNING neutron.api.rpc.agentnotifiers.dhcp_rpc_agent_api [None req-5ed6d3b9-a47c-4f3a-b943-218c4e7dd41a 23fd863c063c4efd8ed7c4d2c31871f6 f6e3768e47ca43399ab3fa8a2d0e712b - - default default] Unable to schedule network 0a35d4a6-816c-4aae-98bc-c19968efbd7c: no agents available; will retry on subsequent port and subnet creation events.
2026-05-08 02:18:51.063 7 INFO neutron_taas.services.taas.taas_plugin [None req-5edf07c3-c4b4-4481-b4e5-046099f4e065 - - - - - -] TaaS: Handle Delete Port: bd176c82-594d-41f9-adb5-7e4f0a2bbccf
2026-05-08 02:18:51.066 7 INFO neutron_taas.services.taas.tap_mirror_plugin [None req-5edf07c3-c4b4-4481-b4e5-046099f4e065 - - - - - -] Tap Mirror: Handle Delete Port: bd176c82-594d-41f9-adb5-7e4f0a2bbccf
2026-05-08 02:18:51.072 8 INFO neutron.db.ovn_revision_numbers_db [None req-5ed6d3b9-a47c-4f3a-b943-218c4e7dd41a 23fd863c063c4efd8ed7c4d2c31871f6 f6e3768e47ca43399ab3fa8a2d0e712b - - default default] Successfully bumped revision number for resource d393076f-2bd5-4fc0-9eed-6cae7e7bb2bb (type: ports) to 1 [pid: 8|app: 0|req: 1165/2515] 10.0.0.54 () {34 vars in 669 bytes} [Fri May 8 02:18:50 2026] POST /v2.0/networks => generated 651 bytes in 488 msecs (HTTP/1.1 201) 4 headers in 162 bytes (1 switches on core 0) [pid: 8|app: 0|req: 1166/2516] 10.0.0.54 () {34 vars in 752 bytes} [Fri May 8 02:18:51 2026] PUT /v2.0/networks/96f3842b-cd6a-438e-a246-00642b18be51/tags => generated 17 bytes in 65 msecs (HTTP/1.1 200) 4 headers in 156 bytes (1 switches on core 0)
2026-05-08 02:18:51.259 8 INFO neutron.db.segments_db [None req-4a0f1d56-d312-4d1a-b7c6-bfba9a486974 a45c645efd634f3e92c0adb1a927a04f 77dd178850ea4c7fb5cb10bf9a4d8512 - - default default] Added segment fcc5965e-dab2-406d-bdc4-23147ab3a0b1 of type geneve for network 3bc675e3-fe3c-4c72-adcc-672c816ff7f5
2026-05-08 02:18:51.397 8 INFO neutron.db.ovn_revision_numbers_db [None req-4a0f1d56-d312-4d1a-b7c6-bfba9a486974 a45c645efd634f3e92c0adb1a927a04f 77dd178850ea4c7fb5cb10bf9a4d8512 - - default default] Successfully bumped revision number for resource 3bc675e3-fe3c-4c72-adcc-672c816ff7f5 (type: networks) to 1
2026-05-08 02:18:51.539 7 INFO neutron_taas.services.taas.taas_plugin [None req-220c1bed-4412-4189-bc01-bc05a58c7d59 - - - - - -] TaaS: Handle Delete Port: 55f452ef-9d6a-443d-ab8b-622b381a1bbb
2026-05-08 02:18:51.541 8 WARNING neutron.scheduler.dhcp_agent_scheduler [None req-4a0f1d56-d312-4d1a-b7c6-bfba9a486974 a45c645efd634f3e92c0adb1a927a04f 77dd178850ea4c7fb5cb10bf9a4d8512 - - default default] No more DHCP agents
2026-05-08 02:18:51.543 8 WARNING neutron.api.rpc.agentnotifiers.dhcp_rpc_agent_api [None req-4a0f1d56-d312-4d1a-b7c6-bfba9a486974 a45c645efd634f3e92c0adb1a927a04f 77dd178850ea4c7fb5cb10bf9a4d8512 - - default default] Unable to schedule network 3bc675e3-fe3c-4c72-adcc-672c816ff7f5: no agents available; will retry on subsequent port and subnet creation events.
2026-05-08 02:18:51.543 7 INFO neutron_taas.services.taas.tap_mirror_plugin [None req-220c1bed-4412-4189-bc01-bc05a58c7d59 - - - - - -] Tap Mirror: Handle Delete Port: 55f452ef-9d6a-443d-ab8b-622b381a1bbb
2026-05-08 02:18:51.671 8 INFO neutron.db.ovn_revision_numbers_db [None req-4a0f1d56-d312-4d1a-b7c6-bfba9a486974 a45c645efd634f3e92c0adb1a927a04f 77dd178850ea4c7fb5cb10bf9a4d8512 - - default default] Successfully bumped revision number for resource 8e3e2dea-7ef9-4b7e-b763-e4d53c393ee1 (type: ports) to 1 [pid: 8|app: 0|req: 1167/2517] 10.0.0.54 () {34 vars in 669 bytes} [Fri May 8 02:18:51 2026] POST /v2.0/networks => generated 748 bytes in 536 msecs (HTTP/1.1 201) 4 headers in 162 bytes (1 switches on core 0)
2026-05-08 02:18:52.017 8 WARNING neutron.scheduler.dhcp_agent_scheduler [None req-0cbf1a81-6183-49af-bd28-ab6bc7f347fe 23fd863c063c4efd8ed7c4d2c31871f6 f6e3768e47ca43399ab3fa8a2d0e712b - - default default] No more DHCP agents
2026-05-08 02:18:52.018 8 WARNING neutron.api.rpc.agentnotifiers.dhcp_rpc_agent_api [None req-0cbf1a81-6183-49af-bd28-ab6bc7f347fe 23fd863c063c4efd8ed7c4d2c31871f6 f6e3768e47ca43399ab3fa8a2d0e712b - - default default] Unable to schedule network 0a35d4a6-816c-4aae-98bc-c19968efbd7c: no agents available; will retry on subsequent port and subnet creation events.
2026-05-08 02:18:52.148 8 INFO neutron.db.ovn_revision_numbers_db [None req-0cbf1a81-6183-49af-bd28-ab6bc7f347fe 23fd863c063c4efd8ed7c4d2c31871f6 f6e3768e47ca43399ab3fa8a2d0e712b - - default default] Successfully bumped revision number for resource ef40a94d-343e-4a0c-9a89-840a643ef302 (type: ports) to 1 [pid: 8|app: 0|req: 1168/2518] 10.0.0.54 () {34 vars in 663 bytes} [Fri May 8 02:18:51 2026] POST /v2.0/ports => generated 743 bytes in 504 msecs (HTTP/1.1 201) 4 headers in 162 bytes (1 switches on core 0) /var/lib/openstack/lib/python3.12/site-packages/pycadf/identifier.py:70: UserWarning: Invalid uuid: neutron. To ensure interoperability, identifiers should be a valid uuid. warnings.warn(('Invalid uuid: %s. To ensure interoperability, ' [pid: 8|app: 0|req: 1169/2519] 10.0.0.54 () {32 vars in 732 bytes} [Fri May 8 02:18:52 2026] GET /v2.0/networks/96f3842b-cd6a-438e-a246-00642b18be51/tags => generated 17 bytes in 39 msecs (HTTP/1.1 200) 4 headers in 156 bytes (1 switches on core 0)
2026-05-08 02:18:52.393 8 WARNING neutron.scheduler.dhcp_agent_scheduler [None req-f41cee7b-64f2-4f5d-9165-5d8b458443cd a45c645efd634f3e92c0adb1a927a04f 77dd178850ea4c7fb5cb10bf9a4d8512 - - default default] No more DHCP agents
2026-05-08 02:18:52.396 8 WARNING neutron.api.rpc.agentnotifiers.dhcp_rpc_agent_api [None req-f41cee7b-64f2-4f5d-9165-5d8b458443cd a45c645efd634f3e92c0adb1a927a04f 77dd178850ea4c7fb5cb10bf9a4d8512 - - default default] Unable to schedule network 3bc675e3-fe3c-4c72-adcc-672c816ff7f5: no agents available; will retry on subsequent port and subnet creation events.
2026-05-08 02:18:52.522 7 INFO neutron_taas.services.taas.taas_plugin [None req-220c1bed-4412-4189-bc01-bc05a58c7d59 - - - - - -] TaaS: Handle Delete Port: 9caf71c5-1b95-4d76-9964-7aa059de0f8b
2026-05-08 02:18:52.526 7 INFO neutron_taas.services.taas.tap_mirror_plugin [None req-220c1bed-4412-4189-bc01-bc05a58c7d59 - - - - - -] Tap Mirror: Handle Delete Port: 9caf71c5-1b95-4d76-9964-7aa059de0f8b
2026-05-08 02:18:52.721 7 INFO neutron.services.segments.plugin [-] Segment 054cdfb7-8005-4af9-ae82-9a13a4466cfe resource provider aggregate not found
2026-05-08 02:18:52.725 7 INFO neutron.services.segments.plugin [-] Segment 054cdfb7-8005-4af9-ae82-9a13a4466cfe resource provider aggregate not found
2026-05-08 02:18:52.741 7 INFO neutron.services.segments.plugin [-] Segment 054cdfb7-8005-4af9-ae82-9a13a4466cfe resource provider not found; error: Placement Client Error (4xx): {"errors": [{"status": 404, "title": "Not Found", "detail": "The resource could not be found.\n\n No resource provider with uuid 054cdfb7-8005-4af9-ae82-9a13a4466cfe found for delete ", "request_id": "req-da618093-77a8-4c1f-8ed3-bbda881cb861"}]}
2026-05-08 02:18:52.746 7 INFO neutron.services.segments.plugin [-] Segment 054cdfb7-8005-4af9-ae82-9a13a4466cfe resource provider not found; error: Placement Client Error (4xx): {"errors": [{"status": 404, "title": "Not Found", "detail": "The resource could not be found.\n\n No resource provider with uuid 054cdfb7-8005-4af9-ae82-9a13a4466cfe found for delete ", "request_id": "req-f43bc19d-73ab-45ff-8305-2684ca4080c3"}]} [pid: 7|app: 0|req: 1351/2520] 10.0.0.54 () {32 vars in 739 bytes} [Fri May 8 02:18:50 2026] DELETE /v2.0/vpn/vpnservices/4002d53a-4864-4588-9e9f-e890aba80714 => generated 0 bytes in 2295 msecs (HTTP/1.1 204) 2 headers in 112 bytes (1 switches on core 0) /var/lib/openstack/lib/python3.12/site-packages/pycadf/identifier.py:70: UserWarning: Invalid uuid: neutron. To ensure interoperability, identifiers should be a valid uuid. warnings.warn(('Invalid uuid: %s. To ensure interoperability, '
2026-05-08 02:18:52.871 8 INFO neutron.db.ovn_revision_numbers_db [None req-a95488e3-dd03-4a52-9d76-d2ea5256b217 - - - - - -] Successfully bumped revision number for resource 8e3e2dea-7ef9-4b7e-b763-e4d53c393ee1 (type: ports) to 2
2026-05-08 02:18:52.892 7 INFO neutron.db.segments_db [None req-11bf7198-d793-4da2-b9be-01ded6bad855 23fd863c063c4efd8ed7c4d2c31871f6 f6e3768e47ca43399ab3fa8a2d0e712b - - default default] Added segment b1f57534-dc68-4b6f-8dd5-69d3ec92ccf8 of type geneve for network 5cb8a614-90cc-4a28-abfc-d1a237e46746
2026-05-08 02:18:52.906 8 INFO neutron.db.ovn_revision_numbers_db [None req-a95488e3-dd03-4a52-9d76-d2ea5256b217 - - - - - -] Successfully bumped revision number for resource d1465a16-1912-41af-ada3-93d0b1892853 (type: subnets) to 0 [pid: 8|app: 0|req: 1170/2521] 10.0.0.54 () {34 vars in 668 bytes} [Fri May 8 02:18:52 2026] POST /v2.0/subnets => generated 647 bytes in 684 msecs (HTTP/1.1 201) 4 headers in 162 bytes (1 switches on core 0) [pid: 8|app: 0|req: 1171/2522] 10.0.0.54 () {34 vars in 752 bytes} [Fri May 8 02:18:52 2026] PUT /v2.0/networks/96f3842b-cd6a-438e-a246-00642b18be51/tags => generated 12 bytes in 48 msecs (HTTP/1.1 200) 4 headers in 156 bytes (1 switches on core 0) [pid: 8|app: 0|req: 1172/2523] 10.0.0.54 () {32 vars in 662 bytes} [Fri May 8 02:18:52 2026] GET /v2.0/vpn/vpnservices => generated 860 bytes in 11 msecs (HTTP/1.1 200) 4 headers in 157 bytes (1 switches on core 0)
2026-05-08 02:18:53.025 7 INFO neutron.db.ovn_revision_numbers_db [None req-11bf7198-d793-4da2-b9be-01ded6bad855 23fd863c063c4efd8ed7c4d2c31871f6 f6e3768e47ca43399ab3fa8a2d0e712b - - default default] Successfully bumped revision number for resource 5cb8a614-90cc-4a28-abfc-d1a237e46746 (type: networks) to 1
2026-05-08 02:18:53.197 7 WARNING neutron.scheduler.dhcp_agent_scheduler [None req-11bf7198-d793-4da2-b9be-01ded6bad855 23fd863c063c4efd8ed7c4d2c31871f6 f6e3768e47ca43399ab3fa8a2d0e712b - - default default] No more DHCP agents
2026-05-08 02:18:53.199 7 WARNING neutron.api.rpc.agentnotifiers.dhcp_rpc_agent_api [None req-11bf7198-d793-4da2-b9be-01ded6bad855 23fd863c063c4efd8ed7c4d2c31871f6 f6e3768e47ca43399ab3fa8a2d0e712b - - default default] Unable to schedule network 5cb8a614-90cc-4a28-abfc-d1a237e46746: no agents available; will retry on subsequent port and subnet creation events. [pid: 8|app: 0|req: 1173/2524] 10.0.0.54 () {34 vars in 680 bytes} [Fri May 8 02:18:52 2026] POST /v2.0/rbac-policies => generated 324 bytes in 244 msecs (HTTP/1.1 201) 4 headers in 162 bytes (1 switches on core 0)
2026-05-08 02:18:53.304 7 INFO neutron.db.ovn_revision_numbers_db [None req-11bf7198-d793-4da2-b9be-01ded6bad855 23fd863c063c4efd8ed7c4d2c31871f6 f6e3768e47ca43399ab3fa8a2d0e712b - - default default] Successfully bumped revision number for resource f0f9758d-e6e2-4bae-8a54-3e3a3ed8b04b (type: ports) to 1 [pid: 8|app: 0|req: 1174/2525] 10.0.0.54 () {32 vars in 732 bytes} [Fri May 8 02:18:53 2026] GET /v2.0/networks/96f3842b-cd6a-438e-a246-00642b18be51/tags => generated 12 bytes in 92 msecs (HTTP/1.1 200) 4 headers in 156 bytes (1 switches on core 0) [pid: 7|app: 0|req: 1352/2526] 10.0.0.54 () {34 vars in 669 bytes} [Fri May 8 02:18:52 2026] POST /v2.0/networks => generated 651 bytes in 543 msecs (HTTP/1.1 201) 4 headers in 162 bytes (1 switches on core 0) [pid: 7|app: 0|req: 1353/2527] 10.0.0.54 () {32 vars in 732 bytes} [Fri May 8 02:18:53 2026] GET /v2.0/networks/83549599-735d-454f-af32-23bf9f953b39/tags => generated 25 bytes in 37 msecs (HTTP/1.1 200) 4 headers in 156 bytes (1 switches on core 0)
2026-05-08 02:18:53.386 8 INFO neutron.api.v2.resource [None req-8d774521-6fab-42e6-8d95-3742661fe18e 12f90be5d5594763a97dc0b80d9d9dab 0b82827f019244e2bd42e5a697b5510c - - default default] create failed (client error): The server could not comply with the request since it is either malformed or otherwise incorrect. [pid: 8|app: 0|req: 1175/2528] 10.0.0.54 () {34 vars in 706 bytes} [Fri May 8 02:18:53 2026] POST /v2.0/vpn/ipsec-site-connections => generated 127 bytes in 67 msecs (HTTP/1.1 400) 4 headers in 166 bytes (1 switches on core 0)
2026-05-08 02:18:53.499 8 INFO neutron_taas.services.taas.taas_plugin [None req-ac6e5601-fe3e-4762-899a-db707d4e433b 164f8d2931e542c0b19dd3368564b48a 4d3d5687bc664d998026d7b3bd85a6f9 - - default default] TaaS: Handle Delete Port: 6d37ea2a-d0f0-4d39-a291-9fbea5d6528b
2026-05-08 02:18:53.501 8 INFO neutron_taas.services.taas.tap_mirror_plugin [None req-ac6e5601-fe3e-4762-899a-db707d4e433b 164f8d2931e542c0b19dd3368564b48a 4d3d5687bc664d998026d7b3bd85a6f9 - - default default] Tap Mirror: Handle Delete Port: 6d37ea2a-d0f0-4d39-a291-9fbea5d6528b
2026-05-08 02:18:53.573 7 WARNING neutron.scheduler.dhcp_agent_scheduler [None req-79fa4341-bd6e-4d82-aec9-41851a6e3f9a 23fd863c063c4efd8ed7c4d2c31871f6 f6e3768e47ca43399ab3fa8a2d0e712b - - default default] No more DHCP agents
2026-05-08 02:18:53.583 7 WARNING neutron.api.rpc.agentnotifiers.dhcp_rpc_agent_api [None req-79fa4341-bd6e-4d82-aec9-41851a6e3f9a 23fd863c063c4efd8ed7c4d2c31871f6 f6e3768e47ca43399ab3fa8a2d0e712b - - default default] Unable to schedule network 5cb8a614-90cc-4a28-abfc-d1a237e46746: no agents available; will retry on subsequent port and subnet creation events.
2026-05-08 02:18:53.729 7 INFO neutron.db.ovn_revision_numbers_db [None req-79fa4341-bd6e-4d82-aec9-41851a6e3f9a 23fd863c063c4efd8ed7c4d2c31871f6 f6e3768e47ca43399ab3fa8a2d0e712b - - default default] Successfully bumped revision number for resource 699a2339-5de4-4864-90b0-96435c12cfd3 (type: ports) to 1
2026-05-08 02:18:53.762 8 INFO neutron.services.segments.plugin [-] Segment cc839f20-4569-4577-8386-d5bf136afe14 resource provider aggregate not found
2026-05-08 02:18:53.766 8 INFO neutron.services.segments.plugin [-] Segment cc839f20-4569-4577-8386-d5bf136afe14 resource provider aggregate not found [pid: 7|app: 0|req: 1354/2529] 10.0.0.54 () {34 vars in 663 bytes} [Fri May 8 02:18:53 2026] POST /v2.0/ports => generated 743 bytes in 409 msecs (HTTP/1.1 201) 4 headers in 162 bytes (1 switches on core 0) /var/lib/openstack/lib/python3.12/site-packages/pycadf/identifier.py:70: UserWarning: Invalid uuid: neutron. To ensure interoperability, identifiers should be a valid uuid. warnings.warn(('Invalid uuid: %s. To ensure interoperability, '
2026-05-08 02:18:53.784 8 INFO neutron.services.segments.plugin [-] Segment cc839f20-4569-4577-8386-d5bf136afe14 resource provider not found; error: Placement Client Error (4xx): {"errors": [{"status": 404, "title": "Not Found", "detail": "The resource could not be found.\n\n No resource provider with uuid cc839f20-4569-4577-8386-d5bf136afe14 found for delete ", "request_id": "req-bc767402-abe4-44f4-b967-277bbcce16a7"}]}
2026-05-08 02:18:53.787 8 INFO neutron.services.segments.plugin [-] Segment cc839f20-4569-4577-8386-d5bf136afe14 resource provider not found; error: Placement Client Error (4xx): {"errors": [{"status": 404, "title": "Not Found", "detail": "The resource could not be found.\n\n No resource provider with uuid cc839f20-4569-4577-8386-d5bf136afe14 found for delete ", "request_id": "req-f0d8aac2-8824-460a-9122-c44aa2464061"}]} [pid: 8|app: 0|req: 1176/2530] 10.0.0.54 () {32 vars in 725 bytes} [Fri May 8 02:18:53 2026] DELETE /v2.0/networks/83549599-735d-454f-af32-23bf9f953b39 => generated 0 bytes in 440 msecs (HTTP/1.1 204) 3 headers in 131 bytes (1 switches on core 0)
2026-05-08 02:18:53.828 7 INFO neutron.api.v2.resource [None req-d9ff94fd-4ca5-4f88-afaa-888714555470 12f90be5d5594763a97dc0b80d9d9dab 0b82827f019244e2bd42e5a697b5510c - - default default] create failed (client error): The server could not comply with the request since it is either malformed or otherwise incorrect. [pid: 7|app: 0|req: 1355/2531] 10.0.0.54 () {34 vars in 706 bytes} [Fri May 8 02:18:53 2026] POST /v2.0/vpn/ipsec-site-connections => generated 136 bytes in 56 msecs (HTTP/1.1 400) 4 headers in 166 bytes (1 switches on core 0)
2026-05-08 02:18:53.902 7 INFO neutron.db.segments_db [None req-3576366c-190e-4bf0-a8e9-be96c22dcefb 23fd863c063c4efd8ed7c4d2c31871f6 f6e3768e47ca43399ab3fa8a2d0e712b - - default default] Added segment 613370d7-9b74-45ee-a14f-385b86600736 of type geneve for network fc91eaad-4b77-4109-9697-0982d72a8b28 [pid: 8|app: 0|req: 1177/2532] 10.0.0.54 () {32 vars in 722 bytes} [Fri May 8 02:18:53 2026] GET /v2.0/networks/3bc675e3-fe3c-4c72-adcc-672c816ff7f5 => generated 693 bytes in 75 msecs (HTTP/1.1 200) 4 headers in 157 bytes (1 switches on core 0)
2026-05-08 02:18:54.009 7 INFO neutron.db.ovn_revision_numbers_db [None req-3576366c-190e-4bf0-a8e9-be96c22dcefb 23fd863c063c4efd8ed7c4d2c31871f6 f6e3768e47ca43399ab3fa8a2d0e712b - - default default] Successfully bumped revision number for resource fc91eaad-4b77-4109-9697-0982d72a8b28 (type: networks) to 1
2026-05-08 02:18:54.027 8 INFO neutron_taas.services.taas.taas_plugin [None req-b3006907-000b-4edc-80ef-67b0d661e750 164f8d2931e542c0b19dd3368564b48a 4d3d5687bc664d998026d7b3bd85a6f9 - - default default] TaaS: Handle Delete Port: 664f61e5-ca49-4448-a906-b8d362f5cb6c
2026-05-08 02:18:54.029 8 INFO neutron_taas.services.taas.tap_mirror_plugin [None req-b3006907-000b-4edc-80ef-67b0d661e750 164f8d2931e542c0b19dd3368564b48a 4d3d5687bc664d998026d7b3bd85a6f9 - - default default] Tap Mirror: Handle Delete Port: 664f61e5-ca49-4448-a906-b8d362f5cb6c
2026-05-08 02:18:54.197 7 WARNING neutron.scheduler.dhcp_agent_scheduler [None req-3576366c-190e-4bf0-a8e9-be96c22dcefb 23fd863c063c4efd8ed7c4d2c31871f6 f6e3768e47ca43399ab3fa8a2d0e712b - - default default] No more DHCP agents
2026-05-08 02:18:54.199 7 WARNING neutron.api.rpc.agentnotifiers.dhcp_rpc_agent_api [None req-3576366c-190e-4bf0-a8e9-be96c22dcefb 23fd863c063c4efd8ed7c4d2c31871f6 f6e3768e47ca43399ab3fa8a2d0e712b - - default default] Unable to schedule network fc91eaad-4b77-4109-9697-0982d72a8b28: no agents available; will retry on subsequent port and subnet creation events.
2026-05-08 02:18:54.324 7 INFO neutron.db.ovn_revision_numbers_db [None req-3576366c-190e-4bf0-a8e9-be96c22dcefb 23fd863c063c4efd8ed7c4d2c31871f6 f6e3768e47ca43399ab3fa8a2d0e712b - - default default] Successfully bumped revision number for resource 6cbe518d-59fa-4e70-b393-74e3a910ecb1 (type: ports) to 1 [pid: 7|app: 0|req: 1356/2533] 10.0.0.54 () {34 vars in 669 bytes} [Fri May 8 02:18:53 2026] POST /v2.0/networks => generated 650 bytes in 529 msecs (HTTP/1.1 201) 4 headers in 162 bytes (1 switches on core 0)
2026-05-08 02:18:54.370 7 WARNING neutron.api.v2.base [None req-b5173cf2-8bf8-4c5a-8151-92af4d5ef6cb 12f90be5d5594763a97dc0b80d9d9dab 0b82827f019244e2bd42e5a697b5510c - - default default] An exception happened while processing the request body. The exception message is [Invalid input for dpd. Reason: '59' is not a dictionary.].: webob.exc.HTTPBadRequest: Invalid input for dpd. Reason: '59' is not a dictionary.
2026-05-08 02:18:54.371 7 INFO neutron.api.v2.resource [None req-b5173cf2-8bf8-4c5a-8151-92af4d5ef6cb 12f90be5d5594763a97dc0b80d9d9dab 0b82827f019244e2bd42e5a697b5510c - - default default] create failed (client error): Invalid input for dpd. Reason: '59' is not a dictionary. [pid: 7|app: 0|req: 1357/2534] 10.0.0.54 () {34 vars in 706 bytes} [Fri May 8 02:18:54 2026] POST /v2.0/vpn/ipsec-site-connections => generated 129 bytes in 13 msecs (HTTP/1.1 400) 4 headers in 166 bytes (1 switches on core 0) [pid: 8|app: 0|req: 1178/2535] 10.0.0.54 () {32 vars in 725 bytes} [Fri May 8 02:18:53 2026] DELETE /v2.0/networks/96f3842b-cd6a-438e-a246-00642b18be51 => generated 0 bytes in 474 msecs (HTTP/1.1 204) 3 headers in 131 bytes (1 switches on core 0)
2026-05-08 02:18:54.424 7 INFO neutron.pecan_wsgi.hooks.translation [None req-4697960b-2edf-479c-ace0-682c9b659bea 0580f7a864f64ff1a3fa076830cab6b3 8adcdb566b284a078592cbf5be548128 - - default default] GET failed (client error): The resource could not be found. [pid: 7|app: 0|req: 1358/2536] 10.0.0.54 () {32 vars in 722 bytes} [Fri May 8 02:18:54 2026] GET /v2.0/networks/3bc675e3-fe3c-4c72-adcc-672c816ff7f5 => generated 138 bytes in 54 msecs (HTTP/1.1 404) 4 headers in 164 bytes (1 switches on core 0) [pid: 7|app: 0|req: 1359/2537] 10.0.0.54 () {34 vars in 692 bytes} [Fri May 8 02:18:54 2026] POST /v2.0/vpn/endpoint-groups => generated 294 bytes in 36 msecs (HTTP/1.1 201) 4 headers in 162 bytes (1 switches on core 0)
2026-05-08 02:18:54.581 8 WARNING neutron.scheduler.dhcp_agent_scheduler [None req-753420f1-a93e-4ce8-91af-80d60a9777c8 23fd863c063c4efd8ed7c4d2c31871f6 f6e3768e47ca43399ab3fa8a2d0e712b - - default default] No more DHCP agents
2026-05-08 02:18:54.582 8 WARNING neutron.api.rpc.agentnotifiers.dhcp_rpc_agent_api [None req-753420f1-a93e-4ce8-91af-80d60a9777c8 23fd863c063c4efd8ed7c4d2c31871f6 f6e3768e47ca43399ab3fa8a2d0e712b - - default default] Unable to schedule network fc91eaad-4b77-4109-9697-0982d72a8b28: no agents available; will retry on subsequent port and subnet creation events.
2026-05-08 02:18:54.588 7 INFO neutron_taas.services.taas.taas_plugin [None req-ee229c56-5e98-4d7f-9366-4861e74eec2b a45c645efd634f3e92c0adb1a927a04f 77dd178850ea4c7fb5cb10bf9a4d8512 - - default default] TaaS: Handle Delete Port: 8e3e2dea-7ef9-4b7e-b763-e4d53c393ee1
2026-05-08 02:18:54.591 7 INFO neutron_taas.services.taas.tap_mirror_plugin [None req-ee229c56-5e98-4d7f-9366-4861e74eec2b a45c645efd634f3e92c0adb1a927a04f 77dd178850ea4c7fb5cb10bf9a4d8512 - - default default] Tap Mirror: Handle Delete Port: 8e3e2dea-7ef9-4b7e-b763-e4d53c393ee1
2026-05-08 02:18:54.708 8 INFO neutron.db.ovn_revision_numbers_db [None req-753420f1-a93e-4ce8-91af-80d60a9777c8 23fd863c063c4efd8ed7c4d2c31871f6 f6e3768e47ca43399ab3fa8a2d0e712b - - default default] Successfully bumped revision number for resource 1648a9f9-deaf-46a4-8847-0d08ae39c1cd (type: ports) to 1 [pid: 8|app: 0|req: 1179/2538] 10.0.0.54 () {34 vars in 663 bytes} [Fri May 8 02:18:54 2026] POST /v2.0/ports => generated 743 bytes in 393 msecs (HTTP/1.1 201) 4 headers in 162 bytes (1 switches on core 0) /var/lib/openstack/lib/python3.12/site-packages/pycadf/identifier.py:70: UserWarning: Invalid uuid: neutron. To ensure interoperability, identifiers should be a valid uuid. warnings.warn(('Invalid uuid: %s. To ensure interoperability, '
2026-05-08 02:18:54.811 8 INFO neutron.api.v2.resource [None req-fb9692b2-0430-4c02-b287-09b4c6a9509b 12f90be5d5594763a97dc0b80d9d9dab 0b82827f019244e2bd42e5a697b5510c - - default default] create failed (client error): The server could not comply with the request since it is either malformed or otherwise incorrect. [pid: 8|app: 0|req: 1180/2539] 10.0.0.54 () {34 vars in 706 bytes} [Fri May 8 02:18:54 2026] POST /v2.0/vpn/ipsec-site-connections => generated 149 bytes in 41 msecs (HTTP/1.1 400) 4 headers in 166 bytes (1 switches on core 0)
2026-05-08 02:18:54.915 7 INFO neutron.services.segments.plugin [-] Segment fcc5965e-dab2-406d-bdc4-23147ab3a0b1 resource provider aggregate not found
2026-05-08 02:18:54.917 8 INFO neutron.db.segments_db [None req-5f348f8c-3974-4e24-83f3-6693383c968f 23fd863c063c4efd8ed7c4d2c31871f6 f6e3768e47ca43399ab3fa8a2d0e712b - - default default] Added segment fe8d2ff1-49d2-4443-a9c2-eda96358fa32 of type geneve for network 7b14e2e6-4712-4211-8c17-639e5827036e
2026-05-08 02:18:54.919 7 INFO neutron.services.segments.plugin [-] Segment fcc5965e-dab2-406d-bdc4-23147ab3a0b1 resource provider aggregate not found
2026-05-08 02:18:54.936 7 INFO neutron.services.segments.plugin [-] Segment fcc5965e-dab2-406d-bdc4-23147ab3a0b1 resource provider not found; error: Placement Client Error (4xx): {"errors": [{"status": 404, "title": "Not Found", "detail": "The resource could not be found.\n\n No resource provider with uuid fcc5965e-dab2-406d-bdc4-23147ab3a0b1 found for delete ", "request_id": "req-c3ee17de-58d7-4052-b9af-5fc17e6f91c6"}]}
2026-05-08 02:18:54.939 7 INFO neutron.services.segments.plugin [-] Segment fcc5965e-dab2-406d-bdc4-23147ab3a0b1 resource provider not found; error: Placement Client Error (4xx): {"errors": [{"status": 404, "title": "Not Found", "detail": "The resource could not be found.\n\n No resource provider with uuid fcc5965e-dab2-406d-bdc4-23147ab3a0b1 found for delete ", "request_id": "req-ee9526ef-80df-42c8-ab82-620ff7bdab60"}]}
