2026-05-08 02:15:54.355 7 INFO neutron_taas.services.taas.taas_plugin [None req-643cc641-7174-4b49-99d9-0837a305b17e b62f9e36701b4deebcb1374c5322fe7b 13d9751846614fa089fbc8b761cafe58 - - default default] TaaS: Handle Delete Port: f63eed5d-8c98-4c21-b5a2-f31bedf703ff
2026-05-08 02:15:54.357 7 INFO neutron_taas.services.taas.tap_mirror_plugin [None req-643cc641-7174-4b49-99d9-0837a305b17e b62f9e36701b4deebcb1374c5322fe7b 13d9751846614fa089fbc8b761cafe58 - - default default] Tap Mirror: Handle Delete Port: f63eed5d-8c98-4c21-b5a2-f31bedf703ff [pid: 7|app: 0|req: 733/1346] 10.0.0.54 () {32 vars in 725 bytes} [Fri May 8 02:15:54 2026] DELETE /v2.0/networks/17459633-85e4-4dff-b53f-594547a81f78 => generated 0 bytes in 424 msecs (HTTP/1.1 204) 3 headers in 131 bytes (1 switches on core 0)
2026-05-08 02:15:54.644 8 INFO neutron.db.ovn_revision_numbers_db [None req-ea13bc77-a389-4d88-8bc0-9a1226b74d2a - - - - - -] Successfully bumped revision number for resource 59c6f6c7-7b28-42ea-8d42-f1172312567b (type: ports) to 2 [pid: 7|app: 0|req: 734/1347] 10.0.0.54 () {32 vars in 716 bytes} [Fri May 8 02:15:54 2026] GET /v2.0/ports/59c6f6c7-7b28-42ea-8d42-f1172312567b => generated 943 bytes in 35 msecs (HTTP/1.1 200) 4 headers in 157 bytes (1 switches on core 0)
2026-05-08 02:15:54.777 7 INFO neutron_taas.services.taas.taas_plugin [None req-cefdc86b-2bcc-4f6c-b0ab-03e49296312f b62f9e36701b4deebcb1374c5322fe7b 13d9751846614fa089fbc8b761cafe58 - - default default] TaaS: Handle Delete Port: cc1f0054-7bce-4b43-9f83-edbcac6f278d
2026-05-08 02:15:54.783 7 INFO neutron_taas.services.taas.tap_mirror_plugin [None req-cefdc86b-2bcc-4f6c-b0ab-03e49296312f b62f9e36701b4deebcb1374c5322fe7b 13d9751846614fa089fbc8b761cafe58 - - default default] Tap Mirror: Handle Delete Port: cc1f0054-7bce-4b43-9f83-edbcac6f278d [pid: 7|app: 0|req: 735/1348] 10.0.0.54 () {32 vars in 725 bytes} [Fri May 8 02:15:54 2026] DELETE /v2.0/networks/58ad18b9-a588-4383-8162-75cf7c4441d9 => generated 0 bytes in 325 msecs (HTTP/1.1 204) 3 headers in 131 bytes (1 switches on core 0)
2026-05-08 02:15:55.183 8 INFO neutron.db.ovn_revision_numbers_db [None req-597b59cb-1e76-407f-8b44-2eb6cb07882f - - - - - -] Successfully bumped revision number for resource cb586362-9c0c-47a4-9417-5d7308680f61 (type: ports) to 2
2026-05-08 02:15:55.232 7 INFO neutron_taas.services.taas.taas_plugin [None req-f75a6977-938b-4fce-ba2c-724aea95c5ae 930810ba4f1341d58f15166627b89532 00179e71e43e48989c49466c296480de - - default default] TaaS: Handle Delete Port: 59c6f6c7-7b28-42ea-8d42-f1172312567b
2026-05-08 02:15:55.235 7 INFO neutron_taas.services.taas.tap_mirror_plugin [None req-f75a6977-938b-4fce-ba2c-724aea95c5ae 930810ba4f1341d58f15166627b89532 00179e71e43e48989c49466c296480de - - default default] Tap Mirror: Handle Delete Port: 59c6f6c7-7b28-42ea-8d42-f1172312567b
2026-05-08 02:15:55.238 8 INFO neutron.db.ovn_revision_numbers_db [None req-597b59cb-1e76-407f-8b44-2eb6cb07882f - - - - - -] Successfully bumped revision number for resource abad8c00-a397-42e5-a238-1477f7a08de2 (type: subnets) to 1 [pid: 8|app: 0|req: 614/1349] 10.0.0.54 () {34 vars in 740 bytes} [Fri May 8 02:15:54 2026] PUT /v2.0/subnets/abad8c00-a397-42e5-a238-1477f7a08de2 => generated 656 bytes in 928 msecs (HTTP/1.1 200) 4 headers in 157 bytes (1 switches on core 0) [pid: 8|app: 0|req: 615/1350] 10.0.0.195 () {34 vars in 990 bytes} [Fri May 8 02:15:55 2026] GET /v2.0/ports?device_id=df687d75-e956-4166-b1d0-61f64dff3023 => generated 975 bytes in 65 msecs (HTTP/1.1 200) 4 headers in 157 bytes (1 switches on core 0)
2026-05-08 02:15:55.489 8 INFO neutron_taas.services.taas.taas_plugin [None req-9e70c585-1b72-4763-a241-487dc92fb456 b62f9e36701b4deebcb1374c5322fe7b 13d9751846614fa089fbc8b761cafe58 - - default default] TaaS: Handle Delete Port: 09e424a7-f936-4d8f-994d-c97d76546202
2026-05-08 02:15:55.492 8 INFO neutron_taas.services.taas.tap_mirror_plugin [None req-9e70c585-1b72-4763-a241-487dc92fb456 b62f9e36701b4deebcb1374c5322fe7b 13d9751846614fa089fbc8b761cafe58 - - default default] Tap Mirror: Handle Delete Port: 09e424a7-f936-4d8f-994d-c97d76546202 [pid: 7|app: 0|req: 736/1351] 10.0.0.54 () {34 vars in 788 bytes} [Fri May 8 02:15:55 2026] PUT /v2.0/routers/58743b5f-0fc2-4fe8-931b-b7ca8985e01c/remove_router_interface => generated 309 bytes in 621 msecs (HTTP/1.1 200) 4 headers in 157 bytes (1 switches on core 0) /var/lib/openstack/lib/python3.12/site-packages/pycadf/identifier.py:70: UserWarning: Invalid uuid: neutron. To ensure interoperability, identifiers should be a valid uuid. warnings.warn(('Invalid uuid: %s. To ensure interoperability, '
2026-05-08 02:15:55.692 8 INFO neutron.services.segments.plugin [-] Segment ee6623f7-88da-4658-9221-2039ee5a7c7c resource provider aggregate not found
2026-05-08 02:15:55.695 8 INFO neutron.services.segments.plugin [-] Segment ee6623f7-88da-4658-9221-2039ee5a7c7c resource provider aggregate not found
2026-05-08 02:15:55.703 8 INFO neutron.services.segments.plugin [-] Segment ee6623f7-88da-4658-9221-2039ee5a7c7c resource provider not found; error: Placement Client Error (4xx): {"errors": [{"status": 404, "title": "Not Found", "detail": "The resource could not be found.\n\n No resource provider with uuid ee6623f7-88da-4658-9221-2039ee5a7c7c found for delete ", "request_id": "req-39f6b4e1-5fac-414e-93b0-c806d08bdfd6"}]}
2026-05-08 02:15:55.712 8 INFO neutron.services.segments.plugin [-] Segment ee6623f7-88da-4658-9221-2039ee5a7c7c resource provider not found; error: Placement Client Error (4xx): {"errors": [{"status": 404, "title": "Not Found", "detail": "The resource could not be found.\n\n No resource provider with uuid ee6623f7-88da-4658-9221-2039ee5a7c7c found for delete ", "request_id": "req-525fd5a5-62e2-47c8-88a3-6c55d4e366ce"}]} [pid: 8|app: 0|req: 616/1352] 10.0.0.54 () {32 vars in 725 bytes} [Fri May 8 02:15:55 2026] DELETE /v2.0/networks/823a482f-7e82-48e9-a440-a84422096d3f => generated 0 bytes in 425 msecs (HTTP/1.1 204) 3 headers in 131 bytes (1 switches on core 0) [pid: 8|app: 0|req: 617/1353] 10.0.0.195 () {34 vars in 1040 bytes} [Fri May 8 02:15:55 2026] GET /v2.0/security-groups?id=c1169aed-06b2-43ca-acc5-4f8cc0ef167e&fields=id&fields=name => generated 114 bytes in 35 msecs (HTTP/1.1 200) 4 headers in 157 bytes (1 switches on core 0) [pid: 8|app: 0|req: 618/1354] 10.0.0.54 () {32 vars in 735 bytes} [Fri May 8 02:15:55 2026] GET /v2.0/ports?device_id=58743b5f-0fc2-4fe8-931b-b7ca8985e01c => generated 12 bytes in 15 msecs (HTTP/1.1 200) 4 headers in 156 bytes (1 switches on core 0)
2026-05-08 02:15:55.824 7 INFO neutron_taas.services.taas.taas_plugin [None req-597859c3-453d-4431-9d33-1a06be429f55 1e5bc1458c1c48388cac43e617177cc1 a88553e8a9644096b2aaf74cb36e8b2b - - default default] TaaS: Handle Delete Port: cb586362-9c0c-47a4-9417-5d7308680f61
2026-05-08 02:15:55.827 7 INFO neutron_taas.services.taas.tap_mirror_plugin [None req-597859c3-453d-4431-9d33-1a06be429f55 1e5bc1458c1c48388cac43e617177cc1 a88553e8a9644096b2aaf74cb36e8b2b - - default default] Tap Mirror: Handle Delete Port: cb586362-9c0c-47a4-9417-5d7308680f61 [pid: 8|app: 0|req: 619/1355] 10.0.0.54 () {32 vars in 723 bytes} [Fri May 8 02:15:55 2026] DELETE /v2.0/routers/58743b5f-0fc2-4fe8-931b-b7ca8985e01c => generated 0 bytes in 200 msecs (HTTP/1.1 204) 2 headers in 112 bytes (1 switches on core 0) [pid: 7|app: 0|req: 737/1356] 10.0.0.54 () {32 vars in 725 bytes} [Fri May 8 02:15:55 2026] DELETE /v2.0/networks/74034dfa-09d2-40ba-befe-a15e41054d18 => generated 0 bytes in 577 msecs (HTTP/1.1 204) 3 headers in 131 bytes (1 switches on core 0)
2026-05-08 02:15:56.201 7 INFO neutron.services.segments.plugin [-] Segment bf278181-1f17-4752-b584-536ce7578727 resource provider aggregate not found
2026-05-08 02:15:56.207 7 INFO neutron.services.segments.plugin [-] Segment bf278181-1f17-4752-b584-536ce7578727 resource provider aggregate not found
2026-05-08 02:15:56.217 7 INFO neutron.services.segments.plugin [-] Segment bf278181-1f17-4752-b584-536ce7578727 resource provider not found; error: Placement Client Error (4xx): {"errors": [{"status": 404, "title": "Not Found", "detail": "The resource could not be found.\n\n No resource provider with uuid bf278181-1f17-4752-b584-536ce7578727 found for delete ", "request_id": "req-979d56ac-ea93-4fff-b7dd-11672f2a704d"}]} [pid: 8|app: 0|req: 620/1357] 10.0.0.54 () {32 vars in 723 bytes} [Fri May 8 02:15:56 2026] DELETE /v2.0/subnets/89958fed-18b7-471f-8cfb-ae7e9a411794 => generated 0 bytes in 211 msecs (HTTP/1.1 204) 3 headers in 131 bytes (1 switches on core 0)
2026-05-08 02:15:56.232 7 INFO neutron.services.segments.plugin [-] Segment f3dbb867-b099-4240-94dc-83ca8d595465 resource provider aggregate not found
2026-05-08 02:15:56.239 7 INFO neutron.pecan_wsgi.hooks.translation [None req-432aef8a-7938-4158-8360-e41be75988ba 1e5bc1458c1c48388cac43e617177cc1 a88553e8a9644096b2aaf74cb36e8b2b - - default default] DELETE failed (client error): The resource could not be found. [pid: 7|app: 0|req: 738/1358] 10.0.0.54 () {32 vars in 725 bytes} [Fri May 8 02:15:56 2026] DELETE /v2.0/networks/74034dfa-09d2-40ba-befe-a15e41054d18 => generated 138 bytes in 40 msecs (HTTP/1.1 404) 4 headers in 164 bytes (1 switches on core 0)
2026-05-08 02:15:56.245 7 INFO neutron.services.segments.plugin [-] Segment bf278181-1f17-4752-b584-536ce7578727 resource provider not found; error: Placement Client Error (4xx): {"errors": [{"status": 404, "title": "Not Found", "detail": "The resource could not be found.\n\n No resource provider with uuid bf278181-1f17-4752-b584-536ce7578727 found for delete ", "request_id": "req-78f5f9a1-d663-4d93-a4a5-da1e3e271c2e"}]}
2026-05-08 02:15:56.253 7 INFO neutron.services.segments.plugin [-] Segment f3dbb867-b099-4240-94dc-83ca8d595465 resource provider not found; error: Placement Client Error (4xx): {"errors": [{"status": 404, "title": "Not Found", "detail": "The resource could not be found.\n\n No resource provider with uuid f3dbb867-b099-4240-94dc-83ca8d595465 found for delete ", "request_id": "req-326065fa-531c-482d-97bd-d449ce02675f"}]}
2026-05-08 02:15:56.278 7 INFO neutron.services.segments.plugin [-] Segment f3dbb867-b099-4240-94dc-83ca8d595465 resource provider aggregate not found
2026-05-08 02:15:56.290 7 INFO neutron.services.segments.plugin [-] Segment 562c261f-f278-457b-a87d-d9e882405fd1 resource provider aggregate not found
2026-05-08 02:15:56.300 7 INFO neutron.services.segments.plugin [-] Segment f3dbb867-b099-4240-94dc-83ca8d595465 resource provider not found; error: Placement Client Error (4xx): {"errors": [{"status": 404, "title": "Not Found", "detail": "The resource could not be found.\n\n No resource provider with uuid f3dbb867-b099-4240-94dc-83ca8d595465 found for delete ", "request_id": "req-a88501b3-650a-4e05-9fb0-595f8ec69220"}]}
2026-05-08 02:15:56.316 7 INFO neutron.services.segments.plugin [-] Segment 562c261f-f278-457b-a87d-d9e882405fd1 resource provider not found; error: Placement Client Error (4xx): {"errors": [{"status": 404, "title": "Not Found", "detail": "The resource could not be found.\n\n No resource provider with uuid 562c261f-f278-457b-a87d-d9e882405fd1 found for delete ", "request_id": "req-2e6f6d8c-8412-409c-83d8-c2360512bf31"}]}
2026-05-08 02:15:56.317 7 INFO neutron.services.segments.plugin [-] Segment 562c261f-f278-457b-a87d-d9e882405fd1 resource provider aggregate not found
2026-05-08 02:15:56.337 7 INFO neutron.services.segments.plugin [-] Segment 562c261f-f278-457b-a87d-d9e882405fd1 resource provider not found; error: Placement Client Error (4xx): {"errors": [{"status": 404, "title": "Not Found", "detail": "The resource could not be found.\n\n No resource provider with uuid 562c261f-f278-457b-a87d-d9e882405fd1 found for delete ", "request_id": "req-552ac8d4-2a17-4d20-a424-68cd257ca973"}]}
2026-05-08 02:15:56.341 8 INFO neutron_taas.services.taas.taas_plugin [None req-1c073e0d-9918-4323-80f4-4548744d0ef2 930810ba4f1341d58f15166627b89532 00179e71e43e48989c49466c296480de - - default default] TaaS: Handle Delete Port: da208e92-1f20-416c-8b03-ac943f45a130
2026-05-08 02:15:56.344 8 INFO neutron_taas.services.taas.tap_mirror_plugin [None req-1c073e0d-9918-4323-80f4-4548744d0ef2 930810ba4f1341d58f15166627b89532 00179e71e43e48989c49466c296480de - - default default] Tap Mirror: Handle Delete Port: da208e92-1f20-416c-8b03-ac943f45a130 [pid: 7|app: 0|req: 739/1359] 10.0.0.54 () {32 vars in 693 bytes} [Fri May 8 02:15:56 2026] GET /v2.0/networks?router%3Aexternal=True => generated 689 bytes in 93 msecs (HTTP/1.1 200) 4 headers in 157 bytes (1 switches on core 0) [pid: 7|app: 0|req: 740/1360] 10.0.0.54 () {32 vars in 773 bytes} [Fri May 8 02:15:56 2026] GET /v2.0/security-groups?tenant_id=13d9751846614fa089fbc8b761cafe58&name=default => generated 2925 bytes in 222 msecs (HTTP/1.1 200) 4 headers in 158 bytes (1 switches on core 0) [pid: 7|app: 0|req: 741/1361] 10.0.0.54 () {32 vars in 741 bytes} [Fri May 8 02:15:56 2026] GET /v2.0/subnets?network_id=3fe954c3-4c5d-4b9b-9783-90a7b9cc2d7d => generated 649 bytes in 21 msecs (HTTP/1.1 200) 4 headers in 157 bytes (1 switches on core 0) [pid: 8|app: 0|req: 621/1362] 10.0.0.54 () {32 vars in 725 bytes} [Fri May 8 02:15:56 2026] DELETE /v2.0/networks/70b5aac0-0041-42c6-8b69-145edb3a4a9d => generated 0 bytes in 439 msecs (HTTP/1.1 204) 3 headers in 131 bytes (1 switches on core 0) [pid: 8|app: 0|req: 622/1363] 10.0.0.54 () {32 vars in 652 bytes} [Fri May 8 02:15:56 2026] GET /v2.0/extensions => generated 20541 bytes in 4 msecs (HTTP/1.1 200) 4 headers in 159 bytes (1 switches on core 0) [pid: 7|app: 0|req: 742/1364] 10.0.0.54 () {32 vars in 739 bytes} [Fri May 8 02:15:56 2026] DELETE /v2.0/security-groups/0f6d7f21-4b81-4be2-a6cd-6e728b66e312 => generated 0 bytes in 313 msecs (HTTP/1.1 204) 2 headers in 112 bytes (1 switches on core 0) [pid: 7|app: 0|req: 743/1365] 10.0.0.54 () {32 vars in 648 bytes} [Fri May 8 02:15:56 2026] GET /v2.0/networks => generated 1388 bytes in 67 msecs (HTTP/1.1 200) 4 headers in 158 bytes (1 switches on core 0) [pid: 7|app: 0|req: 744/1366] 10.0.0.195 () {34 vars in 990 bytes} [Fri May 8 02:15:56 2026] GET /v2.0/ports?device_id=df687d75-e956-4166-b1d0-61f64dff3023 => generated 975 bytes in 72 msecs (HTTP/1.1 200) 4 headers in 157 bytes (1 switches on core 0) [pid: 7|app: 0|req: 745/1367] 10.0.0.54 () {32 vars in 646 bytes} [Fri May 8 02:15:57 2026] GET /v2.0/subnets => generated 1312 bytes in 36 msecs (HTTP/1.1 200) 4 headers in 158 bytes (1 switches on core 0)
2026-05-08 02:15:57.112 8 WARNING neutron.scheduler.dhcp_agent_scheduler [None req-db5ac9a4-17b1-48ab-b7f8-50e89b119cdb 930810ba4f1341d58f15166627b89532 00179e71e43e48989c49466c296480de - - default default] No more DHCP agents
2026-05-08 02:15:57.113 8 WARNING neutron.api.rpc.agentnotifiers.dhcp_rpc_agent_api [None req-db5ac9a4-17b1-48ab-b7f8-50e89b119cdb 930810ba4f1341d58f15166627b89532 00179e71e43e48989c49466c296480de - - default default] Unable to schedule network 3fe954c3-4c5d-4b9b-9783-90a7b9cc2d7d: no agents available; will retry on subsequent port and subnet creation events. [pid: 7|app: 0|req: 746/1368] 10.0.0.195 () {34 vars in 1040 bytes} [Fri May 8 02:15:57 2026] GET /v2.0/security-groups?id=c1169aed-06b2-43ca-acc5-4f8cc0ef167e&fields=id&fields=name => generated 114 bytes in 38 msecs (HTTP/1.1 200) 4 headers in 157 bytes (1 switches on core 0) [pid: 7|app: 0|req: 747/1369] 10.0.0.54 () {32 vars in 722 bytes} [Fri May 8 02:15:57 2026] GET /v2.0/networks/1bc8b895-25f2-4f76-a539-724c8d75cf3f => generated 710 bytes in 42 msecs (HTTP/1.1 200) 4 headers in 157 bytes (1 switches on core 0) [pid: 7|app: 0|req: 748/1370] 10.0.0.54 () {32 vars in 720 bytes} [Fri May 8 02:15:57 2026] GET /v2.0/subnets/e7ad5b66-e9a1-4979-92d4-1164341850bf => generated 673 bytes in 22 msecs (HTTP/1.1 200) 4 headers in 157 bytes (1 switches on core 0) [pid: 7|app: 0|req: 749/1371] 10.0.0.195 () {34 vars in 990 bytes} [Fri May 8 02:15:57 2026] GET /v2.0/ports?device_id=df687d75-e956-4166-b1d0-61f64dff3023 => generated 975 bytes in 27 msecs (HTTP/1.1 200) 4 headers in 157 bytes (1 switches on core 0)
2026-05-08 02:15:57.223 7 INFO neutron.pecan_wsgi.hooks.translation [None req-6e952ffe-64ee-419d-94b0-f58fb33cb622 1e5bc1458c1c48388cac43e617177cc1 a88553e8a9644096b2aaf74cb36e8b2b - - default default] DELETE failed (client error): The resource could not be found. [pid: 7|app: 0|req: 750/1372] 10.0.0.54 () {32 vars in 723 bytes} [Fri May 8 02:15:57 2026] DELETE /v2.0/subnets/abad8c00-a397-42e5-a238-1477f7a08de2 => generated 136 bytes in 16 msecs (HTTP/1.1 404) 4 headers in 164 bytes (1 switches on core 0)
2026-05-08 02:15:57.336 8 INFO neutron.db.ovn_revision_numbers_db [None req-db5ac9a4-17b1-48ab-b7f8-50e89b119cdb 930810ba4f1341d58f15166627b89532 00179e71e43e48989c49466c296480de - - default default] Successfully bumped revision number for resource 9c28876e-a4f2-4a9f-9885-b6bb07b732fb (type: ports) to 1
2026-05-08 02:15:57.634 7 INFO neutron.db.ovn_revision_numbers_db [None req-f95892ec-5d81-4478-b4d6-edc419acfe74 f9525dd6326f49f982cbc509b4e81bbf 5fd9d33d92f44405b0dc22bac08e58c1 - - default default] Successfully bumped revision number for resource 137424bd-a07b-4f6e-adad-ad9ed25cdd17 (type: floatingips) to 1
2026-05-08 02:15:57.729 8 INFO neutron.services.segments.plugin [-] Segment 18d74c9d-0e2d-413b-a0ac-bbfe2f6a1093 resource provider aggregate not found
2026-05-08 02:15:57.735 7 INFO neutron.db.ovn_revision_numbers_db [None req-f95892ec-5d81-4478-b4d6-edc419acfe74 f9525dd6326f49f982cbc509b4e81bbf 5fd9d33d92f44405b0dc22bac08e58c1 - - default default] Successfully bumped revision number for resource 137424bd-a07b-4f6e-adad-ad9ed25cdd17 (type: floatingips) to 2
2026-05-08 02:15:57.735 7 INFO neutron.db.l3_db [None req-f95892ec-5d81-4478-b4d6-edc419acfe74 f9525dd6326f49f982cbc509b4e81bbf 5fd9d33d92f44405b0dc22bac08e58c1 - - default default] Floating IP 137424bd-a07b-4f6e-adad-ad9ed25cdd17 associated. External IP: 10.96.250.220, port: c7b5ffc5-6018-45f2-81ae-692361aa5301.
2026-05-08 02:15:57.739 8 INFO neutron.services.segments.plugin [-] Segment 18d74c9d-0e2d-413b-a0ac-bbfe2f6a1093 resource provider aggregate not found
2026-05-08 02:15:57.746 8 INFO neutron.services.segments.plugin [-] Segment 18d74c9d-0e2d-413b-a0ac-bbfe2f6a1093 resource provider not found; error: Placement Client Error (4xx): {"errors": [{"status": 404, "title": "Not Found", "detail": "The resource could not be found.\n\n No resource provider with uuid 18d74c9d-0e2d-413b-a0ac-bbfe2f6a1093 found for delete ", "request_id": "req-85db97cc-c2c2-4a43-89dc-0a9a8cf42e25"}]} [pid: 7|app: 0|req: 751/1373] 10.0.0.54 () {34 vars in 748 bytes} [Fri May 8 02:15:57 2026] PUT /v2.0/floatingips/137424bd-a07b-4f6e-adad-ad9ed25cdd17 => generated 856 bytes in 526 msecs (HTTP/1.1 200) 4 headers in 157 bytes (1 switches on core 0)
2026-05-08 02:15:57.768 8 INFO neutron.services.segments.plugin [-] Segment 18d74c9d-0e2d-413b-a0ac-bbfe2f6a1093 resource provider not found; error: Placement Client Error (4xx): {"errors": [{"status": 404, "title": "Not Found", "detail": "The resource could not be found.\n\n No resource provider with uuid 18d74c9d-0e2d-413b-a0ac-bbfe2f6a1093 found for delete ", "request_id": "req-57ccf5b5-be51-41a5-97d9-3173ef125ad5"}]}
2026-05-08 02:15:57.769 7 INFO neutron.pecan_wsgi.hooks.translation [None req-6efd7c06-4f2c-4362-9429-512881103bcd 1e5bc1458c1c48388cac43e617177cc1 a88553e8a9644096b2aaf74cb36e8b2b - - default default] DELETE failed (client error): The resource could not be found. [pid: 7|app: 0|req: 752/1374] 10.0.0.54 () {32 vars in 725 bytes} [Fri May 8 02:15:57 2026] DELETE /v2.0/networks/74034dfa-09d2-40ba-befe-a15e41054d18 => generated 138 bytes in 14 msecs (HTTP/1.1 404) 4 headers in 164 bytes (1 switches on core 0)
2026-05-08 02:15:57.797 7 INFO neutron.notifiers.nova [-] Nova event matching ['req-e0716eb8-0cba-4fdc-be5e-e4017bfc57f5'] response: {'name': 'network-changed', 'server_uuid': 'df687d75-e956-4166-b1d0-61f64dff3023', 'tag': 'c7b5ffc5-6018-45f2-81ae-692361aa5301', 'status': 'completed', 'code': 200} [pid: 7|app: 0|req: 753/1375] 10.0.0.54 () {32 vars in 723 bytes} [Fri May 8 02:15:57 2026] DELETE /v2.0/subnets/e7ad5b66-e9a1-4979-92d4-1164341850bf => generated 0 bytes in 133 msecs (HTTP/1.1 204) 3 headers in 131 bytes (1 switches on core 0)
2026-05-08 02:15:57.994 8 INFO neutron.plugins.ml2.drivers.ovn.mech_driver.ovsdb.commands [None req-3aaeb38f-6c4e-4bf2-824c-f0aebf0bc5ec - - - - - -] Schedule LRP lrp-9c28876e-a4f2-4a9f-9885-b6bb07b732fb on gateway e3bae007-08b7-4886-bcb2-3143baafb434 with priority 1
2026-05-08 02:15:58.108 7 INFO neutron_taas.services.taas.taas_plugin [None req-c1df7c72-9ac4-4c95-8f60-49827f0dca11 1e5bc1458c1c48388cac43e617177cc1 a88553e8a9644096b2aaf74cb36e8b2b - - default default] TaaS: Handle Delete Port: 2c5ce180-8a99-4467-8dd7-d7b4bfb1c22f
2026-05-08 02:15:58.109 8 INFO neutron.db.ovn_revision_numbers_db [None req-db5ac9a4-17b1-48ab-b7f8-50e89b119cdb 930810ba4f1341d58f15166627b89532 00179e71e43e48989c49466c296480de - - default default] Successfully bumped revision number for resource 9c28876e-a4f2-4a9f-9885-b6bb07b732fb (type: router_ports) to 1
2026-05-08 02:15:58.112 7 INFO neutron_taas.services.taas.tap_mirror_plugin [None req-c1df7c72-9ac4-4c95-8f60-49827f0dca11 1e5bc1458c1c48388cac43e617177cc1 a88553e8a9644096b2aaf74cb36e8b2b - - default default] Tap Mirror: Handle Delete Port: 2c5ce180-8a99-4467-8dd7-d7b4bfb1c22f
2026-05-08 02:15:58.181 8 INFO neutron.db.ovn_revision_numbers_db [None req-db5ac9a4-17b1-48ab-b7f8-50e89b119cdb 930810ba4f1341d58f15166627b89532 00179e71e43e48989c49466c296480de - - default default] Successfully bumped revision number for resource 37ea76d2-0fca-4c7d-a087-2e15ed435540 (type: routers) to 2 [pid: 8|app: 0|req: 623/1376] 10.0.0.54 () {34 vars in 668 bytes} [Fri May 8 02:15:56 2026] POST /v2.0/routers => generated 948 bytes in 1552 msecs (HTTP/1.1 201) 4 headers in 162 bytes (1 switches on core 0) [pid: 8|app: 0|req: 624/1377] 10.0.0.54 () {32 vars in 720 bytes} [Fri May 8 02:15:58 2026] GET /v2.0/routers/37ea76d2-0fca-4c7d-a087-2e15ed435540 => generated 954 bytes in 72 msecs (HTTP/1.1 200) 4 headers in 157 bytes (1 switches on core 0)
2026-05-08 02:15:58.344 7 INFO neutron.services.segments.plugin [-] Segment 8b9c9beb-563f-4ec8-9261-356b3705cd78 resource provider aggregate not found
2026-05-08 02:15:58.361 7 INFO neutron.services.segments.plugin [-] Segment 8b9c9beb-563f-4ec8-9261-356b3705cd78 resource provider aggregate not found
2026-05-08 02:15:58.366 7 INFO neutron.services.segments.plugin [-] Segment 8b9c9beb-563f-4ec8-9261-356b3705cd78 resource provider not found; error: Placement Client Error (4xx): {"errors": [{"status": 404, "title": "Not Found", "detail": "The resource could not be found.\n\n No resource provider with uuid 8b9c9beb-563f-4ec8-9261-356b3705cd78 found for delete ", "request_id": "req-0abc8a92-01d9-43b2-9e04-3d55a172c769"}]} [pid: 7|app: 0|req: 754/1378] 10.0.0.54 () {32 vars in 725 bytes} [Fri May 8 02:15:57 2026] DELETE /v2.0/networks/1bc8b895-25f2-4f76-a539-724c8d75cf3f => generated 0 bytes in 463 msecs (HTTP/1.1 204) 3 headers in 131 bytes (1 switches on core 0)
2026-05-08 02:15:58.382 7 INFO neutron.services.segments.plugin [-] Segment 8b9c9beb-563f-4ec8-9261-356b3705cd78 resource provider not found; error: Placement Client Error (4xx): {"errors": [{"status": 404, "title": "Not Found", "detail": "The resource could not be found.\n\n No resource provider with uuid 8b9c9beb-563f-4ec8-9261-356b3705cd78 found for delete ", "request_id": "req-5bc1f524-0368-42f7-af20-e8b87ff7a584"}]} [pid: 7|app: 0|req: 755/1379] 199.204.45.240 () {34 vars in 1080 bytes} [Fri May 8 02:15:58 2026] GET /v2.0/ports?tenant_id=5fd9d33d92f44405b0dc22bac08e58c1&device_id=df687d75-e956-4166-b1d0-61f64dff3023 => generated 1213 bytes in 31 msecs (HTTP/1.1 200) 4 headers in 158 bytes (1 switches on core 0) [pid: 8|app: 0|req: 625/1380] 10.0.0.54 () {32 vars in 646 bytes} [Fri May 8 02:15:58 2026] GET /v2.0/routers => generated 957 bytes in 109 msecs (HTTP/1.1 200) 4 headers in 157 bytes (1 switches on core 0) [pid: 7|app: 0|req: 756/1381] 199.204.45.240 () {34 vars in 986 bytes} [Fri May 8 02:15:58 2026] GET /v2.0/networks?id=4d0c1ec4-9e64-445c-a04f-2699b2721cc2 => generated 813 bytes in 51 msecs (HTTP/1.1 200) 4 headers in 157 bytes (1 switches on core 0) [pid: 7|app: 0|req: 757/1382] 199.204.45.240 () {34 vars in 1060 bytes} [Fri May 8 02:15:58 2026] GET /v2.0/floatingips?fixed_ip_address=10.100.0.10&port_id=c7b5ffc5-6018-45f2-81ae-692361aa5301 => generated 861 bytes in 27 msecs (HTTP/1.1 200) 4 headers in 157 bytes (1 switches on core 0) [pid: 7|app: 0|req: 758/1383] 199.204.45.240 () {34 vars in 984 bytes} [Fri May 8 02:15:58 2026] GET /v2.0/subnets?id=5ced4f10-cf68-45a2-9377-18a63af56b8c => generated 694 bytes in 23 msecs (HTTP/1.1 200) 4 headers in 157 bytes (1 switches on core 0)
2026-05-08 02:15:58.793 8 INFO neutron.db.ovn_revision_numbers_db [None req-a8f87251-47c1-4b7e-944a-fa3fbb319251 930810ba4f1341d58f15166627b89532 00179e71e43e48989c49466c296480de - - default default] Successfully bumped revision number for resource 37ea76d2-0fca-4c7d-a087-2e15ed435540 (type: routers) to 3 [pid: 8|app: 0|req: 626/1384] 10.0.0.54 () {34 vars in 740 bytes} [Fri May 8 02:15:58 2026] PUT /v2.0/routers/37ea76d2-0fca-4c7d-a087-2e15ed435540 => generated 961 bytes in 393 msecs (HTTP/1.1 200) 4 headers in 157 bytes (1 switches on core 0) [pid: 8|app: 0|req: 627/1385] 199.204.45.240 () {34 vars in 1052 bytes} [Fri May 8 02:15:58 2026] GET /v2.0/ports?network_id=4d0c1ec4-9e64-445c-a04f-2699b2721cc2&device_owner=network%3Adhcp => generated 12 bytes in 19 msecs (HTTP/1.1 200) 4 headers in 156 bytes (1 switches on core 0)
2026-05-08 02:15:58.880 7 INFO neutron.db.ovn_revision_numbers_db [None req-2a067af8-6a1e-4528-8236-0d741621645b 0f4a1eefdc454cf5bd06defadf52426c 6482545f6ac84c91ad53c6e44d83dc2b - - default default] Successfully bumped revision number for resource eab6f53c-e0c7-4dce-b066-9b84b52cb471 (type: security_groups) to 1 [pid: 8|app: 0|req: 628/1386] 10.0.0.54 () {32 vars in 720 bytes} [Fri May 8 02:15:58 2026] GET /v2.0/routers/37ea76d2-0fca-4c7d-a087-2e15ed435540 => generated 961 bytes in 53 msecs (HTTP/1.1 200) 4 headers in 157 bytes (1 switches on core 0)
2026-05-08 02:15:58.893 7 INFO neutron.db.ovn_revision_numbers_db [None req-2a067af8-6a1e-4528-8236-0d741621645b 0f4a1eefdc454cf5bd06defadf52426c 6482545f6ac84c91ad53c6e44d83dc2b - - default default] Successfully bumped revision number for resource 1084dee6-c068-4d3a-92bc-5b1587fadb58 (type: security_group_rules) to 0
2026-05-08 02:15:58.906 7 INFO neutron.db.ovn_revision_numbers_db [None req-2a067af8-6a1e-4528-8236-0d741621645b 0f4a1eefdc454cf5bd06defadf52426c 6482545f6ac84c91ad53c6e44d83dc2b - - default default] Successfully bumped revision number for resource 7f3e2f61-76f4-4cce-92b2-5e48fa57a911 (type: security_group_rules) to 0
2026-05-08 02:15:58.919 7 INFO neutron.db.ovn_revision_numbers_db [None req-2a067af8-6a1e-4528-8236-0d741621645b 0f4a1eefdc454cf5bd06defadf52426c 6482545f6ac84c91ad53c6e44d83dc2b - - default default] Successfully bumped revision number for resource adf1a948-ae5c-4c1b-887e-66af56371313 (type: security_group_rules) to 0 [pid: 8|app: 0|req: 629/1387] 199.204.45.240 () {34 vars in 1012 bytes} [Fri May 8 02:15:58 2026] GET /v2.0/networks/4d0c1ec4-9e64-445c-a04f-2699b2721cc2?fields=segments => generated 14 bytes in 35 msecs (HTTP/1.1 200) 4 headers in 156 bytes (1 switches on core 0)
2026-05-08 02:15:58.934 7 INFO neutron.db.ovn_revision_numbers_db [None req-2a067af8-6a1e-4528-8236-0d741621645b 0f4a1eefdc454cf5bd06defadf52426c 6482545f6ac84c91ad53c6e44d83dc2b - - default default] Successfully bumped revision number for resource bea37ec8-251c-4157-bf29-af6837b8cfb1 (type: security_group_rules) to 0 [pid: 8|app: 0|req: 630/1388] 10.0.0.54 () {32 vars in 735 bytes} [Fri May 8 02:15:58 2026] GET /v2.0/ports?device_id=37ea76d2-0fca-4c7d-a087-2e15ed435540 => generated 12 bytes in 14 msecs (HTTP/1.1 200) 4 headers in 156 bytes (1 switches on core 0) [pid: 8|app: 0|req: 631/1389] 10.0.0.54 () {32 vars in 773 bytes} [Fri May 8 02:15:58 2026] GET /v2.0/security-groups?tenant_id=a88553e8a9644096b2aaf74cb36e8b2b&name=default => generated 2925 bytes in 62 msecs (HTTP/1.1 200) 4 headers in 158 bytes (1 switches on core 0)
2026-05-08 02:15:59.023 7 INFO neutron.db.segments_db [None req-2a067af8-6a1e-4528-8236-0d741621645b 0f4a1eefdc454cf5bd06defadf52426c 6482545f6ac84c91ad53c6e44d83dc2b - - default default] Added segment d03b7fbb-806d-4a4c-aeee-4413a1874e4a of type geneve for network 064f50a4-75e3-483e-9e09-80e41d0a318b [pid: 8|app: 0|req: 632/1390] 199.204.45.240 () {34 vars in 1112 bytes} [Fri May 8 02:15:58 2026] GET /v2.0/networks/4d0c1ec4-9e64-445c-a04f-2699b2721cc2?fields=provider%3Aphysical_network&fields=provider%3Anetwork_type => generated 79 bytes in 34 msecs (HTTP/1.1 200) 4 headers in 156 bytes (1 switches on core 0)
2026-05-08 02:15:59.148 7 INFO neutron.db.ovn_revision_numbers_db [None req-2a067af8-6a1e-4528-8236-0d741621645b 0f4a1eefdc454cf5bd06defadf52426c 6482545f6ac84c91ad53c6e44d83dc2b - - default default] Successfully bumped revision number for resource 064f50a4-75e3-483e-9e09-80e41d0a318b (type: networks) to 1
2026-05-08 02:15:59.300 7 WARNING neutron.scheduler.dhcp_agent_scheduler [None req-2a067af8-6a1e-4528-8236-0d741621645b 0f4a1eefdc454cf5bd06defadf52426c 6482545f6ac84c91ad53c6e44d83dc2b - - default default] No more DHCP agents
2026-05-08 02:15:59.301 7 WARNING neutron.api.rpc.agentnotifiers.dhcp_rpc_agent_api [None req-2a067af8-6a1e-4528-8236-0d741621645b 0f4a1eefdc454cf5bd06defadf52426c 6482545f6ac84c91ad53c6e44d83dc2b - - default default] Unable to schedule network 064f50a4-75e3-483e-9e09-80e41d0a318b: no agents available; will retry on subsequent port and subnet creation events.
2026-05-08 02:15:59.407 7 INFO neutron.db.ovn_revision_numbers_db [None req-2a067af8-6a1e-4528-8236-0d741621645b 0f4a1eefdc454cf5bd06defadf52426c 6482545f6ac84c91ad53c6e44d83dc2b - - default default] Successfully bumped revision number for resource 909a3ece-5478-4910-b178-deaa4e9cd739 (type: ports) to 1
2026-05-08 02:15:59.412 8 INFO neutron_taas.services.taas.taas_plugin [None req-206c0481-0031-4462-a49a-34ad1cae7d90 930810ba4f1341d58f15166627b89532 00179e71e43e48989c49466c296480de - - default default] TaaS: Handle Delete Port: 9c28876e-a4f2-4a9f-9885-b6bb07b732fb
2026-05-08 02:15:59.415 8 INFO neutron_taas.services.taas.tap_mirror_plugin [None req-206c0481-0031-4462-a49a-34ad1cae7d90 930810ba4f1341d58f15166627b89532 00179e71e43e48989c49466c296480de - - default default] Tap Mirror: Handle Delete Port: 9c28876e-a4f2-4a9f-9885-b6bb07b732fb [pid: 7|app: 0|req: 759/1391] 10.0.0.54 () {34 vars in 669 bytes} [Fri May 8 02:15:58 2026] POST /v2.0/networks => generated 664 bytes in 896 msecs (HTTP/1.1 201) 4 headers in 162 bytes (1 switches on core 0) [pid: 7|app: 0|req: 760/1392] 10.0.0.54 () {32 vars in 739 bytes} [Fri May 8 02:15:59 2026] DELETE /v2.0/security-groups/f2921a2f-ef75-4bca-b40b-dce1fdeeb950 => generated 0 bytes in 279 msecs (HTTP/1.1 204) 2 headers in 112 bytes (1 switches on core 0)
2026-05-08 02:15:59.846 8 WARNING neutron.plugins.ml2.drivers.ovn.mech_driver.ovsdb.ovn_client [None req-3da30c3c-3dd7-4223-b186-d45c301cc790 - - - - - -] No port found with ID 59c6f6c7-7b28-42ea-8d42-f1172312567b: RuntimeError: No port found with ID 59c6f6c7-7b28-42ea-8d42-f1172312567b
2026-05-08 02:15:59.856 8 INFO neutron.plugins.ml2.drivers.ovn.mech_driver.mech_driver [None req-3da30c3c-3dd7-4223-b186-d45c301cc790 - - - - - -] OVN reports status down for port: cb586362-9c0c-47a4-9417-5d7308680f61
2026-05-08 02:15:59.909 8 INFO neutron.plugins.ml2.drivers.ovn.mech_driver.mech_driver [None req-3da30c3c-3dd7-4223-b186-d45c301cc790 - - - - - -] OVN reports status down for port: 9c28876e-a4f2-4a9f-9885-b6bb07b732fb [pid: 8|app: 0|req: 633/1393] 10.0.0.54 () {32 vars in 723 bytes} [Fri May 8 02:15:59 2026] DELETE /v2.0/routers/37ea76d2-0fca-4c7d-a087-2e15ed435540 => generated 0 bytes in 882 msecs (HTTP/1.1 204) 2 headers in 112 bytes (1 switches on core 0) [pid: 8|app: 0|req: 634/1394] 10.0.0.54 () {32 vars in 735 bytes} [Fri May 8 02:15:59 2026] GET /v2.0/ports?device_id=37ea76d2-0fca-4c7d-a087-2e15ed435540 => generated 12 bytes in 44 msecs (HTTP/1.1 200) 4 headers in 156 bytes (1 switches on core 0) /var/lib/openstack/lib/python3.12/site-packages/pycadf/identifier.py:70: UserWarning: Invalid uuid: neutron. To ensure interoperability, identifiers should be a valid uuid. warnings.warn(('Invalid uuid: %s. To ensure interoperability, '
2026-05-08 02:15:59.972 8 INFO neutron.plugins.ml2.drivers.ovn.mech_driver.mech_driver [None req-3da30c3c-3dd7-4223-b186-d45c301cc790 - - - - - -] OVN reports status up for port: 9c28876e-a4f2-4a9f-9885-b6bb07b732fb
2026-05-08 02:15:59.985 7 WARNING neutron.scheduler.dhcp_agent_scheduler [None req-2db08c40-8f35-4c10-94a6-17472a010e99 0f4a1eefdc454cf5bd06defadf52426c 6482545f6ac84c91ad53c6e44d83dc2b - - default default] No more DHCP agents
2026-05-08 02:15:59.986 7 WARNING neutron.api.rpc.agentnotifiers.dhcp_rpc_agent_api [None req-2db08c40-8f35-4c10-94a6-17472a010e99 0f4a1eefdc454cf5bd06defadf52426c 6482545f6ac84c91ad53c6e44d83dc2b - - default default] Unable to schedule network 064f50a4-75e3-483e-9e09-80e41d0a318b: no agents available; will retry on subsequent port and subnet creation events.
2026-05-08 02:15:59.996 8 INFO neutron.plugins.ml2.drivers.ovn.mech_driver.mech_driver [None req-3da30c3c-3dd7-4223-b186-d45c301cc790 - - - - - -] OVN reports status down for port: 909a3ece-5478-4910-b178-deaa4e9cd739
2026-05-08 02:15:59.997 8 INFO neutron.api.v2.resource [None req-3dbc98ce-aafc-4090-993f-4568bd7de1bf 930810ba4f1341d58f15166627b89532 00179e71e43e48989c49466c296480de - - default default] delete failed (client error): The resource could not be found. [pid: 8|app: 0|req: 635/1395] 10.0.0.54 () {32 vars in 723 bytes} [Fri May 8 02:15:59 2026] DELETE /v2.0/routers/37ea76d2-0fca-4c7d-a087-2e15ed435540 => generated 135 bytes in 34 msecs (HTTP/1.1 404) 4 headers in 164 bytes (1 switches on core 0) [pid: 8|app: 0|req: 636/1396] 10.0.0.54 () {32 vars in 735 bytes} [Fri May 8 02:16:00 2026] GET /v2.0/ports?device_id=58743b5f-0fc2-4fe8-931b-b7ca8985e01c => generated 12 bytes in 77 msecs (HTTP/1.1 200) 4 headers in 156 bytes (1 switches on core 0)
2026-05-08 02:16:00.111 7 INFO neutron.db.ovn_revision_numbers_db [None req-2db08c40-8f35-4c10-94a6-17472a010e99 0f4a1eefdc454cf5bd06defadf52426c 6482545f6ac84c91ad53c6e44d83dc2b - - default default] Successfully bumped revision number for resource 2eac3256-1dcd-4927-ac37-1f46fd4dbc1f (type: ports) to 1
2026-05-08 02:16:00.132 8 INFO neutron.api.v2.resource [None req-a457a4ad-71eb-4784-9202-e8047a4b5a7b 930810ba4f1341d58f15166627b89532 00179e71e43e48989c49466c296480de - - default default] delete failed (client error): The resource could not be found. [pid: 8|app: 0|req: 637/1397] 10.0.0.54 () {32 vars in 723 bytes} [Fri May 8 02:16:00 2026] DELETE /v2.0/routers/58743b5f-0fc2-4fe8-931b-b7ca8985e01c => generated 135 bytes in 55 msecs (HTTP/1.1 404) 4 headers in 164 bytes (1 switches on core 0) [pid: 7|app: 0|req: 761/1398] 10.0.0.54 () {34 vars in 664 bytes} [Fri May 8 02:15:59 2026] POST /v2.0/ports => generated 775 bytes in 449 msecs (HTTP/1.1 201) 4 headers in 162 bytes (1 switches on core 0) /var/lib/openstack/lib/python3.12/site-packages/pycadf/identifier.py:70: UserWarning: Invalid uuid: neutron. To ensure interoperability, identifiers should be a valid uuid. warnings.warn(('Invalid uuid: %s. To ensure interoperability, '
2026-05-08 02:16:00.200 8 INFO neutron.pecan_wsgi.hooks.translation [None req-f4bfec45-4b62-45ae-9a95-8316fea5d6c1 930810ba4f1341d58f15166627b89532 00179e71e43e48989c49466c296480de - - default default] DELETE failed (client error): The resource could not be found. [pid: 8|app: 0|req: 638/1399] 10.0.0.54 () {32 vars in 723 bytes} [Fri May 8 02:16:00 2026] DELETE /v2.0/subnets/89958fed-18b7-471f-8cfb-ae7e9a411794 => generated 136 bytes in 68 msecs (HTTP/1.1 404) 4 headers in 164 bytes (1 switches on core 0) [pid: 8|app: 0|req: 639/1400] 10.0.0.54 () {32 vars in 735 bytes} [Fri May 8 02:16:00 2026] GET /v2.0/ports?device_id=b0946a80-1a56-45b0-8166-807591c3639d => generated 12 bytes in 24 msecs (HTTP/1.1 200) 4 headers in 156 bytes (1 switches on core 0)
2026-05-08 02:16:00.264 8 INFO neutron.api.v2.resource [None req-35ac9636-7e9c-429d-a7b2-cad86432b43a 930810ba4f1341d58f15166627b89532 00179e71e43e48989c49466c296480de - - default default] delete failed (client error): The resource could not be found. [pid: 8|app: 0|req: 640/1401] 10.0.0.54 () {32 vars in 723 bytes} [Fri May 8 02:16:00 2026] DELETE /v2.0/routers/b0946a80-1a56-45b0-8166-807591c3639d => generated 135 bytes in 26 msecs (HTTP/1.1 404) 4 headers in 164 bytes (1 switches on core 0)
2026-05-08 02:16:00.277 7 INFO neutron.db.segments_db [None req-c6ee33f8-7d68-4fda-8493-be045ebd6de5 0f4a1eefdc454cf5bd06defadf52426c 6482545f6ac84c91ad53c6e44d83dc2b - - default default] Added segment d56195c6-8952-4982-994b-d49d13258896 of type geneve for network 4cf0989c-4f81-40fa-b346-0f4aa7f929fb
2026-05-08 02:16:00.297 8 INFO neutron.pecan_wsgi.hooks.translation [None req-905ca8b9-a4ca-4092-875a-443b3e089f37 930810ba4f1341d58f15166627b89532 00179e71e43e48989c49466c296480de - - default default] DELETE failed (client error): The resource could not be found. [pid: 8|app: 0|req: 641/1402] 10.0.0.54 () {32 vars in 723 bytes} [Fri May 8 02:16:00 2026] DELETE /v2.0/subnets/16ca544b-9f60-4fcf-b054-6e527cf1131d => generated 136 bytes in 30 msecs (HTTP/1.1 404) 4 headers in 164 bytes (1 switches on core 0)
2026-05-08 02:16:00.316 8 INFO neutron.plugins.ml2.drivers.ovn.mech_driver.mech_driver [None req-3da30c3c-3dd7-4223-b186-d45c301cc790 - - - - - -] OVN reports status down for port: 2eac3256-1dcd-4927-ac37-1f46fd4dbc1f [pid: 8|app: 0|req: 642/1403] 10.0.0.54 () {32 vars in 735 bytes} [Fri May 8 02:16:00 2026] GET /v2.0/ports?device_id=09fa1c00-8a52-485c-bb1f-cf9a6858a7bc => generated 12 bytes in 37 msecs (HTTP/1.1 200) 4 headers in 156 bytes (1 switches on core 0)
2026-05-08 02:16:00.405 8 INFO neutron.api.v2.resource [None req-1f9628d0-f134-47fa-bb5c-25179f9bf510 930810ba4f1341d58f15166627b89532 00179e71e43e48989c49466c296480de - - default default] delete failed (client error): The resource could not be found. [pid: 8|app: 0|req: 643/1404] 10.0.0.54 () {32 vars in 723 bytes} [Fri May 8 02:16:00 2026] DELETE /v2.0/routers/09fa1c00-8a52-485c-bb1f-cf9a6858a7bc => generated 135 bytes in 48 msecs (HTTP/1.1 404) 4 headers in 164 bytes (1 switches on core 0)
2026-05-08 02:16:00.476 8 INFO neutron.pecan_wsgi.hooks.translation [None req-d42b1aa1-a296-4fb5-9bce-f2bcbf4d7f63 930810ba4f1341d58f15166627b89532 00179e71e43e48989c49466c296480de - - default default] DELETE failed (client error): The resource could not be found.
2026-05-08 02:16:00.479 7 INFO neutron.db.ovn_revision_numbers_db [None req-c6ee33f8-7d68-4fda-8493-be045ebd6de5 0f4a1eefdc454cf5bd06defadf52426c 6482545f6ac84c91ad53c6e44d83dc2b - - default default] Successfully bumped revision number for resource 4cf0989c-4f81-40fa-b346-0f4aa7f929fb (type: networks) to 1 [pid: 8|app: 0|req: 644/1405] 10.0.0.54 () {32 vars in 723 bytes} [Fri May 8 02:16:00 2026] DELETE /v2.0/subnets/72330911-8343-4584-bdec-c2a780f6fecf => generated 136 bytes in 68 msecs (HTTP/1.1 404) 4 headers in 164 bytes (1 switches on core 0)
2026-05-08 02:16:00.516 8 INFO neutron.pecan_wsgi.hooks.translation [None req-ec6b9a00-1e5a-46ad-8e93-c0a749f90671 930810ba4f1341d58f15166627b89532 00179e71e43e48989c49466c296480de - - default default] DELETE failed (client error): The resource could not be found. [pid: 8|app: 0|req: 645/1406] 10.0.0.54 () {32 vars in 723 bytes} [Fri May 8 02:16:00 2026] DELETE /v2.0/subnets/914a693f-8559-4bc2-a3f4-52ed188e173c => generated 136 bytes in 22 msecs (HTTP/1.1 404) 4 headers in 164 bytes (1 switches on core 0)
2026-05-08 02:16:00.660 7 WARNING neutron.scheduler.dhcp_agent_scheduler [None req-c6ee33f8-7d68-4fda-8493-be045ebd6de5 0f4a1eefdc454cf5bd06defadf52426c 6482545f6ac84c91ad53c6e44d83dc2b - - default default] No more DHCP agents
2026-05-08 02:16:00.662 7 WARNING neutron.api.rpc.agentnotifiers.dhcp_rpc_agent_api [None req-c6ee33f8-7d68-4fda-8493-be045ebd6de5 0f4a1eefdc454cf5bd06defadf52426c 6482545f6ac84c91ad53c6e44d83dc2b - - default default] Unable to schedule network 4cf0989c-4f81-40fa-b346-0f4aa7f929fb: no agents available; will retry on subsequent port and subnet creation events.
2026-05-08 02:16:00.734 8 INFO neutron.plugins.ml2.drivers.ovn.mech_driver.mech_driver [None req-3da30c3c-3dd7-4223-b186-d45c301cc790 - - - - - -] OVN reports status down for port: c2a07181-a567-4eb3-a0eb-84ca579aef4c
2026-05-08 02:16:00.773 7 INFO neutron.db.ovn_revision_numbers_db [None req-c6ee33f8-7d68-4fda-8493-be045ebd6de5 0f4a1eefdc454cf5bd06defadf52426c 6482545f6ac84c91ad53c6e44d83dc2b - - default default] Successfully bumped revision number for resource c2a07181-a567-4eb3-a0eb-84ca579aef4c (type: ports) to 1 [pid: 7|app: 0|req: 762/1407] 10.0.0.54 () {34 vars in 669 bytes} [Fri May 8 02:16:00 2026] POST /v2.0/networks => generated 650 bytes in 636 msecs (HTTP/1.1 201) 4 headers in 162 bytes (1 switches on core 0)
2026-05-08 02:16:00.956 8 WARNING neutron.scheduler.dhcp_agent_scheduler [None req-66750e73-0b61-4d81-a7cf-b5459d6ec629 0f4a1eefdc454cf5bd06defadf52426c 6482545f6ac84c91ad53c6e44d83dc2b - - default default] No more DHCP agents
2026-05-08 02:16:00.957 8 WARNING neutron.api.rpc.agentnotifiers.dhcp_rpc_agent_api [None req-66750e73-0b61-4d81-a7cf-b5459d6ec629 0f4a1eefdc454cf5bd06defadf52426c 6482545f6ac84c91ad53c6e44d83dc2b - - default default] Unable to schedule network 4cf0989c-4f81-40fa-b346-0f4aa7f929fb: no agents available; will retry on subsequent port and subnet creation events. [pid: 7|app: 0|req: 763/1408] 10.0.0.54 () {32 vars in 773 bytes} [Fri May 8 02:16:00 2026] GET /v2.0/security-groups?tenant_id=00179e71e43e48989c49466c296480de&name=default => generated 2925 bytes in 111 msecs (HTTP/1.1 200) 4 headers in 158 bytes (1 switches on core 0) [pid: 7|app: 0|req: 764/1409] 10.0.0.54 () {32 vars in 739 bytes} [Fri May 8 02:16:01 2026] DELETE /v2.0/security-groups/883ac148-d602-496f-935e-b418cf03f534 => generated 0 bytes in 280 msecs (HTTP/1.1 204) 2 headers in 112 bytes (1 switches on core 0)
2026-05-08 02:16:01.468 8 INFO neutron.db.ovn_revision_numbers_db [None req-e9aaeb48-c3e7-46a6-8cbc-d388904ea29e - - - - - -] Successfully bumped revision number for resource c2a07181-a567-4eb3-a0eb-84ca579aef4c (type: ports) to 2
2026-05-08 02:16:01.498 8 INFO neutron.db.ovn_revision_numbers_db [None req-e9aaeb48-c3e7-46a6-8cbc-d388904ea29e - - - - - -] Successfully bumped revision number for resource 6556b69b-3eae-48d9-8efe-ad60d76fdef0 (type: subnets) to 0 [pid: 8|app: 0|req: 646/1410] 10.0.0.54 () {34 vars in 668 bytes} [Fri May 8 02:16:00 2026] POST /v2.0/subnets => generated 626 bytes in 707 msecs (HTTP/1.1 201) 4 headers in 162 bytes (1 switches on core 0)
2026-05-08 02:16:01.721 7 INFO neutron.db.ovn_revision_numbers_db [None req-00054a8a-1a56-4812-adf9-a728d590380e 1bbc40886f4d45679c7dd76ede1c8fc7 94be90ac4a80405c8deacada26175f10 - - default default] Successfully bumped revision number for resource 1551f70c-0228-4c5c-b3ba-c6f375dd9e13 (type: security_groups) to 1
2026-05-08 02:16:01.733 7 INFO neutron.db.ovn_revision_numbers_db [None req-00054a8a-1a56-4812-adf9-a728d590380e 1bbc40886f4d45679c7dd76ede1c8fc7 94be90ac4a80405c8deacada26175f10 - - default default] Successfully bumped revision number for resource 5af8fb0a-eadb-4c0b-adcc-72cbd009ca09 (type: security_group_rules) to 0
2026-05-08 02:16:01.752 7 INFO neutron.db.ovn_revision_numbers_db [None req-00054a8a-1a56-4812-adf9-a728d590380e 1bbc40886f4d45679c7dd76ede1c8fc7 94be90ac4a80405c8deacada26175f10 - - default default] Successfully bumped revision number for resource 6cb2783b-f56f-4973-bfe0-95f43598cb19 (type: security_group_rules) to 0
2026-05-08 02:16:01.764 7 INFO neutron.db.ovn_revision_numbers_db [None req-00054a8a-1a56-4812-adf9-a728d590380e 1bbc40886f4d45679c7dd76ede1c8fc7 94be90ac4a80405c8deacada26175f10 - - default default] Successfully bumped revision number for resource ab6e9cbf-7440-456e-8c38-a1d7a1effb7f (type: security_group_rules) to 0
2026-05-08 02:16:01.776 7 INFO neutron.db.ovn_revision_numbers_db [None req-00054a8a-1a56-4812-adf9-a728d590380e 1bbc40886f4d45679c7dd76ede1c8fc7 94be90ac4a80405c8deacada26175f10 - - default default] Successfully bumped revision number for resource f3cc6f3c-0b72-4a9c-afde-a91eee11621f (type: security_group_rules) to 0
2026-05-08 02:16:01.803 8 WARNING neutron.scheduler.dhcp_agent_scheduler [None req-1a44cc51-6fd2-459b-bef4-410ff48843c7 0f4a1eefdc454cf5bd06defadf52426c 6482545f6ac84c91ad53c6e44d83dc2b - - default default] No more DHCP agents
2026-05-08 02:16:01.804 8 WARNING neutron.api.rpc.agentnotifiers.dhcp_rpc_agent_api [None req-1a44cc51-6fd2-459b-bef4-410ff48843c7 0f4a1eefdc454cf5bd06defadf52426c 6482545f6ac84c91ad53c6e44d83dc2b - - default default] Unable to schedule network 4cf0989c-4f81-40fa-b346-0f4aa7f929fb: no agents available; will retry on subsequent port and subnet creation events.
2026-05-08 02:16:01.856 7 INFO neutron.db.segments_db [None req-00054a8a-1a56-4812-adf9-a728d590380e 1bbc40886f4d45679c7dd76ede1c8fc7 94be90ac4a80405c8deacada26175f10 - - default default] Added segment 5e6463aa-6614-4aa8-8a21-51fd9cc13d9b of type geneve for network 4f80750c-6d4c-43b8-bb13-75084f8213e5
2026-05-08 02:16:01.928 8 INFO neutron.plugins.ml2.drivers.ovn.mech_driver.mech_driver [None req-3da30c3c-3dd7-4223-b186-d45c301cc790 - - - - - -] OVN reports status down for port: 23b90b18-e68a-4bb7-be89-33b9a63e57f9
2026-05-08 02:16:02.016 7 INFO neutron.db.ovn_revision_numbers_db [None req-00054a8a-1a56-4812-adf9-a728d590380e 1bbc40886f4d45679c7dd76ede1c8fc7 94be90ac4a80405c8deacada26175f10 - - default default] Successfully bumped revision number for resource 4f80750c-6d4c-43b8-bb13-75084f8213e5 (type: networks) to 1
2026-05-08 02:16:02.043 8 INFO neutron.db.ovn_revision_numbers_db [None req-1a44cc51-6fd2-459b-bef4-410ff48843c7 0f4a1eefdc454cf5bd06defadf52426c 6482545f6ac84c91ad53c6e44d83dc2b - - default default] Successfully bumped revision number for resource 23b90b18-e68a-4bb7-be89-33b9a63e57f9 (type: ports) to 1 [pid: 8|app: 0|req: 647/1411] 10.0.0.54 () {34 vars in 664 bytes} [Fri May 8 02:16:01 2026] POST /v2.0/ports => generated 953 bytes in 577 msecs (HTTP/1.1 201) 4 headers in 162 bytes (1 switches on core 0) /var/lib/openstack/lib/python3.12/site-packages/pycadf/identifier.py:70: UserWarning: Invalid uuid: neutron. To ensure interoperability, identifiers should be a valid uuid. warnings.warn(('Invalid uuid: %s. To ensure interoperability, '
2026-05-08 02:16:02.148 7 WARNING neutron.scheduler.dhcp_agent_scheduler [None req-00054a8a-1a56-4812-adf9-a728d590380e 1bbc40886f4d45679c7dd76ede1c8fc7 94be90ac4a80405c8deacada26175f10 - - default default] No more DHCP agents
2026-05-08 02:16:02.149 7 WARNING neutron.api.rpc.agentnotifiers.dhcp_rpc_agent_api [None req-00054a8a-1a56-4812-adf9-a728d590380e 1bbc40886f4d45679c7dd76ede1c8fc7 94be90ac4a80405c8deacada26175f10 - - default default] Unable to schedule network 4f80750c-6d4c-43b8-bb13-75084f8213e5: no agents available; will retry on subsequent port and subnet creation events.
2026-05-08 02:16:02.260 8 INFO neutron.plugins.ml2.drivers.ovn.mech_driver.mech_driver [None req-3da30c3c-3dd7-4223-b186-d45c301cc790 - - - - - -] OVN reports status down for port: 0b434938-8197-41fa-ab10-20530dd08e71
2026-05-08 02:16:02.261 7 INFO neutron.db.ovn_revision_numbers_db [None req-00054a8a-1a56-4812-adf9-a728d590380e 1bbc40886f4d45679c7dd76ede1c8fc7 94be90ac4a80405c8deacada26175f10 - - default default] Successfully bumped revision number for resource 0b434938-8197-41fa-ab10-20530dd08e71 (type: ports) to 1
2026-05-08 02:16:02.279 8 INFO neutron_taas.services.taas.taas_plugin [None req-d31e73e4-cdec-4e6d-9666-0b1d24c5ca27 0f4a1eefdc454cf5bd06defadf52426c 6482545f6ac84c91ad53c6e44d83dc2b - - default default] TaaS: Handle Delete Port: 23b90b18-e68a-4bb7-be89-33b9a63e57f9 [pid: 7|app: 0|req: 765/1412] 10.0.0.54 () {34 vars in 669 bytes} [Fri May 8 02:16:01 2026] POST /v2.0/networks => generated 662 bytes in 845 msecs (HTTP/1.1 201) 4 headers in 162 bytes (1 switches on core 0)
2026-05-08 02:16:02.293 8 INFO neutron_taas.services.taas.tap_mirror_plugin [None req-d31e73e4-cdec-4e6d-9666-0b1d24c5ca27 0f4a1eefdc454cf5bd06defadf52426c 6482545f6ac84c91ad53c6e44d83dc2b - - default default] Tap Mirror: Handle Delete Port: 23b90b18-e68a-4bb7-be89-33b9a63e57f9
2026-05-08 02:16:02.526 7 WARNING neutron.scheduler.dhcp_agent_scheduler [None req-1ab02788-a7cd-4883-b920-60c619d3a8d4 1bbc40886f4d45679c7dd76ede1c8fc7 94be90ac4a80405c8deacada26175f10 - - default default] No more DHCP agents
2026-05-08 02:16:02.535 7 WARNING neutron.api.rpc.agentnotifiers.dhcp_rpc_agent_api [None req-1ab02788-a7cd-4883-b920-60c619d3a8d4 1bbc40886f4d45679c7dd76ede1c8fc7 94be90ac4a80405c8deacada26175f10 - - default default] Unable to schedule network 4f80750c-6d4c-43b8-bb13-75084f8213e5: no agents available; will retry on subsequent port and subnet creation events. [pid: 8|app: 0|req: 648/1413] 10.0.0.54 () {32 vars in 719 bytes} [Fri May 8 02:16:02 2026] DELETE /v2.0/ports/23b90b18-e68a-4bb7-be89-33b9a63e57f9 => generated 0 bytes in 460 msecs (HTTP/1.1 204) 3 headers in 131 bytes (1 switches on core 0)
