+ COMMAND=start + start + for KEYSTONE_WSGI_SCRIPT in keystone-wsgi-public ++ type -p keystone-wsgi-public + cp -a /var/lib/openstack/bin/keystone-wsgi-public /var/www/cgi-bin/keystone/ + '[' -f /etc/apache2/envvars ']' + source /etc/apache2/envvars ++ unset HOME ++ '[' '' '!=' '' ']' ++ SUFFIX= ++ export APACHE_RUN_USER=www-data ++ APACHE_RUN_USER=www-data ++ export APACHE_RUN_GROUP=www-data ++ APACHE_RUN_GROUP=www-data ++ export APACHE_PID_FILE=/var/run/apache2/apache2.pid ++ APACHE_PID_FILE=/var/run/apache2/apache2.pid ++ export APACHE_RUN_DIR=/var/run/apache2 ++ APACHE_RUN_DIR=/var/run/apache2 ++ export APACHE_LOCK_DIR=/var/lock/apache2 ++ APACHE_LOCK_DIR=/var/lock/apache2 ++ export APACHE_LOG_DIR=/var/log/apache2 ++ APACHE_LOG_DIR=/var/log/apache2 ++ export LANG=C ++ LANG=C ++ export LANG + '[' -f /var/run/apache2/apache2.pid ']' + exec apache2 -DFOREGROUND AH00558: apache2: Could not reliably determine the server's fully qualified domain name, using 10.0.0.104. Set the 'ServerName' directive globally to suppress this message AH00558: apache2: Could not reliably determine the server's fully qualified domain name, using 10.0.0.104. Set the 'ServerName' directive globally to suppress this message
[Thu Apr 16 09:36:16.891466 2026] [mpm_event:notice] [pid 1:tid 140422555461504] AH00489: Apache/2.4.58 (Ubuntu) mod_wsgi/5.0.0 Python/3.12 configured -- resuming normal operations
[Thu Apr 16 09:36:16.891873 2026] [core:notice] [pid 1:tid 140422555461504] AH00094: Command line: 'apache2 -D FOREGROUND'
[Thu Apr 16 09:37:15.981945 2026] [wsgi:error] [pid 10:tid 140421918688960] /var/lib/openstack/lib/python3.12/site-packages/oslo_utils/importutils.py:77: EventletDeprecationWarning:
[Thu Apr 16 09:37:15.981988 2026] [wsgi:error] [pid 10:tid 140421918688960] Eventlet is deprecated. It is currently being maintained in bugfix mode, and
[Thu Apr 16 09:37:15.981990 2026] [wsgi:error] [pid 10:tid 140421918688960] we strongly recommend against using it for new projects.
[Thu Apr 16 09:37:15.981991 2026] [wsgi:error] [pid 10:tid 140421918688960]
[Thu Apr 16 09:37:15.981992 2026] [wsgi:error] [pid 10:tid 140421918688960] If you are already using Eventlet, we recommend migrating to a different
[Thu Apr 16 09:37:15.981993 2026] [wsgi:error] [pid 10:tid 140421918688960] framework. For more detail see
[Thu Apr 16 09:37:15.981994 2026] [wsgi:error] [pid 10:tid 140421918688960] https://eventlet.readthedocs.io/en/latest/asyncio/migration.html
[Thu Apr 16 09:37:15.981996 2026] [wsgi:error] [pid 10:tid 140421918688960]
[Thu Apr 16 09:37:15.981997 2026] [wsgi:error] [pid 10:tid 140421918688960] __import__(import_str)
[Thu Apr 16 09:37:16.017244 2026] [wsgi:error] [pid 12:tid 140421918688960] /var/lib/openstack/lib/python3.12/site-packages/oslo_utils/importutils.py:77: EventletDeprecationWarning:
[Thu Apr 16 09:37:16.017342 2026] [wsgi:error] [pid 12:tid 140421918688960] Eventlet is deprecated. It is currently being maintained in bugfix mode, and
[Thu Apr 16 09:37:16.017355 2026] [wsgi:error] [pid 12:tid 140421918688960] we strongly recommend against using it for new projects.
[Thu Apr 16 09:37:16.017365 2026] [wsgi:error] [pid 12:tid 140421918688960]
[Thu Apr 16 09:37:16.017375 2026] [wsgi:error] [pid 12:tid 140421918688960] If you are already using Eventlet, we recommend migrating to a different
[Thu Apr 16 09:37:16.017387 2026] [wsgi:error] [pid 12:tid 140421918688960] framework. For more detail see
[Thu Apr 16 09:37:16.017399 2026] [wsgi:error] [pid 12:tid 140421918688960] https://eventlet.readthedocs.io/en/latest/asyncio/migration.html
[Thu Apr 16 09:37:16.017408 2026] [wsgi:error] [pid 12:tid 140421918688960]
[Thu Apr 16 09:37:16.017417 2026] [wsgi:error] [pid 12:tid 140421918688960] __import__(import_str) 10.0.0.117 - - [16/Apr/2026:09:37:15 +0000] "GET /v3/ HTTP/1.1" 200 250 10.0.0.117 - - [16/Apr/2026:09:37:15 +0000] "GET /v3/ HTTP/1.1" 200 250
[Thu Apr 16 09:37:32.055782 2026] [wsgi:error] [pid 9:tid 140421918688960] /var/lib/openstack/lib/python3.12/site-packages/oslo_utils/importutils.py:77: EventletDeprecationWarning:
[Thu Apr 16 09:37:32.055842 2026] [wsgi:error] [pid 9:tid 140421918688960] Eventlet is deprecated. It is currently being maintained in bugfix mode, and
[Thu Apr 16 09:37:32.055844 2026] [wsgi:error] [pid 9:tid 140421918688960] we strongly recommend against using it for new projects.
[Thu Apr 16 09:37:32.055845 2026] [wsgi:error] [pid 9:tid 140421918688960]
[Thu Apr 16 09:37:32.055846 2026] [wsgi:error] [pid 9:tid 140421918688960] If you are already using Eventlet, we recommend migrating to a different
[Thu Apr 16 09:37:32.055847 2026] [wsgi:error] [pid 9:tid 140421918688960] framework. For more detail see
[Thu Apr 16 09:37:32.055849 2026] [wsgi:error] [pid 9:tid 140421918688960] https://eventlet.readthedocs.io/en/latest/asyncio/migration.html
[Thu Apr 16 09:37:32.055850 2026] [wsgi:error] [pid 9:tid 140421918688960]
[Thu Apr 16 09:37:32.055851 2026] [wsgi:error] [pid 9:tid 140421918688960] __import__(import_str) 10.0.0.98 - - [16/Apr/2026:09:37:31 +0000] "GET / HTTP/1.1" 300 295
[Thu Apr 16 09:37:37.480380 2026] [wsgi:error] [pid 11:tid 140421918688960] /var/lib/openstack/lib/python3.12/site-packages/oslo_utils/importutils.py:77: EventletDeprecationWarning:
[Thu Apr 16 09:37:37.480486 2026] [wsgi:error] [pid 11:tid 140421918688960] Eventlet is deprecated. It is currently being maintained in bugfix mode, and
[Thu Apr 16 09:37:37.480499 2026] [wsgi:error] [pid 11:tid 140421918688960] we strongly recommend against using it for new projects.
[Thu Apr 16 09:37:37.480510 2026] [wsgi:error] [pid 11:tid 140421918688960]
[Thu Apr 16 09:37:37.480520 2026] [wsgi:error] [pid 11:tid 140421918688960] If you are already using Eventlet, we recommend migrating to a different
[Thu Apr 16 09:37:37.480530 2026] [wsgi:error] [pid 11:tid 140421918688960] framework. For more detail see
[Thu Apr 16 09:37:37.480539 2026] [wsgi:error] [pid 11:tid 140421918688960] https://eventlet.readthedocs.io/en/latest/asyncio/migration.html
[Thu Apr 16 09:37:37.480549 2026] [wsgi:error] [pid 11:tid 140421918688960]
[Thu Apr 16 09:37:37.480559 2026] [wsgi:error] [pid 11:tid 140421918688960] __import__(import_str)
[Thu Apr 16 09:37:42.389639 2026] [wsgi:error] [pid 11:tid 140421918688960] [remote 10.0.0.98:37782] 2026-04-16 09:37:42.386 11 WARNING keystone.identity.core [None req-52a55b80-8ca7-4616-829f-8037816bcc9b - - - - - -] Invalid domain name (atmosphere) found in config file name: keystone.exception.DomainNotFound: Could not find domain: atmosphere.
[Thu Apr 16 09:37:42.453310 2026] [wsgi:error] [pid 11:tid 140421918688960] [remote 10.0.0.98:37782] 2026-04-16 09:37:42.452 11 WARNING keystone.common.password_hashing [None req-52a55b80-8ca7-4616-829f-8037816bcc9b - - - - - -] Truncating password to algorithm specific maximum length 72 characters.
[Thu Apr 16 09:37:42.930657 2026] [wsgi:error] [pid 11:tid 140421918688960] [remote 10.0.0.98:37782] 2026-04-16 09:37:42.930 11 WARNING keystone.common.fernet_utils [None req-52a55b80-8ca7-4616-829f-8037816bcc9b - - - - - -] key_repository is world readable: /etc/keystone/fernet-keys/ 10.0.0.98 - - [16/Apr/2026:09:37:36 +0000] "POST /v3/auth/tokens HTTP/1.1" 201 1360
[Thu Apr 16 09:37:43.288395 2026] [wsgi:error] [pid 10:tid 140421918688960] [remote 10.0.0.98:37782] 2026-04-16 09:37:43.285 10 WARNING keystone.identity.core [None req-56995331-ba52-4406-a02f-261e3b2156eb - - - - - -] Invalid domain name (atmosphere) found in config file name: keystone.exception.DomainNotFound: Could not find domain: atmosphere. 10.0.0.98 - - [16/Apr/2026:09:37:43 +0000] "POST /v3/domains HTTP/1.1" 201 261 10.0.0.22 - - [16/Apr/2026:09:38:08 +0000] "GET / HTTP/1.1" 300 295
[Thu Apr 16 09:38:09.166456 2026] [wsgi:error] [pid 9:tid 140421918688960] [remote 10.0.0.22:36528] 2026-04-16 09:38:09.165 9 WARNING keystone.common.password_hashing [None req-bf3ca074-181a-4f2c-85ca-b36142d2be45 - - - - - -] Truncating password to algorithm specific maximum length 72 characters.
[Thu Apr 16 09:38:09.438201 2026] [wsgi:error] [pid 9:tid 140421918688960] [remote 10.0.0.22:36528] 2026-04-16 09:38:09.437 9 WARNING keystone.common.fernet_utils [None req-bf3ca074-181a-4f2c-85ca-b36142d2be45 - - - - - -] key_repository is world readable: /etc/keystone/fernet-keys/ 10.0.0.22 - - [16/Apr/2026:09:38:08 +0000] "POST /v3/auth/tokens HTTP/1.1" 201 1360 10.0.0.22 - - [16/Apr/2026:09:38:09 +0000] "GET /v3/roles/admin HTTP/1.1" 404 83
[Thu Apr 16 09:38:09.664628 2026] [wsgi:error] [pid 10:tid 140421918688960] [remote 10.0.0.22:36528] 2026-04-16 09:38:09.664 10 WARNING keystone.common.rbac_enforcer.enforcer [None req-af032efa-e146-466a-bba1-9e05ba0e89af 2414d212f33546b6b46811318225ee79 91cf78b634a149c7a6c609d62a481aef - - default default] Deprecated policy rules found. Use oslopolicy-policy-generator and oslopolicy-policy-upgrade to detect and resolve deprecated policies in your configuration. 10.0.0.22 - - [16/Apr/2026:09:38:09 +0000] "GET /v3/roles?name=admin HTTP/1.1" 200 389
[Thu Apr 16 09:38:10.046002 2026] [wsgi:error] [pid 12:tid 140421918688960] [remote 10.0.0.22:36528] 2026-04-16 09:38:10.045 12 WARNING keystone.common.rbac_enforcer.enforcer [None req-cc946d3f-f9e9-41ae-8278-b947f5876e93 2414d212f33546b6b46811318225ee79 91cf78b634a149c7a6c609d62a481aef - - default default] Deprecated policy rules found. Use oslopolicy-policy-generator and oslopolicy-policy-upgrade to detect and resolve deprecated policies in your configuration. 10.0.0.22 - - [16/Apr/2026:09:38:09 +0000] "GET /v3/users/admin-RegionOne HTTP/1.1" 404 93
[Thu Apr 16 09:38:10.230482 2026] [wsgi:error] [pid 9:tid 140421918688960] [remote 10.0.0.22:36528] 2026-04-16 09:38:10.230 9 WARNING keystone.common.rbac_enforcer.enforcer [None req-8eebd586-74e3-4054-8dce-195867d549e4 2414d212f33546b6b46811318225ee79 91cf78b634a149c7a6c609d62a481aef - - default default] Deprecated policy rules found. Use oslopolicy-policy-generator and oslopolicy-policy-upgrade to detect and resolve deprecated policies in your configuration. 10.0.0.22 - - [16/Apr/2026:09:38:10 +0000] "GET /v3/users?name=admin-RegionOne HTTP/1.1" 200 422
[Thu Apr 16 09:38:10.451647 2026] [wsgi:error] [pid 11:tid 140421918688960] [remote 10.0.0.22:36528] 2026-04-16 09:38:10.451 11 WARNING keystone.common.rbac_enforcer.enforcer [None req-d49dd5bb-69d4-4ded-a8c0-0dbe87a661ef 2414d212f33546b6b46811318225ee79 91cf78b634a149c7a6c609d62a481aef - - default default] Deprecated policy rules found. Use oslopolicy-policy-generator and oslopolicy-policy-upgrade to detect and resolve deprecated policies in your configuration. 10.0.0.22 - - [16/Apr/2026:09:38:10 +0000] "GET /v3/domains/default HTTP/1.1" 200 224 10.0.0.22 - - [16/Apr/2026:09:38:10 +0000] "PUT /v3/domains/default/users/2414d212f33546b6b46811318225ee79/roles/cf6eb8c37f3e42ffb0ee9d285279d943 HTTP/1.1" 204 - 10.0.0.117 - - [16/Apr/2026:09:38:15 +0000] "GET /v3/ HTTP/1.1" 200 250 10.0.0.117 - - [16/Apr/2026:09:38:15 +0000] "GET /v3/ HTTP/1.1" 200 250 10.0.0.117 - - [16/Apr/2026:09:38:20 +0000] "GET / HTTP/1.1" 300 281 10.0.0.117 - - [16/Apr/2026:09:38:21 +0000] "GET /v3 HTTP/1.1" 200 266
[Thu Apr 16 09:38:21.966639 2026] [wsgi:error] [pid 12:tid 140421918688960] [remote 10.0.0.117:58156] 2026-04-16 09:38:21.966 12 WARNING keystone.common.password_hashing [None req-60a01295-1e1a-431b-b807-38f55c428682 - - - - - -] Truncating password to algorithm specific maximum length 72 characters.
[Thu Apr 16 09:38:22.244926 2026] [wsgi:error] [pid 12:tid 140421918688960] [remote 10.0.0.117:58156] 2026-04-16 09:38:22.244 12 WARNING keystone.common.fernet_utils [None req-60a01295-1e1a-431b-b807-38f55c428682 - - - - - -] key_repository is world readable: /etc/keystone/fernet-keys/ 10.0.0.117 - - [16/Apr/2026:09:38:21 +0000] "POST /v3/auth/tokens HTTP/1.1" 201 1360 10.0.0.117 - - [16/Apr/2026:09:38:22 +0000] "GET / HTTP/1.1" 300 281 10.0.0.117 - - [16/Apr/2026:09:38:22 +0000] "GET /v3/domains/atmosphere HTTP/1.1" 404 90 10.0.0.117 - - [16/Apr/2026:09:38:22 +0000] "GET /v3/domains?name=atmosphere HTTP/1.1" 200 370 10.0.0.117 - - [16/Apr/2026:09:38:22 +0000] "GET /v3/domains/3ac74d8af58e4ccd91d903b45c7568e6 HTTP/1.1" 200 247 10.0.0.117 - - [16/Apr/2026:09:38:23 +0000] "GET /v3 HTTP/1.1" 200 266
[Thu Apr 16 09:38:23.312948 2026] [wsgi:error] [pid 11:tid 140421918688960] [remote 10.0.0.117:58164] 2026-04-16 09:38:23.312 11 WARNING keystone.common.password_hashing [None req-fa9617b6-9a64-4a78-9beb-b1cc2cf41af0 - - - - - -] Truncating password to algorithm specific maximum length 72 characters.
[Thu Apr 16 09:38:23.603813 2026] [wsgi:error] [pid 11:tid 140421918688960] [remote 10.0.0.117:58164] 2026-04-16 09:38:23.603 11 WARNING keystone.common.fernet_utils [None req-fa9617b6-9a64-4a78-9beb-b1cc2cf41af0 - - - - - -] key_repository is world readable: /etc/keystone/fernet-keys/ 10.0.0.117 - - [16/Apr/2026:09:38:23 +0000] "POST /v3/auth/tokens HTTP/1.1" 201 1360 10.0.0.117 - - [16/Apr/2026:09:38:23 +0000] "GET / HTTP/1.1" 300 281 10.0.0.117 - - [16/Apr/2026:09:38:23 +0000] "GET /v3/OS-FEDERATION/identity_providers/atmosphere HTTP/1.1" 404 101 10.0.0.117 - - [16/Apr/2026:09:38:23 +0000] "GET /v3/OS-FEDERATION/identity_providers HTTP/1.1" 200 156 10.0.0.117 - - [16/Apr/2026:09:38:23 +0000] "PUT /v3/OS-FEDERATION/identity_providers/atmosphere HTTP/1.1" 201 342 10.0.0.117 - - [16/Apr/2026:09:38:24 +0000] "GET /v3 HTTP/1.1" 200 266
[Thu Apr 16 09:38:24.515607 2026] [wsgi:error] [pid 12:tid 140421918688960] [remote 10.0.0.117:58164] 2026-04-16 09:38:24.515 12 WARNING keystone.common.password_hashing [None req-e2823ef5-08c1-4a16-903a-c36279d0345f - - - - - -] Truncating password to algorithm specific maximum length 72 characters.
[Thu Apr 16 09:38:24.790509 2026] [wsgi:error] [pid 12:tid 140421918688960] [remote 10.0.0.117:58164] 2026-04-16 09:38:24.790 12 WARNING keystone.common.fernet_utils [None req-e2823ef5-08c1-4a16-903a-c36279d0345f - - - - - -] key_repository is world readable: /etc/keystone/fernet-keys/ 10.0.0.117 - - [16/Apr/2026:09:38:24 +0000] "POST /v3/auth/tokens HTTP/1.1" 201 1360 10.0.0.117 - - [16/Apr/2026:09:38:24 +0000] "GET / HTTP/1.1" 300 281 10.0.0.117 - - [16/Apr/2026:09:38:24 +0000] "GET /v3/OS-FEDERATION/mappings/atmosphere-openid HTTP/1.1" 404 98 10.0.0.117 - - [16/Apr/2026:09:38:24 +0000] "GET /v3/OS-FEDERATION/mappings HTTP/1.1" 200 136 10.0.0.117 - - [16/Apr/2026:09:38:24 +0000] "PUT /v3/OS-FEDERATION/mappings/atmosphere-openid HTTP/1.1" 201 357 10.0.0.117 - - [16/Apr/2026:09:38:25 +0000] "GET /v3 HTTP/1.1" 200 266
[Thu Apr 16 09:38:25.693258 2026] [wsgi:error] [pid 11:tid 140421918688960] [remote 10.0.0.117:58156] 2026-04-16 09:38:25.692 11 WARNING keystone.common.password_hashing [None req-fe6a23f2-4f7a-4151-9369-b4184062e80d - - - - - -] Truncating password to algorithm specific maximum length 72 characters.
[Thu Apr 16 09:38:25.970316 2026] [wsgi:error] [pid 11:tid 140421918688960] [remote 10.0.0.117:58156] 2026-04-16 09:38:25.970 11 WARNING keystone.common.fernet_utils [None req-fe6a23f2-4f7a-4151-9369-b4184062e80d - - - - - -] key_repository is world readable: /etc/keystone/fernet-keys/ 10.0.0.117 - - [16/Apr/2026:09:38:25 +0000] "POST /v3/auth/tokens HTTP/1.1" 201 1360 10.0.0.117 - - [16/Apr/2026:09:38:25 +0000] "GET / HTTP/1.1" 300 281 10.0.0.117 - - [16/Apr/2026:09:38:25 +0000] "GET /v3/OS-FEDERATION/identity_providers/atmosphere/protocols/openid?idp_id=atmosphere HTTP/1.1" 404 131 10.0.0.117 - - [16/Apr/2026:09:38:26 +0000] "GET /v3/OS-FEDERATION/identity_providers/atmosphere/protocols HTTP/1.1" 200 168 10.0.0.117 - - [16/Apr/2026:09:38:26 +0000] "PUT /v3/OS-FEDERATION/identity_providers/atmosphere/protocols/openid HTTP/1.1" 201 224 10.0.0.117 - - [16/Apr/2026:09:39:15 +0000] "GET /v3/ HTTP/1.1" 200 250 10.0.0.117 - - [16/Apr/2026:09:39:15 +0000] "GET /v3/ HTTP/1.1" 200 250 10.0.0.12 - - [16/Apr/2026:09:39:54 +0000] "GET / HTTP/1.1" 300 295
[Thu Apr 16 09:39:54.603350 2026] [wsgi:error] [pid 11:tid 140421918688960] [remote 10.0.0.12:53340] 2026-04-16 09:39:54.603 11 WARNING keystone.common.password_hashing [None req-237197c3-b2b5-4e25-bf98-60e3267f7232 - - - - - -] Truncating password to algorithm specific maximum length 72 characters.
[Thu Apr 16 09:39:54.896166 2026] [wsgi:error] [pid 11:tid 140421918688960] [remote 10.0.0.12:53340] 2026-04-16 09:39:54.896 11 WARNING keystone.common.fernet_utils [None req-237197c3-b2b5-4e25-bf98-60e3267f7232 - - - - - -] key_repository is world readable: /etc/keystone/fernet-keys/ 10.0.0.12 - - [16/Apr/2026:09:39:54 +0000] "POST /v3/auth/tokens HTTP/1.1" 201 1360 10.0.0.12 - - [16/Apr/2026:09:39:55 +0000] "GET /v3/services HTTP/1.1" 200 355 10.0.0.12 - - [16/Apr/2026:09:39:58 +0000] "GET / HTTP/1.1" 300 295
[Thu Apr 16 09:39:58.606255 2026] [wsgi:error] [pid 9:tid 140421918688960] [remote 10.0.0.12:53356] 2026-04-16 09:39:58.605 9 WARNING keystone.common.password_hashing [None req-7daf0f5b-599d-4514-8aa7-2a1eedf21f5a - - - - - -] Truncating password to algorithm specific maximum length 72 characters.
[Thu Apr 16 09:39:58.877431 2026] [wsgi:error] [pid 9:tid 140421918688960] [remote 10.0.0.12:53356] 2026-04-16 09:39:58.877 9 WARNING keystone.common.fernet_utils [None req-7daf0f5b-599d-4514-8aa7-2a1eedf21f5a - - - - - -] key_repository is world readable: /etc/keystone/fernet-keys/ 10.0.0.12 - - [16/Apr/2026:09:39:58 +0000] "POST /v3/auth/tokens HTTP/1.1" 201 1360 10.0.0.12 - - [16/Apr/2026:09:39:58 +0000] "GET /v3/services HTTP/1.1" 200 355 10.0.0.12 - - [16/Apr/2026:09:40:02 +0000] "GET / HTTP/1.1" 300 295
[Thu Apr 16 09:40:02.416199 2026] [wsgi:error] [pid 12:tid 140421918688960] [remote 10.0.0.12:33184] 2026-04-16 09:40:02.416 12 WARNING keystone.common.password_hashing [None req-8a108100-27a7-4930-9aef-7b033b1ec0c1 - - - - - -] Truncating password to algorithm specific maximum length 72 characters.
[Thu Apr 16 09:40:02.686221 2026] [wsgi:error] [pid 12:tid 140421918688960] [remote 10.0.0.12:33184] 2026-04-16 09:40:02.686 12 WARNING keystone.common.fernet_utils [None req-8a108100-27a7-4930-9aef-7b033b1ec0c1 - - - - - -] key_repository is world readable: /etc/keystone/fernet-keys/ 10.0.0.12 - - [16/Apr/2026:09:40:02 +0000] "POST /v3/auth/tokens HTTP/1.1" 201 1360 10.0.0.12 - - [16/Apr/2026:09:40:02 +0000] "GET /v3/services HTTP/1.1" 200 355 10.0.0.12 - - [16/Apr/2026:09:40:06 +0000] "GET / HTTP/1.1" 300 295
[Thu Apr 16 09:40:06.281184 2026] [wsgi:error] [pid 10:tid 140421918688960] [remote 10.0.0.12:33194] 2026-04-16 09:40:06.280 10 WARNING keystone.common.password_hashing [None req-3dcd2ed4-c325-45dd-989c-3e5435dc0b44 - - - - - -] Truncating password to algorithm specific maximum length 72 characters.
[Thu Apr 16 09:40:06.558985 2026] [wsgi:error] [pid 10:tid 140421918688960] [remote 10.0.0.12:33194] 2026-04-16 09:40:06.558 10 WARNING keystone.common.fernet_utils [None req-3dcd2ed4-c325-45dd-989c-3e5435dc0b44 - - - - - -] key_repository is world readable: /etc/keystone/fernet-keys/ 10.0.0.12 - - [16/Apr/2026:09:40:06 +0000] "POST /v3/auth/tokens HTTP/1.1" 201 1360 10.0.0.12 - - [16/Apr/2026:09:40:06 +0000] "POST /v3/services HTTP/1.1" 201 296 10.0.0.117 - - [16/Apr/2026:09:40:15 +0000] "GET /v3/ HTTP/1.1" 200 250 10.0.0.117 - - [16/Apr/2026:09:40:15 +0000] "GET /v3/ HTTP/1.1" 200 250 10.0.0.116 - - [16/Apr/2026:09:40:18 +0000] "GET / HTTP/1.1" 300 295
[Thu Apr 16 09:40:18.897140 2026] [wsgi:error] [pid 12:tid 140421918688960] [remote 10.0.0.116:52036] 2026-04-16 09:40:18.896 12 WARNING keystone.common.password_hashing [None req-cfdea9c3-3702-4a19-8c24-7dd17533fb58 - - - - - -] Truncating password to algorithm specific maximum length 72 characters. 10.0.0.116 - - [16/Apr/2026:09:40:19 +0000] "GET / HTTP/1.1" 300 295
[Thu Apr 16 09:40:19.132783 2026] [wsgi:error] [pid 11:tid 140421918688960] [remote 10.0.0.116:52038] 2026-04-16 09:40:19.132 11 WARNING keystone.common.password_hashing [None req-1deaebcb-8d56-4808-b571-d5f064c04ed7 - - - - - -] Truncating password to algorithm specific maximum length 72 characters.
[Thu Apr 16 09:40:19.192839 2026] [wsgi:error] [pid 12:tid 140421918688960] [remote 10.0.0.116:52036] 2026-04-16 09:40:19.192 12 WARNING keystone.common.fernet_utils [None req-cfdea9c3-3702-4a19-8c24-7dd17533fb58 - - - - - -] key_repository is world readable: /etc/keystone/fernet-keys/ 10.0.0.116 - - [16/Apr/2026:09:40:18 +0000] "POST /v3/auth/tokens HTTP/1.1" 201 1464 10.0.0.116 - - [16/Apr/2026:09:40:19 +0000] "GET / HTTP/1.1" 300 295
[Thu Apr 16 09:40:19.296280 2026] [wsgi:error] [pid 9:tid 140421918688960] [remote 10.0.0.116:52054] 2026-04-16 09:40:19.296 9 WARNING keystone.common.password_hashing [None req-fc74b8a1-f6c8-4a38-977d-e2a44fb54271 - - - - - -] Truncating password to algorithm specific maximum length 72 characters. 10.0.0.116 - - [16/Apr/2026:09:40:19 +0000] "GET /v3/services HTTP/1.1" 200 639
[Thu Apr 16 09:40:19.402793 2026] [wsgi:error] [pid 11:tid 140421918688960] [remote 10.0.0.116:52038] 2026-04-16 09:40:19.402 11 WARNING keystone.common.fernet_utils [None req-1deaebcb-8d56-4808-b571-d5f064c04ed7 - - - - - -] key_repository is world readable: /etc/keystone/fernet-keys/ 10.0.0.116 - - [16/Apr/2026:09:40:19 +0000] "POST /v3/auth/tokens HTTP/1.1" 201 1464 10.0.0.116 - - [16/Apr/2026:09:40:19 +0000] "GET /v3/services HTTP/1.1" 200 639
[Thu Apr 16 09:40:19.575671 2026] [wsgi:error] [pid 9:tid 140421918688960] [remote 10.0.0.116:52054] 2026-04-16 09:40:19.575 9 WARNING keystone.common.fernet_utils [None req-fc74b8a1-f6c8-4a38-977d-e2a44fb54271 - - - - - -] key_repository is world readable: /etc/keystone/fernet-keys/ 10.0.0.116 - - [16/Apr/2026:09:40:19 +0000] "POST /v3/auth/tokens HTTP/1.1" 201 1464 10.0.0.116 - - [16/Apr/2026:09:40:19 +0000] "GET /v3/services HTTP/1.1" 200 639 10.0.0.116 - - [16/Apr/2026:09:40:20 +0000] "GET / HTTP/1.1" 300 295
[Thu Apr 16 09:40:20.869357 2026] [wsgi:error] [pid 10:tid 140421918688960] [remote 10.0.0.116:58506] 2026-04-16 09:40:20.869 10 WARNING keystone.common.password_hashing [None req-fec40fb9-9cad-4601-8c13-249b0917c4d7 - - - - - -] Truncating password to algorithm specific maximum length 72 characters. 10.0.0.116 - - [16/Apr/2026:09:40:21 +0000] "GET / HTTP/1.1" 300 295
[Thu Apr 16 09:40:21.079394 2026] [wsgi:error] [pid 12:tid 140421918688960] [remote 10.0.0.116:58518] 2026-04-16 09:40:21.079 12 WARNING keystone.common.password_hashing [None req-18205346-b3b5-491a-8eb6-c3e640b9bad5 - - - - - -] Truncating password to algorithm specific maximum length 72 characters.
[Thu Apr 16 09:40:21.146917 2026] [wsgi:error] [pid 10:tid 140421918688960] [remote 10.0.0.116:58506] 2026-04-16 09:40:21.146 10 WARNING keystone.common.fernet_utils [None req-fec40fb9-9cad-4601-8c13-249b0917c4d7 - - - - - -] key_repository is world readable: /etc/keystone/fernet-keys/ 10.0.0.116 - - [16/Apr/2026:09:40:20 +0000] "POST /v3/auth/tokens HTTP/1.1" 201 1464 10.0.0.116 - - [16/Apr/2026:09:40:21 +0000] "GET / HTTP/1.1" 300 295
[Thu Apr 16 09:40:21.278236 2026] [wsgi:error] [pid 9:tid 140421918688960] [remote 10.0.0.116:58520] 2026-04-16 09:40:21.277 9 WARNING keystone.common.password_hashing [None req-2acd57ef-9eb4-472d-96eb-58099f8d2738 - - - - - -] Truncating password to algorithm specific maximum length 72 characters. 10.0.0.116 - - [16/Apr/2026:09:40:21 +0000] "GET /v3/endpoints HTTP/1.1" 200 1227 10.0.0.116 - - [16/Apr/2026:09:40:21 +0000] "GET /v3/services/8a52a9fcda8b497f8792cc75a5bb5df9 HTTP/1.1" 200 233 10.0.0.116 - - [16/Apr/2026:09:40:21 +0000] "GET /v3/services/8a52a9fcda8b497f8792cc75a5bb5df9 HTTP/1.1" 200 233
[Thu Apr 16 09:40:21.356479 2026] [wsgi:error] [pid 12:tid 140421918688960] [remote 10.0.0.116:58518] 2026-04-16 09:40:21.356 12 WARNING keystone.common.fernet_utils [None req-18205346-b3b5-491a-8eb6-c3e640b9bad5 - - - - - -] key_repository is world readable: /etc/keystone/fernet-keys/ 10.0.0.116 - - [16/Apr/2026:09:40:21 +0000] "GET /v3/services/8a52a9fcda8b497f8792cc75a5bb5df9 HTTP/1.1" 200 233 10.0.0.116 - - [16/Apr/2026:09:40:21 +0000] "POST /v3/auth/tokens HTTP/1.1" 201 1464 10.0.0.116 - - [16/Apr/2026:09:40:21 +0000] "GET /v3/endpoints HTTP/1.1" 200 1227 10.0.0.116 - - [16/Apr/2026:09:40:21 +0000] "GET /v3/services/8a52a9fcda8b497f8792cc75a5bb5df9 HTTP/1.1" 200 233 10.0.0.116 - - [16/Apr/2026:09:40:21 +0000] "GET /v3/services/8a52a9fcda8b497f8792cc75a5bb5df9 HTTP/1.1" 200 233 10.0.0.116 - - [16/Apr/2026:09:40:21 +0000] "GET /v3/services/8a52a9fcda8b497f8792cc75a5bb5df9 HTTP/1.1" 200 233
[Thu Apr 16 09:40:21.560597 2026] [wsgi:error] [pid 9:tid 140421918688960] [remote 10.0.0.116:58520] 2026-04-16 09:40:21.560 9 WARNING keystone.common.fernet_utils [None req-2acd57ef-9eb4-472d-96eb-58099f8d2738 - - - - - -] key_repository is world readable: /etc/keystone/fernet-keys/ 10.0.0.116 - - [16/Apr/2026:09:40:21 +0000] "POST /v3/auth/tokens HTTP/1.1" 201 1464 10.0.0.116 - - [16/Apr/2026:09:40:21 +0000] "GET /v3/endpoints HTTP/1.1" 200 1227 10.0.0.116 - - [16/Apr/2026:09:40:21 +0000] "GET /v3/services/8a52a9fcda8b497f8792cc75a5bb5df9 HTTP/1.1" 200 233 10.0.0.116 - - [16/Apr/2026:09:40:21 +0000] "GET /v3/services/8a52a9fcda8b497f8792cc75a5bb5df9 HTTP/1.1" 200 233 10.0.0.116 - - [16/Apr/2026:09:40:21 +0000] "GET /v3/services/8a52a9fcda8b497f8792cc75a5bb5df9 HTTP/1.1" 200 233 10.0.0.116 - - [16/Apr/2026:09:40:22 +0000] "GET / HTTP/1.1" 300 295
[Thu Apr 16 09:40:22.849323 2026] [wsgi:error] [pid 12:tid 140421918688960] [remote 10.0.0.116:58534] 2026-04-16 09:40:22.849 12 WARNING keystone.common.password_hashing [None req-ca7c9eff-17ea-431d-840f-01401e13f302 - - - - - -] Truncating password to algorithm specific maximum length 72 characters. 10.0.0.116 - - [16/Apr/2026:09:40:23 +0000] "GET / HTTP/1.1" 300 295
[Thu Apr 16 09:40:23.114267 2026] [wsgi:error] [pid 9:tid 140421918688960] [remote 10.0.0.116:58550] 2026-04-16 09:40:23.114 9 WARNING keystone.common.password_hashing [None req-03df5b58-bbe4-47bf-8489-3a3dddd29dc1 - - - - - -] Truncating password to algorithm specific maximum length 72 characters.
[Thu Apr 16 09:40:23.132616 2026] [wsgi:error] [pid 12:tid 140421918688960] [remote 10.0.0.116:58534] 2026-04-16 09:40:23.132 12 WARNING keystone.common.fernet_utils [None req-ca7c9eff-17ea-431d-840f-01401e13f302 - - - - - -] key_repository is world readable: /etc/keystone/fernet-keys/ 10.0.0.116 - - [16/Apr/2026:09:40:22 +0000] "POST /v3/auth/tokens HTTP/1.1" 201 1464 10.0.0.116 - - [16/Apr/2026:09:40:23 +0000] "GET / HTTP/1.1" 300 295
[Thu Apr 16 09:40:23.262349 2026] [wsgi:error] [pid 12:tid 140421918688960] [remote 10.0.0.116:58560] 2026-04-16 09:40:23.262 12 WARNING keystone.common.password_hashing [None req-f74cd546-9efe-4aa7-bee8-36cff49fed4c - - - - - -] Truncating password to algorithm specific maximum length 72 characters. 10.0.0.116 - - [16/Apr/2026:09:40:23 +0000] "GET /v3/services/8df1d4fb3d04493cb751fd826e392ceb HTTP/1.1" 200 296 10.0.0.116 - - [16/Apr/2026:09:40:23 +0000] "GET /v3/regions/RegionOne HTTP/1.1" 200 173
[Thu Apr 16 09:40:23.388007 2026] [wsgi:error] [pid 9:tid 140421918688960] [remote 10.0.0.116:58550] 2026-04-16 09:40:23.387 9 WARNING keystone.common.fernet_utils [None req-03df5b58-bbe4-47bf-8489-3a3dddd29dc1 - - - - - -] key_repository is world readable: /etc/keystone/fernet-keys/ 10.0.0.116 - - [16/Apr/2026:09:40:23 +0000] "POST /v3/auth/tokens HTTP/1.1" 201 1464 10.0.0.116 - - [16/Apr/2026:09:40:23 +0000] "POST /v3/endpoints HTTP/1.1" 201 380 10.0.0.116 - - [16/Apr/2026:09:40:23 +0000] "GET /v3/services/8df1d4fb3d04493cb751fd826e392ceb HTTP/1.1" 200 296
[Thu Apr 16 09:40:23.539012 2026] [wsgi:error] [pid 12:tid 140421918688960] [remote 10.0.0.116:58560] 2026-04-16 09:40:23.538 12 WARNING keystone.common.fernet_utils [None req-f74cd546-9efe-4aa7-bee8-36cff49fed4c - - - - - -] key_repository is world readable: /etc/keystone/fernet-keys/ 10.0.0.116 - - [16/Apr/2026:09:40:23 +0000] "POST /v3/auth/tokens HTTP/1.1" 201 1641 10.0.0.116 - - [16/Apr/2026:09:40:23 +0000] "GET /v3/regions/RegionOne HTTP/1.1" 200 173 10.0.0.116 - - [16/Apr/2026:09:40:23 +0000] "POST /v3/endpoints HTTP/1.1" 201 383 10.0.0.116 - - [16/Apr/2026:09:40:23 +0000] "GET /v3/services/8df1d4fb3d04493cb751fd826e392ceb HTTP/1.1" 200 296 10.0.0.116 - - [16/Apr/2026:09:40:23 +0000] "GET /v3/regions/RegionOne HTTP/1.1" 200 173 10.0.0.116 - - [16/Apr/2026:09:40:23 +0000] "POST /v3/endpoints HTTP/1.1" 201 370 10.0.0.116 - - [16/Apr/2026:09:40:25 +0000] "GET / HTTP/1.1" 300 295
[Thu Apr 16 09:40:25.063084 2026] [wsgi:error] [pid 10:tid 140421918688960] [remote 10.0.0.116:58566] 2026-04-16 09:40:25.062 10 WARNING keystone.common.password_hashing [None req-34cee67d-1008-47a1-b2e5-bcecf5669129 - - - - - -] Truncating password to algorithm specific maximum length 72 characters. 10.0.0.116 - - [16/Apr/2026:09:40:25 +0000] "GET / HTTP/1.1" 300 295
[Thu Apr 16 09:40:25.102397 2026] [wsgi:error] [pid 9:tid 140421918688960] [remote 10.0.0.116:58574] 2026-04-16 09:40:25.101 9 WARNING keystone.common.password_hashing [None req-3ef25a31-00f4-4fd2-9d9a-8363efee8337 - - - - - -] Truncating password to algorithm specific maximum length 72 characters.
[Thu Apr 16 09:40:25.355171 2026] [wsgi:error] [pid 10:tid 140421918688960] [remote 10.0.0.116:58566] 2026-04-16 09:40:25.354 10 WARNING keystone.common.fernet_utils [None req-34cee67d-1008-47a1-b2e5-bcecf5669129 - - - - - -] key_repository is world readable: /etc/keystone/fernet-keys/ 10.0.0.116 - - [16/Apr/2026:09:40:25 +0000] "POST /v3/auth/tokens HTTP/1.1" 201 1992
[Thu Apr 16 09:40:25.387344 2026] [wsgi:error] [pid 9:tid 140421918688960] [remote 10.0.0.116:58574] 2026-04-16 09:40:25.387 9 WARNING keystone.common.fernet_utils [None req-3ef25a31-00f4-4fd2-9d9a-8363efee8337 - - - - - -] key_repository is world readable: /etc/keystone/fernet-keys/ 10.0.0.116 - - [16/Apr/2026:09:40:25 +0000] "POST /v3/auth/tokens HTTP/1.1" 201 1992 10.0.0.116 - - [16/Apr/2026:09:40:25 +0000] "GET / HTTP/1.1" 300 295
[Thu Apr 16 09:40:25.453905 2026] [wsgi:error] [pid 12:tid 140421918688960] [remote 10.0.0.116:58580] 2026-04-16 09:40:25.453 12 WARNING keystone.common.password_hashing [None req-a65935ad-0709-4202-ae0e-0462f0b74de0 - - - - - -] Truncating password to algorithm specific maximum length 72 characters. 10.0.0.116 - - [16/Apr/2026:09:40:25 +0000] "GET /v3/endpoints/67a2d9d4a60a4d3f999ffd02e5707105 HTTP/1.1" 200 383 10.0.0.116 - - [16/Apr/2026:09:40:25 +0000] "GET /v3/services/8df1d4fb3d04493cb751fd826e392ceb HTTP/1.1" 200 296 10.0.0.116 - - [16/Apr/2026:09:40:25 +0000] "GET /v3/endpoints/36e48f856b22473cb456ac2067225c3f HTTP/1.1" 200 380 10.0.0.116 - - [16/Apr/2026:09:40:25 +0000] "GET /v3/services/8df1d4fb3d04493cb751fd826e392ceb HTTP/1.1" 200 296
[Thu Apr 16 09:40:25.742151 2026] [wsgi:error] [pid 12:tid 140421918688960] [remote 10.0.0.116:58580] 2026-04-16 09:40:25.742 12 WARNING keystone.common.fernet_utils [None req-a65935ad-0709-4202-ae0e-0462f0b74de0 - - - - - -] key_repository is world readable: /etc/keystone/fernet-keys/ 10.0.0.116 - - [16/Apr/2026:09:40:25 +0000] "POST /v3/auth/tokens HTTP/1.1" 201 1992 10.0.0.116 - - [16/Apr/2026:09:40:25 +0000] "GET /v3/endpoints/c36ba7d0bec843a0a08f361063b0a4e2 HTTP/1.1" 200 370 10.0.0.116 - - [16/Apr/2026:09:40:25 +0000] "GET /v3/services/8df1d4fb3d04493cb751fd826e392ceb HTTP/1.1" 200 296 10.0.0.66 - - [16/Apr/2026:09:40:41 +0000] "GET / HTTP/1.1" 300 295
[Thu Apr 16 09:40:41.079796 2026] [wsgi:error] [pid 12:tid 140421918688960] [remote 10.0.0.66:54904] 2026-04-16 09:40:41.079 12 WARNING keystone.common.password_hashing [None req-f39f03a2-e0f9-4284-b933-90e7519bc3a0 - - - - - -] Truncating password to algorithm specific maximum length 72 characters.
[Thu Apr 16 09:40:41.358697 2026] [wsgi:error] [pid 12:tid 140421918688960] [remote 10.0.0.66:54904] 2026-04-16 09:40:41.358 12 WARNING keystone.common.fernet_utils [None req-f39f03a2-e0f9-4284-b933-90e7519bc3a0 - - - - - -] key_repository is world readable: /etc/keystone/fernet-keys/ 10.0.0.66 - - [16/Apr/2026:09:40:41 +0000] "POST /v3/auth/tokens HTTP/1.1" 201 1992 10.0.0.66 - - [16/Apr/2026:09:40:41 +0000] "POST /v3/domains HTTP/1.1" 201 284 10.0.0.66 - - [16/Apr/2026:09:40:42 +0000] "GET / HTTP/1.1" 300 295
[Thu Apr 16 09:40:42.849952 2026] [wsgi:error] [pid 10:tid 140421918688960] [remote 10.0.0.66:54914] 2026-04-16 09:40:42.849 10 WARNING keystone.common.password_hashing [None req-89cb69c5-abf9-4b64-94b4-7c03a030ecf8 - - - - - -] Truncating password to algorithm specific maximum length 72 characters.
[Thu Apr 16 09:40:43.127275 2026] [wsgi:error] [pid 10:tid 140421918688960] [remote 10.0.0.66:54914] 2026-04-16 09:40:43.127 10 WARNING keystone.common.fernet_utils [None req-89cb69c5-abf9-4b64-94b4-7c03a030ecf8 - - - - - -] key_repository is world readable: /etc/keystone/fernet-keys/ 10.0.0.66 - - [16/Apr/2026:09:40:42 +0000] "POST /v3/auth/tokens HTTP/1.1" 201 1992
[Thu Apr 16 09:40:43.324887 2026] [wsgi:error] [pid 12:tid 140421918688960] [remote 10.0.0.66:54914] 2026-04-16 09:40:43.311 12 ERROR keystone.server.flask.application [None req-0b72279f-5436-4bdf-aa4b-d28623a0f4c2 2414d212f33546b6b46811318225ee79 91cf78b634a149c7a6c609d62a481aef - - default default] Conflict occurred attempting to store project - it is not permitted to have two projects acting as domains with the same name: service.: keystone.exception.Conflict: Conflict occurred attempting to store project - it is not permitted to have two projects acting as domains with the same name: service.
[Thu Apr 16 09:40:43.324917 2026] [wsgi:error] [pid 12:tid 140421918688960] [remote 10.0.0.66:54914] 2026-04-16 09:40:43.311 12 ERROR keystone.server.flask.application
Traceback (most recent call last):
[Thu Apr 16 09:40:43.324919 2026] [wsgi:error] [pid 12:tid 140421918688960] [remote 10.0.0.66:54914] 2026-04-16 09:40:43.311 12 ERROR keystone.server.flask.application
File "/var/lib/openstack/lib/python3.12/site-packages/sqlalchemy/engine/base.py", line 1967, in _exec_single_context
[Thu Apr 16 09:40:43.324921 2026] [wsgi:error] [pid 12:tid 140421918688960] [remote 10.0.0.66:54914] 2026-04-16 09:40:43.311 12 ERROR keystone.server.flask.application self.dialect.do_execute(
[Thu Apr 16 09:40:43.324923 2026] [wsgi:error] [pid 12:tid 140421918688960] [remote 10.0.0.66:54914] 2026-04-16 09:40:43.311 12 ERROR keystone.server.flask.application
File "/var/lib/openstack/lib/python3.12/site-packages/sqlalchemy/engine/default.py", line 952, in do_execute
[Thu Apr 16 09:40:43.324924 2026] [wsgi:error] [pid 12:tid 140421918688960] [remote 10.0.0.66:54914] 2026-04-16 09:40:43.311 12 ERROR keystone.server.flask.application cursor.execute(statement, parameters)
[Thu Apr 16 09:40:43.324926 2026] [wsgi:error] [pid 12:tid 140421918688960] [remote 10.0.0.66:54914] 2026-04-16 09:40:43.311 12 ERROR keystone.server.flask.application
File "/var/lib/openstack/lib/python3.12/site-packages/pymysql/cursors.py", line 153, in execute
[Thu Apr 16 09:40:43.324927 2026] [wsgi:error] [pid 12:tid 140421918688960] [remote 10.0.0.66:54914] 2026-04-16 09:40:43.311 12 ERROR keystone.server.flask.application result = self._query(query)
[Thu Apr 16 09:40:43.324929 2026] [wsgi:error] [pid 12:tid 140421918688960] [remote 10.0.0.66:54914] 2026-04-16 09:40:43.311 12 ERROR keystone.server.flask.application ^^^^^^^^^^^^^^^^^^
[Thu Apr 16 09:40:43.324930 2026] [wsgi:error] [pid 12:tid 140421918688960] [remote 10.0.0.66:54914] 2026-04-16 09:40:43.311 12 ERROR keystone.server.flask.application
File "/var/lib/openstack/lib/python3.12/site-packages/pymysql/cursors.py", line 322, in _query
[Thu Apr 16 09:40:43.324931 2026] [wsgi:error] [pid 12:tid 140421918688960] [remote 10.0.0.66:54914] 2026-04-16 09:40:43.311 12 ERROR keystone.server.flask.application conn.query(q)
[Thu Apr 16 09:40:43.324933 2026] [wsgi:error] [pid 12:tid 140421918688960] [remote 10.0.0.66:54914] 2026-04-16 09:40:43.311 12 ERROR keystone.server.flask.application
File "/var/lib/openstack/lib/python3.12/site-packages/pymysql/connections.py", line 575, in query
[Thu Apr 16 09:40:43.324934 2026] [wsgi:error] [pid 12:tid 140421918688960] [remote 10.0.0.66:54914] 2026-04-16 09:40:43.311 12 ERROR keystone.server.flask.application self._affected_rows = self._read_query_result(unbuffered=unbuffered)
[Thu Apr 16 09:40:43.324936 2026] [wsgi:error] [pid 12:tid 140421918688960] [remote 10.0.0.66:54914] 2026-04-16 09:40:43.311 12 ERROR keystone.server.flask.application ^^^^^^^^^^^^^^^^^^^^^^^^^^^^^^^^^^^^^^^^^^^^^^
[Thu Apr 16 09:40:43.324938 2026] [wsgi:error] [pid 12:tid 140421918688960] [remote 10.0.0.66:54914] 2026-04-16 09:40:43.311 12 ERROR keystone.server.flask.application
File "/var/lib/openstack/lib/python3.12/site-packages/pymysql/connections.py", line 826, in _read_query_result
[Thu Apr 16 09:40:43.324939 2026] [wsgi:error] [pid 12:tid 140421918688960] [remote 10.0.0.66:54914] 2026-04-16 09:40:43.311 12 ERROR keystone.server.flask.application result.read()
[Thu Apr 16 09:40:43.324943 2026] [wsgi:error] [pid 12:tid 140421918688960] [remote 10.0.0.66:54914] 2026-04-16 09:40:43.311 12 ERROR keystone.server.flask.application
File "/var/lib/openstack/lib/python3.12/site-packages/pymysql/connections.py", line 1203, in read
[Thu Apr 16 09:40:43.324944 2026] [wsgi:error] [pid 12:tid 140421918688960] [remote 10.0.0.66:54914] 2026-04-16 09:40:43.311 12 ERROR keystone.server.flask.application first_packet = self.connection._read_packet()
[Thu Apr 16 09:40:43.324945 2026] [wsgi:error] [pid 12:tid 140421918688960] [remote 10.0.0.66:54914] 2026-04-16 09:40:43.311 12 ERROR keystone.server.flask.application ^^^^^^^^^^^^^^^^^^^^^^^^^^^^^^
[Thu Apr 16 09:40:43.324947 2026] [wsgi:error] [pid 12:tid 140421918688960] [remote 10.0.0.66:54914] 2026-04-16 09:40:43.311 12 ERROR keystone.server.flask.application
File "/var/lib/openstack/lib/python3.12/site-packages/pymysql/connections.py", line 782, in _read_packet
[Thu Apr 16 09:40:43.324948 2026] [wsgi:error] [pid 12:tid 140421918688960] [remote 10.0.0.66:54914] 2026-04-16 09:40:43.311 12 ERROR keystone.server.flask.application packet.raise_for_error()
[Thu Apr 16 09:40:43.324949 2026] [wsgi:error] [pid 12:tid 140421918688960] [remote 10.0.0.66:54914] 2026-04-16 09:40:43.311 12 ERROR keystone.server.flask.application
File "/var/lib/openstack/lib/python3.12/site-packages/pymysql/protocol.py", line 219, in raise_for_error
[Thu Apr 16 09:40:43.324951 2026] [wsgi:error] [pid 12:tid 140421918688960] [remote 10.0.0.66:54914] 2026-04-16 09:40:43.311 12 ERROR keystone.server.flask.application err.raise_mysql_exception(self._data)
[Thu Apr 16 09:40:43.324952 2026] [wsgi:error] [pid 12:tid 140421918688960] [remote 10.0.0.66:54914] 2026-04-16 09:40:43.311 12 ERROR keystone.server.flask.application
File "/var/lib/openstack/lib/python3.12/site-packages/pymysql/err.py", line 150, in raise_mysql_exception
[Thu Apr 16 09:40:43.324954 2026] [wsgi:error] [pid 12:tid 140421918688960] [remote 10.0.0.66:54914] 2026-04-16 09:40:43.311 12 ERROR keystone.server.flask.application raise errorclass(errno, errval)
[Thu Apr 16 09:40:43.324955 2026] [wsgi:error] [pid 12:tid 140421918688960] [remote 10.0.0.66:54914] 2026-04-16 09:40:43.311 12 ERROR keystone.server.flask.application pymysql.err.IntegrityError: (1062, "Duplicate entry '<>-service' for key 'project.ixu_project_name_domain_id'")
[Thu Apr 16 09:40:43.324957 2026] [wsgi:error] [pid 12:tid 140421918688960] [remote 10.0.0.66:54914] 2026-04-16 09:40:43.311 12 ERROR keystone.server.flask.application
[Thu Apr 16 09:40:43.324958 2026] [wsgi:error] [pid 12:tid 140421918688960] [remote 10.0.0.66:54914] 2026-04-16 09:40:43.311 12 ERROR keystone.server.flask.application The above exception was the direct cause of the following exception:
[Thu Apr 16 09:40:43.324960 2026] [wsgi:error] [pid 12:tid 140421918688960] [remote 10.0.0.66:54914] 2026-04-16 09:40:43.311 12 ERROR keystone.server.flask.application
[Thu Apr 16 09:40:43.324961 2026] [wsgi:error] [pid 12:tid 140421918688960] [remote 10.0.0.66:54914] 2026-04-16 09:40:43.311 12 ERROR keystone.server.flask.application
Traceback (most recent call last):
[Thu Apr 16 09:40:43.324962 2026] [wsgi:error] [pid 12:tid 140421918688960] [remote 10.0.0.66:54914] 2026-04-16 09:40:43.311 12 ERROR keystone.server.flask.application
File "/var/lib/openstack/lib/python3.12/site-packages/keystone/common/sql/core.py", line 575, in wrapper
[Thu Apr 16 09:40:43.324964 2026] [wsgi:error] [pid 12:tid 140421918688960] [remote 10.0.0.66:54914] 2026-04-16 09:40:43.311 12 ERROR keystone.server.flask.application return method(*args, **kwargs)
[Thu Apr 16 09:40:43.324965 2026] [wsgi:error] [pid 12:tid 140421918688960] [remote 10.0.0.66:54914] 2026-04-16 09:40:43.311 12 ERROR keystone.server.flask.application ^^^^^^^^^^^^^^^^^^^^^^^
[Thu Apr 16 09:40:43.324966 2026] [wsgi:error] [pid 12:tid 140421918688960] [remote 10.0.0.66:54914] 2026-04-16 09:40:43.311 12 ERROR keystone.server.flask.application
File "/var/lib/openstack/lib/python3.12/site-packages/keystone/resource/backends/sql.py", line 278, in create_project
[Thu Apr 16 09:40:43.324969 2026] [wsgi:error] [pid 12:tid 140421918688960] [remote 10.0.0.66:54914] 2026-04-16 09:40:43.311 12 ERROR keystone.server.flask.application with sql.session_for_write() as session:
[Thu Apr 16 09:40:43.324970 2026] [wsgi:error] [pid 12:tid 140421918688960] [remote 10.0.0.66:54914] 2026-04-16 09:40:43.311 12 ERROR keystone.server.flask.application
File "/usr/lib/python3.12/contextlib.py", line 144, in __exit__
[Thu Apr 16 09:40:43.324972 2026] [wsgi:error] [pid 12:tid 140421918688960] [remote 10.0.0.66:54914] 2026-04-16 09:40:43.311 12 ERROR keystone.server.flask.application next(self.gen)
[Thu Apr 16 09:40:43.324973 2026] [wsgi:error] [pid 12:tid 140421918688960] [remote 10.0.0.66:54914] 2026-04-16 09:40:43.311 12 ERROR keystone.server.flask.application
File "/var/lib/openstack/lib/python3.12/site-packages/oslo_db/sqlalchemy/enginefacade.py", line 1175, in _transaction_scope
[Thu Apr 16 09:40:43.324975 2026] [wsgi:error] [pid 12:tid 140421918688960] [remote 10.0.0.66:54914] 2026-04-16 09:40:43.311 12 ERROR keystone.server.flask.application with current._produce_block(
[Thu Apr 16 09:40:43.324976 2026] [wsgi:error] [pid 12:tid 140421918688960] [remote 10.0.0.66:54914] 2026-04-16 09:40:43.311 12 ERROR keystone.server.flask.application
File "/usr/lib/python3.12/contextlib.py", line 144, in __exit__
[Thu Apr 16 09:40:43.324977 2026] [wsgi:error] [pid 12:tid 140421918688960] [remote 10.0.0.66:54914] 2026-04-16 09:40:43.311 12 ERROR keystone.server.flask.application next(self.gen)
[Thu Apr 16 09:40:43.324979 2026] [wsgi:error] [pid 12:tid 140421918688960] [remote 10.0.0.66:54914] 2026-04-16 09:40:43.311 12 ERROR keystone.server.flask.application
File "/var/lib/openstack/lib/python3.12/site-packages/oslo_db/sqlalchemy/enginefacade.py", line 837, in _session
[Thu Apr 16 09:40:43.324980 2026] [wsgi:error] [pid 12:tid 140421918688960] [remote 10.0.0.66:54914] 2026-04-16 09:40:43.311 12 ERROR keystone.server.flask.application with excutils.save_and_reraise_exception():
[Thu Apr 16 09:40:43.324981 2026] [wsgi:error] [pid 12:tid 140421918688960] [remote 10.0.0.66:54914] 2026-04-16 09:40:43.311 12 ERROR keystone.server.flask.application
File "/var/lib/openstack/lib/python3.12/site-packages/oslo_utils/excutils.py", line 271, in __exit__
[Thu Apr 16 09:40:43.324983 2026] [wsgi:error] [pid 12:tid 140421918688960] [remote 10.0.0.66:54914] 2026-04-16 09:40:43.311 12 ERROR keystone.server.flask.application self.force_reraise()
[Thu Apr 16 09:40:43.324984 2026] [wsgi:error] [pid 12:tid 140421918688960] [remote 10.0.0.66:54914] 2026-04-16 09:40:43.311 12 ERROR keystone.server.flask.application
File "/var/lib/openstack/lib/python3.12/site-packages/oslo_utils/excutils.py", line 233, in force_reraise
[Thu Apr 16 09:40:43.324985 2026] [wsgi:error] [pid 12:tid 140421918688960] [remote 10.0.0.66:54914] 2026-04-16 09:40:43.311 12 ERROR keystone.server.flask.application raise self.value
[Thu Apr 16 09:40:43.324987 2026] [wsgi:error] [pid 12:tid 140421918688960] [remote 10.0.0.66:54914] 2026-04-16 09:40:43.311 12 ERROR keystone.server.flask.application
File "/var/lib/openstack/lib/python3.12/site-packages/oslo_db/sqlalchemy/enginefacade.py", line 835, in _session
[Thu Apr 16 09:40:43.324989 2026] [wsgi:error] [pid 12:tid 140421918688960] [remote 10.0.0.66:54914] 2026-04-16 09:40:43.311 12 ERROR keystone.server.flask.application self._end_session_transaction(self.session)
[Thu Apr 16 09:40:43.324990 2026] [wsgi:error] [pid 12:tid 140421918688960] [remote 10.0.0.66:54914] 2026-04-16 09:40:43.311 12 ERROR keystone.server.flask.application
File "/var/lib/openstack/lib/python3.12/site-packages/oslo_db/sqlalchemy/enginefacade.py", line 748, in _end_session_transaction
[Thu Apr 16 09:40:43.324992 2026] [wsgi:error] [pid 12:tid 140421918688960] [remote 10.0.0.66:54914] 2026-04-16 09:40:43.311 12 ERROR keystone.server.flask.application session.commit()
[Thu Apr 16 09:40:43.324994 2026] [wsgi:error] [pid 12:tid 140421918688960] [remote 10.0.0.66:54914] 2026-04-16 09:40:43.311 12 ERROR keystone.server.flask.application
File "/var/lib/openstack/lib/python3.12/site-packages/sqlalchemy/orm/session.py", line 2030, in commit
[Thu Apr 16 09:40:43.324996 2026] [wsgi:error] [pid 12:tid 140421918688960] [remote 10.0.0.66:54914] 2026-04-16 09:40:43.311 12 ERROR keystone.server.flask.application trans.commit(_to_root=True)
[Thu Apr 16 09:40:43.324997 2026] [wsgi:error] [pid 12:tid 140421918688960] [remote 10.0.0.66:54914] 2026-04-16 09:40:43.311 12 ERROR keystone.server.flask.application File "", line 2, in commit
[Thu Apr 16 09:40:43.324999 2026] [wsgi:error] [pid 12:tid 140421918688960] [remote 10.0.0.66:54914] 2026-04-16 09:40:43.311 12 ERROR keystone.server.flask.application
File "/var/lib/openstack/lib/python3.12/site-packages/sqlalchemy/orm/state_changes.py", line 137, in _go
[Thu Apr 16 09:40:43.325000 2026] [wsgi:error] [pid 12:tid 140421918688960] [remote 10.0.0.66:54914] 2026-04-16 09:40:43.311 12 ERROR keystone.server.flask.application ret_value = fn(self, *arg, **kw)
[Thu Apr 16 09:40:43.325001 2026] [wsgi:error] [pid 12:tid 140421918688960] [remote 10.0.0.66:54914] 2026-04-16 09:40:43.311 12 ERROR keystone.server.flask.application ^^^^^^^^^^^^^^^^^^^^
[Thu Apr 16 09:40:43.325003 2026] [wsgi:error] [pid 12:tid 140421918688960] [remote 10.0.0.66:54914] 2026-04-16 09:40:43.311 12 ERROR keystone.server.flask.application
File "/var/lib/openstack/lib/python3.12/site-packages/sqlalchemy/orm/session.py", line 1311, in commit
[Thu Apr 16 09:40:43.325004 2026] [wsgi:error] [pid 12:tid 140421918688960] [remote 10.0.0.66:54914] 2026-04-16 09:40:43.311 12 ERROR keystone.server.flask.application self._prepare_impl()
[Thu Apr 16 09:40:43.325005 2026] [wsgi:error] [pid 12:tid 140421918688960] [remote 10.0.0.66:54914] 2026-04-16 09:40:43.311 12 ERROR keystone.server.flask.application File "", line 2, in _prepare_impl
[Thu Apr 16 09:40:43.325007 2026] [wsgi:error] [pid 12:tid 140421918688960] [remote 10.0.0.66:54914] 2026-04-16 09:40:43.311 12 ERROR keystone.server.flask.application
File "/var/lib/openstack/lib/python3.12/site-packages/sqlalchemy/orm/state_changes.py", line 137, in _go
[Thu Apr 16 09:40:43.325008 2026] [wsgi:error] [pid 12:tid 140421918688960] [remote 10.0.0.66:54914] 2026-04-16 09:40:43.311 12 ERROR keystone.server.flask.application ret_value = fn(self, *arg, **kw)
[Thu Apr 16 09:40:43.325009 2026] [wsgi:error] [pid 12:tid 140421918688960] [remote 10.0.0.66:54914] 2026-04-16 09:40:43.311 12 ERROR keystone.server.flask.application ^^^^^^^^^^^^^^^^^^^^
[Thu Apr 16 09:40:43.325011 2026] [wsgi:error] [pid 12:tid 140421918688960] [remote 10.0.0.66:54914] 2026-04-16 09:40:43.311 12 ERROR keystone.server.flask.application
File "/var/lib/openstack/lib/python3.12/site-packages/sqlalchemy/orm/session.py", line 1286, in _prepare_impl
[Thu Apr 16 09:40:43.325012 2026] [wsgi:error] [pid 12:tid 140421918688960] [remote 10.0.0.66:54914] 2026-04-16 09:40:43.311 12 ERROR keystone.server.flask.application self.session.flush()
[Thu Apr 16 09:40:43.325013 2026] [wsgi:error] [pid 12:tid 140421918688960] [remote 10.0.0.66:54914] 2026-04-16 09:40:43.311 12 ERROR keystone.server.flask.application
File "/var/lib/openstack/lib/python3.12/site-packages/sqlalchemy/orm/session.py", line 4331, in flush
[Thu Apr 16 09:40:43.325015 2026] [wsgi:error] [pid 12:tid 140421918688960] [remote 10.0.0.66:54914] 2026-04-16 09:40:43.311 12 ERROR keystone.server.flask.application self._flush(objects)
[Thu Apr 16 09:40:43.325016 2026] [wsgi:error] [pid 12:tid 140421918688960] [remote 10.0.0.66:54914] 2026-04-16 09:40:43.311 12 ERROR keystone.server.flask.application
File "/var/lib/openstack/lib/python3.12/site-packages/sqlalchemy/orm/session.py", line 4466, in _flush
[Thu Apr 16 09:40:43.325019 2026] [wsgi:error] [pid 12:tid 140421918688960] [remote 10.0.0.66:54914] 2026-04-16 09:40:43.311 12 ERROR keystone.server.flask.application with util.safe_reraise():
[Thu Apr 16 09:40:43.325020 2026] [wsgi:error] [pid 12:tid 140421918688960] [remote 10.0.0.66:54914] 2026-04-16 09:40:43.311 12 ERROR keystone.server.flask.application
File "/var/lib/openstack/lib/python3.12/site-packages/sqlalchemy/util/langhelpers.py", line 121, in __exit__
[Thu Apr 16 09:40:43.325022 2026] [wsgi:error] [pid 12:tid 140421918688960] [remote 10.0.0.66:54914] 2026-04-16 09:40:43.311 12 ERROR keystone.server.flask.application raise exc_value.with_traceback(exc_tb)
[Thu Apr 16 09:40:43.325023 2026] [wsgi:error] [pid 12:tid 140421918688960] [remote 10.0.0.66:54914] 2026-04-16 09:40:43.311 12 ERROR keystone.server.flask.application
File "/var/lib/openstack/lib/python3.12/site-packages/sqlalchemy/orm/session.py", line 4427, in _flush
[Thu Apr 16 09:40:43.325024 2026] [wsgi:error] [pid 12:tid 140421918688960] [remote 10.0.0.66:54914] 2026-04-16 09:40:43.311 12 ERROR keystone.server.flask.application flush_context.execute()
[Thu Apr 16 09:40:43.325026 2026] [wsgi:error] [pid 12:tid 140421918688960] [remote 10.0.0.66:54914] 2026-04-16 09:40:43.311 12 ERROR keystone.server.flask.application
