2026-04-28 03:59:31.322 8 INFO placement.requestlog [req-8f3080b1-b609-4aea-b71a-9a6446463bc0 req-fb1c696d-6c65-4132-86ff-60eb42254600 ccc21eb5d2ff45419718f4e458b9be45 f205728b3871461e8fb150998b6f70ad - - 97f5dd08160f4c11983be94260bbd829 97f5dd08160f4c11983be94260bbd829] 199.204.45.3 "GET /resource_providers/fc705b41-d4c9-4cba-9919-2817e91c3a58/allocations" status: 200 len: 54 microversion: 1.0 [pid: 8|app: 0|req: 99/197] 199.204.45.3 () {32 vars in 854 bytes} [Tue Apr 28 03:59:30 2026] GET /resource_providers/fc705b41-d4c9-4cba-9919-2817e91c3a58/allocations => generated 54 bytes in 498 msecs (HTTP/1.1 200) 6 headers in 223 bytes (1 switches on core 0)
2026-04-28 03:59:31.346 7 INFO placement.requestlog [req-8f3080b1-b609-4aea-b71a-9a6446463bc0 req-252e1502-bb41-4232-af09-b975afd8589b ccc21eb5d2ff45419718f4e458b9be45 f205728b3871461e8fb150998b6f70ad - - 97f5dd08160f4c11983be94260bbd829 97f5dd08160f4c11983be94260bbd829] 199.204.45.3 "GET /resource_providers?in_tree=fc705b41-d4c9-4cba-9919-2817e91c3a58" status: 200 len: 797 microversion: 1.14 [pid: 7|app: 0|req: 99/198] 199.204.45.3 () {34 vars in 889 bytes} [Tue Apr 28 03:59:31 2026] GET /resource_providers?in_tree=fc705b41-d4c9-4cba-9919-2817e91c3a58 => generated 797 bytes in 19 msecs (HTTP/1.1 200) 6 headers in 225 bytes (1 switches on core 0)
2026-04-28 03:59:31.367 8 INFO placement.requestlog [req-8f3080b1-b609-4aea-b71a-9a6446463bc0 req-5ca9c4e4-cccf-41f9-8275-52ad3e7c61b8 ccc21eb5d2ff45419718f4e458b9be45 f205728b3871461e8fb150998b6f70ad - - 97f5dd08160f4c11983be94260bbd829 97f5dd08160f4c11983be94260bbd829] 199.204.45.3 "GET /resource_providers/fc705b41-d4c9-4cba-9919-2817e91c3a58/inventories" status: 200 len: 400 microversion: 1.0 [pid: 8|app: 0|req: 100/199] 199.204.45.3 () {32 vars in 854 bytes} [Tue Apr 28 03:59:31 2026] GET /resource_providers/fc705b41-d4c9-4cba-9919-2817e91c3a58/inventories => generated 400 bytes in 14 msecs (HTTP/1.1 200) 6 headers in 224 bytes (1 switches on core 0)
2026-04-28 03:59:31.385 7 INFO placement.requestlog [req-8f3080b1-b609-4aea-b71a-9a6446463bc0 req-968848b0-f95b-435b-a081-6cd280d0beec ccc21eb5d2ff45419718f4e458b9be45 f205728b3871461e8fb150998b6f70ad - - 97f5dd08160f4c11983be94260bbd829 97f5dd08160f4c11983be94260bbd829] 199.204.45.3 "GET /resource_providers/fc705b41-d4c9-4cba-9919-2817e91c3a58/aggregates" status: 200 len: 53 microversion: 1.19 [pid: 7|app: 0|req: 100/200] 199.204.45.3 () {34 vars in 896 bytes} [Tue Apr 28 03:59:31 2026] GET /resource_providers/fc705b41-d4c9-4cba-9919-2817e91c3a58/aggregates => generated 53 bytes in 11 msecs (HTTP/1.1 200) 8 headers in 295 bytes (1 switches on core 0)
2026-04-28 03:59:31.412 8 INFO placement.requestlog [req-8f3080b1-b609-4aea-b71a-9a6446463bc0 req-143f0d25-703f-4cb6-9886-671839f6718d ccc21eb5d2ff45419718f4e458b9be45 f205728b3871461e8fb150998b6f70ad - - 97f5dd08160f4c11983be94260bbd829 97f5dd08160f4c11983be94260bbd829] 199.204.45.3 "GET /resource_providers/fc705b41-d4c9-4cba-9919-2817e91c3a58/traits" status: 200 len: 2316 microversion: 1.6 [pid: 8|app: 0|req: 101/201] 199.204.45.3 () {34 vars in 887 bytes} [Tue Apr 28 03:59:31 2026] GET /resource_providers/fc705b41-d4c9-4cba-9919-2817e91c3a58/traits => generated 2316 bytes in 21 msecs (HTTP/1.1 200) 6 headers in 225 bytes (1 switches on core 0)
2026-04-28 03:59:31.480 7 INFO placement.requestlog [req-8f3080b1-b609-4aea-b71a-9a6446463bc0 req-43f5f0bd-015c-4d3e-9744-d3ce11eb40ff ccc21eb5d2ff45419718f4e458b9be45 f205728b3871461e8fb150998b6f70ad - - 97f5dd08160f4c11983be94260bbd829 97f5dd08160f4c11983be94260bbd829] 199.204.45.3 "GET /resource_providers/fc705b41-d4c9-4cba-9919-2817e91c3a58/allocations" status: 200 len: 54 microversion: 1.0 [pid: 7|app: 0|req: 101/202] 199.204.45.3 () {32 vars in 854 bytes} [Tue Apr 28 03:59:31 2026] GET /resource_providers/fc705b41-d4c9-4cba-9919-2817e91c3a58/allocations => generated 54 bytes in 59 msecs (HTTP/1.1 200) 6 headers in 223 bytes (1 switches on core 0)
2026-04-28 03:59:34.326 7 INFO placement.requestlog [None req-d7d5cb03-07e1-4262-be84-8620b42da97d - - - - - -] 10.0.0.149 "GET /" status: 200 len: 136 microversion: 1.0
2026-04-28 03:59:34.326 8 INFO placement.requestlog [None req-d47360ce-431d-40e5-9c9a-cb1349743d2e - - - - - -] 10.0.0.149 "GET /" status: 200 len: 136 microversion: 1.0
2026-04-28 03:59:44.326 7 INFO placement.requestlog [None req-9d4c548c-2bdd-4cbf-b45d-78e84ce6e2e8 - - - - - -] 10.0.0.149 "GET /" status: 200 len: 136 microversion: 1.0
2026-04-28 03:59:44.326 8 INFO placement.requestlog [None req-6daa37c7-a152-4e00-84df-66cb901f96a2 - - - - - -] 10.0.0.149 "GET /" status: 200 len: 136 microversion: 1.0
2026-04-28 03:59:54.328 7 INFO placement.requestlog [None req-a896f261-15af-41e8-a0fe-875a877b3363 - - - - - -] 10.0.0.149 "GET /" status: 200 len: 136 microversion: 1.0
2026-04-28 03:59:54.328 8 INFO placement.requestlog [None req-a638c7b0-3ed9-4e3b-b0ff-3ef422aa5fb2 - - - - - -] 10.0.0.149 "GET /" status: 200 len: 136 microversion: 1.0
2026-04-28 04:00:04.325 7 INFO placement.requestlog [None req-55c50547-f59f-4125-842f-93494bf193ea - - - - - -] 10.0.0.149 "GET /" status: 200 len: 136 microversion: 1.0
2026-04-28 04:00:04.327 8 INFO placement.requestlog [None req-a30ee8a9-2ba1-4a41-924f-47437e9be656 - - - - - -] 10.0.0.149 "GET /" status: 200 len: 136 microversion: 1.0
2026-04-28 04:00:07.987 7 INFO placement.requestlog [req-f7100f70-f666-4ed9-b693-52d8c49a3f7a req-eab3b78e-fd9d-46a0-891e-cd7163a04f5e ccc21eb5d2ff45419718f4e458b9be45 f205728b3871461e8fb150998b6f70ad - - 97f5dd08160f4c11983be94260bbd829 97f5dd08160f4c11983be94260bbd829] 10.0.0.108 "GET /allocation_candidates?limit=1000&resources=DISK_GB%3A1%2CMEMORY_MB%3A512%2CVCPU%3A1&root_required=%21COMPUTE_STATUS_DISABLED" status: 200 len: 2781 microversion: 1.36 [pid: 7|app: 0|req: 106/211] 10.0.0.108 () {34 vars in 1011 bytes} [Tue Apr 28 04:00:07 2026] GET /allocation_candidates?limit=1000&resources=DISK_GB%3A1%2CMEMORY_MB%3A512%2CVCPU%3A1&root_required=%21COMPUTE_STATUS_DISABLED => generated 2781 bytes in 148 msecs (HTTP/1.1 200) 8 headers in 297 bytes (1 switches on core 0)
2026-04-28 04:00:08.092 8 INFO placement.requestlog [req-f7100f70-f666-4ed9-b693-52d8c49a3f7a req-5fc7c7f1-ea95-403c-b2d6-3825838a19cd ccc21eb5d2ff45419718f4e458b9be45 f205728b3871461e8fb150998b6f70ad - - 97f5dd08160f4c11983be94260bbd829 97f5dd08160f4c11983be94260bbd829] 10.0.0.108 "GET /allocations/b795939d-94b0-4104-9548-c417e7a7278a" status: 200 len: 19 microversion: 1.28 [pid: 8|app: 0|req: 106/212] 10.0.0.108 () {34 vars in 860 bytes} [Tue Apr 28 04:00:08 2026] GET /allocations/b795939d-94b0-4104-9548-c417e7a7278a => generated 19 bytes in 60 msecs (HTTP/1.1 200) 8 headers in 295 bytes (1 switches on core 0)
2026-04-28 04:00:08.217 7 INFO placement.requestlog [req-f7100f70-f666-4ed9-b693-52d8c49a3f7a req-f5ff5d0a-bf0a-4802-b8c6-3929a3ac5e1b ccc21eb5d2ff45419718f4e458b9be45 f205728b3871461e8fb150998b6f70ad - - 97f5dd08160f4c11983be94260bbd829 97f5dd08160f4c11983be94260bbd829] 10.0.0.108 "PUT /allocations/b795939d-94b0-4104-9548-c417e7a7278a" status: 204 len: 0 microversion: 1.36 [pid: 7|app: 0|req: 107/213] 10.0.0.108 () {38 vars in 913 bytes} [Tue Apr 28 04:00:08 2026] PUT /allocations/b795939d-94b0-4104-9548-c417e7a7278a => generated 0 bytes in 117 msecs (HTTP/1.1 204) 5 headers in 199 bytes (1 switches on core 0)
2026-04-28 04:00:08.935 8 INFO placement.requestlog [req-eb276a68-37e3-4e87-9f39-16260d0685ce req-47865828-756e-4690-b191-7c836232ad99 ccc21eb5d2ff45419718f4e458b9be45 f205728b3871461e8fb150998b6f70ad - - 97f5dd08160f4c11983be94260bbd829 97f5dd08160f4c11983be94260bbd829] 10.0.0.108 "GET /allocation_candidates?limit=1000&resources=DISK_GB%3A1%2CMEMORY_MB%3A512%2CVCPU%3A1&root_required=%21COMPUTE_STATUS_DISABLED" status: 200 len: 2783 microversion: 1.36 [pid: 8|app: 0|req: 107/214] 10.0.0.108 () {34 vars in 1011 bytes} [Tue Apr 28 04:00:08 2026] GET /allocation_candidates?limit=1000&resources=DISK_GB%3A1%2CMEMORY_MB%3A512%2CVCPU%3A1&root_required=%21COMPUTE_STATUS_DISABLED => generated 2783 bytes in 63 msecs (HTTP/1.1 200) 8 headers in 297 bytes (1 switches on core 0)
2026-04-28 04:00:09.004 7 INFO placement.requestlog [req-eb276a68-37e3-4e87-9f39-16260d0685ce req-250b585f-6cfd-4d90-846b-d16f54739257 ccc21eb5d2ff45419718f4e458b9be45 f205728b3871461e8fb150998b6f70ad - - 97f5dd08160f4c11983be94260bbd829 97f5dd08160f4c11983be94260bbd829] 10.0.0.108 "GET /allocations/4ba73031-a22a-4aba-8a2d-8c91f7dc8634" status: 200 len: 19 microversion: 1.28 [pid: 7|app: 0|req: 108/215] 10.0.0.108 () {34 vars in 860 bytes} [Tue Apr 28 04:00:08 2026] GET /allocations/4ba73031-a22a-4aba-8a2d-8c91f7dc8634 => generated 19 bytes in 24 msecs (HTTP/1.1 200) 8 headers in 295 bytes (1 switches on core 0)
2026-04-28 04:00:09.125 8 INFO placement.requestlog [req-eb276a68-37e3-4e87-9f39-16260d0685ce req-a0291389-eb09-4df9-9658-855197c38482 ccc21eb5d2ff45419718f4e458b9be45 f205728b3871461e8fb150998b6f70ad - - 97f5dd08160f4c11983be94260bbd829 97f5dd08160f4c11983be94260bbd829] 10.0.0.108 "PUT /allocations/4ba73031-a22a-4aba-8a2d-8c91f7dc8634" status: 204 len: 0 microversion: 1.36 [pid: 8|app: 0|req: 108/216] 10.0.0.108 () {38 vars in 913 bytes} [Tue Apr 28 04:00:09 2026] PUT /allocations/4ba73031-a22a-4aba-8a2d-8c91f7dc8634 => generated 0 bytes in 114 msecs (HTTP/1.1 204) 5 headers in 199 bytes (1 switches on core 0)
2026-04-28 04:00:09.886 7 INFO placement.requestlog [req-f7100f70-f666-4ed9-b693-52d8c49a3f7a req-07e46761-6230-4c90-9ec9-1987f3681ee3 ccc21eb5d2ff45419718f4e458b9be45 f205728b3871461e8fb150998b6f70ad - - 97f5dd08160f4c11983be94260bbd829 97f5dd08160f4c11983be94260bbd829] 199.204.45.3 "GET /allocations/b795939d-94b0-4104-9548-c417e7a7278a" status: 200 len: 257 microversion: 1.28 [pid: 7|app: 0|req: 109/217] 199.204.45.3 () {34 vars in 860 bytes} [Tue Apr 28 04:00:09 2026] GET /allocations/b795939d-94b0-4104-9548-c417e7a7278a => generated 257 bytes in 24 msecs (HTTP/1.1 200) 8 headers in 296 bytes (1 switches on core 0)
2026-04-28 04:00:10.738 8 INFO placement.requestlog [req-eb276a68-37e3-4e87-9f39-16260d0685ce req-3e58ce7e-4bf4-48fb-8210-5d20ff3c2eb8 ccc21eb5d2ff45419718f4e458b9be45 f205728b3871461e8fb150998b6f70ad - - 97f5dd08160f4c11983be94260bbd829 97f5dd08160f4c11983be94260bbd829] 199.204.45.3 "GET /allocations/4ba73031-a22a-4aba-8a2d-8c91f7dc8634" status: 200 len: 257 microversion: 1.28 [pid: 8|app: 0|req: 109/218] 199.204.45.3 () {34 vars in 860 bytes} [Tue Apr 28 04:00:10 2026] GET /allocations/4ba73031-a22a-4aba-8a2d-8c91f7dc8634 => generated 257 bytes in 14 msecs (HTTP/1.1 200) 8 headers in 296 bytes (1 switches on core 0)
2026-04-28 04:00:10.973 7 INFO placement.requestlog [req-f7100f70-f666-4ed9-b693-52d8c49a3f7a req-d05eb464-434d-4cf4-b9c0-f32482c53a07 ccc21eb5d2ff45419718f4e458b9be45 f205728b3871461e8fb150998b6f70ad - - 97f5dd08160f4c11983be94260bbd829 97f5dd08160f4c11983be94260bbd829] 199.204.45.3 "GET /resource_providers/fc705b41-d4c9-4cba-9919-2817e91c3a58/allocations" status: 200 len: 252 microversion: 1.0 [pid: 7|app: 0|req: 110/219] 199.204.45.3 () {32 vars in 854 bytes} [Tue Apr 28 04:00:10 2026] GET /resource_providers/fc705b41-d4c9-4cba-9919-2817e91c3a58/allocations => generated 252 bytes in 55 msecs (HTTP/1.1 200) 6 headers in 224 bytes (1 switches on core 0)
2026-04-28 04:00:10.998 8 INFO placement.requestlog [req-f7100f70-f666-4ed9-b693-52d8c49a3f7a req-85ff17cc-128c-4716-911a-e711a87079d7 ccc21eb5d2ff45419718f4e458b9be45 f205728b3871461e8fb150998b6f70ad - - 97f5dd08160f4c11983be94260bbd829 97f5dd08160f4c11983be94260bbd829] 199.204.45.3 "GET /allocations/b795939d-94b0-4104-9548-c417e7a7278a" status: 200 len: 257 microversion: 1.28 [pid: 8|app: 0|req: 110/220] 199.204.45.3 () {34 vars in 860 bytes} [Tue Apr 28 04:00:10 2026] GET /allocations/b795939d-94b0-4104-9548-c417e7a7278a => generated 257 bytes in 14 msecs (HTTP/1.1 200) 8 headers in 296 bytes (1 switches on core 0)
2026-04-28 04:00:11.015 7 INFO placement.requestlog [req-f7100f70-f666-4ed9-b693-52d8c49a3f7a req-2e3a7e5c-839a-4cf2-84e4-a5731c2379d5 ccc21eb5d2ff45419718f4e458b9be45 f205728b3871461e8fb150998b6f70ad - - 97f5dd08160f4c11983be94260bbd829 97f5dd08160f4c11983be94260bbd829] 199.204.45.3 "GET /allocations/4ba73031-a22a-4aba-8a2d-8c91f7dc8634" status: 200 len: 257 microversion: 1.28 [pid: 7|app: 0|req: 111/221] 199.204.45.3 () {34 vars in 860 bytes} [Tue Apr 28 04:00:11 2026] GET /allocations/4ba73031-a22a-4aba-8a2d-8c91f7dc8634 => generated 257 bytes in 12 msecs (HTTP/1.1 200) 8 headers in 296 bytes (1 switches on core 0)
2026-04-28 04:00:12.524 7 INFO placement.requestlog [None req-f0b032f0-e948-4027-892d-8129da4547a9 cf231ae7744348deb51493e22cdbe126 f205728b3871461e8fb150998b6f70ad - - 97f5dd08160f4c11983be94260bbd829 97f5dd08160f4c11983be94260bbd829] 10.0.0.62 "GET /resource_providers/aa74ea6d-b707-47e0-b65e-c51dc7ce9f06/aggregates" status: 404 len: 235 microversion: 1.1 [pid: 7|app: 0|req: 112/222] 10.0.0.62 () {32 vars in 814 bytes} [Tue Apr 28 04:00:12 2026] GET /resource_providers/aa74ea6d-b707-47e0-b65e-c51dc7ce9f06/aggregates => generated 235 bytes in 90 msecs (HTTP/1.1 404) 5 headers in 202 bytes (1 switches on core 0)
2026-04-28 04:00:12.562 8 INFO placement.requestlog [None req-049eeb85-118b-4842-bc99-7e60ad467a07 cf231ae7744348deb51493e22cdbe126 f205728b3871461e8fb150998b6f70ad - - 97f5dd08160f4c11983be94260bbd829 97f5dd08160f4c11983be94260bbd829] 10.0.0.62 "GET /resource_providers/aa74ea6d-b707-47e0-b65e-c51dc7ce9f06/aggregates" status: 404 len: 235 microversion: 1.1 [pid: 8|app: 0|req: 111/223] 10.0.0.62 () {32 vars in 814 bytes} [Tue Apr 28 04:00:12 2026] GET /resource_providers/aa74ea6d-b707-47e0-b65e-c51dc7ce9f06/aggregates => generated 235 bytes in 154 msecs (HTTP/1.1 404) 5 headers in 202 bytes (1 switches on core 0)
2026-04-28 04:00:12.565 7 INFO placement.requestlog [None req-59d79369-3ba7-4376-8441-c4a38efbf466 cf231ae7744348deb51493e22cdbe126 f205728b3871461e8fb150998b6f70ad - - 97f5dd08160f4c11983be94260bbd829 97f5dd08160f4c11983be94260bbd829] 10.0.0.62 "DELETE /resource_providers/aa74ea6d-b707-47e0-b65e-c51dc7ce9f06" status: 404 len: 246 microversion: 1.1 [pid: 7|app: 0|req: 113/224] 10.0.0.62 () {34 vars in 814 bytes} [Tue Apr 28 04:00:12 2026] DELETE /resource_providers/aa74ea6d-b707-47e0-b65e-c51dc7ce9f06 => generated 246 bytes in 9 msecs (HTTP/1.1 404) 6 headers in 231 bytes (1 switches on core 0)
2026-04-28 04:00:12.584 8 INFO placement.requestlog [None req-e51e50af-f497-41d8-9ed6-fad3097593e2 cf231ae7744348deb51493e22cdbe126 f205728b3871461e8fb150998b6f70ad - - 97f5dd08160f4c11983be94260bbd829 97f5dd08160f4c11983be94260bbd829] 10.0.0.62 "DELETE /resource_providers/aa74ea6d-b707-47e0-b65e-c51dc7ce9f06" status: 404 len: 246 microversion: 1.1 [pid: 8|app: 0|req: 112/225] 10.0.0.62 () {34 vars in 814 bytes} [Tue Apr 28 04:00:12 2026] DELETE /resource_providers/aa74ea6d-b707-47e0-b65e-c51dc7ce9f06 => generated 246 bytes in 11 msecs (HTTP/1.1 404) 6 headers in 231 bytes (1 switches on core 0)
2026-04-28 04:00:13.110 7 INFO placement.requestlog [req-eb276a68-37e3-4e87-9f39-16260d0685ce req-f0350d08-72d1-4d75-9f0e-5acc7c1bd59a ccc21eb5d2ff45419718f4e458b9be45 f205728b3871461e8fb150998b6f70ad - - 97f5dd08160f4c11983be94260bbd829 97f5dd08160f4c11983be94260bbd829] 199.204.45.3 "GET /resource_providers/fc705b41-d4c9-4cba-9919-2817e91c3a58/allocations" status: 200 len: 252 microversion: 1.0 [pid: 7|app: 0|req: 114/226] 199.204.45.3 () {32 vars in 854 bytes} [Tue Apr 28 04:00:13 2026] GET /resource_providers/fc705b41-d4c9-4cba-9919-2817e91c3a58/allocations => generated 252 bytes in 27 msecs (HTTP/1.1 200) 6 headers in 224 bytes (1 switches on core 0)
2026-04-28 04:00:13.135 8 INFO placement.requestlog [req-eb276a68-37e3-4e87-9f39-16260d0685ce req-57a042b5-6188-4042-835c-abbb46a49345 ccc21eb5d2ff45419718f4e458b9be45 f205728b3871461e8fb150998b6f70ad - - 97f5dd08160f4c11983be94260bbd829 97f5dd08160f4c11983be94260bbd829] 199.204.45.3 "GET /allocations/b795939d-94b0-4104-9548-c417e7a7278a" status: 200 len: 257 microversion: 1.28 [pid: 8|app: 0|req: 113/227] 199.204.45.3 () {34 vars in 860 bytes} [Tue Apr 28 04:00:13 2026] GET /allocations/b795939d-94b0-4104-9548-c417e7a7278a => generated 257 bytes in 18 msecs (HTTP/1.1 200) 8 headers in 296 bytes (1 switches on core 0)
2026-04-28 04:00:13.158 7 INFO placement.requestlog [req-eb276a68-37e3-4e87-9f39-16260d0685ce req-1aed4c9f-262b-4152-9581-28ce0b56bf53 ccc21eb5d2ff45419718f4e458b9be45 f205728b3871461e8fb150998b6f70ad - - 97f5dd08160f4c11983be94260bbd829 97f5dd08160f4c11983be94260bbd829] 199.204.45.3 "GET /allocations/4ba73031-a22a-4aba-8a2d-8c91f7dc8634" status: 200 len: 257 microversion: 1.28 [pid: 7|app: 0|req: 115/228] 199.204.45.3 () {34 vars in 860 bytes} [Tue Apr 28 04:00:13 2026] GET /allocations/4ba73031-a22a-4aba-8a2d-8c91f7dc8634 => generated 257 bytes in 17 msecs (HTTP/1.1 200) 8 headers in 296 bytes (1 switches on core 0)
2026-04-28 04:00:13.434 8 INFO placement.requestlog [None req-4294d820-86e6-457a-bafe-bab453bb82bc cf231ae7744348deb51493e22cdbe126 f205728b3871461e8fb150998b6f70ad - - 97f5dd08160f4c11983be94260bbd829 97f5dd08160f4c11983be94260bbd829] 10.0.0.62 "GET /resource_providers/8c32d03e-3cb1-41ea-b5d8-d1d259b6b2ac/aggregates" status: 404 len: 235 microversion: 1.1 [pid: 8|app: 0|req: 114/229] 10.0.0.62 () {32 vars in 814 bytes} [Tue Apr 28 04:00:13 2026] GET /resource_providers/8c32d03e-3cb1-41ea-b5d8-d1d259b6b2ac/aggregates => generated 235 bytes in 171 msecs (HTTP/1.1 404) 5 headers in 202 bytes (1 switches on core 0)
2026-04-28 04:00:13.482 8 INFO placement.requestlog [None req-84c57a42-b084-472e-b9d0-d03c722753a7 cf231ae7744348deb51493e22cdbe126 f205728b3871461e8fb150998b6f70ad - - 97f5dd08160f4c11983be94260bbd829 97f5dd08160f4c11983be94260bbd829] 10.0.0.62 "DELETE /resource_providers/8c32d03e-3cb1-41ea-b5d8-d1d259b6b2ac" status: 404 len: 246 microversion: 1.1 [pid: 8|app: 0|req: 115/230] 10.0.0.62 () {34 vars in 814 bytes} [Tue Apr 28 04:00:13 2026] DELETE /resource_providers/8c32d03e-3cb1-41ea-b5d8-d1d259b6b2ac => generated 246 bytes in 23 msecs (HTTP/1.1 404) 6 headers in 231 bytes (1 switches on core 0)
2026-04-28 04:00:13.506 7 INFO placement.requestlog [None req-9217cd29-8eb8-4558-acd2-3ded4bd3b90c cf231ae7744348deb51493e22cdbe126 f205728b3871461e8fb150998b6f70ad - - 97f5dd08160f4c11983be94260bbd829 97f5dd08160f4c11983be94260bbd829] 10.0.0.62 "GET /resource_providers/8c32d03e-3cb1-41ea-b5d8-d1d259b6b2ac/aggregates" status: 404 len: 235 microversion: 1.1 [pid: 7|app: 0|req: 116/231] 10.0.0.62 () {32 vars in 814 bytes} [Tue Apr 28 04:00:13 2026] GET /resource_providers/8c32d03e-3cb1-41ea-b5d8-d1d259b6b2ac/aggregates => generated 235 bytes in 156 msecs (HTTP/1.1 404) 5 headers in 202 bytes (1 switches on core 0)
2026-04-28 04:00:13.550 8 INFO placement.requestlog [None req-8e02a08f-6cd5-4213-9a09-5afbff0fe7aa cf231ae7744348deb51493e22cdbe126 f205728b3871461e8fb150998b6f70ad - - 97f5dd08160f4c11983be94260bbd829 97f5dd08160f4c11983be94260bbd829] 10.0.0.62 "DELETE /resource_providers/8c32d03e-3cb1-41ea-b5d8-d1d259b6b2ac" status: 404 len: 246 microversion: 1.1 [pid: 8|app: 0|req: 116/232] 10.0.0.62 () {34 vars in 814 bytes} [Tue Apr 28 04:00:13 2026] DELETE /resource_providers/8c32d03e-3cb1-41ea-b5d8-d1d259b6b2ac => generated 246 bytes in 25 msecs (HTTP/1.1 404) 6 headers in 231 bytes (1 switches on core 0)
2026-04-28 04:00:14.325 7 INFO placement.requestlog [None req-e0a9f8bc-743d-4442-8cb9-8da482174884 - - - - - -] 10.0.0.149 "GET /" status: 200 len: 136 microversion: 1.0
2026-04-28 04:00:14.326 8 INFO placement.requestlog [None req-3ab68894-7668-4413-adfd-d15bcae68e25 - - - - - -] 10.0.0.149 "GET /" status: 200 len: 136 microversion: 1.0
2026-04-28 04:00:24.326 7 INFO placement.requestlog [None req-7290fb7d-2ace-41e8-b1f7-7b847ab4a32b - - - - - -] 10.0.0.149 "GET /" status: 200 len: 136 microversion: 1.0
2026-04-28 04:00:24.327 8 INFO placement.requestlog [None req-5f2b2ec9-a288-4659-9e96-e7f9be2e937f - - - - - -] 10.0.0.149 "GET /" status: 200 len: 136 microversion: 1.0
2026-04-28 04:00:26.064 7 INFO placement.requestlog [req-a8afd4cc-bc4f-427f-a955-89db49bcf6c0 req-ee67f6d5-a04a-4c30-8458-47d4656f113b ccc21eb5d2ff45419718f4e458b9be45 f205728b3871461e8fb150998b6f70ad - - 97f5dd08160f4c11983be94260bbd829 97f5dd08160f4c11983be94260bbd829] 10.0.0.108 "GET /allocation_candidates?limit=1000&resources=DISK_GB%3A1%2CMEMORY_MB%3A512%2CVCPU%3A1&root_required=%21COMPUTE_STATUS_DISABLED" status: 200 len: 2784 microversion: 1.36 [pid: 7|app: 0|req: 119/237] 10.0.0.108 () {34 vars in 1011 bytes} [Tue Apr 28 04:00:26 2026] GET /allocation_candidates?limit=1000&resources=DISK_GB%3A1%2CMEMORY_MB%3A512%2CVCPU%3A1&root_required=%21COMPUTE_STATUS_DISABLED => generated 2784 bytes in 57 msecs (HTTP/1.1 200) 8 headers in 297 bytes (1 switches on core 0)
2026-04-28 04:00:26.100 8 INFO placement.requestlog [req-a8afd4cc-bc4f-427f-a955-89db49bcf6c0 req-cb711922-ff0a-451e-8602-b7621c931a0d ccc21eb5d2ff45419718f4e458b9be45 f205728b3871461e8fb150998b6f70ad - - 97f5dd08160f4c11983be94260bbd829 97f5dd08160f4c11983be94260bbd829] 10.0.0.108 "GET /allocations/3134026d-6c98-4313-970b-70bc43d8e73e" status: 200 len: 19 microversion: 1.28 [pid: 8|app: 0|req: 119/238] 10.0.0.108 () {34 vars in 860 bytes} [Tue Apr 28 04:00:26 2026] GET /allocations/3134026d-6c98-4313-970b-70bc43d8e73e => generated 19 bytes in 11 msecs (HTTP/1.1 200) 8 headers in 295 bytes (1 switches on core 0)
2026-04-28 04:00:26.182 7 INFO placement.requestlog [req-a8afd4cc-bc4f-427f-a955-89db49bcf6c0 req-cfc83fcc-77a9-4b37-ba70-b3259042ab9f ccc21eb5d2ff45419718f4e458b9be45 f205728b3871461e8fb150998b6f70ad - - 97f5dd08160f4c11983be94260bbd829 97f5dd08160f4c11983be94260bbd829] 10.0.0.108 "PUT /allocations/3134026d-6c98-4313-970b-70bc43d8e73e" status: 204 len: 0 microversion: 1.36 [pid: 7|app: 0|req: 120/239] 10.0.0.108 () {38 vars in 913 bytes} [Tue Apr 28 04:00:26 2026] PUT /allocations/3134026d-6c98-4313-970b-70bc43d8e73e => generated 0 bytes in 66 msecs (HTTP/1.1 204) 5 headers in 199 bytes (1 switches on core 0)
2026-04-28 04:00:27.663 8 INFO placement.requestlog [req-a8afd4cc-bc4f-427f-a955-89db49bcf6c0 req-0f6ee7b7-f552-4fcc-a17c-9a70cc156208 ccc21eb5d2ff45419718f4e458b9be45 f205728b3871461e8fb150998b6f70ad - - 97f5dd08160f4c11983be94260bbd829 97f5dd08160f4c11983be94260bbd829] 199.204.45.3 "GET /allocations/3134026d-6c98-4313-970b-70bc43d8e73e" status: 200 len: 257 microversion: 1.28 [pid: 8|app: 0|req: 120/240] 199.204.45.3 () {34 vars in 860 bytes} [Tue Apr 28 04:00:27 2026] GET /allocations/3134026d-6c98-4313-970b-70bc43d8e73e => generated 257 bytes in 12 msecs (HTTP/1.1 200) 8 headers in 296 bytes (1 switches on core 0)
2026-04-28 04:00:28.698 7 INFO placement.requestlog [req-a8afd4cc-bc4f-427f-a955-89db49bcf6c0 req-4ed74fa9-0730-45d5-9ee6-008ae83bf21e ccc21eb5d2ff45419718f4e458b9be45 f205728b3871461e8fb150998b6f70ad - - 97f5dd08160f4c11983be94260bbd829 97f5dd08160f4c11983be94260bbd829] 199.204.45.3 "GET /resource_providers/fc705b41-d4c9-4cba-9919-2817e91c3a58/allocations" status: 200 len: 352 microversion: 1.0 [pid: 7|app: 0|req: 121/241] 199.204.45.3 () {32 vars in 854 bytes} [Tue Apr 28 04:00:28 2026] GET /resource_providers/fc705b41-d4c9-4cba-9919-2817e91c3a58/allocations => generated 352 bytes in 12 msecs (HTTP/1.1 200) 6 headers in 224 bytes (1 switches on core 0)
2026-04-28 04:00:28.726 8 INFO placement.requestlog [req-a8afd4cc-bc4f-427f-a955-89db49bcf6c0 req-cac0ccca-d3af-40b4-aba4-9a41edf534e6 ccc21eb5d2ff45419718f4e458b9be45 f205728b3871461e8fb150998b6f70ad - - 97f5dd08160f4c11983be94260bbd829 97f5dd08160f4c11983be94260bbd829] 199.204.45.3 "GET /allocations/3134026d-6c98-4313-970b-70bc43d8e73e" status: 200 len: 257 microversion: 1.28 [pid: 8|app: 0|req: 121/242] 199.204.45.3 () {34 vars in 860 bytes} [Tue Apr 28 04:00:28 2026] GET /allocations/3134026d-6c98-4313-970b-70bc43d8e73e => generated 257 bytes in 17 msecs (HTTP/1.1 200) 8 headers in 296 bytes (1 switches on core 0)
2026-04-28 04:00:28.743 7 INFO placement.requestlog [req-a8afd4cc-bc4f-427f-a955-89db49bcf6c0 req-84e8e192-8c4e-4eb8-bf12-47e8d1899484 ccc21eb5d2ff45419718f4e458b9be45 f205728b3871461e8fb150998b6f70ad - - 97f5dd08160f4c11983be94260bbd829 97f5dd08160f4c11983be94260bbd829] 199.204.45.3 "GET /allocations/b795939d-94b0-4104-9548-c417e7a7278a" status: 200 len: 257 microversion: 1.28 [pid: 7|app: 0|req: 122/243] 199.204.45.3 () {34 vars in 860 bytes} [Tue Apr 28 04:00:28 2026] GET /allocations/b795939d-94b0-4104-9548-c417e7a7278a => generated 257 bytes in 10 msecs (HTTP/1.1 200) 8 headers in 296 bytes (1 switches on core 0)
2026-04-28 04:00:28.762 8 INFO placement.requestlog [req-a8afd4cc-bc4f-427f-a955-89db49bcf6c0 req-c5b316cc-acc2-42c4-991c-f0e84b773efd ccc21eb5d2ff45419718f4e458b9be45 f205728b3871461e8fb150998b6f70ad - - 97f5dd08160f4c11983be94260bbd829 97f5dd08160f4c11983be94260bbd829] 199.204.45.3 "GET /allocations/4ba73031-a22a-4aba-8a2d-8c91f7dc8634" status: 200 len: 257 microversion: 1.28 [pid: 8|app: 0|req: 122/244] 199.204.45.3 () {34 vars in 860 bytes} [Tue Apr 28 04:00:28 2026] GET /allocations/4ba73031-a22a-4aba-8a2d-8c91f7dc8634 => generated 257 bytes in 13 msecs (HTTP/1.1 200) 8 headers in 296 bytes (1 switches on core 0)
2026-04-28 04:00:29.602 7 INFO placement.requestlog [req-f9e2836f-9252-4fc6-8ac1-5d92b0cc9572 req-4154a456-3273-410c-aa22-7150145224eb ccc21eb5d2ff45419718f4e458b9be45 f205728b3871461e8fb150998b6f70ad - - 97f5dd08160f4c11983be94260bbd829 97f5dd08160f4c11983be94260bbd829] 10.0.0.108 "GET /allocation_candidates?limit=1000&resources=MEMORY_MB%3A512%2CVCPU%3A1&root_required=%21COMPUTE_STATUS_DISABLED" status: 200 len: 2770 microversion: 1.36 [pid: 7|app: 0|req: 123/245] 10.0.0.108 () {34 vars in 983 bytes} [Tue Apr 28 04:00:29 2026] GET /allocation_candidates?limit=1000&resources=MEMORY_MB%3A512%2CVCPU%3A1&root_required=%21COMPUTE_STATUS_DISABLED => generated 2770 bytes in 42 msecs (HTTP/1.1 200) 8 headers in 297 bytes (1 switches on core 0)
2026-04-28 04:00:29.638 8 INFO placement.requestlog [req-f9e2836f-9252-4fc6-8ac1-5d92b0cc9572 req-8033eac2-e046-4417-98d9-96dc9eadea09 ccc21eb5d2ff45419718f4e458b9be45 f205728b3871461e8fb150998b6f70ad - - 97f5dd08160f4c11983be94260bbd829 97f5dd08160f4c11983be94260bbd829] 10.0.0.108 "GET /allocations/a7b65720-791d-4c57-89d8-a1c75588a4eb" status: 200 len: 19 microversion: 1.28 [pid: 8|app: 0|req: 123/246] 10.0.0.108 () {34 vars in 860 bytes} [Tue Apr 28 04:00:29 2026] GET /allocations/a7b65720-791d-4c57-89d8-a1c75588a4eb => generated 19 bytes in 10 msecs (HTTP/1.1 200) 8 headers in 295 bytes (1 switches on core 0)
2026-04-28 04:00:29.708 7 INFO placement.requestlog [req-f9e2836f-9252-4fc6-8ac1-5d92b0cc9572 req-27c470ab-f7b8-4cec-80c2-833145739086 ccc21eb5d2ff45419718f4e458b9be45 f205728b3871461e8fb150998b6f70ad - - 97f5dd08160f4c11983be94260bbd829 97f5dd08160f4c11983be94260bbd829] 10.0.0.108 "PUT /allocations/a7b65720-791d-4c57-89d8-a1c75588a4eb" status: 204 len: 0 microversion: 1.36 [pid: 7|app: 0|req: 124/247] 10.0.0.108 () {38 vars in 913 bytes} [Tue Apr 28 04:00:29 2026] PUT /allocations/a7b65720-791d-4c57-89d8-a1c75588a4eb => generated 0 bytes in 65 msecs (HTTP/1.1 204) 5 headers in 199 bytes (1 switches on core 0)
2026-04-28 04:00:31.222 8 INFO placement.requestlog [req-f9e2836f-9252-4fc6-8ac1-5d92b0cc9572 req-c8e93e2d-693a-49ff-9daa-87e2a1d23b88 ccc21eb5d2ff45419718f4e458b9be45 f205728b3871461e8fb150998b6f70ad - - 97f5dd08160f4c11983be94260bbd829 97f5dd08160f4c11983be94260bbd829] 199.204.45.3 "GET /allocations/a7b65720-791d-4c57-89d8-a1c75588a4eb" status: 200 len: 243 microversion: 1.28 [pid: 8|app: 0|req: 124/248] 199.204.45.3 () {34 vars in 860 bytes} [Tue Apr 28 04:00:31 2026] GET /allocations/a7b65720-791d-4c57-89d8-a1c75588a4eb => generated 243 bytes in 14 msecs (HTTP/1.1 200) 8 headers in 296 bytes (1 switches on core 0)
2026-04-28 04:00:32.271 7 INFO placement.requestlog [req-f9e2836f-9252-4fc6-8ac1-5d92b0cc9572 req-638228ec-1535-4f51-9188-7705fe76162e ccc21eb5d2ff45419718f4e458b9be45 f205728b3871461e8fb150998b6f70ad - - 97f5dd08160f4c11983be94260bbd829 97f5dd08160f4c11983be94260bbd829] 199.204.45.3 "GET /resource_providers/fc705b41-d4c9-4cba-9919-2817e91c3a58/allocations" status: 200 len: 438 microversion: 1.0 [pid: 7|app: 0|req: 125/249] 199.204.45.3 () {32 vars in 854 bytes} [Tue Apr 28 04:00:32 2026] GET /resource_providers/fc705b41-d4c9-4cba-9919-2817e91c3a58/allocations => generated 438 bytes in 23 msecs (HTTP/1.1 200) 6 headers in 224 bytes (1 switches on core 0)
2026-04-28 04:00:32.294 8 INFO placement.requestlog [req-f9e2836f-9252-4fc6-8ac1-5d92b0cc9572 req-1765d3c7-b778-434a-a6d6-dc3685fcac22 ccc21eb5d2ff45419718f4e458b9be45 f205728b3871461e8fb150998b6f70ad - - 97f5dd08160f4c11983be94260bbd829 97f5dd08160f4c11983be94260bbd829] 199.204.45.3 "GET /allocations/3134026d-6c98-4313-970b-70bc43d8e73e" status: 200 len: 257 microversion: 1.28 [pid: 8|app: 0|req: 125/250] 199.204.45.3 () {34 vars in 860 bytes} [Tue Apr 28 04:00:32 2026] GET /allocations/3134026d-6c98-4313-970b-70bc43d8e73e => generated 257 bytes in 15 msecs (HTTP/1.1 200) 8 headers in 296 bytes (1 switches on core 0)
2026-04-28 04:00:32.310 7 INFO placement.requestlog [req-f9e2836f-9252-4fc6-8ac1-5d92b0cc9572 req-394e14a4-2d43-4b8d-8dc1-648724143d72 ccc21eb5d2ff45419718f4e458b9be45 f205728b3871461e8fb150998b6f70ad - - 97f5dd08160f4c11983be94260bbd829 97f5dd08160f4c11983be94260bbd829] 199.204.45.3 "GET /allocations/b795939d-94b0-4104-9548-c417e7a7278a" status: 200 len: 257 microversion: 1.28 [pid: 7|app: 0|req: 126/251] 199.204.45.3 () {34 vars in 860 bytes} [Tue Apr 28 04:00:32 2026] GET /allocations/b795939d-94b0-4104-9548-c417e7a7278a => generated 257 bytes in 11 msecs (HTTP/1.1 200) 8 headers in 296 bytes (1 switches on core 0)
2026-04-28 04:00:32.335 8 INFO placement.requestlog [req-f9e2836f-9252-4fc6-8ac1-5d92b0cc9572 req-bae267b9-23a8-45d0-b43c-4a488ef58c68 ccc21eb5d2ff45419718f4e458b9be45 f205728b3871461e8fb150998b6f70ad - - 97f5dd08160f4c11983be94260bbd829 97f5dd08160f4c11983be94260bbd829] 199.204.45.3 "GET /allocations/4ba73031-a22a-4aba-8a2d-8c91f7dc8634" status: 200 len: 257 microversion: 1.28 [pid: 8|app: 0|req: 126/252] 199.204.45.3 () {34 vars in 860 bytes} [Tue Apr 28 04:00:32 2026] GET /allocations/4ba73031-a22a-4aba-8a2d-8c91f7dc8634 => generated 257 bytes in 10 msecs (HTTP/1.1 200) 8 headers in 296 bytes (1 switches on core 0)
2026-04-28 04:00:32.356 7 INFO placement.requestlog [req-f9e2836f-9252-4fc6-8ac1-5d92b0cc9572 req-bf609ed9-aadb-4240-a4f6-f59250fe7d24 ccc21eb5d2ff45419718f4e458b9be45 f205728b3871461e8fb150998b6f70ad - - 97f5dd08160f4c11983be94260bbd829 97f5dd08160f4c11983be94260bbd829] 199.204.45.3 "GET /allocations/a7b65720-791d-4c57-89d8-a1c75588a4eb" status: 200 len: 243 microversion: 1.28 [pid: 7|app: 0|req: 127/253] 199.204.45.3 () {34 vars in 860 bytes} [Tue Apr 28 04:00:32 2026] GET /allocations/a7b65720-791d-4c57-89d8-a1c75588a4eb => generated 243 bytes in 12 msecs (HTTP/1.1 200) 8 headers in 296 bytes (1 switches on core 0)
2026-04-28 04:00:34.326 7 INFO placement.requestlog [None req-e2b22f3d-600a-4ff7-a470-7fb88c643f99 - - - - - -] 10.0.0.149 "GET /" status: 200 len: 136 microversion: 1.0
2026-04-28 04:00:34.326 8 INFO placement.requestlog [None req-1e3abb6a-a95e-4fa6-a5db-9104cebd97e9 - - - - - -] 10.0.0.149 "GET /" status: 200 len: 136 microversion: 1.0
2026-04-28 04:00:34.418 7 INFO placement.requestlog [req-ff91cc08-7fc4-406c-b9af-c1fbdfe57ac8 req-e6c8f95f-ccae-44e3-8809-7744badee28a ccc21eb5d2ff45419718f4e458b9be45 f205728b3871461e8fb150998b6f70ad - - 97f5dd08160f4c11983be94260bbd829 97f5dd08160f4c11983be94260bbd829] 199.204.45.3 "GET /resource_providers/fc705b41-d4c9-4cba-9919-2817e91c3a58/allocations" status: 200 len: 438 microversion: 1.0 [pid: 7|app: 0|req: 129/256] 199.204.45.3 () {32 vars in 854 bytes} [Tue Apr 28 04:00:34 2026] GET /resource_providers/fc705b41-d4c9-4cba-9919-2817e91c3a58/allocations => generated 438 bytes in 13 msecs (HTTP/1.1 200) 6 headers in 224 bytes (1 switches on core 0)
2026-04-28 04:00:34.440 8 INFO placement.requestlog [req-ff91cc08-7fc4-406c-b9af-c1fbdfe57ac8 req-57c95a43-0c02-4bb0-b64c-1f90005e7d68 ccc21eb5d2ff45419718f4e458b9be45 f205728b3871461e8fb150998b6f70ad - - 97f5dd08160f4c11983be94260bbd829 97f5dd08160f4c11983be94260bbd829] 199.204.45.3 "GET /resource_providers/fc705b41-d4c9-4cba-9919-2817e91c3a58/allocations" status: 200 len: 438 microversion: 1.0 [pid: 8|app: 0|req: 128/257] 199.204.45.3 () {32 vars in 854 bytes} [Tue Apr 28 04:00:34 2026] GET /resource_providers/fc705b41-d4c9-4cba-9919-2817e91c3a58/allocations => generated 438 bytes in 15 msecs (HTTP/1.1 200) 6 headers in 224 bytes (1 switches on core 0)
2026-04-28 04:00:34.458 7 INFO placement.requestlog [req-ff91cc08-7fc4-406c-b9af-c1fbdfe57ac8 req-7b680e1b-d52d-4f80-8956-e9d465c61acd ccc21eb5d2ff45419718f4e458b9be45 f205728b3871461e8fb150998b6f70ad - - 97f5dd08160f4c11983be94260bbd829 97f5dd08160f4c11983be94260bbd829] 199.204.45.3 "GET /allocations/3134026d-6c98-4313-970b-70bc43d8e73e" status: 200 len: 257 microversion: 1.28 [pid: 7|app: 0|req: 130/258] 199.204.45.3 () {34 vars in 860 bytes} [Tue Apr 28 04:00:34 2026] GET /allocations/3134026d-6c98-4313-970b-70bc43d8e73e => generated 257 bytes in 11 msecs (HTTP/1.1 200) 8 headers in 296 bytes (1 switches on core 0)
2026-04-28 04:00:34.474 8 INFO placement.requestlog [req-ff91cc08-7fc4-406c-b9af-c1fbdfe57ac8 req-67baaaaa-b5fe-44ff-bf07-4574c608b586 ccc21eb5d2ff45419718f4e458b9be45 f205728b3871461e8fb150998b6f70ad - - 97f5dd08160f4c11983be94260bbd829 97f5dd08160f4c11983be94260bbd829] 199.204.45.3 "GET /allocations/b795939d-94b0-4104-9548-c417e7a7278a" status: 200 len: 257 microversion: 1.28 [pid: 8|app: 0|req: 129/259] 199.204.45.3 () {34 vars in 860 bytes} [Tue Apr 28 04:00:34 2026] GET /allocations/b795939d-94b0-4104-9548-c417e7a7278a => generated 257 bytes in 9 msecs (HTTP/1.1 200) 8 headers in 296 bytes (1 switches on core 0)
2026-04-28 04:00:34.490 7 INFO placement.requestlog [req-ff91cc08-7fc4-406c-b9af-c1fbdfe57ac8 req-186c4054-9837-45fe-ba8a-937b60a9e2e0 ccc21eb5d2ff45419718f4e458b9be45 f205728b3871461e8fb150998b6f70ad - - 97f5dd08160f4c11983be94260bbd829 97f5dd08160f4c11983be94260bbd829] 199.204.45.3 "GET /allocations/4ba73031-a22a-4aba-8a2d-8c91f7dc8634" status: 200 len: 257 microversion: 1.28 [pid: 7|app: 0|req: 131/260] 199.204.45.3 () {34 vars in 860 bytes} [Tue Apr 28 04:00:34 2026] GET /allocations/4ba73031-a22a-4aba-8a2d-8c91f7dc8634 => generated 257 bytes in 10 msecs (HTTP/1.1 200) 8 headers in 296 bytes (1 switches on core 0)
2026-04-28 04:00:34.510 8 INFO placement.requestlog [req-ff91cc08-7fc4-406c-b9af-c1fbdfe57ac8 req-81930d50-bd6e-4512-b27d-b551e6f84483 ccc21eb5d2ff45419718f4e458b9be45 f205728b3871461e8fb150998b6f70ad - - 97f5dd08160f4c11983be94260bbd829 97f5dd08160f4c11983be94260bbd829] 199.204.45.3 "GET /allocations/a7b65720-791d-4c57-89d8-a1c75588a4eb" status: 200 len: 243 microversion: 1.28 [pid: 8|app: 0|req: 130/261] 199.204.45.3 () {34 vars in 860 bytes} [Tue Apr 28 04:00:34 2026] GET /allocations/a7b65720-791d-4c57-89d8-a1c75588a4eb => generated 243 bytes in 11 msecs (HTTP/1.1 200) 8 headers in 296 bytes (1 switches on core 0)
2026-04-28 04:00:36.850 7 INFO placement.requestlog [req-0ef2da20-a118-492d-988f-11f85fa9bcf2 req-2355bf82-7b3d-47ad-bdaa-9abea24f764b ccc21eb5d2ff45419718f4e458b9be45 f205728b3871461e8fb150998b6f70ad - - 97f5dd08160f4c11983be94260bbd829 97f5dd08160f4c11983be94260bbd829] 199.204.45.3 "GET /resource_providers/fc705b41-d4c9-4cba-9919-2817e91c3a58/allocations" status: 200 len: 438 microversion: 1.0 [pid: 7|app: 0|req: 132/262] 199.204.45.3 () {32 vars in 854 bytes} [Tue Apr 28 04:00:36 2026] GET /resource_providers/fc705b41-d4c9-4cba-9919-2817e91c3a58/allocations => generated 438 bytes in 32 msecs (HTTP/1.1 200) 6 headers in 224 bytes (1 switches on core 0)
2026-04-28 04:00:36.866 8 INFO placement.requestlog [req-0ef2da20-a118-492d-988f-11f85fa9bcf2 req-1691e460-ceab-4561-816b-b3905353c3d0 ccc21eb5d2ff45419718f4e458b9be45 f205728b3871461e8fb150998b6f70ad - - 97f5dd08160f4c11983be94260bbd829 97f5dd08160f4c11983be94260bbd829] 199.204.45.3 "GET /allocations/3134026d-6c98-4313-970b-70bc43d8e73e" status: 200 len: 257 microversion: 1.28 [pid: 8|app: 0|req: 131/263] 199.204.45.3 () {34 vars in 860 bytes} [Tue Apr 28 04:00:36 2026] GET /allocations/3134026d-6c98-4313-970b-70bc43d8e73e => generated 257 bytes in 12 msecs (HTTP/1.1 200) 8 headers in 296 bytes (1 switches on core 0)
2026-04-28 04:00:36.888 7 INFO placement.requestlog [req-0ef2da20-a118-492d-988f-11f85fa9bcf2 req-efc12043-94c1-43df-b4bb-25a5dc4f9177 ccc21eb5d2ff45419718f4e458b9be45 f205728b3871461e8fb150998b6f70ad - - 97f5dd08160f4c11983be94260bbd829 97f5dd08160f4c11983be94260bbd829] 199.204.45.3 "GET /allocations/b795939d-94b0-4104-9548-c417e7a7278a" status: 200 len: 257 microversion: 1.28 [pid: 7|app: 0|req: 133/264] 199.204.45.3 () {34 vars in 860 bytes} [Tue Apr 28 04:00:36 2026] GET /allocations/b795939d-94b0-4104-9548-c417e7a7278a => generated 257 bytes in 14 msecs (HTTP/1.1 200) 8 headers in 296 bytes (1 switches on core 0)
2026-04-28 04:00:36.907 8 INFO placement.requestlog [req-0ef2da20-a118-492d-988f-11f85fa9bcf2 req-c977668c-f78b-4c7b-9a47-4e9aad1d9800 ccc21eb5d2ff45419718f4e458b9be45 f205728b3871461e8fb150998b6f70ad - - 97f5dd08160f4c11983be94260bbd829 97f5dd08160f4c11983be94260bbd829] 199.204.45.3 "GET /allocations/4ba73031-a22a-4aba-8a2d-8c91f7dc8634" status: 200 len: 257 microversion: 1.28 [pid: 8|app: 0|req: 132/265] 199.204.45.3 () {34 vars in 860 bytes} [Tue Apr 28 04:00:36 2026] GET /allocations/4ba73031-a22a-4aba-8a2d-8c91f7dc8634 => generated 257 bytes in 11 msecs (HTTP/1.1 200) 8 headers in 296 bytes (1 switches on core 0)
2026-04-28 04:00:36.939 7 INFO placement.requestlog [req-0ef2da20-a118-492d-988f-11f85fa9bcf2 req-40b5bcc1-02d3-4220-8698-fcf5570f2927 ccc21eb5d2ff45419718f4e458b9be45 f205728b3871461e8fb150998b6f70ad - - 97f5dd08160f4c11983be94260bbd829 97f5dd08160f4c11983be94260bbd829] 199.204.45.3 "GET /allocations/a7b65720-791d-4c57-89d8-a1c75588a4eb" status: 200 len: 243 microversion: 1.28 [pid: 7|app: 0|req: 134/266] 199.204.45.3 () {34 vars in 860 bytes} [Tue Apr 28 04:00:36 2026] GET /allocations/a7b65720-791d-4c57-89d8-a1c75588a4eb => generated 243 bytes in 25 msecs (HTTP/1.1 200) 8 headers in 296 bytes (1 switches on core 0)
2026-04-28 04:00:38.002 8 INFO placement.requestlog [req-0ef2da20-a118-492d-988f-11f85fa9bcf2 req-72802a3b-59be-4a49-ae2f-bdbb9275643b ccc21eb5d2ff45419718f4e458b9be45 f205728b3871461e8fb150998b6f70ad - - 97f5dd08160f4c11983be94260bbd829 97f5dd08160f4c11983be94260bbd829] 199.204.45.3 "DELETE /allocations/b795939d-94b0-4104-9548-c417e7a7278a" status: 204 len: 0 microversion: 1.0 [pid: 8|app: 0|req: 133/267] 199.204.45.3 () {34 vars in 838 bytes} [Tue Apr 28 04:00:37 2026] DELETE /allocations/b795939d-94b0-4104-9548-c417e7a7278a => generated 0 bytes in 25 msecs (HTTP/1.1 204) 5 headers in 198 bytes (1 switches on core 0)
2026-04-28 04:00:42.943 8 INFO placement.requestlog [None req-555a82b1-fc05-4247-8284-6844ad56cd6c cf231ae7744348deb51493e22cdbe126 f205728b3871461e8fb150998b6f70ad - - 97f5dd08160f4c11983be94260bbd829 97f5dd08160f4c11983be94260bbd829] 10.0.0.62 "GET /resource_providers/59c57402-6cea-496b-87dc-2c8b66d5b2b9/aggregates" status: 404 len: 235 microversion: 1.1 [pid: 8|app: 0|req: 134/268] 10.0.0.62 () {32 vars in 814 bytes} [Tue Apr 28 04:00:42 2026] GET /resource_providers/59c57402-6cea-496b-87dc-2c8b66d5b2b9/aggregates => generated 235 bytes in 13 msecs (HTTP/1.1 404) 5 headers in 202 bytes (1 switches on core 0)
2026-04-28 04:00:42.945 7 INFO placement.requestlog [None req-965e199f-6c0a-413b-a2f1-8671b33cd700 cf231ae7744348deb51493e22cdbe126 f205728b3871461e8fb150998b6f70ad - - 97f5dd08160f4c11983be94260bbd829 97f5dd08160f4c11983be94260bbd829] 10.0.0.62 "GET /resource_providers/59c57402-6cea-496b-87dc-2c8b66d5b2b9/aggregates" status: 404 len: 235 microversion: 1.1 [pid: 7|app: 0|req: 135/269] 10.0.0.62 () {32 vars in 814 bytes} [Tue Apr 28 04:00:42 2026] GET /resource_providers/59c57402-6cea-496b-87dc-2c8b66d5b2b9/aggregates => generated 235 bytes in 16 msecs (HTTP/1.1 404) 5 headers in 202 bytes (1 switches on core 0)
2026-04-28 04:00:42.981 7 INFO placement.requestlog [None req-63d3e012-f0bb-4ae8-98ef-00d6710f73e8 cf231ae7744348deb51493e22cdbe126 f205728b3871461e8fb150998b6f70ad - - 97f5dd08160f4c11983be94260bbd829 97f5dd08160f4c11983be94260bbd829] 10.0.0.62 "DELETE /resource_providers/59c57402-6cea-496b-87dc-2c8b66d5b2b9" status: 404 len: 246 microversion: 1.1 [pid: 7|app: 0|req: 136/270] 10.0.0.62 () {34 vars in 814 bytes} [Tue Apr 28 04:00:42 2026] DELETE /resource_providers/59c57402-6cea-496b-87dc-2c8b66d5b2b9 => generated 246 bytes in 14 msecs (HTTP/1.1 404) 6 headers in 231 bytes (1 switches on core 0)
2026-04-28 04:00:42.984 8 INFO placement.requestlog [None req-9ac06733-7ce5-4255-abaa-2044be643394 cf231ae7744348deb51493e22cdbe126 f205728b3871461e8fb150998b6f70ad - - 97f5dd08160f4c11983be94260bbd829 97f5dd08160f4c11983be94260bbd829] 10.0.0.62 "DELETE /resource_providers/59c57402-6cea-496b-87dc-2c8b66d5b2b9" status: 404 len: 246 microversion: 1.1 [pid: 8|app: 0|req: 135/271] 10.0.0.62 () {34 vars in 814 bytes} [Tue Apr 28 04:00:42 2026] DELETE /resource_providers/59c57402-6cea-496b-87dc-2c8b66d5b2b9 => generated 246 bytes in 16 msecs (HTTP/1.1 404) 6 headers in 231 bytes (1 switches on core 0)
2026-04-28 04:00:44.326 7 INFO placement.requestlog [None req-943079bb-bde7-40cc-9da7-1c12f86a60ab - - - - - -] 10.0.0.149 "GET /" status: 200 len: 136 microversion: 1.0
2026-04-28 04:00:44.326 8 INFO placement.requestlog [None req-3f7127ee-85eb-4fcd-b261-30e5c37b2e1c - - - - - -] 10.0.0.149 "GET /" status: 200 len: 136 microversion: 1.0
2026-04-28 04:00:44.709 7 INFO placement.requestlog [req-18913841-15fb-4a61-a986-30b3c1f26b00 req-7881ca35-6cb7-4f45-97fa-fe02e6c0c39a ccc21eb5d2ff45419718f4e458b9be45 f205728b3871461e8fb150998b6f70ad - - 97f5dd08160f4c11983be94260bbd829 97f5dd08160f4c11983be94260bbd829] 199.204.45.3 "GET /resource_providers/fc705b41-d4c9-4cba-9919-2817e91c3a58/allocations" status: 200 len: 338 microversion: 1.0 [pid: 7|app: 0|req: 138/274] 199.204.45.3 () {32 vars in 854 bytes} [Tue Apr 28 04:00:44 2026] GET /resource_providers/fc705b41-d4c9-4cba-9919-2817e91c3a58/allocations => generated 338 bytes in 24 msecs (HTTP/1.1 200) 6 headers in 224 bytes (1 switches on core 0)
2026-04-28 04:00:44.727 8 INFO placement.requestlog [req-18913841-15fb-4a61-a986-30b3c1f26b00 req-3cab7388-baee-46e5-863f-faaea23a423c ccc21eb5d2ff45419718f4e458b9be45 f205728b3871461e8fb150998b6f70ad - - 97f5dd08160f4c11983be94260bbd829 97f5dd08160f4c11983be94260bbd829] 199.204.45.3 "GET /allocations/3134026d-6c98-4313-970b-70bc43d8e73e" status: 200 len: 257 microversion: 1.28 [pid: 8|app: 0|req: 137/275] 199.204.45.3 () {34 vars in 860 bytes} [Tue Apr 28 04:00:44 2026] GET /allocations/3134026d-6c98-4313-970b-70bc43d8e73e => generated 257 bytes in 14 msecs (HTTP/1.1 200) 8 headers in 296 bytes (1 switches on core 0)
2026-04-28 04:00:44.746 7 INFO placement.requestlog [req-18913841-15fb-4a61-a986-30b3c1f26b00 req-c878fc36-0385-4076-9997-067529158a53 ccc21eb5d2ff45419718f4e458b9be45 f205728b3871461e8fb150998b6f70ad - - 97f5dd08160f4c11983be94260bbd829 97f5dd08160f4c11983be94260bbd829] 199.204.45.3 "GET /allocations/4ba73031-a22a-4aba-8a2d-8c91f7dc8634" status: 200 len: 257 microversion: 1.28 [pid: 7|app: 0|req: 139/276] 199.204.45.3 () {34 vars in 860 bytes} [Tue Apr 28 04:00:44 2026] GET /allocations/4ba73031-a22a-4aba-8a2d-8c91f7dc8634 => generated 257 bytes in 15 msecs (HTTP/1.1 200) 8 headers in 296 bytes (1 switches on core 0)
2026-04-28 04:00:44.764 8 INFO placement.requestlog [req-18913841-15fb-4a61-a986-30b3c1f26b00 req-3ca752b6-5caf-424a-bd08-55e6d6d60716 ccc21eb5d2ff45419718f4e458b9be45 f205728b3871461e8fb150998b6f70ad - - 97f5dd08160f4c11983be94260bbd829 97f5dd08160f4c11983be94260bbd829] 199.204.45.3 "GET /allocations/a7b65720-791d-4c57-89d8-a1c75588a4eb" status: 200 len: 243 microversion: 1.28 [pid: 8|app: 0|req: 138/277] 199.204.45.3 () {34 vars in 860 bytes} [Tue Apr 28 04:00:44 2026] GET /allocations/a7b65720-791d-4c57-89d8-a1c75588a4eb => generated 243 bytes in 14 msecs (HTTP/1.1 200) 8 headers in 296 bytes (1 switches on core 0)
2026-04-28 04:00:45.805 7 INFO placement.requestlog [req-18913841-15fb-4a61-a986-30b3c1f26b00 req-5bf2fd6a-77db-400f-ab27-6d4e1b152942 ccc21eb5d2ff45419718f4e458b9be45 f205728b3871461e8fb150998b6f70ad - - 97f5dd08160f4c11983be94260bbd829 97f5dd08160f4c11983be94260bbd829] 199.204.45.3 "DELETE /allocations/4ba73031-a22a-4aba-8a2d-8c91f7dc8634" status: 204 len: 0 microversion: 1.0 [pid: 7|app: 0|req: 140/278] 199.204.45.3 () {34 vars in 838 bytes} [Tue Apr 28 04:00:45 2026] DELETE /allocations/4ba73031-a22a-4aba-8a2d-8c91f7dc8634 => generated 0 bytes in 22 msecs (HTTP/1.1 204) 5 headers in 198 bytes (1 switches on core 0)
2026-04-28 04:00:49.338 8 INFO placement.requestlog [None req-3cbcea83-916c-4578-81c0-d0bb054820dc cf231ae7744348deb51493e22cdbe126 f205728b3871461e8fb150998b6f70ad - - 97f5dd08160f4c11983be94260bbd829 97f5dd08160f4c11983be94260bbd829] 10.0.0.62 "GET /resource_providers/b2193bc2-69a8-472b-a4f9-94efeca53c98/aggregates" status: 404 len: 235 microversion: 1.1 [pid: 8|app: 0|req: 139/279] 10.0.0.62 () {32 vars in 814 bytes} [Tue Apr 28 04:00:49 2026] GET /resource_providers/b2193bc2-69a8-472b-a4f9-94efeca53c98/aggregates => generated 235 bytes in 7 msecs (HTTP/1.1 404) 5 headers in 202 bytes (1 switches on core 0)
2026-04-28 04:00:49.344 7 INFO placement.requestlog [None req-09990544-76f2-4fdf-b0fc-7354c1a0073d cf231ae7744348deb51493e22cdbe126 f205728b3871461e8fb150998b6f70ad - - 97f5dd08160f4c11983be94260bbd829 97f5dd08160f4c11983be94260bbd829] 10.0.0.62 "GET /resource_providers/b2193bc2-69a8-472b-a4f9-94efeca53c98/aggregates" status: 404 len: 235 microversion: 1.1 [pid: 7|app: 0|req: 141/280] 10.0.0.62 () {32 vars in 814 bytes} [Tue Apr 28 04:00:49 2026] GET /resource_providers/b2193bc2-69a8-472b-a4f9-94efeca53c98/aggregates => generated 235 bytes in 12 msecs (HTTP/1.1 404) 5 headers in 202 bytes (1 switches on core 0)
2026-04-28 04:00:49.363 7 INFO placement.requestlog [None req-7547bb7a-fc71-41ab-a58e-2c0eb6e1d716 cf231ae7744348deb51493e22cdbe126 f205728b3871461e8fb150998b6f70ad - - 97f5dd08160f4c11983be94260bbd829 97f5dd08160f4c11983be94260bbd829] 10.0.0.62 "DELETE /resource_providers/b2193bc2-69a8-472b-a4f9-94efeca53c98" status: 404 len: 246 microversion: 1.1 [pid: 7|app: 0|req: 142/281] 10.0.0.62 () {34 vars in 814 bytes} [Tue Apr 28 04:00:49 2026] DELETE /resource_providers/b2193bc2-69a8-472b-a4f9-94efeca53c98 => generated 246 bytes in 9 msecs (HTTP/1.1 404) 6 headers in 231 bytes (1 switches on core 0)
2026-04-28 04:00:49.367 8 INFO placement.requestlog [None req-063bda84-8069-4d83-ac8b-9eda15e02161 cf231ae7744348deb51493e22cdbe126 f205728b3871461e8fb150998b6f70ad - - 97f5dd08160f4c11983be94260bbd829 97f5dd08160f4c11983be94260bbd829] 10.0.0.62 "DELETE /resource_providers/b2193bc2-69a8-472b-a4f9-94efeca53c98" status: 404 len: 246 microversion: 1.1 [pid: 8|app: 0|req: 140/282] 10.0.0.62 () {34 vars in 814 bytes} [Tue Apr 28 04:00:49 2026] DELETE /resource_providers/b2193bc2-69a8-472b-a4f9-94efeca53c98 => generated 246 bytes in 15 msecs (HTTP/1.1 404) 6 headers in 231 bytes (1 switches on core 0)
2026-04-28 04:00:52.118 7 INFO placement.requestlog [req-1b7ed11e-67a3-4c7b-8313-6d3e4852c198 req-4d8f7933-428f-4b35-84b5-360524b41cff ccc21eb5d2ff45419718f4e458b9be45 f205728b3871461e8fb150998b6f70ad - - 97f5dd08160f4c11983be94260bbd829 97f5dd08160f4c11983be94260bbd829] 199.204.45.3 "GET /resource_providers/fc705b41-d4c9-4cba-9919-2817e91c3a58/allocations" status: 200 len: 238 microversion: 1.0 [pid: 7|app: 0|req: 143/283] 199.204.45.3 () {32 vars in 854 bytes} [Tue Apr 28 04:00:52 2026] GET /resource_providers/fc705b41-d4c9-4cba-9919-2817e91c3a58/allocations => generated 238 bytes in 18 msecs (HTTP/1.1 200) 6 headers in 224 bytes (1 switches on core 0)
2026-04-28 04:00:52.136 8 INFO placement.requestlog [req-1b7ed11e-67a3-4c7b-8313-6d3e4852c198 req-799ba9fd-b1a9-45f2-9289-3dcf0f0066e6 ccc21eb5d2ff45419718f4e458b9be45 f205728b3871461e8fb150998b6f70ad - - 97f5dd08160f4c11983be94260bbd829 97f5dd08160f4c11983be94260bbd829] 199.204.45.3 "GET /allocations/3134026d-6c98-4313-970b-70bc43d8e73e" status: 200 len: 257 microversion: 1.28 [pid: 8|app: 0|req: 141/284] 199.204.45.3 () {34 vars in 860 bytes} [Tue Apr 28 04:00:52 2026] GET /allocations/3134026d-6c98-4313-970b-70bc43d8e73e => generated 257 bytes in 13 msecs (HTTP/1.1 200) 8 headers in 296 bytes (1 switches on core 0)
2026-04-28 04:00:52.161 7 INFO placement.requestlog [req-1b7ed11e-67a3-4c7b-8313-6d3e4852c198 req-3d4291e5-52b3-45f7-a842-9519ee03964c ccc21eb5d2ff45419718f4e458b9be45 f205728b3871461e8fb150998b6f70ad - - 97f5dd08160f4c11983be94260bbd829 97f5dd08160f4c11983be94260bbd829] 199.204.45.3 "GET /allocations/a7b65720-791d-4c57-89d8-a1c75588a4eb" status: 200 len: 243 microversion: 1.28 [pid: 7|app: 0|req: 144/285] 199.204.45.3 () {34 vars in 860 bytes} [Tue Apr 28 04:00:52 2026] GET /allocations/a7b65720-791d-4c57-89d8-a1c75588a4eb => generated 243 bytes in 18 msecs (HTTP/1.1 200) 8 headers in 296 bytes (1 switches on core 0)
2026-04-28 04:00:53.216 8 INFO placement.requestlog [req-1b7ed11e-67a3-4c7b-8313-6d3e4852c198 req-ea2efa0d-5046-4278-b49a-7f28f22c4b52 ccc21eb5d2ff45419718f4e458b9be45 f205728b3871461e8fb150998b6f70ad - - 97f5dd08160f4c11983be94260bbd829 97f5dd08160f4c11983be94260bbd829] 199.204.45.3 "DELETE /allocations/a7b65720-791d-4c57-89d8-a1c75588a4eb" status: 204 len: 0 microversion: 1.0 [pid: 8|app: 0|req: 142/286] 199.204.45.3 () {34 vars in 838 bytes} [Tue Apr 28 04:00:53 2026] DELETE /allocations/a7b65720-791d-4c57-89d8-a1c75588a4eb => generated 0 bytes in 25 msecs (HTTP/1.1 204) 5 headers in 198 bytes (1 switches on core 0)
