2026-04-09 17:23:08.732 7 INFO neutron_taas.services.taas.taas_plugin [None req-d7cc78c0-c54a-462a-808a-b84646461ebc 66ba1e432b36418a9a42f9898bfb05b7 60bf050c40b04e639399d3ded1fd56c7 - - default default] TaaS: Handle Delete Port: 800ce9f7-3751-49d6-9360-3b2b15f18130
2026-04-09 17:23:08.736 7 INFO neutron_taas.services.taas.tap_mirror_plugin [None req-d7cc78c0-c54a-462a-808a-b84646461ebc 66ba1e432b36418a9a42f9898bfb05b7 60bf050c40b04e639399d3ded1fd56c7 - - default default] Tap Mirror: Handle Delete Port: 800ce9f7-3751-49d6-9360-3b2b15f18130
2026-04-09 17:23:08.774 8 INFO neutron.db.ovn_revision_numbers_db [None req-09149be5-cee2-4de6-b19a-1cad0eba6081 9aa02128520145a4bf4e5a2bb015007b 068062a6313d4e4d88491c8ab0e29738 - - default default] Successfully bumped revision number for resource 5004a908-90af-42a6-adca-b135a9bdc4e5 (type: ports) to 1
2026-04-09 17:23:09.033 7 INFO neutron.services.segments.plugin [-] Segment 06493358-8ad7-4d1c-9c1d-63a57454c38b resource provider aggregate not found
2026-04-09 17:23:09.036 7 INFO neutron.services.segments.plugin [-] Segment 06493358-8ad7-4d1c-9c1d-63a57454c38b resource provider aggregate not found
2026-04-09 17:23:09.054 7 INFO neutron.services.segments.plugin [-] Segment 06493358-8ad7-4d1c-9c1d-63a57454c38b resource provider not found; error: Placement Client Error (4xx): {"errors": [{"status": 404, "title": "Not Found", "detail": "The resource could not be found.\n\n No resource provider with uuid 06493358-8ad7-4d1c-9c1d-63a57454c38b found for delete ", "request_id": "req-d47d39f5-685a-4fcb-8a67-b6ffb5bea2e3"}]}
2026-04-09 17:23:09.066 7 INFO neutron.services.segments.plugin [-] Segment 06493358-8ad7-4d1c-9c1d-63a57454c38b resource provider not found; error: Placement Client Error (4xx): {"errors": [{"status": 404, "title": "Not Found", "detail": "The resource could not be found.\n\n No resource provider with uuid 06493358-8ad7-4d1c-9c1d-63a57454c38b found for delete ", "request_id": "req-3f905a96-715d-4abc-b53a-d615e8ee28fa"}]} [pid: 7|app: 0|req: 1255/2440] 10.0.0.237 () {32 vars in 726 bytes} [Thu Apr 9 17:23:08 2026] DELETE /v2.0/networks/de078e2a-49f3-4cdb-8014-65daf212c399 => generated 0 bytes in 492 msecs (HTTP/1.1 204) 3 headers in 131 bytes (1 switches on core 0)
2026-04-09 17:23:09.224 7 INFO neutron_taas.services.taas.taas_plugin [req-52967ab0-21c2-47bf-9d7c-1e8ed2a664c9 req-8194bdd2-834d-40a2-b4e8-f9d8792902cb b3449f6ff0cc41ac8ae4837b2d07e69a 0133ba7327414ccd80b69173251609a3 - - default default] TaaS: Handle Delete Port: 2019db74-8dee-40ce-a616-40119fd779cf
2026-04-09 17:23:09.228 7 INFO neutron_taas.services.taas.tap_mirror_plugin [req-52967ab0-21c2-47bf-9d7c-1e8ed2a664c9 req-8194bdd2-834d-40a2-b4e8-f9d8792902cb b3449f6ff0cc41ac8ae4837b2d07e69a 0133ba7327414ccd80b69173251609a3 - - default default] Tap Mirror: Handle Delete Port: 2019db74-8dee-40ce-a616-40119fd779cf [pid: 7|app: 0|req: 1256/2441] 162.253.55.200 () {36 vars in 997 bytes} [Thu Apr 9 17:23:09 2026] DELETE /v2.0/ports/2019db74-8dee-40ce-a616-40119fd779cf => generated 0 bytes in 277 msecs (HTTP/1.1 204) 3 headers in 131 bytes (1 switches on core 0)
2026-04-09 17:23:09.390 8 INFO neutron.notifiers.nova [-] Nova event matching ['req-a311e1e6-555b-4950-81ed-8d834dc448e5'] response: {'server_uuid': '92461e0d-f1cb-4ea0-8fbe-2860b8ef0c7b', 'name': 'network-vif-unplugged', 'status': 'completed', 'tag': '2019db74-8dee-40ce-a616-40119fd779cf', 'code': 200}
2026-04-09 17:23:09.518 7 INFO neutron.notifiers.nova [-] Nova event matching ['req-555dffbc-6690-4fe9-8bdc-1d3e268b6b77'] response: {'server_uuid': '92461e0d-f1cb-4ea0-8fbe-2860b8ef0c7b', 'name': 'network-vif-deleted', 'tag': '2019db74-8dee-40ce-a616-40119fd779cf', 'status': 'completed', 'code': 200}
2026-04-09 17:23:09.626 8 WARNING neutron.scheduler.dhcp_agent_scheduler [None req-09149be5-cee2-4de6-b19a-1cad0eba6081 9aa02128520145a4bf4e5a2bb015007b 068062a6313d4e4d88491c8ab0e29738 - - default default] No more DHCP agents
2026-04-09 17:23:09.628 8 WARNING neutron.api.rpc.agentnotifiers.dhcp_rpc_agent_api [None req-09149be5-cee2-4de6-b19a-1cad0eba6081 9aa02128520145a4bf4e5a2bb015007b 068062a6313d4e4d88491c8ab0e29738 - - default default] Unable to schedule network 3faf8f76-be79-4383-9c59-fcee8d0c3ff9: no agents available; will retry on subsequent port and subnet creation events.
2026-04-09 17:23:09.681 7 INFO neutron_taas.services.taas.taas_plugin [None req-187dec6b-c906-45bb-91ba-8830c508eae2 fdfe8aedb1d8421e84b6012105aa203c 1d1c188fdc3a4c45a72aed0fba013227 - - default default] TaaS: Handle Delete Port: 3a52aa1c-c376-4eb2-930a-2a84d683b851
2026-04-09 17:23:09.684 7 INFO neutron_taas.services.taas.tap_mirror_plugin [None req-187dec6b-c906-45bb-91ba-8830c508eae2 fdfe8aedb1d8421e84b6012105aa203c 1d1c188fdc3a4c45a72aed0fba013227 - - default default] Tap Mirror: Handle Delete Port: 3a52aa1c-c376-4eb2-930a-2a84d683b851 [pid: 7|app: 0|req: 1257/2442] 10.0.0.237 () {34 vars in 789 bytes} [Thu Apr 9 17:23:09 2026] PUT /v2.0/routers/27f86c4d-434d-4eb4-b5e3-4b7e9b1b4dca/remove_router_interface => generated 309 bytes in 691 msecs (HTTP/1.1 200) 4 headers in 157 bytes (1 switches on core 0) /var/lib/openstack/lib/python3.12/site-packages/pycadf/identifier.py:70: UserWarning: Invalid uuid: neutron. To ensure interoperability, identifiers should be a valid uuid. warnings.warn(('Invalid uuid: %s. To ensure interoperability, ' [pid: 7|app: 0|req: 1258/2443] 10.0.0.144 () {34 vars in 990 bytes} [Thu Apr 9 17:23:10 2026] GET /v2.0/ports?device_id=92461e0d-f1cb-4ea0-8fbe-2860b8ef0c7b => generated 12 bytes in 22 msecs (HTTP/1.1 200) 4 headers in 156 bytes (1 switches on core 0)
2026-04-09 17:23:10.107 8 INFO neutron.db.ovn_revision_numbers_db [None req-09149be5-cee2-4de6-b19a-1cad0eba6081 9aa02128520145a4bf4e5a2bb015007b 068062a6313d4e4d88491c8ab0e29738 - - default default] Successfully bumped revision number for resource 5004a908-90af-42a6-adca-b135a9bdc4e5 (type: router_ports) to 1 [pid: 8|app: 0|req: 1186/2444] 10.0.0.237 () {34 vars in 783 bytes} [Thu Apr 9 17:23:08 2026] PUT /v2.0/routers/568debdb-9a27-4435-8b9e-3215c2d7b099/add_router_interface => generated 309 bytes in 2036 msecs (HTTP/1.1 200) 4 headers in 157 bytes (1 switches on core 0) [pid: 8|app: 0|req: 1187/2445] 10.0.0.237 () {32 vars in 736 bytes} [Thu Apr 9 17:23:10 2026] GET /v2.0/ports?device_id=27f86c4d-434d-4eb4-b5e3-4b7e9b1b4dca => generated 12 bytes in 25 msecs (HTTP/1.1 200) 4 headers in 156 bytes (1 switches on core 0)
2026-04-09 17:23:10.206 7 INFO neutron_taas.services.taas.taas_plugin [None req-1c7cf4e3-38f0-4512-9f20-db46f360c2b1 66ba1e432b36418a9a42f9898bfb05b7 60bf050c40b04e639399d3ded1fd56c7 - - default default] TaaS: Handle Delete Port: 13c76a94-1db4-4b06-aedb-1d3212d4290c
2026-04-09 17:23:10.209 7 INFO neutron_taas.services.taas.tap_mirror_plugin [None req-1c7cf4e3-38f0-4512-9f20-db46f360c2b1 66ba1e432b36418a9a42f9898bfb05b7 60bf050c40b04e639399d3ded1fd56c7 - - default default] Tap Mirror: Handle Delete Port: 13c76a94-1db4-4b06-aedb-1d3212d4290c [pid: 7|app: 0|req: 1259/2446] 10.0.0.237 () {32 vars in 726 bytes} [Thu Apr 9 17:23:10 2026] DELETE /v2.0/networks/32f54068-ee6c-4484-b210-ee929b47bca2 => generated 0 bytes in 329 msecs (HTTP/1.1 204) 3 headers in 131 bytes (1 switches on core 0) [pid: 7|app: 0|req: 1260/2447] 10.0.0.237 () {32 vars in 724 bytes} [Thu Apr 9 17:23:10 2026] DELETE /v2.0/routers/27f86c4d-434d-4eb4-b5e3-4b7e9b1b4dca => generated 0 bytes in 183 msecs (HTTP/1.1 204) 2 headers in 112 bytes (1 switches on core 0)
2026-04-09 17:23:10.673 8 WARNING neutron.scheduler.dhcp_agent_scheduler [None req-0f0f0997-b67e-460e-9ddc-39108765170e - - - - - -] No more DHCP agents
2026-04-09 17:23:10.674 7 INFO neutron_taas.services.taas.taas_plugin [None req-c7b2ac44-48ba-423d-9e60-0c00db74865c 66ba1e432b36418a9a42f9898bfb05b7 60bf050c40b04e639399d3ded1fd56c7 - - default default] TaaS: Handle Delete Port: 75d368aa-79a4-444b-99c5-274dfbeb8e18
2026-04-09 17:23:10.675 8 WARNING neutron.api.rpc.agentnotifiers.dhcp_rpc_agent_api [None req-0f0f0997-b67e-460e-9ddc-39108765170e - - - - - -] Unable to schedule network e00c32b8-746a-4edb-b8cc-05192cfd0e39: no agents available; will retry on subsequent port and subnet creation events.
2026-04-09 17:23:10.676 7 INFO neutron_taas.services.taas.tap_mirror_plugin [None req-c7b2ac44-48ba-423d-9e60-0c00db74865c 66ba1e432b36418a9a42f9898bfb05b7 60bf050c40b04e639399d3ded1fd56c7 - - default default] Tap Mirror: Handle Delete Port: 75d368aa-79a4-444b-99c5-274dfbeb8e18
2026-04-09 17:23:10.848 8 INFO neutron.db.ovn_revision_numbers_db [None req-0f0f0997-b67e-460e-9ddc-39108765170e - - - - - -] Successfully bumped revision number for resource f1196468-6892-4d7d-a7e1-90b813eb19c2 (type: ports) to 1 [pid: 7|app: 0|req: 1263/2450] 10.0.0.237 () {32 vars in 726 bytes} [Thu Apr 9 17:23:10 2026] DELETE /v2.0/networks/875fdbcf-1934-4ea6-b216-0eebe744be9b => generated 0 bytes in 296 msecs (HTTP/1.1 204) 3 headers in 131 bytes (1 switches on core 0)
2026-04-09 17:23:11.076 7 INFO neutron.services.segments.plugin [-] Segment 191e2232-0f71-46c0-a7c9-15611467328f resource provider aggregate not found
2026-04-09 17:23:11.084 7 INFO neutron.services.segments.plugin [-] Segment 191e2232-0f71-46c0-a7c9-15611467328f resource provider aggregate not found
2026-04-09 17:23:11.098 7 INFO neutron.services.segments.plugin [-] Segment 191e2232-0f71-46c0-a7c9-15611467328f resource provider not found; error: Placement Client Error (4xx): {"errors": [{"status": 404, "title": "Not Found", "detail": "The resource could not be found.\n\n No resource provider with uuid 191e2232-0f71-46c0-a7c9-15611467328f found for delete ", "request_id": "req-5ced5c65-196d-4b8d-b08d-d29ff782cbce"}]}
2026-04-09 17:23:11.109 7 INFO neutron.services.segments.plugin [-] Segment 191e2232-0f71-46c0-a7c9-15611467328f resource provider not found; error: Placement Client Error (4xx): {"errors": [{"status": 404, "title": "Not Found", "detail": "The resource could not be found.\n\n No resource provider with uuid 191e2232-0f71-46c0-a7c9-15611467328f found for delete ", "request_id": "req-8e834445-ad07-43db-9ef0-9f771ab3d248"}]}
2026-04-09 17:23:11.114 7 INFO neutron.services.segments.plugin [-] Segment 45207b19-18fa-42df-8db9-41a03d3dee16 resource provider aggregate not found
2026-04-09 17:23:11.144 7 INFO neutron.services.segments.plugin [-] Segment 45207b19-18fa-42df-8db9-41a03d3dee16 resource provider not found; error: Placement Client Error (4xx): {"errors": [{"status": 404, "title": "Not Found", "detail": "The resource could not be found.\n\n No resource provider with uuid 45207b19-18fa-42df-8db9-41a03d3dee16 found for delete ", "request_id": "req-e819f415-b1d7-4b9c-9299-6cb78313e286"}]}
2026-04-09 17:23:11.145 7 INFO neutron.services.segments.plugin [-] Segment 45207b19-18fa-42df-8db9-41a03d3dee16 resource provider aggregate not found
2026-04-09 17:23:11.176 7 INFO neutron.services.segments.plugin [-] Segment 45207b19-18fa-42df-8db9-41a03d3dee16 resource provider not found; error: Placement Client Error (4xx): {"errors": [{"status": 404, "title": "Not Found", "detail": "The resource could not be found.\n\n No resource provider with uuid 45207b19-18fa-42df-8db9-41a03d3dee16 found for delete ", "request_id": "req-a3da3c51-0f3c-4330-89a9-e75a7a49d721"}]} [pid: 7|app: 0|req: 1264/2451] 10.0.0.237 () {32 vars in 724 bytes} [Thu Apr 9 17:23:10 2026] DELETE /v2.0/subnets/53ca416e-7788-41d1-b132-bc45376cbbb3 => generated 0 bytes in 799 msecs (HTTP/1.1 204) 3 headers in 131 bytes (1 switches on core 0)
2026-04-09 17:23:11.711 8 INFO neutron.db.ovn_revision_numbers_db [None req-0f0f0997-b67e-460e-9ddc-39108765170e - - - - - -] Successfully bumped revision number for resource f1196468-6892-4d7d-a7e1-90b813eb19c2 (type: ports) to 3
2026-04-09 17:23:11.786 8 INFO neutron.db.segments_db [None req-0f0f0997-b67e-460e-9ddc-39108765170e - - - - - -] Added segment 7826150b-ea15-41c3-b3de-50ec04ee1cd1 of type geneve for network df00f6b7-1f80-4c8a-ad45-acbc0b691e34
2026-04-09 17:23:11.809 7 INFO neutron_taas.services.taas.taas_plugin [None req-d28a1f2f-23a7-4e54-8c4b-0031310bfb5f 66ba1e432b36418a9a42f9898bfb05b7 60bf050c40b04e639399d3ded1fd56c7 - - default default] TaaS: Handle Delete Port: c3244331-1995-4427-9f12-859f7678895e
2026-04-09 17:23:11.812 7 INFO neutron_taas.services.taas.tap_mirror_plugin [None req-d28a1f2f-23a7-4e54-8c4b-0031310bfb5f 66ba1e432b36418a9a42f9898bfb05b7 60bf050c40b04e639399d3ded1fd56c7 - - default default] Tap Mirror: Handle Delete Port: c3244331-1995-4427-9f12-859f7678895e
2026-04-09 17:23:11.967 8 INFO neutron.db.ovn_revision_numbers_db [None req-0691bab0-dd13-4955-bdf2-a1736e7f73d5 - - - - - -] Successfully bumped revision number for resource df00f6b7-1f80-4c8a-ad45-acbc0b691e34 (type: networks) to 1 [pid: 7|app: 0|req: 1265/2452] 10.0.0.237 () {32 vars in 726 bytes} [Thu Apr 9 17:23:11 2026] DELETE /v2.0/networks/53c9f62e-e44d-4753-adcf-710d36b4816a => generated 0 bytes in 338 msecs (HTTP/1.1 204) 3 headers in 131 bytes (1 switches on core 0) [pid: 7|app: 0|req: 1266/2453] 10.0.0.144 () {34 vars in 990 bytes} [Thu Apr 9 17:23:12 2026] GET /v2.0/ports?device_id=92461e0d-f1cb-4ea0-8fbe-2860b8ef0c7b => generated 12 bytes in 30 msecs (HTTP/1.1 200) 4 headers in 156 bytes (1 switches on core 0)
2026-04-09 17:23:12.135 8 WARNING neutron.scheduler.dhcp_agent_scheduler [None req-0691bab0-dd13-4955-bdf2-a1736e7f73d5 - - - - - -] No more DHCP agents
2026-04-09 17:23:12.137 8 WARNING neutron.api.rpc.agentnotifiers.dhcp_rpc_agent_api [None req-0691bab0-dd13-4955-bdf2-a1736e7f73d5 - - - - - -] Unable to schedule network df00f6b7-1f80-4c8a-ad45-acbc0b691e34: no agents available; will retry on subsequent port and subnet creation events.
2026-04-09 17:23:12.200 7 WARNING neutron.plugins.ml2.drivers.ovn.mech_driver.ovsdb.ovn_client [None req-2f08a713-b0c4-4b6f-9039-c1c0cda2f635 - - - - - -] No port found with ID 954213f1-f48b-41dd-8605-c903a8cdfa58: RuntimeError: No port found with ID 954213f1-f48b-41dd-8605-c903a8cdfa58
2026-04-09 17:23:12.235 8 INFO neutron.db.ovn_revision_numbers_db [None req-0691bab0-dd13-4955-bdf2-a1736e7f73d5 - - - - - -] Successfully bumped revision number for resource 6f0b3527-c876-4808-8904-6426f08ed76b (type: ports) to 1
2026-04-09 17:23:12.240 7 INFO neutron.plugins.ml2.drivers.ovn.mech_driver.mech_driver [None req-2f08a713-b0c4-4b6f-9039-c1c0cda2f635 - - - - - -] OVN reports status down for port: afefe728-d443-4077-9e41-a11013ea0c9a [pid: 7|app: 0|req: 1267/2454] 10.0.0.237 () {32 vars in 724 bytes} [Thu Apr 9 17:23:12 2026] DELETE /v2.0/subnets/73e5ec82-1249-4913-98eb-792a883aebe3 => generated 0 bytes in 278 msecs (HTTP/1.1 204) 3 headers in 131 bytes (1 switches on core 0)
2026-04-09 17:23:12.351 7 INFO neutron.plugins.ml2.drivers.ovn.mech_driver.mech_driver [None req-2f08a713-b0c4-4b6f-9039-c1c0cda2f635 - - - - - -] OVN reports status up for port: 576c5290-aacf-4689-be9a-491cd313b725
2026-04-09 17:23:12.374 7 INFO neutron.plugins.ml2.plugin [None req-2f08a713-b0c4-4b6f-9039-c1c0cda2f635 - - - - - -] Attempt 1 to provision port 576c5290-aacf-4689-be9a-491cd313b725
2026-04-09 17:23:12.383 8 WARNING neutron.scheduler.dhcp_agent_scheduler [None req-0691bab0-dd13-4955-bdf2-a1736e7f73d5 - - - - - -] No more DHCP agents
2026-04-09 17:23:12.385 8 WARNING neutron.api.rpc.agentnotifiers.dhcp_rpc_agent_api [None req-0691bab0-dd13-4955-bdf2-a1736e7f73d5 - - - - - -] Unable to schedule network df00f6b7-1f80-4c8a-ad45-acbc0b691e34: no agents available; will retry on subsequent port and subnet creation events.
2026-04-09 17:23:12.407 8 INFO neutron.db.ovn_revision_numbers_db [None req-0691bab0-dd13-4955-bdf2-a1736e7f73d5 - - - - - -] Successfully bumped revision number for resource 8bd22528-775f-4e4e-8f2a-90aca20c9035 (type: subnets) to 0
2026-04-09 17:23:12.550 7 INFO neutron_taas.services.taas.taas_plugin [None req-47989be8-ad24-4dc2-a169-5a9f96d68c4c 66ba1e432b36418a9a42f9898bfb05b7 60bf050c40b04e639399d3ded1fd56c7 - - default default] TaaS: Handle Delete Port: b0b79a91-c731-4ed2-874b-ad53960e60fc
2026-04-09 17:23:12.554 7 INFO neutron_taas.services.taas.tap_mirror_plugin [None req-47989be8-ad24-4dc2-a169-5a9f96d68c4c 66ba1e432b36418a9a42f9898bfb05b7 60bf050c40b04e639399d3ded1fd56c7 - - default default] Tap Mirror: Handle Delete Port: b0b79a91-c731-4ed2-874b-ad53960e60fc
2026-04-09 17:23:12.730 7 INFO neutron.db.ovn_revision_numbers_db [None req-2f08a713-b0c4-4b6f-9039-c1c0cda2f635 - - - - - -] Successfully bumped revision number for resource 576c5290-aacf-4689-be9a-491cd313b725 (type: ports) to 4
2026-04-09 17:23:12.782 8 WARNING neutron.scheduler.dhcp_agent_scheduler [None req-0691bab0-dd13-4955-bdf2-a1736e7f73d5 - - - - - -] No more DHCP agents
2026-04-09 17:23:12.783 8 WARNING neutron.plugins.ml2.drivers.ovn.mech_driver.ovsdb.ovn_client [None req-be6222f7-3071-43f0-afb5-5ee0714020fe - - - - - -] No hosting information found for port 20da677a-be01-4a27-9816-ad19ec1784e5: RuntimeError: No hosting information found for port 20da677a-be01-4a27-9816-ad19ec1784e5
2026-04-09 17:23:12.783 8 INFO neutron.plugins.ml2.drivers.ovn.mech_driver.mech_driver [None req-be6222f7-3071-43f0-afb5-5ee0714020fe - - - - - -] OVN reports status down for port: 5004a908-90af-42a6-adca-b135a9bdc4e5
2026-04-09 17:23:12.784 8 WARNING neutron.api.rpc.agentnotifiers.dhcp_rpc_agent_api [None req-0691bab0-dd13-4955-bdf2-a1736e7f73d5 - - - - - -] Unable to schedule network df00f6b7-1f80-4c8a-ad45-acbc0b691e34: no agents available; will retry on subsequent port and subnet creation events.
2026-04-09 17:23:12.870 8 WARNING neutron.plugins.ml2.drivers.ovn.mech_driver.ovsdb.ovn_client [None req-be6222f7-3071-43f0-afb5-5ee0714020fe - - - - - -] Logical_Switch_Port %s host information not removed, the port state is up
2026-04-09 17:23:12.871 8 INFO neutron.plugins.ml2.drivers.ovn.mech_driver.mech_driver [None req-be6222f7-3071-43f0-afb5-5ee0714020fe - - - - - -] OVN reports status up for port: 5004a908-90af-42a6-adca-b135a9bdc4e5
2026-04-09 17:23:12.897 8 INFO neutron.plugins.ml2.plugin [None req-be6222f7-3071-43f0-afb5-5ee0714020fe - - - - - -] Attempt 1 to provision port 5004a908-90af-42a6-adca-b135a9bdc4e5
2026-04-09 17:23:12.944 7 INFO neutron.plugins.ml2.drivers.ovn.mech_driver.mech_driver [None req-4557989a-e24f-40c8-8ac5-74c9be1634fb - - - - - -] OVN reports status down for port: f1196468-6892-4d7d-a7e1-90b813eb19c2 [pid: 7|app: 0|req: 1268/2455] 10.0.0.237 () {32 vars in 726 bytes} [Thu Apr 9 17:23:12 2026] DELETE /v2.0/networks/1cb0d92e-8526-4455-8121-4f522e5b4a1d => generated 0 bytes in 673 msecs (HTTP/1.1 204) 3 headers in 131 bytes (1 switches on core 0)
2026-04-09 17:23:13.052 8 INFO neutron.db.ovn_revision_numbers_db [None req-0691bab0-dd13-4955-bdf2-a1736e7f73d5 - - - - - -] Successfully bumped revision number for resource 08ea1eda-5d99-4810-baf2-60795ff38a71 (type: ports) to 1
2026-04-09 17:23:13.085 7 INFO neutron.plugins.ml2.drivers.ovn.mech_driver.mech_driver [None req-4557989a-e24f-40c8-8ac5-74c9be1634fb - - - - - -] OVN reports status down for port: 6f0b3527-c876-4808-8904-6426f08ed76b
2026-04-09 17:23:13.668 7 INFO neutron.services.segments.plugin [-] Segment 41dfc206-f4ab-4782-941c-7ecbe635eadf resource provider aggregate not found
2026-04-09 17:23:13.673 7 INFO neutron.services.segments.plugin [-] Segment 41dfc206-f4ab-4782-941c-7ecbe635eadf resource provider aggregate not found
2026-04-09 17:23:13.695 7 INFO neutron.services.segments.plugin [-] Segment 41dfc206-f4ab-4782-941c-7ecbe635eadf resource provider not found; error: Placement Client Error (4xx): {"errors": [{"status": 404, "title": "Not Found", "detail": "The resource could not be found.\n\n No resource provider with uuid 41dfc206-f4ab-4782-941c-7ecbe635eadf found for delete ", "request_id": "req-ccdd64ae-c649-423b-83d5-8fd08801504d"}]}
2026-04-09 17:23:13.709 7 INFO neutron.services.segments.plugin [-] Segment 41dfc206-f4ab-4782-941c-7ecbe635eadf resource provider not found; error: Placement Client Error (4xx): {"errors": [{"status": 404, "title": "Not Found", "detail": "The resource could not be found.\n\n No resource provider with uuid 41dfc206-f4ab-4782-941c-7ecbe635eadf found for delete ", "request_id": "req-2275f798-4bdb-4b25-9f94-9c03682d69e9"}]}
2026-04-09 17:23:13.711 8 INFO neutron.db.ovn_revision_numbers_db [None req-be6222f7-3071-43f0-afb5-5ee0714020fe - - - - - -] Successfully bumped revision number for resource 5004a908-90af-42a6-adca-b135a9bdc4e5 (type: ports) to 2
2026-04-09 17:23:13.725 7 INFO neutron.services.segments.plugin [-] Segment ef6d7e82-aa81-4aed-9af7-dd116e9e7834 resource provider aggregate not found
2026-04-09 17:23:13.736 7 INFO neutron.services.segments.plugin [-] Segment ef6d7e82-aa81-4aed-9af7-dd116e9e7834 resource provider aggregate not found
2026-04-09 17:23:13.745 7 INFO neutron.plugins.ml2.drivers.ovn.mech_driver.mech_driver [None req-4557989a-e24f-40c8-8ac5-74c9be1634fb - - - - - -] OVN reports status down for port: 08ea1eda-5d99-4810-baf2-60795ff38a71
2026-04-09 17:23:13.753 7 INFO neutron.services.segments.plugin [-] Segment ef6d7e82-aa81-4aed-9af7-dd116e9e7834 resource provider not found; error: Placement Client Error (4xx): {"errors": [{"status": 404, "title": "Not Found", "detail": "The resource could not be found.\n\n No resource provider with uuid ef6d7e82-aa81-4aed-9af7-dd116e9e7834 found for delete ", "request_id": "req-90425722-05de-4d25-a888-f7fdd60572c1"}]}
2026-04-09 17:23:13.761 7 INFO neutron.services.segments.plugin [-] Segment ef6d7e82-aa81-4aed-9af7-dd116e9e7834 resource provider not found; error: Placement Client Error (4xx): {"errors": [{"status": 404, "title": "Not Found", "detail": "The resource could not be found.\n\n No resource provider with uuid ef6d7e82-aa81-4aed-9af7-dd116e9e7834 found for delete ", "request_id": "req-60fe0fa3-9006-46b9-b170-2d424dd1cbd4"}]}
2026-04-09 17:23:13.835 7 INFO neutron_taas.services.taas.taas_plugin [None req-1fd8ee5a-48f0-462e-9d2a-539cab8d454c fdfe8aedb1d8421e84b6012105aa203c 1d1c188fdc3a4c45a72aed0fba013227 - - default default] TaaS: Handle Delete Port: cc808879-17b0-47d7-b242-3caa4e57c798
2026-04-09 17:23:13.837 7 INFO neutron_taas.services.taas.tap_mirror_plugin [None req-1fd8ee5a-48f0-462e-9d2a-539cab8d454c fdfe8aedb1d8421e84b6012105aa203c 1d1c188fdc3a4c45a72aed0fba013227 - - default default] Tap Mirror: Handle Delete Port: cc808879-17b0-47d7-b242-3caa4e57c798 [pid: 7|app: 0|req: 1269/2456] 10.0.0.237 () {32 vars in 726 bytes} [Thu Apr 9 17:23:13 2026] DELETE /v2.0/networks/ba2875d5-12c4-41a9-af9e-62cd7a1ed9d8 => generated 0 bytes in 1072 msecs (HTTP/1.1 204) 3 headers in 131 bytes (1 switches on core 0)
2026-04-09 17:23:14.167 7 INFO neutron.plugins.ml2.drivers.ovn.mech_driver.mech_driver [None req-4557989a-e24f-40c8-8ac5-74c9be1634fb - - - - - -] OVN reports status up for port: 08ea1eda-5d99-4810-baf2-60795ff38a71
2026-04-09 17:23:14.185 7 INFO neutron.plugins.ml2.plugin [None req-4557989a-e24f-40c8-8ac5-74c9be1634fb - - - - - -] Attempt 1 to provision port 08ea1eda-5d99-4810-baf2-60795ff38a71
2026-04-09 17:23:14.260 8 WARNING neutron.scheduler.dhcp_agent_scheduler [None req-0691bab0-dd13-4955-bdf2-a1736e7f73d5 - - - - - -] No more DHCP agents
2026-04-09 17:23:14.263 8 WARNING neutron.api.rpc.agentnotifiers.dhcp_rpc_agent_api [None req-0691bab0-dd13-4955-bdf2-a1736e7f73d5 - - - - - -] Unable to schedule network df00f6b7-1f80-4c8a-ad45-acbc0b691e34: no agents available; will retry on subsequent port and subnet creation events. [pid: 7|app: 0|req: 1270/2457] 10.0.0.237 () {32 vars in 740 bytes} [Thu Apr 9 17:23:14 2026] DELETE /v2.0/security-groups/2b90870f-739e-4af1-b3a2-ead307a09f8b => generated 0 bytes in 346 msecs (HTTP/1.1 204) 2 headers in 112 bytes (1 switches on core 0) [pid: 7|app: 0|req: 1271/2458] 10.0.0.237 () {32 vars in 774 bytes} [Thu Apr 9 17:23:14 2026] GET /v2.0/security-groups?tenant_id=60bf050c40b04e639399d3ded1fd56c7&name=default => generated 2925 bytes in 208 msecs (HTTP/1.1 200) 4 headers in 158 bytes (1 switches on core 0)
2026-04-09 17:23:14.666 7 INFO neutron.db.ovn_revision_numbers_db [None req-4557989a-e24f-40c8-8ac5-74c9be1634fb - - - - - -] Successfully bumped revision number for resource 08ea1eda-5d99-4810-baf2-60795ff38a71 (type: ports) to 2
2026-04-09 17:23:14.941 7 INFO neutron_taas.services.taas.taas_plugin [None req-a230823b-692f-4c32-95d8-a1b709dc27f7 fdfe8aedb1d8421e84b6012105aa203c 1d1c188fdc3a4c45a72aed0fba013227 - - default default] TaaS: Handle Delete Port: b7968dde-7415-4e79-937f-02c41a7a2408
2026-04-09 17:23:14.950 7 INFO neutron_taas.services.taas.tap_mirror_plugin [None req-a230823b-692f-4c32-95d8-a1b709dc27f7 fdfe8aedb1d8421e84b6012105aa203c 1d1c188fdc3a4c45a72aed0fba013227 - - default default] Tap Mirror: Handle Delete Port: b7968dde-7415-4e79-937f-02c41a7a2408
2026-04-09 17:23:14.974 8 INFO neutron.db.ovn_revision_numbers_db [None req-0691bab0-dd13-4955-bdf2-a1736e7f73d5 - - - - - -] Successfully bumped revision number for resource 08ea1eda-5d99-4810-baf2-60795ff38a71 (type: router_ports) to 1 [pid: 7|app: 0|req: 1272/2459] 10.0.0.237 () {32 vars in 726 bytes} [Thu Apr 9 17:23:14 2026] DELETE /v2.0/networks/42863c8d-32e8-4735-9b4e-25af3816cca3 => generated 0 bytes in 525 msecs (HTTP/1.1 204) 3 headers in 131 bytes (1 switches on core 0)
2026-04-09 17:23:15.235 8 WARNING neutron.scheduler.dhcp_agent_scheduler [None req-0691bab0-dd13-4955-bdf2-a1736e7f73d5 - - - - - -] No more DHCP agents
2026-04-09 17:23:15.236 8 WARNING neutron.api.rpc.agentnotifiers.dhcp_rpc_agent_api [None req-0691bab0-dd13-4955-bdf2-a1736e7f73d5 - - - - - -] Unable to schedule network df00f6b7-1f80-4c8a-ad45-acbc0b691e34: no agents available; will retry on subsequent port and subnet creation events.
2026-04-09 17:23:15.385 8 INFO neutron.db.ovn_revision_numbers_db [None req-0691bab0-dd13-4955-bdf2-a1736e7f73d5 - - - - - -] Successfully bumped revision number for resource 862af1c1-b549-497d-84bb-3d0d617f4652 (type: ports) to 1
2026-04-09 17:23:15.417 7 INFO neutron_taas.services.taas.taas_plugin [None req-687018f2-47d2-4aa8-9a2f-6b0cb191222d b3449f6ff0cc41ac8ae4837b2d07e69a 0133ba7327414ccd80b69173251609a3 - - default default] TaaS: Handle Delete Port: f56e9e2f-f438-4972-8c99-d02e75814043
2026-04-09 17:23:15.420 7 INFO neutron_taas.services.taas.tap_mirror_plugin [None req-687018f2-47d2-4aa8-9a2f-6b0cb191222d b3449f6ff0cc41ac8ae4837b2d07e69a 0133ba7327414ccd80b69173251609a3 - - default default] Tap Mirror: Handle Delete Port: f56e9e2f-f438-4972-8c99-d02e75814043
2026-04-09 17:23:15.627 8 INFO neutron.db.ovn_revision_numbers_db [None req-0691bab0-dd13-4955-bdf2-a1736e7f73d5 - - - - - -] Successfully bumped revision number for resource 862af1c1-b549-497d-84bb-3d0d617f4652 (type: ports) to 3
2026-04-09 17:23:15.787 7 INFO neutron.services.segments.plugin [-] Segment b65bc2c3-eeb7-4147-8cd5-14a791557f78 resource provider aggregate not found
2026-04-09 17:23:15.796 7 INFO neutron.services.segments.plugin [-] Segment b65bc2c3-eeb7-4147-8cd5-14a791557f78 resource provider aggregate not found
2026-04-09 17:23:15.816 7 INFO neutron.services.segments.plugin [-] Segment b65bc2c3-eeb7-4147-8cd5-14a791557f78 resource provider not found; error: Placement Client Error (4xx): {"errors": [{"status": 404, "title": "Not Found", "detail": "The resource could not be found.\n\n No resource provider with uuid b65bc2c3-eeb7-4147-8cd5-14a791557f78 found for delete ", "request_id": "req-41f69abd-d477-4261-ab27-0acfcedfb164"}]}
2026-04-09 17:23:15.822 7 INFO neutron.services.segments.plugin [-] Segment b65bc2c3-eeb7-4147-8cd5-14a791557f78 resource provider not found; error: Placement Client Error (4xx): {"errors": [{"status": 404, "title": "Not Found", "detail": "The resource could not be found.\n\n No resource provider with uuid b65bc2c3-eeb7-4147-8cd5-14a791557f78 found for delete ", "request_id": "req-e56801ae-36ef-4450-877b-21a72c227487"}]}
2026-04-09 17:23:15.838 7 INFO neutron.services.segments.plugin [-] Segment 55938e28-f223-43f5-8478-da3467c4d3c0 resource provider aggregate not found
2026-04-09 17:23:15.844 7 INFO neutron.services.segments.plugin [-] Segment 55938e28-f223-43f5-8478-da3467c4d3c0 resource provider aggregate not found [pid: 8|app: 0|req: 1188/2460] 10.0.0.237 () {34 vars in 685 bytes} [Thu Apr 9 17:23:10 2026] POST /v2.0/vpn/vpnservices => generated 458 bytes in 5707 msecs (HTTP/1.1 201) 4 headers in 162 bytes (1 switches on core 0)
2026-04-09 17:23:15.862 7 INFO neutron.services.segments.plugin [-] Segment 55938e28-f223-43f5-8478-da3467c4d3c0 resource provider not found; error: Placement Client Error (4xx): {"errors": [{"status": 404, "title": "Not Found", "detail": "The resource could not be found.\n\n No resource provider with uuid 55938e28-f223-43f5-8478-da3467c4d3c0 found for delete ", "request_id": "req-e415bcca-eb3e-46fb-98fe-5a076f9e390d"}]}
2026-04-09 17:23:15.874 7 INFO neutron.services.segments.plugin [-] Segment 55938e28-f223-43f5-8478-da3467c4d3c0 resource provider not found; error: Placement Client Error (4xx): {"errors": [{"status": 404, "title": "Not Found", "detail": "The resource could not be found.\n\n No resource provider with uuid 55938e28-f223-43f5-8478-da3467c4d3c0 found for delete ", "request_id": "req-360db900-a2dd-4d90-abc4-7db4180f6d4e"}]} [pid: 7|app: 0|req: 1273/2461] 10.0.0.237 () {34 vars in 789 bytes} [Thu Apr 9 17:23:15 2026] PUT /v2.0/routers/6d5c4c33-ac57-4668-9042-1c2b547051a0/remove_router_interface => generated 309 bytes in 814 msecs (HTTP/1.1 200) 4 headers in 157 bytes (1 switches on core 0) /var/lib/openstack/lib/python3.12/site-packages/pycadf/identifier.py:70: UserWarning: Invalid uuid: neutron. To ensure interoperability, identifiers should be a valid uuid. warnings.warn(('Invalid uuid: %s. To ensure interoperability, '
2026-04-09 17:23:16.136 7 INFO neutron.db.segments_db [None req-a843cab2-101e-46f4-845e-75f35a91756d fdfe8aedb1d8421e84b6012105aa203c 1d1c188fdc3a4c45a72aed0fba013227 - - default default] Added segment f9b92bd2-ff24-4c88-b5d5-23f3795aaa5d of type geneve for network d9014c74-4db9-4bbb-925c-9ef8a951a1f2 [pid: 8|app: 0|req: 1189/2462] 10.0.0.237 () {32 vars in 740 bytes} [Thu Apr 9 17:23:15 2026] DELETE /v2.0/security-groups/f690a21e-ffdb-408a-91c9-cdc389a3fd16 => generated 0 bytes in 323 msecs (HTTP/1.1 204) 2 headers in 112 bytes (1 switches on core 0) [pid: 8|app: 0|req: 1190/2463] 10.0.0.237 () {32 vars in 663 bytes} [Thu Apr 9 17:23:16 2026] GET /v2.0/vpn/vpnservices => generated 1314 bytes in 11 msecs (HTTP/1.1 200) 4 headers in 158 bytes (1 switches on core 0)
2026-04-09 17:23:16.310 7 INFO neutron.db.ovn_revision_numbers_db [None req-a843cab2-101e-46f4-845e-75f35a91756d fdfe8aedb1d8421e84b6012105aa203c 1d1c188fdc3a4c45a72aed0fba013227 - - default default] Successfully bumped revision number for resource d9014c74-4db9-4bbb-925c-9ef8a951a1f2 (type: networks) to 1 [pid: 8|app: 0|req: 1191/2464] 10.0.0.237 () {32 vars in 724 bytes} [Thu Apr 9 17:23:16 2026] DELETE /v2.0/subnets/96ec6cf9-f242-45f5-9df5-5ef2ce9aef9d => generated 0 bytes in 276 msecs (HTTP/1.1 204) 3 headers in 131 bytes (1 switches on core 0)
2026-04-09 17:23:16.590 7 WARNING neutron.scheduler.dhcp_agent_scheduler [None req-a843cab2-101e-46f4-845e-75f35a91756d fdfe8aedb1d8421e84b6012105aa203c 1d1c188fdc3a4c45a72aed0fba013227 - - default default] No more DHCP agents
2026-04-09 17:23:16.591 7 WARNING neutron.api.rpc.agentnotifiers.dhcp_rpc_agent_api [None req-a843cab2-101e-46f4-845e-75f35a91756d fdfe8aedb1d8421e84b6012105aa203c 1d1c188fdc3a4c45a72aed0fba013227 - - default default] Unable to schedule network d9014c74-4db9-4bbb-925c-9ef8a951a1f2: no agents available; will retry on subsequent port and subnet creation events.
2026-04-09 17:23:16.838 7 INFO neutron.db.ovn_revision_numbers_db [None req-a843cab2-101e-46f4-845e-75f35a91756d fdfe8aedb1d8421e84b6012105aa203c 1d1c188fdc3a4c45a72aed0fba013227 - - default default] Successfully bumped revision number for resource 3a00731b-cd17-478d-8587-6e543afd0e3a (type: ports) to 1 [pid: 7|app: 0|req: 1274/2465] 10.0.0.237 () {34 vars in 670 bytes} [Thu Apr 9 17:23:15 2026] POST /v2.0/networks => generated 647 bytes in 904 msecs (HTTP/1.1 201) 4 headers in 162 bytes (1 switches on core 0)
2026-04-09 17:23:16.962 8 INFO neutron_taas.services.taas.taas_plugin [None req-76aeca84-ff96-4e39-85b6-7174d8754eed f5ecd525ff744f00967f995eacb41772 244538a2a2134e3ca4c7c4f6b00a6310 - - default default] TaaS: Handle Delete Port: f1196468-6892-4d7d-a7e1-90b813eb19c2
2026-04-09 17:23:16.969 8 INFO neutron_taas.services.taas.tap_mirror_plugin [None req-76aeca84-ff96-4e39-85b6-7174d8754eed f5ecd525ff744f00967f995eacb41772 244538a2a2134e3ca4c7c4f6b00a6310 - - default default] Tap Mirror: Handle Delete Port: f1196468-6892-4d7d-a7e1-90b813eb19c2
2026-04-09 17:23:17.019 7 INFO neutron.db.ovn_revision_numbers_db [None req-eed1c695-4b9c-4b4b-a2b0-37d3fdee4d3e b021a5a6bbcb431a979a202d896b0aa2 87c19be6ca474e08a0160789ed56cf31 - - default default] Successfully bumped revision number for resource ce80ee5b-a797-4f6d-bb4f-3408ecd7320a (type: security_groups) to 1
2026-04-09 17:23:17.031 7 INFO neutron.db.ovn_revision_numbers_db [None req-eed1c695-4b9c-4b4b-a2b0-37d3fdee4d3e b021a5a6bbcb431a979a202d896b0aa2 87c19be6ca474e08a0160789ed56cf31 - - default default] Successfully bumped revision number for resource 08a11451-1e76-4571-8e1b-19c081b9cdeb (type: security_group_rules) to 0
2026-04-09 17:23:17.044 7 INFO neutron.db.ovn_revision_numbers_db [None req-eed1c695-4b9c-4b4b-a2b0-37d3fdee4d3e b021a5a6bbcb431a979a202d896b0aa2 87c19be6ca474e08a0160789ed56cf31 - - default default] Successfully bumped revision number for resource 3a4e9634-4c89-4194-9848-9b6c35af2d95 (type: security_group_rules) to 0
2026-04-09 17:23:17.062 7 INFO neutron.db.ovn_revision_numbers_db [None req-eed1c695-4b9c-4b4b-a2b0-37d3fdee4d3e b021a5a6bbcb431a979a202d896b0aa2 87c19be6ca474e08a0160789ed56cf31 - - default default] Successfully bumped revision number for resource 77ee512d-9d74-4727-9b41-25dbaa31e794 (type: security_group_rules) to 0
2026-04-09 17:23:17.079 7 INFO neutron.db.ovn_revision_numbers_db [None req-eed1c695-4b9c-4b4b-a2b0-37d3fdee4d3e b021a5a6bbcb431a979a202d896b0aa2 87c19be6ca474e08a0160789ed56cf31 - - default default] Successfully bumped revision number for resource ee78e8d3-c325-40ea-b668-dca8c4f8e4dc (type: security_group_rules) to 0 [pid: 7|app: 0|req: 1275/2466] 10.0.0.237 () {32 vars in 774 bytes} [Thu Apr 9 17:23:16 2026] GET /v2.0/security-groups?tenant_id=9a938a6565cb4f73871fd63da54ba6c1&name=default => generated 2925 bytes in 270 msecs (HTTP/1.1 200) 4 headers in 158 bytes (1 switches on core 0)
2026-04-09 17:23:19.032 8 WARNING neutron.plugins.ml2.drivers.ovn.mech_driver.ovsdb.ovn_client [None req-728b7c96-c587-476c-ba95-045f152fcf05 - - - - - -] No hosting information found for port 5004a908-90af-42a6-adca-b135a9bdc4e5: RuntimeError: No hosting information found for port 5004a908-90af-42a6-adca-b135a9bdc4e5
2026-04-09 17:23:19.033 8 INFO neutron.plugins.ml2.drivers.ovn.mech_driver.mech_driver [None req-728b7c96-c587-476c-ba95-045f152fcf05 - - - - - -] OVN reports status up for port: cf794ab6-3e6a-4729-a579-7a3baaba9380
2026-04-09 17:23:19.971 7 WARNING neutron.plugins.ml2.drivers.ovn.mech_driver.ovsdb.ovn_client [None req-c1911e57-3ec9-4ebe-b79f-00d703a53ddb - - - - - -] No hosting information found for port 08ea1eda-5d99-4810-baf2-60795ff38a71: RuntimeError: No hosting information found for port 08ea1eda-5d99-4810-baf2-60795ff38a71
2026-04-09 17:23:20.857 8 INFO neutron.plugins.ml2.plugin [None req-728b7c96-c587-476c-ba95-045f152fcf05 - - - - - -] Attempt 1 to provision port cf794ab6-3e6a-4729-a579-7a3baaba9380
2026-04-09 17:23:20.922 7 INFO neutron.db.ovn_revision_numbers_db [None req-c1911e57-3ec9-4ebe-b79f-00d703a53ddb - - - - - -] Successfully bumped revision number for resource 08ea1eda-5d99-4810-baf2-60795ff38a71 (type: router_ports) to 2
2026-04-09 17:23:20.962 8 INFO neutron_taas.services.taas.taas_plugin [None req-3e230acd-8566-4e82-ad7f-149d7dfcbe18 - - - - - -] TaaS: Handle Delete Port: 862af1c1-b549-497d-84bb-3d0d617f4652
2026-04-09 17:23:20.966 8 INFO neutron_taas.services.taas.tap_mirror_plugin [None req-3e230acd-8566-4e82-ad7f-149d7dfcbe18 - - - - - -] Tap Mirror: Handle Delete Port: 862af1c1-b549-497d-84bb-3d0d617f4652
2026-04-09 17:23:20.982 7 INFO neutron_taas.services.taas.taas_plugin [None req-b927a08b-a934-4805-b95e-264c6bf1ab17 b3449f6ff0cc41ac8ae4837b2d07e69a 0133ba7327414ccd80b69173251609a3 - - default default] TaaS: Handle Delete Port: 0431637d-9a0c-4aea-aaa3-8479dcaba30e
2026-04-09 17:23:20.985 7 INFO neutron_taas.services.taas.tap_mirror_plugin [None req-b927a08b-a934-4805-b95e-264c6bf1ab17 b3449f6ff0cc41ac8ae4837b2d07e69a 0133ba7327414ccd80b69173251609a3 - - default default] Tap Mirror: Handle Delete Port: 0431637d-9a0c-4aea-aaa3-8479dcaba30e
2026-04-09 17:23:21.310 8 INFO neutron.db.ovn_revision_numbers_db [None req-728b7c96-c587-476c-ba95-045f152fcf05 - - - - - -] Successfully bumped revision number for resource cf794ab6-3e6a-4729-a579-7a3baaba9380 (type: ports) to 4 [pid: 7|app: 0|req: 1276/2467] 10.0.0.237 () {32 vars in 724 bytes} [Thu Apr 9 17:23:17 2026] DELETE /v2.0/routers/6d5c4c33-ac57-4668-9042-1c2b547051a0 => generated 0 bytes in 4318 msecs (HTTP/1.1 204) 2 headers in 112 bytes (1 switches on core 0)
2026-04-09 17:23:21.717 7 WARNING neutron.scheduler.dhcp_agent_scheduler [None req-00cd5be6-310d-4c1c-84c7-7b84f012c30b fdfe8aedb1d8421e84b6012105aa203c 1d1c188fdc3a4c45a72aed0fba013227 - - default default] No more DHCP agents
2026-04-09 17:23:21.718 7 WARNING neutron.api.rpc.agentnotifiers.dhcp_rpc_agent_api [None req-00cd5be6-310d-4c1c-84c7-7b84f012c30b fdfe8aedb1d8421e84b6012105aa203c 1d1c188fdc3a4c45a72aed0fba013227 - - default default] Unable to schedule network d9014c74-4db9-4bbb-925c-9ef8a951a1f2: no agents available; will retry on subsequent port and subnet creation events.
2026-04-09 17:23:21.832 8 INFO neutron.db.ovn_revision_numbers_db [None req-2d286545-72ea-4737-adff-19819e2719ab - - - - - -] Successfully bumped revision number for resource 5004a908-90af-42a6-adca-b135a9bdc4e5 (type: router_ports) to 2
2026-04-09 17:23:21.910 8 INFO neutron.plugins.ml2.drivers.ovn.mech_driver.mech_driver [None req-2d286545-72ea-4737-adff-19819e2719ab - - - - - -] OVN reports status down for port: 862af1c1-b549-497d-84bb-3d0d617f4652
2026-04-09 17:23:21.931 8 INFO neutron.plugins.ml2.drivers.ovn.mech_driver.mech_driver [None req-2d286545-72ea-4737-adff-19819e2719ab - - - - - -] OVN reports status down for port: 3a00731b-cd17-478d-8587-6e543afd0e3a
2026-04-09 17:23:22.167 7 INFO neutron.db.ovn_revision_numbers_db [None req-65401966-1a8a-4632-80c1-25a7b8ebfd40 - - - - - -] Successfully bumped revision number for resource 3a00731b-cd17-478d-8587-6e543afd0e3a (type: ports) to 2
2026-04-09 17:23:22.200 7 INFO neutron.db.ovn_revision_numbers_db [None req-65401966-1a8a-4632-80c1-25a7b8ebfd40 - - - - - -] Successfully bumped revision number for resource 016342c1-43c7-4a94-a39b-f41e6d88c109 (type: subnets) to 0 [pid: 7|app: 0|req: 1277/2468] 10.0.0.237 () {34 vars in 669 bytes} [Thu Apr 9 17:23:21 2026] POST /v2.0/subnets => generated 626 bytes in 748 msecs (HTTP/1.1 201) 4 headers in 162 bytes (1 switches on core 0) [pid: 7|app: 0|req: 1278/2469] 10.0.0.237 () {32 vars in 740 bytes} [Thu Apr 9 17:23:22 2026] DELETE /v2.0/security-groups/ce80ee5b-a797-4f6d-bb4f-3408ecd7320a => generated 0 bytes in 300 msecs (HTTP/1.1 204) 2 headers in 112 bytes (1 switches on core 0)
2026-04-09 17:23:22.630 7 INFO neutron_taas.services.taas.taas_plugin [None req-84cc2d40-a57e-4077-a1ce-a6c3b5d94760 b3449f6ff0cc41ac8ae4837b2d07e69a 0133ba7327414ccd80b69173251609a3 - - default default] TaaS: Handle Delete Port: b7c7012a-ebf2-4d37-9bf4-d0537f63817d
2026-04-09 17:23:22.636 7 INFO neutron_taas.services.taas.tap_mirror_plugin [None req-84cc2d40-a57e-4077-a1ce-a6c3b5d94760 b3449f6ff0cc41ac8ae4837b2d07e69a 0133ba7327414ccd80b69173251609a3 - - default default] Tap Mirror: Handle Delete Port: b7c7012a-ebf2-4d37-9bf4-d0537f63817d
2026-04-09 17:23:22.706 8 INFO neutron_taas.services.taas.taas_plugin [None req-df84faf2-112a-4dda-979b-dfce21279e3d - - - - - -] TaaS: Handle Delete Port: 08ea1eda-5d99-4810-baf2-60795ff38a71
2026-04-09 17:23:22.713 8 INFO neutron_taas.services.taas.tap_mirror_plugin [None req-df84faf2-112a-4dda-979b-dfce21279e3d - - - - - -] Tap Mirror: Handle Delete Port: 08ea1eda-5d99-4810-baf2-60795ff38a71
2026-04-09 17:23:22.821 7 INFO neutron.services.segments.plugin [-] Segment 85aaa3cc-f720-43dd-a3be-41a109b7b2ef resource provider aggregate not found
2026-04-09 17:23:22.828 7 INFO neutron.services.segments.plugin [-] Segment 85aaa3cc-f720-43dd-a3be-41a109b7b2ef resource provider aggregate not found
2026-04-09 17:23:22.847 7 INFO neutron.services.segments.plugin [-] Segment 85aaa3cc-f720-43dd-a3be-41a109b7b2ef resource provider not found; error: Placement Client Error (4xx): {"errors": [{"status": 404, "title": "Not Found", "detail": "The resource could not be found.\n\n No resource provider with uuid 85aaa3cc-f720-43dd-a3be-41a109b7b2ef found for delete ", "request_id": "req-63adbb5c-0a3a-490e-a27a-6b908ba10ef6"}]}
2026-04-09 17:23:22.852 7 INFO neutron.services.segments.plugin [-] Segment 85aaa3cc-f720-43dd-a3be-41a109b7b2ef resource provider not found; error: Placement Client Error (4xx): {"errors": [{"status": 404, "title": "Not Found", "detail": "The resource could not be found.\n\n No resource provider with uuid 85aaa3cc-f720-43dd-a3be-41a109b7b2ef found for delete ", "request_id": "req-b2e657cf-6535-4c6b-854f-cb6ea5adcc49"}]} [pid: 7|app: 0|req: 1279/2470] 10.0.0.237 () {32 vars in 726 bytes} [Thu Apr 9 17:23:22 2026] DELETE /v2.0/networks/a7ae5a11-ccb1-428f-937b-956d6ce8172c => generated 0 bytes in 345 msecs (HTTP/1.1 204) 3 headers in 131 bytes (1 switches on core 0)
2026-04-09 17:23:22.979 7 INFO neutron.db.ovn_revision_numbers_db [None req-55dc410c-45d0-403f-b649-61e571b90f40 fdfe8aedb1d8421e84b6012105aa203c 1d1c188fdc3a4c45a72aed0fba013227 - - default default] Successfully bumped revision number for resource bafd05ac-4451-4127-ac00-16b1023a7ab8 (type: routers) to 1 [pid: 7|app: 0|req: 1280/2471] 10.0.0.237 () {34 vars in 669 bytes} [Thu Apr 9 17:23:22 2026] POST /v2.0/routers => generated 603 bytes in 136 msecs (HTTP/1.1 201) 4 headers in 162 bytes (1 switches on core 0)
2026-04-09 17:23:23.446 7 INFO neutron.db.ovn_revision_numbers_db [None req-27ca202c-b809-4aa5-8b93-b9b23ed8c37b b021a5a6bbcb431a979a202d896b0aa2 87c19be6ca474e08a0160789ed56cf31 - - default default] Successfully bumped revision number for resource 09acc090-f7d2-4c5d-b009-bd56c42d0e19 (type: security_groups) to 1
2026-04-09 17:23:23.465 7 INFO neutron.db.ovn_revision_numbers_db [None req-27ca202c-b809-4aa5-8b93-b9b23ed8c37b b021a5a6bbcb431a979a202d896b0aa2 87c19be6ca474e08a0160789ed56cf31 - - default default] Successfully bumped revision number for resource 02d2025d-ddad-422b-beb1-32c284529c2b (type: security_group_rules) to 0
2026-04-09 17:23:23.486 7 INFO neutron.db.ovn_revision_numbers_db [None req-27ca202c-b809-4aa5-8b93-b9b23ed8c37b b021a5a6bbcb431a979a202d896b0aa2 87c19be6ca474e08a0160789ed56cf31 - - default default] Successfully bumped revision number for resource 36c8ef7f-819b-4cd8-a857-0b6de2ace4f5 (type: security_group_rules) to 0
2026-04-09 17:23:23.508 7 INFO neutron.db.ovn_revision_numbers_db [None req-27ca202c-b809-4aa5-8b93-b9b23ed8c37b b021a5a6bbcb431a979a202d896b0aa2 87c19be6ca474e08a0160789ed56cf31 - - default default] Successfully bumped revision number for resource 8a3869a3-2a4a-465d-aa3a-c36fef55b692 (type: security_group_rules) to 0
2026-04-09 17:23:23.527 7 INFO neutron.db.ovn_revision_numbers_db [None req-27ca202c-b809-4aa5-8b93-b9b23ed8c37b b021a5a6bbcb431a979a202d896b0aa2 87c19be6ca474e08a0160789ed56cf31 - - default default] Successfully bumped revision number for resource ae103246-f39f-48c6-8ca4-c649b5ebeaf9 (type: security_group_rules) to 0 [pid: 7|app: 0|req: 1281/2472] 10.0.0.237 () {32 vars in 774 bytes} [Thu Apr 9 17:23:23 2026] GET /v2.0/security-groups?tenant_id=e1fc01a4dc11412480f5cb6208b27879&name=default => generated 2925 bytes in 562 msecs (HTTP/1.1 200) 4 headers in 158 bytes (1 switches on core 0)
2026-04-09 17:23:23.710 8 INFO neutron_taas.services.taas.taas_plugin [None req-df84faf2-112a-4dda-979b-dfce21279e3d - - - - - -] TaaS: Handle Delete Port: 6f0b3527-c876-4808-8904-6426f08ed76b
2026-04-09 17:23:23.715 8 INFO neutron_taas.services.taas.tap_mirror_plugin [None req-df84faf2-112a-4dda-979b-dfce21279e3d - - - - - -] Tap Mirror: Handle Delete Port: 6f0b3527-c876-4808-8904-6426f08ed76b
2026-04-09 17:23:23.891 7 WARNING neutron.scheduler.dhcp_agent_scheduler [None req-8c8a93e3-0f48-4327-9891-83ba23116c89 fdfe8aedb1d8421e84b6012105aa203c 1d1c188fdc3a4c45a72aed0fba013227 - - default default] No more DHCP agents
2026-04-09 17:23:23.892 7 WARNING neutron.api.rpc.agentnotifiers.dhcp_rpc_agent_api [None req-8c8a93e3-0f48-4327-9891-83ba23116c89 fdfe8aedb1d8421e84b6012105aa203c 1d1c188fdc3a4c45a72aed0fba013227 - - default default] Unable to schedule network d9014c74-4db9-4bbb-925c-9ef8a951a1f2: no agents available; will retry on subsequent port and subnet creation events.
2026-04-09 17:23:24.028 7 INFO neutron.plugins.ml2.drivers.ovn.mech_driver.mech_driver [None req-c1911e57-3ec9-4ebe-b79f-00d703a53ddb - - - - - -] OVN reports status down for port: adc1e0de-f643-44c9-8361-8cbd21552544
2026-04-09 17:23:24.211 8 INFO neutron.services.segments.plugin [-] Segment 7826150b-ea15-41c3-b3de-50ec04ee1cd1 resource provider aggregate not found
2026-04-09 17:23:24.230 8 INFO neutron.services.segments.plugin [-] Segment 7826150b-ea15-41c3-b3de-50ec04ee1cd1 resource provider not found; error: Placement Client Error (4xx): {"errors": [{"status": 404, "title": "Not Found", "detail": "The resource could not be found.\n\n No resource provider with uuid 7826150b-ea15-41c3-b3de-50ec04ee1cd1 found for delete ", "request_id": "req-8d220d1b-d51a-4e6d-a330-5e63a428aa89"}]}
2026-04-09 17:23:24.230 7 INFO neutron.db.ovn_revision_numbers_db [None req-8c8a93e3-0f48-4327-9891-83ba23116c89 fdfe8aedb1d8421e84b6012105aa203c 1d1c188fdc3a4c45a72aed0fba013227 - - default default] Successfully bumped revision number for resource adc1e0de-f643-44c9-8361-8cbd21552544 (type: ports) to 1
2026-04-09 17:23:24.241 8 INFO neutron.services.segments.plugin [-] Segment 7826150b-ea15-41c3-b3de-50ec04ee1cd1 resource provider aggregate not found [pid: 8|app: 0|req: 1192/2473] 10.0.0.237 () {32 vars in 740 bytes} [Thu Apr 9 17:23:16 2026] DELETE /v2.0/vpn/vpnservices/f216deda-b3c0-48cf-a68f-f56338b58174 => generated 0 bytes in 7792 msecs (HTTP/1.1 204) 2 headers in 112 bytes (1 switches on core 0) /var/lib/openstack/lib/python3.12/site-packages/pycadf/identifier.py:70: UserWarning: Invalid uuid: neutron. To ensure interoperability, identifiers should be a valid uuid. warnings.warn(('Invalid uuid: %s. To ensure interoperability, ' [pid: 7|app: 0|req: 1282/2474] 10.0.0.237 () {34 vars in 665 bytes} [Thu Apr 9 17:23:23 2026] POST /v2.0/ports => generated 951 bytes in 713 msecs (HTTP/1.1 201) 4 headers in 162 bytes (1 switches on core 0)
2026-04-09 17:23:24.279 8 INFO neutron.services.segments.plugin [-] Segment 7826150b-ea15-41c3-b3de-50ec04ee1cd1 resource provider not found; error: Placement Client Error (4xx): {"errors": [{"status": 404, "title": "Not Found", "detail": "The resource could not be found.\n\n No resource provider with uuid 7826150b-ea15-41c3-b3de-50ec04ee1cd1 found for delete ", "request_id": "req-9614a0f7-a0e4-40ba-8527-fc81484711a0"}]} /var/lib/openstack/lib/python3.12/site-packages/pycadf/identifier.py:70: UserWarning: Invalid uuid: neutron. To ensure interoperability, identifiers should be a valid uuid. warnings.warn(('Invalid uuid: %s. To ensure interoperability, '
2026-04-09 17:23:24.458 7 INFO neutron.db.ovn_revision_numbers_db [None req-3100fd73-2522-43b0-98f8-8f244da60b50 b021a5a6bbcb431a979a202d896b0aa2 87c19be6ca474e08a0160789ed56cf31 - - default default] Successfully bumped revision number for resource f01b4f0b-5f26-4357-a29e-52761a9cdfdd (type: security_groups) to 1
2026-04-09 17:23:24.467 7 INFO neutron.db.ovn_revision_numbers_db [None req-3100fd73-2522-43b0-98f8-8f244da60b50 b021a5a6bbcb431a979a202d896b0aa2 87c19be6ca474e08a0160789ed56cf31 - - default default] Successfully bumped revision number for resource 05297cd1-0cc3-4292-861e-7f2e65280697 (type: security_group_rules) to 0
2026-04-09 17:23:24.483 7 INFO neutron.db.ovn_revision_numbers_db [None req-3100fd73-2522-43b0-98f8-8f244da60b50 b021a5a6bbcb431a979a202d896b0aa2 87c19be6ca474e08a0160789ed56cf31 - - default default] Successfully bumped revision number for resource 5d1fead5-d731-4b17-8e84-f55efe7bf1cb (type: security_group_rules) to 0
2026-04-09 17:23:24.504 7 INFO neutron.db.ovn_revision_numbers_db [None req-3100fd73-2522-43b0-98f8-8f244da60b50 b021a5a6bbcb431a979a202d896b0aa2 87c19be6ca474e08a0160789ed56cf31 - - default default] Successfully bumped revision number for resource 8f571902-5294-4886-b976-4c776d71f921 (type: security_group_rules) to 0
