2026-04-09 17:23:51.470 7 INFO neutron.db.ovn_revision_numbers_db [None req-03f21b93-d85c-4b0b-96e9-3d9e00213c5e ed3034b8415c4d8dac1789225c1e56ef 39b0539d599049958e2658be2619bea5 - - default default] Successfully bumped revision number for resource 128c9b2a-37f4-4057-aeb2-6147f103055b (type: security_group_rules) to 0
2026-04-09 17:23:51.495 7 INFO neutron.db.ovn_revision_numbers_db [None req-03f21b93-d85c-4b0b-96e9-3d9e00213c5e ed3034b8415c4d8dac1789225c1e56ef 39b0539d599049958e2658be2619bea5 - - default default] Successfully bumped revision number for resource 472f1c51-e2d8-4a9d-a934-17f8ed8c8b93 (type: security_group_rules) to 0
2026-04-09 17:23:51.525 7 INFO neutron.db.ovn_revision_numbers_db [None req-03f21b93-d85c-4b0b-96e9-3d9e00213c5e ed3034b8415c4d8dac1789225c1e56ef 39b0539d599049958e2658be2619bea5 - - default default] Successfully bumped revision number for resource 7fcedde0-5e7d-4656-9f3e-d1a29f9ed3c9 (type: security_group_rules) to 0
2026-04-09 17:23:51.547 7 INFO neutron.db.ovn_revision_numbers_db [None req-03f21b93-d85c-4b0b-96e9-3d9e00213c5e ed3034b8415c4d8dac1789225c1e56ef 39b0539d599049958e2658be2619bea5 - - default default] Successfully bumped revision number for resource 94c9328d-c185-4281-9a1c-21f086aedf9e (type: security_group_rules) to 0
2026-04-09 17:23:51.654 7 INFO neutron.db.segments_db [None req-03f21b93-d85c-4b0b-96e9-3d9e00213c5e ed3034b8415c4d8dac1789225c1e56ef 39b0539d599049958e2658be2619bea5 - - default default] Added segment 1eed1e1d-18da-443d-86f2-4e125f2444d7 of type geneve for network e23d5c9d-3a16-43a1-8ef5-6cb22a129a80
2026-04-09 17:23:52.293 7 INFO neutron.db.ovn_revision_numbers_db [None req-03f21b93-d85c-4b0b-96e9-3d9e00213c5e ed3034b8415c4d8dac1789225c1e56ef 39b0539d599049958e2658be2619bea5 - - default default] Successfully bumped revision number for resource e23d5c9d-3a16-43a1-8ef5-6cb22a129a80 (type: networks) to 1
2026-04-09 17:23:52.387 8 INFO neutron.db.ovn_revision_numbers_db [None req-f270fcbf-fc50-4c82-93a3-bf3edc0007e0 - - - - - -] Successfully bumped revision number for resource 7a2b5ee5-33e3-4c23-b4b2-9215832d72e5 (type: router_ports) to 1
2026-04-09 17:23:52.392 8 INFO neutron.db.ovn_revision_numbers_db [None req-d3bd9005-1029-4bd7-ba1f-42bb5de8db58 - - - - - -] Successfully bumped revision number for resource 7a2b5ee5-33e3-4c23-b4b2-9215832d72e5 (type: ports) to 2
2026-04-09 17:23:52.757 7 WARNING neutron.scheduler.dhcp_agent_scheduler [None req-03f21b93-d85c-4b0b-96e9-3d9e00213c5e ed3034b8415c4d8dac1789225c1e56ef 39b0539d599049958e2658be2619bea5 - - default default] No more DHCP agents
2026-04-09 17:23:52.759 7 WARNING neutron.api.rpc.agentnotifiers.dhcp_rpc_agent_api [None req-03f21b93-d85c-4b0b-96e9-3d9e00213c5e ed3034b8415c4d8dac1789225c1e56ef 39b0539d599049958e2658be2619bea5 - - default default] Unable to schedule network e23d5c9d-3a16-43a1-8ef5-6cb22a129a80: no agents available; will retry on subsequent port and subnet creation events.
2026-04-09 17:23:53.046 7 INFO neutron.plugins.ml2.drivers.ovn.mech_driver.mech_driver [None req-f910279e-c3a5-4529-87ea-7e2679456345 - - - - - -] OVN reports status down for port: 4226d322-c834-44ec-9d89-d793b93466d5
2026-04-09 17:23:53.102 8 WARNING neutron.scheduler.dhcp_agent_scheduler [None req-f270fcbf-fc50-4c82-93a3-bf3edc0007e0 - - - - - -] No more DHCP agents
2026-04-09 17:23:53.108 8 WARNING neutron.api.rpc.agentnotifiers.dhcp_rpc_agent_api [None req-f270fcbf-fc50-4c82-93a3-bf3edc0007e0 - - - - - -] Unable to schedule network 01b57e4b-095a-4e6d-8909-566b8a2210e7: no agents available; will retry on subsequent port and subnet creation events.
2026-04-09 17:23:53.141 7 INFO neutron.db.ovn_revision_numbers_db [None req-03f21b93-d85c-4b0b-96e9-3d9e00213c5e ed3034b8415c4d8dac1789225c1e56ef 39b0539d599049958e2658be2619bea5 - - default default] Successfully bumped revision number for resource 4226d322-c834-44ec-9d89-d793b93466d5 (type: ports) to 1 [pid: 7|app: 0|req: 1353/2656] 10.0.0.237 () {34 vars in 670 bytes} [Thu Apr 9 17:23:50 2026] POST /v2.0/networks => generated 650 bytes in 2224 msecs (HTTP/1.1 201) 4 headers in 162 bytes (1 switches on core 0)
2026-04-09 17:23:53.684 8 INFO neutron.db.ovn_revision_numbers_db [None req-f270fcbf-fc50-4c82-93a3-bf3edc0007e0 - - - - - -] Successfully bumped revision number for resource b5813e8e-8e72-4c8c-a943-e7ed2d8ba184 (type: ports) to 1
2026-04-09 17:23:54.245 7 WARNING neutron.scheduler.dhcp_agent_scheduler [None req-5b642a34-d363-4b81-864e-376ce80ee653 ed3034b8415c4d8dac1789225c1e56ef 39b0539d599049958e2658be2619bea5 - - default default] No more DHCP agents
2026-04-09 17:23:54.246 7 WARNING neutron.api.rpc.agentnotifiers.dhcp_rpc_agent_api [None req-5b642a34-d363-4b81-864e-376ce80ee653 ed3034b8415c4d8dac1789225c1e56ef 39b0539d599049958e2658be2619bea5 - - default default] Unable to schedule network e23d5c9d-3a16-43a1-8ef5-6cb22a129a80: no agents available; will retry on subsequent port and subnet creation events.
2026-04-09 17:23:54.298 7 INFO neutron.plugins.ml2.drivers.ovn.mech_driver.mech_driver [None req-f910279e-c3a5-4529-87ea-7e2679456345 - - - - - -] OVN reports status down for port: 1967be93-9b79-4403-be93-91aa1bf21cab
2026-04-09 17:23:54.331 8 INFO neutron.db.ovn_revision_numbers_db [None req-f270fcbf-fc50-4c82-93a3-bf3edc0007e0 - - - - - -] Successfully bumped revision number for resource b5813e8e-8e72-4c8c-a943-e7ed2d8ba184 (type: ports) to 3
2026-04-09 17:23:54.447 7 INFO neutron.db.ovn_revision_numbers_db [None req-5b642a34-d363-4b81-864e-376ce80ee653 ed3034b8415c4d8dac1789225c1e56ef 39b0539d599049958e2658be2619bea5 - - default default] Successfully bumped revision number for resource 1967be93-9b79-4403-be93-91aa1bf21cab (type: ports) to 1 [pid: 7|app: 0|req: 1354/2657] 10.0.0.237 () {34 vars in 664 bytes} [Thu Apr 9 17:23:53 2026] POST /v2.0/ports => generated 743 bytes in 1417 msecs (HTTP/1.1 201) 4 headers in 162 bytes (1 switches on core 0) [pid: 8|app: 0|req: 1304/2658] 10.0.0.237 () {34 vars in 685 bytes} [Thu Apr 9 17:23:43 2026] POST /v2.0/vpn/vpnservices => generated 459 bytes in 11559 msecs (HTTP/1.1 201) 4 headers in 162 bytes (1 switches on core 0) /var/lib/openstack/lib/python3.12/site-packages/pycadf/identifier.py:70: UserWarning: Invalid uuid: neutron. To ensure interoperability, identifiers should be a valid uuid. warnings.warn(('Invalid uuid: %s. To ensure interoperability, '
2026-04-09 17:23:55.606 7 INFO neutron.db.ovn_revision_numbers_db [None req-51380e70-cde1-47bc-b3cf-1c2634031f2e e8f3263e33254f249503d8960defd518 946cad82cdb1492c91bb97a4cebf38e9 - - default default] Successfully bumped revision number for resource aafed866-7778-4868-aab0-480c43c7dfe0 (type: security_groups) to 1
2026-04-09 17:23:55.811 7 INFO neutron.db.ovn_revision_numbers_db [None req-51380e70-cde1-47bc-b3cf-1c2634031f2e e8f3263e33254f249503d8960defd518 946cad82cdb1492c91bb97a4cebf38e9 - - default default] Successfully bumped revision number for resource 008c324c-e542-486d-b16e-c9188a625d21 (type: security_group_rules) to 0 [pid: 8|app: 0|req: 1305/2659] 10.0.0.237 () {34 vars in 666 bytes} [Thu Apr 9 17:23:54 2026] POST /v2.0/trunks => generated 409 bytes in 1148 msecs (HTTP/1.1 201) 4 headers in 162 bytes (1 switches on core 0) [pid: 8|app: 0|req: 1306/2660] 10.0.0.237 () {32 vars in 663 bytes} [Thu Apr 9 17:23:55 2026] GET /v2.0/vpn/vpnservices => generated 1307 bytes in 9 msecs (HTTP/1.1 200) 4 headers in 158 bytes (1 switches on core 0)
2026-04-09 17:23:55.909 7 INFO neutron.db.ovn_revision_numbers_db [None req-51380e70-cde1-47bc-b3cf-1c2634031f2e e8f3263e33254f249503d8960defd518 946cad82cdb1492c91bb97a4cebf38e9 - - default default] Successfully bumped revision number for resource 8d954bd4-8695-4542-bbae-6a632d7b4897 (type: security_group_rules) to 0
2026-04-09 17:23:55.955 7 INFO neutron.db.ovn_revision_numbers_db [None req-51380e70-cde1-47bc-b3cf-1c2634031f2e e8f3263e33254f249503d8960defd518 946cad82cdb1492c91bb97a4cebf38e9 - - default default] Successfully bumped revision number for resource fbf2b186-c93d-4d65-b084-eaca7745c932 (type: security_group_rules) to 0
2026-04-09 17:23:55.976 7 INFO neutron.db.ovn_revision_numbers_db [None req-51380e70-cde1-47bc-b3cf-1c2634031f2e e8f3263e33254f249503d8960defd518 946cad82cdb1492c91bb97a4cebf38e9 - - default default] Successfully bumped revision number for resource fd3eab71-d73a-4a41-8deb-f590b2ff5d5b (type: security_group_rules) to 0
2026-04-09 17:23:56.104 7 INFO neutron.db.ovn_revision_numbers_db [None req-51380e70-cde1-47bc-b3cf-1c2634031f2e e8f3263e33254f249503d8960defd518 946cad82cdb1492c91bb97a4cebf38e9 - - default default] Successfully bumped revision number for resource 68d10a7a-44c5-424d-bc50-49685b942bc1 (type: security_groups) to 1
2026-04-09 17:23:56.118 7 INFO neutron.db.ovn_revision_numbers_db [None req-51380e70-cde1-47bc-b3cf-1c2634031f2e e8f3263e33254f249503d8960defd518 946cad82cdb1492c91bb97a4cebf38e9 - - default default] Successfully bumped revision number for resource 0d3bc68a-9166-45ce-80f6-0c2bfdaa7d39 (type: security_group_rules) to 0
2026-04-09 17:23:56.134 7 INFO neutron.db.ovn_revision_numbers_db [None req-51380e70-cde1-47bc-b3cf-1c2634031f2e e8f3263e33254f249503d8960defd518 946cad82cdb1492c91bb97a4cebf38e9 - - default default] Successfully bumped revision number for resource 194f4b53-2262-4a86-a282-15fc9daa3e7e (type: security_group_rules) to 0 [pid: 8|app: 0|req: 1309/2663] 10.0.0.237 () {34 vars in 678 bytes} [Thu Apr 9 17:23:55 2026] POST /v2.0/qos/policies => generated 359 bytes in 235 msecs (HTTP/1.1 201) 4 headers in 162 bytes (1 switches on core 0) [pid: 7|app: 0|req: 1355/2664] 10.0.0.237 () {34 vars in 684 bytes} [Thu Apr 9 17:23:54 2026] POST /v2.0/security-groups => generated 1625 bytes in 1573 msecs (HTTP/1.1 201) 4 headers in 163 bytes (1 switches on core 0)
2026-04-09 17:23:56.232 8 INFO neutron.db.segments_db [None req-39266671-feee-4733-b77c-607385fe8faf ed3034b8415c4d8dac1789225c1e56ef 39b0539d599049958e2658be2619bea5 - - default default] Added segment 700cae8b-860e-4501-aa9a-970d5155893e of type geneve for network 19ba2d92-a10e-4cf9-82ef-880703e3e10b
2026-04-09 17:23:56.359 8 INFO neutron.db.ovn_revision_numbers_db [None req-39266671-feee-4733-b77c-607385fe8faf ed3034b8415c4d8dac1789225c1e56ef 39b0539d599049958e2658be2619bea5 - - default default] Successfully bumped revision number for resource 19ba2d92-a10e-4cf9-82ef-880703e3e10b (type: networks) to 1
2026-04-09 17:23:56.485 7 INFO neutron_taas.services.taas.taas_plugin [None req-d8100db3-7cb7-4127-809d-ff95c01d5d6f 9aa02128520145a4bf4e5a2bb015007b 068062a6313d4e4d88491c8ab0e29738 - - default default] TaaS: Handle Delete Port: f3bb8377-0985-4b03-a02d-73820e8c7b6e
2026-04-09 17:23:56.488 7 INFO neutron_taas.services.taas.tap_mirror_plugin [None req-d8100db3-7cb7-4127-809d-ff95c01d5d6f 9aa02128520145a4bf4e5a2bb015007b 068062a6313d4e4d88491c8ab0e29738 - - default default] Tap Mirror: Handle Delete Port: f3bb8377-0985-4b03-a02d-73820e8c7b6e
2026-04-09 17:23:56.528 8 WARNING neutron.scheduler.dhcp_agent_scheduler [None req-39266671-feee-4733-b77c-607385fe8faf ed3034b8415c4d8dac1789225c1e56ef 39b0539d599049958e2658be2619bea5 - - default default] No more DHCP agents
2026-04-09 17:23:56.530 8 WARNING neutron.api.rpc.agentnotifiers.dhcp_rpc_agent_api [None req-39266671-feee-4733-b77c-607385fe8faf ed3034b8415c4d8dac1789225c1e56ef 39b0539d599049958e2658be2619bea5 - - default default] Unable to schedule network 19ba2d92-a10e-4cf9-82ef-880703e3e10b: no agents available; will retry on subsequent port and subnet creation events.
2026-04-09 17:23:56.624 7 INFO neutron.plugins.ml2.drivers.ovn.mech_driver.mech_driver [None req-f910279e-c3a5-4529-87ea-7e2679456345 - - - - - -] OVN reports status down for port: 255872e5-90ac-4282-89d9-fa74422542c6
2026-04-09 17:23:56.657 8 INFO neutron.db.ovn_revision_numbers_db [None req-39266671-feee-4733-b77c-607385fe8faf ed3034b8415c4d8dac1789225c1e56ef 39b0539d599049958e2658be2619bea5 - - default default] Successfully bumped revision number for resource 255872e5-90ac-4282-89d9-fa74422542c6 (type: ports) to 1 [pid: 8|app: 0|req: 1310/2665] 10.0.0.237 () {34 vars in 670 bytes} [Thu Apr 9 17:23:56 2026] POST /v2.0/networks => generated 651 bytes in 554 msecs (HTTP/1.1 201) 4 headers in 162 bytes (1 switches on core 0) [pid: 8|app: 0|req: 1311/2666] 10.0.0.237 () {34 vars in 753 bytes} [Thu Apr 9 17:23:56 2026] PUT /v2.0/policies/376f1e98-35a8-4196-ae01-b83401b6460d/tags => generated 25 bytes in 87 msecs (HTTP/1.1 200) 4 headers in 156 bytes (1 switches on core 0) [pid: 8|app: 0|req: 1312/2667] 10.0.0.237 () {32 vars in 663 bytes} [Thu Apr 9 17:23:56 2026] GET /v2.0/security-groups => generated 4530 bytes in 46 msecs (HTTP/1.1 200) 4 headers in 158 bytes (1 switches on core 0)
2026-04-09 17:23:56.858 7 INFO neutron_taas.services.taas.taas_plugin [None req-10ba6ee8-6c7c-47a0-928d-e6bc3dbfc875 - - - - - -] TaaS: Handle Delete Port: b5813e8e-8e72-4c8c-a943-e7ed2d8ba184
2026-04-09 17:23:56.860 7 INFO neutron_taas.services.taas.tap_mirror_plugin [None req-10ba6ee8-6c7c-47a0-928d-e6bc3dbfc875 - - - - - -] Tap Mirror: Handle Delete Port: b5813e8e-8e72-4c8c-a943-e7ed2d8ba184
2026-04-09 17:23:57.148 8 WARNING neutron.scheduler.dhcp_agent_scheduler [None req-9bdaf50b-52af-4ac0-8682-abc1187ef513 ed3034b8415c4d8dac1789225c1e56ef 39b0539d599049958e2658be2619bea5 - - default default] No more DHCP agents
2026-04-09 17:23:57.149 8 WARNING neutron.api.rpc.agentnotifiers.dhcp_rpc_agent_api [None req-9bdaf50b-52af-4ac0-8682-abc1187ef513 ed3034b8415c4d8dac1789225c1e56ef 39b0539d599049958e2658be2619bea5 - - default default] Unable to schedule network 19ba2d92-a10e-4cf9-82ef-880703e3e10b: no agents available; will retry on subsequent port and subnet creation events.
2026-04-09 17:23:57.277 8 INFO neutron.db.ovn_revision_numbers_db [None req-9bdaf50b-52af-4ac0-8682-abc1187ef513 ed3034b8415c4d8dac1789225c1e56ef 39b0539d599049958e2658be2619bea5 - - default default] Successfully bumped revision number for resource 1bc58828-cee3-4a43-bb0f-8e16e2fd8e2b (type: ports) to 1
2026-04-09 17:23:57.348 7 INFO neutron_taas.services.taas.taas_plugin [None req-d9273e4b-6f72-48a4-8541-6b2559650c08 - - - - - -] TaaS: Handle Delete Port: 7a2b5ee5-33e3-4c23-b4b2-9215832d72e5
2026-04-09 17:23:57.352 7 INFO neutron_taas.services.taas.tap_mirror_plugin [None req-d9273e4b-6f72-48a4-8541-6b2559650c08 - - - - - -] Tap Mirror: Handle Delete Port: 7a2b5ee5-33e3-4c23-b4b2-9215832d72e5 [pid: 8|app: 0|req: 1313/2668] 10.0.0.237 () {34 vars in 664 bytes} [Thu Apr 9 17:23:56 2026] POST /v2.0/ports => generated 743 bytes in 533 msecs (HTTP/1.1 201) 4 headers in 162 bytes (1 switches on core 0) /var/lib/openstack/lib/python3.12/site-packages/pycadf/identifier.py:70: UserWarning: Invalid uuid: neutron. To ensure interoperability, identifiers should be a valid uuid. warnings.warn(('Invalid uuid: %s. To ensure interoperability, ' [pid: 8|app: 0|req: 1314/2669] 10.0.0.237 () {32 vars in 733 bytes} [Thu Apr 9 17:23:57 2026] GET /v2.0/policies/376f1e98-35a8-4196-ae01-b83401b6460d/tags => generated 25 bytes in 80 msecs (HTTP/1.1 200) 4 headers in 156 bytes (1 switches on core 0)
2026-04-09 17:23:57.610 8 INFO neutron.db.ovn_revision_numbers_db [None req-5943c3e5-46fa-41b1-9859-3cd093b66a2f e8f3263e33254f249503d8960defd518 946cad82cdb1492c91bb97a4cebf38e9 - - default default] Successfully bumped revision number for resource 68d10a7a-44c5-424d-bc50-49685b942bc1 (type: security_groups) to 2 [pid: 8|app: 0|req: 1315/2670] 10.0.0.237 () {34 vars in 758 bytes} [Thu Apr 9 17:23:57 2026] PUT /v2.0/security-groups/68d10a7a-44c5-424d-bc50-49685b942bc1 => generated 1662 bytes in 183 msecs (HTTP/1.1 200) 4 headers in 158 bytes (1 switches on core 0)
2026-04-09 17:23:57.911 8 WARNING neutron.plugins.ml2.drivers.ovn.mech_driver.ovsdb.ovn_client [None req-49d664ab-dd1f-4378-a3cf-51e142f0debe - - - - - -] No port found with ID 7a2b5ee5-33e3-4c23-b4b2-9215832d72e5: RuntimeError: No port found with ID 7a2b5ee5-33e3-4c23-b4b2-9215832d72e5
2026-04-09 17:23:57.925 8 INFO neutron.plugins.ml2.drivers.ovn.mech_driver.mech_driver [None req-49d664ab-dd1f-4378-a3cf-51e142f0debe - - - - - -] OVN reports status down for port: b5813e8e-8e72-4c8c-a943-e7ed2d8ba184
2026-04-09 17:23:57.941 8 INFO neutron.plugins.ml2.drivers.ovn.mech_driver.mech_driver [None req-49d664ab-dd1f-4378-a3cf-51e142f0debe - - - - - -] OVN reports status down for port: 1bc58828-cee3-4a43-bb0f-8e16e2fd8e2b [pid: 8|app: 0|req: 1316/2671] 10.0.0.237 () {34 vars in 666 bytes} [Thu Apr 9 17:23:57 2026] POST /v2.0/trunks => generated 409 bytes in 380 msecs (HTTP/1.1 201) 4 headers in 162 bytes (1 switches on core 0) [pid: 8|app: 0|req: 1317/2672] 10.0.0.237 () {34 vars in 764 bytes} [Thu Apr 9 17:23:58 2026] PUT /v2.0/policies/376f1e98-35a8-4196-ae01-b83401b6460d/tags/green => generated 4 bytes in 183 msecs (HTTP/1.1 201) 4 headers in 160 bytes (1 switches on core 0) [pid: 8|app: 0|req: 1318/2673] 10.0.0.237 () {32 vars in 737 bytes} [Thu Apr 9 17:23:58 2026] GET /v2.0/security-groups/68d10a7a-44c5-424d-bc50-49685b942bc1 => generated 1662 bytes in 29 msecs (HTTP/1.1 200) 4 headers in 158 bytes (1 switches on core 0)
2026-04-09 17:23:58.471 8 INFO neutron.db.segments_db [None req-d82dd304-a401-447b-80bc-75c50204a114 ed3034b8415c4d8dac1789225c1e56ef 39b0539d599049958e2658be2619bea5 - - default default] Added segment 092cb8f1-f392-4a34-8195-f6d41c68b9b5 of type geneve for network 2d7ef14b-f6fa-4654-9120-e1af5b84d5de
2026-04-09 17:23:58.552 7 INFO neutron_taas.services.taas.taas_plugin [None req-d9273e4b-6f72-48a4-8541-6b2559650c08 - - - - - -] TaaS: Handle Delete Port: d754b344-3118-4e66-b0e7-4dcccf3da9b2
2026-04-09 17:23:58.558 7 INFO neutron_taas.services.taas.tap_mirror_plugin [None req-d9273e4b-6f72-48a4-8541-6b2559650c08 - - - - - -] Tap Mirror: Handle Delete Port: d754b344-3118-4e66-b0e7-4dcccf3da9b2
2026-04-09 17:23:58.643 8 INFO neutron.db.ovn_revision_numbers_db [None req-d82dd304-a401-447b-80bc-75c50204a114 ed3034b8415c4d8dac1789225c1e56ef 39b0539d599049958e2658be2619bea5 - - default default] Successfully bumped revision number for resource 2d7ef14b-f6fa-4654-9120-e1af5b84d5de (type: networks) to 1
2026-04-09 17:23:58.817 7 INFO neutron.services.segments.plugin [-] Segment 5e29f736-665e-40dd-a68a-9fee7a29ff2d resource provider aggregate not found
2026-04-09 17:23:58.829 7 INFO neutron.services.segments.plugin [-] Segment 5e29f736-665e-40dd-a68a-9fee7a29ff2d resource provider aggregate not found
2026-04-09 17:23:58.846 7 INFO neutron.services.segments.plugin [-] Segment 5e29f736-665e-40dd-a68a-9fee7a29ff2d resource provider not found; error: Placement Client Error (4xx): {"errors": [{"status": 404, "title": "Not Found", "detail": "The resource could not be found.\n\n No resource provider with uuid 5e29f736-665e-40dd-a68a-9fee7a29ff2d found for delete ", "request_id": "req-14793075-e961-4129-8c24-b45dbe0fea50"}]}
2026-04-09 17:23:58.854 7 INFO neutron.services.segments.plugin [-] Segment 5e29f736-665e-40dd-a68a-9fee7a29ff2d resource provider not found; error: Placement Client Error (4xx): {"errors": [{"status": 404, "title": "Not Found", "detail": "The resource could not be found.\n\n No resource provider with uuid 5e29f736-665e-40dd-a68a-9fee7a29ff2d found for delete ", "request_id": "req-e9028fea-fbee-4bea-b162-4379167fe9be"}]}
2026-04-09 17:23:58.862 8 WARNING neutron.scheduler.dhcp_agent_scheduler [None req-d82dd304-a401-447b-80bc-75c50204a114 ed3034b8415c4d8dac1789225c1e56ef 39b0539d599049958e2658be2619bea5 - - default default] No more DHCP agents
2026-04-09 17:23:58.863 8 WARNING neutron.api.rpc.agentnotifiers.dhcp_rpc_agent_api [None req-d82dd304-a401-447b-80bc-75c50204a114 ed3034b8415c4d8dac1789225c1e56ef 39b0539d599049958e2658be2619bea5 - - default default] Unable to schedule network 2d7ef14b-f6fa-4654-9120-e1af5b84d5de: no agents available; will retry on subsequent port and subnet creation events. [pid: 7|app: 0|req: 1356/2674] 10.0.0.237 () {32 vars in 740 bytes} [Thu Apr 9 17:23:56 2026] DELETE /v2.0/vpn/vpnservices/8a935d58-df5f-442e-9e98-777ac0384bbe => generated 0 bytes in 2719 msecs (HTTP/1.1 204) 2 headers in 112 bytes (1 switches on core 0) /var/lib/openstack/lib/python3.12/site-packages/pycadf/identifier.py:70: UserWarning: Invalid uuid: neutron. To ensure interoperability, identifiers should be a valid uuid. warnings.warn(('Invalid uuid: %s. To ensure interoperability, '
2026-04-09 17:23:58.924 8 INFO neutron.plugins.ml2.drivers.ovn.mech_driver.mech_driver [None req-49d664ab-dd1f-4378-a3cf-51e142f0debe - - - - - -] OVN reports status down for port: bf5e4d10-e971-4b6f-88e8-259490a31a9f [pid: 7|app: 0|req: 1357/2675] 10.0.0.237 () {32 vars in 733 bytes} [Thu Apr 9 17:23:58 2026] GET /v2.0/policies/376f1e98-35a8-4196-ae01-b83401b6460d/tags => generated 34 bytes in 75 msecs (HTTP/1.1 200) 4 headers in 156 bytes (1 switches on core 0)
2026-04-09 17:23:58.989 8 INFO neutron.db.ovn_revision_numbers_db [None req-d82dd304-a401-447b-80bc-75c50204a114 ed3034b8415c4d8dac1789225c1e56ef 39b0539d599049958e2658be2619bea5 - - default default] Successfully bumped revision number for resource bf5e4d10-e971-4b6f-88e8-259490a31a9f (type: ports) to 1 [pid: 8|app: 0|req: 1319/2676] 10.0.0.237 () {34 vars in 670 bytes} [Thu Apr 9 17:23:58 2026] POST /v2.0/networks => generated 651 bytes in 830 msecs (HTTP/1.1 201) 4 headers in 162 bytes (1 switches on core 0) [pid: 8|app: 0|req: 1320/2677] 10.0.0.237 () {32 vars in 663 bytes} [Thu Apr 9 17:23:59 2026] GET /v2.0/vpn/vpnservices => generated 862 bytes in 11 msecs (HTTP/1.1 200) 4 headers in 157 bytes (1 switches on core 0) [pid: 8|app: 0|req: 1321/2678] 10.0.0.237 () {34 vars in 760 bytes} [Thu Apr 9 17:23:59 2026] PUT /v2.0/policies/376f1e98-35a8-4196-ae01-b83401b6460d/tags/red => generated 4 bytes in 60 msecs (HTTP/1.1 201) 4 headers in 160 bytes (1 switches on core 0) [pid: 7|app: 0|req: 1358/2679] 10.0.0.237 () {32 vars in 740 bytes} [Thu Apr 9 17:23:58 2026] DELETE /v2.0/security-groups/68d10a7a-44c5-424d-bc50-49685b942bc1 => generated 0 bytes in 189 msecs (HTTP/1.1 204) 2 headers in 112 bytes (1 switches on core 0)
2026-04-09 17:23:59.221 7 INFO neutron.api.v2.resource [None req-3c630744-0478-43f0-b6a4-65c7418b0720 9aa02128520145a4bf4e5a2bb015007b 068062a6313d4e4d88491c8ab0e29738 - - default default] create failed (client error): The server could not comply with the request since it is either malformed or otherwise incorrect. [pid: 7|app: 0|req: 1359/2680] 10.0.0.237 () {34 vars in 707 bytes} [Thu Apr 9 17:23:59 2026] POST /v2.0/vpn/ipsec-site-connections => generated 127 bytes in 63 msecs (HTTP/1.1 400) 4 headers in 166 bytes (1 switches on core 0) [pid: 7|app: 0|req: 1360/2681] 10.0.0.237 () {32 vars in 733 bytes} [Thu Apr 9 17:23:59 2026] GET /v2.0/policies/376f1e98-35a8-4196-ae01-b83401b6460d/tags => generated 34 bytes in 36 msecs (HTTP/1.1 200) 4 headers in 156 bytes (1 switches on core 0) [pid: 7|app: 0|req: 1361/2682] 10.0.0.237 () {32 vars in 663 bytes} [Thu Apr 9 17:23:59 2026] GET /v2.0/security-groups => generated 2925 bytes in 34 msecs (HTTP/1.1 200) 4 headers in 158 bytes (1 switches on core 0)
2026-04-09 17:23:59.360 7 INFO neutron.api.v2.resource [None req-7d460c25-87a1-49f0-b03b-e24bf761d89e 9aa02128520145a4bf4e5a2bb015007b 068062a6313d4e4d88491c8ab0e29738 - - default default] create failed (client error): The server could not comply with the request since it is either malformed or otherwise incorrect.
2026-04-09 17:23:59.362 8 WARNING neutron.scheduler.dhcp_agent_scheduler [None req-a174d268-1530-4aa3-bc58-8e00fc3162d8 ed3034b8415c4d8dac1789225c1e56ef 39b0539d599049958e2658be2619bea5 - - default default] No more DHCP agents [pid: 7|app: 0|req: 1362/2683] 10.0.0.237 () {34 vars in 707 bytes} [Thu Apr 9 17:23:59 2026] POST /v2.0/vpn/ipsec-site-connections => generated 136 bytes in 68 msecs (HTTP/1.1 400) 4 headers in 166 bytes (1 switches on core 0)
2026-04-09 17:23:59.364 8 WARNING neutron.api.rpc.agentnotifiers.dhcp_rpc_agent_api [None req-a174d268-1530-4aa3-bc58-8e00fc3162d8 ed3034b8415c4d8dac1789225c1e56ef 39b0539d599049958e2658be2619bea5 - - default default] Unable to schedule network 2d7ef14b-f6fa-4654-9120-e1af5b84d5de: no agents available; will retry on subsequent port and subnet creation events. [pid: 7|app: 0|req: 1363/2684] 10.0.0.237 () {34 vars in 782 bytes} [Thu Apr 9 17:23:59 2026] PUT /v2.0/policies/376f1e98-35a8-4196-ae01-b83401b6460d/tags/black.or.white => generated 4 bytes in 65 msecs (HTTP/1.1 201) 4 headers in 160 bytes (1 switches on core 0)
2026-04-09 17:23:59.437 7 INFO neutron.plugins.ml2.drivers.ovn.mech_driver.mech_driver [None req-f910279e-c3a5-4529-87ea-7e2679456345 - - - - - -] OVN reports status down for port: 02b571aa-2685-40a5-89b3-aab093eb5751
2026-04-09 17:23:59.456 7 INFO neutron.api.v2.resource [None req-bec1950a-16a1-40a8-9652-0832b18e2217 e8f3263e33254f249503d8960defd518 946cad82cdb1492c91bb97a4cebf38e9 - - default default] delete failed (client error): The resource could not be found. [pid: 7|app: 0|req: 1364/2685] 10.0.0.237 () {32 vars in 740 bytes} [Thu Apr 9 17:23:59 2026] DELETE /v2.0/security-groups/68d10a7a-44c5-424d-bc50-49685b942bc1 => generated 146 bytes in 28 msecs (HTTP/1.1 404) 4 headers in 164 bytes (1 switches on core 0)
2026-04-09 17:23:59.468 7 WARNING neutron.api.v2.base [None req-3fb4d816-8f46-4809-a842-f6753a3f8e5d 9aa02128520145a4bf4e5a2bb015007b 068062a6313d4e4d88491c8ab0e29738 - - default default] An exception happened while processing the request body. The exception message is [Invalid input for dpd. Reason: '59' is not a dictionary.].: webob.exc.HTTPBadRequest: Invalid input for dpd. Reason: '59' is not a dictionary.
2026-04-09 17:23:59.469 7 INFO neutron.api.v2.resource [None req-3fb4d816-8f46-4809-a842-f6753a3f8e5d 9aa02128520145a4bf4e5a2bb015007b 068062a6313d4e4d88491c8ab0e29738 - - default default] create failed (client error): Invalid input for dpd. Reason: '59' is not a dictionary. [pid: 7|app: 0|req: 1365/2686] 10.0.0.237 () {34 vars in 707 bytes} [Thu Apr 9 17:23:59 2026] POST /v2.0/vpn/ipsec-site-connections => generated 129 bytes in 12 msecs (HTTP/1.1 400) 4 headers in 166 bytes (1 switches on core 0)
2026-04-09 17:23:59.477 8 INFO neutron.db.ovn_revision_numbers_db [None req-a174d268-1530-4aa3-bc58-8e00fc3162d8 ed3034b8415c4d8dac1789225c1e56ef 39b0539d599049958e2658be2619bea5 - - default default] Successfully bumped revision number for resource 02b571aa-2685-40a5-89b3-aab093eb5751 (type: ports) to 1 [pid: 7|app: 0|req: 1366/2687] 10.0.0.237 () {32 vars in 733 bytes} [Thu Apr 9 17:23:59 2026] GET /v2.0/policies/376f1e98-35a8-4196-ae01-b83401b6460d/tags => generated 52 bytes in 61 msecs (HTTP/1.1 200) 4 headers in 156 bytes (1 switches on core 0) [pid: 8|app: 0|req: 1322/2688] 10.0.0.237 () {34 vars in 664 bytes} [Thu Apr 9 17:23:59 2026] POST /v2.0/ports => generated 743 bytes in 422 msecs (HTTP/1.1 201) 4 headers in 162 bytes (1 switches on core 0) /var/lib/openstack/lib/python3.12/site-packages/pycadf/identifier.py:70: UserWarning: Invalid uuid: neutron. To ensure interoperability, identifiers should be a valid uuid. warnings.warn(('Invalid uuid: %s. To ensure interoperability, ' [pid: 8|app: 0|req: 1323/2689] 10.0.0.237 () {34 vars in 693 bytes} [Thu Apr 9 17:23:59 2026] POST /v2.0/vpn/endpoint-groups => generated 293 bytes in 42 msecs (HTTP/1.1 201) 4 headers in 162 bytes (1 switches on core 0) [pid: 8|app: 0|req: 1324/2690] 10.0.0.237 () {34 vars in 753 bytes} [Thu Apr 9 17:23:59 2026] PUT /v2.0/policies/376f1e98-35a8-4196-ae01-b83401b6460d/tags => generated 37 bytes in 53 msecs (HTTP/1.1 200) 4 headers in 156 bytes (1 switches on core 0)
2026-04-09 17:23:59.678 7 INFO neutron.db.ovn_revision_numbers_db [None req-d84f4c1d-e605-415a-8920-70f0df7e9242 e8f3263e33254f249503d8960defd518 946cad82cdb1492c91bb97a4cebf38e9 - - default default] Successfully bumped revision number for resource 16342d0e-d91c-4b15-b065-4a2889fdd4e6 (type: security_groups) to 1
2026-04-09 17:23:59.697 7 INFO neutron.db.ovn_revision_numbers_db [None req-d84f4c1d-e605-415a-8920-70f0df7e9242 e8f3263e33254f249503d8960defd518 946cad82cdb1492c91bb97a4cebf38e9 - - default default] Successfully bumped revision number for resource 1c11c30c-af45-4252-b38f-371203bf4031 (type: security_group_rules) to 0
2026-04-09 17:23:59.721 7 INFO neutron.db.ovn_revision_numbers_db [None req-d84f4c1d-e605-415a-8920-70f0df7e9242 e8f3263e33254f249503d8960defd518 946cad82cdb1492c91bb97a4cebf38e9 - - default default] Successfully bumped revision number for resource 52ab043c-a367-4d42-a180-28bccb0100b2 (type: security_group_rules) to 0 [pid: 7|app: 0|req: 1367/2691] 10.0.0.237 () {34 vars in 684 bytes} [Thu Apr 9 17:23:59 2026] POST /v2.0/security-groups => generated 1626 bytes in 232 msecs (HTTP/1.1 201) 4 headers in 163 bytes (1 switches on core 0)
2026-04-09 17:23:59.814 7 INFO neutron.api.v2.resource [None req-60087031-568a-484f-b1ca-c25839b9f434 9aa02128520145a4bf4e5a2bb015007b 068062a6313d4e4d88491c8ab0e29738 - - default default] create failed (client error): The server could not comply with the request since it is either malformed or otherwise incorrect. [pid: 7|app: 0|req: 1368/2692] 10.0.0.237 () {34 vars in 707 bytes} [Thu Apr 9 17:23:59 2026] POST /v2.0/vpn/ipsec-site-connections => generated 149 bytes in 50 msecs (HTTP/1.1 400) 4 headers in 166 bytes (1 switches on core 0) [pid: 8|app: 0|req: 1325/2693] 10.0.0.237 () {34 vars in 666 bytes} [Thu Apr 9 17:23:59 2026] POST /v2.0/trunks => generated 409 bytes in 198 msecs (HTTP/1.1 201) 4 headers in 162 bytes (1 switches on core 0) [pid: 7|app: 0|req: 1369/2694] 10.0.0.237 () {32 vars in 733 bytes} [Thu Apr 9 17:23:59 2026] GET /v2.0/policies/376f1e98-35a8-4196-ae01-b83401b6460d/tags => generated 37 bytes in 33 msecs (HTTP/1.1 200) 4 headers in 156 bytes (1 switches on core 0) [pid: 7|app: 0|req: 1370/2695] 10.0.0.237 () {32 vars in 671 bytes} [Thu Apr 9 17:23:59 2026] GET /v2.0/vpn/endpoint-groups => generated 907 bytes in 10 msecs (HTTP/1.1 200) 4 headers in 157 bytes (1 switches on core 0)
2026-04-09 17:23:59.945 7 INFO neutron.db.segments_db [None req-c3948196-fa69-4bc0-b4b4-c6685a28c5c7 ed3034b8415c4d8dac1789225c1e56ef 39b0539d599049958e2658be2619bea5 - - default default] Added segment 382fe29e-9ded-4705-acfc-8e18581fe188 of type geneve for network 3b4886da-31e8-4dad-8af7-e46a2ac2d540
2026-04-09 17:24:00.009 8 INFO neutron.db.ovn_revision_numbers_db [None req-f4df66ca-423c-492e-bbe0-670d76a99701 e8f3263e33254f249503d8960defd518 946cad82cdb1492c91bb97a4cebf38e9 - - default default] Successfully bumped revision number for resource 996938dd-c74e-4105-a471-cdbd2ce31ab8 (type: security_group_rules) to 0
2026-04-09 17:24:00.074 7 INFO neutron.db.ovn_revision_numbers_db [None req-c3948196-fa69-4bc0-b4b4-c6685a28c5c7 ed3034b8415c4d8dac1789225c1e56ef 39b0539d599049958e2658be2619bea5 - - default default] Successfully bumped revision number for resource 3b4886da-31e8-4dad-8af7-e46a2ac2d540 (type: networks) to 1 [pid: 8|app: 0|req: 1326/2696] 10.0.0.237 () {34 vars in 695 bytes} [Thu Apr 9 17:23:59 2026] POST /v2.0/security-group-rules => generated 601 bytes in 231 msecs (HTTP/1.1 201) 4 headers in 162 bytes (1 switches on core 0) [pid: 8|app: 0|req: 1327/2697] 10.0.0.237 () {32 vars in 741 bytes} [Thu Apr 9 17:24:00 2026] GET /v2.0/policies/376f1e98-35a8-4196-ae01-b83401b6460d/tags/red => generated 0 bytes in 39 msecs (HTTP/1.1 204) 2 headers in 112 bytes (1 switches on core 0) [pid: 8|app: 0|req: 1328/2698] 10.0.0.237 () {32 vars in 748 bytes} [Thu Apr 9 17:24:00 2026] DELETE /v2.0/vpn/endpoint-groups/4c5693b3-c3a9-4fc5-bcb1-87dc6e9820a5 => generated 0 bytes in 25 msecs (HTTP/1.1 204) 2 headers in 112 bytes (1 switches on core 0) [pid: 8|app: 0|req: 1329/2699] 10.0.0.237 () {32 vars in 747 bytes} [Thu Apr 9 17:24:00 2026] GET /v2.0/security-group-rules/996938dd-c74e-4105-a471-cdbd2ce31ab8 => generated 601 bytes in 17 msecs (HTTP/1.1 200) 4 headers in 157 bytes (1 switches on core 0)
2026-04-09 17:24:00.192 8 INFO neutron.api.v2.resource [None req-6e97e8df-c989-40b1-b43c-ddf9f26993ea 45adab267747402dbda88fb34a1596c5 49a4e333214649f1b7e24e3b9cf2459d - - default default] show failed (client error): The resource could not be found. [pid: 8|app: 0|req: 1330/2700] 10.0.0.237 () {32 vars in 745 bytes} [Thu Apr 9 17:24:00 2026] GET /v2.0/policies/376f1e98-35a8-4196-ae01-b83401b6460d/tags/green => generated 99 bytes in 32 msecs (HTTP/1.1 404) 4 headers in 163 bytes (1 switches on core 0) [pid: 8|app: 0|req: 1331/2701] 10.0.0.237 () {32 vars in 671 bytes} [Thu Apr 9 17:24:00 2026] GET /v2.0/vpn/endpoint-groups => generated 632 bytes in 9 msecs (HTTP/1.1 200) 4 headers in 157 bytes (1 switches on core 0)
2026-04-09 17:24:00.253 7 WARNING neutron.scheduler.dhcp_agent_scheduler [None req-c3948196-fa69-4bc0-b4b4-c6685a28c5c7 ed3034b8415c4d8dac1789225c1e56ef 39b0539d599049958e2658be2619bea5 - - default default] No more DHCP agents
2026-04-09 17:24:00.255 7 WARNING neutron.api.rpc.agentnotifiers.dhcp_rpc_agent_api [None req-c3948196-fa69-4bc0-b4b4-c6685a28c5c7 ed3034b8415c4d8dac1789225c1e56ef 39b0539d599049958e2658be2619bea5 - - default default] Unable to schedule network 3b4886da-31e8-4dad-8af7-e46a2ac2d540: no agents available; will retry on subsequent port and subnet creation events. [pid: 8|app: 0|req: 1332/2702] 10.0.0.237 () {32 vars in 673 bytes} [Thu Apr 9 17:24:00 2026] GET /v2.0/security-group-rules => generated 4138 bytes in 62 msecs (HTTP/1.1 200) 4 headers in 158 bytes (1 switches on core 0) [pid: 8|app: 0|req: 1333/2703] 10.0.0.237 () {32 vars in 744 bytes} [Thu Apr 9 17:24:00 2026] DELETE /v2.0/policies/376f1e98-35a8-4196-ae01-b83401b6460d/tags/red => generated 0 bytes in 68 msecs (HTTP/1.1 204) 2 headers in 112 bytes (1 switches on core 0)
2026-04-09 17:24:00.353 7 INFO neutron.db.ovn_revision_numbers_db [None req-c3948196-fa69-4bc0-b4b4-c6685a28c5c7 ed3034b8415c4d8dac1789225c1e56ef 39b0539d599049958e2658be2619bea5 - - default default] Successfully bumped revision number for resource 6298b7b8-7ccc-41b5-8c68-bd661060675d (type: ports) to 1
2026-04-09 17:24:00.354 8 INFO neutron.plugins.ml2.drivers.ovn.mech_driver.mech_driver [None req-49d664ab-dd1f-4378-a3cf-51e142f0debe - - - - - -] OVN reports status down for port: 6298b7b8-7ccc-41b5-8c68-bd661060675d [pid: 7|app: 0|req: 1371/2704] 10.0.0.237 () {34 vars in 670 bytes} [Thu Apr 9 17:23:59 2026] POST /v2.0/networks => generated 651 bytes in 524 msecs (HTTP/1.1 201) 4 headers in 162 bytes (1 switches on core 0) [pid: 8|app: 0|req: 1334/2705] 10.0.0.237 () {34 vars in 693 bytes} [Thu Apr 9 17:24:00 2026] POST /v2.0/vpn/endpoint-groups => generated 302 bytes in 107 msecs (HTTP/1.1 201) 4 headers in 162 bytes (1 switches on core 0) [pid: 8|app: 0|req: 1335/2706] 10.0.0.237 () {32 vars in 733 bytes} [Thu Apr 9 17:24:00 2026] GET /v2.0/policies/376f1e98-35a8-4196-ae01-b83401b6460d/tags => generated 30 bytes in 58 msecs (HTTP/1.1 200) 4 headers in 156 bytes (1 switches on core 0) [pid: 7|app: 0|req: 1372/2707] 10.0.0.237 () {32 vars in 750 bytes} [Thu Apr 9 17:24:00 2026] DELETE /v2.0/security-group-rules/996938dd-c74e-4105-a471-cdbd2ce31ab8 => generated 0 bytes in 138 msecs (HTTP/1.1 204) 2 headers in 112 bytes (1 switches on core 0)
2026-04-09 17:24:00.908 7 INFO neutron.api.v2.resource [None req-7023f4b1-37a1-4d3a-95d6-2c1a397ecc44 9aa02128520145a4bf4e5a2bb015007b 068062a6313d4e4d88491c8ab0e29738 - - default default] create failed (client error): The server could not comply with the request since it is either malformed or otherwise incorrect. [pid: 7|app: 0|req: 1373/2708] 10.0.0.237 () {34 vars in 707 bytes} [Thu Apr 9 17:24:00 2026] POST /v2.0/vpn/ipsec-site-connections => generated 148 bytes in 387 msecs (HTTP/1.1 400) 4 headers in 166 bytes (1 switches on core 0)
2026-04-09 17:24:00.951 7 INFO neutron.api.v2.resource [None req-61ac7bdf-aa20-492b-95c7-da75a87ae9c5 45adab267747402dbda88fb34a1596c5 49a4e333214649f1b7e24e3b9cf2459d - - default default] delete failed (client error): The resource could not be found. [pid: 7|app: 0|req: 1374/2709] 10.0.0.237 () {32 vars in 748 bytes} [Thu Apr 9 17:24:00 2026] DELETE /v2.0/policies/376f1e98-35a8-4196-ae01-b83401b6460d/tags/green => generated 99 bytes in 42 msecs (HTTP/1.1 404) 4 headers in 163 bytes (1 switches on core 0) [pid: 7|app: 0|req: 1375/2710] 10.0.0.237 () {32 vars in 673 bytes} [Thu Apr 9 17:24:00 2026] GET /v2.0/security-group-rules => generated 3560 bytes in 67 msecs (HTTP/1.1 200) 4 headers in 158 bytes (1 switches on core 0) [pid: 7|app: 0|req: 1376/2711] 10.0.0.237 () {32 vars in 671 bytes} [Thu Apr 9 17:24:01 2026] GET /v2.0/vpn/endpoint-groups => generated 916 bytes in 13 msecs (HTTP/1.1 200) 4 headers in 157 bytes (1 switches on core 0)
2026-04-09 17:24:01.087 8 WARNING neutron.scheduler.dhcp_agent_scheduler [None req-4f736d07-b15b-48f1-8a3a-bdbd9c805b64 ed3034b8415c4d8dac1789225c1e56ef 39b0539d599049958e2658be2619bea5 - - default default] No more DHCP agents [pid: 7|app: 0|req: 1377/2712] 10.0.0.237 () {32 vars in 736 bytes} [Thu Apr 9 17:24:01 2026] DELETE /v2.0/policies/376f1e98-35a8-4196-ae01-b83401b6460d/tags => generated 0 bytes in 55 msecs (HTTP/1.1 204) 2 headers in 112 bytes (1 switches on core 0)
2026-04-09 17:24:01.089 8 WARNING neutron.api.rpc.agentnotifiers.dhcp_rpc_agent_api [None req-4f736d07-b15b-48f1-8a3a-bdbd9c805b64 ed3034b8415c4d8dac1789225c1e56ef 39b0539d599049958e2658be2619bea5 - - default default] Unable to schedule network 3b4886da-31e8-4dad-8af7-e46a2ac2d540: no agents available; will retry on subsequent port and subnet creation events.
2026-04-09 17:24:01.174 8 INFO neutron.plugins.ml2.drivers.ovn.mech_driver.mech_driver [None req-49d664ab-dd1f-4378-a3cf-51e142f0debe - - - - - -] OVN reports status down for port: 927824e3-77e0-480d-981b-ef1ae4c631db
2026-04-09 17:24:01.233 8 INFO neutron.db.ovn_revision_numbers_db [None req-4f736d07-b15b-48f1-8a3a-bdbd9c805b64 ed3034b8415c4d8dac1789225c1e56ef 39b0539d599049958e2658be2619bea5 - - default default] Successfully bumped revision number for resource 927824e3-77e0-480d-981b-ef1ae4c631db (type: ports) to 1
2026-04-09 17:24:01.283 7 INFO neutron.db.ovn_revision_numbers_db [None req-85a2d6a5-fb0d-4dbb-8319-39ff76b31036 e8f3263e33254f249503d8960defd518 946cad82cdb1492c91bb97a4cebf38e9 - - default default] Successfully bumped revision number for resource ef8fd699-1e8b-463d-90d9-787ea44f9587 (type: security_group_rules) to 0 [pid: 8|app: 0|req: 1336/2713] 10.0.0.237 () {34 vars in 664 bytes} [Thu Apr 9 17:24:00 2026] POST /v2.0/ports => generated 743 bytes in 826 msecs (HTTP/1.1 201) 4 headers in 162 bytes (1 switches on core 0) /var/lib/openstack/lib/python3.12/site-packages/pycadf/identifier.py:70: UserWarning: Invalid uuid: neutron. To ensure interoperability, identifiers should be a valid uuid. warnings.warn(('Invalid uuid: %s. To ensure interoperability, ' [pid: 7|app: 0|req: 1378/2714] 10.0.0.237 () {34 vars in 695 bytes} [Thu Apr 9 17:24:01 2026] POST /v2.0/security-group-rules => generated 601 bytes in 244 msecs (HTTP/1.1 201) 4 headers in 162 bytes (1 switches on core 0) [pid: 8|app: 0|req: 1337/2715] 10.0.0.237 () {32 vars in 748 bytes} [Thu Apr 9 17:24:01 2026] DELETE /v2.0/vpn/endpoint-groups/807385e5-16f9-4443-aa75-83d647d7cccc => generated 0 bytes in 23 msecs (HTTP/1.1 204) 2 headers in 112 bytes (1 switches on core 0) [pid: 7|app: 0|req: 1379/2716] 10.0.0.237 () {32 vars in 733 bytes} [Thu Apr 9 17:24:01 2026] GET /v2.0/policies/376f1e98-35a8-4196-ae01-b83401b6460d/tags => generated 12 bytes in 35 msecs (HTTP/1.1 200) 4 headers in 156 bytes (1 switches on core 0) [pid: 7|app: 0|req: 1380/2717] 10.0.0.237 () {32 vars in 747 bytes} [Thu Apr 9 17:24:01 2026] GET /v2.0/security-group-rules/ef8fd699-1e8b-463d-90d9-787ea44f9587 => generated 601 bytes in 14 msecs (HTTP/1.1 200) 4 headers in 157 bytes (1 switches on core 0) [pid: 7|app: 0|req: 1381/2718] 10.0.0.237 () {32 vars in 671 bytes} [Thu Apr 9 17:24:01 2026] GET /v2.0/vpn/endpoint-groups => generated 632 bytes in 13 msecs (HTTP/1.1 200) 4 headers in 157 bytes (1 switches on core 0) [pid: 7|app: 0|req: 1382/2719] 10.0.0.237 () {32 vars in 734 bytes} [Thu Apr 9 17:24:01 2026] DELETE /v2.0/qos/policies/376f1e98-35a8-4196-ae01-b83401b6460d => generated 0 bytes in 54 msecs (HTTP/1.1 204) 2 headers in 112 bytes (1 switches on core 0) [pid: 7|app: 0|req: 1383/2720] 10.0.0.237 () {32 vars in 673 bytes} [Thu Apr 9 17:24:01 2026] GET /v2.0/security-group-rules => generated 4138 bytes in 50 msecs (HTTP/1.1 200) 4 headers in 158 bytes (1 switches on core 0)
2026-04-09 17:24:01.506 7 WARNING neutron.api.v2.base [None req-adcca96e-a391-4de2-a994-71089485feb2 9aa02128520145a4bf4e5a2bb015007b 068062a6313d4e4d88491c8ab0e29738 - - default default] An exception happened while processing the request body. The exception message is [Invalid input for peer_cidrs. Reason: '1.0.0.0/33' is not a valid IP subnet.].: webob.exc.HTTPBadRequest: Invalid input for peer_cidrs. Reason: '1.0.0.0/33' is not a valid IP subnet.
2026-04-09 17:24:01.506 7 INFO neutron.api.v2.resource [None req-adcca96e-a391-4de2-a994-71089485feb2 9aa02128520145a4bf4e5a2bb015007b 068062a6313d4e4d88491c8ab0e29738 - - default default] create failed (client error): Invalid input for peer_cidrs. Reason: '1.0.0.0/33' is not a valid IP subnet. [pid: 7|app: 0|req: 1384/2721] 10.0.0.237 () {34 vars in 707 bytes} [Thu Apr 9 17:24:01 2026] POST /v2.0/vpn/ipsec-site-connections => generated 149 bytes in 5 msecs (HTTP/1.1 400) 4 headers in 166 bytes (1 switches on core 0) [pid: 8|app: 0|req: 1338/2722] 10.0.0.237 () {34 vars in 666 bytes} [Thu Apr 9 17:24:01 2026] POST /v2.0/trunks => generated 409 bytes in 178 msecs (HTTP/1.1 201) 4 headers in 162 bytes (1 switches on core 0)
2026-04-09 17:24:01.620 8 INFO neutron.db.segments_db [None req-e2fa9caa-aae6-44c8-a975-8c6fcb7eb359 9aa02128520145a4bf4e5a2bb015007b 068062a6313d4e4d88491c8ab0e29738 - - default default] Added segment 6336954e-5e56-4118-a65c-798f11b10ce4 of type geneve for network 58df47b0-8464-49f7-9c89-2262b99b9c01 [pid: 7|app: 0|req: 1385/2723] 10.0.0.237 () {32 vars in 750 bytes} [Thu Apr 9 17:24:01 2026] DELETE /v2.0/security-group-rules/ef8fd699-1e8b-463d-90d9-787ea44f9587 => generated 0 bytes in 126 msecs (HTTP/1.1 204) 2 headers in 112 bytes (1 switches on core 0)
2026-04-09 17:24:01.722 7 INFO neutron.db.segments_db [None req-95896cf0-ebe5-4112-bfbe-445fe7816f8a ed3034b8415c4d8dac1789225c1e56ef 39b0539d599049958e2658be2619bea5 - - default default] Added segment 3ed217c4-ffd0-4a02-a9e2-314320c339e9 of type geneve for network c06a80be-f366-41d8-8ee5-6c592e1f3521
2026-04-09 17:24:01.751 8 INFO neutron.db.ovn_revision_numbers_db [None req-e2fa9caa-aae6-44c8-a975-8c6fcb7eb359 9aa02128520145a4bf4e5a2bb015007b 068062a6313d4e4d88491c8ab0e29738 - - default default] Successfully bumped revision number for resource 58df47b0-8464-49f7-9c89-2262b99b9c01 (type: networks) to 1
2026-04-09 17:24:01.852 7 INFO neutron.db.ovn_revision_numbers_db [None req-95896cf0-ebe5-4112-bfbe-445fe7816f8a ed3034b8415c4d8dac1789225c1e56ef 39b0539d599049958e2658be2619bea5 - - default default] Successfully bumped revision number for resource c06a80be-f366-41d8-8ee5-6c592e1f3521 (type: networks) to 1
2026-04-09 17:24:01.945 8 WARNING neutron.scheduler.dhcp_agent_scheduler [None req-e2fa9caa-aae6-44c8-a975-8c6fcb7eb359 9aa02128520145a4bf4e5a2bb015007b 068062a6313d4e4d88491c8ab0e29738 - - default default] No more DHCP agents
2026-04-09 17:24:01.947 8 WARNING neutron.api.rpc.agentnotifiers.dhcp_rpc_agent_api [None req-e2fa9caa-aae6-44c8-a975-8c6fcb7eb359 9aa02128520145a4bf4e5a2bb015007b 068062a6313d4e4d88491c8ab0e29738 - - default default] Unable to schedule network 58df47b0-8464-49f7-9c89-2262b99b9c01: no agents available; will retry on subsequent port and subnet creation events.
2026-04-09 17:24:02.016 8 INFO neutron.plugins.ml2.drivers.ovn.mech_driver.mech_driver [None req-49d664ab-dd1f-4378-a3cf-51e142f0debe - - - - - -] OVN reports status down for port: 0c3c05bc-f030-4129-823f-479c16cfcf26
2026-04-09 17:24:02.063 7 WARNING neutron.scheduler.dhcp_agent_scheduler [None req-95896cf0-ebe5-4112-bfbe-445fe7816f8a ed3034b8415c4d8dac1789225c1e56ef 39b0539d599049958e2658be2619bea5 - - default default] No more DHCP agents
2026-04-09 17:24:02.064 7 WARNING neutron.api.rpc.agentnotifiers.dhcp_rpc_agent_api [None req-95896cf0-ebe5-4112-bfbe-445fe7816f8a ed3034b8415c4d8dac1789225c1e56ef 39b0539d599049958e2658be2619bea5 - - default default] Unable to schedule network c06a80be-f366-41d8-8ee5-6c592e1f3521: no agents available; will retry on subsequent port and subnet creation events.
2026-04-09 17:24:02.078 8 INFO neutron.db.ovn_revision_numbers_db [None req-e2fa9caa-aae6-44c8-a975-8c6fcb7eb359 9aa02128520145a4bf4e5a2bb015007b 068062a6313d4e4d88491c8ab0e29738 - - default default] Successfully bumped revision number for resource 0c3c05bc-f030-4129-823f-479c16cfcf26 (type: ports) to 1
2026-04-09 17:24:02.120 7 INFO neutron.plugins.ml2.drivers.ovn.mech_driver.mech_driver [None req-f910279e-c3a5-4529-87ea-7e2679456345 - - - - - -] OVN reports status down for port: b0b2b43a-9a29-4453-b33e-73f4b6a30633 [pid: 8|app: 0|req: 1339/2724] 10.0.0.237 () {34 vars in 670 bytes} [Thu Apr 9 17:24:01 2026] POST /v2.0/networks => generated 651 bytes in 617 msecs (HTTP/1.1 201) 4 headers in 162 bytes (1 switches on core 0)
2026-04-09 17:24:02.179 7 INFO neutron.db.ovn_revision_numbers_db [None req-95896cf0-ebe5-4112-bfbe-445fe7816f8a ed3034b8415c4d8dac1789225c1e56ef 39b0539d599049958e2658be2619bea5 - - default default] Successfully bumped revision number for resource b0b2b43a-9a29-4453-b33e-73f4b6a30633 (type: ports) to 1 [pid: 8|app: 0|req: 1340/2725] 10.0.0.237 () {32 vars in 673 bytes} [Thu Apr 9 17:24:02 2026] GET /v2.0/security-group-rules => generated 3560 bytes in 61 msecs (HTTP/1.1 200) 4 headers in 158 bytes (1 switches on core 0) [pid: 7|app: 0|req: 1386/2726] 10.0.0.237 () {34 vars in 670 bytes} [Thu Apr 9 17:24:01 2026] POST /v2.0/networks => generated 650 bytes in 587 msecs (HTTP/1.1 201) 4 headers in 162 bytes (1 switches on core 0)
2026-04-09 17:24:02.354 7 INFO neutron.db.ovn_revision_numbers_db [None req-eb520136-82c5-45a9-bd76-164ea8ed5d20 e8f3263e33254f249503d8960defd518 946cad82cdb1492c91bb97a4cebf38e9 - - default default] Successfully bumped revision number for resource 946b7f28-00e9-4209-89ec-c092be8f4c4f (type: security_group_rules) to 0
2026-04-09 17:24:02.378 8 WARNING neutron.scheduler.dhcp_agent_scheduler [None req-e32485c0-aa72-4a99-b00d-fe018da5844a 9aa02128520145a4bf4e5a2bb015007b 068062a6313d4e4d88491c8ab0e29738 - - default default] No more DHCP agents
2026-04-09 17:24:02.379 8 WARNING neutron.api.rpc.agentnotifiers.dhcp_rpc_agent_api [None req-e32485c0-aa72-4a99-b00d-fe018da5844a 9aa02128520145a4bf4e5a2bb015007b 068062a6313d4e4d88491c8ab0e29738 - - default default] Unable to schedule network 58df47b0-8464-49f7-9c89-2262b99b9c01: no agents available; will retry on subsequent port and subnet creation events. [pid: 7|app: 0|req: 1387/2727] 10.0.0.237 () {34 vars in 695 bytes} [Thu Apr 9 17:24:02 2026] POST /v2.0/security-group-rules => generated 602 bytes in 170 msecs (HTTP/1.1 201) 4 headers in 162 bytes (1 switches on core 0)
2026-04-09 17:24:02.636 7 WARNING neutron.scheduler.dhcp_agent_scheduler [None req-8636c8ce-32ba-445e-89fc-e26424d03533 ed3034b8415c4d8dac1789225c1e56ef 39b0539d599049958e2658be2619bea5 - - default default] No more DHCP agents
2026-04-09 17:24:02.638 7 WARNING neutron.api.rpc.agentnotifiers.dhcp_rpc_agent_api [None req-8636c8ce-32ba-445e-89fc-e26424d03533 ed3034b8415c4d8dac1789225c1e56ef 39b0539d599049958e2658be2619bea5 - - default default] Unable to schedule network c06a80be-f366-41d8-8ee5-6c592e1f3521: no agents available; will retry on subsequent port and subnet creation events.
2026-04-09 17:24:02.717 8 INFO neutron.plugins.ml2.drivers.ovn.mech_driver.mech_driver [None req-49d664ab-dd1f-4378-a3cf-51e142f0debe - - - - - -] OVN reports status down for port: 6621362a-894a-4194-aee4-863687fa1cd3
2026-04-09 17:24:02.740 7 INFO neutron.db.ovn_revision_numbers_db [None req-8636c8ce-32ba-445e-89fc-e26424d03533 ed3034b8415c4d8dac1789225c1e56ef 39b0539d599049958e2658be2619bea5 - - default default] Successfully bumped revision number for resource 6621362a-894a-4194-aee4-863687fa1cd3 (type: ports) to 1 [pid: 7|app: 0|req: 1388/2728] 10.0.0.237 () {34 vars in 664 bytes} [Thu Apr 9 17:24:02 2026] POST /v2.0/ports => generated 743 bytes in 409 msecs (HTTP/1.1 201) 4 headers in 162 bytes (1 switches on core 0)
2026-04-09 17:24:02.905 8 INFO neutron.db.ovn_revision_numbers_db [None req-0f702d4c-d779-4dc7-80e4-da05bd92e5d8 - - - - - -] Successfully bumped revision number for resource 0c3c05bc-f030-4129-823f-479c16cfcf26 (type: ports) to 2 /var/lib/openstack/lib/python3.12/site-packages/pycadf/identifier.py:70: UserWarning: Invalid uuid: neutron. To ensure interoperability, identifiers should be a valid uuid. warnings.warn(('Invalid uuid: %s. To ensure interoperability, '
2026-04-09 17:24:02.939 8 INFO neutron.db.ovn_revision_numbers_db [None req-0f702d4c-d779-4dc7-80e4-da05bd92e5d8 - - - - - -] Successfully bumped revision number for resource 0831d3c1-3115-4bdb-a65a-bc75a19f9b16 (type: subnets) to 0 [pid: 8|app: 0|req: 1341/2729] 10.0.0.237 () {34 vars in 669 bytes} [Thu Apr 9 17:24:02 2026] POST /v2.0/subnets => generated 629 bytes in 749 msecs (HTTP/1.1 201) 4 headers in 162 bytes (1 switches on core 0) [pid: 8|app: 0|req: 1342/2730] 10.0.0.237 () {32 vars in 747 bytes} [Thu Apr 9 17:24:02 2026] GET /v2.0/security-group-rules/946b7f28-00e9-4209-89ec-c092be8f4c4f => generated 602 bytes in 17 msecs (HTTP/1.1 200) 4 headers in 157 bytes (1 switches on core 0)
2026-04-09 17:24:03.063 7 INFO neutron.db.ovn_revision_numbers_db [None req-109771c0-8cfe-4716-8a25-dc362e9015ff b021a5a6bbcb431a979a202d896b0aa2 87c19be6ca474e08a0160789ed56cf31 - - default default] Successfully bumped revision number for resource 7bf5df2e-df2d-44aa-be29-b6e6e3666c17 (type: security_groups) to 1
