Apr 20 17:11:07.766700 np0000168363 systemd[1]: Starting devstack@n-api.service - Devstack devstack@n-api.service...
Apr 20 17:11:07.779076 np0000168363 devstack@n-api.service[101149]: [uWSGI] getting INI configuration from /etc/nova/nova-api-uwsgi.ini
Apr 20 17:11:07.779952 np0000168363 devstack@n-api.service[101149]: open("./http_plugin.so"): No such file or directory [core/utils.c line 3709]
Apr 20 17:11:07.779952 np0000168363 devstack@n-api.service[101149]: !!! UNABLE to load uWSGI plugin: ./http_plugin.so: cannot open shared object file: No such file or directory !!!
Apr 20 17:11:07.779952 np0000168363 devstack@n-api.service[101149]: open("./python3_plugin.so"): No such file or directory [core/utils.c line 3709]
Apr 20 17:11:07.779952 np0000168363 devstack@n-api.service[101149]: !!! UNABLE to load uWSGI plugin: ./python3_plugin.so: cannot open shared object file: No such file or directory !!!
Apr 20 17:11:07.779952 np0000168363 devstack@n-api.service[101149]: *** Starting uWSGI 2.0.31 (64bit) on [Mon Apr 20 17:11:07 2026] ***
Apr 20 17:11:07.779952 np0000168363 devstack@n-api.service[101149]: compiled with version: 13.3.0 on 20 April 2026 17:00:19
Apr 20 17:11:07.779952 np0000168363 devstack@n-api.service[101149]: os: Linux-6.8.0-110-generic #110-Ubuntu SMP PREEMPT_DYNAMIC Thu Mar 19 15:09:20 UTC 2026
Apr 20 17:11:07.779952 np0000168363 devstack@n-api.service[101149]: nodename: np0000168363
Apr 20 17:11:07.779952 np0000168363 devstack@n-api.service[101149]: machine: x86_64
Apr 20 17:11:07.779952 np0000168363 devstack@n-api.service[101149]: clock source: unix
Apr 20 17:11:07.779952 np0000168363 devstack@n-api.service[101149]: pcre jit disabled
Apr 20 17:11:07.779952 np0000168363 devstack@n-api.service[101149]: detected number of CPU cores: 16
Apr 20 17:11:07.779952 np0000168363 devstack@n-api.service[101149]: current working directory: /
Apr 20 17:11:07.779952 np0000168363 devstack@n-api.service[101149]: detected binary path: /opt/stack/data/venv/bin/uwsgi
Apr 20 17:11:07.779952 np0000168363 devstack@n-api.service[101149]: your processes number limit is 256917
Apr 20 17:11:07.779952 np0000168363 devstack@n-api.service[101149]: your memory page size is 4096 bytes
Apr 20 17:11:07.779952 np0000168363 devstack@n-api.service[101149]: detected max file descriptor number: 2048
Apr 20 17:11:07.779952 np0000168363 devstack@n-api.service[101149]: lock engine: pthread robust mutexes
Apr 20 17:11:07.779952 np0000168363 devstack@n-api.service[101149]: thunder lock: enabled
Apr 20 17:11:07.779952 np0000168363 devstack@n-api.service[101149]: uwsgi socket 0 bound to UNIX address /var/run/uwsgi/nova-api.socket fd 4
Apr 20 17:11:07.779952 np0000168363 devstack@n-api.service[101149]: Python version: 3.12.3 (main, Mar 3 2026, 12:15:18) [GCC 13.3.0]
Apr 20 17:11:07.779952 np0000168363 devstack@n-api.service[101149]: PEP 405 virtualenv detected: /opt/stack/data/venv
Apr 20 17:11:07.779952 np0000168363 devstack@n-api.service[101149]: Set PythonHome to /opt/stack/data/venv
Apr 20 17:11:07.815121 np0000168363 devstack@n-api.service[101149]: Python main interpreter initialized at 0x7ba794aa3668
Apr 20 17:11:07.815121 np0000168363 devstack@n-api.service[101149]: python threads support enabled
Apr 20 17:11:07.815121 np0000168363 devstack@n-api.service[101149]: your server socket listen backlog is limited to 100 connections
Apr 20 17:11:07.815121 np0000168363 devstack@n-api.service[101149]: your mercy for graceful operations on workers is 80 seconds
Apr 20 17:11:07.815589 np0000168363 devstack@n-api.service[101149]: mapped 671795 bytes (656 KB) for 4 cores
Apr 20 17:11:07.815850 np0000168363 devstack@n-api.service[101149]: *** Operational MODE: preforking ***
Apr 20 17:11:07.816048 np0000168363 devstack@n-api.service[101149]: *** uWSGI is running in multiple interpreter mode ***
Apr 20 17:11:07.816048 np0000168363 devstack@n-api.service[101149]: spawned uWSGI master process (pid: 101149)
Apr 20 17:11:07.816469 np0000168363 systemd[1]: Started devstack@n-api.service - Devstack devstack@n-api.service.
Apr 20 17:11:07.816835 np0000168363 devstack@n-api.service[101149]: spawned uWSGI worker 1 (pid: 101150, cores: 1)
Apr 20 17:11:07.817384 np0000168363 devstack@n-api.service[101149]: spawned uWSGI worker 2 (pid: 101151, cores: 1)
Apr 20 17:11:07.817953 np0000168363 devstack@n-api.service[101149]: spawned uWSGI worker 3 (pid: 101152, cores: 1)
Apr 20 17:11:07.818908 np0000168363 devstack@n-api.service[101149]: spawned uWSGI worker 4 (pid: 101153, cores: 1)
Apr 20 17:11:07.818979 np0000168363 devstack@n-api.service[101149]: running "unix_signal:15 gracefully_kill_them_all" (master-start)...
Apr 20 17:11:08.152514 np0000168363 devstack@n-api.service[101150]: /opt/stack/data/venv/lib/python3.12/site-packages/oslo_concurrency/lockutils.py:41: EventletDeprecationWarning:
Apr 20 17:11:08.152514 np0000168363 devstack@n-api.service[101150]: Eventlet is deprecated. It is currently being maintained in bugfix mode, and
Apr 20 17:11:08.152514 np0000168363 devstack@n-api.service[101150]: we strongly recommend against using it for new projects.
Apr 20 17:11:08.152514 np0000168363 devstack@n-api.service[101150]: If you are already using Eventlet, we recommend migrating to a different
Apr 20 17:11:08.152514 np0000168363 devstack@n-api.service[101150]: framework. For more detail see
Apr 20 17:11:08.152514 np0000168363 devstack@n-api.service[101150]: https://eventlet.readthedocs.io/en/latest/asyncio/migration.html
Apr 20 17:11:08.152514 np0000168363 devstack@n-api.service[101150]: import eventlet
Apr 20 17:11:08.153306 np0000168363 devstack@n-api.service[101151]: /opt/stack/data/venv/lib/python3.12/site-packages/oslo_concurrency/lockutils.py:41: EventletDeprecationWarning:
Apr 20 17:11:08.153306 np0000168363 devstack@n-api.service[101151]: Eventlet is deprecated. It is currently being maintained in bugfix mode, and
Apr 20 17:11:08.153306 np0000168363 devstack@n-api.service[101151]: we strongly recommend against using it for new projects.
Apr 20 17:11:08.153306 np0000168363 devstack@n-api.service[101151]: If you are already using Eventlet, we recommend migrating to a different
Apr 20 17:11:08.153306 np0000168363 devstack@n-api.service[101151]: framework. For more detail see
Apr 20 17:11:08.153306 np0000168363 devstack@n-api.service[101151]: https://eventlet.readthedocs.io/en/latest/asyncio/migration.html
Apr 20 17:11:08.153306 np0000168363 devstack@n-api.service[101151]: import eventlet
Apr 20 17:11:08.177305 np0000168363 devstack@n-api.service[101152]: /opt/stack/data/venv/lib/python3.12/site-packages/oslo_concurrency/lockutils.py:41: EventletDeprecationWarning:
Apr 20 17:11:08.177305 np0000168363 devstack@n-api.service[101152]: Eventlet is deprecated. It is currently being maintained in bugfix mode, and
Apr 20 17:11:08.177305 np0000168363 devstack@n-api.service[101152]: we strongly recommend against using it for new projects.
Apr 20 17:11:08.177305 np0000168363 devstack@n-api.service[101152]: If you are already using Eventlet, we recommend migrating to a different
Apr 20 17:11:08.177305 np0000168363 devstack@n-api.service[101152]: framework. For more detail see
Apr 20 17:11:08.177305 np0000168363 devstack@n-api.service[101152]: https://eventlet.readthedocs.io/en/latest/asyncio/migration.html
Apr 20 17:11:08.177305 np0000168363 devstack@n-api.service[101152]: import eventlet
Apr 20 17:11:08.177981 np0000168363 devstack@n-api.service[101153]: /opt/stack/data/venv/lib/python3.12/site-packages/oslo_concurrency/lockutils.py:41: EventletDeprecationWarning:
Apr 20 17:11:08.177981 np0000168363 devstack@n-api.service[101153]: Eventlet is deprecated. It is currently being maintained in bugfix mode, and
Apr 20 17:11:08.177981 np0000168363 devstack@n-api.service[101153]: we strongly recommend against using it for new projects.
Apr 20 17:11:08.177981 np0000168363 devstack@n-api.service[101153]: If you are already using Eventlet, we recommend migrating to a different
Apr 20 17:11:08.177981 np0000168363 devstack@n-api.service[101153]: framework. For more detail see
Apr 20 17:11:08.177981 np0000168363 devstack@n-api.service[101153]: https://eventlet.readthedocs.io/en/latest/asyncio/migration.html
Apr 20 17:11:08.177981 np0000168363 devstack@n-api.service[101153]: import eventlet
Apr 20 17:11:08.202208 np0000168363 devstack@n-api.service[101151]: Service is starting with native threading. This is currently experimental. Do not use it in production without first testing it in pre-production.
Apr 20 17:11:08.202999 np0000168363 devstack@n-api.service[101150]: Service is starting with native threading. This is currently experimental. Do not use it in production without first testing it in pre-production.
Apr 20 17:11:08.225692 np0000168363 devstack@n-api.service[101153]: Service is starting with native threading. This is currently experimental. Do not use it in production without first testing it in pre-production.
Apr 20 17:11:08.235689 np0000168363 devstack@n-api.service[101152]: Service is starting with native threading. This is currently experimental. Do not use it in production without first testing it in pre-production.
Apr 20 17:11:10.513528 np0000168363 devstack@n-api.service[101153]: INFO dbcounter [None req-5558d7ab-98cd-40c7-b9e2-500f8355f0c4 None None] Registered counter for database nova_api
Apr 20 17:11:10.529957 np0000168363 devstack@n-api.service[101153]: DEBUG oslo_db.sqlalchemy.engines [None req-5558d7ab-98cd-40c7-b9e2-500f8355f0c4 None None] MySQL server mode set to STRICT_TRANS_TABLES,STRICT_ALL_TABLES,NO_ZERO_IN_DATE,NO_ZERO_DATE,ERROR_FOR_DIVISION_BY_ZERO,TRADITIONAL,NO_ENGINE_SUBSTITUTION {{(pid=101153) _check_effective_sql_mode /opt/stack/data/venv/lib/python3.12/site-packages/oslo_db/sqlalchemy/engines.py:325}}
Apr 20 17:11:10.575662 np0000168363 devstack@n-api.service[101151]: INFO dbcounter [None req-b703f5ae-25de-47ec-ad15-ef19d79ea278 None None] Registered counter for database nova_api
Apr 20 17:11:10.578002 np0000168363 devstack@n-api.service[101153]: DEBUG dbcounter [-] [101153] Writer thread running {{(pid=101153) stat_writer /opt/stack/data/venv/lib/python3.12/site-packages/dbcounter.py:102}}
Apr 20 17:11:10.582230 np0000168363 devstack@n-api.service[101153]: DEBUG nova.context [None req-5558d7ab-98cd-40c7-b9e2-500f8355f0c4 None None] Found 2 cells: 00000000-0000-0000-0000-000000000000(cell0),438acb3e-0d9a-4dc4-beda-782c193b5c2a(cell1) {{(pid=101153) load_cells /opt/stack/nova/nova/context.py:509}}
Apr 20 17:11:10.582576 np0000168363 devstack@n-api.service[101153]: INFO nova.utils [None req-5558d7ab-98cd-40c7-b9e2-500f8355f0c4 None None] The cell worker thread pool MainProcess.cell_worker is initialized
Apr 20 17:11:10.585461 np0000168363 devstack@n-api.service[101153]: DEBUG oslo_concurrency.lockutils [None req-5558d7ab-98cd-40c7-b9e2-500f8355f0c4 None None] Acquiring lock "00000000-0000-0000-0000-000000000000" by "nova.context.set_target_cell..get_or_set_cached_cell_and_set_connections" {{(pid=101153) inner /opt/stack/data/venv/lib/python3.12/site-packages/oslo_concurrency/lockutils.py:506}}
Apr 20 17:11:10.585759 np0000168363 devstack@n-api.service[101153]: DEBUG oslo_concurrency.lockutils [None req-5558d7ab-98cd-40c7-b9e2-500f8355f0c4 None None] Lock "00000000-0000-0000-0000-000000000000" acquired by "nova.context.set_target_cell..get_or_set_cached_cell_and_set_connections" :: waited 0.000s {{(pid=101153) inner /opt/stack/data/venv/lib/python3.12/site-packages/oslo_concurrency/lockutils.py:519}}
Apr 20 17:11:10.586267 np0000168363 devstack@n-api.service[101153]: DEBUG oslo_concurrency.lockutils [None req-5558d7ab-98cd-40c7-b9e2-500f8355f0c4 None None] Lock "00000000-0000-0000-0000-000000000000" "released" by "nova.context.set_target_cell..get_or_set_cached_cell_and_set_connections" :: held 0.001s {{(pid=101153) inner /opt/stack/data/venv/lib/python3.12/site-packages/oslo_concurrency/lockutils.py:538}}
Apr 20 17:11:10.587409 np0000168363 devstack@n-api.service[101153]: DEBUG oslo_concurrency.lockutils [None req-5558d7ab-98cd-40c7-b9e2-500f8355f0c4 None None] Acquiring lock "438acb3e-0d9a-4dc4-beda-782c193b5c2a" by "nova.context.set_target_cell..get_or_set_cached_cell_and_set_connections" {{(pid=101153) inner /opt/stack/data/venv/lib/python3.12/site-packages/oslo_concurrency/lockutils.py:506}}
Apr 20 17:11:10.587652 np0000168363 devstack@n-api.service[101153]: DEBUG oslo_concurrency.lockutils [None req-5558d7ab-98cd-40c7-b9e2-500f8355f0c4 None None] Lock "438acb3e-0d9a-4dc4-beda-782c193b5c2a" acquired by "nova.context.set_target_cell..get_or_set_cached_cell_and_set_connections" :: waited 0.000s {{(pid=101153) inner /opt/stack/data/venv/lib/python3.12/site-packages/oslo_concurrency/lockutils.py:519}}
Apr 20 17:11:10.588978 np0000168363 devstack@n-api.service[101153]: DEBUG oslo_concurrency.lockutils [None req-5558d7ab-98cd-40c7-b9e2-500f8355f0c4 None None] Lock "438acb3e-0d9a-4dc4-beda-782c193b5c2a" "released" by "nova.context.set_target_cell..get_or_set_cached_cell_and_set_connections" :: held 0.001s {{(pid=101153) inner /opt/stack/data/venv/lib/python3.12/site-packages/oslo_concurrency/lockutils.py:538}}
Apr 20 17:11:10.592192 np0000168363 devstack@n-api.service[101153]: INFO dbcounter [None req-5558d7ab-98cd-40c7-b9e2-500f8355f0c4 None None] Registered counter for database nova_cell0
Apr 20 17:11:10.593560 np0000168363 devstack@n-api.service[101151]: DEBUG oslo_db.sqlalchemy.engines [None req-b703f5ae-25de-47ec-ad15-ef19d79ea278 None None] MySQL server mode set to STRICT_TRANS_TABLES,STRICT_ALL_TABLES,NO_ZERO_IN_DATE,NO_ZERO_DATE,ERROR_FOR_DIVISION_BY_ZERO,TRADITIONAL,NO_ENGINE_SUBSTITUTION {{(pid=101151) _check_effective_sql_mode /opt/stack/data/venv/lib/python3.12/site-packages/oslo_db/sqlalchemy/engines.py:325}}
Apr 20 17:11:10.600749 np0000168363 devstack@n-api.service[101153]: INFO dbcounter [None req-5558d7ab-98cd-40c7-b9e2-500f8355f0c4 None None] Registered counter for database nova_cell1
Apr 20 17:11:10.609559 np0000168363 devstack@n-api.service[101153]: DEBUG oslo_db.sqlalchemy.engines [None req-5558d7ab-98cd-40c7-b9e2-500f8355f0c4 None None] MySQL server mode set to STRICT_TRANS_TABLES,STRICT_ALL_TABLES,NO_ZERO_IN_DATE,NO_ZERO_DATE,ERROR_FOR_DIVISION_BY_ZERO,TRADITIONAL,NO_ENGINE_SUBSTITUTION {{(pid=101153) _check_effective_sql_mode /opt/stack/data/venv/lib/python3.12/site-packages/oslo_db/sqlalchemy/engines.py:325}}
Apr 20 17:11:10.613082 np0000168363 devstack@n-api.service[101150]: INFO dbcounter [None req-6d809710-2ed0-47f2-85c6-7ffb265596c7 None None] Registered counter for database nova_api
Apr 20 17:11:10.617087 np0000168363 devstack@n-api.service[101152]: INFO dbcounter [None req-2b086a0e-d01c-4964-967d-720b94a94edd None None] Registered counter for database nova_api
Apr 20 17:11:10.621091 np0000168363 devstack@n-api.service[101153]: DEBUG oslo_db.sqlalchemy.engines [None req-5558d7ab-98cd-40c7-b9e2-500f8355f0c4 None None] MySQL server mode set to STRICT_TRANS_TABLES,STRICT_ALL_TABLES,NO_ZERO_IN_DATE,NO_ZERO_DATE,ERROR_FOR_DIVISION_BY_ZERO,TRADITIONAL,NO_ENGINE_SUBSTITUTION {{(pid=101153) _check_effective_sql_mode /opt/stack/data/venv/lib/python3.12/site-packages/oslo_db/sqlalchemy/engines.py:325}}
Apr 20 17:11:10.631080 np0000168363 devstack@n-api.service[101151]: DEBUG dbcounter [-] [101151] Writer thread running {{(pid=101151) stat_writer /opt/stack/data/venv/lib/python3.12/site-packages/dbcounter.py:102}}
Apr 20 17:11:10.633176 np0000168363 devstack@n-api.service[101150]: DEBUG oslo_db.sqlalchemy.engines [None req-6d809710-2ed0-47f2-85c6-7ffb265596c7 None None] MySQL server mode set to STRICT_TRANS_TABLES,STRICT_ALL_TABLES,NO_ZERO_IN_DATE,NO_ZERO_DATE,ERROR_FOR_DIVISION_BY_ZERO,TRADITIONAL,NO_ENGINE_SUBSTITUTION {{(pid=101150) _check_effective_sql_mode /opt/stack/data/venv/lib/python3.12/site-packages/oslo_db/sqlalchemy/engines.py:325}}
Apr 20 17:11:10.634062 np0000168363 devstack@n-api.service[101151]: DEBUG nova.context [None req-b703f5ae-25de-47ec-ad15-ef19d79ea278 None None] Found 2 cells: 00000000-0000-0000-0000-000000000000(cell0),438acb3e-0d9a-4dc4-beda-782c193b5c2a(cell1) {{(pid=101151) load_cells /opt/stack/nova/nova/context.py:509}}
Apr 20 17:11:10.634312 np0000168363 devstack@n-api.service[101151]: INFO nova.utils [None req-b703f5ae-25de-47ec-ad15-ef19d79ea278 None None] The cell worker thread pool MainProcess.cell_worker is initialized
Apr 20 17:11:10.636590 np0000168363 devstack@n-api.service[101151]: DEBUG oslo_concurrency.lockutils [None req-b703f5ae-25de-47ec-ad15-ef19d79ea278 None None] Acquiring lock "00000000-0000-0000-0000-000000000000" by "nova.context.set_target_cell..get_or_set_cached_cell_and_set_connections" {{(pid=101151) inner /opt/stack/data/venv/lib/python3.12/site-packages/oslo_concurrency/lockutils.py:506}}
Apr 20 17:11:10.636839 np0000168363 devstack@n-api.service[101151]: DEBUG oslo_concurrency.lockutils [None req-b703f5ae-25de-47ec-ad15-ef19d79ea278 None None] Lock "00000000-0000-0000-0000-000000000000" acquired by "nova.context.set_target_cell..get_or_set_cached_cell_and_set_connections" :: waited 0.000s {{(pid=101151) inner /opt/stack/data/venv/lib/python3.12/site-packages/oslo_concurrency/lockutils.py:519}}
Apr 20 17:11:10.637352 np0000168363 devstack@n-api.service[101151]: DEBUG oslo_concurrency.lockutils [None req-b703f5ae-25de-47ec-ad15-ef19d79ea278 None None] Lock "00000000-0000-0000-0000-000000000000" "released" by "nova.context.set_target_cell..get_or_set_cached_cell_and_set_connections" :: held 0.001s {{(pid=101151) inner /opt/stack/data/venv/lib/python3.12/site-packages/oslo_concurrency/lockutils.py:538}}
Apr 20 17:11:10.638540 np0000168363 devstack@n-api.service[101151]: DEBUG oslo_concurrency.lockutils [None req-b703f5ae-25de-47ec-ad15-ef19d79ea278 None None] Acquiring lock "438acb3e-0d9a-4dc4-beda-782c193b5c2a" by "nova.context.set_target_cell..get_or_set_cached_cell_and_set_connections" {{(pid=101151) inner /opt/stack/data/venv/lib/python3.12/site-packages/oslo_concurrency/lockutils.py:506}}
Apr 20 17:11:10.638723 np0000168363 devstack@n-api.service[101151]: DEBUG oslo_concurrency.lockutils [None req-b703f5ae-25de-47ec-ad15-ef19d79ea278 None None] Lock "438acb3e-0d9a-4dc4-beda-782c193b5c2a" acquired by "nova.context.set_target_cell..get_or_set_cached_cell_and_set_connections" :: waited 0.000s {{(pid=101151) inner /opt/stack/data/venv/lib/python3.12/site-packages/oslo_concurrency/lockutils.py:519}}
Apr 20 17:11:10.640008 np0000168363 devstack@n-api.service[101151]: DEBUG oslo_concurrency.lockutils [None req-b703f5ae-25de-47ec-ad15-ef19d79ea278 None None] Lock "438acb3e-0d9a-4dc4-beda-782c193b5c2a" "released" by "nova.context.set_target_cell..get_or_set_cached_cell_and_set_connections" :: held 0.001s {{(pid=101151) inner /opt/stack/data/venv/lib/python3.12/site-packages/oslo_concurrency/lockutils.py:538}}
Apr 20 17:11:10.640846 np0000168363 devstack@n-api.service[101152]: DEBUG oslo_db.sqlalchemy.engines [None req-2b086a0e-d01c-4964-967d-720b94a94edd None None] MySQL server mode set to STRICT_TRANS_TABLES,STRICT_ALL_TABLES,NO_ZERO_IN_DATE,NO_ZERO_DATE,ERROR_FOR_DIVISION_BY_ZERO,TRADITIONAL,NO_ENGINE_SUBSTITUTION {{(pid=101152) _check_effective_sql_mode /opt/stack/data/venv/lib/python3.12/site-packages/oslo_db/sqlalchemy/engines.py:325}}
Apr 20 17:11:10.643881 np0000168363 devstack@n-api.service[101151]: INFO dbcounter [None req-b703f5ae-25de-47ec-ad15-ef19d79ea278 None None] Registered counter for database nova_cell0
Apr 20 17:11:10.650116 np0000168363 devstack@n-api.service[101151]: INFO dbcounter [None req-b703f5ae-25de-47ec-ad15-ef19d79ea278 None None] Registered counter for database nova_cell1
Apr 20 17:11:10.661271 np0000168363 devstack@n-api.service[101151]: DEBUG oslo_db.sqlalchemy.engines [None req-b703f5ae-25de-47ec-ad15-ef19d79ea278 None None] MySQL server mode set to STRICT_TRANS_TABLES,STRICT_ALL_TABLES,NO_ZERO_IN_DATE,NO_ZERO_DATE,ERROR_FOR_DIVISION_BY_ZERO,TRADITIONAL,NO_ENGINE_SUBSTITUTION {{(pid=101151) _check_effective_sql_mode /opt/stack/data/venv/lib/python3.12/site-packages/oslo_db/sqlalchemy/engines.py:325}}
Apr 20 17:11:10.665232 np0000168363 devstack@n-api.service[101151]: DEBUG oslo_db.sqlalchemy.engines [None req-b703f5ae-25de-47ec-ad15-ef19d79ea278 None None] MySQL server mode set to STRICT_TRANS_TABLES,STRICT_ALL_TABLES,NO_ZERO_IN_DATE,NO_ZERO_DATE,ERROR_FOR_DIVISION_BY_ZERO,TRADITIONAL,NO_ENGINE_SUBSTITUTION {{(pid=101151) _check_effective_sql_mode /opt/stack/data/venv/lib/python3.12/site-packages/oslo_db/sqlalchemy/engines.py:325}}
Apr 20 17:11:10.671054 np0000168363 devstack@n-api.service[101150]: DEBUG dbcounter [-] [101150] Writer thread running {{(pid=101150) stat_writer /opt/stack/data/venv/lib/python3.12/site-packages/dbcounter.py:102}}
Apr 20 17:11:10.674107 np0000168363 devstack@n-api.service[101150]: DEBUG nova.context [None req-6d809710-2ed0-47f2-85c6-7ffb265596c7 None None] Found 2 cells: 00000000-0000-0000-0000-000000000000(cell0),438acb3e-0d9a-4dc4-beda-782c193b5c2a(cell1) {{(pid=101150) load_cells /opt/stack/nova/nova/context.py:509}}
Apr 20 17:11:10.674352 np0000168363 devstack@n-api.service[101150]: INFO nova.utils [None req-6d809710-2ed0-47f2-85c6-7ffb265596c7 None None] The cell worker thread pool MainProcess.cell_worker is initialized
Apr 20 17:11:10.676800 np0000168363 devstack@n-api.service[101150]: DEBUG oslo_concurrency.lockutils [None req-6d809710-2ed0-47f2-85c6-7ffb265596c7 None None] Acquiring lock "00000000-0000-0000-0000-000000000000" by "nova.context.set_target_cell..get_or_set_cached_cell_and_set_connections" {{(pid=101150) inner /opt/stack/data/venv/lib/python3.12/site-packages/oslo_concurrency/lockutils.py:506}}
Apr 20 17:11:10.676984 np0000168363 devstack@n-api.service[101150]: DEBUG oslo_concurrency.lockutils [None req-6d809710-2ed0-47f2-85c6-7ffb265596c7 None None] Lock "00000000-0000-0000-0000-000000000000" acquired by "nova.context.set_target_cell..get_or_set_cached_cell_and_set_connections" :: waited 0.000s {{(pid=101150) inner /opt/stack/data/venv/lib/python3.12/site-packages/oslo_concurrency/lockutils.py:519}}
Apr 20 17:11:10.677427 np0000168363 devstack@n-api.service[101150]: DEBUG oslo_concurrency.lockutils [None req-6d809710-2ed0-47f2-85c6-7ffb265596c7 None None] Lock "00000000-0000-0000-0000-000000000000" "released" by "nova.context.set_target_cell..get_or_set_cached_cell_and_set_connections" :: held 0.000s {{(pid=101150) inner /opt/stack/data/venv/lib/python3.12/site-packages/oslo_concurrency/lockutils.py:538}}
Apr 20 17:11:10.678324 np0000168363 devstack@n-api.service[101150]: DEBUG oslo_concurrency.lockutils [None req-6d809710-2ed0-47f2-85c6-7ffb265596c7 None None] Acquiring lock "438acb3e-0d9a-4dc4-beda-782c193b5c2a" by "nova.context.set_target_cell..get_or_set_cached_cell_and_set_connections" {{(pid=101150) inner /opt/stack/data/venv/lib/python3.12/site-packages/oslo_concurrency/lockutils.py:506}}
Apr 20 17:11:10.678495 np0000168363 devstack@n-api.service[101150]: DEBUG oslo_concurrency.lockutils [None req-6d809710-2ed0-47f2-85c6-7ffb265596c7 None None] Lock "438acb3e-0d9a-4dc4-beda-782c193b5c2a" acquired by "nova.context.set_target_cell..get_or_set_cached_cell_and_set_connections" :: waited 0.000s {{(pid=101150) inner /opt/stack/data/venv/lib/python3.12/site-packages/oslo_concurrency/lockutils.py:519}}
Apr 20 17:11:10.679719 np0000168363 devstack@n-api.service[101150]: DEBUG oslo_concurrency.lockutils [None req-6d809710-2ed0-47f2-85c6-7ffb265596c7 None None] Lock "438acb3e-0d9a-4dc4-beda-782c193b5c2a" "released" by "nova.context.set_target_cell..get_or_set_cached_cell_and_set_connections" :: held 0.001s {{(pid=101150) inner /opt/stack/data/venv/lib/python3.12/site-packages/oslo_concurrency/lockutils.py:538}}
Apr 20 17:11:10.680231 np0000168363 devstack@n-api.service[101152]: DEBUG dbcounter [-] [101152] Writer thread running {{(pid=101152) stat_writer /opt/stack/data/venv/lib/python3.12/site-packages/dbcounter.py:102}}
Apr 20 17:11:10.682301 np0000168363 devstack@n-api.service[101150]: INFO dbcounter [None req-6d809710-2ed0-47f2-85c6-7ffb265596c7 None None] Registered counter for database nova_cell0
Apr 20 17:11:10.683863 np0000168363 devstack@n-api.service[101152]: DEBUG nova.context [None req-2b086a0e-d01c-4964-967d-720b94a94edd None None] Found 2 cells: 00000000-0000-0000-0000-000000000000(cell0),438acb3e-0d9a-4dc4-beda-782c193b5c2a(cell1) {{(pid=101152) load_cells /opt/stack/nova/nova/context.py:509}}
Apr 20 17:11:10.684202 np0000168363 devstack@n-api.service[101152]: INFO nova.utils [None req-2b086a0e-d01c-4964-967d-720b94a94edd None None] The cell worker thread pool MainProcess.cell_worker is initialized
Apr 20 17:11:10.687136 np0000168363 devstack@n-api.service[101152]: DEBUG oslo_concurrency.lockutils [None req-2b086a0e-d01c-4964-967d-720b94a94edd None None] Acquiring lock "00000000-0000-0000-0000-000000000000" by "nova.context.set_target_cell..get_or_set_cached_cell_and_set_connections" {{(pid=101152) inner /opt/stack/data/venv/lib/python3.12/site-packages/oslo_concurrency/lockutils.py:506}}
Apr 20 17:11:10.687403 np0000168363 devstack@n-api.service[101152]: DEBUG oslo_concurrency.lockutils [None req-2b086a0e-d01c-4964-967d-720b94a94edd None None] Lock "00000000-0000-0000-0000-000000000000" acquired by "nova.context.set_target_cell..get_or_set_cached_cell_and_set_connections" :: waited 0.000s {{(pid=101152) inner /opt/stack/data/venv/lib/python3.12/site-packages/oslo_concurrency/lockutils.py:519}}
Apr 20 17:11:10.687847 np0000168363 devstack@n-api.service[101152]: DEBUG oslo_concurrency.lockutils [None req-2b086a0e-d01c-4964-967d-720b94a94edd None None] Lock "00000000-0000-0000-0000-000000000000" "released" by "nova.context.set_target_cell..get_or_set_cached_cell_and_set_connections" :: held 0.000s {{(pid=101152) inner /opt/stack/data/venv/lib/python3.12/site-packages/oslo_concurrency/lockutils.py:538}}
Apr 20 17:11:10.688801 np0000168363 devstack@n-api.service[101152]: DEBUG oslo_concurrency.lockutils [None req-2b086a0e-d01c-4964-967d-720b94a94edd None None] Acquiring lock "438acb3e-0d9a-4dc4-beda-782c193b5c2a" by "nova.context.set_target_cell..get_or_set_cached_cell_and_set_connections" {{(pid=101152) inner /opt/stack/data/venv/lib/python3.12/site-packages/oslo_concurrency/lockutils.py:506}}
Apr 20 17:11:10.688972 np0000168363 devstack@n-api.service[101152]: DEBUG oslo_concurrency.lockutils [None req-2b086a0e-d01c-4964-967d-720b94a94edd None None] Lock "438acb3e-0d9a-4dc4-beda-782c193b5c2a" acquired by "nova.context.set_target_cell..get_or_set_cached_cell_and_set_connections" :: waited 0.000s {{(pid=101152) inner /opt/stack/data/venv/lib/python3.12/site-packages/oslo_concurrency/lockutils.py:519}}
Apr 20 17:11:10.690104 np0000168363 devstack@n-api.service[101152]: DEBUG oslo_concurrency.lockutils [None req-2b086a0e-d01c-4964-967d-720b94a94edd None None] Lock "438acb3e-0d9a-4dc4-beda-782c193b5c2a" "released" by "nova.context.set_target_cell..get_or_set_cached_cell_and_set_connections" :: held 0.001s {{(pid=101152) inner /opt/stack/data/venv/lib/python3.12/site-packages/oslo_concurrency/lockutils.py:538}}
Apr 20 17:11:10.691953 np0000168363 devstack@n-api.service[101150]: INFO dbcounter [None req-6d809710-2ed0-47f2-85c6-7ffb265596c7 None None] Registered counter for database nova_cell1
Apr 20 17:11:10.693903 np0000168363 devstack@n-api.service[101152]: INFO dbcounter [None req-2b086a0e-d01c-4964-967d-720b94a94edd None None] Registered counter for database nova_cell0
Apr 20 17:11:10.702569 np0000168363 devstack@n-api.service[101150]: DEBUG oslo_db.sqlalchemy.engines [None req-6d809710-2ed0-47f2-85c6-7ffb265596c7 None None] MySQL server mode set to STRICT_TRANS_TABLES,STRICT_ALL_TABLES,NO_ZERO_IN_DATE,NO_ZERO_DATE,ERROR_FOR_DIVISION_BY_ZERO,TRADITIONAL,NO_ENGINE_SUBSTITUTION {{(pid=101150) _check_effective_sql_mode /opt/stack/data/venv/lib/python3.12/site-packages/oslo_db/sqlalchemy/engines.py:325}}
Apr 20 17:11:10.704065 np0000168363 devstack@n-api.service[101152]: INFO dbcounter [None req-2b086a0e-d01c-4964-967d-720b94a94edd None None] Registered counter for database nova_cell1
Apr 20 17:11:10.709570 np0000168363 devstack@n-api.service[101150]: DEBUG oslo_db.sqlalchemy.engines [None req-6d809710-2ed0-47f2-85c6-7ffb265596c7 None None] MySQL server mode set to STRICT_TRANS_TABLES,STRICT_ALL_TABLES,NO_ZERO_IN_DATE,NO_ZERO_DATE,ERROR_FOR_DIVISION_BY_ZERO,TRADITIONAL,NO_ENGINE_SUBSTITUTION {{(pid=101150) _check_effective_sql_mode /opt/stack/data/venv/lib/python3.12/site-packages/oslo_db/sqlalchemy/engines.py:325}}
Apr 20 17:11:10.714702 np0000168363 devstack@n-api.service[101152]: DEBUG oslo_db.sqlalchemy.engines [None req-2b086a0e-d01c-4964-967d-720b94a94edd None None] MySQL server mode set to STRICT_TRANS_TABLES,STRICT_ALL_TABLES,NO_ZERO_IN_DATE,NO_ZERO_DATE,ERROR_FOR_DIVISION_BY_ZERO,TRADITIONAL,NO_ENGINE_SUBSTITUTION {{(pid=101152) _check_effective_sql_mode /opt/stack/data/venv/lib/python3.12/site-packages/oslo_db/sqlalchemy/engines.py:325}}
Apr 20 17:11:10.715678 np0000168363 devstack@n-api.service[101153]: DEBUG dbcounter [-] [101153] Writer thread running {{(pid=101153) stat_writer /opt/stack/data/venv/lib/python3.12/site-packages/dbcounter.py:102}}
Apr 20 17:11:10.716665 np0000168363 devstack@n-api.service[101153]: DEBUG dbcounter [-] [101153] Writer thread running {{(pid=101153) stat_writer /opt/stack/data/venv/lib/python3.12/site-packages/dbcounter.py:102}}
Apr 20 17:11:10.722585 np0000168363 devstack@n-api.service[101152]: DEBUG oslo_db.sqlalchemy.engines [None req-2b086a0e-d01c-4964-967d-720b94a94edd None None] MySQL server mode set to STRICT_TRANS_TABLES,STRICT_ALL_TABLES,NO_ZERO_IN_DATE,NO_ZERO_DATE,ERROR_FOR_DIVISION_BY_ZERO,TRADITIONAL,NO_ENGINE_SUBSTITUTION {{(pid=101152) _check_effective_sql_mode /opt/stack/data/venv/lib/python3.12/site-packages/oslo_db/sqlalchemy/engines.py:325}}
Apr 20 17:11:10.724195 np0000168363 devstack@n-api.service[101153]: INFO dbcounter [None req-5558d7ab-98cd-40c7-b9e2-500f8355f0c4 None None] Registered counter for database nova_cell0
Apr 20 17:11:10.735558 np0000168363 devstack@n-api.service[101153]: DEBUG oslo_db.sqlalchemy.engines [None req-5558d7ab-98cd-40c7-b9e2-500f8355f0c4 None None] MySQL server mode set to STRICT_TRANS_TABLES,STRICT_ALL_TABLES,NO_ZERO_IN_DATE,NO_ZERO_DATE,ERROR_FOR_DIVISION_BY_ZERO,TRADITIONAL,NO_ENGINE_SUBSTITUTION {{(pid=101153) _check_effective_sql_mode /opt/stack/data/venv/lib/python3.12/site-packages/oslo_db/sqlalchemy/engines.py:325}}
Apr 20 17:11:10.744591 np0000168363 devstack@n-api.service[101153]: DEBUG dbcounter [-] [101153] Writer thread running {{(pid=101153) stat_writer /opt/stack/data/venv/lib/python3.12/site-packages/dbcounter.py:102}}
Apr 20 17:11:10.781987 np0000168363 devstack@n-api.service[101151]: DEBUG dbcounter [-] [101151] Writer thread running {{(pid=101151) stat_writer /opt/stack/data/venv/lib/python3.12/site-packages/dbcounter.py:102}}
Apr 20 17:11:10.783731 np0000168363 devstack@n-api.service[101151]: DEBUG dbcounter [-] [101151] Writer thread running {{(pid=101151) stat_writer /opt/stack/data/venv/lib/python3.12/site-packages/dbcounter.py:102}}
Apr 20 17:11:10.799308 np0000168363 devstack@n-api.service[101150]: DEBUG dbcounter [-] [101150] Writer thread running {{(pid=101150) stat_writer /opt/stack/data/venv/lib/python3.12/site-packages/dbcounter.py:102}}
Apr 20 17:11:10.804207 np0000168363 devstack@n-api.service[101150]: DEBUG dbcounter [-] [101150] Writer thread running {{(pid=101150) stat_writer /opt/stack/data/venv/lib/python3.12/site-packages/dbcounter.py:102}}
Apr 20 17:11:10.843325 np0000168363 devstack@n-api.service[101151]: INFO dbcounter [None req-b703f5ae-25de-47ec-ad15-ef19d79ea278 None None] Registered counter for database nova_cell0
Apr 20 17:11:10.844223 np0000168363 devstack@n-api.service[101150]: INFO dbcounter [None req-6d809710-2ed0-47f2-85c6-7ffb265596c7 None None] Registered counter for database nova_cell0
Apr 20 17:11:10.847045 np0000168363 devstack@n-api.service[101152]: DEBUG dbcounter [-] [101152] Writer thread running {{(pid=101152) stat_writer /opt/stack/data/venv/lib/python3.12/site-packages/dbcounter.py:102}}
Apr 20 17:11:10.847670 np0000168363 devstack@n-api.service[101152]: DEBUG dbcounter [-] [101152] Writer thread running {{(pid=101152) stat_writer /opt/stack/data/venv/lib/python3.12/site-packages/dbcounter.py:102}}
Apr 20 17:11:10.852868 np0000168363 devstack@n-api.service[101150]: DEBUG oslo_db.sqlalchemy.engines [None req-6d809710-2ed0-47f2-85c6-7ffb265596c7 None None] MySQL server mode set to STRICT_TRANS_TABLES,STRICT_ALL_TABLES,NO_ZERO_IN_DATE,NO_ZERO_DATE,ERROR_FOR_DIVISION_BY_ZERO,TRADITIONAL,NO_ENGINE_SUBSTITUTION {{(pid=101150) _check_effective_sql_mode /opt/stack/data/venv/lib/python3.12/site-packages/oslo_db/sqlalchemy/engines.py:325}}
Apr 20 17:11:10.853003 np0000168363 devstack@n-api.service[101152]: INFO dbcounter [None req-2b086a0e-d01c-4964-967d-720b94a94edd None None] Registered counter for database nova_cell0
Apr 20 17:11:10.857219 np0000168363 devstack@n-api.service[101151]: DEBUG oslo_db.sqlalchemy.engines [None req-b703f5ae-25de-47ec-ad15-ef19d79ea278 None None] MySQL server mode set to STRICT_TRANS_TABLES,STRICT_ALL_TABLES,NO_ZERO_IN_DATE,NO_ZERO_DATE,ERROR_FOR_DIVISION_BY_ZERO,TRADITIONAL,NO_ENGINE_SUBSTITUTION {{(pid=101151) _check_effective_sql_mode /opt/stack/data/venv/lib/python3.12/site-packages/oslo_db/sqlalchemy/engines.py:325}}
Apr 20 17:11:10.862386 np0000168363 devstack@n-api.service[101152]: DEBUG oslo_db.sqlalchemy.engines [None req-2b086a0e-d01c-4964-967d-720b94a94edd None None] MySQL server mode set to STRICT_TRANS_TABLES,STRICT_ALL_TABLES,NO_ZERO_IN_DATE,NO_ZERO_DATE,ERROR_FOR_DIVISION_BY_ZERO,TRADITIONAL,NO_ENGINE_SUBSTITUTION {{(pid=101152) _check_effective_sql_mode /opt/stack/data/venv/lib/python3.12/site-packages/oslo_db/sqlalchemy/engines.py:325}}
Apr 20 17:11:10.863160 np0000168363 devstack@n-api.service[101150]: DEBUG dbcounter [-] [101150] Writer thread running {{(pid=101150) stat_writer /opt/stack/data/venv/lib/python3.12/site-packages/dbcounter.py:102}}
Apr 20 17:11:10.869587 np0000168363 devstack@n-api.service[101151]: DEBUG dbcounter [-] [101151] Writer thread running {{(pid=101151) stat_writer /opt/stack/data/venv/lib/python3.12/site-packages/dbcounter.py:102}}
Apr 20 17:11:10.873712 np0000168363 devstack@n-api.service[101152]: DEBUG dbcounter [-] [101152] Writer thread running {{(pid=101152) stat_writer /opt/stack/data/venv/lib/python3.12/site-packages/dbcounter.py:102}}
Apr 20 17:11:11.290870 np0000168363 devstack@n-api.service[101153]: DEBUG oslo_concurrency.processutils [None req-5558d7ab-98cd-40c7-b9e2-500f8355f0c4 None None] Running cmd (subprocess): grep -F node.session.scan /sbin/iscsiadm {{(pid=101153) execute /opt/stack/data/venv/lib/python3.12/site-packages/oslo_concurrency/processutils.py:440}}
Apr 20 17:11:11.312195 np0000168363 devstack@n-api.service[101153]: DEBUG oslo_concurrency.processutils [None req-5558d7ab-98cd-40c7-b9e2-500f8355f0c4 None None] CMD "grep -F node.session.scan /sbin/iscsiadm" returned: 0 in 0.022s {{(pid=101153) execute /opt/stack/data/venv/lib/python3.12/site-packages/oslo_concurrency/processutils.py:468}}
Apr 20 17:11:11.347495 np0000168363 devstack@n-api.service[101151]: DEBUG oslo_concurrency.processutils [None req-b703f5ae-25de-47ec-ad15-ef19d79ea278 None None] Running cmd (subprocess): grep -F node.session.scan /sbin/iscsiadm {{(pid=101151) execute /opt/stack/data/venv/lib/python3.12/site-packages/oslo_concurrency/processutils.py:440}}
Apr 20 17:11:11.366537 np0000168363 devstack@n-api.service[101151]: DEBUG oslo_concurrency.processutils [None req-b703f5ae-25de-47ec-ad15-ef19d79ea278 None None] CMD "grep -F node.session.scan /sbin/iscsiadm" returned: 0 in 0.019s {{(pid=101151) execute /opt/stack/data/venv/lib/python3.12/site-packages/oslo_concurrency/processutils.py:468}}
Apr 20 17:11:11.438078 np0000168363 devstack@n-api.service[101152]: DEBUG oslo_concurrency.processutils [None req-2b086a0e-d01c-4964-967d-720b94a94edd None None] Running cmd (subprocess): grep -F node.session.scan /sbin/iscsiadm {{(pid=101152) execute /opt/stack/data/venv/lib/python3.12/site-packages/oslo_concurrency/processutils.py:440}}
Apr 20 17:11:11.440767 np0000168363 devstack@n-api.service[101150]: DEBUG oslo_concurrency.processutils [None req-6d809710-2ed0-47f2-85c6-7ffb265596c7 None None] Running cmd (subprocess): grep -F node.session.scan /sbin/iscsiadm {{(pid=101150) execute /opt/stack/data/venv/lib/python3.12/site-packages/oslo_concurrency/processutils.py:440}}
Apr 20 17:11:11.456498 np0000168363 devstack@n-api.service[101152]: DEBUG oslo_concurrency.processutils [None req-2b086a0e-d01c-4964-967d-720b94a94edd None None] CMD "grep -F node.session.scan /sbin/iscsiadm" returned: 0 in 0.019s {{(pid=101152) execute /opt/stack/data/venv/lib/python3.12/site-packages/oslo_concurrency/processutils.py:468}}
Apr 20 17:11:11.465420 np0000168363 devstack@n-api.service[101150]: DEBUG oslo_concurrency.processutils [None req-6d809710-2ed0-47f2-85c6-7ffb265596c7 None None] CMD "grep -F node.session.scan /sbin/iscsiadm" returned: 0 in 0.025s {{(pid=101150) execute /opt/stack/data/venv/lib/python3.12/site-packages/oslo_concurrency/processutils.py:468}}
Apr 20 17:11:11.831945 np0000168363 devstack@n-api.service[101151]: WARNING keystonemiddleware.auth_token [None req-b703f5ae-25de-47ec-ad15-ef19d79ea278 None None] AuthToken middleware is set with keystone_authtoken.service_token_roles_required set to False. This is backwards compatible but deprecated behaviour. Please set this to True.
Apr 20 17:11:11.879989 np0000168363 devstack@n-api.service[101150]: WARNING keystonemiddleware.auth_token [None req-6d809710-2ed0-47f2-85c6-7ffb265596c7 None None] AuthToken middleware is set with keystone_authtoken.service_token_roles_required set to False. This is backwards compatible but deprecated behaviour. Please set this to True.
Apr 20 17:11:11.881605 np0000168363 devstack@n-api.service[101152]: WARNING keystonemiddleware.auth_token [None req-2b086a0e-d01c-4964-967d-720b94a94edd None None] AuthToken middleware is set with keystone_authtoken.service_token_roles_required set to False. This is backwards compatible but deprecated behaviour. Please set this to True.
Apr 20 17:11:11.892880 np0000168363 devstack@n-api.service[101153]: WARNING keystonemiddleware.auth_token [None req-5558d7ab-98cd-40c7-b9e2-500f8355f0c4 None None] AuthToken middleware is set with keystone_authtoken.service_token_roles_required set to False. This is backwards compatible but deprecated behaviour. Please set this to True.
Apr 20 17:11:12.054097 np0000168363 devstack@n-api.service[101151]: WARNING keystonemiddleware.auth_token [None req-b703f5ae-25de-47ec-ad15-ef19d79ea278 None None] AuthToken middleware is set with keystone_authtoken.service_token_roles_required set to False. This is backwards compatible but deprecated behaviour. Please set this to True.
Apr 20 17:11:12.059849 np0000168363 devstack@n-api.service[101151]: DEBUG nova.api.openstack.wsgi_app [None req-b703f5ae-25de-47ec-ad15-ef19d79ea278 None None] ******************************************************************************** {{(pid=101151) log_opt_values /opt/stack/data/venv/lib/python3.12/site-packages/oslo_config/cfg.py:2979}}
Apr 20 17:11:12.060380 np0000168363 devstack@n-api.service[101151]: DEBUG nova.api.openstack.wsgi_app [None req-b703f5ae-25de-47ec-ad15-ef19d79ea278 None None] Configuration options gathered from: {{(pid=101151) log_opt_values /opt/stack/data/venv/lib/python3.12/site-packages/oslo_config/cfg.py:2980}}
Apr 20 17:11:12.060380 np0000168363 devstack@n-api.service[101151]: DEBUG nova.api.openstack.wsgi_app [None req-b703f5ae-25de-47ec-ad15-ef19d79ea278 None None] command line args: [] {{(pid=101151) log_opt_values /opt/stack/data/venv/lib/python3.12/site-packages/oslo_config/cfg.py:2981}}
Apr 20 17:11:12.060534 np0000168363 devstack@n-api.service[101151]: DEBUG nova.api.openstack.wsgi_app [None req-b703f5ae-25de-47ec-ad15-ef19d79ea278 None None] config files: ['/etc/nova/api-paste.ini', '/etc/nova/nova.conf'] {{(pid=101151) log_opt_values /opt/stack/data/venv/lib/python3.12/site-packages/oslo_config/cfg.py:2982}}
Apr 20 17:11:12.060534 np0000168363 devstack@n-api.service[101151]: DEBUG nova.api.openstack.wsgi_app [None req-b703f5ae-25de-47ec-ad15-ef19d79ea278 None None] ================================================================================ {{(pid=101151) log_opt_values /opt/stack/data/venv/lib/python3.12/site-packages/oslo_config/cfg.py:2987}}
Apr 20 17:11:12.060719 np0000168363 devstack@n-api.service[101151]: DEBUG nova.api.openstack.wsgi_app [None req-b703f5ae-25de-47ec-ad15-ef19d79ea278 None None] allow_resize_to_same_host = True {{(pid=101151) log_opt_values /opt/stack/data/venv/lib/python3.12/site-packages/oslo_config/cfg.py:2995}}
Apr 20 17:11:12.061600 np0000168363 devstack@n-api.service[101151]: DEBUG nova.api.openstack.wsgi_app [None req-b703f5ae-25de-47ec-ad15-ef19d79ea278 None None] arq_binding_timeout = 300 {{(pid=101151) log_opt_values /opt/stack/data/venv/lib/python3.12/site-packages/oslo_config/cfg.py:2995}}
Apr 20 17:11:12.061600 np0000168363 devstack@n-api.service[101151]: DEBUG nova.api.openstack.wsgi_app [None req-b703f5ae-25de-47ec-ad15-ef19d79ea278 None None] block_device_allocate_retries = 60 {{(pid=101151) log_opt_values /opt/stack/data/venv/lib/python3.12/site-packages/oslo_config/cfg.py:2995}}
Apr 20 17:11:12.061600 np0000168363 devstack@n-api.service[101151]: DEBUG nova.api.openstack.wsgi_app [None req-b703f5ae-25de-47ec-ad15-ef19d79ea278 None None] block_device_allocate_retries_interval = 3 {{(pid=101151) log_opt_values /opt/stack/data/venv/lib/python3.12/site-packages/oslo_config/cfg.py:2995}}
Apr 20 17:11:12.061600 np0000168363 devstack@n-api.service[101151]: DEBUG nova.api.openstack.wsgi_app [None req-b703f5ae-25de-47ec-ad15-ef19d79ea278 None None] cell_worker_thread_pool_size = 5 {{(pid=101151) log_opt_values /opt/stack/data/venv/lib/python3.12/site-packages/oslo_config/cfg.py:2995}}
Apr 20 17:11:12.061600 np0000168363 devstack@n-api.service[101151]: DEBUG nova.api.openstack.wsgi_app [None req-b703f5ae-25de-47ec-ad15-ef19d79ea278 None None] cert = self.pem {{(pid=101151) log_opt_values /opt/stack/data/venv/lib/python3.12/site-packages/oslo_config/cfg.py:2995}}
Apr 20 17:11:12.061600 np0000168363 devstack@n-api.service[101151]: DEBUG nova.api.openstack.wsgi_app [None req-b703f5ae-25de-47ec-ad15-ef19d79ea278 None None] compute_driver = libvirt.LibvirtDriver {{(pid=101151) log_opt_values /opt/stack/data/venv/lib/python3.12/site-packages/oslo_config/cfg.py:2995}}
Apr 20 17:11:12.062022 np0000168363 devstack@n-api.service[101151]: DEBUG nova.api.openstack.wsgi_app [None req-b703f5ae-25de-47ec-ad15-ef19d79ea278 None None] compute_monitors = [] {{(pid=101151) log_opt_values /opt/stack/data/venv/lib/python3.12/site-packages/oslo_config/cfg.py:2995}}
Apr 20 17:11:12.062022 np0000168363 devstack@n-api.service[101151]: DEBUG nova.api.openstack.wsgi_app [None req-b703f5ae-25de-47ec-ad15-ef19d79ea278 None None] config_dir = [] {{(pid=101151) log_opt_values /opt/stack/data/venv/lib/python3.12/site-packages/oslo_config/cfg.py:2995}}
Apr 20 17:11:12.062022 np0000168363 devstack@n-api.service[101151]: DEBUG nova.api.openstack.wsgi_app [None req-b703f5ae-25de-47ec-ad15-ef19d79ea278 None None] config_drive_format = iso9660 {{(pid=101151) log_opt_values /opt/stack/data/venv/lib/python3.12/site-packages/oslo_config/cfg.py:2995}}
Apr 20 17:11:12.062210 np0000168363 devstack@n-api.service[101151]: DEBUG nova.api.openstack.wsgi_app [None req-b703f5ae-25de-47ec-ad15-ef19d79ea278 None None] config_file = ['/etc/nova/api-paste.ini', '/etc/nova/nova.conf'] {{(pid=101151) log_opt_values /opt/stack/data/venv/lib/python3.12/site-packages/oslo_config/cfg.py:2995}}
Apr 20 17:11:12.062210 np0000168363 devstack@n-api.service[101151]: DEBUG nova.api.openstack.wsgi_app [None req-b703f5ae-25de-47ec-ad15-ef19d79ea278 None None] config_source = [] {{(pid=101151) log_opt_values /opt/stack/data/venv/lib/python3.12/site-packages/oslo_config/cfg.py:2995}}
Apr 20 17:11:12.062375 np0000168363 devstack@n-api.service[101151]: DEBUG nova.api.openstack.wsgi_app [None req-b703f5ae-25de-47ec-ad15-ef19d79ea278 None None] console_host = np0000168363 {{(pid=101151) log_opt_values /opt/stack/data/venv/lib/python3.12/site-packages/oslo_config/cfg.py:2995}}
Apr 20 17:11:12.062452 np0000168363 devstack@n-api.service[101151]: DEBUG nova.api.openstack.wsgi_app [None req-b703f5ae-25de-47ec-ad15-ef19d79ea278 None None] control_exchange = nova {{(pid=101151) log_opt_values /opt/stack/data/venv/lib/python3.12/site-packages/oslo_config/cfg.py:2995}}
Apr 20 17:11:12.062625 np0000168363 devstack@n-api.service[101151]: DEBUG nova.api.openstack.wsgi_app [None req-b703f5ae-25de-47ec-ad15-ef19d79ea278 None None] cpu_allocation_ratio = None {{(pid=101151) log_opt_values /opt/stack/data/venv/lib/python3.12/site-packages/oslo_config/cfg.py:2995}}
Apr 20 17:11:12.062712 np0000168363 devstack@n-api.service[101151]: DEBUG nova.api.openstack.wsgi_app [None req-b703f5ae-25de-47ec-ad15-ef19d79ea278 None None] daemon = False {{(pid=101151) log_opt_values /opt/stack/data/venv/lib/python3.12/site-packages/oslo_config/cfg.py:2995}}
Apr 20 17:11:12.062886 np0000168363 devstack@n-api.service[101151]: DEBUG nova.api.openstack.wsgi_app [None req-b703f5ae-25de-47ec-ad15-ef19d79ea278 None None] debug = True {{(pid=101151) log_opt_values /opt/stack/data/venv/lib/python3.12/site-packages/oslo_config/cfg.py:2995}}
Apr 20 17:11:12.063007 np0000168363 devstack@n-api.service[101151]: DEBUG nova.api.openstack.wsgi_app [None req-b703f5ae-25de-47ec-ad15-ef19d79ea278 None None] default_access_ip_network_name = None {{(pid=101151) log_opt_values /opt/stack/data/venv/lib/python3.12/site-packages/oslo_config/cfg.py:2995}}
Apr 20 17:11:12.063155 np0000168363 devstack@n-api.service[101151]: DEBUG nova.api.openstack.wsgi_app [None req-b703f5ae-25de-47ec-ad15-ef19d79ea278 None None] default_availability_zone = nova {{(pid=101151) log_opt_values /opt/stack/data/venv/lib/python3.12/site-packages/oslo_config/cfg.py:2995}}
Apr 20 17:11:12.063288 np0000168363 devstack@n-api.service[101151]: DEBUG nova.api.openstack.wsgi_app [None req-b703f5ae-25de-47ec-ad15-ef19d79ea278 None None] default_ephemeral_format = ext4 {{(pid=101151) log_opt_values /opt/stack/data/venv/lib/python3.12/site-packages/oslo_config/cfg.py:2995}}
Apr 20 17:11:12.063418 np0000168363 devstack@n-api.service[101151]: DEBUG nova.api.openstack.wsgi_app [None req-b703f5ae-25de-47ec-ad15-ef19d79ea278 None None] default_green_pool_size = 1000 {{(pid=101151) log_opt_values /opt/stack/data/venv/lib/python3.12/site-packages/oslo_config/cfg.py:2995}}
Apr 20 17:11:12.063648 np0000168363 devstack@n-api.service[101151]: DEBUG nova.api.openstack.wsgi_app [None req-b703f5ae-25de-47ec-ad15-ef19d79ea278 None None] default_log_levels = ['amqp=WARN', 'boto=WARN', 'sqlalchemy=WARN', 'suds=INFO', 'oslo.messaging=INFO', 'oslo_messaging=INFO', 'iso8601=WARN', 'requests.packages.urllib3.connectionpool=WARN', 'urllib3.connectionpool=WARN', 'websocket=WARN', 'requests.packages.urllib3.util.retry=WARN', 'urllib3.util.retry=WARN', 'keystonemiddleware=WARN', 'routes.middleware=WARN', 'stevedore=WARN', 'taskflow=WARN', 'keystoneauth=WARN', 'oslo.cache=INFO', 'oslo_policy=INFO', 'dogpile.core.dogpile=INFO', 'glanceclient=WARN', 'oslo.privsep.daemon=INFO'] {{(pid=101151) log_opt_values /opt/stack/data/venv/lib/python3.12/site-packages/oslo_config/cfg.py:2995}}
Apr 20 17:11:12.064144 np0000168363 devstack@n-api.service[101151]: DEBUG nova.api.openstack.wsgi_app [None req-b703f5ae-25de-47ec-ad15-ef19d79ea278 None None] default_schedule_zone = None {{(pid=101151) log_opt_values /opt/stack/data/venv/lib/python3.12/site-packages/oslo_config/cfg.py:2995}}
Apr 20 17:11:12.064144 np0000168363 devstack@n-api.service[101151]: DEBUG nova.api.openstack.wsgi_app [None req-b703f5ae-25de-47ec-ad15-ef19d79ea278 None None] default_thread_pool_size = 10 {{(pid=101151) log_opt_values /opt/stack/data/venv/lib/python3.12/site-packages/oslo_config/cfg.py:2995}}
Apr 20 17:11:12.064144 np0000168363 devstack@n-api.service[101151]: DEBUG nova.api.openstack.wsgi_app [None req-b703f5ae-25de-47ec-ad15-ef19d79ea278 None None] disk_allocation_ratio = None {{(pid=101151) log_opt_values /opt/stack/data/venv/lib/python3.12/site-packages/oslo_config/cfg.py:2995}}
Apr 20 17:11:12.064144 np0000168363 devstack@n-api.service[101151]: DEBUG nova.api.openstack.wsgi_app [None req-b703f5ae-25de-47ec-ad15-ef19d79ea278 None None] enable_new_services = True {{(pid=101151) log_opt_values /opt/stack/data/venv/lib/python3.12/site-packages/oslo_config/cfg.py:2995}}
Apr 20 17:11:12.064512 np0000168363 devstack@n-api.service[101151]: DEBUG nova.api.openstack.wsgi_app [None req-b703f5ae-25de-47ec-ad15-ef19d79ea278 None None] flat_injected = False {{(pid=101151) log_opt_values /opt/stack/data/venv/lib/python3.12/site-packages/oslo_config/cfg.py:2995}}
Apr 20 17:11:12.064512 np0000168363 devstack@n-api.service[101151]: DEBUG nova.api.openstack.wsgi_app [None req-b703f5ae-25de-47ec-ad15-ef19d79ea278 None None] force_config_drive = False {{(pid=101151) log_opt_values /opt/stack/data/venv/lib/python3.12/site-packages/oslo_config/cfg.py:2995}}
Apr 20 17:11:12.064512 np0000168363 devstack@n-api.service[101151]: DEBUG nova.api.openstack.wsgi_app [None req-b703f5ae-25de-47ec-ad15-ef19d79ea278 None None] force_raw_images = True {{(pid=101151) log_opt_values /opt/stack/data/venv/lib/python3.12/site-packages/oslo_config/cfg.py:2995}}
Apr 20 17:11:12.064739 np0000168363 devstack@n-api.service[101151]: DEBUG nova.api.openstack.wsgi_app [None req-b703f5ae-25de-47ec-ad15-ef19d79ea278 None None] graceful_shutdown_timeout = 5 {{(pid=101151) log_opt_values /opt/stack/data/venv/lib/python3.12/site-packages/oslo_config/cfg.py:2995}}
