+ exec neutron-metadata-agent --config-file /etc/neutron/neutron.conf --config-file /tmp/pod-shared/neutron-agent.ini --config-file /etc/neutron/metadata_agent.ini /var/lib/openstack/lib/python3.10/site-packages/neutron/common/utils.py:54: UserWarning: pkg_resources is deprecated as an API. See https://setuptools.pypa.io/en/latest/pkg_resources.html. The pkg_resources package is slated for removal as early as 2025-11-30. Refrain from using this package or pin to Setuptools<81. import pkg_resources
2026-07-01 07:59:23.061 39 INFO neutron.common.config [-] Logging enabled!
2026-07-01 07:59:23.062 39 INFO neutron.common.config [-] /var/lib/openstack/bin/neutron-metadata-agent version 22.2.2.dev46 /var/lib/openstack/lib/python3.10/site-packages/memcache.py:1303: SyntaxWarning: "is" with a literal. Did you mean "=="? if key is '': /var/lib/openstack/lib/python3.10/site-packages/memcache.py:1304: SyntaxWarning: "is" with a literal. Did you mean "=="? if key_extra_len is 0:
2026-07-01 07:59:23.075 39 INFO oslo_service.service [None req-7e14cf5e-f0c9-4b7f-97d4-0c8f0fe55862 - - - - - -] Starting 2 workers
2026-07-01 07:59:23.086 47 INFO eventlet.wsgi.server [-] (47) wsgi starting up on http:/var/lib/neutron/openstack-helm/metadata_proxy
2026-07-01 07:59:23.086 48 INFO eventlet.wsgi.server [-] (48) wsgi starting up on http:/var/lib/neutron/openstack-helm/metadata_proxy
2026-07-01 07:59:55.534 48 INFO eventlet.wsgi.server [-] 169.254.169.254, "GET / HTTP/1.1" status: 404 len: 176 time: 0.3143725
2026-07-01 08:03:05.192 47 INFO eventlet.wsgi.server [-] 169.254.169.254, "GET / HTTP/1.1" status: 404 len: 176 time: 0.0104210
2026-07-01 08:06:15.327 47 INFO eventlet.wsgi.server [-] 169.254.169.254, "GET / HTTP/1.1" status: 404 len: 176 time: 0.0065281
2026-07-01 08:06:45.222 48 INFO eventlet.wsgi.server [-] 169.254.169.254, "GET / HTTP/1.1" status: 404 len: 176 time: 0.0084336
2026-07-01 08:09:25.178 48 INFO eventlet.wsgi.server [-] 169.254.169.254, "GET / HTTP/1.1" status: 404 len: 176 time: 0.0071039
2026-07-01 08:12:35.364 47 INFO eventlet.wsgi.server [-] 169.254.169.254, "GET / HTTP/1.1" status: 404 len: 176 time: 0.1212635
2026-07-01 08:15:45.291 48 INFO eventlet.wsgi.server [-] 169.254.169.254, "GET / HTTP/1.1" status: 404 len: 176 time: 0.0077717
2026-07-01 08:16:45.232 48 INFO eventlet.wsgi.server [-] 169.254.169.254, "GET / HTTP/1.1" status: 404 len: 176 time: 0.0134161
2026-07-01 08:18:55.186 48 INFO eventlet.wsgi.server [-] 169.254.169.254, "GET / HTTP/1.1" status: 404 len: 176 time: 0.0094836
2026-07-01 08:22:05.216 47 INFO eventlet.wsgi.server [-] 169.254.169.254, "GET / HTTP/1.1" status: 404 len: 176 time: 0.0054841
2026-07-01 08:25:15.267 47 INFO eventlet.wsgi.server [-] 169.254.169.254, "GET / HTTP/1.1" status: 404 len: 176 time: 0.0551474
2026-07-01 08:26:45.241 48 INFO eventlet.wsgi.server [-] 169.254.169.254, "GET / HTTP/1.1" status: 404 len: 176 time: 0.0050695
2026-07-01 08:28:25.226 47 INFO eventlet.wsgi.server [-] 169.254.169.254, "GET / HTTP/1.1" status: 404 len: 176 time: 0.0064862
2026-07-01 08:31:35.197 47 INFO eventlet.wsgi.server [-] 169.254.169.254, "GET / HTTP/1.1" status: 404 len: 176 time: 0.0085919
2026-07-01 08:34:26.073 47 INFO eventlet.wsgi.server [-] 10.100.0.11, "GET /2009-04-04/meta-data/instance-id HTTP/1.1" status: 200 len: 146 time: 1.6085615
2026-07-01 08:34:26.106 47 INFO eventlet.wsgi.server [-] 10.100.0.11, "GET /2009-04-04/meta-data/public-keys HTTP/1.1" status: 200 len: 163 time: 0.0250552
2026-07-01 08:34:26.140 47 INFO eventlet.wsgi.server [-] 10.100.0.11, "GET /2009-04-04/meta-data/public-keys/0/openssh-key HTTP/1.1" status: 200 len: 341 time: 0.0171771
2026-07-01 08:34:26.159 47 INFO eventlet.wsgi.server [-] 10.100.0.11, "GET /2009-04-04/meta-data/instance-id HTTP/1.1" status: 200 len: 146 time: 0.0115018
2026-07-01 08:34:26.177 47 INFO eventlet.wsgi.server [-] 10.100.0.11, "GET /2009-04-04/meta-data/ami-launch-index HTTP/1.1" status: 200 len: 136 time: 0.0108709
2026-07-01 08:34:26.194 47 INFO eventlet.wsgi.server [-] 10.100.0.11, "GET /2009-04-04/meta-data/instance-type HTTP/1.1" status: 200 len: 142 time: 0.0096102
2026-07-01 08:34:26.212 47 INFO eventlet.wsgi.server [-] 10.100.0.11, "GET /2009-04-04/meta-data/local-ipv4 HTTP/1.1" status: 200 len: 147 time: 0.0111003
2026-07-01 08:34:26.234 47 INFO eventlet.wsgi.server [-] 10.100.0.11, "GET /2009-04-04/meta-data/public-ipv4 HTTP/1.1" status: 200 len: 149 time: 0.0131962
2026-07-01 08:34:26.254 47 INFO eventlet.wsgi.server [-] 10.100.0.11, "GET /2009-04-04/meta-data/hostname HTTP/1.1" status: 200 len: 200 time: 0.0128052
2026-07-01 08:34:26.275 47 INFO eventlet.wsgi.server [-] 10.100.0.11, "GET /2009-04-04/meta-data/local-hostname HTTP/1.1" status: 200 len: 200 time: 0.0120475
2026-07-01 08:34:26.313 48 INFO eventlet.wsgi.server [-] 10.100.0.11, "GET /2009-04-04/user-data HTTP/1.1" status: 200 len: 231 time: 0.0311372
2026-07-01 08:34:26.358 48 INFO eventlet.wsgi.server [-] 10.100.0.11, "GET /2009-04-04/meta-data/block-device-mapping HTTP/1.1" status: 200 len: 143 time: 0.0180264
2026-07-01 08:34:26.379 48 INFO eventlet.wsgi.server [-] 10.100.0.11, "GET /2009-04-04/meta-data/block-device-mapping/ami HTTP/1.1" status: 200 len: 138 time: 0.0166147
2026-07-01 08:34:26.397 48 INFO eventlet.wsgi.server [-] 10.100.0.11, "GET /2009-04-04/meta-data/block-device-mapping/root HTTP/1.1" status: 200 len: 143 time: 0.0120809
2026-07-01 08:34:26.417 47 INFO eventlet.wsgi.server [-] 10.100.0.11, "GET /2009-04-04/meta-data/public-hostname HTTP/1.1" status: 200 len: 200 time: 0.0113118
2026-07-01 08:34:26.434 47 INFO eventlet.wsgi.server [-] 10.100.0.11, "GET /2009-04-04/meta-data/placement/availability-zone HTTP/1.1" status: 200 len: 139 time: 0.0121000
2026-07-01 08:34:45.328 47 INFO eventlet.wsgi.server [-] 169.254.169.254, "GET / HTTP/1.1" status: 404 len: 176 time: 0.0092163
2026-07-01 08:35:36.765 48 INFO eventlet.wsgi.server [-] 10.100.0.7, "GET /2009-04-04/meta-data/instance-id HTTP/1.1" status: 200 len: 146 time: 0.2012637
2026-07-01 08:35:36.793 47 INFO eventlet.wsgi.server [-] 10.100.0.7, "GET /2009-04-04/meta-data/public-keys HTTP/1.1" status: 200 len: 164 time: 0.0181448
2026-07-01 08:35:36.809 47 INFO eventlet.wsgi.server [-] 10.100.0.7, "GET /2009-04-04/meta-data/public-keys/0/openssh-key HTTP/1.1" status: 200 len: 341 time: 0.0107539
2026-07-01 08:35:36.824 47 INFO eventlet.wsgi.server [-] 10.100.0.7, "GET /2009-04-04/meta-data/instance-id HTTP/1.1" status: 200 len: 146 time: 0.0100451
2026-07-01 08:35:36.842 47 INFO eventlet.wsgi.server [-] 10.100.0.7, "GET /2009-04-04/meta-data/ami-launch-index HTTP/1.1" status: 200 len: 136 time: 0.0109751
2026-07-01 08:35:36.862 47 INFO eventlet.wsgi.server [-] 10.100.0.7, "GET /2009-04-04/meta-data/instance-type HTTP/1.1" status: 200 len: 142 time: 0.0111413
2026-07-01 08:35:36.886 48 INFO eventlet.wsgi.server [-] 10.100.0.7, "GET /2009-04-04/meta-data/local-ipv4 HTTP/1.1" status: 200 len: 146 time: 0.0141790
2026-07-01 08:35:36.907 48 INFO eventlet.wsgi.server [-] 10.100.0.7, "GET /2009-04-04/meta-data/public-ipv4 HTTP/1.1" status: 200 len: 149 time: 0.0129881
2026-07-01 08:35:36.933 48 INFO eventlet.wsgi.server [-] 10.100.0.7, "GET /2009-04-04/meta-data/hostname HTTP/1.1" status: 200 len: 193 time: 0.0187886
2026-07-01 08:35:36.956 48 INFO eventlet.wsgi.server [-] 10.100.0.7, "GET /2009-04-04/meta-data/local-hostname HTTP/1.1" status: 200 len: 193 time: 0.0158396
2026-07-01 08:35:36.999 48 INFO eventlet.wsgi.server [-] 10.100.0.7, "GET /2009-04-04/user-data HTTP/1.1" status: 200 len: 231 time: 0.0115409
2026-07-01 08:35:37.019 48 INFO eventlet.wsgi.server [-] 10.100.0.7, "GET /2009-04-04/meta-data/block-device-mapping HTTP/1.1" status: 200 len: 143 time: 0.0115247
2026-07-01 08:35:37.035 48 INFO eventlet.wsgi.server [-] 10.100.0.7, "GET /2009-04-04/meta-data/block-device-mapping/ami HTTP/1.1" status: 200 len: 138 time: 0.0110319
2026-07-01 08:35:37.052 48 INFO eventlet.wsgi.server [-] 10.100.0.7, "GET /2009-04-04/meta-data/block-device-mapping/root HTTP/1.1" status: 200 len: 143 time: 0.0121429
2026-07-01 08:35:37.071 47 INFO eventlet.wsgi.server [-] 10.100.0.7, "GET /2009-04-04/meta-data/public-hostname HTTP/1.1" status: 200 len: 193 time: 0.0107737
2026-07-01 08:35:37.098 47 INFO eventlet.wsgi.server [-] 10.100.0.7, "GET /2009-04-04/meta-data/placement/availability-zone HTTP/1.1" status: 200 len: 139 time: 0.0182896
2026-07-01 08:35:55.302 48 INFO eventlet.wsgi.server [-] 10.2.1.28, "GET /2009-04-04/meta-data/instance-id HTTP/1.1" status: 200 len: 146 time: 1.1784031
2026-07-01 08:35:55.322 48 INFO eventlet.wsgi.server [-] 10.2.1.28, "GET /2009-04-04/meta-data/public-keys HTTP/1.1" status: 200 len: 174 time: 0.0132847
2026-07-01 08:35:55.339 48 INFO eventlet.wsgi.server [-] 10.2.1.28, "GET /2009-04-04/meta-data/public-keys/0/openssh-key HTTP/1.1" status: 200 len: 341 time: 0.0128574
2026-07-01 08:35:55.356 48 INFO eventlet.wsgi.server [-] 10.2.1.28, "GET /2009-04-04/meta-data/instance-id HTTP/1.1" status: 200 len: 146 time: 0.0114281
2026-07-01 08:35:55.374 48 INFO eventlet.wsgi.server [-] 10.2.1.28, "GET /2009-04-04/meta-data/ami-launch-index HTTP/1.1" status: 200 len: 136 time: 0.0099525
2026-07-01 08:35:55.399 48 INFO eventlet.wsgi.server [-] 10.2.1.28, "GET /2009-04-04/meta-data/instance-type HTTP/1.1" status: 200 len: 142 time: 0.0192490
2026-07-01 08:35:55.418 47 INFO eventlet.wsgi.server [-] 10.2.1.28, "GET /2009-04-04/meta-data/local-ipv4 HTTP/1.1" status: 200 len: 144 time: 0.0112040
2026-07-01 08:35:55.435 47 INFO eventlet.wsgi.server [-] 10.2.1.28, "GET /2009-04-04/meta-data/public-ipv4 HTTP/1.1" status: 200 len: 149 time: 0.0093765
2026-07-01 08:35:55.453 47 INFO eventlet.wsgi.server [-] 10.2.1.28, "GET /2009-04-04/meta-data/hostname HTTP/1.1" status: 200 len: 184 time: 0.0100994
2026-07-01 08:35:55.473 47 INFO eventlet.wsgi.server [-] 10.2.1.28, "GET /2009-04-04/meta-data/local-hostname HTTP/1.1" status: 200 len: 184 time: 0.0103543
2026-07-01 08:35:55.492 47 INFO neutron.agent.metadata.agent [-] The instance: 9d4a07fc-67ef-4b36-a265-9e8049b8f67d is not present anymore, skipping cache...
2026-07-01 08:35:55.536 47 INFO eventlet.wsgi.server [-] 10.2.1.28, "GET /2009-04-04/user-data HTTP/1.1" status: 404 len: 297 time: 0.0554197
2026-07-01 08:35:55.579 47 INFO eventlet.wsgi.server [-] 10.2.1.28, "GET /2009-04-04/meta-data/block-device-mapping HTTP/1.1" status: 200 len: 143 time: 0.0160167
2026-07-01 08:35:55.596 47 INFO eventlet.wsgi.server [-] 10.2.1.28, "GET /2009-04-04/meta-data/block-device-mapping/ami HTTP/1.1" status: 200 len: 138 time: 0.0120127
2026-07-01 08:35:55.611 47 INFO eventlet.wsgi.server [-] 10.2.1.28, "GET /2009-04-04/meta-data/block-device-mapping/root HTTP/1.1" status: 200 len: 143 time: 0.0103116
2026-07-01 08:35:55.631 48 INFO eventlet.wsgi.server [-] 10.2.1.28, "GET /2009-04-04/meta-data/public-hostname HTTP/1.1" status: 200 len: 184 time: 0.0120642
2026-07-01 08:35:55.663 47 INFO eventlet.wsgi.server [-] 10.2.1.28, "GET /2009-04-04/meta-data/placement/availability-zone HTTP/1.1" status: 200 len: 139 time: 0.0230141
2026-07-01 08:35:56.712 48 INFO eventlet.wsgi.server [-] 10.100.0.7, "GET /2009-04-04/meta-data/instance-id HTTP/1.1" status: 200 len: 146 time: 0.1502271
2026-07-01 08:35:56.734 47 INFO eventlet.wsgi.server [-] 10.100.0.7, "GET /2009-04-04/meta-data/public-keys HTTP/1.1" status: 200 len: 164 time: 0.0112028
2026-07-01 08:35:56.749 47 INFO eventlet.wsgi.server [-] 10.100.0.7, "GET /2009-04-04/meta-data/public-keys/0/openssh-key HTTP/1.1" status: 200 len: 341 time: 0.0103967
2026-07-01 08:35:56.767 48 INFO eventlet.wsgi.server [-] 10.100.0.7, "GET /2009-04-04/meta-data/instance-id HTTP/1.1" status: 200 len: 146 time: 0.0119231
2026-07-01 08:35:56.780 48 INFO eventlet.wsgi.server [-] 10.100.0.7, "GET /2009-04-04/meta-data/ami-launch-index HTTP/1.1" status: 200 len: 136 time: 0.0073893
2026-07-01 08:35:56.793 48 INFO eventlet.wsgi.server [-] 10.100.0.7, "GET /2009-04-04/meta-data/instance-type HTTP/1.1" status: 200 len: 142 time: 0.0073216
2026-07-01 08:35:56.817 48 INFO eventlet.wsgi.server [-] 10.100.0.7, "GET /2009-04-04/meta-data/local-ipv4 HTTP/1.1" status: 200 len: 146 time: 0.0162141
2026-07-01 08:35:56.837 48 INFO eventlet.wsgi.server [-] 10.100.0.7, "GET /2009-04-04/meta-data/public-ipv4 HTTP/1.1" status: 200 len: 149 time: 0.0115142
2026-07-01 08:35:56.857 48 INFO eventlet.wsgi.server [-] 10.100.0.7, "GET /2009-04-04/meta-data/hostname HTTP/1.1" status: 200 len: 193 time: 0.0121911
2026-07-01 08:35:56.880 47 INFO eventlet.wsgi.server [-] 10.100.0.7, "GET /2009-04-04/meta-data/local-hostname HTTP/1.1" status: 200 len: 193 time: 0.0143812
2026-07-01 08:35:56.897 47 INFO eventlet.wsgi.server [-] 10.100.0.7, "GET /2009-04-04/user-data HTTP/1.1" status: 200 len: 231 time: 0.0102150
2026-07-01 08:35:56.915 47 INFO eventlet.wsgi.server [-] 10.100.0.7, "GET /2009-04-04/meta-data/block-device-mapping HTTP/1.1" status: 200 len: 143 time: 0.0117323
2026-07-01 08:35:56.938 48 INFO eventlet.wsgi.server [-] 10.100.0.7, "GET /2009-04-04/meta-data/block-device-mapping/ami HTTP/1.1" status: 200 len: 138 time: 0.0144198
2026-07-01 08:35:56.959 48 INFO eventlet.wsgi.server [-] 10.100.0.7, "GET /2009-04-04/meta-data/block-device-mapping/root HTTP/1.1" status: 200 len: 143 time: 0.0127254
2026-07-01 08:35:56.981 48 INFO eventlet.wsgi.server [-] 10.100.0.7, "GET /2009-04-04/meta-data/public-hostname HTTP/1.1" status: 200 len: 193 time: 0.0155184
2026-07-01 08:35:57.010 48 INFO eventlet.wsgi.server [-] 10.100.0.7, "GET /2009-04-04/meta-data/placement/availability-zone HTTP/1.1" status: 200 len: 139 time: 0.0186131
2026-07-01 08:36:10.018 47 INFO eventlet.wsgi.server [-] 10.2.2.252, "GET /2009-04-04/meta-data/instance-id HTTP/1.1" status: 200 len: 146 time: 0.1860962
2026-07-01 08:36:10.043 47 INFO eventlet.wsgi.server [-] 10.2.2.252, "GET /2009-04-04/meta-data/public-keys HTTP/1.1" status: 200 len: 174 time: 0.0134394
2026-07-01 08:36:10.063 47 INFO eventlet.wsgi.server [-] 10.2.2.252, "GET /2009-04-04/meta-data/public-keys/0/openssh-key HTTP/1.1" status: 200 len: 341 time: 0.0132356
2026-07-01 08:36:10.081 48 INFO eventlet.wsgi.server [-] 10.2.2.252, "GET /2009-04-04/meta-data/instance-id HTTP/1.1" status: 200 len: 146 time: 0.0120249
2026-07-01 08:36:10.102 48 INFO eventlet.wsgi.server [-] 10.2.2.252, "GET /2009-04-04/meta-data/ami-launch-index HTTP/1.1" status: 200 len: 136 time: 0.0124094
2026-07-01 08:36:10.124 48 INFO eventlet.wsgi.server [-] 10.2.2.252, "GET /2009-04-04/meta-data/instance-type HTTP/1.1" status: 200 len: 142 time: 0.0114429
2026-07-01 08:36:10.145 48 INFO eventlet.wsgi.server [-] 10.2.2.252, "GET /2009-04-04/meta-data/local-ipv4 HTTP/1.1" status: 200 len: 146 time: 0.0123127
2026-07-01 08:36:10.164 48 INFO eventlet.wsgi.server [-] 10.2.2.252, "GET /2009-04-04/meta-data/public-ipv4 HTTP/1.1" status: 200 len: 149 time: 0.0111129
2026-07-01 08:36:10.188 47 INFO eventlet.wsgi.server [-] 10.2.2.252, "GET /2009-04-04/meta-data/hostname HTTP/1.1" status: 200 len: 185 time: 0.0138214
2026-07-01 08:36:10.211 47 INFO eventlet.wsgi.server [-] 10.2.2.252, "GET /2009-04-04/meta-data/local-hostname HTTP/1.1" status: 200 len: 185 time: 0.0132051
2026-07-01 08:36:10.230 47 INFO neutron.agent.metadata.agent [-] The instance: 973177f4-88c4-49bf-9100-fd4203700e57 is not present anymore, skipping cache...
2026-07-01 08:36:10.304 47 INFO eventlet.wsgi.server [-] 10.2.2.252, "GET /2009-04-04/user-data HTTP/1.1" status: 404 len: 297 time: 0.0871580
2026-07-01 08:36:10.342 47 INFO eventlet.wsgi.server [-] 10.2.2.252, "GET /2009-04-04/meta-data/block-device-mapping HTTP/1.1" status: 200 len: 143 time: 0.0107179
2026-07-01 08:36:10.380 48 INFO eventlet.wsgi.server [-] 10.2.2.252, "GET /2009-04-04/meta-data/block-device-mapping/ami HTTP/1.1" status: 200 len: 138 time: 0.0295241
2026-07-01 08:36:10.408 47 INFO eventlet.wsgi.server [-] 10.2.2.252, "GET /2009-04-04/meta-data/block-device-mapping/root HTTP/1.1" status: 200 len: 143 time: 0.0170379
2026-07-01 08:36:10.440 47 INFO eventlet.wsgi.server [-] 10.2.2.252, "GET /2009-04-04/meta-data/public-hostname HTTP/1.1" status: 200 len: 185 time: 0.0270350
2026-07-01 08:36:10.464 47 INFO eventlet.wsgi.server [-] 10.2.2.252, "GET /2009-04-04/meta-data/placement/availability-zone HTTP/1.1" status: 200 len: 139 time: 0.0159924
2026-07-01 08:36:35.507 48 INFO eventlet.wsgi.server [-] 10.100.0.6, "GET /2009-04-04/meta-data/instance-id HTTP/1.1" status: 200 len: 146 time: 0.2009747
2026-07-01 08:36:35.531 47 INFO eventlet.wsgi.server [-] 10.100.0.6, "GET /2009-04-04/meta-data/public-keys HTTP/1.1" status: 200 len: 176 time: 0.0134771
2026-07-01 08:36:35.554 47 INFO eventlet.wsgi.server [-] 10.100.0.6, "GET /2009-04-04/meta-data/public-keys/0/openssh-key HTTP/1.1" status: 200 len: 341 time: 0.0137718
2026-07-01 08:36:35.575 48 INFO eventlet.wsgi.server [-] 10.100.0.6, "GET /2009-04-04/meta-data/instance-id HTTP/1.1" status: 200 len: 146 time: 0.0116677
2026-07-01 08:36:35.595 48 INFO eventlet.wsgi.server [-] 10.100.0.6, "GET /2009-04-04/meta-data/ami-launch-index HTTP/1.1" status: 200 len: 136 time: 0.0114765
2026-07-01 08:36:35.614 48 INFO eventlet.wsgi.server [-] 10.100.0.6, "GET /2009-04-04/meta-data/instance-type HTTP/1.1" status: 200 len: 142 time: 0.0133572
2026-07-01 08:36:35.636 48 INFO eventlet.wsgi.server [-] 10.100.0.6, "GET /2009-04-04/meta-data/local-ipv4 HTTP/1.1" status: 200 len: 146 time: 0.0153975
2026-07-01 08:36:35.661 48 INFO eventlet.wsgi.server [-] 10.100.0.6, "GET /2009-04-04/meta-data/public-ipv4 HTTP/1.1" status: 200 len: 149 time: 0.0140805
2026-07-01 08:36:35.686 48 INFO eventlet.wsgi.server [-] 10.100.0.6, "GET /2009-04-04/meta-data/hostname HTTP/1.1" status: 200 len: 191 time: 0.0162911
2026-07-01 08:36:35.707 48 INFO eventlet.wsgi.server [-] 10.100.0.6, "GET /2009-04-04/meta-data/local-hostname HTTP/1.1" status: 200 len: 191 time: 0.0160460
2026-07-01 08:36:35.729 48 INFO neutron.agent.metadata.agent [-] The instance: 969823c4-7830-4303-b6f4-40787b801476 is not present anymore, skipping cache...
2026-07-01 08:36:35.782 48 INFO eventlet.wsgi.server [-] 10.100.0.6, "GET /2009-04-04/user-data HTTP/1.1" status: 404 len: 297 time: 0.0663805
2026-07-01 08:36:35.807 48 INFO eventlet.wsgi.server [-] 10.100.0.6, "GET /2009-04-04/meta-data/block-device-mapping HTTP/1.1" status: 200 len: 143 time: 0.0134420
2026-07-01 08:36:35.824 48 INFO eventlet.wsgi.server [-] 10.100.0.6, "GET /2009-04-04/meta-data/block-device-mapping/ami HTTP/1.1" status: 200 len: 138 time: 0.0129845
2026-07-01 08:36:35.844 48 INFO eventlet.wsgi.server [-] 10.100.0.6, "GET /2009-04-04/meta-data/block-device-mapping/root HTTP/1.1" status: 200 len: 143 time: 0.0128977
2026-07-01 08:36:35.862 48 INFO eventlet.wsgi.server [-] 10.100.0.6, "GET /2009-04-04/meta-data/public-hostname HTTP/1.1" status: 200 len: 191 time: 0.0125763
2026-07-01 08:36:35.885 48 INFO eventlet.wsgi.server [-] 10.100.0.6, "GET /2009-04-04/meta-data/placement/availability-zone HTTP/1.1" status: 200 len: 139 time: 0.0150809
2026-07-01 08:36:45.522 47 INFO eventlet.wsgi.server [-] 169.254.169.254, "GET / HTTP/1.1" status: 404 len: 176 time: 0.0476143
2026-07-01 08:37:00.270 48 INFO eventlet.wsgi.server [-] 10.100.0.8, "GET /2009-04-04/meta-data/instance-id HTTP/1.1" status: 200 len: 146 time: 0.2698407
2026-07-01 08:37:00.298 48 INFO eventlet.wsgi.server [-] 10.100.0.8, "GET /2009-04-04/meta-data/public-keys HTTP/1.1" status: 200 len: 176 time: 0.0148568
2026-07-01 08:37:00.320 48 INFO eventlet.wsgi.server [-] 10.100.0.8, "GET /2009-04-04/meta-data/public-keys/0/openssh-key HTTP/1.1" status: 200 len: 341 time: 0.0176029
2026-07-01 08:37:00.354 48 INFO eventlet.wsgi.server [-] 10.100.0.8, "GET /2009-04-04/meta-data/instance-id HTTP/1.1" status: 200 len: 146 time: 0.0265179
2026-07-01 08:37:00.380 48 INFO eventlet.wsgi.server [-] 10.100.0.8, "GET /2009-04-04/meta-data/ami-launch-index HTTP/1.1" status: 200 len: 136 time: 0.0174975
2026-07-01 08:37:00.406 48 INFO eventlet.wsgi.server [-] 10.100.0.8, "GET /2009-04-04/meta-data/instance-type HTTP/1.1" status: 200 len: 142 time: 0.0180235
2026-07-01 08:37:00.432 48 INFO eventlet.wsgi.server [-] 10.100.0.8, "GET /2009-04-04/meta-data/local-ipv4 HTTP/1.1" status: 200 len: 146 time: 0.0137255
2026-07-01 08:37:00.453 47 INFO eventlet.wsgi.server [-] 10.100.0.8, "GET /2009-04-04/meta-data/public-ipv4 HTTP/1.1" status: 200 len: 149 time: 0.0107968
2026-07-01 08:37:00.477 47 INFO eventlet.wsgi.server [-] 10.100.0.8, "GET /2009-04-04/meta-data/hostname HTTP/1.1" status: 200 len: 190 time: 0.0149362
2026-07-01 08:37:00.503 47 INFO eventlet.wsgi.server [-] 10.100.0.8, "GET /2009-04-04/meta-data/local-hostname HTTP/1.1" status: 200 len: 190 time: 0.0139403
2026-07-01 08:37:00.525 47 INFO neutron.agent.metadata.agent [-] The instance: 6e9045d9-660b-4c58-b99e-cbb6bece2ffb is not present anymore, skipping cache...
2026-07-01 08:37:00.573 47 INFO eventlet.wsgi.server [-] 10.100.0.8, "GET /2009-04-04/user-data HTTP/1.1" status: 404 len: 297 time: 0.0624814
2026-07-01 08:37:00.607 48 INFO eventlet.wsgi.server [-] 10.100.0.8, "GET /2009-04-04/meta-data/block-device-mapping HTTP/1.1" status: 200 len: 143 time: 0.0174940
2026-07-01 08:37:00.629 48 INFO eventlet.wsgi.server [-] 10.100.0.8, "GET /2009-04-04/meta-data/block-device-mapping/ami HTTP/1.1" status: 200 len: 138 time: 0.0142534
2026-07-01 08:37:00.653 47 INFO eventlet.wsgi.server [-] 10.100.0.8, "GET /2009-04-04/meta-data/block-device-mapping/root HTTP/1.1" status: 200 len: 143 time: 0.0141881
2026-07-01 08:37:00.685 48 INFO eventlet.wsgi.server [-] 10.100.0.8, "GET /2009-04-04/meta-data/public-hostname HTTP/1.1" status: 200 len: 190 time: 0.0179293
2026-07-01 08:37:00.705 48 INFO eventlet.wsgi.server [-] 10.100.0.8, "GET /2009-04-04/meta-data/placement/availability-zone HTTP/1.1" status: 200 len: 139 time: 0.0123975
2026-07-01 08:37:21.233 47 INFO eventlet.wsgi.server [-] 10.100.0.7, "GET /latest/meta-data/public-ipv4 HTTP/1.1" status: 200 len: 149 time: 0.2324488
2026-07-01 08:37:21.544 48 INFO eventlet.wsgi.server [-] 10.100.0.7, "POST /openstack/2013-10-17/password HTTP/1.1" status: 200 len: 134 time: 0.2295747
2026-07-01 08:37:55.244 48 INFO eventlet.wsgi.server [-] 169.254.169.254, "GET / HTTP/1.1" status: 404 len: 176 time: 0.0093687
2026-07-01 08:41:05.222 47 INFO eventlet.wsgi.server [-] 169.254.169.254, "GET / HTTP/1.1" status: 404 len: 176 time: 0.0191176
2026-07-01 08:44:15.238 48 INFO eventlet.wsgi.server [-] 169.254.169.254, "GET / HTTP/1.1" status: 404 len: 176 time: 0.0045197