+ COMMAND=start + start + for KEYSTONE_WSGI_SCRIPT in keystone-wsgi-public ++ type -p keystone-wsgi-public + cp -a /var/lib/openstack/bin/keystone-wsgi-public /var/www/cgi-bin/keystone/ + '[' -f /etc/apache2/envvars ']' + source /etc/apache2/envvars ++ unset HOME ++ '[' '' '!=' '' ']' ++ SUFFIX= ++ export APACHE_RUN_USER=www-data ++ APACHE_RUN_USER=www-data ++ export APACHE_RUN_GROUP=www-data ++ APACHE_RUN_GROUP=www-data ++ export APACHE_PID_FILE=/var/run/apache2/apache2.pid ++ APACHE_PID_FILE=/var/run/apache2/apache2.pid ++ export APACHE_RUN_DIR=/var/run/apache2 ++ APACHE_RUN_DIR=/var/run/apache2 ++ export APACHE_LOCK_DIR=/var/lock/apache2 ++ APACHE_LOCK_DIR=/var/lock/apache2 ++ export APACHE_LOG_DIR=/var/log/apache2 ++ APACHE_LOG_DIR=/var/log/apache2 ++ export LANG=C ++ LANG=C ++ export LANG + '[' -f /var/run/apache2/apache2.pid ']' + exec apache2 -DFOREGROUND AH00558: apache2: Could not reliably determine the server's fully qualified domain name, using 10.0.0.133. Set the 'ServerName' directive globally to suppress this message AH00558: apache2: Could not reliably determine the server's fully qualified domain name, using 10.0.0.133. Set the 'ServerName' directive globally to suppress this message
[Mon Apr 13 06:19:29.017284 2026] [mpm_event:notice] [pid 1:tid 140381460268928] AH00489: Apache/2.4.58 (Ubuntu) mod_wsgi/5.0.0 Python/3.12 configured -- resuming normal operations
[Mon Apr 13 06:19:29.017451 2026] [core:notice] [pid 1:tid 140381460268928] AH00094: Command line: 'apache2 -D FOREGROUND'
[Mon Apr 13 06:20:28.470164 2026] [wsgi:error] [pid 11:tid 140380823496384] /var/lib/openstack/lib/python3.12/site-packages/oslo_utils/importutils.py:77: EventletDeprecationWarning:
[Mon Apr 13 06:20:28.470221 2026] [wsgi:error] [pid 11:tid 140380823496384] Eventlet is deprecated. It is currently being maintained in bugfix mode, and
[Mon Apr 13 06:20:28.470223 2026] [wsgi:error] [pid 11:tid 140380823496384] we strongly recommend against using it for new projects.
[Mon Apr 13 06:20:28.470225 2026] [wsgi:error] [pid 11:tid 140380823496384]
[Mon Apr 13 06:20:28.470226 2026] [wsgi:error] [pid 11:tid 140380823496384] If you are already using Eventlet, we recommend migrating to a different
[Mon Apr 13 06:20:28.470227 2026] [wsgi:error] [pid 11:tid 140380823496384] framework. For more detail see
[Mon Apr 13 06:20:28.470228 2026] [wsgi:error] [pid 11:tid 140380823496384] https://eventlet.readthedocs.io/en/latest/asyncio/migration.html
[Mon Apr 13 06:20:28.470229 2026] [wsgi:error] [pid 11:tid 140380823496384]
[Mon Apr 13 06:20:28.470230 2026] [wsgi:error] [pid 11:tid 140380823496384] __import__(import_str)
[Mon Apr 13 06:20:28.489305 2026] [wsgi:error] [pid 12:tid 140380823496384] /var/lib/openstack/lib/python3.12/site-packages/oslo_utils/importutils.py:77: EventletDeprecationWarning:
[Mon Apr 13 06:20:28.489369 2026] [wsgi:error] [pid 12:tid 140380823496384] Eventlet is deprecated. It is currently being maintained in bugfix mode, and
[Mon Apr 13 06:20:28.489371 2026] [wsgi:error] [pid 12:tid 140380823496384] we strongly recommend against using it for new projects.
[Mon Apr 13 06:20:28.489372 2026] [wsgi:error] [pid 12:tid 140380823496384]
[Mon Apr 13 06:20:28.489373 2026] [wsgi:error] [pid 12:tid 140380823496384] If you are already using Eventlet, we recommend migrating to a different
[Mon Apr 13 06:20:28.489375 2026] [wsgi:error] [pid 12:tid 140380823496384] framework. For more detail see
[Mon Apr 13 06:20:28.489376 2026] [wsgi:error] [pid 12:tid 140380823496384] https://eventlet.readthedocs.io/en/latest/asyncio/migration.html
[Mon Apr 13 06:20:28.489377 2026] [wsgi:error] [pid 12:tid 140380823496384]
[Mon Apr 13 06:20:28.489378 2026] [wsgi:error] [pid 12:tid 140380823496384] __import__(import_str) 10.0.0.35 - - [13/Apr/2026:06:20:27 +0000] "GET /v3/ HTTP/1.1" 200 250 10.0.0.35 - - [13/Apr/2026:06:20:27 +0000] "GET /v3/ HTTP/1.1" 200 250
[Mon Apr 13 06:20:33.692105 2026] [wsgi:error] [pid 10:tid 140380823496384] /var/lib/openstack/lib/python3.12/site-packages/oslo_utils/importutils.py:77: EventletDeprecationWarning:
[Mon Apr 13 06:20:33.692158 2026] [wsgi:error] [pid 10:tid 140380823496384] Eventlet is deprecated. It is currently being maintained in bugfix mode, and
[Mon Apr 13 06:20:33.692160 2026] [wsgi:error] [pid 10:tid 140380823496384] we strongly recommend against using it for new projects.
[Mon Apr 13 06:20:33.692161 2026] [wsgi:error] [pid 10:tid 140380823496384]
[Mon Apr 13 06:20:33.692162 2026] [wsgi:error] [pid 10:tid 140380823496384] If you are already using Eventlet, we recommend migrating to a different
[Mon Apr 13 06:20:33.692164 2026] [wsgi:error] [pid 10:tid 140380823496384] framework. For more detail see
[Mon Apr 13 06:20:33.692165 2026] [wsgi:error] [pid 10:tid 140380823496384] https://eventlet.readthedocs.io/en/latest/asyncio/migration.html
[Mon Apr 13 06:20:33.692166 2026] [wsgi:error] [pid 10:tid 140380823496384]
[Mon Apr 13 06:20:33.692167 2026] [wsgi:error] [pid 10:tid 140380823496384] __import__(import_str) 10.0.0.35 - - [13/Apr/2026:06:20:32 +0000] "GET /v3/ HTTP/1.1" 200 250
[Mon Apr 13 06:20:40.629804 2026] [wsgi:error] [pid 9:tid 140380823496384] /var/lib/openstack/lib/python3.12/site-packages/oslo_utils/importutils.py:77: EventletDeprecationWarning:
[Mon Apr 13 06:20:40.629865 2026] [wsgi:error] [pid 9:tid 140380823496384] Eventlet is deprecated. It is currently being maintained in bugfix mode, and
[Mon Apr 13 06:20:40.629867 2026] [wsgi:error] [pid 9:tid 140380823496384] we strongly recommend against using it for new projects.
[Mon Apr 13 06:20:40.629869 2026] [wsgi:error] [pid 9:tid 140380823496384]
[Mon Apr 13 06:20:40.629870 2026] [wsgi:error] [pid 9:tid 140380823496384] If you are already using Eventlet, we recommend migrating to a different
[Mon Apr 13 06:20:40.629872 2026] [wsgi:error] [pid 9:tid 140380823496384] framework. For more detail see
[Mon Apr 13 06:20:40.629873 2026] [wsgi:error] [pid 9:tid 140380823496384] https://eventlet.readthedocs.io/en/latest/asyncio/migration.html
[Mon Apr 13 06:20:40.629875 2026] [wsgi:error] [pid 9:tid 140380823496384]
[Mon Apr 13 06:20:40.629876 2026] [wsgi:error] [pid 9:tid 140380823496384] __import__(import_str) 10.0.0.92 - - [13/Apr/2026:06:20:39 +0000] "GET / HTTP/1.1" 300 295
[Mon Apr 13 06:20:45.176311 2026] [wsgi:error] [pid 11:tid 140380823496384] [remote 10.0.0.92:52652] 2026-04-13 06:20:45.172 11 WARNING keystone.identity.core [None req-42ecb8a7-7ce3-45fc-9041-f7efe1b1a6fc - - - - - -] Invalid domain name (atmosphere) found in config file name: keystone.exception.DomainNotFound: Could not find domain: atmosphere.
[Mon Apr 13 06:20:45.239312 2026] [wsgi:error] [pid 11:tid 140380823496384] [remote 10.0.0.92:52652] 2026-04-13 06:20:45.238 11 WARNING keystone.common.password_hashing [None req-42ecb8a7-7ce3-45fc-9041-f7efe1b1a6fc - - - - - -] Truncating password to algorithm specific maximum length 72 characters.
[Mon Apr 13 06:20:45.518409 2026] [wsgi:error] [pid 11:tid 140380823496384] [remote 10.0.0.92:52652] 2026-04-13 06:20:45.518 11 WARNING keystone.common.fernet_utils [None req-42ecb8a7-7ce3-45fc-9041-f7efe1b1a6fc - - - - - -] key_repository is world readable: /etc/keystone/fernet-keys/ 10.0.0.92 - - [13/Apr/2026:06:20:45 +0000] "POST /v3/auth/tokens HTTP/1.1" 201 1359
[Mon Apr 13 06:20:45.844080 2026] [wsgi:error] [pid 12:tid 140380823496384] [remote 10.0.0.92:52652] 2026-04-13 06:20:45.840 12 WARNING keystone.identity.core [None req-10f612a9-0bb9-4b55-b526-2c11d32bfa7b - - - - - -] Invalid domain name (atmosphere) found in config file name: keystone.exception.DomainNotFound: Could not find domain: atmosphere. 10.0.0.92 - - [13/Apr/2026:06:20:45 +0000] "POST /v3/domains HTTP/1.1" 201 261 10.0.0.10 - - [13/Apr/2026:06:20:55 +0000] "GET / HTTP/1.1" 300 295
[Mon Apr 13 06:20:56.244943 2026] [wsgi:error] [pid 9:tid 140380823496384] [remote 10.0.0.10:59146] 2026-04-13 06:20:56.244 9 WARNING keystone.common.password_hashing [None req-4d3a2fc6-237e-4743-a667-0336f4961887 - - - - - -] Truncating password to algorithm specific maximum length 72 characters.
[Mon Apr 13 06:20:56.519999 2026] [wsgi:error] [pid 9:tid 140380823496384] [remote 10.0.0.10:59146] 2026-04-13 06:20:56.519 9 WARNING keystone.common.fernet_utils [None req-4d3a2fc6-237e-4743-a667-0336f4961887 - - - - - -] key_repository is world readable: /etc/keystone/fernet-keys/ 10.0.0.10 - - [13/Apr/2026:06:20:55 +0000] "POST /v3/auth/tokens HTTP/1.1" 201 1359 10.0.0.10 - - [13/Apr/2026:06:20:56 +0000] "GET /v3/roles/admin HTTP/1.1" 404 83
[Mon Apr 13 06:20:56.721902 2026] [wsgi:error] [pid 12:tid 140380823496384] [remote 10.0.0.10:59146] 2026-04-13 06:20:56.721 12 WARNING keystone.common.rbac_enforcer.enforcer [None req-ce52092f-70cd-4fd0-b09b-c790ed0714ee 0c6f507e0c6c43708237de5aefd9e927 e0268bdda0184ac78b35b76cb372118d - - default default] Deprecated policy rules found. Use oslopolicy-policy-generator and oslopolicy-policy-upgrade to detect and resolve deprecated policies in your configuration. 10.0.0.10 - - [13/Apr/2026:06:20:56 +0000] "GET /v3/roles?name=admin HTTP/1.1" 200 389
[Mon Apr 13 06:20:57.062673 2026] [wsgi:error] [pid 10:tid 140380823496384] [remote 10.0.0.10:59146] 2026-04-13 06:20:57.062 10 WARNING keystone.common.rbac_enforcer.enforcer [None req-122bef80-ea1d-44c8-b24e-e007645ecec6 0c6f507e0c6c43708237de5aefd9e927 e0268bdda0184ac78b35b76cb372118d - - default default] Deprecated policy rules found. Use oslopolicy-policy-generator and oslopolicy-policy-upgrade to detect and resolve deprecated policies in your configuration. 10.0.0.10 - - [13/Apr/2026:06:20:56 +0000] "GET /v3/users/admin-RegionOne HTTP/1.1" 404 93
[Mon Apr 13 06:20:57.206077 2026] [wsgi:error] [pid 9:tid 140380823496384] [remote 10.0.0.10:59146] 2026-04-13 06:20:57.205 9 WARNING keystone.common.rbac_enforcer.enforcer [None req-b128233d-c885-4852-afb7-bd4df2c6dad9 0c6f507e0c6c43708237de5aefd9e927 e0268bdda0184ac78b35b76cb372118d - - default default] Deprecated policy rules found. Use oslopolicy-policy-generator and oslopolicy-policy-upgrade to detect and resolve deprecated policies in your configuration. 10.0.0.10 - - [13/Apr/2026:06:20:57 +0000] "GET /v3/users?name=admin-RegionOne HTTP/1.1" 200 422
[Mon Apr 13 06:20:57.366424 2026] [wsgi:error] [pid 11:tid 140380823496384] [remote 10.0.0.10:59146] 2026-04-13 06:20:57.366 11 WARNING keystone.common.rbac_enforcer.enforcer [None req-6b7f0253-93dd-456c-ac50-0cd66481dcc9 0c6f507e0c6c43708237de5aefd9e927 e0268bdda0184ac78b35b76cb372118d - - default default] Deprecated policy rules found. Use oslopolicy-policy-generator and oslopolicy-policy-upgrade to detect and resolve deprecated policies in your configuration. 10.0.0.10 - - [13/Apr/2026:06:20:57 +0000] "GET /v3/domains/default HTTP/1.1" 200 224 10.0.0.10 - - [13/Apr/2026:06:20:57 +0000] "PUT /v3/domains/default/users/0c6f507e0c6c43708237de5aefd9e927/roles/8ecbadc297cd4bff9d222693053110b0 HTTP/1.1" 204 - 10.0.0.35 - - [13/Apr/2026:06:21:07 +0000] "GET / HTTP/1.1" 300 280 10.0.0.35 - - [13/Apr/2026:06:21:08 +0000] "GET /v3 HTTP/1.1" 200 265
[Mon Apr 13 06:21:08.640200 2026] [wsgi:error] [pid 11:tid 140380823496384] [remote 10.0.0.35:38610] 2026-04-13 06:21:08.640 11 WARNING keystone.common.password_hashing [None req-7ee6c037-d8a8-49b8-be97-bba7cb38871c - - - - - -] Truncating password to algorithm specific maximum length 72 characters.
[Mon Apr 13 06:21:08.919412 2026] [wsgi:error] [pid 11:tid 140380823496384] [remote 10.0.0.35:38610] 2026-04-13 06:21:08.919 11 WARNING keystone.common.fernet_utils [None req-7ee6c037-d8a8-49b8-be97-bba7cb38871c - - - - - -] key_repository is world readable: /etc/keystone/fernet-keys/ 10.0.0.35 - - [13/Apr/2026:06:21:08 +0000] "POST /v3/auth/tokens HTTP/1.1" 201 1359 10.0.0.35 - - [13/Apr/2026:06:21:08 +0000] "GET / HTTP/1.1" 300 280 10.0.0.35 - - [13/Apr/2026:06:21:08 +0000] "GET /v3/domains/atmosphere HTTP/1.1" 404 90 10.0.0.35 - - [13/Apr/2026:06:21:09 +0000] "GET /v3/domains?name=atmosphere HTTP/1.1" 200 368 10.0.0.35 - - [13/Apr/2026:06:21:09 +0000] "GET /v3/domains/e786f04ee10c4bc0a56b2cb1c94d73dc HTTP/1.1" 200 246 10.0.0.35 - - [13/Apr/2026:06:21:09 +0000] "GET /v3 HTTP/1.1" 200 265
[Mon Apr 13 06:21:10.011392 2026] [wsgi:error] [pid 10:tid 140380823496384] [remote 10.0.0.35:38616] 2026-04-13 06:21:10.011 10 WARNING keystone.common.password_hashing [None req-2f3d87ee-2b8d-479e-9460-f23b3cb7579a - - - - - -] Truncating password to algorithm specific maximum length 72 characters.
[Mon Apr 13 06:21:10.279506 2026] [wsgi:error] [pid 10:tid 140380823496384] [remote 10.0.0.35:38616] 2026-04-13 06:21:10.279 10 WARNING keystone.common.fernet_utils [None req-2f3d87ee-2b8d-479e-9460-f23b3cb7579a - - - - - -] key_repository is world readable: /etc/keystone/fernet-keys/ 10.0.0.35 - - [13/Apr/2026:06:21:09 +0000] "POST /v3/auth/tokens HTTP/1.1" 201 1359 10.0.0.35 - - [13/Apr/2026:06:21:10 +0000] "GET / HTTP/1.1" 300 280 10.0.0.35 - - [13/Apr/2026:06:21:10 +0000] "GET /v3/OS-FEDERATION/identity_providers/atmosphere HTTP/1.1" 404 101 10.0.0.35 - - [13/Apr/2026:06:21:10 +0000] "GET /v3/OS-FEDERATION/identity_providers HTTP/1.1" 200 155 10.0.0.35 - - [13/Apr/2026:06:21:10 +0000] "PUT /v3/OS-FEDERATION/identity_providers/atmosphere HTTP/1.1" 201 340 10.0.0.35 - - [13/Apr/2026:06:21:11 +0000] "GET /v3 HTTP/1.1" 200 265
[Mon Apr 13 06:21:11.082476 2026] [wsgi:error] [pid 11:tid 140380823496384] [remote 10.0.0.35:38616] 2026-04-13 06:21:11.082 11 WARNING keystone.common.password_hashing [None req-4dad0e4d-e613-432d-bc61-a4cdd4a3240e - - - - - -] Truncating password to algorithm specific maximum length 72 characters.
[Mon Apr 13 06:21:11.355505 2026] [wsgi:error] [pid 11:tid 140380823496384] [remote 10.0.0.35:38616] 2026-04-13 06:21:11.355 11 WARNING keystone.common.fernet_utils [None req-4dad0e4d-e613-432d-bc61-a4cdd4a3240e - - - - - -] key_repository is world readable: /etc/keystone/fernet-keys/ 10.0.0.35 - - [13/Apr/2026:06:21:11 +0000] "POST /v3/auth/tokens HTTP/1.1" 201 1359 10.0.0.35 - - [13/Apr/2026:06:21:11 +0000] "GET / HTTP/1.1" 300 280 10.0.0.35 - - [13/Apr/2026:06:21:11 +0000] "GET /v3/OS-FEDERATION/mappings/atmosphere-openid HTTP/1.1" 404 98 10.0.0.35 - - [13/Apr/2026:06:21:11 +0000] "GET /v3/OS-FEDERATION/mappings HTTP/1.1" 200 135 10.0.0.35 - - [13/Apr/2026:06:21:11 +0000] "PUT /v3/OS-FEDERATION/mappings/atmosphere-openid HTTP/1.1" 201 356 10.0.0.35 - - [13/Apr/2026:06:21:12 +0000] "GET /v3 HTTP/1.1" 200 265
[Mon Apr 13 06:21:12.196927 2026] [wsgi:error] [pid 10:tid 140380823496384] [remote 10.0.0.35:38616] 2026-04-13 06:21:12.196 10 WARNING keystone.common.password_hashing [None req-20e9f8a4-62b3-4086-9b55-a4b3a772e956 - - - - - -] Truncating password to algorithm specific maximum length 72 characters.
[Mon Apr 13 06:21:12.481041 2026] [wsgi:error] [pid 10:tid 140380823496384] [remote 10.0.0.35:38616] 2026-04-13 06:21:12.480 10 WARNING keystone.common.fernet_utils [None req-20e9f8a4-62b3-4086-9b55-a4b3a772e956 - - - - - -] key_repository is world readable: /etc/keystone/fernet-keys/ 10.0.0.35 - - [13/Apr/2026:06:21:12 +0000] "POST /v3/auth/tokens HTTP/1.1" 201 1359 10.0.0.35 - - [13/Apr/2026:06:21:12 +0000] "GET / HTTP/1.1" 300 280 10.0.0.35 - - [13/Apr/2026:06:21:12 +0000] "GET /v3/OS-FEDERATION/identity_providers/atmosphere/protocols/openid?idp_id=atmosphere HTTP/1.1" 404 131 10.0.0.35 - - [13/Apr/2026:06:21:12 +0000] "GET /v3/OS-FEDERATION/identity_providers/atmosphere/protocols HTTP/1.1" 200 167 10.0.0.35 - - [13/Apr/2026:06:21:12 +0000] "PUT /v3/OS-FEDERATION/identity_providers/atmosphere/protocols/openid HTTP/1.1" 201 222 10.0.0.35 - - [13/Apr/2026:06:21:27 +0000] "GET /v3/ HTTP/1.1" 200 250 10.0.0.35 - - [13/Apr/2026:06:21:27 +0000] "GET /v3/ HTTP/1.1" 200 250 10.0.0.35 - - [13/Apr/2026:06:22:27 +0000] "GET /v3/ HTTP/1.1" 200 250 10.0.0.35 - - [13/Apr/2026:06:22:27 +0000] "GET /v3/ HTTP/1.1" 200 250 10.0.0.48 - - [13/Apr/2026:06:22:38 +0000] "GET / HTTP/1.1" 300 295
[Mon Apr 13 06:22:38.868177 2026] [wsgi:error] [pid 11:tid 140380823496384] [remote 10.0.0.48:40518] 2026-04-13 06:22:38.867 11 WARNING keystone.common.password_hashing [None req-77d53ba0-cd4a-4ae3-97a1-b563ead81a86 - - - - - -] Truncating password to algorithm specific maximum length 72 characters.
[Mon Apr 13 06:22:39.144965 2026] [wsgi:error] [pid 11:tid 140380823496384] [remote 10.0.0.48:40518] 2026-04-13 06:22:39.144 11 WARNING keystone.common.fernet_utils [None req-77d53ba0-cd4a-4ae3-97a1-b563ead81a86 - - - - - -] key_repository is world readable: /etc/keystone/fernet-keys/ 10.0.0.48 - - [13/Apr/2026:06:22:38 +0000] "POST /v3/auth/tokens HTTP/1.1" 201 1359 10.0.0.48 - - [13/Apr/2026:06:22:39 +0000] "GET /v3/services HTTP/1.1" 200 355 10.0.0.48 - - [13/Apr/2026:06:22:42 +0000] "GET / HTTP/1.1" 300 295
[Mon Apr 13 06:22:42.924111 2026] [wsgi:error] [pid 9:tid 140380823496384] [remote 10.0.0.48:45598] 2026-04-13 06:22:42.923 9 WARNING keystone.common.password_hashing [None req-3909268c-16b4-422b-8df8-3eefe455d11a - - - - - -] Truncating password to algorithm specific maximum length 72 characters.
[Mon Apr 13 06:22:43.203731 2026] [wsgi:error] [pid 9:tid 140380823496384] [remote 10.0.0.48:45598] 2026-04-13 06:22:43.203 9 WARNING keystone.common.fernet_utils [None req-3909268c-16b4-422b-8df8-3eefe455d11a - - - - - -] key_repository is world readable: /etc/keystone/fernet-keys/ 10.0.0.48 - - [13/Apr/2026:06:22:42 +0000] "POST /v3/auth/tokens HTTP/1.1" 201 1359 10.0.0.48 - - [13/Apr/2026:06:22:43 +0000] "GET /v3/services HTTP/1.1" 200 355 10.0.0.48 - - [13/Apr/2026:06:22:46 +0000] "GET / HTTP/1.1" 300 295
[Mon Apr 13 06:22:46.839436 2026] [wsgi:error] [pid 10:tid 140380823496384] [remote 10.0.0.48:45602] 2026-04-13 06:22:46.839 10 WARNING keystone.common.password_hashing [None req-bae9f305-d456-4bcc-ae67-ee42db64e02e - - - - - -] Truncating password to algorithm specific maximum length 72 characters.
[Mon Apr 13 06:22:47.117108 2026] [wsgi:error] [pid 10:tid 140380823496384] [remote 10.0.0.48:45602] 2026-04-13 06:22:47.116 10 WARNING keystone.common.fernet_utils [None req-bae9f305-d456-4bcc-ae67-ee42db64e02e - - - - - -] key_repository is world readable: /etc/keystone/fernet-keys/ 10.0.0.48 - - [13/Apr/2026:06:22:46 +0000] "POST /v3/auth/tokens HTTP/1.1" 201 1359 10.0.0.48 - - [13/Apr/2026:06:22:47 +0000] "GET /v3/services HTTP/1.1" 200 355 10.0.0.48 - - [13/Apr/2026:06:22:50 +0000] "GET / HTTP/1.1" 300 295
[Mon Apr 13 06:22:50.700953 2026] [wsgi:error] [pid 12:tid 140380823496384] [remote 10.0.0.48:45610] 2026-04-13 06:22:50.700 12 WARNING keystone.common.password_hashing [None req-b05218c5-9daf-4aea-91f2-d2edaccdda6f - - - - - -] Truncating password to algorithm specific maximum length 72 characters.
[Mon Apr 13 06:22:50.973027 2026] [wsgi:error] [pid 12:tid 140380823496384] [remote 10.0.0.48:45610] 2026-04-13 06:22:50.972 12 WARNING keystone.common.fernet_utils [None req-b05218c5-9daf-4aea-91f2-d2edaccdda6f - - - - - -] key_repository is world readable: /etc/keystone/fernet-keys/ 10.0.0.48 - - [13/Apr/2026:06:22:50 +0000] "POST /v3/auth/tokens HTTP/1.1" 201 1359 10.0.0.48 - - [13/Apr/2026:06:22:51 +0000] "POST /v3/services HTTP/1.1" 201 296 10.0.0.227 - - [13/Apr/2026:06:23:03 +0000] "GET / HTTP/1.1" 300 295
[Mon Apr 13 06:23:03.173616 2026] [wsgi:error] [pid 11:tid 140380823496384] [remote 10.0.0.227:52254] 2026-04-13 06:23:03.173 11 WARNING keystone.common.password_hashing [None req-bc1edf29-3948-44f0-a2df-b2b340e7608c - - - - - -] Truncating password to algorithm specific maximum length 72 characters. 10.0.0.227 - - [13/Apr/2026:06:23:03 +0000] "GET / HTTP/1.1" 300 295
[Mon Apr 13 06:23:03.277416 2026] [wsgi:error] [pid 10:tid 140380823496384] [remote 10.0.0.227:52260] 2026-04-13 06:23:03.277 10 WARNING keystone.common.password_hashing [None req-b0ab7926-f6c8-4adf-9bb8-e6dcd40ef229 - - - - - -] Truncating password to algorithm specific maximum length 72 characters. 10.0.0.227 - - [13/Apr/2026:06:23:03 +0000] "GET / HTTP/1.1" 300 295
[Mon Apr 13 06:23:03.379693 2026] [wsgi:error] [pid 12:tid 140380823496384] [remote 10.0.0.227:52276] 2026-04-13 06:23:03.379 12 WARNING keystone.common.password_hashing [None req-90a53433-0138-4493-93ab-85bed2b7132a - - - - - -] Truncating password to algorithm specific maximum length 72 characters.
[Mon Apr 13 06:23:03.462255 2026] [wsgi:error] [pid 11:tid 140380823496384] [remote 10.0.0.227:52254] 2026-04-13 06:23:03.461 11 WARNING keystone.common.fernet_utils [None req-bc1edf29-3948-44f0-a2df-b2b340e7608c - - - - - -] key_repository is world readable: /etc/keystone/fernet-keys/ 10.0.0.227 - - [13/Apr/2026:06:23:03 +0000] "POST /v3/auth/tokens HTTP/1.1" 201 1463
[Mon Apr 13 06:23:03.548045 2026] [wsgi:error] [pid 10:tid 140380823496384] [remote 10.0.0.227:52260] 2026-04-13 06:23:03.547 10 WARNING keystone.common.fernet_utils [None req-b0ab7926-f6c8-4adf-9bb8-e6dcd40ef229 - - - - - -] key_repository is world readable: /etc/keystone/fernet-keys/ 10.0.0.227 - - [13/Apr/2026:06:23:03 +0000] "POST /v3/auth/tokens HTTP/1.1" 201 1463 10.0.0.227 - - [13/Apr/2026:06:23:03 +0000] "GET /v3/services HTTP/1.1" 200 639
[Mon Apr 13 06:23:03.655515 2026] [wsgi:error] [pid 12:tid 140380823496384] [remote 10.0.0.227:52276] 2026-04-13 06:23:03.655 12 WARNING keystone.common.fernet_utils [None req-90a53433-0138-4493-93ab-85bed2b7132a - - - - - -] key_repository is world readable: /etc/keystone/fernet-keys/ 10.0.0.227 - - [13/Apr/2026:06:23:03 +0000] "POST /v3/auth/tokens HTTP/1.1" 201 1463 10.0.0.227 - - [13/Apr/2026:06:23:03 +0000] "GET /v3/services HTTP/1.1" 200 639 10.0.0.227 - - [13/Apr/2026:06:23:03 +0000] "GET /v3/services HTTP/1.1" 200 639 10.0.0.227 - - [13/Apr/2026:06:23:05 +0000] "GET / HTTP/1.1" 300 295
[Mon Apr 13 06:23:05.069672 2026] [wsgi:error] [pid 12:tid 140380823496384] [remote 10.0.0.227:52286] 2026-04-13 06:23:05.069 12 WARNING keystone.common.password_hashing [None req-54492c01-8c8d-489b-91bf-b1bded515e7b - - - - - -] Truncating password to algorithm specific maximum length 72 characters. 10.0.0.227 - - [13/Apr/2026:06:23:05 +0000] "GET / HTTP/1.1" 300 295
[Mon Apr 13 06:23:05.131676 2026] [wsgi:error] [pid 10:tid 140380823496384] [remote 10.0.0.227:52296] 2026-04-13 06:23:05.131 10 WARNING keystone.common.password_hashing [None req-78cbb9d3-5bfc-4b41-ba91-a67e32932c08 - - - - - -] Truncating password to algorithm specific maximum length 72 characters. 10.0.0.227 - - [13/Apr/2026:06:23:05 +0000] "GET / HTTP/1.1" 300 295
[Mon Apr 13 06:23:05.298433 2026] [wsgi:error] [pid 11:tid 140380823496384] [remote 10.0.0.227:52306] 2026-04-13 06:23:05.298 11 WARNING keystone.common.password_hashing [None req-97dadcd2-ddbb-4d8b-94c6-839656c6901a - - - - - -] Truncating password to algorithm specific maximum length 72 characters.
[Mon Apr 13 06:23:05.340153 2026] [wsgi:error] [pid 12:tid 140380823496384] [remote 10.0.0.227:52286] 2026-04-13 06:23:05.340 12 WARNING keystone.common.fernet_utils [None req-54492c01-8c8d-489b-91bf-b1bded515e7b - - - - - -] key_repository is world readable: /etc/keystone/fernet-keys/ 10.0.0.227 - - [13/Apr/2026:06:23:05 +0000] "POST /v3/auth/tokens HTTP/1.1" 201 1463
[Mon Apr 13 06:23:05.414574 2026] [wsgi:error] [pid 10:tid 140380823496384] [remote 10.0.0.227:52296] 2026-04-13 06:23:05.414 10 WARNING keystone.common.fernet_utils [None req-78cbb9d3-5bfc-4b41-ba91-a67e32932c08 - - - - - -] key_repository is world readable: /etc/keystone/fernet-keys/ 10.0.0.227 - - [13/Apr/2026:06:23:05 +0000] "POST /v3/auth/tokens HTTP/1.1" 201 1463 10.0.0.227 - - [13/Apr/2026:06:23:05 +0000] "GET /v3/endpoints HTTP/1.1" 200 1226 10.0.0.227 - - [13/Apr/2026:06:23:05 +0000] "GET /v3/services/84d74ad5b9aa425bbf08e7b1e6d266c1 HTTP/1.1" 200 233 10.0.0.227 - - [13/Apr/2026:06:23:05 +0000] "GET /v3/services/84d74ad5b9aa425bbf08e7b1e6d266c1 HTTP/1.1" 200 233 10.0.0.227 - - [13/Apr/2026:06:23:05 +0000] "GET /v3/services/84d74ad5b9aa425bbf08e7b1e6d266c1 HTTP/1.1" 200 233 10.0.0.227 - - [13/Apr/2026:06:23:05 +0000] "GET /v3/endpoints HTTP/1.1" 200 1226 10.0.0.227 - - [13/Apr/2026:06:23:05 +0000] "GET /v3/services/84d74ad5b9aa425bbf08e7b1e6d266c1 HTTP/1.1" 200 233
[Mon Apr 13 06:23:05.574807 2026] [wsgi:error] [pid 11:tid 140380823496384] [remote 10.0.0.227:52306] 2026-04-13 06:23:05.574 11 WARNING keystone.common.fernet_utils [None req-97dadcd2-ddbb-4d8b-94c6-839656c6901a - - - - - -] key_repository is world readable: /etc/keystone/fernet-keys/ 10.0.0.227 - - [13/Apr/2026:06:23:05 +0000] "POST /v3/auth/tokens HTTP/1.1" 201 1463 10.0.0.227 - - [13/Apr/2026:06:23:05 +0000] "GET /v3/services/84d74ad5b9aa425bbf08e7b1e6d266c1 HTTP/1.1" 200 233 10.0.0.227 - - [13/Apr/2026:06:23:05 +0000] "GET /v3/services/84d74ad5b9aa425bbf08e7b1e6d266c1 HTTP/1.1" 200 233 10.0.0.227 - - [13/Apr/2026:06:23:05 +0000] "GET /v3/endpoints HTTP/1.1" 200 1226 10.0.0.227 - - [13/Apr/2026:06:23:05 +0000] "GET /v3/services/84d74ad5b9aa425bbf08e7b1e6d266c1 HTTP/1.1" 200 233 10.0.0.227 - - [13/Apr/2026:06:23:05 +0000] "GET /v3/services/84d74ad5b9aa425bbf08e7b1e6d266c1 HTTP/1.1" 200 233 10.0.0.227 - - [13/Apr/2026:06:23:05 +0000] "GET /v3/services/84d74ad5b9aa425bbf08e7b1e6d266c1 HTTP/1.1" 200 233 10.0.0.227 - - [13/Apr/2026:06:23:06 +0000] "GET / HTTP/1.1" 300 295
[Mon Apr 13 06:23:06.835134 2026] [wsgi:error] [pid 11:tid 140380823496384] [remote 10.0.0.227:52312] 2026-04-13 06:23:06.834 11 WARNING keystone.common.password_hashing [None req-2e642b01-cf01-4ddf-8a35-b56f1f30806c - - - - - -] Truncating password to algorithm specific maximum length 72 characters. 10.0.0.227 - - [13/Apr/2026:06:23:07 +0000] "GET / HTTP/1.1" 300 295
[Mon Apr 13 06:23:07.040496 2026] [wsgi:error] [pid 12:tid 140380823496384] [remote 10.0.0.227:52314] 2026-04-13 06:23:07.040 12 WARNING keystone.common.password_hashing [None req-a4a10142-0fde-4136-b0bb-7dd6185ca384 - - - - - -] Truncating password to algorithm specific maximum length 72 characters.
[Mon Apr 13 06:23:07.120262 2026] [wsgi:error] [pid 11:tid 140380823496384] [remote 10.0.0.227:52312] 2026-04-13 06:23:07.120 11 WARNING keystone.common.fernet_utils [None req-2e642b01-cf01-4ddf-8a35-b56f1f30806c - - - - - -] key_repository is world readable: /etc/keystone/fernet-keys/ 10.0.0.227 - - [13/Apr/2026:06:23:06 +0000] "POST /v3/auth/tokens HTTP/1.1" 201 1463 10.0.0.227 - - [13/Apr/2026:06:23:07 +0000] "GET / HTTP/1.1" 300 295
[Mon Apr 13 06:23:07.188699 2026] [wsgi:error] [pid 9:tid 140380823496384] [remote 10.0.0.227:52316] 2026-04-13 06:23:07.188 9 WARNING keystone.common.password_hashing [None req-381a981e-e205-4b50-8c81-26ff73c154d9 - - - - - -] Truncating password to algorithm specific maximum length 72 characters. 10.0.0.227 - - [13/Apr/2026:06:23:07 +0000] "GET /v3/services/19c613b21f954c638b09fa7723ff56e4 HTTP/1.1" 200 296 10.0.0.227 - - [13/Apr/2026:06:23:07 +0000] "GET /v3/regions/RegionOne HTTP/1.1" 200 173
[Mon Apr 13 06:23:07.319524 2026] [wsgi:error] [pid 12:tid 140380823496384] [remote 10.0.0.227:52314] 2026-04-13 06:23:07.319 12 WARNING keystone.common.fernet_utils [None req-a4a10142-0fde-4136-b0bb-7dd6185ca384 - - - - - -] key_repository is world readable: /etc/keystone/fernet-keys/ 10.0.0.227 - - [13/Apr/2026:06:23:07 +0000] "POST /v3/auth/tokens HTTP/1.1" 201 1463 10.0.0.227 - - [13/Apr/2026:06:23:07 +0000] "POST /v3/endpoints HTTP/1.1" 201 380 10.0.0.227 - - [13/Apr/2026:06:23:07 +0000] "GET /v3/services/19c613b21f954c638b09fa7723ff56e4 HTTP/1.1" 200 296
[Mon Apr 13 06:23:07.457390 2026] [wsgi:error] [pid 9:tid 140380823496384] [remote 10.0.0.227:52316] 2026-04-13 06:23:07.457 9 WARNING keystone.common.fernet_utils [None req-381a981e-e205-4b50-8c81-26ff73c154d9 - - - - - -] key_repository is world readable: /etc/keystone/fernet-keys/ 10.0.0.227 - - [13/Apr/2026:06:23:07 +0000] "POST /v3/auth/tokens HTTP/1.1" 201 1640 10.0.0.227 - - [13/Apr/2026:06:23:07 +0000] "GET /v3/regions/RegionOne HTTP/1.1" 200 173 10.0.0.227 - - [13/Apr/2026:06:23:07 +0000] "POST /v3/endpoints HTTP/1.1" 201 369 10.0.0.227 - - [13/Apr/2026:06:23:07 +0000] "GET /v3/services/19c613b21f954c638b09fa7723ff56e4 HTTP/1.1" 200 296 10.0.0.227 - - [13/Apr/2026:06:23:07 +0000] "GET /v3/regions/RegionOne HTTP/1.1" 200 173 10.0.0.227 - - [13/Apr/2026:06:23:07 +0000] "POST /v3/endpoints HTTP/1.1" 201 383 10.0.0.227 - - [13/Apr/2026:06:23:08 +0000] "GET / HTTP/1.1" 300 295
[Mon Apr 13 06:23:08.873865 2026] [wsgi:error] [pid 10:tid 140380823496384] [remote 10.0.0.227:52328] 2026-04-13 06:23:08.873 10 WARNING keystone.common.password_hashing [None req-0a7f2b7b-b421-435f-a200-b47517fca17b - - - - - -] Truncating password to algorithm specific maximum length 72 characters. 10.0.0.227 - - [13/Apr/2026:06:23:08 +0000] "GET / HTTP/1.1" 300 295
[Mon Apr 13 06:23:09.076801 2026] [wsgi:error] [pid 12:tid 140380823496384] [remote 10.0.0.227:52332] 2026-04-13 06:23:09.076 12 WARNING keystone.common.password_hashing [None req-61258892-8385-46fa-be5c-28fa87238f5d - - - - - -] Truncating password to algorithm specific maximum length 72 characters.
[Mon Apr 13 06:23:09.156254 2026] [wsgi:error] [pid 10:tid 140380823496384] [remote 10.0.0.227:52328] 2026-04-13 06:23:09.156 10 WARNING keystone.common.fernet_utils [None req-0a7f2b7b-b421-435f-a200-b47517fca17b - - - - - -] key_repository is world readable: /etc/keystone/fernet-keys/ 10.0.0.227 - - [13/Apr/2026:06:23:08 +0000] "POST /v3/auth/tokens HTTP/1.1" 201 1990 10.0.0.227 - - [13/Apr/2026:06:23:09 +0000] "GET /v3/endpoints/2a6fc8e36a8147fcb2231a85d9c36c33 HTTP/1.1" 200 369 10.0.0.227 - - [13/Apr/2026:06:23:09 +0000] "GET /v3/services/19c613b21f954c638b09fa7723ff56e4 HTTP/1.1" 200 296 10.0.0.227 - - [13/Apr/2026:06:23:09 +0000] "GET / HTTP/1.1" 300 295
[Mon Apr 13 06:23:09.356102 2026] [wsgi:error] [pid 11:tid 140380823496384] [remote 10.0.0.227:52334] 2026-04-13 06:23:09.355 11 WARNING keystone.common.password_hashing [None req-258fa56d-e3f8-4726-8a82-24936c19ecc4 - - - - - -] Truncating password to algorithm specific maximum length 72 characters.
[Mon Apr 13 06:23:09.401767 2026] [wsgi:error] [pid 12:tid 140380823496384] [remote 10.0.0.227:52332] 2026-04-13 06:23:09.401 12 WARNING keystone.common.fernet_utils [None req-61258892-8385-46fa-be5c-28fa87238f5d - - - - - -] key_repository is world readable: /etc/keystone/fernet-keys/ 10.0.0.227 - - [13/Apr/2026:06:23:08 +0000] "POST /v3/auth/tokens HTTP/1.1" 201 1990 10.0.0.227 - - [13/Apr/2026:06:23:09 +0000] "GET /v3/endpoints/969dfcd51c6c4780b3b56719b4e366dd HTTP/1.1" 200 380 10.0.0.227 - - [13/Apr/2026:06:23:09 +0000] "GET /v3/services/19c613b21f954c638b09fa7723ff56e4 HTTP/1.1" 200 296
[Mon Apr 13 06:23:09.629834 2026] [wsgi:error] [pid 11:tid 140380823496384] [remote 10.0.0.227:52334] 2026-04-13 06:23:09.629 11 WARNING keystone.common.fernet_utils [None req-258fa56d-e3f8-4726-8a82-24936c19ecc4 - - - - - -] key_repository is world readable: /etc/keystone/fernet-keys/ 10.0.0.227 - - [13/Apr/2026:06:23:09 +0000] "POST /v3/auth/tokens HTTP/1.1" 201 1990 10.0.0.227 - - [13/Apr/2026:06:23:09 +0000] "GET /v3/endpoints/9eae05cc27fb4b55b739ee1f462d6f63 HTTP/1.1" 200 383 10.0.0.227 - - [13/Apr/2026:06:23:09 +0000] "GET /v3/services/19c613b21f954c638b09fa7723ff56e4 HTTP/1.1" 200 296 10.0.0.139 - - [13/Apr/2026:06:23:19 +0000] "GET / HTTP/1.1" 300 295
[Mon Apr 13 06:23:19.479417 2026] [wsgi:error] [pid 11:tid 140380823496384] [remote 10.0.0.139:42722] 2026-04-13 06:23:19.479 11 WARNING keystone.common.password_hashing [None req-ef59113a-061d-45c3-bc6e-b15c0f4fb8b5 - - - - - -] Truncating password to algorithm specific maximum length 72 characters.
[Mon Apr 13 06:23:19.753429 2026] [wsgi:error] [pid 11:tid 140380823496384] [remote 10.0.0.139:42722] 2026-04-13 06:23:19.753 11 WARNING keystone.common.fernet_utils [None req-ef59113a-061d-45c3-bc6e-b15c0f4fb8b5 - - - - - -] key_repository is world readable: /etc/keystone/fernet-keys/ 10.0.0.139 - - [13/Apr/2026:06:23:19 +0000] "POST /v3/auth/tokens HTTP/1.1" 201 1990 10.0.0.139 - - [13/Apr/2026:06:23:19 +0000] "POST /v3/domains HTTP/1.1" 201 284 10.0.0.139 - - [13/Apr/2026:06:23:21 +0000] "GET / HTTP/1.1" 300 295
[Mon Apr 13 06:23:21.279012 2026] [wsgi:error] [pid 10:tid 140380823496384] [remote 10.0.0.139:60180] 2026-04-13 06:23:21.278 10 WARNING keystone.common.password_hashing [None req-de0afd85-40ec-4844-80b9-dbe48335d0b9 - - - - - -] Truncating password to algorithm specific maximum length 72 characters.
[Mon Apr 13 06:23:21.566260 2026] [wsgi:error] [pid 10:tid 140380823496384] [remote 10.0.0.139:60180] 2026-04-13 06:23:21.566 10 WARNING keystone.common.fernet_utils [None req-de0afd85-40ec-4844-80b9-dbe48335d0b9 - - - - - -] key_repository is world readable: /etc/keystone/fernet-keys/ 10.0.0.139 - - [13/Apr/2026:06:23:21 +0000] "POST /v3/auth/tokens HTTP/1.1" 201 1990
[Mon Apr 13 06:23:21.749177 2026] [wsgi:error] [pid 11:tid 140380823496384] [remote 10.0.0.139:60180] 2026-04-13 06:23:21.736 11 ERROR keystone.server.flask.application [None req-ad24378a-c7cf-41dd-b60e-3eeaedf86227 0c6f507e0c6c43708237de5aefd9e927 e0268bdda0184ac78b35b76cb372118d - - default default] Conflict occurred attempting to store project - it is not permitted to have two projects acting as domains with the same name: service.: keystone.exception.Conflict: Conflict occurred attempting to store project - it is not permitted to have two projects acting as domains with the same name: service.
[Mon Apr 13 06:23:21.749209 2026] [wsgi:error] [pid 11:tid 140380823496384] [remote 10.0.0.139:60180] 2026-04-13 06:23:21.736 11 ERROR keystone.server.flask.application
Traceback (most recent call last):
[Mon Apr 13 06:23:21.749211 2026] [wsgi:error] [pid 11:tid 140380823496384] [remote 10.0.0.139:60180] 2026-04-13 06:23:21.736 11 ERROR keystone.server.flask.application
File "/var/lib/openstack/lib/python3.12/site-packages/sqlalchemy/engine/base.py", line 1967, in _exec_single_context
[Mon Apr 13 06:23:21.749213 2026] [wsgi:error] [pid 11:tid 140380823496384] [remote 10.0.0.139:60180] 2026-04-13 06:23:21.736 11 ERROR keystone.server.flask.application self.dialect.do_execute(
[Mon Apr 13 06:23:21.749214 2026] [wsgi:error] [pid 11:tid 140380823496384] [remote 10.0.0.139:60180] 2026-04-13 06:23:21.736 11 ERROR keystone.server.flask.application
File "/var/lib/openstack/lib/python3.12/site-packages/sqlalchemy/engine/default.py", line 952, in do_execute
[Mon Apr 13 06:23:21.749217 2026] [wsgi:error] [pid 11:tid 140380823496384] [remote 10.0.0.139:60180] 2026-04-13 06:23:21.736 11 ERROR keystone.server.flask.application cursor.execute(statement, parameters)
[Mon Apr 13 06:23:21.749219 2026] [wsgi:error] [pid 11:tid 140380823496384] [remote 10.0.0.139:60180] 2026-04-13 06:23:21.736 11 ERROR keystone.server.flask.application
File "/var/lib/openstack/lib/python3.12/site-packages/pymysql/cursors.py", line 153, in execute
[Mon Apr 13 06:23:21.749220 2026] [wsgi:error] [pid 11:tid 140380823496384] [remote 10.0.0.139:60180] 2026-04-13 06:23:21.736 11 ERROR keystone.server.flask.application result = self._query(query)
[Mon Apr 13 06:23:21.749222 2026] [wsgi:error] [pid 11:tid 140380823496384] [remote 10.0.0.139:60180] 2026-04-13 06:23:21.736 11 ERROR keystone.server.flask.application ^^^^^^^^^^^^^^^^^^
[Mon Apr 13 06:23:21.749223 2026] [wsgi:error] [pid 11:tid 140380823496384] [remote 10.0.0.139:60180] 2026-04-13 06:23:21.736 11 ERROR keystone.server.flask.application
File "/var/lib/openstack/lib/python3.12/site-packages/pymysql/cursors.py", line 322, in _query
[Mon Apr 13 06:23:21.749225 2026] [wsgi:error] [pid 11:tid 140380823496384] [remote 10.0.0.139:60180] 2026-04-13 06:23:21.736 11 ERROR keystone.server.flask.application conn.query(q)
[Mon Apr 13 06:23:21.749226 2026] [wsgi:error] [pid 11:tid 140380823496384] [remote 10.0.0.139:60180] 2026-04-13 06:23:21.736 11 ERROR keystone.server.flask.application
File "/var/lib/openstack/lib/python3.12/site-packages/pymysql/connections.py", line 575, in query
[Mon Apr 13 06:23:21.749228 2026] [wsgi:error] [pid 11:tid 140380823496384] [remote 10.0.0.139:60180] 2026-04-13 06:23:21.736 11 ERROR keystone.server.flask.application self._affected_rows = self._read_query_result(unbuffered=unbuffered)
[Mon Apr 13 06:23:21.749230 2026] [wsgi:error] [pid 11:tid 140380823496384] [remote 10.0.0.139:60180] 2026-04-13 06:23:21.736 11 ERROR keystone.server.flask.application ^^^^^^^^^^^^^^^^^^^^^^^^^^^^^^^^^^^^^^^^^^^^^^
[Mon Apr 13 06:23:21.749231 2026] [wsgi:error] [pid 11:tid 140380823496384] [remote 10.0.0.139:60180] 2026-04-13 06:23:21.736 11 ERROR keystone.server.flask.application
File "/var/lib/openstack/lib/python3.12/site-packages/pymysql/connections.py", line 826, in _read_query_result
[Mon Apr 13 06:23:21.749233 2026] [wsgi:error] [pid 11:tid 140380823496384] [remote 10.0.0.139:60180] 2026-04-13 06:23:21.736 11 ERROR keystone.server.flask.application result.read()
[Mon Apr 13 06:23:21.749236 2026] [wsgi:error] [pid 11:tid 140380823496384] [remote 10.0.0.139:60180] 2026-04-13 06:23:21.736 11 ERROR keystone.server.flask.application
File "/var/lib/openstack/lib/python3.12/site-packages/pymysql/connections.py", line 1203, in read
[Mon Apr 13 06:23:21.749237 2026] [wsgi:error] [pid 11:tid 140380823496384] [remote 10.0.0.139:60180] 2026-04-13 06:23:21.736 11 ERROR keystone.server.flask.application first_packet = self.connection._read_packet()
[Mon Apr 13 06:23:21.749239 2026] [wsgi:error] [pid 11:tid 140380823496384] [remote 10.0.0.139:60180] 2026-04-13 06:23:21.736 11 ERROR keystone.server.flask.application ^^^^^^^^^^^^^^^^^^^^^^^^^^^^^^
[Mon Apr 13 06:23:21.749240 2026] [wsgi:error] [pid 11:tid 140380823496384] [remote 10.0.0.139:60180] 2026-04-13 06:23:21.736 11 ERROR keystone.server.flask.application
File "/var/lib/openstack/lib/python3.12/site-packages/pymysql/connections.py", line 782, in _read_packet
[Mon Apr 13 06:23:21.749242 2026] [wsgi:error] [pid 11:tid 140380823496384] [remote 10.0.0.139:60180] 2026-04-13 06:23:21.736 11 ERROR keystone.server.flask.application packet.raise_for_error()
[Mon Apr 13 06:23:21.749243 2026] [wsgi:error] [pid 11:tid 140380823496384] [remote 10.0.0.139:60180] 2026-04-13 06:23:21.736 11 ERROR keystone.server.flask.application
File "/var/lib/openstack/lib/python3.12/site-packages/pymysql/protocol.py", line 219, in raise_for_error
[Mon Apr 13 06:23:21.749244 2026] [wsgi:error] [pid 11:tid 140380823496384] [remote 10.0.0.139:60180] 2026-04-13 06:23:21.736 11 ERROR keystone.server.flask.application err.raise_mysql_exception(self._data)
[Mon Apr 13 06:23:21.749246 2026] [wsgi:error] [pid 11:tid 140380823496384] [remote 10.0.0.139:60180] 2026-04-13 06:23:21.736 11 ERROR keystone.server.flask.application
File "/var/lib/openstack/lib/python3.12/site-packages/pymysql/err.py", line 150, in raise_mysql_exception
[Mon Apr 13 06:23:21.749247 2026] [wsgi:error] [pid 11:tid 140380823496384] [remote 10.0.0.139:60180] 2026-04-13 06:23:21.736 11 ERROR keystone.server.flask.application raise errorclass(errno, errval)
[Mon Apr 13 06:23:21.749249 2026] [wsgi:error] [pid 11:tid 140380823496384] [remote 10.0.0.139:60180] 2026-04-13 06:23:21.736 11 ERROR keystone.server.flask.application pymysql.err.IntegrityError: (1062, "Duplicate entry '<>-service' for key 'project.ixu_project_name_domain_id'")
[Mon Apr 13 06:23:21.749251 2026] [wsgi:error] [pid 11:tid 140380823496384] [remote 10.0.0.139:60180] 2026-04-13 06:23:21.736 11 ERROR keystone.server.flask.application
[Mon Apr 13 06:23:21.749252 2026] [wsgi:error] [pid 11:tid 140380823496384] [remote 10.0.0.139:60180] 2026-04-13 06:23:21.736 11 ERROR keystone.server.flask.application The above exception was the direct cause of the following exception:
[Mon Apr 13 06:23:21.749254 2026] [wsgi:error] [pid 11:tid 140380823496384] [remote 10.0.0.139:60180] 2026-04-13 06:23:21.736 11 ERROR keystone.server.flask.application
[Mon Apr 13 06:23:21.749255 2026] [wsgi:error] [pid 11:tid 140380823496384] [remote 10.0.0.139:60180] 2026-04-13 06:23:21.736 11 ERROR keystone.server.flask.application
Traceback (most recent call last):
[Mon Apr 13 06:23:21.749257 2026] [wsgi:error] [pid 11:tid 140380823496384] [remote 10.0.0.139:60180] 2026-04-13 06:23:21.736 11 ERROR keystone.server.flask.application
File "/var/lib/openstack/lib/python3.12/site-packages/keystone/common/sql/core.py", line 575, in wrapper
[Mon Apr 13 06:23:21.749258 2026] [wsgi:error] [pid 11:tid 140380823496384] [remote 10.0.0.139:60180] 2026-04-13 06:23:21.736 11 ERROR keystone.server.flask.application return method(*args, **kwargs)
[Mon Apr 13 06:23:21.749260 2026] [wsgi:error] [pid 11:tid 140380823496384] [remote 10.0.0.139:60180] 2026-04-13 06:23:21.736 11 ERROR keystone.server.flask.application ^^^^^^^^^^^^^^^^^^^^^^^
[Mon Apr 13 06:23:21.749262 2026] [wsgi:error] [pid 11:tid 140380823496384] [remote 10.0.0.139:60180] 2026-04-13 06:23:21.736 11 ERROR keystone.server.flask.application
File "/var/lib/openstack/lib/python3.12/site-packages/keystone/resource/backends/sql.py", line 278, in create_project
[Mon Apr 13 06:23:21.749264 2026] [wsgi:error] [pid 11:tid 140380823496384] [remote 10.0.0.139:60180] 2026-04-13 06:23:21.736 11 ERROR keystone.server.flask.application with sql.session_for_write() as session:
[Mon Apr 13 06:23:21.749265 2026] [wsgi:error] [pid 11:tid 140380823496384] [remote 10.0.0.139:60180] 2026-04-13 06:23:21.736 11 ERROR keystone.server.flask.application
File "/usr/lib/python3.12/contextlib.py", line 144, in __exit__
[Mon Apr 13 06:23:21.749267 2026] [wsgi:error] [pid 11:tid 140380823496384] [remote 10.0.0.139:60180] 2026-04-13 06:23:21.736 11 ERROR keystone.server.flask.application next(self.gen)
[Mon Apr 13 06:23:21.749268 2026] [wsgi:error] [pid 11:tid 140380823496384] [remote 10.0.0.139:60180] 2026-04-13 06:23:21.736 11 ERROR keystone.server.flask.application
File "/var/lib/openstack/lib/python3.12/site-packages/oslo_db/sqlalchemy/enginefacade.py", line 1175, in _transaction_scope
[Mon Apr 13 06:23:21.749270 2026] [wsgi:error] [pid 11:tid 140380823496384] [remote 10.0.0.139:60180] 2026-04-13 06:23:21.736 11 ERROR keystone.server.flask.application with current._produce_block(
[Mon Apr 13 06:23:21.749271 2026] [wsgi:error] [pid 11:tid 140380823496384] [remote 10.0.0.139:60180] 2026-04-13 06:23:21.736 11 ERROR keystone.server.flask.application
File "/usr/lib/python3.12/contextlib.py", line 144, in __exit__
[Mon Apr 13 06:23:21.749272 2026] [wsgi:error] [pid 11:tid 140380823496384] [remote 10.0.0.139:60180] 2026-04-13 06:23:21.736 11 ERROR keystone.server.flask.application next(self.gen)
[Mon Apr 13 06:23:21.749274 2026] [wsgi:error] [pid 11:tid 140380823496384] [remote 10.0.0.139:60180] 2026-04-13 06:23:21.736 11 ERROR keystone.server.flask.application
File "/var/lib/openstack/lib/python3.12/site-packages/oslo_db/sqlalchemy/enginefacade.py", line 837, in _session
[Mon Apr 13 06:23:21.749275 2026] [wsgi:error] [pid 11:tid 140380823496384] [remote 10.0.0.139:60180] 2026-04-13 06:23:21.736 11 ERROR keystone.server.flask.application with excutils.save_and_reraise_exception():
[Mon Apr 13 06:23:21.749277 2026] [wsgi:error] [pid 11:tid 140380823496384] [remote 10.0.0.139:60180] 2026-04-13 06:23:21.736 11 ERROR keystone.server.flask.application
File "/var/lib/openstack/lib/python3.12/site-packages/oslo_utils/excutils.py", line 267, in __exit__
[Mon Apr 13 06:23:21.749278 2026] [wsgi:error] [pid 11:tid 140380823496384] [remote 10.0.0.139:60180] 2026-04-13 06:23:21.736 11 ERROR keystone.server.flask.application self.force_reraise()
[Mon Apr 13 06:23:21.749279 2026] [wsgi:error] [pid 11:tid 140380823496384] [remote 10.0.0.139:60180] 2026-04-13 06:23:21.736 11 ERROR keystone.server.flask.application
File "/var/lib/openstack/lib/python3.12/site-packages/oslo_utils/excutils.py", line 233, in force_reraise
[Mon Apr 13 06:23:21.749281 2026] [wsgi:error] [pid 11:tid 140380823496384] [remote 10.0.0.139:60180] 2026-04-13 06:23:21.736 11 ERROR keystone.server.flask.application raise self.value
[Mon Apr 13 06:23:21.749282 2026] [wsgi:error] [pid 11:tid 140380823496384] [remote 10.0.0.139:60180] 2026-04-13 06:23:21.736 11 ERROR keystone.server.flask.application
File "/var/lib/openstack/lib/python3.12/site-packages/oslo_db/sqlalchemy/enginefacade.py", line 835, in _session
[Mon Apr 13 06:23:21.749284 2026] [wsgi:error] [pid 11:tid 140380823496384] [remote 10.0.0.139:60180] 2026-04-13 06:23:21.736 11 ERROR keystone.server.flask.application self._end_session_transaction(self.session)
[Mon Apr 13 06:23:21.749285 2026] [wsgi:error] [pid 11:tid 140380823496384] [remote 10.0.0.139:60180] 2026-04-13 06:23:21.736 11 ERROR keystone.server.flask.application
File "/var/lib/openstack/lib/python3.12/site-packages/oslo_db/sqlalchemy/enginefacade.py", line 748, in _end_session_transaction
[Mon Apr 13 06:23:21.749288 2026] [wsgi:error] [pid 11:tid 140380823496384] [remote 10.0.0.139:60180] 2026-04-13 06:23:21.736 11 ERROR keystone.server.flask.application session.commit()
[Mon Apr 13 06:23:21.749303 2026] [wsgi:error] [pid 11:tid 140380823496384] [remote 10.0.0.139:60180] 2026-04-13 06:23:21.736 11 ERROR keystone.server.flask.application
File "/var/lib/openstack/lib/python3.12/site-packages/sqlalchemy/orm/session.py", line 2030, in commit
[Mon Apr 13 06:23:21.749305 2026] [wsgi:error] [pid 11:tid 140380823496384] [remote 10.0.0.139:60180] 2026-04-13 06:23:21.736 11 ERROR keystone.server.flask.application trans.commit(_to_root=True)
[Mon Apr 13 06:23:21.749307 2026] [wsgi:error] [pid 11:tid 140380823496384] [remote 10.0.0.139:60180] 2026-04-13 06:23:21.736 11 ERROR keystone.server.flask.application File "", line 2, in commit
[Mon Apr 13 06:23:21.749308 2026] [wsgi:error] [pid 11:tid 140380823496384] [remote 10.0.0.139:60180] 2026-04-13 06:23:21.736 11 ERROR keystone.server.flask.application
File "/var/lib/openstack/lib/python3.12/site-packages/sqlalchemy/orm/state_changes.py", line 137, in _go
[Mon Apr 13 06:23:21.749310 2026] [wsgi:error] [pid 11:tid 140380823496384] [remote 10.0.0.139:60180] 2026-04-13 06:23:21.736 11 ERROR keystone.server.flask.application ret_value = fn(self, *arg, **kw)
[Mon Apr 13 06:23:21.749312 2026] [wsgi:error] [pid 11:tid 140380823496384] [remote 10.0.0.139:60180] 2026-04-13 06:23:21.736 11 ERROR keystone.server.flask.application ^^^^^^^^^^^^^^^^^^^^
[Mon Apr 13 06:23:21.749313 2026] [wsgi:error] [pid 11:tid 140380823496384] [remote 10.0.0.139:60180] 2026-04-13 06:23:21.736 11 ERROR keystone.server.flask.application
File "/var/lib/openstack/lib/python3.12/site-packages/sqlalchemy/orm/session.py", line 1311, in commit
[Mon Apr 13 06:23:21.749315 2026] [wsgi:error] [pid 11:tid 140380823496384] [remote 10.0.0.139:60180] 2026-04-13 06:23:21.736 11 ERROR keystone.server.flask.application self._prepare_impl()
[Mon Apr 13 06:23:21.749317 2026] [wsgi:error] [pid 11:tid 140380823496384] [remote 10.0.0.139:60180] 2026-04-13 06:23:21.736 11 ERROR keystone.server.flask.application File "", line 2, in _prepare_impl
[Mon Apr 13 06:23:21.749318 2026] [wsgi:error] [pid 11:tid 140380823496384] [remote 10.0.0.139:60180] 2026-04-13 06:23:21.736 11 ERROR keystone.server.flask.application
File "/var/lib/openstack/lib/python3.12/site-packages/sqlalchemy/orm/state_changes.py", line 137, in _go
[Mon Apr 13 06:23:21.749320 2026] [wsgi:error] [pid 11:tid 140380823496384] [remote 10.0.0.139:60180] 2026-04-13 06:23:21.736 11 ERROR keystone.server.flask.application ret_value = fn(self, *arg, **kw)
[Mon Apr 13 06:23:21.749322 2026] [wsgi:error] [pid 11:tid 140380823496384] [remote 10.0.0.139:60180] 2026-04-13 06:23:21.736 11 ERROR keystone.server.flask.application ^^^^^^^^^^^^^^^^^^^^
[Mon Apr 13 06:23:21.749323 2026] [wsgi:error] [pid 11:tid 140380823496384] [remote 10.0.0.139:60180] 2026-04-13 06:23:21.736 11 ERROR keystone.server.flask.application
File "/var/lib/openstack/lib/python3.12/site-packages/sqlalchemy/orm/session.py", line 1286, in _prepare_impl
[Mon Apr 13 06:23:21.749325 2026] [wsgi:error] [pid 11:tid 140380823496384] [remote 10.0.0.139:60180] 2026-04-13 06:23:21.736 11 ERROR keystone.server.flask.application self.session.flush()
[Mon Apr 13 06:23:21.749327 2026] [wsgi:error] [pid 11:tid 140380823496384] [remote 10.0.0.139:60180] 2026-04-13 06:23:21.736 11 ERROR keystone.server.flask.application
File "/var/lib/openstack/lib/python3.12/site-packages/sqlalchemy/orm/session.py", line 4331, in flush
[Mon Apr 13 06:23:21.749329 2026] [wsgi:error] [pid 11:tid 140380823496384] [remote 10.0.0.139:60180] 2026-04-13 06:23:21.736 11 ERROR keystone.server.flask.application self._flush(objects)
[Mon Apr 13 06:23:21.749330 2026] [wsgi:error] [pid 11:tid 140380823496384] [remote 10.0.0.139:60180] 2026-04-13 06:23:21.736 11 ERROR keystone.server.flask.application
File "/var/lib/openstack/lib/python3.12/site-packages/sqlalchemy/orm/session.py", line 4466, in _flush
[Mon Apr 13 06:23:21.749333 2026] [wsgi:error] [pid 11:tid 140380823496384] [remote 10.0.0.139:60180] 2026-04-13 06:23:21.736 11 ERROR keystone.server.flask.application with util.safe_reraise():
[Mon Apr 13 06:23:21.749335 2026] [wsgi:error] [pid 11:tid 140380823496384] [remote 10.0.0.139:60180] 2026-04-13 06:23:21.736 11 ERROR keystone.server.flask.application
File "/var/lib/openstack/lib/python3.12/site-packages/sqlalchemy/util/langhelpers.py", line 121, in __exit__
[Mon Apr 13 06:23:21.749336 2026] [wsgi:error] [pid 11:tid 140380823496384] [remote 10.0.0.139:60180] 2026-04-13 06:23:21.736 11 ERROR keystone.server.flask.application raise exc_value.with_traceback(exc_tb)
[Mon Apr 13 06:23:21.749341 2026] [wsgi:error] [pid 11:tid 140380823496384] [remote 10.0.0.139:60180] 2026-04-13 06:23:21.736 11 ERROR keystone.server.flask.application
File "/var/lib/openstack/lib/python3.12/site-packages/sqlalchemy/orm/session.py", line 4427, in _flush
[Mon Apr 13 06:23:21.749343 2026] [wsgi:error] [pid 11:tid 140380823496384] [remote 10.0.0.139:60180] 2026-04-13 06:23:21.736 11 ERROR keystone.server.flask.application flush_context.execute()
[Mon Apr 13 06:23:21.749345 2026] [wsgi:error] [pid 11:tid 140380823496384] [remote 10.0.0.139:60180] 2026-04-13 06:23:21.736 11 ERROR keystone.server.flask.application
