2026-07-06 03:10:30.597 11 INFO neutron.plugins.ml2.plugin [None req-792b569f-a5da-46c4-a277-eab70b288132 - - - - - -] Attempt 1 to provision port 0729879a-266d-4722-9dd3-4a291cd1b49b
2026-07-06 03:10:30.721 11 INFO neutron.notifiers.nova [None req-792b569f-a5da-46c4-a277-eab70b288132 - - - - - -] Nova event matching ['req-945191fa-fe4d-475b-81c8-5ef44e19ce5b'] response: {'server_uuid': '1dccf038-2479-4dfc-ae2d-bb7d986c400b', 'name': 'network-vif-plugged', 'status': 'completed', 'tag': '0729879a-266d-4722-9dd3-4a291cd1b49b', 'code': 200}
2026-07-06 03:10:31.834 11 INFO neutron.plugins.ml2.plugin [None req-db7e32a1-4e82-4eec-99cf-bf4971b27041 - - - - - -] Attempt 1 to provision port d9ac8d80-daa0-498d-9d23-15bdca2bce93
2026-07-06 03:10:31.869 11 INFO neutron.plugins.ml2.plugin [None req-db7e32a1-4e82-4eec-99cf-bf4971b27041 - - - - - -] Attempt 1 to provision port 34a50f0e-b980-4382-8ec6-239f64b71cb3
2026-07-06 03:10:32.194 10 INFO neutron.plugins.ml2.plugin [None req-792b569f-a5da-46c4-a277-eab70b288132 - - - - - -] Attempt 1 to provision port b0727aa5-94ff-4a9e-9124-2f6ceaf6de8d
2026-07-06 03:10:32.324 10 INFO neutron.notifiers.nova [None req-792b569f-a5da-46c4-a277-eab70b288132 - - - - - -] Nova event matching ['req-426097e1-f4c6-4238-aefd-c5a48d4f7bbd'] response: {'server_uuid': 'c4ac22d4-6856-4183-96e9-27136bdb4405', 'name': 'network-vif-plugged', 'status': 'completed', 'tag': 'b0727aa5-94ff-4a9e-9124-2f6ceaf6de8d', 'code': 200}
2026-07-06 03:10:32.637 10 INFO neutron.plugins.ml2.plugin [None req-792b569f-a5da-46c4-a277-eab70b288132 - - - - - -] Attempt 1 to provision port 0729879a-266d-4722-9dd3-4a291cd1b49b
2026-07-06 03:10:33.982 11 INFO neutron.plugins.ml2.plugin [None req-792b569f-a5da-46c4-a277-eab70b288132 - - - - - -] Attempt 1 to provision port b0727aa5-94ff-4a9e-9124-2f6ceaf6de8d
2026-07-06 03:10:36.155 11 INFO neutron.plugins.ml2.plugin [None req-792b569f-a5da-46c4-a277-eab70b288132 - - - - - -] Attempt 1 to provision port ee074345-daae-4280-b174-3ea2a4c5a9de
2026-07-06 03:10:36.266 10 INFO neutron.plugins.ml2.plugin [None req-0f4e41e4-5a3c-475e-82ba-5d67cf73af9d - - - - - -] Attempt 1 to provision port 0729879a-266d-4722-9dd3-4a291cd1b49b
2026-07-06 03:10:36.329 10 INFO neutron.plugins.ml2.plugin [None req-0f4e41e4-5a3c-475e-82ba-5d67cf73af9d - - - - - -] Attempt 1 to provision port b0727aa5-94ff-4a9e-9124-2f6ceaf6de8d
2026-07-06 03:10:36.625 11 INFO neutron.plugins.ml2.plugin [None req-792b569f-a5da-46c4-a277-eab70b288132 - - - - - -] Attempt 1 to provision port 34a50f0e-b980-4382-8ec6-239f64b71cb3
2026-07-06 03:10:38.167 10 INFO neutron.plugins.ml2.plugin [None req-792b569f-a5da-46c4-a277-eab70b288132 - - - - - -] Attempt 1 to provision port ee074345-daae-4280-b174-3ea2a4c5a9de
2026-07-06 03:10:38.350 10 INFO neutron.plugins.ml2.plugin [None req-792b569f-a5da-46c4-a277-eab70b288132 - - - - - -] Attempt 1 to provision port 0df69685-b914-45de-9c95-8291be3cd58d
2026-07-06 03:10:38.787 10 INFO neutron.plugins.ml2.plugin [None req-792b569f-a5da-46c4-a277-eab70b288132 - - - - - -] Attempt 1 to provision port 34a50f0e-b980-4382-8ec6-239f64b71cb3
2026-07-06 03:10:40.192 10 INFO neutron.plugins.ml2.plugin [None req-792b569f-a5da-46c4-a277-eab70b288132 - - - - - -] Attempt 1 to provision port bd27f3e7-30ec-4758-bace-1c7ac7cb1a16
2026-07-06 03:10:40.460 10 INFO neutron.plugins.ml2.plugin [None req-792b569f-a5da-46c4-a277-eab70b288132 - - - - - -] Attempt 1 to provision port 07d89f57-282f-40b3-aa7a-1196261d067d
2026-07-06 03:10:40.763 11 INFO neutron.plugins.ml2.plugin [None req-26081621-bf95-4bea-9737-46a350dc338b - - - - - -] Attempt 1 to provision port 713ff3ac-58d7-4ca3-8080-b111900ae117
2026-07-06 03:10:40.783 10 INFO neutron.plugins.ml2.plugin [None req-792b569f-a5da-46c4-a277-eab70b288132 - - - - - -] Attempt 1 to provision port d9ac8d80-daa0-498d-9d23-15bdca2bce93
2026-07-06 03:10:40.801 11 INFO neutron.plugins.ml2.plugin [None req-26081621-bf95-4bea-9737-46a350dc338b - - - - - -] Attempt 1 to provision port 07d89f57-282f-40b3-aa7a-1196261d067d
2026-07-06 03:10:41.141 10 INFO neutron.plugins.ml2.plugin [None req-792b569f-a5da-46c4-a277-eab70b288132 - - - - - -] Attempt 1 to provision port 0df69685-b914-45de-9c95-8291be3cd58d
2026-07-06 03:10:42.052 10 INFO neutron.plugins.ml2.plugin [None req-792b569f-a5da-46c4-a277-eab70b288132 - - - - - -] Attempt 1 to provision port bd27f3e7-30ec-4758-bace-1c7ac7cb1a16
2026-07-06 03:10:42.280 10 INFO neutron.plugins.ml2.plugin [None req-792b569f-a5da-46c4-a277-eab70b288132 - - - - - -] Attempt 1 to provision port 07d89f57-282f-40b3-aa7a-1196261d067d
2026-07-06 03:10:42.507 10 INFO neutron.plugins.ml2.plugin [None req-792b569f-a5da-46c4-a277-eab70b288132 - - - - - -] Attempt 1 to provision port d9ac8d80-daa0-498d-9d23-15bdca2bce93
2026-07-06 03:10:45.588 10 INFO neutron.plugins.ml2.plugin [None req-c9f63364-2fec-49b4-a4a2-d36168571f9e - - - - - -] Attempt 1 to provision port bffa85dd-0070-433d-85a0-1695cba28c82
2026-07-06 03:10:45.635 10 INFO neutron.plugins.ml2.plugin [None req-c9f63364-2fec-49b4-a4a2-d36168571f9e - - - - - -] Attempt 1 to provision port 07d89f57-282f-40b3-aa7a-1196261d067d
2026-07-06 03:10:48.068 10 INFO neutron.plugins.ml2.plugin [None req-797a9934-90b6-456e-8967-8212e832209b - - - - - -] Attempt 1 to provision port bffa85dd-0070-433d-85a0-1695cba28c82
2026-07-06 03:10:50.519 10 INFO neutron.plugins.ml2.plugin [None req-792b569f-a5da-46c4-a277-eab70b288132 - - - - - -] Attempt 1 to provision port 54fcaea6-e71a-453d-af0f-5714c78cbd04
2026-07-06 03:10:50.633 10 INFO neutron.notifiers.nova [None req-792b569f-a5da-46c4-a277-eab70b288132 - - - - - -] Nova event matching ['req-5b2de241-1245-432d-ad39-dffec0863cd3'] response: {'server_uuid': 'd119cee4-002a-4749-95ec-b0afc6289160', 'name': 'network-vif-plugged', 'status': 'completed', 'tag': '54fcaea6-e71a-453d-af0f-5714c78cbd04', 'code': 200}
2026-07-06 03:10:51.714 11 INFO neutron.plugins.ml2.plugin [None req-243c59aa-d8d7-4c03-bf66-12c35266e4da - - - - - -] Attempt 1 to provision port bffa85dd-0070-433d-85a0-1695cba28c82
2026-07-06 03:10:52.001 11 INFO neutron.plugins.ml2.plugin [None req-792b569f-a5da-46c4-a277-eab70b288132 - - - - - -] Attempt 1 to provision port 54fcaea6-e71a-453d-af0f-5714c78cbd04
2026-07-06 03:10:54.254 11 INFO neutron.plugins.ml2.plugin [None req-57467c69-d11c-4400-8253-4a4558dcb8c2 - - - - - -] Attempt 1 to provision port 2131e7f7-9c2a-467d-b99e-ab89d29691ec
2026-07-06 03:10:54.288 11 INFO neutron.plugins.ml2.plugin [None req-57467c69-d11c-4400-8253-4a4558dcb8c2 - - - - - -] Attempt 1 to provision port 54fcaea6-e71a-453d-af0f-5714c78cbd04
2026-07-06 03:10:56.062 11 INFO neutron.plugins.ml2.plugin [None req-792b569f-a5da-46c4-a277-eab70b288132 - - - - - -] Attempt 1 to provision port 23006f7c-935d-4dfa-9205-779ae1a1cdcc
2026-07-06 03:10:57.990 10 INFO neutron.plugins.ml2.plugin [None req-73e6525b-5998-4920-9728-f9f5fe9cd08c - - - - - -] Attempt 1 to provision port cb4ea408-9f15-46c4-aea9-7bab0e97b20f
2026-07-06 03:10:58.131 11 INFO neutron.plugins.ml2.plugin [None req-792b569f-a5da-46c4-a277-eab70b288132 - - - - - -] Attempt 1 to provision port cb4ea408-9f15-46c4-aea9-7bab0e97b20f
2026-07-06 03:10:58.306 10 INFO neutron.plugins.ml2.plugin [None req-73e6525b-5998-4920-9728-f9f5fe9cd08c - - - - - -] Attempt 1 to provision port 90b4477d-84df-4902-b97b-4bde4e36f440
2026-07-06 03:10:58.366 11 INFO neutron.plugins.ml2.plugin [None req-792b569f-a5da-46c4-a277-eab70b288132 - - - - - -] Attempt 1 to provision port 23006f7c-935d-4dfa-9205-779ae1a1cdcc
2026-07-06 03:10:58.600 11 INFO neutron.plugins.ml2.plugin [None req-6d311589-2db0-4361-b94d-a67d58a0966c - - - - - -] Attempt 1 to provision port 713ff3ac-58d7-4ca3-8080-b111900ae117
2026-07-06 03:10:58.865 11 INFO neutron.plugins.ml2.plugin [None req-792b569f-a5da-46c4-a277-eab70b288132 - - - - - -] Attempt 1 to provision port bffa85dd-0070-433d-85a0-1695cba28c82
2026-07-06 03:11:00.560 10 INFO neutron.plugins.ml2.plugin [None req-792b569f-a5da-46c4-a277-eab70b288132 - - - - - -] Attempt 1 to provision port bffa85dd-0070-433d-85a0-1695cba28c82
2026-07-06 03:11:00.810 10 INFO neutron.plugins.ml2.plugin [None req-792b569f-a5da-46c4-a277-eab70b288132 - - - - - -] Attempt 1 to provision port cb4ea408-9f15-46c4-aea9-7bab0e97b20f
2026-07-06 03:11:01.116 10 INFO neutron.plugins.ml2.plugin [None req-792b569f-a5da-46c4-a277-eab70b288132 - - - - - -] Attempt 1 to provision port 713ff3ac-58d7-4ca3-8080-b111900ae117
2026-07-06 03:11:02.498 10 INFO neutron.plugins.ml2.plugin [None req-792b569f-a5da-46c4-a277-eab70b288132 - - - - - -] Attempt 1 to provision port 713ff3ac-58d7-4ca3-8080-b111900ae117
2026-07-06 03:11:02.660 10 INFO neutron.plugins.ml2.plugin [None req-792b569f-a5da-46c4-a277-eab70b288132 - - - - - -] Attempt 1 to provision port 7d1d657e-e7dd-4271-ac6e-1504d0ff4287
2026-07-06 03:11:03.105 10 INFO neutron.plugins.ml2.plugin [None req-792b569f-a5da-46c4-a277-eab70b288132 - - - - - -] Attempt 1 to provision port 485ea48c-241b-4672-aa17-26b45442d8eb
2026-07-06 03:11:03.463 10 INFO neutron.plugins.ml2.plugin [None req-c9c2a119-07fe-4fa1-8e5f-a1df76fcdcd5 - - - - - -] Attempt 1 to provision port cb4ea408-9f15-46c4-aea9-7bab0e97b20f
2026-07-06 03:11:03.518 10 INFO neutron.plugins.ml2.plugin [None req-c9c2a119-07fe-4fa1-8e5f-a1df76fcdcd5 - - - - - -] Attempt 1 to provision port 90b4477d-84df-4902-b97b-4bde4e36f440
2026-07-06 03:11:03.543 10 INFO neutron.plugins.ml2.plugin [None req-c9c2a119-07fe-4fa1-8e5f-a1df76fcdcd5 - - - - - -] Attempt 1 to provision port 485ea48c-241b-4672-aa17-26b45442d8eb
2026-07-06 03:11:04.694 10 INFO neutron.plugins.ml2.plugin [None req-792b569f-a5da-46c4-a277-eab70b288132 - - - - - -] Attempt 1 to provision port 7d1d657e-e7dd-4271-ac6e-1504d0ff4287
2026-07-06 03:11:05.185 10 INFO neutron.plugins.ml2.plugin [None req-792b569f-a5da-46c4-a277-eab70b288132 - - - - - -] Attempt 1 to provision port 485ea48c-241b-4672-aa17-26b45442d8eb
2026-07-06 03:11:06.647 10 INFO neutron.notifiers.nova [None req-72de97f1-775a-4148-8aab-9fc6528be0b9 - - - - - -] Nova event matching ['req-f25825bb-709e-4406-9117-4f646063dbc8'] response: {'server_uuid': 'c4ac22d4-6856-4183-96e9-27136bdb4405', 'name': 'network-vif-unplugged', 'status': 'completed', 'tag': 'b0727aa5-94ff-4a9e-9124-2f6ceaf6de8d', 'code': 200}
2026-07-06 03:11:09.251 10 INFO neutron.plugins.ml2.plugin [None req-792b569f-a5da-46c4-a277-eab70b288132 - - - - - -] Attempt 1 to provision port b0727aa5-94ff-4a9e-9124-2f6ceaf6de8d
2026-07-06 03:11:09.491 10 INFO neutron.notifiers.nova [None req-6e44dff3-b343-4769-a0e5-9c17bec027d0 - - - - - -] Nova event matching ['req-8666bebb-29a4-48bd-8163-39855cfb6d9c'] response: {'server_uuid': 'c4ac22d4-6856-4183-96e9-27136bdb4405', 'name': 'network-vif-plugged', 'status': 'completed', 'tag': 'b0727aa5-94ff-4a9e-9124-2f6ceaf6de8d', 'code': 200}
2026-07-06 03:11:09.713 10 INFO neutron.plugins.ml2.plugin [None req-6e44dff3-b343-4769-a0e5-9c17bec027d0 - - - - - -] Attempt 1 to provision port f2563359-2fe4-4f86-82b0-7788b267da1f
2026-07-06 03:11:11.177 10 INFO neutron.plugins.ml2.plugin [None req-792b569f-a5da-46c4-a277-eab70b288132 - - - - - -] Attempt 1 to provision port 3c743e44-0fc4-4162-bd8a-6ef411986414
2026-07-06 03:11:11.410 10 INFO neutron.plugins.ml2.plugin [None req-910db292-481c-4496-a96d-b01c7d65158b - - - - - -] Attempt 1 to provision port 258c3121-a978-4d97-a3b6-c5ac67843929
2026-07-06 03:11:11.453 10 INFO neutron.plugins.ml2.plugin [None req-910db292-481c-4496-a96d-b01c7d65158b - - - - - -] Attempt 1 to provision port 3c743e44-0fc4-4162-bd8a-6ef411986414
2026-07-06 03:11:11.566 10 INFO neutron.plugins.ml2.plugin [None req-910db292-481c-4496-a96d-b01c7d65158b - - - - - -] Attempt 1 to provision port 90b4477d-84df-4902-b97b-4bde4e36f440
2026-07-06 03:11:11.626 10 INFO neutron.plugins.ml2.plugin [None req-910db292-481c-4496-a96d-b01c7d65158b - - - - - -] Attempt 1 to provision port 84b03b9e-718b-4d54-ab42-f5a37d56e8eb
2026-07-06 03:11:11.635 10 INFO neutron.plugins.ml2.plugin [None req-910db292-481c-4496-a96d-b01c7d65158b - - - - - -] Attempt 1 to provision port b0727aa5-94ff-4a9e-9124-2f6ceaf6de8d
2026-07-06 03:11:11.660 10 INFO neutron.plugins.ml2.plugin [None req-910db292-481c-4496-a96d-b01c7d65158b - - - - - -] Attempt 1 to provision port 485ea48c-241b-4672-aa17-26b45442d8eb
2026-07-06 03:11:11.720 10 INFO neutron.plugins.ml2.plugin [None req-910db292-481c-4496-a96d-b01c7d65158b - - - - - -] Attempt 1 to provision port 11870463-0a98-47d3-91f4-19669b012fae
2026-07-06 03:11:11.851 10 INFO neutron.plugins.ml2.plugin [None req-910db292-481c-4496-a96d-b01c7d65158b - - - - - -] Attempt 1 to provision port f2563359-2fe4-4f86-82b0-7788b267da1f
2026-07-06 03:11:13.664 11 INFO neutron.plugins.ml2.plugin [None req-792b569f-a5da-46c4-a277-eab70b288132 - - - - - -] Attempt 1 to provision port 3c743e44-0fc4-4162-bd8a-6ef411986414
2026-07-06 03:11:13.982 11 INFO neutron.plugins.ml2.plugin [None req-9daf183f-6202-4ed6-bf6b-a937008f8671 - - - - - -] Attempt 1 to provision port 6419f606-fb40-421d-bcfa-fcec2d69806b
2026-07-06 03:11:14.318 11 INFO neutron.notifiers.nova [None req-9daf183f-6202-4ed6-bf6b-a937008f8671 - - - - - -] Nova event matching ['req-d6eeb791-323b-448e-96aa-c3c1fa2a5d40'] response: {'server_uuid': '9b53108a-cb94-457e-bf2c-831c8c43fb27', 'name': 'network-vif-plugged', 'status': 'completed', 'tag': '6419f606-fb40-421d-bcfa-fcec2d69806b', 'code': 200}
2026-07-06 03:11:15.186 10 INFO neutron.plugins.ml2.plugin [None req-792b569f-a5da-46c4-a277-eab70b288132 - - - - - -] Attempt 1 to provision port 6419f606-fb40-421d-bcfa-fcec2d69806b
2026-07-06 03:11:17.218 11 INFO neutron.plugins.ml2.plugin [None req-792b569f-a5da-46c4-a277-eab70b288132 - - - - - -] Attempt 1 to provision port 4af8a722-3deb-4ebf-9569-1165d53ca473
2026-07-06 03:11:17.609 11 INFO neutron.plugins.ml2.plugin [None req-792b569f-a5da-46c4-a277-eab70b288132 - - - - - -] Attempt 1 to provision port 2174b6fd-ecd5-4b24-bb77-8311701718cf
2026-07-06 03:11:19.076 11 INFO neutron.plugins.ml2.plugin [None req-792b569f-a5da-46c4-a277-eab70b288132 - - - - - -] Attempt 1 to provision port 4af8a722-3deb-4ebf-9569-1165d53ca473
2026-07-06 03:11:19.402 11 INFO neutron.plugins.ml2.plugin [None req-d41d879c-506c-418a-a099-6f57f0f799be - - - - - -] Attempt 1 to provision port 2174b6fd-ecd5-4b24-bb77-8311701718cf
2026-07-06 03:11:19.465 10 INFO neutron.plugins.ml2.plugin [None req-1b1a7c5c-6ed8-4014-be7e-343dcbc3a9d4 - - - - - -] Attempt 1 to provision port 026ebe2d-e370-48f2-9aa0-e3c6fda0cf49
2026-07-06 03:11:19.497 10 INFO neutron.plugins.ml2.plugin [None req-1b1a7c5c-6ed8-4014-be7e-343dcbc3a9d4 - - - - - -] Attempt 1 to provision port 2174b6fd-ecd5-4b24-bb77-8311701718cf
2026-07-06 03:11:19.567 10 INFO neutron.plugins.ml2.plugin [None req-1b1a7c5c-6ed8-4014-be7e-343dcbc3a9d4 - - - - - -] Attempt 1 to provision port 3c743e44-0fc4-4162-bd8a-6ef411986414
2026-07-06 03:11:19.638 10 INFO neutron.plugins.ml2.plugin [None req-1b1a7c5c-6ed8-4014-be7e-343dcbc3a9d4 - - - - - -] Attempt 1 to provision port 90b4477d-84df-4902-b97b-4bde4e36f440
2026-07-06 03:11:19.670 10 INFO neutron.plugins.ml2.plugin [None req-1b1a7c5c-6ed8-4014-be7e-343dcbc3a9d4 - - - - - -] Attempt 1 to provision port 84b03b9e-718b-4d54-ab42-f5a37d56e8eb
2026-07-06 03:11:19.694 10 INFO neutron.plugins.ml2.plugin [None req-1b1a7c5c-6ed8-4014-be7e-343dcbc3a9d4 - - - - - -] Attempt 1 to provision port 11870463-0a98-47d3-91f4-19669b012fae
2026-07-06 03:11:19.719 10 INFO neutron.plugins.ml2.plugin [None req-1b1a7c5c-6ed8-4014-be7e-343dcbc3a9d4 - - - - - -] Attempt 1 to provision port 908a9ec4-4c3d-4351-99fd-f4b561e39851
2026-07-06 03:11:21.189 10 INFO neutron.plugins.ml2.plugin [None req-792b569f-a5da-46c4-a277-eab70b288132 - - - - - -] Attempt 1 to provision port 2131e7f7-9c2a-467d-b99e-ab89d29691ec
2026-07-06 03:11:21.458 10 INFO neutron.plugins.ml2.plugin [None req-792b569f-a5da-46c4-a277-eab70b288132 - - - - - -] Attempt 1 to provision port 90b4477d-84df-4902-b97b-4bde4e36f440
2026-07-06 03:11:23.942 10 INFO neutron.plugins.ml2.plugin [None req-77d679ae-40b1-41c7-b4cd-0bbbfaba175a - - - - - -] Attempt 1 to provision port 11870463-0a98-47d3-91f4-19669b012fae
2026-07-06 03:11:24.091 10 INFO neutron.plugins.ml2.plugin [None req-77d679ae-40b1-41c7-b4cd-0bbbfaba175a - - - - - -] Attempt 1 to provision port 84b03b9e-718b-4d54-ab42-f5a37d56e8eb
2026-07-06 03:11:24.123 10 INFO neutron.plugins.ml2.plugin [None req-77d679ae-40b1-41c7-b4cd-0bbbfaba175a - - - - - -] Attempt 1 to provision port 6419f606-fb40-421d-bcfa-fcec2d69806b
2026-07-06 03:11:24.165 11 INFO neutron.plugins.ml2.plugin [None req-792b569f-a5da-46c4-a277-eab70b288132 - - - - - -] Attempt 1 to provision port 90b4477d-84df-4902-b97b-4bde4e36f440
2026-07-06 03:11:24.544 11 INFO neutron.plugins.ml2.plugin [None req-3fff640f-70a6-4ee3-ade2-406dfc3e2611 - - - - - -] Attempt 1 to provision port 5fe25a7d-5907-4442-9396-be4abb00aa34
2026-07-06 03:11:24.660 11 INFO neutron.notifiers.nova [None req-3fff640f-70a6-4ee3-ade2-406dfc3e2611 - - - - - -] Nova event matching ['req-ac110ce8-86d0-4235-8b07-91d9ef74bb90'] response: {'server_uuid': '2e1c77a9-9800-4e2f-9ff8-09108f117e2e', 'name': 'network-vif-plugged', 'status': 'completed', 'tag': '5fe25a7d-5907-4442-9396-be4abb00aa34', 'code': 200}
2026-07-06 03:11:24.878 11 INFO neutron.plugins.ml2.plugin [None req-792b569f-a5da-46c4-a277-eab70b288132 - - - - - -] Attempt 1 to provision port 2131e7f7-9c2a-467d-b99e-ab89d29691ec
2026-07-06 03:11:25.307 10 INFO neutron.plugins.ml2.plugin [None req-792b569f-a5da-46c4-a277-eab70b288132 - - - - - -] Attempt 1 to provision port 258c3121-a978-4d97-a3b6-c5ac67843929
2026-07-06 03:11:25.510 10 INFO neutron.plugins.ml2.plugin [None req-792b569f-a5da-46c4-a277-eab70b288132 - - - - - -] Attempt 1 to provision port 11870463-0a98-47d3-91f4-19669b012fae
2026-07-06 03:11:25.777 10 INFO neutron.plugins.ml2.plugin [None req-f227c965-c73d-41f3-9858-971c67e43581 - - - - - -] Attempt 1 to provision port 5fe25a7d-5907-4442-9396-be4abb00aa34
2026-07-06 03:11:28.422 11 INFO neutron.plugins.ml2.plugin [None req-792b569f-a5da-46c4-a277-eab70b288132 - - - - - -] Attempt 1 to provision port 3075dd47-4ade-49c8-885d-84d43f3a7edc
2026-07-06 03:11:28.554 11 INFO neutron.plugins.ml2.plugin [None req-cab34137-b4f5-48be-a976-1ff92d01abff - - - - - -] Attempt 1 to provision port 5fe25a7d-5907-4442-9396-be4abb00aa34
2026-07-06 03:11:28.593 11 INFO neutron.notifiers.nova [None req-cab34137-b4f5-48be-a976-1ff92d01abff - - - - - -] Nova event matching ['req-1fbb3016-4983-44ad-b219-5ae6b9583816'] response: {'server_uuid': '59f362ef-0201-4e88-a8ef-a89035e7c066', 'name': 'network-vif-plugged', 'status': 'completed', 'tag': '3075dd47-4ade-49c8-885d-84d43f3a7edc', 'code': 200}
2026-07-06 03:11:28.660 11 INFO neutron.plugins.ml2.plugin [None req-0afa4a92-39af-4957-9ff7-70faeb85ffa3 - - - - - -] Attempt 1 to provision port 026ebe2d-e370-48f2-9aa0-e3c6fda0cf49
2026-07-06 03:11:28.698 11 INFO neutron.plugins.ml2.plugin [None req-0afa4a92-39af-4957-9ff7-70faeb85ffa3 - - - - - -] Attempt 1 to provision port 2174b6fd-ecd5-4b24-bb77-8311701718cf
2026-07-06 03:11:28.774 11 INFO neutron.plugins.ml2.plugin [None req-792b569f-a5da-46c4-a277-eab70b288132 - - - - - -] Attempt 1 to provision port 84b03b9e-718b-4d54-ab42-f5a37d56e8eb
2026-07-06 03:11:28.809 11 INFO neutron.plugins.ml2.plugin [None req-792b569f-a5da-46c4-a277-eab70b288132 - - - - - -] Attempt 1 to provision port 3075dd47-4ade-49c8-885d-84d43f3a7edc
2026-07-06 03:11:28.972 11 INFO neutron.plugins.ml2.plugin [None req-792b569f-a5da-46c4-a277-eab70b288132 - - - - - -] Attempt 1 to provision port 258c3121-a978-4d97-a3b6-c5ac67843929
2026-07-06 03:11:29.809 10 INFO neutron.plugins.ml2.plugin [None req-792b569f-a5da-46c4-a277-eab70b288132 - - - - - -] Attempt 1 to provision port 3075dd47-4ade-49c8-885d-84d43f3a7edc
2026-07-06 03:11:30.662 11 INFO neutron.plugins.ml2.plugin [None req-19b696a3-da27-4379-8868-1df1d04a8b97 - - - - - -] Attempt 1 to provision port 026ebe2d-e370-48f2-9aa0-e3c6fda0cf49
2026-07-06 03:11:30.699 11 INFO neutron.plugins.ml2.plugin [None req-19b696a3-da27-4379-8868-1df1d04a8b97 - - - - - -] Attempt 1 to provision port 92f269cb-e780-416f-9293-63e28643c4c3
2026-07-06 03:11:31.548 10 INFO neutron.plugins.ml2.plugin [None req-792b569f-a5da-46c4-a277-eab70b288132 - - - - - -] Attempt 1 to provision port 908a9ec4-4c3d-4351-99fd-f4b561e39851
2026-07-06 03:11:31.869 10 INFO neutron.plugins.ml2.plugin [None req-792b569f-a5da-46c4-a277-eab70b288132 - - - - - -] Attempt 1 to provision port 84b03b9e-718b-4d54-ab42-f5a37d56e8eb
2026-07-06 03:11:31.951 10 INFO neutron.plugins.ml2.plugin [None req-3ddf4583-3301-43b9-a1ee-84265e7ca61b - - - - - -] Attempt 1 to provision port 026ebe2d-e370-48f2-9aa0-e3c6fda0cf49
2026-07-06 03:11:33.410 11 INFO neutron.plugins.ml2.plugin [None req-4c1a7029-d71c-4592-bede-50b8b5172bbc - - - - - -] Attempt 1 to provision port 3075dd47-4ade-49c8-885d-84d43f3a7edc
2026-07-06 03:11:33.548 10 INFO neutron.plugins.ml2.plugin [None req-792b569f-a5da-46c4-a277-eab70b288132 - - - - - -] Attempt 1 to provision port 908a9ec4-4c3d-4351-99fd-f4b561e39851
2026-07-06 03:11:33.710 10 INFO neutron.plugins.ml2.plugin [None req-792b569f-a5da-46c4-a277-eab70b288132 - - - - - -] Attempt 1 to provision port 92f269cb-e780-416f-9293-63e28643c4c3
2026-07-06 03:11:33.992 10 INFO neutron.plugins.ml2.plugin [None req-792b569f-a5da-46c4-a277-eab70b288132 - - - - - -] Attempt 1 to provision port 84b03b9e-718b-4d54-ab42-f5a37d56e8eb
2026-07-06 03:11:34.240 10 INFO neutron.plugins.ml2.plugin [None req-9c549f8c-f029-461b-8bb3-fe213ff8ab43 - - - - - -] Attempt 1 to provision port 026ebe2d-e370-48f2-9aa0-e3c6fda0cf49
2026-07-06 03:11:35.760 11 INFO neutron.plugins.ml2.plugin [None req-792b569f-a5da-46c4-a277-eab70b288132 - - - - - -] Attempt 1 to provision port 92f269cb-e780-416f-9293-63e28643c4c3
2026-07-06 03:11:35.933 11 INFO neutron.plugins.ml2.plugin [None req-792b569f-a5da-46c4-a277-eab70b288132 - - - - - -] Attempt 1 to provision port 026ebe2d-e370-48f2-9aa0-e3c6fda0cf49
2026-07-06 03:11:44.303 10 INFO neutron.notifiers.nova [None req-792b569f-a5da-46c4-a277-eab70b288132 - - - - - -] Nova event matching ['req-fe0302c4-7d33-4301-b5e8-9efcb565b7b1'] response: {'server_uuid': '2e1c77a9-9800-4e2f-9ff8-09108f117e2e', 'name': 'network-vif-unplugged', 'status': 'completed', 'tag': '5fe25a7d-5907-4442-9396-be4abb00aa34', 'code': 200}
2026-07-06 03:11:58.089 11 INFO neutron.plugins.ml2.plugin [None req-792b569f-a5da-46c4-a277-eab70b288132 - - - - - -] Attempt 1 to provision port 18bfdff4-c607-46ae-94c8-c6b58a9749ae
2026-07-06 03:11:58.241 11 INFO neutron.notifiers.nova [None req-792b569f-a5da-46c4-a277-eab70b288132 - - - - - -] Nova event matching ['req-23a46296-1757-4b09-9c36-98aaef0dea94'] response: {'server_uuid': 'a0923710-1ec1-4dcb-8723-8d29d743ba3b', 'name': 'network-vif-plugged', 'status': 'completed', 'tag': '18bfdff4-c607-46ae-94c8-c6b58a9749ae', 'code': 200}
2026-07-06 03:11:59.549 11 INFO neutron.plugins.ml2.plugin [None req-792b569f-a5da-46c4-a277-eab70b288132 - - - - - -] Attempt 1 to provision port 18bfdff4-c607-46ae-94c8-c6b58a9749ae
2026-07-06 03:11:59.827 10 INFO neutron.plugins.ml2.plugin [None req-9ba5224f-c0d4-4c79-8005-2f9e2e8debc2 - - - - - -] Attempt 1 to provision port 16efd3b9-e0d8-44ad-b3c1-3d5c6b5c49ec
2026-07-06 03:12:17.600 10 INFO neutron.plugins.ml2.plugin [None req-792b569f-a5da-46c4-a277-eab70b288132 - - - - - -] Attempt 1 to provision port 0376c7c6-7ea2-4549-a044-b5cc44d93629
2026-07-06 03:12:19.520 10 INFO neutron.plugins.ml2.plugin [None req-792b569f-a5da-46c4-a277-eab70b288132 - - - - - -] Attempt 1 to provision port 0376c7c6-7ea2-4549-a044-b5cc44d93629
2026-07-06 03:12:21.619 10 INFO neutron.plugins.ml2.plugin [None req-792b569f-a5da-46c4-a277-eab70b288132 - - - - - -] Attempt 1 to provision port 4ea555d3-c3b6-4089-b52a-0c84ab1cda00
2026-07-06 03:12:22.808 10 INFO neutron.plugins.ml2.plugin [None req-e20dc68b-06ad-478d-8956-837027a0c293 - - - - - -] Attempt 1 to provision port 0376c7c6-7ea2-4549-a044-b5cc44d93629
2026-07-06 03:12:24.101 10 INFO neutron.notifiers.nova [None req-792b569f-a5da-46c4-a277-eab70b288132 - - - - - -] Nova event matching ['req-be47d21f-5d8c-49b1-980a-f2acffec7457'] response: {'server_uuid': 'a0923710-1ec1-4dcb-8723-8d29d743ba3b', 'name': 'network-vif-unplugged', 'status': 'completed', 'tag': '18bfdff4-c607-46ae-94c8-c6b58a9749ae', 'code': 200}
2026-07-06 03:12:27.607 10 INFO neutron.plugins.ml2.plugin [None req-792b569f-a5da-46c4-a277-eab70b288132 - - - - - -] Attempt 1 to provision port 846b2536-1bde-4ed7-a051-efeacd1e45db
2026-07-06 03:12:29.602 11 INFO neutron.plugins.ml2.plugin [None req-792b569f-a5da-46c4-a277-eab70b288132 - - - - - -] Attempt 1 to provision port 846b2536-1bde-4ed7-a051-efeacd1e45db
2026-07-06 03:12:31.959 11 INFO neutron.notifiers.nova [None req-792b569f-a5da-46c4-a277-eab70b288132 - - - - - -] Nova event matching ['req-6881ca8f-a8d9-468b-a4d1-588781508ea9'] response: {'server_uuid': '9b53108a-cb94-457e-bf2c-831c8c43fb27', 'name': 'network-vif-unplugged', 'status': 'completed', 'tag': '6419f606-fb40-421d-bcfa-fcec2d69806b', 'code': 200}
2026-07-06 03:12:35.604 10 INFO neutron.plugins.ml2.plugin [None req-792b569f-a5da-46c4-a277-eab70b288132 - - - - - -] Attempt 1 to provision port de7ac32b-bce0-4ff7-925d-78f9748601d9
2026-07-06 03:12:47.549 11 INFO neutron.plugins.ml2.plugin [None req-792b569f-a5da-46c4-a277-eab70b288132 - - - - - -] Attempt 1 to provision port 1603ff27-94fa-421e-aa82-e4dc85d22dc9
2026-07-06 03:12:49.654 11 INFO neutron.plugins.ml2.plugin [None req-792b569f-a5da-46c4-a277-eab70b288132 - - - - - -] Attempt 1 to provision port 1603ff27-94fa-421e-aa82-e4dc85d22dc9
2026-07-06 03:12:49.871 11 INFO neutron.plugins.ml2.plugin [None req-792b569f-a5da-46c4-a277-eab70b288132 - - - - - -] Attempt 1 to provision port c0b23fd1-5a1a-4b04-b017-cd0606d5849f
2026-07-06 03:12:51.573 11 INFO neutron.plugins.ml2.plugin [None req-792b569f-a5da-46c4-a277-eab70b288132 - - - - - -] Attempt 1 to provision port c0b23fd1-5a1a-4b04-b017-cd0606d5849f
2026-07-06 03:12:51.619 10 INFO neutron.plugins.ml2.plugin [None req-fd1774d0-bf66-4548-9cf0-baa7a98e5148 - - - - - -] Attempt 1 to provision port c0b23fd1-5a1a-4b04-b017-cd0606d5849f
2026-07-06 03:12:51.675 10 INFO neutron.plugins.ml2.plugin [None req-fd1774d0-bf66-4548-9cf0-baa7a98e5148 - - - - - -] Attempt 1 to provision port 1603ff27-94fa-421e-aa82-e4dc85d22dc9
2026-07-06 03:12:59.646 11 INFO neutron.plugins.ml2.plugin [None req-792b569f-a5da-46c4-a277-eab70b288132 - - - - - -] Attempt 1 to provision port f97b030c-e094-4345-bf0b-fe103024cd60
2026-07-06 03:13:03.548 10 INFO neutron.plugins.ml2.plugin [None req-792b569f-a5da-46c4-a277-eab70b288132 - - - - - -] Attempt 1 to provision port 62cb891c-df8b-438c-888e-971a69140f5e
2026-07-06 03:13:18.036 10 INFO neutron.plugins.ml2.plugin [None req-80b233a3-8189-4050-8835-c857dd85eeb8 - - - - - -] Attempt 1 to provision port 9c9c111b-3320-40b8-9097-4427ddf0157b
2026-07-06 03:13:27.642 10 INFO neutron.plugins.ml2.plugin [None req-792b569f-a5da-46c4-a277-eab70b288132 - - - - - -] Attempt 1 to provision port 03e51f11-cb2c-47b4-a3d4-bf88642f5071
2026-07-06 03:13:29.028 11 INFO neutron.plugins.ml2.plugin [None req-06e685e4-1c7e-42c9-9f28-12d8b6c3c176 - - - - - -] Attempt 1 to provision port 03e51f11-cb2c-47b4-a3d4-bf88642f5071
2026-07-06 03:13:29.596 10 INFO neutron.plugins.ml2.plugin [None req-792b569f-a5da-46c4-a277-eab70b288132 - - - - - -] Attempt 1 to provision port 03e51f11-cb2c-47b4-a3d4-bf88642f5071
2026-07-06 03:13:30.164 10 ERROR oslo_messaging.rpc.server [None req-be13e798-c100-4909-bff7-40a808f44b19 - - - - - -] Exception during message handling: neutron_lib.exceptions.SubnetInUse: Unable to complete operation on subnet 1f965329-cd1c-4b16-b2d2-af40ccd00d86: This subnet is being modified by another concurrent operation.
2026-07-06 03:13:30.164 10 ERROR oslo_messaging.rpc.server
Traceback (most recent call last):
2026-07-06 03:13:30.164 10 ERROR oslo_messaging.rpc.server
File "/var/lib/openstack/lib/python3.12/site-packages/oslo_messaging/rpc/server.py", line 174, in _process_incoming
2026-07-06 03:13:30.164 10 ERROR oslo_messaging.rpc.server res = self.dispatcher.dispatch(message)
2026-07-06 03:13:30.164 10 ERROR oslo_messaging.rpc.server ^^^^^^^^^^^^^^^^^^^^^^^^^^^^^^^^^
2026-07-06 03:13:30.164 10 ERROR oslo_messaging.rpc.server
File "/var/lib/openstack/lib/python3.12/site-packages/oslo_messaging/rpc/dispatcher.py", line 309, in dispatch
2026-07-06 03:13:30.164 10 ERROR oslo_messaging.rpc.server return self._do_dispatch(endpoint, method, ctxt, args)
2026-07-06 03:13:30.164 10 ERROR oslo_messaging.rpc.server ^^^^^^^^^^^^^^^^^^^^^^^^^^^^^^^^^^^^^^^^^^^^^^^
2026-07-06 03:13:30.164 10 ERROR oslo_messaging.rpc.server
File "/var/lib/openstack/lib/python3.12/site-packages/oslo_messaging/rpc/dispatcher.py", line 229, in _do_dispatch
2026-07-06 03:13:30.164 10 ERROR oslo_messaging.rpc.server result = func(ctxt, **new_args)
2026-07-06 03:13:30.164 10 ERROR oslo_messaging.rpc.server ^^^^^^^^^^^^^^^^^^^^^^
2026-07-06 03:13:30.164 10 ERROR oslo_messaging.rpc.server
File "/var/lib/openstack/lib/python3.12/site-packages/oslo_messaging/rpc/server.py", line 269, in inner
2026-07-06 03:13:30.164 10 ERROR oslo_messaging.rpc.server return func(*args, **kwargs)
2026-07-06 03:13:30.164 10 ERROR oslo_messaging.rpc.server ^^^^^^^^^^^^^^^^^^^^^
2026-07-06 03:13:30.164 10 ERROR oslo_messaging.rpc.server
File "/var/lib/openstack/lib/python3.12/site-packages/neutron_lib/db/api.py", line 137, in wrapped
2026-07-06 03:13:30.164 10 ERROR oslo_messaging.rpc.server with excutils.save_and_reraise_exception():
2026-07-06 03:13:30.164 10 ERROR oslo_messaging.rpc.server
File "/var/lib/openstack/lib/python3.12/site-packages/oslo_utils/excutils.py", line 227, in __exit__
2026-07-06 03:13:30.164 10 ERROR oslo_messaging.rpc.server self.force_reraise()
2026-07-06 03:13:30.164 10 ERROR oslo_messaging.rpc.server
File "/var/lib/openstack/lib/python3.12/site-packages/oslo_utils/excutils.py", line 200, in force_reraise
2026-07-06 03:13:30.164 10 ERROR oslo_messaging.rpc.server raise self.value
2026-07-06 03:13:30.164 10 ERROR oslo_messaging.rpc.server
File "/var/lib/openstack/lib/python3.12/site-packages/neutron_lib/db/api.py", line 135, in wrapped
2026-07-06 03:13:30.164 10 ERROR oslo_messaging.rpc.server return f(*args, **kwargs)
2026-07-06 03:13:30.164 10 ERROR oslo_messaging.rpc.server ^^^^^^^^^^^^^^^^^^
2026-07-06 03:13:30.164 10 ERROR oslo_messaging.rpc.server
File "/var/lib/openstack/lib/python3.12/site-packages/oslo_db/api.py", line 144, in wrapper
2026-07-06 03:13:30.164 10 ERROR oslo_messaging.rpc.server with excutils.save_and_reraise_exception() as ectxt:
2026-07-06 03:13:30.164 10 ERROR oslo_messaging.rpc.server
File "/var/lib/openstack/lib/python3.12/site-packages/oslo_utils/excutils.py", line 227, in __exit__
2026-07-06 03:13:30.164 10 ERROR oslo_messaging.rpc.server self.force_reraise()
2026-07-06 03:13:30.164 10 ERROR oslo_messaging.rpc.server
File "/var/lib/openstack/lib/python3.12/site-packages/oslo_utils/excutils.py", line 200, in force_reraise
2026-07-06 03:13:30.164 10 ERROR oslo_messaging.rpc.server raise self.value
2026-07-06 03:13:30.164 10 ERROR oslo_messaging.rpc.server
File "/var/lib/openstack/lib/python3.12/site-packages/oslo_db/api.py", line 142, in wrapper
2026-07-06 03:13:30.164 10 ERROR oslo_messaging.rpc.server return f(*args, **kwargs)
2026-07-06 03:13:30.164 10 ERROR oslo_messaging.rpc.server ^^^^^^^^^^^^^^^^^^
2026-07-06 03:13:30.164 10 ERROR oslo_messaging.rpc.server
File "/var/lib/openstack/lib/python3.12/site-packages/neutron_lib/db/api.py", line 183, in wrapped
2026-07-06 03:13:30.164 10 ERROR oslo_messaging.rpc.server with excutils.save_and_reraise_exception():
2026-07-06 03:13:30.164 10 ERROR oslo_messaging.rpc.server
File "/var/lib/openstack/lib/python3.12/site-packages/oslo_utils/excutils.py", line 227, in __exit__
2026-07-06 03:13:30.164 10 ERROR oslo_messaging.rpc.server self.force_reraise()
2026-07-06 03:13:30.164 10 ERROR oslo_messaging.rpc.server
File "/var/lib/openstack/lib/python3.12/site-packages/oslo_utils/excutils.py", line 200, in force_reraise
2026-07-06 03:13:30.164 10 ERROR oslo_messaging.rpc.server raise self.value
2026-07-06 03:13:30.164 10 ERROR oslo_messaging.rpc.server
File "/var/lib/openstack/lib/python3.12/site-packages/neutron_lib/db/api.py", line 181, in wrapped
2026-07-06 03:13:30.164 10 ERROR oslo_messaging.rpc.server return f(*dup_args, **dup_kwargs)
2026-07-06 03:13:30.164 10 ERROR oslo_messaging.rpc.server ^^^^^^^^^^^^^^^^^^^^^^^^^^
2026-07-06 03:13:30.164 10 ERROR oslo_messaging.rpc.server
File "/var/lib/openstack/lib/python3.12/site-packages/neutron/quota/resource_registry.py", line 95, in wrapper
2026-07-06 03:13:30.164 10 ERROR oslo_messaging.rpc.server ret_val = f(_self, context, *args, **kwargs)
2026-07-06 03:13:30.164 10 ERROR oslo_messaging.rpc.server ^^^^^^^^^^^^^^^^^^^^^^^^^^^^^^^^^^
2026-07-06 03:13:30.164 10 ERROR oslo_messaging.rpc.server
File "/var/lib/openstack/lib/python3.12/site-packages/neutron/api/rpc/handlers/dhcp_rpc.py", line 292, in create_dhcp_port
2026-07-06 03:13:30.164 10 ERROR oslo_messaging.rpc.server return self._port_action(plugin, context, port, 'create_port')
2026-07-06 03:13:30.164 10 ERROR oslo_messaging.rpc.server ^^^^^^^^^^^^^^^^^^^^^^^^^^^^^^^^^^^^^^^^^^^^^^^^^^^^^^^
2026-07-06 03:13:30.164 10 ERROR oslo_messaging.rpc.server
File "/var/lib/openstack/lib/python3.12/site-packages/neutron/api/rpc/handlers/dhcp_rpc.py", line 118, in _port_action
2026-07-06 03:13:30.164 10 ERROR oslo_messaging.rpc.server return p_utils.create_port(plugin, context, port)
2026-07-06 03:13:30.164 10 ERROR oslo_messaging.rpc.server ^^^^^^^^^^^^^^^^^^^^^^^^^^^^^^^^^^^^^^^^^^
2026-07-06 03:13:30.164 10 ERROR oslo_messaging.rpc.server
File "/var/lib/openstack/lib/python3.12/site-packages/neutron_lib/plugins/utils.py", line 338, in create_port
2026-07-06 03:13:30.164 10 ERROR oslo_messaging.rpc.server return core_plugin.create_port(
2026-07-06 03:13:30.164 10 ERROR oslo_messaging.rpc.server ^^^^^^^^^^^^^^^^^^^^^^^^
2026-07-06 03:13:30.164 10 ERROR oslo_messaging.rpc.server
File "/var/lib/openstack/lib/python3.12/site-packages/neutron/common/utils.py", line 716, in inner
2026-07-06 03:13:30.164 10 ERROR oslo_messaging.rpc.server return f(*args, **kwargs)
2026-07-06 03:13:30.164 10 ERROR oslo_messaging.rpc.server ^^^^^^^^^^^^^^^^^^
2026-07-06 03:13:30.164 10 ERROR oslo_messaging.rpc.server
File "/var/lib/openstack/lib/python3.12/site-packages/neutron_lib/db/api.py", line 223, in wrapped
2026-07-06 03:13:30.164 10 ERROR oslo_messaging.rpc.server return f_with_retry(*args, **kwargs,
2026-07-06 03:13:30.164 10 ERROR oslo_messaging.rpc.server ^^^^^^^^^^^^^^^^^^^^^^^^^^^^^
2026-07-06 03:13:30.164 10 ERROR oslo_messaging.rpc.server
File "/var/lib/openstack/lib/python3.12/site-packages/neutron_lib/db/api.py", line 137, in wrapped
2026-07-06 03:13:30.164 10 ERROR oslo_messaging.rpc.server with excutils.save_and_reraise_exception():
2026-07-06 03:13:30.164 10 ERROR oslo_messaging.rpc.server
File "/var/lib/openstack/lib/python3.12/site-packages/oslo_utils/excutils.py", line 227, in __exit__
2026-07-06 03:13:30.164 10 ERROR oslo_messaging.rpc.server self.force_reraise()
2026-07-06 03:13:30.164 10 ERROR oslo_messaging.rpc.server
File "/var/lib/openstack/lib/python3.12/site-packages/oslo_utils/excutils.py", line 200, in force_reraise
2026-07-06 03:13:30.164 10 ERROR oslo_messaging.rpc.server raise self.value
2026-07-06 03:13:30.164 10 ERROR oslo_messaging.rpc.server
File "/var/lib/openstack/lib/python3.12/site-packages/neutron_lib/db/api.py", line 135, in wrapped
2026-07-06 03:13:30.164 10 ERROR oslo_messaging.rpc.server return f(*args, **kwargs)
2026-07-06 03:13:30.164 10 ERROR oslo_messaging.rpc.server ^^^^^^^^^^^^^^^^^^
2026-07-06 03:13:30.164 10 ERROR oslo_messaging.rpc.server
File "/var/lib/openstack/lib/python3.12/site-packages/oslo_db/api.py", line 144, in wrapper
2026-07-06 03:13:30.164 10 ERROR oslo_messaging.rpc.server with excutils.save_and_reraise_exception() as ectxt:
2026-07-06 03:13:30.164 10 ERROR oslo_messaging.rpc.server
File "/var/lib/openstack/lib/python3.12/site-packages/oslo_utils/excutils.py", line 227, in __exit__
2026-07-06 03:13:30.164 10 ERROR oslo_messaging.rpc.server self.force_reraise()
2026-07-06 03:13:30.164 10 ERROR oslo_messaging.rpc.server
File "/var/lib/openstack/lib/python3.12/site-packages/oslo_utils/excutils.py", line 200, in force_reraise
2026-07-06 03:13:30.164 10 ERROR oslo_messaging.rpc.server raise self.value
2026-07-06 03:13:30.164 10 ERROR oslo_messaging.rpc.server
File "/var/lib/openstack/lib/python3.12/site-packages/oslo_db/api.py", line 142, in wrapper
2026-07-06 03:13:30.164 10 ERROR oslo_messaging.rpc.server return f(*args, **kwargs)
2026-07-06 03:13:30.164 10 ERROR oslo_messaging.rpc.server ^^^^^^^^^^^^^^^^^^
2026-07-06 03:13:30.164 10 ERROR oslo_messaging.rpc.server
File "/var/lib/openstack/lib/python3.12/site-packages/neutron_lib/db/api.py", line 183, in wrapped
2026-07-06 03:13:30.164 10 ERROR oslo_messaging.rpc.server with excutils.save_and_reraise_exception():
2026-07-06 03:13:30.164 10 ERROR oslo_messaging.rpc.server
File "/var/lib/openstack/lib/python3.12/site-packages/oslo_utils/excutils.py", line 227, in __exit__
2026-07-06 03:13:30.164 10 ERROR oslo_messaging.rpc.server self.force_reraise()
2026-07-06 03:13:30.164 10 ERROR oslo_messaging.rpc.server
File "/var/lib/openstack/lib/python3.12/site-packages/oslo_utils/excutils.py", line 200, in force_reraise
2026-07-06 03:13:30.164 10 ERROR oslo_messaging.rpc.server raise self.value
2026-07-06 03:13:30.164 10 ERROR oslo_messaging.rpc.server
File "/var/lib/openstack/lib/python3.12/site-packages/neutron_lib/db/api.py", line 181, in wrapped
2026-07-06 03:13:30.164 10 ERROR oslo_messaging.rpc.server return f(*dup_args, **dup_kwargs)
2026-07-06 03:13:30.164 10 ERROR oslo_messaging.rpc.server ^^^^^^^^^^^^^^^^^^^^^^^^^^
2026-07-06 03:13:30.164 10 ERROR oslo_messaging.rpc.server
File "/var/lib/openstack/lib/python3.12/site-packages/neutron/plugins/ml2/plugin.py", line 1660, in create_port
2026-07-06 03:13:30.164 10 ERROR oslo_messaging.rpc.server result, mech_context = self._create_port_db(context, port)
2026-07-06 03:13:30.164 10 ERROR oslo_messaging.rpc.server ^^^^^^^^^^^^^^^^^^^^^^^^^^^^^^^^^^^
2026-07-06 03:13:30.164 10 ERROR oslo_messaging.rpc.server
File "/var/lib/openstack/lib/python3.12/site-packages/neutron/plugins/ml2/plugin.py", line 1625, in _create_port_db
2026-07-06 03:13:30.164 10 ERROR oslo_messaging.rpc.server port_db = self.create_port_db(context, port)
2026-07-06 03:13:30.164 10 ERROR oslo_messaging.rpc.server ^^^^^^^^^^^^^^^^^^^^^^^^^^^^^^^^^^
2026-07-06 03:13:30.164 10 ERROR oslo_messaging.rpc.server
File "/var/lib/openstack/lib/python3.12/site-packages/neutron/db/db_base_plugin_v2.py", line 1574, in create_port_db
2026-07-06 03:13:30.164 10 ERROR oslo_messaging.rpc.server self.ipam.allocate_ips_for_port_and_store(
2026-07-06 03:13:30.164 10 ERROR oslo_messaging.rpc.server
File "/var/lib/openstack/lib/python3.12/site-packages/neutron/db/ipam_pluggable_backend.py", line 219, in allocate_ips_for_port_and_store
2026-07-06 03:13:30.164 10 ERROR oslo_messaging.rpc.server ips = self.allocate_ips_for_port(context, port_copy)
2026-07-06 03:13:30.164 10 ERROR oslo_messaging.rpc.server ^^^^^^^^^^^^^^^^^^^^^^^^^^^^^^^^^^^^^^^^^^^^^^
2026-07-06 03:13:30.164 10 ERROR oslo_messaging.rpc.server
File "/var/lib/openstack/lib/python3.12/site-packages/neutron_lib/db/api.py", line 221, in wrapped
2026-07-06 03:13:30.164 10 ERROR oslo_messaging.rpc.server return f(*args, **kwargs)
2026-07-06 03:13:30.164 10 ERROR oslo_messaging.rpc.server ^^^^^^^^^^^^^^^^^^
2026-07-06 03:13:30.164 10 ERROR oslo_messaging.rpc.server
File "/var/lib/openstack/lib/python3.12/site-packages/oslo_db/sqlalchemy/enginefacade.py", line 1183, in wrapper
2026-07-06 03:13:30.164 10 ERROR oslo_messaging.rpc.server return fn(*args, **kwargs)
2026-07-06 03:13:30.164 10 ERROR oslo_messaging.rpc.server ^^^^^^^^^^^^^^^^^^^
2026-07-06 03:13:30.164 10 ERROR oslo_messaging.rpc.server
File "/var/lib/openstack/lib/python3.12/site-packages/neutron/db/ipam_pluggable_backend.py", line 226, in allocate_ips_for_port
2026-07-06 03:13:30.164 10 ERROR oslo_messaging.rpc.server return self._allocate_ips_for_port(context, port)
2026-07-06 03:13:30.164 10 ERROR oslo_messaging.rpc.server ^^^^^^^^^^^^^^^^^^^^^^^^^^^^^^^^^^^^^^^^^^
2026-07-06 03:13:30.164 10 ERROR oslo_messaging.rpc.server
File "/var/lib/openstack/lib/python3.12/site-packages/neutron/db/ipam_pluggable_backend.py", line 258, in _allocate_ips_for_port
2026-07-06 03:13:30.164 10 ERROR oslo_messaging.rpc.server subnets = self._ipam_get_subnets(
2026-07-06 03:13:30.164 10 ERROR oslo_messaging.rpc.server ^^^^^^^^^^^^^^^^^^^^^^^
2026-07-06 03:13:30.164 10 ERROR oslo_messaging.rpc.server
File "/var/lib/openstack/lib/python3.12/site-packages/neutron/db/ipam_backend_mixin.py", line 686, in _ipam_get_subnets
2026-07-06 03:13:30.164 10 ERROR oslo_messaging.rpc.server subnet.read_lock_register(
2026-07-06 03:13:30.164 10 ERROR oslo_messaging.rpc.server
File "/var/lib/openstack/lib/python3.12/site-packages/neutron/db/models_v2.py", line 77, in read_lock_register
2026-07-06 03:13:30.164 10 ERROR oslo_messaging.rpc.server raise exception
2026-07-06 03:13:30.164 10 ERROR oslo_messaging.rpc.server neutron_lib.exceptions.SubnetInUse: Unable to complete operation on subnet 1f965329-cd1c-4b16-b2d2-af40ccd00d86: This subnet is being modified by another concurrent operation.
2026-07-06 03:13:30.164 10 ERROR oslo_messaging.rpc.server
2026-07-06 03:14:11.709 11 INFO neutron.plugins.ml2.plugin [None req-792b569f-a5da-46c4-a277-eab70b288132 - - - - - -] Attempt 1 to provision port 38e91e8e-c020-41af-8a43-c329e2dfa4aa
2026-07-06 03:14:12.899 10 INFO neutron.plugins.ml2.plugin [None req-62927f9e-9339-4baf-934b-dd9413192204 - - - - - -] Attempt 1 to provision port 38e91e8e-c020-41af-8a43-c329e2dfa4aa
2026-07-06 03:14:13.580 10 INFO neutron.plugins.ml2.plugin [None req-792b569f-a5da-46c4-a277-eab70b288132 - - - - - -] Attempt 1 to provision port 38e91e8e-c020-41af-8a43-c329e2dfa4aa
2026-07-06 03:14:15.618 10 INFO neutron.plugins.ml2.plugin [None req-792b569f-a5da-46c4-a277-eab70b288132 - - - - - -] Attempt 1 to provision port 0ce688e2-2f5a-4c0a-8bf7-2863c5a4aa27
2026-07-06 03:14:17.682 11 INFO neutron.plugins.ml2.plugin [None req-792b569f-a5da-46c4-a277-eab70b288132 - - - - - -] Attempt 1 to provision port 0ce688e2-2f5a-4c0a-8bf7-2863c5a4aa27
2026-07-06 03:14:17.917 11 INFO neutron.plugins.ml2.plugin [None req-792b569f-a5da-46c4-a277-eab70b288132 - - - - - -] Attempt 1 to provision port 1f70eae9-1896-4c79-a876-3b28f1b4c676
2026-07-06 03:14:19.691 11 INFO neutron.plugins.ml2.plugin [None req-792b569f-a5da-46c4-a277-eab70b288132 - - - - - -] Attempt 1 to provision port 8b8731b8-7f67-404f-a001-e3339b478404
2026-07-06 03:14:20.114 11 INFO neutron.plugins.ml2.plugin [None req-792b569f-a5da-46c4-a277-eab70b288132 - - - - - -] Attempt 1 to provision port 1f70eae9-1896-4c79-a876-3b28f1b4c676
2026-07-06 03:14:21.816 10 INFO neutron.plugins.ml2.plugin [None req-792b569f-a5da-46c4-a277-eab70b288132 - - - - - -] Attempt 1 to provision port 8b8731b8-7f67-404f-a001-e3339b478404
2026-07-06 03:14:23.645 11 INFO neutron.plugins.ml2.plugin [None req-792b569f-a5da-46c4-a277-eab70b288132 - - - - - -] Attempt 1 to provision port 38e91e8e-c020-41af-8a43-c329e2dfa4aa
2026-07-06 03:14:26.035 10 INFO neutron.plugins.ml2.plugin [None req-c34a494c-963c-474c-b582-28bab5d1f372 - - - - - -] Attempt 1 to provision port c6dc7fc2-551e-41b8-853e-a2836f4c3e44
2026-07-06 03:14:26.069 10 INFO neutron.plugins.ml2.plugin [None req-c34a494c-963c-474c-b582-28bab5d1f372 - - - - - -] Attempt 1 to provision port 0ce688e2-2f5a-4c0a-8bf7-2863c5a4aa27
2026-07-06 03:14:26.128 10 INFO neutron.plugins.ml2.plugin [None req-c34a494c-963c-474c-b582-28bab5d1f372 - - - - - -] Attempt 1 to provision port 07f1732a-e63d-4222-97ae-9d2c405f4658
2026-07-06 03:14:26.159 10 INFO neutron.plugins.ml2.plugin [None req-c34a494c-963c-474c-b582-28bab5d1f372 - - - - - -] Attempt 1 to provision port 8b8731b8-7f67-404f-a001-e3339b478404
2026-07-06 03:14:26.240 10 INFO neutron.plugins.ml2.plugin [None req-c34a494c-963c-474c-b582-28bab5d1f372 - - - - - -] Attempt 1 to provision port 38e91e8e-c020-41af-8a43-c329e2dfa4aa
2026-07-06 03:14:31.304 10 INFO neutron.plugins.ml2.plugin [None req-73a2cdfd-2997-409d-b1ad-b13e11180d68 - - - - - -] Attempt 1 to provision port 7f99f568-7234-4a55-b800-24f08f4ee82c
2026-07-06 03:14:31.332 10 INFO neutron.plugins.ml2.plugin [None req-73a2cdfd-2997-409d-b1ad-b13e11180d68 - - - - - -] Attempt 1 to provision port 0ce688e2-2f5a-4c0a-8bf7-2863c5a4aa27
2026-07-06 03:14:31.391 10 INFO neutron.plugins.ml2.plugin [None req-73a2cdfd-2997-409d-b1ad-b13e11180d68 - - - - - -] Attempt 1 to provision port 07f1732a-e63d-4222-97ae-9d2c405f4658
2026-07-06 03:14:31.420 10 INFO neutron.plugins.ml2.plugin [None req-73a2cdfd-2997-409d-b1ad-b13e11180d68 - - - - - -] Attempt 1 to provision port b28e3e5a-f3c2-4325-87b3-7898cf9855af
2026-07-06 03:14:31.451 10 INFO neutron.plugins.ml2.plugin [None req-73a2cdfd-2997-409d-b1ad-b13e11180d68 - - - - - -] Attempt 1 to provision port 8b8731b8-7f67-404f-a001-e3339b478404
2026-07-06 03:14:31.502 10 INFO neutron.plugins.ml2.plugin [None req-73a2cdfd-2997-409d-b1ad-b13e11180d68 - - - - - -] Attempt 1 to provision port 38e91e8e-c020-41af-8a43-c329e2dfa4aa
2026-07-06 03:14:32.374 11 INFO neutron.plugins.ml2.plugin [None req-792b569f-a5da-46c4-a277-eab70b288132 - - - - - -] Attempt 1 to provision port 68082c47-47cf-4c26-a729-ab852689ac8f
2026-07-06 03:14:32.503 11 INFO neutron.notifiers.nova [None req-792b569f-a5da-46c4-a277-eab70b288132 - - - - - -] Nova event matching ['req-fff1282a-b456-499e-889a-7a9a3e51f729'] response: {'server_uuid': 'ae806134-ca9a-4f65-81df-d8b0371bd79b', 'name': 'network-vif-plugged', 'status': 'completed', 'tag': '68082c47-47cf-4c26-a729-ab852689ac8f', 'code': 200}
2026-07-06 03:14:33.637 10 INFO neutron.plugins.ml2.plugin [None req-792b569f-a5da-46c4-a277-eab70b288132 - - - - - -] Attempt 1 to provision port 68082c47-47cf-4c26-a729-ab852689ac8f
2026-07-06 03:14:35.603 11 INFO neutron.plugins.ml2.plugin [None req-55c1f360-91e3-40d3-b701-2f22adb5baaa - - - - - -] Attempt 1 to provision port 7f99f568-7234-4a55-b800-24f08f4ee82c
2026-07-06 03:14:35.649 10 INFO neutron.plugins.ml2.plugin [None req-792b569f-a5da-46c4-a277-eab70b288132 - - - - - -] Attempt 1 to provision port b28e3e5a-f3c2-4325-87b3-7898cf9855af
2026-07-06 03:14:35.762 11 INFO neutron.plugins.ml2.plugin [None req-55c1f360-91e3-40d3-b701-2f22adb5baaa - - - - - -] Attempt 1 to provision port 0ce688e2-2f5a-4c0a-8bf7-2863c5a4aa27
2026-07-06 03:14:35.820 11 INFO neutron.plugins.ml2.plugin [None req-55c1f360-91e3-40d3-b701-2f22adb5baaa - - - - - -] Attempt 1 to provision port 07f1732a-e63d-4222-97ae-9d2c405f4658
2026-07-06 03:14:35.983 11 INFO neutron.plugins.ml2.plugin [None req-55c1f360-91e3-40d3-b701-2f22adb5baaa - - - - - -] Attempt 1 to provision port 68082c47-47cf-4c26-a729-ab852689ac8f
2026-07-06 03:14:35.989 10 INFO neutron.plugins.ml2.plugin [None req-792b569f-a5da-46c4-a277-eab70b288132 - - - - - -] Attempt 1 to provision port 07f1732a-e63d-4222-97ae-9d2c405f4658
2026-07-06 03:14:36.052 11 INFO neutron.plugins.ml2.plugin [None req-55c1f360-91e3-40d3-b701-2f22adb5baaa - - - - - -] Attempt 1 to provision port b28e3e5a-f3c2-4325-87b3-7898cf9855af
2026-07-06 03:14:36.145 11 INFO neutron.plugins.ml2.plugin [None req-55c1f360-91e3-40d3-b701-2f22adb5baaa - - - - - -] Attempt 1 to provision port 8b8731b8-7f67-404f-a001-e3339b478404
2026-07-06 03:14:36.239 10 INFO neutron.plugins.ml2.plugin [None req-792b569f-a5da-46c4-a277-eab70b288132 - - - - - -] Attempt 1 to provision port c6dc7fc2-551e-41b8-853e-a2836f4c3e44
2026-07-06 03:14:36.515 10 INFO neutron.plugins.ml2.plugin [None req-792b569f-a5da-46c4-a277-eab70b288132 - - - - - -] Attempt 1 to provision port 7f99f568-7234-4a55-b800-24f08f4ee82c
2026-07-06 03:14:37.638 11 INFO neutron.plugins.ml2.plugin [None req-792b569f-a5da-46c4-a277-eab70b288132 - - - - - -] Attempt 1 to provision port b28e3e5a-f3c2-4325-87b3-7898cf9855af
2026-07-06 03:14:37.876 11 INFO neutron.plugins.ml2.plugin [None req-792b569f-a5da-46c4-a277-eab70b288132 - - - - - -] Attempt 1 to provision port 07f1732a-e63d-4222-97ae-9d2c405f4658
2026-07-06 03:14:38.140 11 INFO neutron.plugins.ml2.plugin [None req-792b569f-a5da-46c4-a277-eab70b288132 - - - - - -] Attempt 1 to provision port c6dc7fc2-551e-41b8-853e-a2836f4c3e44
2026-07-06 03:14:38.304 11 INFO neutron.plugins.ml2.plugin [None req-792b569f-a5da-46c4-a277-eab70b288132 - - - - - -] Attempt 1 to provision port 7f99f568-7234-4a55-b800-24f08f4ee82c
2026-07-06 03:14:39.402 11 INFO neutron.plugins.ml2.plugin [None req-39ff7203-4804-4a20-b0cc-d1fbb46ba13a - - - - - -] Attempt 1 to provision port 07f1732a-e63d-4222-97ae-9d2c405f4658
2026-07-06 03:14:39.458 11 INFO neutron.plugins.ml2.plugin [None req-39ff7203-4804-4a20-b0cc-d1fbb46ba13a - - - - - -] Attempt 1 to provision port 7f99f568-7234-4a55-b800-24f08f4ee82c
2026-07-06 03:14:39.522 11 INFO neutron.plugins.ml2.plugin [None req-39ff7203-4804-4a20-b0cc-d1fbb46ba13a - - - - - -] Attempt 1 to provision port b28e3e5a-f3c2-4325-87b3-7898cf9855af
2026-07-06 03:14:41.717 10 INFO neutron.plugins.ml2.plugin [None req-cf31dc03-4744-4782-8fbb-1fda2abc5bf7 - - - - - -] Attempt 1 to provision port 7f99f568-7234-4a55-b800-24f08f4ee82c
2026-07-06 03:14:41.776 10 INFO neutron.plugins.ml2.plugin [None req-cf31dc03-4744-4782-8fbb-1fda2abc5bf7 - - - - - -] Attempt 1 to provision port b28e3e5a-f3c2-4325-87b3-7898cf9855af
2026-07-06 03:14:43.114 10 INFO neutron.plugins.ml2.plugin [None req-fc193422-4235-416c-b53e-c61be6ed14ef - - - - - -] Attempt 1 to provision port 68082c47-47cf-4c26-a729-ab852689ac8f
