2026-04-15 06:09:28.492 8 INFO neutron.plugins.ml2.drivers.ovn.mech_driver.ovsdb.commands [None req-ccd1b7f7-b540-40f0-8e3c-bfc573edbdcb - - - - - -] Schedule LRP lrp-9dc6ef9d-b894-4d51-bf4b-da1fa1f50971 on gateway 6bd92f60-3197-4c01-b8b7-28cb73d345f6 with priority 1
2026-04-15 06:09:28.552 8 INFO neutron.db.ovn_revision_numbers_db [None req-63562783-78ea-457f-b935-9ff7f452c5c9 5e3dad3ef88a4916997652ea7c19eb97 520ca9176e624f3186c1369b5fff8f56 - - default default] Successfully bumped revision number for resource 9dc6ef9d-b894-4d51-bf4b-da1fa1f50971 (type: router_ports) to 1
2026-04-15 06:09:28.568 7 INFO neutron.plugins.ml2.drivers.ovn.mech_driver.mech_driver [None req-881326bf-f986-4bfe-843d-afe07c51b6fc - - - - - -] OVN reports status up for port: 9dc6ef9d-b894-4d51-bf4b-da1fa1f50971
2026-04-15 06:09:28.573 8 INFO neutron.plugins.ml2.drivers.ovn.mech_driver.ovsdb.ovsdb_monitor [None req-77269db7-9937-4be8-9893-0466f6725e6b - - - - - -] Router 389f7825-9018-4dce-ab8b-d973d940ff82 is bound to host instance
2026-04-15 06:09:28.612 7 INFO neutron.plugins.ml2.plugin [None req-881326bf-f986-4bfe-843d-afe07c51b6fc - - - - - -] Attempt 1 to provision port 9dc6ef9d-b894-4d51-bf4b-da1fa1f50971
2026-04-15 06:09:28.698 8 INFO neutron.db.ovn_revision_numbers_db [None req-63562783-78ea-457f-b935-9ff7f452c5c9 5e3dad3ef88a4916997652ea7c19eb97 520ca9176e624f3186c1369b5fff8f56 - - default default] Successfully bumped revision number for resource 389f7825-9018-4dce-ab8b-d973d940ff82 (type: routers) to 2 [pid: 8|app: 0|req: 1202/2361] 10.0.0.116 () {34 vars in 669 bytes} [Wed Apr 15 06:09:27 2026] POST /v2.0/routers => generated 965 bytes in 1336 msecs (HTTP/1.1 201) 4 headers in 162 bytes (1 switches on core 0)
2026-04-15 06:09:29.002 7 INFO neutron.db.ovn_revision_numbers_db [None req-fc723b65-6a2d-4eff-b354-e9accf74d3c3 - - - - - -] Successfully bumped revision number for resource 7bd6506f-1776-451e-a560-1e077a4b7216 (type: ports) to 2
2026-04-15 06:09:29.031 7 INFO neutron.db.ovn_revision_numbers_db [None req-fc723b65-6a2d-4eff-b354-e9accf74d3c3 - - - - - -] Successfully bumped revision number for resource 29f87395-4782-4e9f-bb16-c5624d99e901 (type: subnets) to 0 [pid: 7|app: 0|req: 1160/2362] 10.0.0.116 () {34 vars in 669 bytes} [Wed Apr 15 06:09:28 2026] POST /v2.0/subnets => generated 655 bytes in 788 msecs (HTTP/1.1 201) 4 headers in 162 bytes (1 switches on core 0)
2026-04-15 06:09:29.219 7 WARNING neutron.scheduler.dhcp_agent_scheduler [None req-7e945843-3394-4494-a7f9-9cba219425fc 61d25bd396f342258c64ab34e3cf3379 7a2c2a02d97749b18a2a253acbe41b3f - - default default] No more DHCP agents
2026-04-15 06:09:29.220 7 WARNING neutron.api.rpc.agentnotifiers.dhcp_rpc_agent_api [None req-7e945843-3394-4494-a7f9-9cba219425fc 61d25bd396f342258c64ab34e3cf3379 7a2c2a02d97749b18a2a253acbe41b3f - - default default] Unable to schedule network 12d97ef3-03f1-4f8a-ae2c-93ce367d1f59: no agents available; will retry on subsequent port and subnet creation events.
2026-04-15 06:09:29.249 7 INFO neutron.db.ovn_revision_numbers_db [None req-7e945843-3394-4494-a7f9-9cba219425fc 61d25bd396f342258c64ab34e3cf3379 7a2c2a02d97749b18a2a253acbe41b3f - - default default] Successfully bumped revision number for resource d6f79eb3-05ab-40eb-9bd2-367c96e23a2f (type: subnets) to 0 [pid: 7|app: 0|req: 1161/2363] 10.0.0.116 () {34 vars in 669 bytes} [Wed Apr 15 06:09:29 2026] POST /v2.0/subnets => generated 730 bytes in 215 msecs (HTTP/1.1 201) 4 headers in 162 bytes (1 switches on core 0)
2026-04-15 06:09:29.597 8 WARNING neutron.scheduler.dhcp_agent_scheduler [None req-2f261b4a-0cc8-477c-a910-3a55ab64ffce 5e3dad3ef88a4916997652ea7c19eb97 520ca9176e624f3186c1369b5fff8f56 - - default default] No more DHCP agents
2026-04-15 06:09:29.600 8 WARNING neutron.api.rpc.agentnotifiers.dhcp_rpc_agent_api [None req-2f261b4a-0cc8-477c-a910-3a55ab64ffce 5e3dad3ef88a4916997652ea7c19eb97 520ca9176e624f3186c1369b5fff8f56 - - default default] Unable to schedule network 664412f8-ca2d-46a3-a271-13fc519f615e: no agents available; will retry on subsequent port and subnet creation events.
2026-04-15 06:09:29.646 7 WARNING neutron.scheduler.dhcp_agent_scheduler [None req-c238bad7-8d7e-4b44-a46b-cac1517a9e59 61d25bd396f342258c64ab34e3cf3379 7a2c2a02d97749b18a2a253acbe41b3f - - default default] No more DHCP agents
2026-04-15 06:09:29.647 7 WARNING neutron.api.rpc.agentnotifiers.dhcp_rpc_agent_api [None req-c238bad7-8d7e-4b44-a46b-cac1517a9e59 61d25bd396f342258c64ab34e3cf3379 7a2c2a02d97749b18a2a253acbe41b3f - - default default] Unable to schedule network 7f2588e3-8790-4600-9f4c-f1dfef7b509d: no agents available; will retry on subsequent port and subnet creation events.
2026-04-15 06:09:29.768 7 INFO neutron.db.ovn_revision_numbers_db [None req-c238bad7-8d7e-4b44-a46b-cac1517a9e59 61d25bd396f342258c64ab34e3cf3379 7a2c2a02d97749b18a2a253acbe41b3f - - default default] Successfully bumped revision number for resource 6187790a-d873-4c07-b4af-6e5dd050b462 (type: ports) to 1
2026-04-15 06:09:29.788 8 INFO neutron.plugins.ml2.drivers.ovn.mech_driver.mech_driver [None req-4ba5273b-7687-4dc1-b4ef-3e83837519b2 - - - - - -] OVN reports status down for port: 6187790a-d873-4c07-b4af-6e5dd050b462
2026-04-15 06:09:29.921 8 INFO neutron.plugins.ml2.drivers.ovn.mech_driver.mech_driver [None req-4ba5273b-7687-4dc1-b4ef-3e83837519b2 - - - - - -] OVN reports status down for port: 52a709ce-b4c5-4e1c-a0e9-9cd276d09619
2026-04-15 06:09:29.993 8 INFO neutron.db.ovn_revision_numbers_db [None req-2f261b4a-0cc8-477c-a910-3a55ab64ffce 5e3dad3ef88a4916997652ea7c19eb97 520ca9176e624f3186c1369b5fff8f56 - - default default] Successfully bumped revision number for resource 52a709ce-b4c5-4e1c-a0e9-9cd276d09619 (type: ports) to 1
2026-04-15 06:09:30.155 8 INFO neutron.db.ovn_revision_numbers_db [None req-74096dd5-355b-4ff9-8893-65dadb24a309 - - - - - -] Successfully bumped revision number for resource 9dc6ef9d-b894-4d51-bf4b-da1fa1f50971 (type: ports) to 4
2026-04-15 06:09:30.299 7 INFO neutron.plugins.ml2.drivers.ovn.mech_driver.ovsdb.commands [None req-87083b6b-7717-425e-91df-affb3b6d3968 - - - - - -] Schedule LRP lrp-6187790a-d873-4c07-b4af-6e5dd050b462 on gateway 6bd92f60-3197-4c01-b8b7-28cb73d345f6 with priority 1
2026-04-15 06:09:30.361 7 INFO neutron.plugins.ml2.drivers.ovn.mech_driver.ovsdb.ovsdb_monitor [None req-77073dde-50a9-40e4-aa10-43da6148c199 - - - - - -] Router fdfbf2a7-d18a-49a8-8bad-725101fcace5 is bound to host instance
2026-04-15 06:09:30.391 7 INFO neutron.db.ovn_revision_numbers_db [None req-c238bad7-8d7e-4b44-a46b-cac1517a9e59 61d25bd396f342258c64ab34e3cf3379 7a2c2a02d97749b18a2a253acbe41b3f - - default default] Successfully bumped revision number for resource 6187790a-d873-4c07-b4af-6e5dd050b462 (type: router_ports) to 1
2026-04-15 06:09:30.443 8 INFO neutron.plugins.ml2.drivers.ovn.mech_driver.mech_driver [None req-4ba5273b-7687-4dc1-b4ef-3e83837519b2 - - - - - -] OVN reports status up for port: 6187790a-d873-4c07-b4af-6e5dd050b462
2026-04-15 06:09:30.490 8 INFO neutron.plugins.ml2.plugin [None req-4ba5273b-7687-4dc1-b4ef-3e83837519b2 - - - - - -] Attempt 1 to provision port 6187790a-d873-4c07-b4af-6e5dd050b462
2026-04-15 06:09:30.531 7 INFO neutron.db.ovn_revision_numbers_db [None req-c238bad7-8d7e-4b44-a46b-cac1517a9e59 61d25bd396f342258c64ab34e3cf3379 7a2c2a02d97749b18a2a253acbe41b3f - - default default] Successfully bumped revision number for resource fdfbf2a7-d18a-49a8-8bad-725101fcace5 (type: routers) to 2 [pid: 7|app: 0|req: 1162/2364] 10.0.0.116 () {34 vars in 669 bytes} [Wed Apr 15 06:09:29 2026] POST /v2.0/routers => generated 944 bytes in 1307 msecs (HTTP/1.1 201) 4 headers in 162 bytes (1 switches on core 0)
2026-04-15 06:09:30.896 8 INFO neutron.db.ovn_revision_numbers_db [None req-74096dd5-355b-4ff9-8893-65dadb24a309 - - - - - -] Successfully bumped revision number for resource 9dc6ef9d-b894-4d51-bf4b-da1fa1f50971 (type: ports) to 5
2026-04-15 06:09:31.293 8 WARNING neutron.scheduler.dhcp_agent_scheduler [None req-2f261b4a-0cc8-477c-a910-3a55ab64ffce 5e3dad3ef88a4916997652ea7c19eb97 520ca9176e624f3186c1369b5fff8f56 - - default default] No more DHCP agents
2026-04-15 06:09:31.302 8 WARNING neutron.api.rpc.agentnotifiers.dhcp_rpc_agent_api [None req-2f261b4a-0cc8-477c-a910-3a55ab64ffce 5e3dad3ef88a4916997652ea7c19eb97 520ca9176e624f3186c1369b5fff8f56 - - default default] Unable to schedule network 664412f8-ca2d-46a3-a271-13fc519f615e: no agents available; will retry on subsequent port and subnet creation events.
2026-04-15 06:09:31.721 8 INFO neutron.db.ovn_revision_numbers_db [None req-2f261b4a-0cc8-477c-a910-3a55ab64ffce 5e3dad3ef88a4916997652ea7c19eb97 520ca9176e624f3186c1369b5fff8f56 - - default default] Successfully bumped revision number for resource 52a709ce-b4c5-4e1c-a0e9-9cd276d09619 (type: router_ports) to 1 [pid: 8|app: 0|req: 1203/2365] 10.0.0.116 () {34 vars in 783 bytes} [Wed Apr 15 06:09:28 2026] PUT /v2.0/routers/389f7825-9018-4dce-ab8b-d973d940ff82/add_router_interface => generated 309 bytes in 2981 msecs (HTTP/1.1 200) 4 headers in 157 bytes (1 switches on core 0)
2026-04-15 06:09:32.611 7 WARNING neutron.scheduler.dhcp_agent_scheduler [None req-e97dc150-4716-482c-a8ca-91b4e49e521d 61d25bd396f342258c64ab34e3cf3379 7a2c2a02d97749b18a2a253acbe41b3f - - default default] No more DHCP agents
2026-04-15 06:09:32.614 7 WARNING neutron.api.rpc.agentnotifiers.dhcp_rpc_agent_api [None req-e97dc150-4716-482c-a8ca-91b4e49e521d 61d25bd396f342258c64ab34e3cf3379 7a2c2a02d97749b18a2a253acbe41b3f - - default default] Unable to schedule network e29aced1-a335-4732-ae52-0a1d281234ec: no agents available; will retry on subsequent port and subnet creation events.
2026-04-15 06:09:32.836 7 INFO neutron.plugins.ml2.drivers.ovn.mech_driver.mech_driver [None req-881326bf-f986-4bfe-843d-afe07c51b6fc - - - - - -] OVN reports status down for port: cd7d5f14-72d9-4ea3-bd6b-8e79fe8e0103
2026-04-15 06:09:32.920 8 INFO neutron.db.ovn_revision_numbers_db [None req-62651d8e-55e7-440a-b127-b5a5a7f9cd99 5e3dad3ef88a4916997652ea7c19eb97 520ca9176e624f3186c1369b5fff8f56 - - default default] Successfully bumped revision number for resource eb31d16f-62f9-483f-8de3-e94b63f1c20b (type: security_groups) to 1
2026-04-15 06:09:32.936 8 INFO neutron.db.ovn_revision_numbers_db [None req-62651d8e-55e7-440a-b127-b5a5a7f9cd99 5e3dad3ef88a4916997652ea7c19eb97 520ca9176e624f3186c1369b5fff8f56 - - default default] Successfully bumped revision number for resource 5549d547-bb90-4d10-8198-f4850b70c0b3 (type: security_group_rules) to 0
2026-04-15 06:09:32.948 8 INFO neutron.db.ovn_revision_numbers_db [None req-62651d8e-55e7-440a-b127-b5a5a7f9cd99 5e3dad3ef88a4916997652ea7c19eb97 520ca9176e624f3186c1369b5fff8f56 - - default default] Successfully bumped revision number for resource 565d6aaf-a19c-4212-bbbd-4c3b22ac42bc (type: security_group_rules) to 0
2026-04-15 06:09:32.953 7 INFO neutron.db.ovn_revision_numbers_db [None req-e97dc150-4716-482c-a8ca-91b4e49e521d 61d25bd396f342258c64ab34e3cf3379 7a2c2a02d97749b18a2a253acbe41b3f - - default default] Successfully bumped revision number for resource cd7d5f14-72d9-4ea3-bd6b-8e79fe8e0103 (type: ports) to 1
2026-04-15 06:09:32.969 8 INFO neutron.db.ovn_revision_numbers_db [None req-62651d8e-55e7-440a-b127-b5a5a7f9cd99 5e3dad3ef88a4916997652ea7c19eb97 520ca9176e624f3186c1369b5fff8f56 - - default default] Successfully bumped revision number for resource 7b0c3843-5433-4ae3-81d0-b8fc4073b827 (type: security_group_rules) to 0
2026-04-15 06:09:32.980 8 INFO neutron.db.ovn_revision_numbers_db [None req-62651d8e-55e7-440a-b127-b5a5a7f9cd99 5e3dad3ef88a4916997652ea7c19eb97 520ca9176e624f3186c1369b5fff8f56 - - default default] Successfully bumped revision number for resource fbeb85bf-9212-4c42-ac1d-fa603eb41c9d (type: security_group_rules) to 0
2026-04-15 06:09:33.078 8 INFO neutron.db.segments_db [None req-62651d8e-55e7-440a-b127-b5a5a7f9cd99 5e3dad3ef88a4916997652ea7c19eb97 520ca9176e624f3186c1369b5fff8f56 - - default default] Added segment 5d897b18-e4a8-4509-92fe-44d5900f88b5 of type geneve for network ca79f6d2-d8af-4511-bf57-4d7bcbbe4e21
2026-04-15 06:09:33.218 8 INFO neutron.db.ovn_revision_numbers_db [None req-62651d8e-55e7-440a-b127-b5a5a7f9cd99 5e3dad3ef88a4916997652ea7c19eb97 520ca9176e624f3186c1369b5fff8f56 - - default default] Successfully bumped revision number for resource ca79f6d2-d8af-4511-bf57-4d7bcbbe4e21 (type: networks) to 1
2026-04-15 06:09:33.301 7 INFO neutron.db.ovn_revision_numbers_db [None req-f98b2dca-4f40-4c85-9b64-57590fa510af - - - - - -] Successfully bumped revision number for resource 6187790a-d873-4c07-b4af-6e5dd050b462 (type: ports) to 4
2026-04-15 06:09:33.412 8 INFO neutron.plugins.ml2.drivers.ovn.mech_driver.mech_driver [None req-4ba5273b-7687-4dc1-b4ef-3e83837519b2 - - - - - -] OVN reports status up for port: 52a709ce-b4c5-4e1c-a0e9-9cd276d09619
2026-04-15 06:09:33.434 8 INFO neutron.plugins.ml2.plugin [None req-4ba5273b-7687-4dc1-b4ef-3e83837519b2 - - - - - -] Attempt 1 to provision port 52a709ce-b4c5-4e1c-a0e9-9cd276d09619
2026-04-15 06:09:33.459 8 WARNING neutron.scheduler.dhcp_agent_scheduler [None req-62651d8e-55e7-440a-b127-b5a5a7f9cd99 5e3dad3ef88a4916997652ea7c19eb97 520ca9176e624f3186c1369b5fff8f56 - - default default] No more DHCP agents
2026-04-15 06:09:33.463 8 WARNING neutron.api.rpc.agentnotifiers.dhcp_rpc_agent_api [None req-62651d8e-55e7-440a-b127-b5a5a7f9cd99 5e3dad3ef88a4916997652ea7c19eb97 520ca9176e624f3186c1369b5fff8f56 - - default default] Unable to schedule network ca79f6d2-d8af-4511-bf57-4d7bcbbe4e21: no agents available; will retry on subsequent port and subnet creation events.
2026-04-15 06:09:33.641 8 INFO neutron.db.ovn_revision_numbers_db [None req-62651d8e-55e7-440a-b127-b5a5a7f9cd99 5e3dad3ef88a4916997652ea7c19eb97 520ca9176e624f3186c1369b5fff8f56 - - default default] Successfully bumped revision number for resource c98ea8fc-fa6a-42a5-8d36-d37c9ce3eb63 (type: ports) to 1 [pid: 8|app: 0|req: 1206/2368] 10.0.0.116 () {34 vars in 671 bytes} [Wed Apr 15 06:09:32 2026] POST /v2.0/networks => generated 761 bytes in 936 msecs (HTTP/1.1 201) 4 headers in 162 bytes (1 switches on core 0)
2026-04-15 06:09:33.997 8 WARNING neutron.scheduler.dhcp_agent_scheduler [None req-9bcc4eb3-380f-4feb-8aee-56dcd092b87c 5e3dad3ef88a4916997652ea7c19eb97 520ca9176e624f3186c1369b5fff8f56 - - default default] No more DHCP agents
2026-04-15 06:09:34.000 8 WARNING neutron.api.rpc.agentnotifiers.dhcp_rpc_agent_api [None req-9bcc4eb3-380f-4feb-8aee-56dcd092b87c 5e3dad3ef88a4916997652ea7c19eb97 520ca9176e624f3186c1369b5fff8f56 - - default default] Unable to schedule network ca79f6d2-d8af-4511-bf57-4d7bcbbe4e21: no agents available; will retry on subsequent port and subnet creation events.
2026-04-15 06:09:34.003 7 INFO neutron.db.ovn_revision_numbers_db [None req-f98b2dca-4f40-4c85-9b64-57590fa510af - - - - - -] Successfully bumped revision number for resource 6187790a-d873-4c07-b4af-6e5dd050b462 (type: ports) to 5
2026-04-15 06:09:34.222 8 INFO neutron.db.ovn_revision_numbers_db [None req-4ba5273b-7687-4dc1-b4ef-3e83837519b2 - - - - - -] Successfully bumped revision number for resource 52a709ce-b4c5-4e1c-a0e9-9cd276d09619 (type: ports) to 2
2026-04-15 06:09:34.302 7 INFO neutron.plugins.ml2.drivers.ovn.mech_driver.mech_driver [None req-881326bf-f986-4bfe-843d-afe07c51b6fc - - - - - -] OVN reports status up for port: cd7d5f14-72d9-4ea3-bd6b-8e79fe8e0103
2026-04-15 06:09:34.337 7 INFO neutron.plugins.ml2.plugin [None req-881326bf-f986-4bfe-843d-afe07c51b6fc - - - - - -] Attempt 1 to provision port cd7d5f14-72d9-4ea3-bd6b-8e79fe8e0103
2026-04-15 06:09:34.460 7 WARNING neutron.scheduler.dhcp_agent_scheduler [None req-e97dc150-4716-482c-a8ca-91b4e49e521d 61d25bd396f342258c64ab34e3cf3379 7a2c2a02d97749b18a2a253acbe41b3f - - default default] No more DHCP agents
2026-04-15 06:09:34.463 7 WARNING neutron.api.rpc.agentnotifiers.dhcp_rpc_agent_api [None req-e97dc150-4716-482c-a8ca-91b4e49e521d 61d25bd396f342258c64ab34e3cf3379 7a2c2a02d97749b18a2a253acbe41b3f - - default default] Unable to schedule network e29aced1-a335-4732-ae52-0a1d281234ec: no agents available; will retry on subsequent port and subnet creation events.
2026-04-15 06:09:34.717 8 INFO neutron.db.ovn_revision_numbers_db [None req-199756c4-caa8-4209-8308-a29f63adba73 - - - - - -] Successfully bumped revision number for resource c98ea8fc-fa6a-42a5-8d36-d37c9ce3eb63 (type: ports) to 2
2026-04-15 06:09:34.743 8 INFO neutron.db.ovn_revision_numbers_db [None req-199756c4-caa8-4209-8308-a29f63adba73 - - - - - -] Successfully bumped revision number for resource 3a6525ae-fb37-4885-8ee8-7521c37239b6 (type: subnets) to 0 [pid: 8|app: 0|req: 1207/2369] 10.0.0.116 () {34 vars in 669 bytes} [Wed Apr 15 06:09:33 2026] POST /v2.0/subnets => generated 687 bytes in 1068 msecs (HTTP/1.1 201) 4 headers in 162 bytes (1 switches on core 0)
2026-04-15 06:09:35.057 7 INFO neutron.db.ovn_revision_numbers_db [None req-881326bf-f986-4bfe-843d-afe07c51b6fc - - - - - -] Successfully bumped revision number for resource cd7d5f14-72d9-4ea3-bd6b-8e79fe8e0103 (type: ports) to 2
2026-04-15 06:09:35.208 7 INFO neutron.db.ovn_revision_numbers_db [None req-e97dc150-4716-482c-a8ca-91b4e49e521d 61d25bd396f342258c64ab34e3cf3379 7a2c2a02d97749b18a2a253acbe41b3f - - default default] Successfully bumped revision number for resource cd7d5f14-72d9-4ea3-bd6b-8e79fe8e0103 (type: router_ports) to 1
2026-04-15 06:09:35.215 8 WARNING neutron.scheduler.dhcp_agent_scheduler [None req-0a08884d-c700-4064-8204-d6855f4d4514 5e3dad3ef88a4916997652ea7c19eb97 520ca9176e624f3186c1369b5fff8f56 - - default default] No more DHCP agents
2026-04-15 06:09:35.216 8 WARNING neutron.api.rpc.agentnotifiers.dhcp_rpc_agent_api [None req-0a08884d-c700-4064-8204-d6855f4d4514 5e3dad3ef88a4916997652ea7c19eb97 520ca9176e624f3186c1369b5fff8f56 - - default default] Unable to schedule network 7f2588e3-8790-4600-9f4c-f1dfef7b509d: no agents available; will retry on subsequent port and subnet creation events. [pid: 7|app: 0|req: 1163/2370] 10.0.0.116 () {34 vars in 783 bytes} [Wed Apr 15 06:09:30 2026] PUT /v2.0/routers/fdfbf2a7-d18a-49a8-8bad-725101fcace5/add_router_interface => generated 309 bytes in 4646 msecs (HTTP/1.1 200) 4 headers in 157 bytes (1 switches on core 0)
2026-04-15 06:09:35.347 8 INFO neutron.db.ovn_revision_numbers_db [None req-0a08884d-c700-4064-8204-d6855f4d4514 5e3dad3ef88a4916997652ea7c19eb97 520ca9176e624f3186c1369b5fff8f56 - - default default] Successfully bumped revision number for resource 7b5052c4-d6c7-4ef1-9dc6-de08e22c68a2 (type: ports) to 1
2026-04-15 06:09:35.763 7 WARNING neutron.scheduler.dhcp_agent_scheduler [None req-1aec1dee-c989-4bab-9edf-9e57836ecf53 61d25bd396f342258c64ab34e3cf3379 7a2c2a02d97749b18a2a253acbe41b3f - - default default] No more DHCP agents
2026-04-15 06:09:35.765 7 WARNING neutron.api.rpc.agentnotifiers.dhcp_rpc_agent_api [None req-1aec1dee-c989-4bab-9edf-9e57836ecf53 61d25bd396f342258c64ab34e3cf3379 7a2c2a02d97749b18a2a253acbe41b3f - - default default] Unable to schedule network e7646043-7a81-4832-84db-90f4ad6563ad: no agents available; will retry on subsequent port and subnet creation events.
2026-04-15 06:09:35.903 8 INFO neutron.plugins.ml2.drivers.ovn.mech_driver.ovsdb.commands [None req-ccd1b7f7-b540-40f0-8e3c-bfc573edbdcb - - - - - -] Schedule LRP lrp-7b5052c4-d6c7-4ef1-9dc6-de08e22c68a2 on gateway 6bd92f60-3197-4c01-b8b7-28cb73d345f6 with priority 1
2026-04-15 06:09:35.939 7 INFO neutron.db.ovn_revision_numbers_db [None req-1aec1dee-c989-4bab-9edf-9e57836ecf53 61d25bd396f342258c64ab34e3cf3379 7a2c2a02d97749b18a2a253acbe41b3f - - default default] Successfully bumped revision number for resource 635f44b6-b6ac-4c03-a7c5-46df327801c6 (type: ports) to 1
2026-04-15 06:09:35.966 8 INFO neutron.plugins.ml2.drivers.ovn.mech_driver.ovsdb.ovsdb_monitor [None req-74096dd5-355b-4ff9-8893-65dadb24a309 - - - - - -] Router 0463fdc2-0bf1-4559-8902-c0cde77de768 is bound to host instance
2026-04-15 06:09:36.049 8 INFO neutron.db.ovn_revision_numbers_db [None req-0a08884d-c700-4064-8204-d6855f4d4514 5e3dad3ef88a4916997652ea7c19eb97 520ca9176e624f3186c1369b5fff8f56 - - default default] Successfully bumped revision number for resource 7b5052c4-d6c7-4ef1-9dc6-de08e22c68a2 (type: router_ports) to 1
2026-04-15 06:09:36.185 8 INFO neutron.db.ovn_revision_numbers_db [None req-0a08884d-c700-4064-8204-d6855f4d4514 5e3dad3ef88a4916997652ea7c19eb97 520ca9176e624f3186c1369b5fff8f56 - - default default] Successfully bumped revision number for resource 0463fdc2-0bf1-4559-8902-c0cde77de768 (type: routers) to 2 [pid: 8|app: 0|req: 1208/2371] 10.0.0.116 () {34 vars in 669 bytes} [Wed Apr 15 06:09:34 2026] POST /v2.0/routers => generated 965 bytes in 1455 msecs (HTTP/1.1 201) 4 headers in 162 bytes (1 switches on core 0)
2026-04-15 06:09:36.693 7 WARNING neutron.scheduler.dhcp_agent_scheduler [None req-1aec1dee-c989-4bab-9edf-9e57836ecf53 61d25bd396f342258c64ab34e3cf3379 7a2c2a02d97749b18a2a253acbe41b3f - - default default] No more DHCP agents
2026-04-15 06:09:36.694 7 WARNING neutron.api.rpc.agentnotifiers.dhcp_rpc_agent_api [None req-1aec1dee-c989-4bab-9edf-9e57836ecf53 61d25bd396f342258c64ab34e3cf3379 7a2c2a02d97749b18a2a253acbe41b3f - - default default] Unable to schedule network e7646043-7a81-4832-84db-90f4ad6563ad: no agents available; will retry on subsequent port and subnet creation events.
2026-04-15 06:09:37.075 7 INFO neutron.db.ovn_revision_numbers_db [None req-1aec1dee-c989-4bab-9edf-9e57836ecf53 61d25bd396f342258c64ab34e3cf3379 7a2c2a02d97749b18a2a253acbe41b3f - - default default] Successfully bumped revision number for resource 635f44b6-b6ac-4c03-a7c5-46df327801c6 (type: router_ports) to 1 [pid: 7|app: 0|req: 1164/2372] 10.0.0.116 () {34 vars in 783 bytes} [Wed Apr 15 06:09:35 2026] PUT /v2.0/routers/fdfbf2a7-d18a-49a8-8bad-725101fcace5/add_router_interface => generated 309 bytes in 1855 msecs (HTTP/1.1 200) 4 headers in 157 bytes (1 switches on core 0)
2026-04-15 06:09:37.139 8 WARNING neutron.scheduler.dhcp_agent_scheduler [None req-53a0597c-eea3-4e03-8f07-665712e04e2c 5e3dad3ef88a4916997652ea7c19eb97 520ca9176e624f3186c1369b5fff8f56 - - default default] No more DHCP agents
2026-04-15 06:09:37.142 8 WARNING neutron.api.rpc.agentnotifiers.dhcp_rpc_agent_api [None req-53a0597c-eea3-4e03-8f07-665712e04e2c 5e3dad3ef88a4916997652ea7c19eb97 520ca9176e624f3186c1369b5fff8f56 - - default default] Unable to schedule network ca79f6d2-d8af-4511-bf57-4d7bcbbe4e21: no agents available; will retry on subsequent port and subnet creation events.
2026-04-15 06:09:37.423 8 INFO neutron.db.ovn_revision_numbers_db [None req-53a0597c-eea3-4e03-8f07-665712e04e2c 5e3dad3ef88a4916997652ea7c19eb97 520ca9176e624f3186c1369b5fff8f56 - - default default] Successfully bumped revision number for resource ccd72a24-5a52-422a-843d-b31e60566c63 (type: ports) to 1
2026-04-15 06:09:37.560 8 INFO neutron.db.ovn_revision_numbers_db [None req-9abc7fc9-8bde-4eb6-95a8-f69b599885a8 - - - - - -] Successfully bumped revision number for resource 7b5052c4-d6c7-4ef1-9dc6-de08e22c68a2 (type: ports) to 4
2026-04-15 06:09:37.668 7 WARNING neutron.scheduler.dhcp_agent_scheduler [None req-edd8f58a-96d0-4618-b01a-54577de689ae 61d25bd396f342258c64ab34e3cf3379 7a2c2a02d97749b18a2a253acbe41b3f - - default default] No more DHCP agents
2026-04-15 06:09:37.670 7 WARNING neutron.api.rpc.agentnotifiers.dhcp_rpc_agent_api [None req-edd8f58a-96d0-4618-b01a-54577de689ae 61d25bd396f342258c64ab34e3cf3379 7a2c2a02d97749b18a2a253acbe41b3f - - default default] Unable to schedule network 12d97ef3-03f1-4f8a-ae2c-93ce367d1f59: no agents available; will retry on subsequent port and subnet creation events.
2026-04-15 06:09:37.819 7 INFO neutron.db.ovn_revision_numbers_db [None req-edd8f58a-96d0-4618-b01a-54577de689ae 61d25bd396f342258c64ab34e3cf3379 7a2c2a02d97749b18a2a253acbe41b3f - - default default] Successfully bumped revision number for resource 1cb19c0f-6e80-4a16-b9b0-63640c457717 (type: ports) to 1
2026-04-15 06:09:38.599 7 WARNING neutron.scheduler.dhcp_agent_scheduler [None req-edd8f58a-96d0-4618-b01a-54577de689ae 61d25bd396f342258c64ab34e3cf3379 7a2c2a02d97749b18a2a253acbe41b3f - - default default] No more DHCP agents
2026-04-15 06:09:38.600 7 WARNING neutron.api.rpc.agentnotifiers.dhcp_rpc_agent_api [None req-edd8f58a-96d0-4618-b01a-54577de689ae 61d25bd396f342258c64ab34e3cf3379 7a2c2a02d97749b18a2a253acbe41b3f - - default default] Unable to schedule network 12d97ef3-03f1-4f8a-ae2c-93ce367d1f59: no agents available; will retry on subsequent port and subnet creation events.
2026-04-15 06:09:38.913 7 INFO neutron.db.ovn_revision_numbers_db [None req-edd8f58a-96d0-4618-b01a-54577de689ae 61d25bd396f342258c64ab34e3cf3379 7a2c2a02d97749b18a2a253acbe41b3f - - default default] Successfully bumped revision number for resource 1cb19c0f-6e80-4a16-b9b0-63640c457717 (type: router_ports) to 1 [pid: 7|app: 0|req: 1165/2373] 10.0.0.116 () {34 vars in 783 bytes} [Wed Apr 15 06:09:37 2026] PUT /v2.0/routers/fdfbf2a7-d18a-49a8-8bad-725101fcace5/add_router_interface => generated 309 bytes in 1830 msecs (HTTP/1.1 200) 4 headers in 157 bytes (1 switches on core 0)
2026-04-15 06:09:39.083 7 INFO neutron.db.ovn_revision_numbers_db [None req-09ececcd-de69-4ead-b518-bd1e1f478f8e 61d25bd396f342258c64ab34e3cf3379 7a2c2a02d97749b18a2a253acbe41b3f - - default default] Successfully bumped revision number for resource 4ac59f67-5c53-4ff2-a839-fcb15ecc7663 (type: security_groups) to 1
2026-04-15 06:09:39.099 7 INFO neutron.db.ovn_revision_numbers_db [None req-09ececcd-de69-4ead-b518-bd1e1f478f8e 61d25bd396f342258c64ab34e3cf3379 7a2c2a02d97749b18a2a253acbe41b3f - - default default] Successfully bumped revision number for resource 30f7e4a0-6de4-432b-97f9-67b7d7fa20e8 (type: security_group_rules) to 0
2026-04-15 06:09:39.115 7 INFO neutron.db.ovn_revision_numbers_db [None req-09ececcd-de69-4ead-b518-bd1e1f478f8e 61d25bd396f342258c64ab34e3cf3379 7a2c2a02d97749b18a2a253acbe41b3f - - default default] Successfully bumped revision number for resource 70994004-7f11-4a12-9e40-bcc4bb13b817 (type: security_group_rules) to 0 [pid: 7|app: 0|req: 1166/2374] 10.0.0.116 () {34 vars in 684 bytes} [Wed Apr 15 06:09:38 2026] POST /v2.0/security-groups => generated 1629 bytes in 174 msecs (HTTP/1.1 201) 4 headers in 163 bytes (1 switches on core 0)
2026-04-15 06:09:39.292 7 INFO neutron.db.ovn_revision_numbers_db [None req-fead5d5c-4e81-4250-aa6a-2fe3dbc90dba 61d25bd396f342258c64ab34e3cf3379 7a2c2a02d97749b18a2a253acbe41b3f - - default default] Successfully bumped revision number for resource cf7eedf5-1215-4e6e-a8ea-e18b75cca6e1 (type: security_group_rules) to 0 [pid: 7|app: 0|req: 1167/2375] 10.0.0.116 () {34 vars in 695 bytes} [Wed Apr 15 06:09:39 2026] POST /v2.0/security-group-rules => generated 597 bytes in 174 msecs (HTTP/1.1 201) 4 headers in 162 bytes (1 switches on core 0)
2026-04-15 06:09:39.455 8 INFO neutron.db.ovn_revision_numbers_db [None req-9abc7fc9-8bde-4eb6-95a8-f69b599885a8 - - - - - -] Successfully bumped revision number for resource 7b5052c4-d6c7-4ef1-9dc6-de08e22c68a2 (type: ports) to 5
2026-04-15 06:09:39.482 7 INFO neutron.db.ovn_revision_numbers_db [None req-0f81e3a6-53e4-4e44-876a-a69e6f07c934 61d25bd396f342258c64ab34e3cf3379 7a2c2a02d97749b18a2a253acbe41b3f - - default default] Successfully bumped revision number for resource da0fd432-8c79-4cb4-87f2-def8ed65850f (type: security_group_rules) to 0 [pid: 7|app: 0|req: 1168/2376] 10.0.0.116 () {34 vars in 695 bytes} [Wed Apr 15 06:09:39 2026] POST /v2.0/security-group-rules => generated 597 bytes in 178 msecs (HTTP/1.1 201) 4 headers in 162 bytes (1 switches on core 0)
2026-04-15 06:09:39.602 8 WARNING neutron.plugins.ml2.drivers.ovn.mech_driver.ovsdb.ovn_client [None req-b8ff7b33-b7e0-4cea-960c-23b58945a95f - - - - - -] No hosting information found for port 52a709ce-b4c5-4e1c-a0e9-9cd276d09619: RuntimeError: No hosting information found for port 52a709ce-b4c5-4e1c-a0e9-9cd276d09619
2026-04-15 06:09:39.659 7 INFO neutron.db.ovn_revision_numbers_db [None req-86139145-5f18-4208-b5ea-16bcd568cf09 61d25bd396f342258c64ab34e3cf3379 7a2c2a02d97749b18a2a253acbe41b3f - - default default] Successfully bumped revision number for resource 2b569f81-bbeb-42c1-b7ab-e3d4bee89ea6 (type: security_group_rules) to 0 [pid: 7|app: 0|req: 1169/2377] 10.0.0.116 () {34 vars in 695 bytes} [Wed Apr 15 06:09:39 2026] POST /v2.0/security-group-rules => generated 599 bytes in 187 msecs (HTTP/1.1 201) 4 headers in 162 bytes (1 switches on core 0)
2026-04-15 06:09:39.807 8 INFO neutron.db.ovn_revision_numbers_db [None req-b8ff7b33-b7e0-4cea-960c-23b58945a95f - - - - - -] Successfully bumped revision number for resource 52a709ce-b4c5-4e1c-a0e9-9cd276d09619 (type: router_ports) to 2
2026-04-15 06:09:39.808 8 INFO neutron.plugins.ml2.drivers.ovn.mech_driver.mech_driver [None req-b8ff7b33-b7e0-4cea-960c-23b58945a95f - - - - - -] OVN reports status down for port: c98ea8fc-fa6a-42a5-8d36-d37c9ce3eb63
2026-04-15 06:09:39.851 7 INFO neutron.db.ovn_revision_numbers_db [None req-346928e0-8567-4c65-a4d7-350ce0bcb8ae 61d25bd396f342258c64ab34e3cf3379 7a2c2a02d97749b18a2a253acbe41b3f - - default default] Successfully bumped revision number for resource ff5efc31-edb0-49b8-a096-7af60ca0754e (type: security_group_rules) to 0
2026-04-15 06:09:39.875 8 WARNING neutron.scheduler.dhcp_agent_scheduler [None req-53a0597c-eea3-4e03-8f07-665712e04e2c 5e3dad3ef88a4916997652ea7c19eb97 520ca9176e624f3186c1369b5fff8f56 - - default default] No more DHCP agents
2026-04-15 06:09:39.877 8 WARNING neutron.api.rpc.agentnotifiers.dhcp_rpc_agent_api [None req-53a0597c-eea3-4e03-8f07-665712e04e2c 5e3dad3ef88a4916997652ea7c19eb97 520ca9176e624f3186c1369b5fff8f56 - - default default] Unable to schedule network ca79f6d2-d8af-4511-bf57-4d7bcbbe4e21: no agents available; will retry on subsequent port and subnet creation events. [pid: 7|app: 0|req: 1170/2378] 10.0.0.116 () {34 vars in 695 bytes} [Wed Apr 15 06:09:39 2026] POST /v2.0/security-group-rules => generated 601 bytes in 177 msecs (HTTP/1.1 201) 4 headers in 162 bytes (1 switches on core 0)
2026-04-15 06:09:39.970 7 WARNING neutron.plugins.ml2.drivers.ovn.mech_driver.ovsdb.ovn_client [None req-73af5c32-db89-435a-bcec-15e5e85e096c - - - - - -] No hosting information found for port cd7d5f14-72d9-4ea3-bd6b-8e79fe8e0103: RuntimeError: No hosting information found for port cd7d5f14-72d9-4ea3-bd6b-8e79fe8e0103
2026-04-15 06:09:40.025 8 INFO neutron.plugins.ml2.drivers.ovn.mech_driver.mech_driver [None req-b8ff7b33-b7e0-4cea-960c-23b58945a95f - - - - - -] OVN reports status down for port: 1cb19c0f-6e80-4a16-b9b0-63640c457717
2026-04-15 06:09:40.150 7 INFO neutron.db.ovn_revision_numbers_db [None req-73af5c32-db89-435a-bcec-15e5e85e096c - - - - - -] Successfully bumped revision number for resource cd7d5f14-72d9-4ea3-bd6b-8e79fe8e0103 (type: router_ports) to 2
2026-04-15 06:09:40.151 7 INFO neutron.plugins.ml2.drivers.ovn.mech_driver.mech_driver [None req-73af5c32-db89-435a-bcec-15e5e85e096c - - - - - -] OVN reports status down for port: 7b5052c4-d6c7-4ef1-9dc6-de08e22c68a2
2026-04-15 06:09:40.159 7 INFO neutron.db.ovn_revision_numbers_db [None req-690163cf-4a7a-49c3-9002-b8db7c71e6a8 61d25bd396f342258c64ab34e3cf3379 7a2c2a02d97749b18a2a253acbe41b3f - - default default] Successfully bumped revision number for resource 5e34608a-ecda-4680-b66f-2081d7e29761 (type: security_group_rules) to 0
2026-04-15 06:09:40.221 8 WARNING neutron.plugins.ml2.drivers.ovn.mech_driver.ovsdb.ovn_client [None req-b8ff7b33-b7e0-4cea-960c-23b58945a95f - - - - - -] Logical_Switch_Port %s host information not removed, the port state is up
2026-04-15 06:09:40.229 8 INFO neutron.plugins.ml2.drivers.ovn.mech_driver.mech_driver [None req-b8ff7b33-b7e0-4cea-960c-23b58945a95f - - - - - -] OVN reports status up for port: 1cb19c0f-6e80-4a16-b9b0-63640c457717 [pid: 7|app: 0|req: 1171/2379] 10.0.0.116 () {34 vars in 695 bytes} [Wed Apr 15 06:09:39 2026] POST /v2.0/security-group-rules => generated 601 bytes in 354 msecs (HTTP/1.1 201) 4 headers in 162 bytes (1 switches on core 0)
2026-04-15 06:09:40.250 8 INFO neutron.plugins.ml2.plugin [None req-b8ff7b33-b7e0-4cea-960c-23b58945a95f - - - - - -] Attempt 1 to provision port 1cb19c0f-6e80-4a16-b9b0-63640c457717
2026-04-15 06:09:40.551 7 INFO neutron.db.ovn_revision_numbers_db [None req-5543f672-4b77-4c49-b8bb-060849b97cbc 61d25bd396f342258c64ab34e3cf3379 7a2c2a02d97749b18a2a253acbe41b3f - - default default] Successfully bumped revision number for resource 7c75f5d2-15ed-47e0-a5b5-a99be381a541 (type: security_group_rules) to 0 [pid: 7|app: 0|req: 1172/2380] 10.0.0.116 () {34 vars in 695 bytes} [Wed Apr 15 06:09:40 2026] POST /v2.0/security-group-rules => generated 597 bytes in 370 msecs (HTTP/1.1 201) 4 headers in 162 bytes (1 switches on core 0)
2026-04-15 06:09:40.790 8 INFO neutron.db.ovn_revision_numbers_db [None req-53a0597c-eea3-4e03-8f07-665712e04e2c 5e3dad3ef88a4916997652ea7c19eb97 520ca9176e624f3186c1369b5fff8f56 - - default default] Successfully bumped revision number for resource ccd72a24-5a52-422a-843d-b31e60566c63 (type: router_ports) to 1 [pid: 8|app: 0|req: 1209/2381] 10.0.0.116 () {34 vars in 783 bytes} [Wed Apr 15 06:09:36 2026] PUT /v2.0/routers/0463fdc2-0bf1-4559-8902-c0cde77de768/add_router_interface => generated 309 bytes in 4579 msecs (HTTP/1.1 200) 4 headers in 157 bytes (1 switches on core 0)
2026-04-15 06:09:40.811 7 INFO neutron.db.ovn_revision_numbers_db [None req-73af5c32-db89-435a-bcec-15e5e85e096c - - - - - -] Successfully bumped revision number for resource 7b5052c4-d6c7-4ef1-9dc6-de08e22c68a2 (type: ports) to 6
2026-04-15 06:09:40.932 8 INFO neutron.db.ovn_revision_numbers_db [None req-b8ff7b33-b7e0-4cea-960c-23b58945a95f - - - - - -] Successfully bumped revision number for resource 1cb19c0f-6e80-4a16-b9b0-63640c457717 (type: ports) to 2
2026-04-15 06:09:41.063 7 WARNING neutron.plugins.ml2.drivers.ovn.mech_driver.ovsdb.ovn_client [None req-91650a9e-bd85-406a-ab45-4b3ce5020947 - - - - - -] Logical_Switch_Port %s host information not removed, the port state is up
2026-04-15 06:09:41.065 7 INFO neutron.plugins.ml2.drivers.ovn.mech_driver.mech_driver [None req-91650a9e-bd85-406a-ab45-4b3ce5020947 - - - - - -] OVN reports status down for port: 635f44b6-b6ac-4c03-a7c5-46df327801c6
2026-04-15 06:09:41.079 7 INFO neutron.db.ovn_revision_numbers_db [None req-aebef6a0-59da-4b4e-b8c8-ebe7a010248a 61d25bd396f342258c64ab34e3cf3379 7a2c2a02d97749b18a2a253acbe41b3f - - default default] Successfully bumped revision number for resource f9279bbb-efd1-4e7b-852f-dfd38cfd00e7 (type: security_group_rules) to 0 [pid: 7|app: 0|req: 1173/2382] 10.0.0.116 () {34 vars in 695 bytes} [Wed Apr 15 06:09:40 2026] POST /v2.0/security-group-rules => generated 597 bytes in 509 msecs (HTTP/1.1 201) 4 headers in 162 bytes (1 switches on core 0)
2026-04-15 06:09:41.143 7 WARNING neutron.plugins.ml2.drivers.ovn.mech_driver.ovsdb.ovn_client [None req-91650a9e-bd85-406a-ab45-4b3ce5020947 - - - - - -] Logical_Switch_Port %s host information not removed, the port state is up
2026-04-15 06:09:41.144 7 INFO neutron.plugins.ml2.drivers.ovn.mech_driver.mech_driver [None req-91650a9e-bd85-406a-ab45-4b3ce5020947 - - - - - -] OVN reports status up for port: 7b5052c4-d6c7-4ef1-9dc6-de08e22c68a2
2026-04-15 06:09:41.156 7 INFO neutron.plugins.ml2.plugin [None req-91650a9e-bd85-406a-ab45-4b3ce5020947 - - - - - -] Attempt 1 to provision port 7b5052c4-d6c7-4ef1-9dc6-de08e22c68a2
2026-04-15 06:09:41.318 8 INFO neutron.db.ovn_revision_numbers_db [None req-3cafa84b-201c-4931-9c93-f6a95db7e982 61d25bd396f342258c64ab34e3cf3379 7a2c2a02d97749b18a2a253acbe41b3f - - default default] Successfully bumped revision number for resource 0f2fb472-8731-41f7-9ae9-40218ba0a2e3 (type: security_group_rules) to 0 [pid: 8|app: 0|req: 1210/2383] 10.0.0.116 () {34 vars in 695 bytes} [Wed Apr 15 06:09:41 2026] POST /v2.0/security-group-rules => generated 597 bytes in 215 msecs (HTTP/1.1 201) 4 headers in 162 bytes (1 switches on core 0)
2026-04-15 06:09:41.577 8 INFO neutron.db.ovn_revision_numbers_db [None req-2e8fdc8f-a0de-455e-872c-8aac4ba38c07 e7f00e78d3284141a4dbf063d7bac02b f090ee9570454551b3a28522c166d87b - - default default] Successfully bumped revision number for resource a9c25930-06be-4b80-833c-0d1d46346e2a (type: security_groups) to 1
2026-04-15 06:09:41.594 8 INFO neutron.db.ovn_revision_numbers_db [None req-2e8fdc8f-a0de-455e-872c-8aac4ba38c07 e7f00e78d3284141a4dbf063d7bac02b f090ee9570454551b3a28522c166d87b - - default default] Successfully bumped revision number for resource 96f27b79-f321-4022-9b14-77fcc4413c0c (type: security_group_rules) to 0
2026-04-15 06:09:41.605 8 INFO neutron.db.ovn_revision_numbers_db [None req-2e8fdc8f-a0de-455e-872c-8aac4ba38c07 e7f00e78d3284141a4dbf063d7bac02b f090ee9570454551b3a28522c166d87b - - default default] Successfully bumped revision number for resource e11dc272-61f8-4f66-afb5-7f0f95d4e7c9 (type: security_group_rules) to 0 [pid: 8|app: 0|req: 1211/2384] 10.0.0.116 () {34 vars in 685 bytes} [Wed Apr 15 06:09:41 2026] POST /v2.0/security-groups => generated 1677 bytes in 205 msecs (HTTP/1.1 201) 4 headers in 163 bytes (1 switches on core 0)
2026-04-15 06:09:41.652 7 INFO neutron.db.ovn_revision_numbers_db [None req-91650a9e-bd85-406a-ab45-4b3ce5020947 - - - - - -] Successfully bumped revision number for resource 7b5052c4-d6c7-4ef1-9dc6-de08e22c68a2 (type: ports) to 7
2026-04-15 06:09:41.685 7 INFO neutron.db.ovn_revision_numbers_db [None req-43e209c9-dcf8-433a-bea6-8fc8739f07f0 61d25bd396f342258c64ab34e3cf3379 7a2c2a02d97749b18a2a253acbe41b3f - - default default] Successfully bumped revision number for resource 9a33e011-7373-49c3-98e3-aec20d4d0288 (type: security_group_rules) to 0 [pid: 7|app: 0|req: 1174/2385] 10.0.0.116 () {34 vars in 695 bytes} [Wed Apr 15 06:09:41 2026] POST /v2.0/security-group-rules => generated 599 bytes in 389 msecs (HTTP/1.1 201) 4 headers in 162 bytes (1 switches on core 0)
2026-04-15 06:09:41.770 8 INFO neutron.db.ovn_revision_numbers_db [None req-70cb2c02-28e3-4d7e-ad68-7358a452aeb1 e7f00e78d3284141a4dbf063d7bac02b f090ee9570454551b3a28522c166d87b - - default default] Successfully bumped revision number for resource 208d2b59-920a-4243-9a96-11b84d69eb8c (type: security_group_rules) to 0 [pid: 8|app: 0|req: 1212/2386] 10.0.0.116 () {34 vars in 695 bytes} [Wed Apr 15 06:09:41 2026] POST /v2.0/security-group-rules => generated 597 bytes in 160 msecs (HTTP/1.1 201) 4 headers in 162 bytes (1 switches on core 0)
2026-04-15 06:09:41.811 7 INFO neutron.plugins.ml2.drivers.ovn.mech_driver.mech_driver [None req-24cd830e-7616-4cf6-bc55-5168973e5605 - - - - - -] OVN reports status up for port: 635f44b6-b6ac-4c03-a7c5-46df327801c6
2026-04-15 06:09:41.827 7 INFO neutron.plugins.ml2.plugin [None req-24cd830e-7616-4cf6-bc55-5168973e5605 - - - - - -] Attempt 1 to provision port 635f44b6-b6ac-4c03-a7c5-46df327801c6
2026-04-15 06:09:41.936 8 INFO neutron.db.ovn_revision_numbers_db [None req-498b6493-b84c-4b0d-9e6d-28f18dfbde41 e7f00e78d3284141a4dbf063d7bac02b f090ee9570454551b3a28522c166d87b - - default default] Successfully bumped revision number for resource f71b3282-2014-4e61-b044-a741f9281ea3 (type: security_group_rules) to 0 [pid: 8|app: 0|req: 1213/2387] 10.0.0.116 () {34 vars in 695 bytes} [Wed Apr 15 06:09:41 2026] POST /v2.0/security-group-rules => generated 596 bytes in 154 msecs (HTTP/1.1 201) 4 headers in 162 bytes (1 switches on core 0)
2026-04-15 06:09:42.088 7 INFO neutron.db.ovn_revision_numbers_db [None req-6838d449-276a-415f-abed-6b5f5952279f 61d25bd396f342258c64ab34e3cf3379 7a2c2a02d97749b18a2a253acbe41b3f - - default default] Successfully bumped revision number for resource 1ddec11f-fc85-4749-a2fb-3eb283a92305 (type: security_group_rules) to 0
2026-04-15 06:09:42.093 8 INFO neutron.db.ovn_revision_numbers_db [None req-18bdab9f-803b-4e52-94fa-5d609f445a57 e7f00e78d3284141a4dbf063d7bac02b f090ee9570454551b3a28522c166d87b - - default default] Successfully bumped revision number for resource 0743b85a-a70e-4f6e-8249-3b8287b07972 (type: security_group_rules) to 0 [pid: 8|app: 0|req: 1214/2388] 10.0.0.116 () {34 vars in 695 bytes} [Wed Apr 15 06:09:41 2026] POST /v2.0/security-group-rules => generated 602 bytes in 155 msecs (HTTP/1.1 201) 4 headers in 162 bytes (1 switches on core 0) [pid: 7|app: 0|req: 1175/2389] 10.0.0.116 () {34 vars in 695 bytes} [Wed Apr 15 06:09:41 2026] POST /v2.0/security-group-rules => generated 601 bytes in 400 msecs (HTTP/1.1 201) 4 headers in 162 bytes (1 switches on core 0)
2026-04-15 06:09:42.277 8 INFO neutron.db.ovn_revision_numbers_db [None req-c5ab1dc3-ff1d-4d75-add3-4ffff450cd39 e7f00e78d3284141a4dbf063d7bac02b f090ee9570454551b3a28522c166d87b - - default default] Successfully bumped revision number for resource 90e4f521-21a1-4428-951c-c7e4d1c9ecdd (type: security_group_rules) to 0 [pid: 8|app: 0|req: 1215/2390] 10.0.0.116 () {34 vars in 695 bytes} [Wed Apr 15 06:09:42 2026] POST /v2.0/security-group-rules => generated 601 bytes in 186 msecs (HTTP/1.1 201) 4 headers in 162 bytes (1 switches on core 0)
2026-04-15 06:09:42.346 8 INFO neutron.db.securitygroups_db [None req-d0d35eb7-9df6-401d-99f0-cba02b410e6d e7f00e78d3284141a4dbf063d7bac02b f090ee9570454551b3a28522c166d87b - - default default] Project f090ee9570454551b3a28522c166d87b added a security group rule with legacy IPv6 ICMP protocol name icmp, ipv6-icmp should be used instead. It was automatically converted.
2026-04-15 06:09:42.429 8 INFO neutron.db.ovn_revision_numbers_db [None req-d0d35eb7-9df6-401d-99f0-cba02b410e6d e7f00e78d3284141a4dbf063d7bac02b f090ee9570454551b3a28522c166d87b - - default default] Successfully bumped revision number for resource 8330694a-1a24-49fd-9d0e-97edbf46493f (type: security_group_rules) to 0 [pid: 8|app: 0|req: 1216/2391] 10.0.0.116 () {34 vars in 695 bytes} [Wed Apr 15 06:09:42 2026] POST /v2.0/security-group-rules => generated 607 bytes in 143 msecs (HTTP/1.1 201) 4 headers in 162 bytes (1 switches on core 0)
2026-04-15 06:09:42.493 8 INFO neutron.db.securitygroups_db [None req-765b4968-baaa-4706-8368-79d6a615c171 e7f00e78d3284141a4dbf063d7bac02b f090ee9570454551b3a28522c166d87b - - default default] Project f090ee9570454551b3a28522c166d87b added a security group rule with legacy IPv6 ICMP protocol name icmp, ipv6-icmp should be used instead. It was automatically converted.
2026-04-15 06:09:42.543 7 INFO neutron.db.ovn_revision_numbers_db [None req-24cd830e-7616-4cf6-bc55-5168973e5605 - - - - - -] Successfully bumped revision number for resource 635f44b6-b6ac-4c03-a7c5-46df327801c6 (type: ports) to 2
2026-04-15 06:09:42.551 7 INFO neutron.db.ovn_revision_numbers_db [None req-b3e7d849-ae93-45e1-b102-b875d6cb472d 61d25bd396f342258c64ab34e3cf3379 7a2c2a02d97749b18a2a253acbe41b3f - - default default] Successfully bumped revision number for resource 76e793ed-8e5b-40f6-b1cb-2fe917eab5fb (type: security_group_rules) to 0
2026-04-15 06:09:42.619 8 INFO neutron.db.ovn_revision_numbers_db [None req-765b4968-baaa-4706-8368-79d6a615c171 e7f00e78d3284141a4dbf063d7bac02b f090ee9570454551b3a28522c166d87b - - default default] Successfully bumped revision number for resource 26fc264d-f4dd-419b-9324-cbba3bf02865 (type: security_group_rules) to 0 [pid: 7|app: 0|req: 1176/2392] 10.0.0.116 () {34 vars in 695 bytes} [Wed Apr 15 06:09:42 2026] POST /v2.0/security-group-rules => generated 597 bytes in 473 msecs (HTTP/1.1 201) 4 headers in 162 bytes (1 switches on core 0) [pid: 8|app: 0|req: 1217/2393] 10.0.0.116 () {34 vars in 695 bytes} [Wed Apr 15 06:09:42 2026] POST /v2.0/security-group-rules => generated 606 bytes in 180 msecs (HTTP/1.1 201) 4 headers in 162 bytes (1 switches on core 0) [pid: 7|app: 0|req: 1177/2394] 10.0.0.107 () {34 vars in 1094 bytes} [Wed Apr 15 06:09:42 2026] GET /v2.0/security-groups?name=tempest-lb_member_SG-482076464&fields=id&tenant_id=7a2c2a02d97749b18a2a253acbe41b3f => generated 69 bytes in 42 msecs (HTTP/1.1 200) 4 headers in 156 bytes (1 switches on core 0) [pid: 8|app: 0|req: 1218/2395] 10.0.0.107 () {34 vars in 982 bytes} [Wed Apr 15 06:09:42 2026] GET /v2.0/networks?id=e7646043-7a81-4832-84db-90f4ad6563ad => generated 743 bytes in 41 msecs (HTTP/1.1 200) 4 headers in 157 bytes (1 switches on core 0) [pid: 7|app: 0|req: 1178/2396] 10.0.0.107 () {34 vars in 965 bytes} [Wed Apr 15 06:09:42 2026] GET /v2.0/quotas/7a2c2a02d97749b18a2a253acbe41b3f => generated 292 bytes in 12 msecs (HTTP/1.1 200) 4 headers in 157 bytes (1 switches on core 0)
2026-04-15 06:09:43.122 7 INFO neutron.db.ovn_revision_numbers_db [None req-bd78301f-ba33-4f40-bf96-4d93f5fd07ef e7f00e78d3284141a4dbf063d7bac02b f090ee9570454551b3a28522c166d87b - - default default] Successfully bumped revision number for resource 6d006524-7920-4f4e-9c2f-45f2685f607f (type: security_groups) to 1
2026-04-15 06:09:43.150 7 INFO neutron.db.ovn_revision_numbers_db [None req-bd78301f-ba33-4f40-bf96-4d93f5fd07ef e7f00e78d3284141a4dbf063d7bac02b f090ee9570454551b3a28522c166d87b - - default default] Successfully bumped revision number for resource dce08ba9-41ed-47f6-b4eb-78041a02d44c (type: security_group_rules) to 0
2026-04-15 06:09:43.161 7 INFO neutron.db.ovn_revision_numbers_db [None req-bd78301f-ba33-4f40-bf96-4d93f5fd07ef e7f00e78d3284141a4dbf063d7bac02b f090ee9570454551b3a28522c166d87b - - default default] Successfully bumped revision number for resource fae11176-913d-4597-84d5-7d17270bfcbc (type: security_group_rules) to 0 [pid: 8|app: 0|req: 1219/2397] 10.0.0.107 () {34 vars in 1002 bytes} [Wed Apr 15 06:09:42 2026] GET /v2.0/ports?tenant_id=7a2c2a02d97749b18a2a253acbe41b3f&fields=id => generated 287 bytes in 226 msecs (HTTP/1.1 200) 4 headers in 157 bytes (1 switches on core 0) [pid: 7|app: 0|req: 1179/2398] 10.0.0.116 () {34 vars in 685 bytes} [Wed Apr 15 06:09:43 2026] POST /v2.0/security-groups => generated 1663 bytes in 192 msecs (HTTP/1.1 201) 4 headers in 163 bytes (1 switches on core 0) [pid: 8|app: 0|req: 1220/2399] 10.0.0.107 () {34 vars in 1008 bytes} [Wed Apr 15 06:09:43 2026] GET /v2.0/networks/e7646043-7a81-4832-84db-90f4ad6563ad?fields=segments => generated 14 bytes in 44 msecs (HTTP/1.1 200) 4 headers in 156 bytes (1 switches on core 0) [pid: 8|app: 0|req: 1221/2400] 10.0.0.107 () {34 vars in 1108 bytes} [Wed Apr 15 06:09:43 2026] GET /v2.0/networks/e7646043-7a81-4832-84db-90f4ad6563ad?fields=provider%3Aphysical_network&fields=provider%3Anetwork_type => generated 79 bytes in 49 msecs (HTTP/1.1 200) 4 headers in 156 bytes (1 switches on core 0)
2026-04-15 06:09:43.323 7 INFO neutron.db.ovn_revision_numbers_db [None req-ebf2d232-fe1f-4bab-808e-69dd0daf2d67 e7f00e78d3284141a4dbf063d7bac02b f090ee9570454551b3a28522c166d87b - - default default] Successfully bumped revision number for resource 532b9a23-6977-420d-bd14-e0eb794976be (type: security_group_rules) to 0 [pid: 7|app: 0|req: 1180/2401] 10.0.0.116 () {34 vars in 695 bytes} [Wed Apr 15 06:09:43 2026] POST /v2.0/security-group-rules => generated 597 bytes in 151 msecs (HTTP/1.1 201) 4 headers in 162 bytes (1 switches on core 0) [pid: 7|app: 0|req: 1181/2402] 10.0.0.107 () {34 vars in 990 bytes} [Wed Apr 15 06:09:43 2026] GET /v2.0/ports?device_id=e78d8bd0-4e5e-4e98-9453-d53aff407768 => generated 12 bytes in 19 msecs (HTTP/1.1 200) 4 headers in 156 bytes (1 switches on core 0)
2026-04-15 06:09:43.513 8 INFO neutron.db.ovn_revision_numbers_db [None req-84647b84-e5fd-4b27-936a-ea4c2b5c6ec5 e7f00e78d3284141a4dbf063d7bac02b f090ee9570454551b3a28522c166d87b - - default default] Successfully bumped revision number for resource fb6836ff-7865-4fc3-8fd2-6e568a0a9435 (type: security_group_rules) to 0 [pid: 8|app: 0|req: 1222/2403] 10.0.0.116 () {34 vars in 695 bytes} [Wed Apr 15 06:09:43 2026] POST /v2.0/security-group-rules => generated 602 bytes in 201 msecs (HTTP/1.1 201) 4 headers in 162 bytes (1 switches on core 0)
2026-04-15 06:09:43.791 7 WARNING neutron.scheduler.dhcp_agent_scheduler [None req-87f4cd64-ad01-4b3b-94ba-ec8a59428742 e7f00e78d3284141a4dbf063d7bac02b f090ee9570454551b3a28522c166d87b - - default default] No more DHCP agents
