2026-04-15 06:08:28.204 7 INFO neutron.db.ovn_revision_numbers_db [None req-3fe3e448-2145-4596-a436-ee22cce097b4 5e3dad3ef88a4916997652ea7c19eb97 520ca9176e624f3186c1369b5fff8f56 - - default default] Successfully bumped revision number for resource 242a8032-535a-417c-89ab-cbb6edb23f6b (type: security_group_rules) to 0
2026-04-15 06:08:28.221 7 INFO neutron.db.ovn_revision_numbers_db [None req-3fe3e448-2145-4596-a436-ee22cce097b4 5e3dad3ef88a4916997652ea7c19eb97 520ca9176e624f3186c1369b5fff8f56 - - default default] Successfully bumped revision number for resource 6f182cfe-3a3b-4613-832c-d8db95bf4128 (type: security_group_rules) to 0
2026-04-15 06:08:28.237 7 INFO neutron.db.ovn_revision_numbers_db [None req-3fe3e448-2145-4596-a436-ee22cce097b4 5e3dad3ef88a4916997652ea7c19eb97 520ca9176e624f3186c1369b5fff8f56 - - default default] Successfully bumped revision number for resource cd055db6-f064-4411-b36b-b08c84adcf52 (type: security_group_rules) to 0 [pid: 7|app: 0|req: 937/1965] 10.0.0.116 () {32 vars in 774 bytes} [Wed Apr 15 06:08:28 2026] GET /v2.0/security-groups?tenant_id=2839157677c74750b8473c320977ecb5&name=default => generated 2925 bytes in 249 msecs (HTTP/1.1 200) 4 headers in 158 bytes (1 switches on core 0)
2026-04-15 06:08:28.403 7 WARNING neutron.scheduler.dhcp_agent_scheduler [None req-af4a8987-d259-4b63-a57b-1d756f4bd0ff 19713b71584b4f5395fbb937b8037ce9 815ce0a834b4478990409c5613922348 - - default default] No more DHCP agents
2026-04-15 06:08:28.404 7 WARNING neutron.api.rpc.agentnotifiers.dhcp_rpc_agent_api [None req-af4a8987-d259-4b63-a57b-1d756f4bd0ff 19713b71584b4f5395fbb937b8037ce9 815ce0a834b4478990409c5613922348 - - default default] Unable to schedule network 8768bccd-9c4b-458f-9e3d-3fbab8734eb6: no agents available; will retry on subsequent port and subnet creation events.
2026-04-15 06:08:28.779 8 INFO neutron.plugins.ml2.drivers.ovn.mech_driver.ovsdb.commands [None req-ccd1b7f7-b540-40f0-8e3c-bfc573edbdcb - - - - - -] Schedule LRP lrp-daa2be16-9038-4d9a-b6c2-2d94e05a6932 on gateway 6bd92f60-3197-4c01-b8b7-28cb73d345f6 with priority 1
2026-04-15 06:08:28.857 8 INFO neutron.db.ovn_revision_numbers_db [None req-921e337c-f506-41f1-a9e7-771e6e9157e3 2c70e9f82df8431684e94b47b52ac738 dcf5b33a8d24439ca605218abb679a64 - - default default] Successfully bumped revision number for resource daa2be16-9038-4d9a-b6c2-2d94e05a6932 (type: router_ports) to 1
2026-04-15 06:08:28.886 7 INFO neutron.db.ovn_revision_numbers_db [None req-5a705d49-1155-4e41-b93d-cb92219646ea - - - - - -] Successfully bumped revision number for resource dacc75e5-1b1b-48f2-98d8-f506975b7167 (type: ports) to 2
2026-04-15 06:08:28.931 7 INFO neutron.db.ovn_revision_numbers_db [None req-5a705d49-1155-4e41-b93d-cb92219646ea - - - - - -] Successfully bumped revision number for resource ab06edac-5ea2-499f-b0fc-aeca3eb1f0df (type: subnets) to 0
2026-04-15 06:08:28.939 8 INFO neutron.db.ovn_revision_numbers_db [None req-921e337c-f506-41f1-a9e7-771e6e9157e3 2c70e9f82df8431684e94b47b52ac738 dcf5b33a8d24439ca605218abb679a64 - - default default] Successfully bumped revision number for resource 44e3e927-ed6e-46e1-970d-02c02c64b6cf (type: routers) to 2 [pid: 8|app: 0|req: 1029/1966] 10.0.0.116 () {34 vars in 669 bytes} [Wed Apr 15 06:08:27 2026] POST /v2.0/routers => generated 937 bytes in 1449 msecs (HTTP/1.1 201) 4 headers in 162 bytes (1 switches on core 0) [pid: 7|app: 0|req: 938/1967] 10.0.0.116 () {34 vars in 669 bytes} [Wed Apr 15 06:08:28 2026] POST /v2.0/subnets => generated 647 bytes in 691 msecs (HTTP/1.1 201) 4 headers in 162 bytes (1 switches on core 0)
2026-04-15 06:08:28.972 7 WARNING neutron.api.v2.base [None req-353ad7ad-525f-48a5-8d9e-707234f01893 19713b71584b4f5395fbb937b8037ce9 815ce0a834b4478990409c5613922348 - - default default] An exception happened while processing the request body. The exception message is [Invalid input for target_tenant. Reason: '1234123412341234123412341234123412341234123412341234123412341234123412341234123412341234123412341234123412341234123412341234123412341234123412341234123412341234123412341234123412341234123412341234123412341234123412341234123412341234123412341234123412341234123412341234123412341234123412341234123412341234123412341234123412341234123412341234123412341234123412341234123412341234123412341234123412341234' exceeds maximum length of 255.].: webob.exc.HTTPBadRequest: Invalid input for target_tenant. Reason: '1234123412341234123412341234123412341234123412341234123412341234123412341234123412341234123412341234123412341234123412341234123412341234123412341234123412341234123412341234123412341234123412341234123412341234123412341234123412341234123412341234123412341234123412341234123412341234123412341234123412341234123412341234123412341234123412341234123412341234123412341234123412341234123412341234123412341234' exceeds maximum length of 255.
2026-04-15 06:08:28.973 7 INFO neutron.api.v2.resource [None req-353ad7ad-525f-48a5-8d9e-707234f01893 19713b71584b4f5395fbb937b8037ce9 815ce0a834b4478990409c5613922348 - - default default] create failed (client error): Invalid input for target_tenant. Reason: '1234123412341234123412341234123412341234123412341234123412341234123412341234123412341234123412341234123412341234123412341234123412341234123412341234123412341234123412341234123412341234123412341234123412341234123412341234123412341234123412341234123412341234123412341234123412341234123412341234123412341234123412341234123412341234123412341234123412341234123412341234123412341234123412341234123412341234' exceeds maximum length of 255. [pid: 7|app: 0|req: 939/1968] 10.0.0.116 () {34 vars in 681 bytes} [Wed Apr 15 06:08:28 2026] POST /v2.0/rbac-policies => generated 547 bytes in 8 msecs (HTTP/1.1 400) 4 headers in 166 bytes (1 switches on core 0)
2026-04-15 06:08:29.011 7 WARNING neutron.plugins.ml2.drivers.ovn.mech_driver.ovsdb.ovn_client [None req-c9a9c59e-b613-4906-90ad-adad0bf1e1d8 - - - - - -] No hosting information found for port 0a8a81bd-7f38-4047-a28a-4647d4594543: RuntimeError: No hosting information found for port 0a8a81bd-7f38-4047-a28a-4647d4594543
2026-04-15 06:08:29.155 7 INFO neutron.db.ovn_revision_numbers_db [None req-c9a9c59e-b613-4906-90ad-adad0bf1e1d8 - - - - - -] Successfully bumped revision number for resource 0a8a81bd-7f38-4047-a28a-4647d4594543 (type: router_ports) to 2
2026-04-15 06:08:29.228 7 INFO neutron.plugins.ml2.drivers.ovn.mech_driver.mech_driver [None req-c9a9c59e-b613-4906-90ad-adad0bf1e1d8 - - - - - -] OVN reports status down for port: b11f0657-56d8-4037-acb6-31e388fbef94 [pid: 8|app: 0|req: 1030/1969] 10.0.0.116 () {32 vars in 740 bytes} [Wed Apr 15 06:08:28 2026] DELETE /v2.0/security-groups/c8eac170-d1da-4009-8fd2-079697c7b0a1 => generated 0 bytes in 284 msecs (HTTP/1.1 204) 2 headers in 112 bytes (1 switches on core 0)
2026-04-15 06:08:29.244 7 INFO neutron.plugins.ml2.drivers.ovn.mech_driver.mech_driver [None req-c9a9c59e-b613-4906-90ad-adad0bf1e1d8 - - - - - -] OVN reports status down for port: daa2be16-9038-4d9a-b6c2-2d94e05a6932
2026-04-15 06:08:29.357 7 WARNING neutron.plugins.ml2.drivers.ovn.mech_driver.ovsdb.ovn_client [None req-c9a9c59e-b613-4906-90ad-adad0bf1e1d8 - - - - - -] Logical_Switch_Port %s host information not removed, the port state is up
2026-04-15 06:08:29.358 7 INFO neutron.plugins.ml2.drivers.ovn.mech_driver.mech_driver [None req-c9a9c59e-b613-4906-90ad-adad0bf1e1d8 - - - - - -] OVN reports status up for port: daa2be16-9038-4d9a-b6c2-2d94e05a6932
2026-04-15 06:08:29.387 7 INFO neutron.plugins.ml2.plugin [None req-c9a9c59e-b613-4906-90ad-adad0bf1e1d8 - - - - - -] Attempt 1 to provision port daa2be16-9038-4d9a-b6c2-2d94e05a6932
2026-04-15 06:08:29.396 8 INFO neutron_taas.services.taas.taas_plugin [None req-ecec8782-e37f-4b99-b7c3-a66762ebb0dc 19713b71584b4f5395fbb937b8037ce9 815ce0a834b4478990409c5613922348 - - default default] TaaS: Handle Delete Port: dacc75e5-1b1b-48f2-98d8-f506975b7167
2026-04-15 06:08:29.399 8 INFO neutron_taas.services.taas.tap_mirror_plugin [None req-ecec8782-e37f-4b99-b7c3-a66762ebb0dc 19713b71584b4f5395fbb937b8037ce9 815ce0a834b4478990409c5613922348 - - default default] Tap Mirror: Handle Delete Port: dacc75e5-1b1b-48f2-98d8-f506975b7167
2026-04-15 06:08:29.687 7 WARNING neutron.scheduler.dhcp_agent_scheduler [None req-6bf8499a-b9db-41c6-9b3a-261ae68a48b2 2c70e9f82df8431684e94b47b52ac738 dcf5b33a8d24439ca605218abb679a64 - - default default] No more DHCP agents
2026-04-15 06:08:29.688 7 WARNING neutron.api.rpc.agentnotifiers.dhcp_rpc_agent_api [None req-6bf8499a-b9db-41c6-9b3a-261ae68a48b2 2c70e9f82df8431684e94b47b52ac738 dcf5b33a8d24439ca605218abb679a64 - - default default] Unable to schedule network f53e80b4-aca5-4a9a-8fdd-7b98a545ae2c: no agents available; will retry on subsequent port and subnet creation events.
2026-04-15 06:08:29.719 8 INFO neutron.services.segments.plugin [-] Segment 4b2efa0a-bd03-4802-9b87-191d42100dbc resource provider aggregate not found
2026-04-15 06:08:29.726 8 INFO neutron.services.segments.plugin [-] Segment 4b2efa0a-bd03-4802-9b87-191d42100dbc resource provider aggregate not found
2026-04-15 06:08:29.744 8 INFO neutron.services.segments.plugin [-] Segment 4b2efa0a-bd03-4802-9b87-191d42100dbc resource provider not found; error: Placement Client Error (4xx): {"errors": [{"status": 404, "title": "Not Found", "detail": "The resource could not be found.\n\n No resource provider with uuid 4b2efa0a-bd03-4802-9b87-191d42100dbc found for delete ", "request_id": "req-e3616267-c12f-40fb-a134-4bbd4c0be789"}]}
2026-04-15 06:08:29.750 8 INFO neutron.services.segments.plugin [-] Segment 4b2efa0a-bd03-4802-9b87-191d42100dbc resource provider not found; error: Placement Client Error (4xx): {"errors": [{"status": 404, "title": "Not Found", "detail": "The resource could not be found.\n\n No resource provider with uuid 4b2efa0a-bd03-4802-9b87-191d42100dbc found for delete ", "request_id": "req-1c01e7c3-80e0-4528-b860-acbe387e41d1"}]} [pid: 8|app: 0|req: 1031/1970] 10.0.0.116 () {32 vars in 726 bytes} [Wed Apr 15 06:08:29 2026] DELETE /v2.0/networks/8768bccd-9c4b-458f-9e3d-3fbab8734eb6 => generated 0 bytes in 537 msecs (HTTP/1.1 204) 3 headers in 131 bytes (1 switches on core 0)
2026-04-15 06:08:29.820 8 INFO neutron.plugins.ml2.drivers.ovn.mech_driver.mech_driver [None req-aa053ecd-f6f6-488f-aa6f-95de5c8316a5 - - - - - -] OVN reports status down for port: bdb79e97-3de4-46dd-858f-574f9367ed77
2026-04-15 06:08:29.857 7 INFO neutron.db.ovn_revision_numbers_db [None req-6bf8499a-b9db-41c6-9b3a-261ae68a48b2 2c70e9f82df8431684e94b47b52ac738 dcf5b33a8d24439ca605218abb679a64 - - default default] Successfully bumped revision number for resource bdb79e97-3de4-46dd-858f-574f9367ed77 (type: ports) to 1
2026-04-15 06:08:29.920 8 INFO neutron.db.segments_db [None req-d2935f7a-8ec4-439d-9f8c-b12689b538a8 19713b71584b4f5395fbb937b8037ce9 815ce0a834b4478990409c5613922348 - - default default] Added segment 86e0b171-8df5-4da6-9236-5f68691fcc20 of type geneve for network 18a55b0d-b13d-49ba-b4ff-7f0166a01475
2026-04-15 06:08:30.034 8 INFO neutron.db.ovn_revision_numbers_db [None req-d2935f7a-8ec4-439d-9f8c-b12689b538a8 19713b71584b4f5395fbb937b8037ce9 815ce0a834b4478990409c5613922348 - - default default] Successfully bumped revision number for resource 18a55b0d-b13d-49ba-b4ff-7f0166a01475 (type: networks) to 1
2026-04-15 06:08:30.268 8 WARNING neutron.scheduler.dhcp_agent_scheduler [None req-d2935f7a-8ec4-439d-9f8c-b12689b538a8 19713b71584b4f5395fbb937b8037ce9 815ce0a834b4478990409c5613922348 - - default default] No more DHCP agents
2026-04-15 06:08:30.269 8 WARNING neutron.api.rpc.agentnotifiers.dhcp_rpc_agent_api [None req-d2935f7a-8ec4-439d-9f8c-b12689b538a8 19713b71584b4f5395fbb937b8037ce9 815ce0a834b4478990409c5613922348 - - default default] Unable to schedule network 18a55b0d-b13d-49ba-b4ff-7f0166a01475: no agents available; will retry on subsequent port and subnet creation events.
2026-04-15 06:08:30.330 8 INFO neutron.plugins.ml2.drivers.ovn.mech_driver.mech_driver [None req-aa053ecd-f6f6-488f-aa6f-95de5c8316a5 - - - - - -] OVN reports status down for port: e15ae56c-950b-4957-a42c-59fe55c77c64
2026-04-15 06:08:30.388 8 INFO neutron.db.ovn_revision_numbers_db [None req-d2935f7a-8ec4-439d-9f8c-b12689b538a8 19713b71584b4f5395fbb937b8037ce9 815ce0a834b4478990409c5613922348 - - default default] Successfully bumped revision number for resource e15ae56c-950b-4957-a42c-59fe55c77c64 (type: ports) to 1 [pid: 8|app: 0|req: 1032/1971] 10.0.0.116 () {34 vars in 670 bytes} [Wed Apr 15 06:08:29 2026] POST /v2.0/networks => generated 748 bytes in 648 msecs (HTTP/1.1 201) 4 headers in 162 bytes (1 switches on core 0)
2026-04-15 06:08:30.545 8 INFO neutron.plugins.ml2.drivers.ovn.mech_driver.mech_driver [None req-aa053ecd-f6f6-488f-aa6f-95de5c8316a5 - - - - - -] OVN reports status up for port: bdb79e97-3de4-46dd-858f-574f9367ed77
2026-04-15 06:08:30.566 8 INFO neutron.plugins.ml2.plugin [None req-aa053ecd-f6f6-488f-aa6f-95de5c8316a5 - - - - - -] Attempt 1 to provision port bdb79e97-3de4-46dd-858f-574f9367ed77
2026-04-15 06:08:30.589 7 WARNING neutron.scheduler.dhcp_agent_scheduler [None req-6bf8499a-b9db-41c6-9b3a-261ae68a48b2 2c70e9f82df8431684e94b47b52ac738 dcf5b33a8d24439ca605218abb679a64 - - default default] No more DHCP agents
2026-04-15 06:08:30.590 7 WARNING neutron.api.rpc.agentnotifiers.dhcp_rpc_agent_api [None req-6bf8499a-b9db-41c6-9b3a-261ae68a48b2 2c70e9f82df8431684e94b47b52ac738 dcf5b33a8d24439ca605218abb679a64 - - default default] Unable to schedule network f53e80b4-aca5-4a9a-8fdd-7b98a545ae2c: no agents available; will retry on subsequent port and subnet creation events.
2026-04-15 06:08:30.635 8 WARNING neutron.scheduler.dhcp_agent_scheduler [None req-25bc40dd-21b1-4b56-a642-b9d694ec8f47 19713b71584b4f5395fbb937b8037ce9 815ce0a834b4478990409c5613922348 - - default default] No more DHCP agents
2026-04-15 06:08:30.638 8 WARNING neutron.api.rpc.agentnotifiers.dhcp_rpc_agent_api [None req-25bc40dd-21b1-4b56-a642-b9d694ec8f47 19713b71584b4f5395fbb937b8037ce9 815ce0a834b4478990409c5613922348 - - default default] Unable to schedule network 18a55b0d-b13d-49ba-b4ff-7f0166a01475: no agents available; will retry on subsequent port and subnet creation events.
2026-04-15 06:08:30.858 7 INFO neutron.db.ovn_revision_numbers_db [None req-6bf8499a-b9db-41c6-9b3a-261ae68a48b2 2c70e9f82df8431684e94b47b52ac738 dcf5b33a8d24439ca605218abb679a64 - - default default] Successfully bumped revision number for resource bdb79e97-3de4-46dd-858f-574f9367ed77 (type: router_ports) to 1 [pid: 7|app: 0|req: 940/1972] 10.0.0.116 () {34 vars in 783 bytes} [Wed Apr 15 06:08:28 2026] PUT /v2.0/routers/44e3e927-ed6e-46e1-970d-02c02c64b6cf/add_router_interface => generated 309 bytes in 1888 msecs (HTTP/1.1 200) 4 headers in 157 bytes (1 switches on core 0)
2026-04-15 06:08:31.503 8 INFO neutron.db.ovn_revision_numbers_db [None req-aa053ecd-f6f6-488f-aa6f-95de5c8316a5 - - - - - -] Successfully bumped revision number for resource bdb79e97-3de4-46dd-858f-574f9367ed77 (type: ports) to 2
2026-04-15 06:08:31.677 8 INFO neutron.db.ovn_revision_numbers_db [None req-8ae2614e-2bf3-4a2a-af80-fa1d1c793f43 - - - - - -] Successfully bumped revision number for resource e15ae56c-950b-4957-a42c-59fe55c77c64 (type: ports) to 2
2026-04-15 06:08:31.708 8 INFO neutron.db.ovn_revision_numbers_db [None req-8ae2614e-2bf3-4a2a-af80-fa1d1c793f43 - - - - - -] Successfully bumped revision number for resource 0c57704b-8bbc-4774-9548-6b81829d8f10 (type: subnets) to 0 [pid: 8|app: 0|req: 1033/1973] 10.0.0.116 () {34 vars in 669 bytes} [Wed Apr 15 06:08:30 2026] POST /v2.0/subnets => generated 647 bytes in 1291 msecs (HTTP/1.1 201) 4 headers in 162 bytes (1 switches on core 0) [pid: 8|app: 0|req: 1036/1976] 10.0.0.116 () {32 vars in 826 bytes} [Wed Apr 15 06:08:31 2026] GET /v2.0/ports?project_id=3d03d55885cd45c6a6df612647405f44&network_id=7db03a6c-4154-4aed-8caa-042fcd328b8d => generated 3315 bytes in 63 msecs (HTTP/1.1 200) 4 headers in 158 bytes (1 switches on core 0)
2026-04-15 06:08:31.923 7 WARNING neutron.scheduler.dhcp_agent_scheduler [None req-1ea13804-4b0b-475b-868f-4c6018cb683e - - - - - -] No more DHCP agents
2026-04-15 06:08:31.924 7 WARNING neutron.api.rpc.agentnotifiers.dhcp_rpc_agent_api [None req-1ea13804-4b0b-475b-868f-4c6018cb683e - - - - - -] Unable to schedule network 7f2588e3-8790-4600-9f4c-f1dfef7b509d: no agents available; will retry on subsequent port and subnet creation events.
2026-04-15 06:08:32.071 7 INFO neutron.db.ovn_revision_numbers_db [None req-1ea13804-4b0b-475b-868f-4c6018cb683e - - - - - -] Successfully bumped revision number for resource 017a1735-9eaa-4cd9-876d-5f40962270d9 (type: ports) to 1 [pid: 8|app: 0|req: 1037/1977] 10.0.0.116 () {34 vars in 681 bytes} [Wed Apr 15 06:08:31 2026] POST /v2.0/rbac-policies => generated 324 bytes in 293 msecs (HTTP/1.1 201) 4 headers in 162 bytes (1 switches on core 0) [pid: 8|app: 0|req: 1038/1978] 10.0.0.116 () {32 vars in 742 bytes} [Wed Apr 15 06:08:32 2026] GET /v2.0/subnets?network_id=7f2588e3-8790-4600-9f4c-f1dfef7b509d => generated 667 bytes in 39 msecs (HTTP/1.1 200) 4 headers in 157 bytes (1 switches on core 0)
2026-04-15 06:08:32.316 7 INFO neutron.db.ovn_revision_numbers_db [None req-1ea13804-4b0b-475b-868f-4c6018cb683e - - - - - -] Successfully bumped revision number for resource 017a1735-9eaa-4cd9-876d-5f40962270d9 (type: ports) to 3
2026-04-15 06:08:32.376 7 INFO neutron.db.segments_db [None req-1ea13804-4b0b-475b-868f-4c6018cb683e - - - - - -] Added segment d4a3ddc6-dfdc-4d38-9158-af32eb50a440 of type geneve for network 63c83a0f-8930-4c56-9851-f299e346a37c
2026-04-15 06:08:32.477 8 INFO neutron.db.ovn_revision_numbers_db [None req-48be628c-a0a0-479c-8bf1-cfc1c6c6575e 96d3f7324ebe4a109a0586901f11547a 3d03d55885cd45c6a6df612647405f44 - - default default] Successfully bumped revision number for resource 15963893-8175-4e68-895e-a1d16232a714 (type: floatingips) to 2
2026-04-15 06:08:32.534 7 INFO neutron.db.ovn_revision_numbers_db [None req-b4db2b05-49db-4166-9cdd-917a5156cde5 - - - - - -] Successfully bumped revision number for resource 63c83a0f-8930-4c56-9851-f299e346a37c (type: networks) to 1
2026-04-15 06:08:32.552 8 INFO neutron.db.l3_db [None req-48be628c-a0a0-479c-8bf1-cfc1c6c6575e 96d3f7324ebe4a109a0586901f11547a 3d03d55885cd45c6a6df612647405f44 - - default default] Floating IP 15963893-8175-4e68-895e-a1d16232a714 disassociated. External IP: 10.96.250.219, port: 332ec7ce-18c7-4b77-83b3-0669f4be0190. [pid: 8|app: 0|req: 1039/1979] 10.0.0.116 () {34 vars in 749 bytes} [Wed Apr 15 06:08:32 2026] PUT /v2.0/floatingips/15963893-8175-4e68-895e-a1d16232a714 => generated 554 bytes in 278 msecs (HTTP/1.1 200) 4 headers in 157 bytes (1 switches on core 0)
2026-04-15 06:08:32.628 8 INFO neutron.notifiers.nova [-] Nova event matching ['req-0eca5536-a5fb-4f26-8a82-d7edf8e70509'] response: {'name': 'network-changed', 'server_uuid': 'c735d7b7-40a6-4a38-a8e6-e16902b91ff2', 'tag': '332ec7ce-18c7-4b77-83b3-0669f4be0190', 'status': 'completed', 'code': 200}
2026-04-15 06:08:32.661 7 WARNING neutron.scheduler.dhcp_agent_scheduler [None req-b4db2b05-49db-4166-9cdd-917a5156cde5 - - - - - -] No more DHCP agents
2026-04-15 06:08:32.663 7 WARNING neutron.api.rpc.agentnotifiers.dhcp_rpc_agent_api [None req-b4db2b05-49db-4166-9cdd-917a5156cde5 - - - - - -] Unable to schedule network 63c83a0f-8930-4c56-9851-f299e346a37c: no agents available; will retry on subsequent port and subnet creation events.
2026-04-15 06:08:32.753 7 INFO neutron.db.ovn_revision_numbers_db [None req-b4db2b05-49db-4166-9cdd-917a5156cde5 - - - - - -] Successfully bumped revision number for resource cf0935f7-024f-43b9-99ad-80aa05b5bc9c (type: ports) to 1 [pid: 8|app: 0|req: 1040/1980] 10.0.0.116 () {32 vars in 723 bytes} [Wed Apr 15 06:08:32 2026] GET /v2.0/networks/18a55b0d-b13d-49ba-b4ff-7f0166a01475 => generated 692 bytes in 170 msecs (HTTP/1.1 200) 4 headers in 157 bytes (1 switches on core 0) [pid: 8|app: 0|req: 1041/1981] 10.0.0.116 () {32 vars in 729 bytes} [Wed Apr 15 06:08:32 2026] GET /v2.0/floatingips/15963893-8175-4e68-895e-a1d16232a714 => generated 552 bytes in 36 msecs (HTTP/1.1 200) 4 headers in 157 bytes (1 switches on core 0)
2026-04-15 06:08:32.905 7 WARNING neutron.scheduler.dhcp_agent_scheduler [None req-b4db2b05-49db-4166-9cdd-917a5156cde5 - - - - - -] No more DHCP agents
2026-04-15 06:08:32.906 7 WARNING neutron.api.rpc.agentnotifiers.dhcp_rpc_agent_api [None req-b4db2b05-49db-4166-9cdd-917a5156cde5 - - - - - -] Unable to schedule network 63c83a0f-8930-4c56-9851-f299e346a37c: no agents available; will retry on subsequent port and subnet creation events.
2026-04-15 06:08:32.930 7 INFO neutron.db.ovn_revision_numbers_db [None req-b4db2b05-49db-4166-9cdd-917a5156cde5 - - - - - -] Successfully bumped revision number for resource f242e13c-9e45-4c35-816b-f6a2c910b5ac (type: subnets) to 0
2026-04-15 06:08:33.017 8 INFO neutron.db.ovn_revision_numbers_db [None req-ab44d20e-06b9-498b-9a4d-63d0e2d3f12e 4a633153a8a94d15acbfb63a85bc0e8b 10cadffe2e814fe5ada65eaa4384040e - - default default] Successfully bumped revision number for resource 359a09f5-5349-4989-8b76-3b4fc5318f36 (type: security_groups) to 1
2026-04-15 06:08:33.030 8 INFO neutron.db.ovn_revision_numbers_db [None req-ab44d20e-06b9-498b-9a4d-63d0e2d3f12e 4a633153a8a94d15acbfb63a85bc0e8b 10cadffe2e814fe5ada65eaa4384040e - - default default] Successfully bumped revision number for resource 4925a559-3dc8-4d74-b73a-c0ed19976273 (type: security_group_rules) to 0
2026-04-15 06:08:33.041 8 INFO neutron.db.ovn_revision_numbers_db [None req-ab44d20e-06b9-498b-9a4d-63d0e2d3f12e 4a633153a8a94d15acbfb63a85bc0e8b 10cadffe2e814fe5ada65eaa4384040e - - default default] Successfully bumped revision number for resource 5eace83c-abfe-4f21-8efb-0688390af7bd (type: security_group_rules) to 0
2026-04-15 06:08:33.054 8 INFO neutron.db.ovn_revision_numbers_db [None req-ab44d20e-06b9-498b-9a4d-63d0e2d3f12e 4a633153a8a94d15acbfb63a85bc0e8b 10cadffe2e814fe5ada65eaa4384040e - - default default] Successfully bumped revision number for resource 69c182ac-0ef7-442f-baac-f80b4664288c (type: security_group_rules) to 0
2026-04-15 06:08:33.075 8 INFO neutron.db.ovn_revision_numbers_db [None req-ab44d20e-06b9-498b-9a4d-63d0e2d3f12e 4a633153a8a94d15acbfb63a85bc0e8b 10cadffe2e814fe5ada65eaa4384040e - - default default] Successfully bumped revision number for resource 8eda9391-2685-4e99-85a8-59dbbf8f8314 (type: security_group_rules) to 0
2026-04-15 06:08:33.169 8 INFO neutron.db.segments_db [None req-ab44d20e-06b9-498b-9a4d-63d0e2d3f12e 4a633153a8a94d15acbfb63a85bc0e8b 10cadffe2e814fe5ada65eaa4384040e - - default default] Added segment 5bbbc0a3-6946-4930-8ea4-b8b9fe19d3a4 of type geneve for network c3aeec43-1ecf-44c6-b8d5-a90e8d772ee2
2026-04-15 06:08:33.291 8 INFO neutron.db.ovn_revision_numbers_db [None req-ab44d20e-06b9-498b-9a4d-63d0e2d3f12e 4a633153a8a94d15acbfb63a85bc0e8b 10cadffe2e814fe5ada65eaa4384040e - - default default] Successfully bumped revision number for resource c3aeec43-1ecf-44c6-b8d5-a90e8d772ee2 (type: networks) to 1
2026-04-15 06:08:33.350 7 WARNING neutron.scheduler.dhcp_agent_scheduler [None req-b4db2b05-49db-4166-9cdd-917a5156cde5 - - - - - -] No more DHCP agents
2026-04-15 06:08:33.351 7 WARNING neutron.api.rpc.agentnotifiers.dhcp_rpc_agent_api [None req-b4db2b05-49db-4166-9cdd-917a5156cde5 - - - - - -] Unable to schedule network 63c83a0f-8930-4c56-9851-f299e346a37c: no agents available; will retry on subsequent port and subnet creation events.
2026-04-15 06:08:33.475 8 WARNING neutron.scheduler.dhcp_agent_scheduler [None req-ab44d20e-06b9-498b-9a4d-63d0e2d3f12e 4a633153a8a94d15acbfb63a85bc0e8b 10cadffe2e814fe5ada65eaa4384040e - - default default] No more DHCP agents
2026-04-15 06:08:33.476 8 WARNING neutron.api.rpc.agentnotifiers.dhcp_rpc_agent_api [None req-ab44d20e-06b9-498b-9a4d-63d0e2d3f12e 4a633153a8a94d15acbfb63a85bc0e8b 10cadffe2e814fe5ada65eaa4384040e - - default default] Unable to schedule network c3aeec43-1ecf-44c6-b8d5-a90e8d772ee2: no agents available; will retry on subsequent port and subnet creation events.
2026-04-15 06:08:33.501 7 INFO neutron.db.ovn_revision_numbers_db [None req-b4db2b05-49db-4166-9cdd-917a5156cde5 - - - - - -] Successfully bumped revision number for resource 52cd23e3-3381-4ef7-88a3-fbf63320dd1f (type: ports) to 1
2026-04-15 06:08:33.559 8 INFO neutron.db.ovn_revision_numbers_db [None req-ab44d20e-06b9-498b-9a4d-63d0e2d3f12e 4a633153a8a94d15acbfb63a85bc0e8b 10cadffe2e814fe5ada65eaa4384040e - - default default] Successfully bumped revision number for resource f181774f-0412-4553-b16d-058705e36880 (type: ports) to 1 [pid: 8|app: 0|req: 1042/1982] 10.0.0.116 () {34 vars in 670 bytes} [Wed Apr 15 06:08:32 2026] POST /v2.0/networks => generated 650 bytes in 788 msecs (HTTP/1.1 201) 4 headers in 162 bytes (1 switches on core 0) [pid: 8|app: 0|req: 1043/1983] 162.253.55.204 () {34 vars in 1080 bytes} [Wed Apr 15 06:08:33 2026] GET /v2.0/ports?tenant_id=3d03d55885cd45c6a6df612647405f44&device_id=c735d7b7-40a6-4a38-a8e6-e16902b91ff2 => generated 1209 bytes in 54 msecs (HTTP/1.1 200) 4 headers in 158 bytes (1 switches on core 0)
2026-04-15 06:08:33.678 8 INFO neutron.pecan_wsgi.hooks.translation [None req-480471d3-2678-4e15-aa21-7a2da6583cf9 6f441eceb16b4a35af46a80d34d4857b 1d3d2ac0c6b44c95b9be817d334a16a2 - - default default] GET failed (client error): The resource could not be found. [pid: 8|app: 0|req: 1044/1984] 10.0.0.116 () {32 vars in 723 bytes} [Wed Apr 15 06:08:33 2026] GET /v2.0/networks/18a55b0d-b13d-49ba-b4ff-7f0166a01475 => generated 138 bytes in 44 msecs (HTTP/1.1 404) 4 headers in 164 bytes (1 switches on core 0)
2026-04-15 06:08:33.853 8 WARNING neutron.scheduler.dhcp_agent_scheduler [None req-72a81c9f-e923-4f0b-a3a0-36eaaf5c87ff 4a633153a8a94d15acbfb63a85bc0e8b 10cadffe2e814fe5ada65eaa4384040e - - default default] No more DHCP agents
2026-04-15 06:08:33.858 8 WARNING neutron.api.rpc.agentnotifiers.dhcp_rpc_agent_api [None req-72a81c9f-e923-4f0b-a3a0-36eaaf5c87ff 4a633153a8a94d15acbfb63a85bc0e8b 10cadffe2e814fe5ada65eaa4384040e - - default default] Unable to schedule network c3aeec43-1ecf-44c6-b8d5-a90e8d772ee2: no agents available; will retry on subsequent port and subnet creation events.
2026-04-15 06:08:34.141 7 WARNING neutron.scheduler.dhcp_agent_scheduler [None req-b4db2b05-49db-4166-9cdd-917a5156cde5 - - - - - -] No more DHCP agents
2026-04-15 06:08:34.142 7 WARNING neutron.api.rpc.agentnotifiers.dhcp_rpc_agent_api [None req-b4db2b05-49db-4166-9cdd-917a5156cde5 - - - - - -] Unable to schedule network 63c83a0f-8930-4c56-9851-f299e346a37c: no agents available; will retry on subsequent port and subnet creation events.
2026-04-15 06:08:34.283 8 INFO neutron.db.ovn_revision_numbers_db [None req-ba45a123-ee58-4fad-872a-da1df15d4318 - - - - - -] Successfully bumped revision number for resource f181774f-0412-4553-b16d-058705e36880 (type: ports) to 2
2026-04-15 06:08:34.337 8 INFO neutron.db.ovn_revision_numbers_db [None req-ba45a123-ee58-4fad-872a-da1df15d4318 - - - - - -] Successfully bumped revision number for resource 07114d7c-7968-4245-a756-6283e2e70fe8 (type: subnets) to 0 [pid: 8|app: 0|req: 1045/1985] 10.0.0.116 () {34 vars in 669 bytes} [Wed Apr 15 06:08:33 2026] POST /v2.0/subnets => generated 626 bytes in 685 msecs (HTTP/1.1 201) 4 headers in 162 bytes (1 switches on core 0) [pid: 8|app: 0|req: 1046/1986] 162.253.55.204 () {34 vars in 986 bytes} [Wed Apr 15 06:08:34 2026] GET /v2.0/networks?id=7db03a6c-4154-4aed-8caa-042fcd328b8d => generated 798 bytes in 43 msecs (HTTP/1.1 200) 4 headers in 157 bytes (1 switches on core 0)
2026-04-15 06:08:34.553 8 INFO neutron_taas.services.taas.taas_plugin [None req-a32b3b4d-0d63-49bc-b0cd-3663241b24ad 19713b71584b4f5395fbb937b8037ce9 815ce0a834b4478990409c5613922348 - - default default] TaaS: Handle Delete Port: e15ae56c-950b-4957-a42c-59fe55c77c64
2026-04-15 06:08:34.561 8 INFO neutron_taas.services.taas.tap_mirror_plugin [None req-a32b3b4d-0d63-49bc-b0cd-3663241b24ad 19713b71584b4f5395fbb937b8037ce9 815ce0a834b4478990409c5613922348 - - default default] Tap Mirror: Handle Delete Port: e15ae56c-950b-4957-a42c-59fe55c77c64
2026-04-15 06:08:34.684 7 INFO neutron.db.ovn_revision_numbers_db [None req-b4db2b05-49db-4166-9cdd-917a5156cde5 - - - - - -] Successfully bumped revision number for resource 52cd23e3-3381-4ef7-88a3-fbf63320dd1f (type: router_ports) to 1
2026-04-15 06:08:34.928 7 WARNING neutron.scheduler.dhcp_agent_scheduler [None req-b4db2b05-49db-4166-9cdd-917a5156cde5 - - - - - -] No more DHCP agents
2026-04-15 06:08:34.930 7 WARNING neutron.api.rpc.agentnotifiers.dhcp_rpc_agent_api [None req-b4db2b05-49db-4166-9cdd-917a5156cde5 - - - - - -] Unable to schedule network 63c83a0f-8930-4c56-9851-f299e346a37c: no agents available; will retry on subsequent port and subnet creation events.
2026-04-15 06:08:34.947 8 INFO neutron.services.segments.plugin [-] Segment 86e0b171-8df5-4da6-9236-5f68691fcc20 resource provider aggregate not found
2026-04-15 06:08:34.956 8 INFO neutron.services.segments.plugin [-] Segment 86e0b171-8df5-4da6-9236-5f68691fcc20 resource provider aggregate not found
2026-04-15 06:08:34.967 8 INFO neutron.services.segments.plugin [-] Segment 86e0b171-8df5-4da6-9236-5f68691fcc20 resource provider not found; error: Placement Client Error (4xx): {"errors": [{"status": 404, "title": "Not Found", "detail": "The resource could not be found.\n\n No resource provider with uuid 86e0b171-8df5-4da6-9236-5f68691fcc20 found for delete ", "request_id": "req-ad2a18be-745b-4b76-ad14-f6f344037f7b"}]}
2026-04-15 06:08:34.979 8 INFO neutron.services.segments.plugin [-] Segment 86e0b171-8df5-4da6-9236-5f68691fcc20 resource provider not found; error: Placement Client Error (4xx): {"errors": [{"status": 404, "title": "Not Found", "detail": "The resource could not be found.\n\n No resource provider with uuid 86e0b171-8df5-4da6-9236-5f68691fcc20 found for delete ", "request_id": "req-9446150e-64d8-4235-9535-6c0b52cd8b7e"}]} [pid: 8|app: 0|req: 1047/1987] 10.0.0.116 () {32 vars in 726 bytes} [Wed Apr 15 06:08:34 2026] DELETE /v2.0/networks/18a55b0d-b13d-49ba-b4ff-7f0166a01475 => generated 0 bytes in 603 msecs (HTTP/1.1 204) 3 headers in 131 bytes (1 switches on core 0)
2026-04-15 06:08:35.058 7 WARNING neutron.plugins.ml2.drivers.ovn.mech_driver.ovsdb.ovn_client [None req-c9a9c59e-b613-4906-90ad-adad0bf1e1d8 - - - - - -] No hosting information found for port daa2be16-9038-4d9a-b6c2-2d94e05a6932: RuntimeError: No hosting information found for port daa2be16-9038-4d9a-b6c2-2d94e05a6932
2026-04-15 06:08:35.062 7 INFO neutron.plugins.ml2.drivers.ovn.mech_driver.mech_driver [None req-c9a9c59e-b613-4906-90ad-adad0bf1e1d8 - - - - - -] OVN reports status up for port: f7fcd988-1433-410c-8c1f-e4d67818f21c
2026-04-15 06:08:35.117 7 INFO neutron.plugins.ml2.plugin [None req-c9a9c59e-b613-4906-90ad-adad0bf1e1d8 - - - - - -] Attempt 1 to provision port f7fcd988-1433-410c-8c1f-e4d67818f21c
2026-04-15 06:08:35.164 8 INFO neutron.db.ovn_revision_numbers_db [None req-75a32ccf-0770-48ff-a972-f8da7599813d 96d3f7324ebe4a109a0586901f11547a 3d03d55885cd45c6a6df612647405f44 - - default default] Successfully bumped revision number for resource 0b89d8b1-b6a0-4b4f-a98c-ac520eb9684f (type: security_groups) to 1
2026-04-15 06:08:35.168 7 INFO neutron.db.ovn_revision_numbers_db [None req-b4db2b05-49db-4166-9cdd-917a5156cde5 - - - - - -] Successfully bumped revision number for resource 2974e3ce-52f1-489f-bc98-cd9f09b78aa3 (type: ports) to 1
2026-04-15 06:08:35.175 8 INFO neutron.db.ovn_revision_numbers_db [None req-75a32ccf-0770-48ff-a972-f8da7599813d 96d3f7324ebe4a109a0586901f11547a 3d03d55885cd45c6a6df612647405f44 - - default default] Successfully bumped revision number for resource 6b2c18a8-aae5-4e60-be36-eb8f75acf8d6 (type: security_group_rules) to 0
2026-04-15 06:08:35.184 8 INFO neutron.db.ovn_revision_numbers_db [None req-75a32ccf-0770-48ff-a972-f8da7599813d 96d3f7324ebe4a109a0586901f11547a 3d03d55885cd45c6a6df612647405f44 - - default default] Successfully bumped revision number for resource aac64f50-1948-4894-9a93-a7dc96efb7d6 (type: security_group_rules) to 0 [pid: 8|app: 0|req: 1048/1988] 10.0.0.116 () {34 vars in 685 bytes} [Wed Apr 15 06:08:35 2026] POST /v2.0/security-groups => generated 1675 bytes in 203 msecs (HTTP/1.1 201) 4 headers in 163 bytes (1 switches on core 0) [pid: 8|app: 0|req: 1049/1989] 10.0.0.116 () {34 vars in 751 bytes} [Wed Apr 15 06:08:35 2026] PUT /v2.0/subnets/07114d7c-7968-4245-a756-6283e2e70fe8/tags => generated 25 bytes in 50 msecs (HTTP/1.1 200) 4 headers in 156 bytes (1 switches on core 0) [pid: 8|app: 0|req: 1050/1990] 162.253.55.204 () {34 vars in 1058 bytes} [Wed Apr 15 06:08:35 2026] GET /v2.0/floatingips?fixed_ip_address=10.100.0.5&port_id=332ec7ce-18c7-4b77-83b3-0669f4be0190 => generated 19 bytes in 15 msecs (HTTP/1.1 200) 4 headers in 156 bytes (1 switches on core 0)
2026-04-15 06:08:35.289 8 INFO neutron.pecan_wsgi.hooks.translation [None req-0fda9c7b-c021-4f0a-a5c7-2a6ed6625be8 19713b71584b4f5395fbb937b8037ce9 815ce0a834b4478990409c5613922348 - - default default] DELETE failed (client error): The resource could not be found. [pid: 8|app: 0|req: 1051/1991] 10.0.0.116 () {32 vars in 724 bytes} [Wed Apr 15 06:08:35 2026] DELETE /v2.0/subnets/6085ecb8-60a4-44e6-8cdd-2d395df31d08 => generated 136 bytes in 9 msecs (HTTP/1.1 404) 4 headers in 164 bytes (1 switches on core 0)
2026-04-15 06:08:35.396 8 INFO neutron.db.ovn_revision_numbers_db [None req-ee14ac79-0ab4-46b7-8818-2a73b5db48ef 96d3f7324ebe4a109a0586901f11547a 3d03d55885cd45c6a6df612647405f44 - - default default] Successfully bumped revision number for resource 13223712-b6c2-4a97-ad6a-2ddc69df2ecd (type: security_group_rules) to 0 [pid: 8|app: 0|req: 1052/1992] 10.0.0.116 () {34 vars in 695 bytes} [Wed Apr 15 06:08:35 2026] POST /v2.0/security-group-rules => generated 597 bytes in 133 msecs (HTTP/1.1 201) 4 headers in 162 bytes (1 switches on core 0) [pid: 8|app: 0|req: 1053/1993] 10.0.0.116 () {32 vars in 731 bytes} [Wed Apr 15 06:08:35 2026] GET /v2.0/subnets/07114d7c-7968-4245-a756-6283e2e70fe8/tags => generated 25 bytes in 39 msecs (HTTP/1.1 200) 4 headers in 156 bytes (1 switches on core 0) [pid: 8|app: 0|req: 1054/1994] 162.253.55.204 () {34 vars in 984 bytes} [Wed Apr 15 06:08:35 2026] GET /v2.0/subnets?id=bbb6a7e9-d99a-4880-a7ef-1e4c22d313f5 => generated 678 bytes in 25 msecs (HTTP/1.1 200) 4 headers in 157 bytes (1 switches on core 0)
2026-04-15 06:08:35.500 8 INFO neutron.pecan_wsgi.hooks.translation [None req-814e699b-f76b-4fef-b7b6-5c33deab40d2 19713b71584b4f5395fbb937b8037ce9 815ce0a834b4478990409c5613922348 - - default default] DELETE failed (client error): The resource could not be found. [pid: 8|app: 0|req: 1055/1995] 10.0.0.116 () {32 vars in 724 bytes} [Wed Apr 15 06:08:35 2026] DELETE /v2.0/subnets/ab06edac-5ea2-499f-b0fc-aeca3eb1f0df => generated 136 bytes in 12 msecs (HTTP/1.1 404) 4 headers in 164 bytes (1 switches on core 0)
2026-04-15 06:08:35.522 7 INFO neutron.db.ovn_revision_numbers_db [None req-c9a9c59e-b613-4906-90ad-adad0bf1e1d8 - - - - - -] Successfully bumped revision number for resource f7fcd988-1433-410c-8c1f-e4d67818f21c (type: ports) to 4
2026-04-15 06:08:35.626 7 INFO neutron.db.ovn_revision_numbers_db [None req-b4db2b05-49db-4166-9cdd-917a5156cde5 - - - - - -] Successfully bumped revision number for resource 2974e3ce-52f1-489f-bc98-cd9f09b78aa3 (type: ports) to 3
2026-04-15 06:08:35.637 8 INFO neutron.db.ovn_revision_numbers_db [None req-22282b25-a2a4-48a5-ab7f-3e9285c664ae 96d3f7324ebe4a109a0586901f11547a 3d03d55885cd45c6a6df612647405f44 - - default default] Successfully bumped revision number for resource 77bd6270-7afb-447b-9558-17ad8ed2e75e (type: security_group_rules) to 0 [pid: 8|app: 0|req: 1056/1996] 10.0.0.116 () {34 vars in 695 bytes} [Wed Apr 15 06:08:35 2026] POST /v2.0/security-group-rules => generated 596 bytes in 163 msecs (HTTP/1.1 201) 4 headers in 162 bytes (1 switches on core 0) [pid: 8|app: 0|req: 1057/1997] 10.0.0.116 () {34 vars in 762 bytes} [Wed Apr 15 06:08:35 2026] PUT /v2.0/subnets/07114d7c-7968-4245-a756-6283e2e70fe8/tags/green => generated 4 bytes in 55 msecs (HTTP/1.1 201) 4 headers in 160 bytes (1 switches on core 0) [pid: 8|app: 0|req: 1058/1998] 162.253.55.204 () {34 vars in 1052 bytes} [Wed Apr 15 06:08:35 2026] GET /v2.0/ports?network_id=7db03a6c-4154-4aed-8caa-042fcd328b8d&device_owner=network%3Adhcp => generated 12 bytes in 17 msecs (HTTP/1.1 200) 4 headers in 156 bytes (1 switches on core 0)
2026-04-15 06:08:35.748 8 INFO neutron.pecan_wsgi.hooks.translation [None req-0123cc7f-aa65-4474-8c48-1e691282affd 19713b71584b4f5395fbb937b8037ce9 815ce0a834b4478990409c5613922348 - - default default] DELETE failed (client error): The resource could not be found. [pid: 8|app: 0|req: 1059/1999] 10.0.0.116 () {32 vars in 724 bytes} [Wed Apr 15 06:08:35 2026] DELETE /v2.0/subnets/0c57704b-8bbc-4774-9548-6b81829d8f10 => generated 136 bytes in 11 msecs (HTTP/1.1 404) 4 headers in 164 bytes (1 switches on core 0)
2026-04-15 06:08:35.833 7 INFO neutron.plugins.ml2.drivers.ovn.mech_driver.mech_driver [None req-ef7bc5a6-300a-4625-acd7-9862bf927920 - - - - - -] OVN reports status down for port: cf0935f7-024f-43b9-99ad-80aa05b5bc9c
2026-04-15 06:08:35.902 8 INFO neutron.db.ovn_revision_numbers_db [None req-ecc7931f-046f-4f22-a591-c011b4a4277c 96d3f7324ebe4a109a0586901f11547a 3d03d55885cd45c6a6df612647405f44 - - default default] Successfully bumped revision number for resource 8a6a2739-3982-4151-8901-6ee02d8641df (type: security_group_rules) to 0 [pid: 8|app: 0|req: 1060/2000] 10.0.0.116 () {34 vars in 695 bytes} [Wed Apr 15 06:08:35 2026] POST /v2.0/security-group-rules => generated 602 bytes in 193 msecs (HTTP/1.1 201) 4 headers in 162 bytes (1 switches on core 0) [pid: 8|app: 0|req: 1061/2001] 10.0.0.116 () {32 vars in 731 bytes} [Wed Apr 15 06:08:35 2026] GET /v2.0/subnets/07114d7c-7968-4245-a756-6283e2e70fe8/tags => generated 34 bytes in 44 msecs (HTTP/1.1 200) 4 headers in 156 bytes (1 switches on core 0)
2026-04-15 06:08:36.003 7 INFO neutron.plugins.ml2.drivers.ovn.mech_driver.mech_driver [None req-ef7bc5a6-300a-4625-acd7-9862bf927920 - - - - - -] OVN reports status down for port: 52cd23e3-3381-4ef7-88a3-fbf63320dd1f [pid: 8|app: 0|req: 1062/2002] 162.253.55.204 () {34 vars in 1012 bytes} [Wed Apr 15 06:08:35 2026] GET /v2.0/networks/7db03a6c-4154-4aed-8caa-042fcd328b8d?fields=segments => generated 14 bytes in 49 msecs (HTTP/1.1 200) 4 headers in 156 bytes (1 switches on core 0) [pid: 7|app: 0|req: 941/2003] 10.0.0.116 () {34 vars in 685 bytes} [Wed Apr 15 06:08:30 2026] POST /v2.0/vpn/vpnservices => generated 457 bytes in 5175 msecs (HTTP/1.1 201) 4 headers in 162 bytes (1 switches on core 0) /var/lib/openstack/lib/python3.12/site-packages/pycadf/identifier.py:70: UserWarning: Invalid uuid: neutron. To ensure interoperability, identifiers should be a valid uuid. warnings.warn(('Invalid uuid: %s. To ensure interoperability, '
2026-04-15 06:08:36.105 7 WARNING neutron.plugins.ml2.drivers.ovn.mech_driver.ovsdb.ovn_client [None req-ef7bc5a6-300a-4625-acd7-9862bf927920 - - - - - -] Logical_Switch_Port %s host information not removed, the port state is up
2026-04-15 06:08:36.106 7 INFO neutron.plugins.ml2.drivers.ovn.mech_driver.mech_driver [None req-ef7bc5a6-300a-4625-acd7-9862bf927920 - - - - - -] OVN reports status down for port: f181774f-0412-4553-b16d-058705e36880 [pid: 7|app: 0|req: 942/2004] 10.0.0.116 () {34 vars in 758 bytes} [Wed Apr 15 06:08:36 2026] PUT /v2.0/subnets/07114d7c-7968-4245-a756-6283e2e70fe8/tags/red => generated 4 bytes in 118 msecs (HTTP/1.1 201) 4 headers in 160 bytes (1 switches on core 0)
2026-04-15 06:08:36.184 8 INFO neutron.db.ovn_revision_numbers_db [None req-33b1764c-56e6-4194-9f8c-b9d808480b26 96d3f7324ebe4a109a0586901f11547a 3d03d55885cd45c6a6df612647405f44 - - default default] Successfully bumped revision number for resource d319cb5b-4ece-489f-a718-2c7e08fbd40c (type: security_group_rules) to 0 [pid: 8|app: 0|req: 1063/2005] 10.0.0.116 () {34 vars in 695 bytes} [Wed Apr 15 06:08:36 2026] POST /v2.0/security-group-rules => generated 601 bytes in 185 msecs (HTTP/1.1 201) 4 headers in 162 bytes (1 switches on core 0)
2026-04-15 06:08:36.230 7 INFO neutron.plugins.ml2.drivers.ovn.mech_driver.mech_driver [None req-ef7bc5a6-300a-4625-acd7-9862bf927920 - - - - - -] OVN reports status up for port: 52cd23e3-3381-4ef7-88a3-fbf63320dd1f [pid: 8|app: 0|req: 1064/2006] 10.0.0.116 () {32 vars in 663 bytes} [Wed Apr 15 06:08:36 2026] GET /v2.0/vpn/vpnservices => generated 1313 bytes in 10 msecs (HTTP/1.1 200) 4 headers in 158 bytes (1 switches on core 0) [pid: 7|app: 0|req: 943/2007] 162.253.55.204 () {34 vars in 1112 bytes} [Wed Apr 15 06:08:36 2026] GET /v2.0/networks/7db03a6c-4154-4aed-8caa-042fcd328b8d?fields=provider%3Aphysical_network&fields=provider%3Anetwork_type => generated 79 bytes in 77 msecs (HTTP/1.1 200) 4 headers in 156 bytes (1 switches on core 0)
2026-04-15 06:08:36.249 7 INFO neutron.plugins.ml2.plugin [None req-ef7bc5a6-300a-4625-acd7-9862bf927920 - - - - - -] Attempt 1 to provision port 52cd23e3-3381-4ef7-88a3-fbf63320dd1f [pid: 8|app: 0|req: 1065/2008] 10.0.0.116 () {32 vars in 731 bytes} [Wed Apr 15 06:08:36 2026] GET /v2.0/subnets/07114d7c-7968-4245-a756-6283e2e70fe8/tags => generated 34 bytes in 38 msecs (HTTP/1.1 200) 4 headers in 156 bytes (1 switches on core 0)
2026-04-15 06:08:36.313 7 INFO neutron.db.securitygroups_db [None req-78558f50-72f7-4f59-a35b-a4fd227f41a6 96d3f7324ebe4a109a0586901f11547a 3d03d55885cd45c6a6df612647405f44 - - default default] Project 3d03d55885cd45c6a6df612647405f44 added a security group rule with legacy IPv6 ICMP protocol name icmp, ipv6-icmp should be used instead. It was automatically converted.
2026-04-15 06:08:36.526 7 INFO neutron.db.ovn_revision_numbers_db [None req-78558f50-72f7-4f59-a35b-a4fd227f41a6 96d3f7324ebe4a109a0586901f11547a 3d03d55885cd45c6a6df612647405f44 - - default default] Successfully bumped revision number for resource 2ac71929-571b-4d45-9b5c-8acc2296f8bf (type: security_group_rules) to 0
2026-04-15 06:08:36.592 8 INFO neutron_taas.services.taas.taas_plugin [None req-4d7d5ae6-3594-4503-89b9-aff2eeef9f36 2fe600442cf245389f05a66d1381d2d5 4f7928f30e344b4284a9b41c22ae61d1 - - default default] TaaS: Handle Delete Port: 017a1735-9eaa-4cd9-876d-5f40962270d9
2026-04-15 06:08:36.595 8 INFO neutron_taas.services.taas.tap_mirror_plugin [None req-4d7d5ae6-3594-4503-89b9-aff2eeef9f36 2fe600442cf245389f05a66d1381d2d5 4f7928f30e344b4284a9b41c22ae61d1 - - default default] Tap Mirror: Handle Delete Port: 017a1735-9eaa-4cd9-876d-5f40962270d9 [pid: 7|app: 0|req: 944/2009] 10.0.0.116 () {34 vars in 695 bytes} [Wed Apr 15 06:08:36 2026] POST /v2.0/security-group-rules => generated 607 bytes in 361 msecs (HTTP/1.1 201) 4 headers in 162 bytes (1 switches on core 0) [pid: 7|app: 0|req: 945/2010] 10.0.0.116 () {34 vars in 780 bytes} [Wed Apr 15 06:08:36 2026] PUT /v2.0/subnets/07114d7c-7968-4245-a756-6283e2e70fe8/tags/black.or.white => generated 4 bytes in 180 msecs (HTTP/1.1 201) 4 headers in 160 bytes (1 switches on core 0)
2026-04-15 06:08:36.834 8 INFO neutron_taas.services.taas.taas_plugin [None req-500cf32d-e53e-4b9a-9e83-9729f7782c4e - - - - - -] TaaS: Handle Delete Port: 2974e3ce-52f1-489f-bc98-cd9f09b78aa3
2026-04-15 06:08:36.841 8 INFO neutron_taas.services.taas.tap_mirror_plugin [None req-500cf32d-e53e-4b9a-9e83-9729f7782c4e - - - - - -] Tap Mirror: Handle Delete Port: 2974e3ce-52f1-489f-bc98-cd9f09b78aa3
2026-04-15 06:08:36.872 7 INFO neutron.db.securitygroups_db [None req-e9403f56-400d-4a59-9c0b-cda9766c66a8 96d3f7324ebe4a109a0586901f11547a 3d03d55885cd45c6a6df612647405f44 - - default default] Project 3d03d55885cd45c6a6df612647405f44 added a security group rule with legacy IPv6 ICMP protocol name icmp, ipv6-icmp should be used instead. It was automatically converted.
2026-04-15 06:08:37.030 7 INFO neutron.db.ovn_revision_numbers_db [None req-ef7bc5a6-300a-4625-acd7-9862bf927920 - - - - - -] Successfully bumped revision number for resource 52cd23e3-3381-4ef7-88a3-fbf63320dd1f (type: ports) to 2
2026-04-15 06:08:37.086 7 INFO neutron.db.ovn_revision_numbers_db [None req-e9403f56-400d-4a59-9c0b-cda9766c66a8 96d3f7324ebe4a109a0586901f11547a 3d03d55885cd45c6a6df612647405f44 - - default default] Successfully bumped revision number for resource 9319c84d-6e10-4d03-87ba-390d1f39cd02 (type: security_group_rules) to 0 [pid: 7|app: 0|req: 946/2011] 10.0.0.116 () {34 vars in 695 bytes} [Wed Apr 15 06:08:36 2026] POST /v2.0/security-group-rules => generated 606 bytes in 355 msecs (HTTP/1.1 201) 4 headers in 162 bytes (1 switches on core 0)
2026-04-15 06:08:37.284 8 WARNING neutron.plugins.ml2.drivers.ovn.mech_driver.ovsdb.ovn_client [None req-a4ae5caf-0b9c-4618-a7f2-942ba3348cce - - - - - -] No hosting information found for port bdb79e97-3de4-46dd-858f-574f9367ed77: RuntimeError: No hosting information found for port bdb79e97-3de4-46dd-858f-574f9367ed77 [pid: 7|app: 0|req: 947/2012] 10.0.0.116 () {32 vars in 774 bytes} [Wed Apr 15 06:08:37 2026] GET /v2.0/security-groups?tenant_id=815ce0a834b4478990409c5613922348&name=default => generated 2925 bytes in 218 msecs (HTTP/1.1 200) 4 headers in 158 bytes (1 switches on core 0) [pid: 7|app: 0|req: 948/2013] 10.0.0.116 () {32 vars in 731 bytes} [Wed Apr 15 06:08:37 2026] GET /v2.0/subnets/07114d7c-7968-4245-a756-6283e2e70fe8/tags => generated 52 bytes in 50 msecs (HTTP/1.1 200) 4 headers in 156 bytes (1 switches on core 0)
2026-04-15 06:08:37.411 8 INFO neutron_taas.services.taas.taas_plugin [None req-c0b80688-4b3e-481e-986f-ec018bed8878 - - - - - -] TaaS: Handle Delete Port: 52cd23e3-3381-4ef7-88a3-fbf63320dd1f
2026-04-15 06:08:37.416 8 INFO neutron_taas.services.taas.tap_mirror_plugin [None req-c0b80688-4b3e-481e-986f-ec018bed8878 - - - - - -] Tap Mirror: Handle Delete Port: 52cd23e3-3381-4ef7-88a3-fbf63320dd1f
2026-04-15 06:08:37.478 8 INFO neutron.db.ovn_revision_numbers_db [None req-a4ae5caf-0b9c-4618-a7f2-942ba3348cce - - - - - -] Successfully bumped revision number for resource bdb79e97-3de4-46dd-858f-574f9367ed77 (type: router_ports) to 2
2026-04-15 06:08:37.478 8 INFO neutron.plugins.ml2.drivers.ovn.mech_driver.mech_driver [None req-a4ae5caf-0b9c-4618-a7f2-942ba3348cce - - - - - -] OVN reports status up for port: ef168d0d-74ac-49b2-93e2-8eb1d15a93ba
2026-04-15 06:08:37.514 8 INFO neutron.plugins.ml2.plugin [None req-a4ae5caf-0b9c-4618-a7f2-942ba3348cce - - - - - -] Attempt 1 to provision port ef168d0d-74ac-49b2-93e2-8eb1d15a93ba [pid: 7|app: 0|req: 949/2014] 10.0.0.116 () {32 vars in 740 bytes} [Wed Apr 15 06:08:37 2026] DELETE /v2.0/security-groups/7288aede-0736-4686-bc2d-d2b0ad9ea81c => generated 0 bytes in 231 msecs (HTTP/1.1 204) 2 headers in 112 bytes (1 switches on core 0) [pid: 7|app: 0|req: 950/2015] 10.0.0.116 () {34 vars in 751 bytes} [Wed Apr 15 06:08:37 2026] PUT /v2.0/subnets/07114d7c-7968-4245-a756-6283e2e70fe8/tags => generated 37 bytes in 59 msecs (HTTP/1.1 200) 4 headers in 156 bytes (1 switches on core 0) [pid: 7|app: 0|req: 951/2016] 10.0.0.116 () {32 vars in 649 bytes} [Wed Apr 15 06:08:37 2026] GET /v2.0/networks => generated 1374 bytes in 223 msecs (HTTP/1.1 200) 4 headers in 158 bytes (1 switches on core 0)
2026-04-15 06:08:37.966 8 INFO neutron.db.ovn_revision_numbers_db [None req-a4ae5caf-0b9c-4618-a7f2-942ba3348cce - - - - - -] Successfully bumped revision number for resource ef168d0d-74ac-49b2-93e2-8eb1d15a93ba (type: ports) to 4 [pid: 7|app: 0|req: 952/2017] 10.0.0.116 () {32 vars in 731 bytes} [Wed Apr 15 06:08:37 2026] GET /v2.0/subnets/07114d7c-7968-4245-a756-6283e2e70fe8/tags => generated 37 bytes in 62 msecs (HTTP/1.1 200) 4 headers in 156 bytes (1 switches on core 0)
2026-04-15 06:08:38.123 7 INFO neutron.db.ovn_revision_numbers_db [None req-7371bcbe-0c4b-4a19-96a6-2e28752a862d 5e3dad3ef88a4916997652ea7c19eb97 520ca9176e624f3186c1369b5fff8f56 - - default default] Successfully bumped revision number for resource 968bafd9-65a1-4539-847d-f9883eb59d34 (type: security_groups) to 1
2026-04-15 06:08:38.142 7 INFO neutron.db.ovn_revision_numbers_db [None req-7371bcbe-0c4b-4a19-96a6-2e28752a862d 5e3dad3ef88a4916997652ea7c19eb97 520ca9176e624f3186c1369b5fff8f56 - - default default] Successfully bumped revision number for resource 3a0d9011-1b53-43ca-be43-6b80d14c571b (type: security_group_rules) to 0
2026-04-15 06:08:38.155 7 INFO neutron.db.ovn_revision_numbers_db [None req-7371bcbe-0c4b-4a19-96a6-2e28752a862d 5e3dad3ef88a4916997652ea7c19eb97 520ca9176e624f3186c1369b5fff8f56 - - default default] Successfully bumped revision number for resource 6c71e42e-6d3a-47d5-b633-d8b7410f5de2 (type: security_group_rules) to 0
2026-04-15 06:08:38.168 7 INFO neutron.db.ovn_revision_numbers_db [None req-7371bcbe-0c4b-4a19-96a6-2e28752a862d 5e3dad3ef88a4916997652ea7c19eb97 520ca9176e624f3186c1369b5fff8f56 - - default default] Successfully bumped revision number for resource 70274af9-ca3a-4f7b-b76d-bf2ff831ce15 (type: security_group_rules) to 0
2026-04-15 06:08:38.184 7 INFO neutron.db.ovn_revision_numbers_db [None req-7371bcbe-0c4b-4a19-96a6-2e28752a862d 5e3dad3ef88a4916997652ea7c19eb97 520ca9176e624f3186c1369b5fff8f56 - - default default] Successfully bumped revision number for resource ea588a66-3f75-4323-8da3-773cbe90f205 (type: security_group_rules) to 0 [pid: 7|app: 0|req: 953/2018] 10.0.0.116 () {32 vars in 774 bytes} [Wed Apr 15 06:08:37 2026] GET /v2.0/security-groups?tenant_id=1d3d2ac0c6b44c95b9be817d334a16a2&name=default => generated 2925 bytes in 248 msecs (HTTP/1.1 200) 4 headers in 158 bytes (1 switches on core 0) [pid: 7|app: 0|req: 954/2019] 10.0.0.116 () {32 vars in 739 bytes} [Wed Apr 15 06:08:38 2026] GET /v2.0/subnets/07114d7c-7968-4245-a756-6283e2e70fe8/tags/red => generated 0 bytes in 40 msecs (HTTP/1.1 204) 2 headers in 112 bytes (1 switches on core 0)
