Apr 03 02:59:21.063952 np0000163373 devstack@neutron-api.service[102443]: DEBUG ovsdbapp.backend.ovs_idl.event [None req-14dcd9e7-93b2-4b52-9a10-41fb95cc0c6c None None] Matched CREATE: LogicalSwitchPortCreateEvent(events=('create',), table='Logical_Switch_Port', conditions=[], old_conditions=None), priority=20 to row=Logical_Switch_Port(uuid=681b7e81-9554-45e7-90ee-8767e276547f, addresses=['fa:16:3e:f9:bb:d4 10.2.5.204', 'unknown'], dhcpv4_options=7acdf2e0-1c0c-4d47-ab4b-53b841b4ee72, dhcpv6_options=[], dynamic_addresses=[], enabled=True, external_ids={'neutron:cidrs': '10.2.5.204/24', 'neutron:device_id': 'manila-admin-share', 'neutron:device_owner': 'manila:share', 'neutron:mtu': '', 'neutron:network_name': 'neutron-1fd513a2-3555-46bc-b638-5db6a4a83bc3', 'neutron:port_capabilities': '', 'neutron:port_name': '', 'neutron:project_id': 'c48ed3c8b3e14be899061d3380403830', 'neutron:revision_number': '1', 'neutron:security_group_ids': '', 'neutron:subnet_pool_addr_scope4': '', 'neutron:subnet_pool_addr_scope6': '', 'neutron:vnic_type': 'normal'}, ha_chassis_group=[], mirror_rules=[], name='c34a0aa6-54cb-4284-87f6-8f97910788bd', options={'requested-chassis': 'np0000163373'}, parent_name=[], port_security=[], tag=[], tag_request=[], type='', up=[]) old= {{(pid=102443) matches /opt/stack/data/venv/lib/python3.12/site-packages/ovsdbapp/backend/ovs_idl/event.py:55}}
Apr 03 02:59:21.064759 np0000163373 devstack@neutron-api.service[102443]: INFO neutron.plugins.ml2.drivers.ovn.mech_driver.mech_driver [None req-de858e16-73a4-4387-8241-fe67f231272d None None] OVN reports status down for port: c34a0aa6-54cb-4284-87f6-8f97910788bd
Apr 03 02:59:21.066764 np0000163373 devstack@neutron-api.service[102444]: DEBUG neutron.plugins.ml2.drivers.ovn.mech_driver.ovsdb.ovsdb_monitor [None req-d289364b-1255-4d60-957e-b2d45a438782 None None] Hash Ring: Node b6cf306cec7a525ca424aace4daf48ea (host: np0000163373) handling event "update" for row 1fd513a2-3555-46bc-b638-5db6a4a83bc3 (table: Logical_Switch) {{(pid=102444) notify /opt/stack/neutron/neutron/plugins/ml2/drivers/ovn/mech_driver/ovsdb/ovsdb_monitor.py:912}}
Apr 03 02:59:21.067798 np0000163373 devstack@neutron-api.service[102443]: DEBUG neutron.plugins.ml2.drivers.ovn.mech_driver.ovsdb.ovsdb_monitor [None req-14dcd9e7-93b2-4b52-9a10-41fb95cc0c6c None None] Hash Ring: Node c02e6dd1de5f5aefa7e60f4624fe20ac (host: np0000163373) handling event "update" for row 681b7e81-9554-45e7-90ee-8767e276547f (table: Logical_Switch_Port) {{(pid=102443) notify /opt/stack/neutron/neutron/plugins/ml2/drivers/ovn/mech_driver/ovsdb/ovsdb_monitor.py:912}}
Apr 03 02:59:21.070266 np0000163373 devstack@neutron-api.service[102444]: DEBUG neutron.plugins.ml2.drivers.ovn.mech_driver.ovsdb.ovsdb_monitor [None req-a2480dda-6fd0-4141-b6d5-c2b39e31b031 None None] Hash Ring: Node b6cf306cec7a525ca424aace4daf48ea (host: np0000163373) handling event "create" for row b14d55ad-53c2-4672-b088-bd9144c3010f (table: Port_Binding) {{(pid=102444) notify /opt/stack/neutron/neutron/plugins/ml2/drivers/ovn/mech_driver/ovsdb/ovsdb_monitor.py:912}}
Apr 03 02:59:21.128799 np0000163373 devstack@neutron-api.service[102443]: DEBUG neutron.db.provisioning_blocks [None req-de858e16-73a4-4387-8241-fe67f231272d None None] Ignored duplicate provisioning block setup for port c34a0aa6-54cb-4284-87f6-8f97910788bd by entity L2. {{(pid=102443) add_provisioning_component /opt/stack/neutron/neutron/db/provisioning_blocks.py:69}}
Apr 03 02:59:21.133291 np0000163373 devstack@neutron-api.service[102443]: INFO neutron.db.ovn_revision_numbers_db [None req-91854306-a5c0-4435-8ce6-dbbb297923ee service neutron] Successfully bumped revision number for resource c34a0aa6-54cb-4284-87f6-8f97910788bd (type: ports) to 1
Apr 03 02:59:21.162694 np0000163373 devstack@neutron-api.service[102443]: DEBUG neutron.plugins.ml2.plugin [None req-de858e16-73a4-4387-8241-fe67f231272d None None] Current status of the port c34a0aa6-54cb-4284-87f6-8f97910788bd is: DOWN; New status is: DOWN {{(pid=102443) _update_individual_port_db_status /opt/stack/neutron/neutron/plugins/ml2/plugin.py:2468}}
Apr 03 02:59:21.166380 np0000163373 devstack@neutron-api.service[102443]: DEBUG ovsdbapp.backend.ovs_idl.transaction [None req-14dcd9e7-93b2-4b52-9a10-41fb95cc0c6c None None] Running txn n=1 command(idx=0): DbRemoveCommand(_result=None, table=Logical_Switch_Port, record=c34a0aa6-54cb-4284-87f6-8f97910788bd, column=external_ids, values=('neutron:host_id',), keyvalues={}, if_exists=True) {{(pid=102443) do_commit /opt/stack/data/venv/lib/python3.12/site-packages/ovsdbapp/backend/ovs_idl/transaction.py:89}}
Apr 03 02:59:21.171357 np0000163373 devstack@neutron-api.service[102443]: DEBUG neutron.plugins.ml2.managers [None req-91854306-a5c0-4435-8ce6-dbbb297923ee service neutron] Attempting to bind port c34a0aa6-54cb-4284-87f6-8f97910788bd on host np0000163373 for vnic_type normal with profile {{(pid=102443) bind_port /opt/stack/neutron/neutron/plugins/ml2/managers.py:814}}
Apr 03 02:59:21.171550 np0000163373 devstack@neutron-api.service[102443]: DEBUG neutron.plugins.ml2.managers [None req-91854306-a5c0-4435-8ce6-dbbb297923ee service neutron] Attempting to bind port c34a0aa6-54cb-4284-87f6-8f97910788bd by drivers ovn on host np0000163373 at level 0 using segments [{'id': 'ad7dc990-5ba8-46cf-9dcb-59288677964a', 'network_type': 'geneve', 'physical_network': None, 'segmentation_id': 33046, 'network_id': '1fd513a2-3555-46bc-b638-5db6a4a83bc3'}] {{(pid=102443) _bind_port_level /opt/stack/neutron/neutron/plugins/ml2/managers.py:839}}
Apr 03 02:59:21.173156 np0000163373 devstack@neutron-api.service[102443]: DEBUG neutron.plugins.ml2.drivers.ovn.mech_driver.mech_driver [None req-91854306-a5c0-4435-8ce6-dbbb297923ee service neutron] Attempting to bind port c34a0aa6-54cb-4284-87f6-8f97910788bd on host np0000163373 for network segment with type geneve, segmentation ID 33046, physical network None {{(pid=102443) bind_port /opt/stack/neutron/neutron/plugins/ml2/drivers/ovn/mech_driver/mech_driver.py:1194}}
Apr 03 02:59:21.173877 np0000163373 devstack@neutron-api.service[102443]: DEBUG neutron.plugins.ml2.managers [None req-91854306-a5c0-4435-8ce6-dbbb297923ee service neutron] Bound port: c34a0aa6-54cb-4284-87f6-8f97910788bd, host: np0000163373, vif_type: ovs, vif_details: {"port_filter": true, "connectivity": "l2", "ovs_create_tap": false, "bridge_name": "br-int", "datapath_type": "system"}, binding_levels: [{'bound_driver': 'ovn', 'bound_segment': {'id': 'ad7dc990-5ba8-46cf-9dcb-59288677964a', 'network_type': 'geneve', 'physical_network': None, 'segmentation_id': 33046, 'network_id': '1fd513a2-3555-46bc-b638-5db6a4a83bc3'}}] {{(pid=102443) _bind_port_level /opt/stack/neutron/neutron/plugins/ml2/managers.py:950}}
Apr 03 02:59:21.174103 np0000163373 devstack@neutron-api.service[102443]: DEBUG neutron_lib.callbacks.manager [None req-91854306-a5c0-4435-8ce6-dbbb297923ee service neutron] Publish callbacks ['neutron.plugins.ml2.plugin.SecurityGroupDbMixin._ensure_default_security_group_handler-24562', 'neutron.services.ovn_l3.plugin.OVNL3RouterPlugin._port_update-8127811444706', 'neutron.db.l3_db.L3_NAT_dbonly_mixin._prevent_internal_ip_change_for_fip-8127813323446'] for port (c34a0aa6-54cb-4284-87f6-8f97910788bd), before_update {{(pid=102443) _notify_loop /opt/stack/data/venv/lib/python3.12/site-packages/neutron_lib/callbacks/manager.py:184}}
Apr 03 02:59:21.218773 np0000163373 devstack@neutron-api.service[102443]: DEBUG neutron.plugins.ml2.db [None req-91854306-a5c0-4435-8ce6-dbbb297923ee service neutron] For port c34a0aa6-54cb-4284-87f6-8f97910788bd, host np0000163373, cleared binding levels {{(pid=102443) clear_binding_levels /opt/stack/neutron/neutron/plugins/ml2/db.py:87}}
Apr 03 02:59:21.222500 np0000163373 devstack@neutron-api.service[102443]: DEBUG neutron.plugins.ml2.db [None req-91854306-a5c0-4435-8ce6-dbbb297923ee service neutron] For port c34a0aa6-54cb-4284-87f6-8f97910788bd, host np0000163373, set binding levels [PortBindingLevel(driver='ovn',host='np0000163373',level=0,port_id=c34a0aa6-54cb-4284-87f6-8f97910788bd,segment=NetworkSegment(ad7dc990-5ba8-46cf-9dcb-59288677964a),segment_id=ad7dc990-5ba8-46cf-9dcb-59288677964a)] {{(pid=102443) set_binding_levels /opt/stack/neutron/neutron/plugins/ml2/db.py:59}}
Apr 03 02:59:21.223978 np0000163373 devstack@neutron-api.service[102443]: DEBUG neutron.plugins.ml2.drivers.ovn.mech_driver.mech_driver [None req-91854306-a5c0-4435-8ce6-dbbb297923ee service neutron] No provisioning block for port c34a0aa6-54cb-4284-87f6-8f97910788bd since host unchanged {{(pid=102443) _is_port_provisioning_required /opt/stack/neutron/neutron/plugins/ml2/drivers/ovn/mech_driver/mech_driver.py:889}}
Apr 03 02:59:21.230589 np0000163373 devstack@neutron-api.service[102443]: DEBUG neutron_lib.callbacks.manager [None req-91854306-a5c0-4435-8ce6-dbbb297923ee service neutron] Publish callbacks ['neutron.plugins.ml2.ovo_rpc._ObjectChangeHandler.handle_event-4055773', 'neutron.db.l3_db.L3RpcNotifierMixin._notify_gateway_port_ip_changed-8127813198588', 'neutron.services.ovn_l3.plugin.OVNL3RouterPlugin._port_update-8127811444706'] for port (c34a0aa6-54cb-4284-87f6-8f97910788bd), after_update {{(pid=102443) _notify_loop /opt/stack/data/venv/lib/python3.12/site-packages/neutron_lib/callbacks/manager.py:184}}
Apr 03 02:59:21.263309 np0000163373 devstack@neutron-api.service[102443]: DEBUG neutron.api.rpc.handlers.resources_rpc [None req-91854306-a5c0-4435-8ce6-dbbb297923ee service neutron] Pushing event updated for resources: {'Port': ['ID=c34a0aa6-54cb-4284-87f6-8f97910788bd,revision_number=3']} {{(pid=102443) push /opt/stack/neutron/neutron/api/rpc/handlers/resources_rpc.py:237}}
Apr 03 02:59:21.291267 np0000163373 devstack@neutron-api.service[102443]: DEBUG ovsdbapp.backend.ovs_idl.transaction [None req-14dcd9e7-93b2-4b52-9a10-41fb95cc0c6c None None] Running txn n=1 command(idx=0): CheckRevisionNumberCommand(_result=None, name=c34a0aa6-54cb-4284-87f6-8f97910788bd, resource={'id': 'c34a0aa6-54cb-4284-87f6-8f97910788bd', 'name': '', 'network_id': '1fd513a2-3555-46bc-b638-5db6a4a83bc3', 'project_id': 'c48ed3c8b3e14be899061d3380403830', 'mac_address': 'fa:16:3e:f9:bb:d4', 'admin_state_up': True, 'status': 'DOWN', 'device_id': 'manila-admin-share', 'device_owner': 'manila:share', 'standard_attr_id': 46, 'fixed_ips': [{'subnet_id': '5429ce92-5408-4d28-bf8b-056589b384ef', 'ip_address': '10.2.5.204'}], 'allowed_address_pairs': [], 'extra_dhcp_opts': [], 'security_groups': [], 'description': '', 'binding:vnic_type': 'normal', 'binding:profile': {}, 'binding:host_id': 'np0000163373', 'binding:vif_type': 'ovs', 'binding:vif_details': {'port_filter': True, 'connectivity': 'l2', 'ovs_create_tap': False, 'bridge_name': 'br-int', 'datapath_type': 'system', 'bound_drivers': {'0': 'ovn'}}, 'port_security_enabled': False, 'tags': [], 'created_at': '2026-04-03T02:59:20Z', 'updated_at': '2026-04-03T02:59:21Z', 'revision_number': 3, 'tenant_id': 'c48ed3c8b3e14be899061d3380403830', 'network': {'id': '1fd513a2-3555-46bc-b638-5db6a4a83bc3', 'name': 'admin_net', 'tenant_id': 'c48ed3c8b3e14be899061d3380403830', 'project_id': 'c48ed3c8b3e14be899061d3380403830', 'admin_state_up': True, 'mtu': 1372, 'status': 'ACTIVE', 'subnets': ['5429ce92-5408-4d28-bf8b-056589b384ef'], 'standard_attr_id': 42, 'shared': False, 'availability_zone_hints': [], 'availability_zones': [], 'ipv4_address_scope': None, 'ipv6_address_scope': None, 'router:external': False, 'qinq': False, 'vlan_transparent': False, 'description': '', 'port_security_enabled': True, 'tags': [], 'created_at': '2026-04-03T02:59:13Z', 'updated_at': '2026-04-03T02:59:14Z', 'revision_number': 2, 'provider:network_type': 'geneve', 'provider:physical_network': None, 'provider:segmentation_id': 33046}}, resource_type=ports, if_exists=True) {{(pid=102443) do_commit /opt/stack/data/venv/lib/python3.12/site-packages/ovsdbapp/backend/ovs_idl/transaction.py:89}}
Apr 03 02:59:21.292016 np0000163373 devstack@neutron-api.service[102443]: DEBUG ovsdbapp.backend.ovs_idl.transaction [None req-14dcd9e7-93b2-4b52-9a10-41fb95cc0c6c None None] Running txn n=1 command(idx=1): SetLSwitchPortCommand(_result=None, lport=c34a0aa6-54cb-4284-87f6-8f97910788bd, external_ids_update=None, columns={'external_ids': {'neutron:port_name': '', 'neutron:device_id': 'manila-admin-share', 'neutron:project_id': 'c48ed3c8b3e14be899061d3380403830', 'neutron:cidrs': '10.2.5.204/24', 'neutron:device_owner': 'manila:share', 'neutron:subnet_pool_addr_scope4': '', 'neutron:subnet_pool_addr_scope6': '', 'neutron:network_name': 'neutron-1fd513a2-3555-46bc-b638-5db6a4a83bc3', 'neutron:security_group_ids': '', 'neutron:revision_number': '3', 'neutron:vnic_type': 'normal', 'neutron:port_capabilities': '', 'neutron:mtu': ''}, 'parent_name': [], 'tag': [], 'options': {'requested-chassis': 'np0000163373'}, 'enabled': True, 'port_security': [], 'dhcpv4_options': [UUID('7acdf2e0-1c0c-4d47-ab4b-53b841b4ee72')], 'dhcpv6_options': [], 'type': '', 'addresses': ['fa:16:3e:f9:bb:d4 10.2.5.204', 'unknown'], 'ha_chassis_group': []}, if_exists=False) {{(pid=102443) do_commit /opt/stack/data/venv/lib/python3.12/site-packages/ovsdbapp/backend/ovs_idl/transaction.py:89}}
Apr 03 02:59:21.293847 np0000163373 devstack@neutron-api.service[102443]: DEBUG ovsdbapp.backend.ovs_idl.transaction [None req-14dcd9e7-93b2-4b52-9a10-41fb95cc0c6c None None] Running txn n=1 command(idx=2): PgDelPortCommand(_result=None, port_group=neutron_pg_drop, lsp=['c34a0aa6-54cb-4284-87f6-8f97910788bd'], if_exists=False) {{(pid=102443) do_commit /opt/stack/data/venv/lib/python3.12/site-packages/ovsdbapp/backend/ovs_idl/transaction.py:89}}
Apr 03 02:59:21.298393 np0000163373 devstack@neutron-api.service[102443]: DEBUG neutron.plugins.ml2.drivers.ovn.mech_driver.ovsdb.ovsdb_monitor [None req-14dcd9e7-93b2-4b52-9a10-41fb95cc0c6c None None] Hash Ring: Node c02e6dd1de5f5aefa7e60f4624fe20ac (host: np0000163373) handling event "update" for row 681b7e81-9554-45e7-90ee-8767e276547f (table: Logical_Switch_Port) {{(pid=102443) notify /opt/stack/neutron/neutron/plugins/ml2/drivers/ovn/mech_driver/ovsdb/ovsdb_monitor.py:912}}
Apr 03 02:59:21.302426 np0000163373 devstack@neutron-api.service[102444]: DEBUG neutron.plugins.ml2.drivers.ovn.mech_driver.ovsdb.ovsdb_monitor [None req-a2480dda-6fd0-4141-b6d5-c2b39e31b031 None None] Hash Ring: Node b6cf306cec7a525ca424aace4daf48ea (host: np0000163373) handling event "update" for row b14d55ad-53c2-4672-b088-bd9144c3010f (table: Port_Binding) {{(pid=102444) notify /opt/stack/neutron/neutron/plugins/ml2/drivers/ovn/mech_driver/ovsdb/ovsdb_monitor.py:912}}
Apr 03 02:59:21.340726 np0000163373 devstack@neutron-api.service[102443]: INFO neutron.db.ovn_revision_numbers_db [None req-91854306-a5c0-4435-8ce6-dbbb297923ee service neutron] Successfully bumped revision number for resource c34a0aa6-54cb-4284-87f6-8f97910788bd (type: ports) to 3
Apr 03 02:59:21.354224 np0000163373 devstack@neutron-api.service[102443]: DEBUG neutron.pecan_wsgi.hooks.policy_enforcement [None req-91854306-a5c0-4435-8ce6-dbbb297923ee service neutron] Attributes excluded by policy engine: ['standard_attr_id'] {{(pid=102443) _exclude_attributes_by_policy /opt/stack/neutron/neutron/pecan_wsgi/hooks/policy_enforcement.py:258}}
Apr 03 02:59:21.354609 np0000163373 devstack@neutron-api.service[102443]: DEBUG neutron_lib.callbacks.manager [None req-91854306-a5c0-4435-8ce6-dbbb297923ee service neutron] Publish callbacks ['neutron.notifiers.nova.Notifier._send_nova_notification-135114'] for port (None), before_response {{(pid=102443) _notify_loop /opt/stack/data/venv/lib/python3.12/site-packages/neutron_lib/callbacks/manager.py:184}}
Apr 03 02:59:21.366364 np0000163373 devstack@neutron-api.service[102443]: [pid: 102443|app: 0|req: 26/104] 199.204.45.223 () {68 vars in 1304 bytes} [Fri Apr 3 02:59:20 2026] POST /networking/v2.0/ports => generated 927 bytes in 534 msecs (HTTP/1.1 201) 4 headers in 162 bytes (1 switches on core 0)
Apr 03 02:59:21.779416 np0000163373 devstack@neutron-api.service[102444]: DEBUG neutron.plugins.ml2.drivers.ovn.mech_driver.ovsdb.ovsdb_monitor [None req-a2480dda-6fd0-4141-b6d5-c2b39e31b031 None None] Hash Ring: Node b6cf306cec7a525ca424aace4daf48ea (host: np0000163373) handling event "update" for row b14d55ad-53c2-4672-b088-bd9144c3010f (table: Port_Binding) {{(pid=102444) notify /opt/stack/neutron/neutron/plugins/ml2/drivers/ovn/mech_driver/ovsdb/ovsdb_monitor.py:912}}
Apr 03 02:59:21.827123 np0000163373 devstack@neutron-api.service[102444]: DEBUG neutron.plugins.ml2.drivers.ovn.mech_driver.ovsdb.ovsdb_monitor [None req-a2480dda-6fd0-4141-b6d5-c2b39e31b031 None None] Hash Ring: Node b6cf306cec7a525ca424aace4daf48ea (host: np0000163373) handling event "update" for row b14d55ad-53c2-4672-b088-bd9144c3010f (table: Port_Binding) {{(pid=102444) notify /opt/stack/neutron/neutron/plugins/ml2/drivers/ovn/mech_driver/ovsdb/ovsdb_monitor.py:912}}
Apr 03 02:59:21.834966 np0000163373 devstack@neutron-api.service[102443]: DEBUG neutron.plugins.ml2.drivers.ovn.mech_driver.ovsdb.ovsdb_monitor [None req-14dcd9e7-93b2-4b52-9a10-41fb95cc0c6c None None] Hash Ring: Node c02e6dd1de5f5aefa7e60f4624fe20ac (host: np0000163373) handling event "update" for row 681b7e81-9554-45e7-90ee-8767e276547f (table: Logical_Switch_Port) {{(pid=102443) notify /opt/stack/neutron/neutron/plugins/ml2/drivers/ovn/mech_driver/ovsdb/ovsdb_monitor.py:912}}
Apr 03 02:59:21.836863 np0000163373 devstack@neutron-api.service[102443]: DEBUG ovsdbapp.backend.ovs_idl.event [None req-14dcd9e7-93b2-4b52-9a10-41fb95cc0c6c None None] Matched UPDATE: LogicalSwitchPortUpdateUpEvent(events=('update',), table='Logical_Switch_Port', conditions=None, old_conditions=None), priority=20 to row=Logical_Switch_Port(uuid=681b7e81-9554-45e7-90ee-8767e276547f, addresses=['fa:16:3e:f9:bb:d4 10.2.5.204', 'unknown'], dhcpv4_options=7acdf2e0-1c0c-4d47-ab4b-53b841b4ee72, dhcpv6_options=[], dynamic_addresses=[], enabled=True, external_ids={'neutron:cidrs': '10.2.5.204/24', 'neutron:device_id': 'manila-admin-share', 'neutron:device_owner': 'manila:share', 'neutron:mtu': '', 'neutron:network_name': 'neutron-1fd513a2-3555-46bc-b638-5db6a4a83bc3', 'neutron:port_capabilities': '', 'neutron:port_name': '', 'neutron:project_id': 'c48ed3c8b3e14be899061d3380403830', 'neutron:revision_number': '3', 'neutron:security_group_ids': '', 'neutron:subnet_pool_addr_scope4': '', 'neutron:subnet_pool_addr_scope6': '', 'neutron:vnic_type': 'normal'}, ha_chassis_group=[], mirror_rules=[], name='c34a0aa6-54cb-4284-87f6-8f97910788bd', options={'requested-chassis': 'np0000163373'}, parent_name=[], port_security=[], tag=[], tag_request=[], type='', up=True) old=Logical_Switch_Port(uuid=681b7e81-9554-45e7-90ee-8767e276547f, up=False) {{(pid=102443) matches /opt/stack/data/venv/lib/python3.12/site-packages/ovsdbapp/backend/ovs_idl/event.py:55}}
Apr 03 02:59:21.838285 np0000163373 devstack@neutron-api.service[102443]: INFO neutron.plugins.ml2.drivers.ovn.mech_driver.mech_driver [None req-de858e16-73a4-4387-8241-fe67f231272d None None] OVN reports status up for port: c34a0aa6-54cb-4284-87f6-8f97910788bd
Apr 03 02:59:21.848662 np0000163373 devstack@neutron-api.service[102443]: DEBUG neutron.db.provisioning_blocks [None req-de858e16-73a4-4387-8241-fe67f231272d None None] Provisioning for port c34a0aa6-54cb-4284-87f6-8f97910788bd completed by entity L2. {{(pid=102443) provisioning_complete /opt/stack/neutron/neutron/db/provisioning_blocks.py:133}}
Apr 03 02:59:21.857433 np0000163373 devstack@neutron-api.service[102443]: DEBUG neutron.db.provisioning_blocks [None req-de858e16-73a4-4387-8241-fe67f231272d None None] Provisioning complete for port c34a0aa6-54cb-4284-87f6-8f97910788bd triggered by entity L2. {{(pid=102443) provisioning_complete /opt/stack/neutron/neutron/db/provisioning_blocks.py:141}}
Apr 03 02:59:21.857603 np0000163373 devstack@neutron-api.service[102443]: DEBUG neutron_lib.callbacks.manager [None req-de858e16-73a4-4387-8241-fe67f231272d None None] Publish callbacks ['neutron.plugins.ml2.plugin.Ml2Plugin._port_provisioned-243558'] for port (c34a0aa6-54cb-4284-87f6-8f97910788bd), provisioning_complete {{(pid=102443) _notify_loop /opt/stack/data/venv/lib/python3.12/site-packages/neutron_lib/callbacks/manager.py:184}}
Apr 03 02:59:21.857797 np0000163373 devstack@neutron-api.service[102443]: INFO neutron.plugins.ml2.plugin [None req-de858e16-73a4-4387-8241-fe67f231272d None None] Attempt 1 to provision port c34a0aa6-54cb-4284-87f6-8f97910788bd
Apr 03 02:59:21.905957 np0000163373 devstack@neutron-api.service[102443]: DEBUG neutron.plugins.ml2.plugin [None req-de858e16-73a4-4387-8241-fe67f231272d None None] Current status of the port c34a0aa6-54cb-4284-87f6-8f97910788bd is: DOWN; New status is: ACTIVE {{(pid=102443) _update_individual_port_db_status /opt/stack/neutron/neutron/plugins/ml2/plugin.py:2468}}
Apr 03 02:59:21.906091 np0000163373 devstack@neutron-api.service[102443]: DEBUG neutron_lib.callbacks.manager [None req-de858e16-73a4-4387-8241-fe67f231272d None None] Publish callbacks ['neutron.plugins.ml2.plugin.SecurityGroupDbMixin._ensure_default_security_group_handler-24562', 'neutron.services.ovn_l3.plugin.OVNL3RouterPlugin._port_update-8127811444706', 'neutron.db.l3_db.L3_NAT_dbonly_mixin._prevent_internal_ip_change_for_fip-8127813323446'] for port (c34a0aa6-54cb-4284-87f6-8f97910788bd), before_update {{(pid=102443) _notify_loop /opt/stack/data/venv/lib/python3.12/site-packages/neutron_lib/callbacks/manager.py:184}}
Apr 03 02:59:21.928759 np0000163373 devstack@neutron-api.service[102443]: DEBUG neutron.plugins.ml2.db [None req-de858e16-73a4-4387-8241-fe67f231272d None None] For port c34a0aa6-54cb-4284-87f6-8f97910788bd, host np0000163373, got binding levels [PortBindingLevel(driver='ovn',host='np0000163373',level=0,port_id=c34a0aa6-54cb-4284-87f6-8f97910788bd,segment=NetworkSegment(ad7dc990-5ba8-46cf-9dcb-59288677964a),segment_id=ad7dc990-5ba8-46cf-9dcb-59288677964a)] {{(pid=102443) get_binding_level_objs /opt/stack/neutron/neutron/plugins/ml2/db.py:74}}
Apr 03 02:59:21.929163 np0000163373 devstack@neutron-api.service[102443]: DEBUG neutron.plugins.ml2.drivers.ovn.mech_driver.mech_driver [None req-de858e16-73a4-4387-8241-fe67f231272d None None] No provisioning block for port c34a0aa6-54cb-4284-87f6-8f97910788bd since it is active {{(pid=102443) _is_port_provisioning_required /opt/stack/neutron/neutron/plugins/ml2/drivers/ovn/mech_driver/mech_driver.py:879}}
Apr 03 02:59:21.993693 np0000163373 devstack@neutron-api.service[102443]: DEBUG ovsdbapp.backend.ovs_idl.transaction [None req-14dcd9e7-93b2-4b52-9a10-41fb95cc0c6c None None] Running txn n=1 command(idx=0): CheckRevisionNumberCommand(_result=None, name=c34a0aa6-54cb-4284-87f6-8f97910788bd, resource={'id': 'c34a0aa6-54cb-4284-87f6-8f97910788bd', 'name': '', 'network_id': '1fd513a2-3555-46bc-b638-5db6a4a83bc3', 'project_id': 'c48ed3c8b3e14be899061d3380403830', 'mac_address': 'fa:16:3e:f9:bb:d4', 'admin_state_up': True, 'status': 'ACTIVE', 'device_id': 'manila-admin-share', 'device_owner': 'manila:share', 'standard_attr_id': 46, 'fixed_ips': [{'subnet_id': '5429ce92-5408-4d28-bf8b-056589b384ef', 'ip_address': '10.2.5.204'}], 'allowed_address_pairs': [], 'extra_dhcp_opts': [], 'security_groups': [], 'description': '', 'binding:vnic_type': 'normal', 'binding:profile': {}, 'binding:host_id': 'np0000163373', 'binding:vif_type': 'ovs', 'binding:vif_details': {'port_filter': True, 'connectivity': 'l2', 'ovs_create_tap': False, 'bridge_name': 'br-int', 'datapath_type': 'system', 'bound_drivers': {'0': 'ovn'}}, 'port_security_enabled': False, 'tags': [], 'created_at': '2026-04-03T02:59:20Z', 'updated_at': '2026-04-03T02:59:21Z', 'revision_number': 4, 'tenant_id': 'c48ed3c8b3e14be899061d3380403830', 'network': {'id': '1fd513a2-3555-46bc-b638-5db6a4a83bc3', 'name': 'admin_net', 'tenant_id': 'c48ed3c8b3e14be899061d3380403830', 'project_id': 'c48ed3c8b3e14be899061d3380403830', 'admin_state_up': True, 'mtu': 1372, 'status': 'ACTIVE', 'subnets': ['5429ce92-5408-4d28-bf8b-056589b384ef'], 'standard_attr_id': 42, 'shared': False, 'availability_zone_hints': [], 'availability_zones': [], 'ipv4_address_scope': None, 'ipv6_address_scope': None, 'router:external': False, 'qinq': False, 'vlan_transparent': False, 'description': '', 'port_security_enabled': True, 'tags': [], 'created_at': '2026-04-03T02:59:13Z', 'updated_at': '2026-04-03T02:59:14Z', 'revision_number': 2, 'provider:network_type': 'geneve', 'provider:physical_network': None, 'provider:segmentation_id': 33046}}, resource_type=ports, if_exists=True) {{(pid=102443) do_commit /opt/stack/data/venv/lib/python3.12/site-packages/ovsdbapp/backend/ovs_idl/transaction.py:89}}
Apr 03 02:59:21.994524 np0000163373 devstack@neutron-api.service[102443]: DEBUG ovsdbapp.backend.ovs_idl.transaction [None req-14dcd9e7-93b2-4b52-9a10-41fb95cc0c6c None None] Running txn n=1 command(idx=1): SetLSwitchPortCommand(_result=None, lport=c34a0aa6-54cb-4284-87f6-8f97910788bd, external_ids_update=None, columns={'external_ids': {'neutron:port_name': '', 'neutron:device_id': 'manila-admin-share', 'neutron:project_id': 'c48ed3c8b3e14be899061d3380403830', 'neutron:cidrs': '10.2.5.204/24', 'neutron:device_owner': 'manila:share', 'neutron:subnet_pool_addr_scope4': '', 'neutron:subnet_pool_addr_scope6': '', 'neutron:network_name': 'neutron-1fd513a2-3555-46bc-b638-5db6a4a83bc3', 'neutron:security_group_ids': '', 'neutron:revision_number': '4', 'neutron:vnic_type': 'normal', 'neutron:port_capabilities': '', 'neutron:mtu': ''}, 'parent_name': [], 'tag': [], 'options': {'requested-chassis': 'np0000163373'}, 'enabled': True, 'port_security': [], 'dhcpv4_options': [UUID('7acdf2e0-1c0c-4d47-ab4b-53b841b4ee72')], 'dhcpv6_options': [], 'type': '', 'addresses': ['fa:16:3e:f9:bb:d4 10.2.5.204', 'unknown'], 'ha_chassis_group': []}, if_exists=False) {{(pid=102443) do_commit /opt/stack/data/venv/lib/python3.12/site-packages/ovsdbapp/backend/ovs_idl/transaction.py:89}}
Apr 03 02:59:21.997169 np0000163373 devstack@neutron-api.service[102443]: DEBUG ovsdbapp.backend.ovs_idl.transaction [None req-14dcd9e7-93b2-4b52-9a10-41fb95cc0c6c None None] Running txn n=1 command(idx=2): PgDelPortCommand(_result=None, port_group=neutron_pg_drop, lsp=['c34a0aa6-54cb-4284-87f6-8f97910788bd'], if_exists=False) {{(pid=102443) do_commit /opt/stack/data/venv/lib/python3.12/site-packages/ovsdbapp/backend/ovs_idl/transaction.py:89}}
Apr 03 02:59:22.000193 np0000163373 devstack@neutron-api.service[102443]: DEBUG neutron.plugins.ml2.drivers.ovn.mech_driver.ovsdb.ovsdb_monitor [None req-14dcd9e7-93b2-4b52-9a10-41fb95cc0c6c None None] Hash Ring: Node c02e6dd1de5f5aefa7e60f4624fe20ac (host: np0000163373) handling event "update" for row 681b7e81-9554-45e7-90ee-8767e276547f (table: Logical_Switch_Port) {{(pid=102443) notify /opt/stack/neutron/neutron/plugins/ml2/drivers/ovn/mech_driver/ovsdb/ovsdb_monitor.py:912}}
Apr 03 02:59:22.007684 np0000163373 devstack@neutron-api.service[102444]: DEBUG neutron.plugins.ml2.drivers.ovn.mech_driver.ovsdb.ovsdb_monitor [None req-a2480dda-6fd0-4141-b6d5-c2b39e31b031 None None] Hash Ring: Node b6cf306cec7a525ca424aace4daf48ea (host: np0000163373) handling event "update" for row b14d55ad-53c2-4672-b088-bd9144c3010f (table: Port_Binding) {{(pid=102444) notify /opt/stack/neutron/neutron/plugins/ml2/drivers/ovn/mech_driver/ovsdb/ovsdb_monitor.py:912}}
Apr 03 02:59:22.033527 np0000163373 devstack@neutron-api.service[102443]: INFO neutron.db.ovn_revision_numbers_db [None req-de858e16-73a4-4387-8241-fe67f231272d None None] Successfully bumped revision number for resource c34a0aa6-54cb-4284-87f6-8f97910788bd (type: ports) to 4
Apr 03 02:59:22.038629 np0000163373 devstack@neutron-api.service[102443]: DEBUG neutron_lib.callbacks.manager [None req-de858e16-73a4-4387-8241-fe67f231272d None None] Publish callbacks ['neutron.plugins.ml2.ovo_rpc._ObjectChangeHandler.handle_event-4055773', 'neutron.db.l3_db.L3RpcNotifierMixin._notify_gateway_port_ip_changed-8127813198588', 'neutron.services.ovn_l3.plugin.OVNL3RouterPlugin._port_update-8127811444706'] for port (c34a0aa6-54cb-4284-87f6-8f97910788bd), after_update {{(pid=102443) _notify_loop /opt/stack/data/venv/lib/python3.12/site-packages/neutron_lib/callbacks/manager.py:184}}
Apr 03 02:59:22.062996 np0000163373 devstack@neutron-api.service[102443]: DEBUG neutron.api.rpc.handlers.resources_rpc [None req-c79e8669-9ba1-49ad-b11e-7f8051376601 None None] Pushing event updated for resources: {'Port': ['ID=c34a0aa6-54cb-4284-87f6-8f97910788bd,revision_number=4']} {{(pid=102443) push /opt/stack/neutron/neutron/api/rpc/handlers/resources_rpc.py:237}}
Apr 03 02:59:22.086107 np0000163373 devstack@neutron-api.service[102443]: DEBUG ovsdbapp.backend.ovs_idl.transaction [None req-14dcd9e7-93b2-4b52-9a10-41fb95cc0c6c None None] Running txn n=1 command(idx=0): DbSetCommand(_result=None, table=Logical_Switch_Port, record=c34a0aa6-54cb-4284-87f6-8f97910788bd, col_values=(('external_ids', {'neutron:host_id': 'np0000163373'}),), if_exists=True) {{(pid=102443) do_commit /opt/stack/data/venv/lib/python3.12/site-packages/ovsdbapp/backend/ovs_idl/transaction.py:89}}
Apr 03 02:59:22.089083 np0000163373 devstack@neutron-api.service[102443]: DEBUG neutron.plugins.ml2.drivers.ovn.mech_driver.ovsdb.ovsdb_monitor [None req-14dcd9e7-93b2-4b52-9a10-41fb95cc0c6c None None] Hash Ring: Node c02e6dd1de5f5aefa7e60f4624fe20ac (host: np0000163373) handling event "update" for row 681b7e81-9554-45e7-90ee-8767e276547f (table: Logical_Switch_Port) {{(pid=102443) notify /opt/stack/neutron/neutron/plugins/ml2/drivers/ovn/mech_driver/ovsdb/ovsdb_monitor.py:912}}
Apr 03 02:59:22.095145 np0000163373 devstack@neutron-api.service[102444]: DEBUG neutron.plugins.ml2.drivers.ovn.mech_driver.ovsdb.ovsdb_monitor [None req-a2480dda-6fd0-4141-b6d5-c2b39e31b031 None None] Hash Ring: Node b6cf306cec7a525ca424aace4daf48ea (host: np0000163373) handling event "update" for row b14d55ad-53c2-4672-b088-bd9144c3010f (table: Port_Binding) {{(pid=102444) notify /opt/stack/neutron/neutron/plugins/ml2/drivers/ovn/mech_driver/ovsdb/ovsdb_monitor.py:912}}
Apr 03 02:59:22.550268 np0000163373 devstack@neutron-api.service[102442]: DEBUG neutron.pecan_wsgi.hooks.policy_enforcement [None req-032f3e84-08b6-4e72-91e8-f6246a61a0ba service neutron] Attributes excluded by policy engine: ['standard_attr_id', 'shared'] {{(pid=102442) _exclude_attributes_by_policy /opt/stack/neutron/neutron/pecan_wsgi/hooks/policy_enforcement.py:258}}
Apr 03 02:59:22.550268 np0000163373 devstack@neutron-api.service[102442]: [pid: 102442|app: 0|req: 26/105] 199.204.45.223 () {64 vars in 1367 bytes} [Fri Apr 3 02:59:22 2026] GET /networking/v2.0/subnets/5429ce92-5408-4d28-bf8b-056589b384ef => generated 625 bytes in 24 msecs (HTTP/1.1 200) 4 headers in 157 bytes (1 switches on core 0)
Apr 03 02:59:23.411274 np0000163373 devstack@neutron-api.service[102444]: DEBUG neutron.pecan_wsgi.hooks.policy_enforcement [None req-07eb2fdc-d3ab-45ac-8a5e-6e0562ecd5f1 service neutron] Attributes excluded by policy engine: ['standard_attr_id'] {{(pid=102444) _exclude_attributes_by_policy /opt/stack/neutron/neutron/pecan_wsgi/hooks/policy_enforcement.py:258}}
Apr 03 02:59:23.412502 np0000163373 devstack@neutron-api.service[102444]: [pid: 102444|app: 0|req: 28/106] 199.204.45.223 () {64 vars in 1369 bytes} [Fri Apr 3 02:59:23 2026] GET /networking/v2.0/ports?device_id=manila-admin-share&binding%3Ahost_id=np0000163373 => generated 932 bytes in 45 msecs (HTTP/1.1 200) 4 headers in 157 bytes (1 switches on core 0)
Apr 03 02:59:23.894473 np0000163373 devstack@neutron-api.service[102441]: DEBUG neutron.pecan_wsgi.hooks.policy_enforcement [None req-274c1e46-afa3-45ce-be53-12f9144bdb6c service neutron] Attributes excluded by policy engine: ['standard_attr_id', 'shared'] {{(pid=102441) _exclude_attributes_by_policy /opt/stack/neutron/neutron/pecan_wsgi/hooks/policy_enforcement.py:258}}
Apr 03 02:59:23.895307 np0000163373 devstack@neutron-api.service[102441]: [pid: 102441|app: 0|req: 27/107] 199.204.45.223 () {64 vars in 1367 bytes} [Fri Apr 3 02:59:23 2026] GET /networking/v2.0/subnets/5429ce92-5408-4d28-bf8b-056589b384ef => generated 625 bytes in 26 msecs (HTTP/1.1 200) 4 headers in 157 bytes (1 switches on core 0)
Apr 03 02:59:23.994024 np0000163373 devstack@neutron-api.service[102444]: DEBUG futurist.periodics [-] Submitting periodic callback 'neutron.plugins.ml2.drivers.ovn.mech_driver.ovsdb.maintenance.HashRingHealthCheckPeriodics.touch_hash_ring_node' {{(pid=102444) _process_scheduled /opt/stack/data/venv/lib/python3.12/site-packages/futurist/periodics.py:784}}
Apr 03 02:59:23.995579 np0000163373 devstack@neutron-api.service[102444]: DEBUG neutron.plugins.ml2.drivers.ovn.mech_driver.ovsdb.maintenance [-] Touching Hash Ring node "b6cf306cec7a525ca424aace4daf48ea" from periodic health check thread {{(pid=102444) touch_hash_ring_node /opt/stack/neutron/neutron/plugins/ml2/drivers/ovn/mech_driver/ovsdb/maintenance.py:1232}}
Apr 03 02:59:24.670483 np0000163373 devstack@neutron-api.service[102442]: DEBUG futurist.periodics [-] Submitting periodic callback 'neutron.plugins.ml2.drivers.ovn.mech_driver.ovsdb.maintenance.HashRingHealthCheckPeriodics.touch_hash_ring_node' {{(pid=102442) _process_scheduled /opt/stack/data/venv/lib/python3.12/site-packages/futurist/periodics.py:784}}
Apr 03 02:59:24.672451 np0000163373 devstack@neutron-api.service[102442]: DEBUG neutron.plugins.ml2.drivers.ovn.mech_driver.ovsdb.maintenance [-] Touching Hash Ring node "5d408c16022b5289a58d03fabf4cd508" from periodic health check thread {{(pid=102442) touch_hash_ring_node /opt/stack/neutron/neutron/plugins/ml2/drivers/ovn/mech_driver/ovsdb/maintenance.py:1232}}
Apr 03 02:59:24.713028 np0000163373 devstack@neutron-api.service[102443]: DEBUG futurist.periodics [-] Submitting periodic callback 'neutron.plugins.ml2.drivers.ovn.mech_driver.ovsdb.maintenance.HashRingHealthCheckPeriodics.touch_hash_ring_node' {{(pid=102443) _process_scheduled /opt/stack/data/venv/lib/python3.12/site-packages/futurist/periodics.py:784}}
Apr 03 02:59:24.714524 np0000163373 devstack@neutron-api.service[102443]: DEBUG neutron.plugins.ml2.drivers.ovn.mech_driver.ovsdb.maintenance [-] Touching Hash Ring node "c02e6dd1de5f5aefa7e60f4624fe20ac" from periodic health check thread {{(pid=102443) touch_hash_ring_node /opt/stack/neutron/neutron/plugins/ml2/drivers/ovn/mech_driver/ovsdb/maintenance.py:1232}}
Apr 03 02:59:24.811703 np0000163373 devstack@neutron-api.service[102441]: DEBUG futurist.periodics [-] Submitting periodic callback 'neutron.plugins.ml2.drivers.ovn.mech_driver.ovsdb.maintenance.HashRingHealthCheckPeriodics.touch_hash_ring_node' {{(pid=102441) _process_scheduled /opt/stack/data/venv/lib/python3.12/site-packages/futurist/periodics.py:784}}
Apr 03 02:59:24.812988 np0000163373 devstack@neutron-api.service[102441]: DEBUG neutron.plugins.ml2.drivers.ovn.mech_driver.ovsdb.maintenance [-] Touching Hash Ring node "49802267099c503093328ea056dec631" from periodic health check thread {{(pid=102441) touch_hash_ring_node /opt/stack/neutron/neutron/plugins/ml2/drivers/ovn/mech_driver/ovsdb/maintenance.py:1232}}
Apr 03 02:59:34.011598 np0000163373 devstack@neutron-api.service[102444]: DEBUG dbcounter [-] [102444] Writing DB stats neutron:UPDATE=2,neutron:SELECT=27 {{(pid=102444) stat_writer /opt/stack/data/venv/lib/python3.12/site-packages/dbcounter.py:115}}
Apr 03 02:59:34.684822 np0000163373 devstack@neutron-api.service[102442]: DEBUG dbcounter [-] [102442] Writing DB stats neutron:UPDATE=17,neutron:SELECT=202,neutron:INSERT=29,neutron:DELETE=2 {{(pid=102442) stat_writer /opt/stack/data/venv/lib/python3.12/site-packages/dbcounter.py:115}}
Apr 03 02:59:34.726416 np0000163373 devstack@neutron-api.service[102443]: DEBUG dbcounter [-] [102443] Writing DB stats neutron:UPDATE=15,neutron:SELECT=310,neutron:INSERT=11,neutron:DELETE=3 {{(pid=102443) stat_writer /opt/stack/data/venv/lib/python3.12/site-packages/dbcounter.py:115}}
Apr 03 02:59:34.823740 np0000163373 devstack@neutron-api.service[102441]: DEBUG dbcounter [-] [102441] Writing DB stats neutron:UPDATE=7,neutron:SELECT=281,neutron:INSERT=12,neutron:DELETE=2 {{(pid=102441) stat_writer /opt/stack/data/venv/lib/python3.12/site-packages/dbcounter.py:115}}
Apr 03 02:59:37.921656 np0000163373 devstack@neutron-api.service[102443]: DEBUG neutron.pecan_wsgi.hooks.policy_enforcement [None req-bd18aed2-7c2e-4aee-96b6-d1f47fafacbf demo demo] Attributes excluded by policy engine: ['standard_attr_id', 'provider:network_type', 'provider:physical_network', 'provider:segmentation_id'] {{(pid=102443) _exclude_attributes_by_policy /opt/stack/neutron/neutron/pecan_wsgi/hooks/policy_enforcement.py:258}}
Apr 03 02:59:37.922400 np0000163373 devstack@neutron-api.service[102443]: [pid: 102443|app: 0|req: 27/108] 199.204.45.223 () {64 vars in 1304 bytes} [Fri Apr 3 02:59:37 2026] GET /networking/v2.0/networks?router%3Aexternal=True => generated 659 bytes in 54 msecs (HTTP/1.1 200) 4 headers in 157 bytes (1 switches on core 0)
Apr 03 02:59:38.996062 np0000163373 devstack@neutron-api.service[102444]: DEBUG futurist.periodics [-] Submitting periodic callback 'neutron.plugins.ml2.drivers.ovn.mech_driver.ovsdb.maintenance.HashRingHealthCheckPeriodics.touch_hash_ring_node' {{(pid=102444) _process_scheduled /opt/stack/data/venv/lib/python3.12/site-packages/futurist/periodics.py:784}}
Apr 03 02:59:38.998990 np0000163373 devstack@neutron-api.service[102444]: DEBUG neutron.plugins.ml2.drivers.ovn.mech_driver.ovsdb.maintenance [-] Touching Hash Ring node "b6cf306cec7a525ca424aace4daf48ea" from periodic health check thread {{(pid=102444) touch_hash_ring_node /opt/stack/neutron/neutron/plugins/ml2/drivers/ovn/mech_driver/ovsdb/maintenance.py:1232}}
Apr 03 02:59:39.673319 np0000163373 devstack@neutron-api.service[102442]: DEBUG futurist.periodics [-] Submitting periodic callback 'neutron.plugins.ml2.drivers.ovn.mech_driver.ovsdb.maintenance.HashRingHealthCheckPeriodics.touch_hash_ring_node' {{(pid=102442) _process_scheduled /opt/stack/data/venv/lib/python3.12/site-packages/futurist/periodics.py:784}}
Apr 03 02:59:39.675126 np0000163373 devstack@neutron-api.service[102442]: DEBUG neutron.plugins.ml2.drivers.ovn.mech_driver.ovsdb.maintenance [-] Touching Hash Ring node "5d408c16022b5289a58d03fabf4cd508" from periodic health check thread {{(pid=102442) touch_hash_ring_node /opt/stack/neutron/neutron/plugins/ml2/drivers/ovn/mech_driver/ovsdb/maintenance.py:1232}}
Apr 03 02:59:39.714789 np0000163373 devstack@neutron-api.service[102443]: DEBUG futurist.periodics [-] Submitting periodic callback 'neutron.plugins.ml2.drivers.ovn.mech_driver.ovsdb.maintenance.HashRingHealthCheckPeriodics.touch_hash_ring_node' {{(pid=102443) _process_scheduled /opt/stack/data/venv/lib/python3.12/site-packages/futurist/periodics.py:784}}
Apr 03 02:59:39.716558 np0000163373 devstack@neutron-api.service[102443]: DEBUG neutron.plugins.ml2.drivers.ovn.mech_driver.ovsdb.maintenance [-] Touching Hash Ring node "c02e6dd1de5f5aefa7e60f4624fe20ac" from periodic health check thread {{(pid=102443) touch_hash_ring_node /opt/stack/neutron/neutron/plugins/ml2/drivers/ovn/mech_driver/ovsdb/maintenance.py:1232}}
Apr 03 02:59:39.813127 np0000163373 devstack@neutron-api.service[102441]: DEBUG futurist.periodics [-] Submitting periodic callback 'neutron.plugins.ml2.drivers.ovn.mech_driver.ovsdb.maintenance.HashRingHealthCheckPeriodics.touch_hash_ring_node' {{(pid=102441) _process_scheduled /opt/stack/data/venv/lib/python3.12/site-packages/futurist/periodics.py:784}}
Apr 03 02:59:39.814618 np0000163373 devstack@neutron-api.service[102441]: DEBUG neutron.plugins.ml2.drivers.ovn.mech_driver.ovsdb.maintenance [-] Touching Hash Ring node "49802267099c503093328ea056dec631" from periodic health check thread {{(pid=102441) touch_hash_ring_node /opt/stack/neutron/neutron/plugins/ml2/drivers/ovn/mech_driver/ovsdb/maintenance.py:1232}}
Apr 03 02:59:43.661533 np0000163373 devstack@neutron-api.service[102442]: DEBUG neutron.pecan_wsgi.hooks.policy_enforcement [None req-edf2979b-2cb2-4d95-8df0-c9d734bd0db9 demo demo] Attributes excluded by policy engine: ['standard_attr_id', 'provider:network_type', 'provider:physical_network', 'provider:segmentation_id'] {{(pid=102442) _exclude_attributes_by_policy /opt/stack/neutron/neutron/pecan_wsgi/hooks/policy_enforcement.py:258}}
Apr 03 02:59:43.662652 np0000163373 devstack@neutron-api.service[102442]: [pid: 102442|app: 0|req: 27/109] 199.204.45.223 () {64 vars in 1304 bytes} [Fri Apr 3 02:59:43 2026] GET /networking/v2.0/networks?router%3Aexternal=True => generated 659 bytes in 59 msecs (HTTP/1.1 200) 4 headers in 157 bytes (1 switches on core 0)
Apr 03 02:59:49.010541 np0000163373 devstack@neutron-api.service[102444]: DEBUG dbcounter [-] [102444] Writing DB stats neutron:UPDATE=1,neutron:SELECT=1 {{(pid=102444) stat_writer /opt/stack/data/venv/lib/python3.12/site-packages/dbcounter.py:115}}
Apr 03 02:59:49.727036 np0000163373 devstack@neutron-api.service[102443]: DEBUG dbcounter [-] [102443] Writing DB stats neutron:SELECT=18,neutron:UPDATE=1 {{(pid=102443) stat_writer /opt/stack/data/venv/lib/python3.12/site-packages/dbcounter.py:115}}
Apr 03 02:59:49.825673 np0000163373 devstack@neutron-api.service[102441]: DEBUG dbcounter [-] [102441] Writing DB stats neutron:UPDATE=1,neutron:SELECT=1 {{(pid=102441) stat_writer /opt/stack/data/venv/lib/python3.12/site-packages/dbcounter.py:115}}
Apr 03 02:59:52.096908 np0000163373 devstack@neutron-api.service[102444]: DEBUG neutron.pecan_wsgi.hooks.policy_enforcement [None req-2a2c5bdc-4a94-4656-a0f1-c32a2dc971c9 demo demo] Attributes excluded by policy engine: ['standard_attr_id', 'provider:network_type', 'provider:physical_network', 'provider:segmentation_id'] {{(pid=102444) _exclude_attributes_by_policy /opt/stack/neutron/neutron/pecan_wsgi/hooks/policy_enforcement.py:258}}
Apr 03 02:59:52.097676 np0000163373 devstack@neutron-api.service[102444]: [pid: 102444|app: 0|req: 29/110] 199.204.45.223 () {64 vars in 1328 bytes} [Fri Apr 3 02:59:52 2026] GET /networking/v2.0/networks?name=public&router%3Aexternal=True => generated 659 bytes in 53 msecs (HTTP/1.1 200) 4 headers in 157 bytes (1 switches on core 0)
Apr 03 02:59:52.870287 np0000163373 devstack@neutron-api.service[102441]: DEBUG neutron.pecan_wsgi.hooks.policy_enforcement [None req-803954e3-4acf-4424-9a25-cdf1623dc8bc demo demo] Attributes excluded by policy engine: ['standard_attr_id', 'provider:network_type', 'provider:physical_network', 'provider:segmentation_id'] {{(pid=102441) _exclude_attributes_by_policy /opt/stack/neutron/neutron/pecan_wsgi/hooks/policy_enforcement.py:258}}
Apr 03 02:59:52.870287 np0000163373 devstack@neutron-api.service[102441]: [pid: 102441|app: 0|req: 28/111] 199.204.45.223 () {64 vars in 1415 bytes} [Fri Apr 3 02:59:52 2026] GET /networking/v2.0/networks/39e8323c-5a10-4bce-b017-30aed58051f4 => generated 656 bytes in 143 msecs (HTTP/1.1 200) 4 headers in 157 bytes (1 switches on core 0)
Apr 03 02:59:52.929322 np0000163373 devstack@neutron-api.service[102443]: [pid: 102443|app: 0|req: 28/112] 199.204.45.223 () {64 vars in 1409 bytes} [Fri Apr 3 02:59:52 2026] GET /networking/v2.0/networks?name=k8s-clusterapi-cluster-magnum-system-kube-8eo86 => generated 15 bytes in 27 msecs (HTTP/1.1 200) 4 headers in 156 bytes (1 switches on core 0)
Apr 03 02:59:52.939951 np0000163373 devstack@neutron-api.service[102442]: DEBUG neutron.api.v2.base [None req-36287529-1c93-43f5-aa3a-4939020f5225 demo demo] Request body: {'network': {'admin_state_up': True, 'name': 'k8s-clusterapi-cluster-magnum-system-kube-8eo86'}} {{(pid=102442) prepare_request_body /opt/stack/neutron/neutron/api/v2/base.py:729}}
Apr 03 02:59:52.962951 np0000163373 devstack@neutron-api.service[102442]: DEBUG neutron.pecan_wsgi.hooks.quota_enforcement [None req-36287529-1c93-43f5-aa3a-4939020f5225 demo demo] Made reservation on behalf of 04a78a15fcbd412fb78940b0ace0b37e for: {'network': 1} {{(pid=102442) before /opt/stack/neutron/neutron/pecan_wsgi/hooks/quota_enforcement.py:66}}
Apr 03 02:59:52.964763 np0000163373 devstack@neutron-api.service[102442]: DEBUG neutron_lib.callbacks.manager [None req-36287529-1c93-43f5-aa3a-4939020f5225 demo demo] Publish callbacks ['neutron.plugins.ml2.plugin.SecurityGroupDbMixin._ensure_default_security_group_handler-320398'] for network (None), before_create {{(pid=102442) _notify_loop /opt/stack/data/venv/lib/python3.12/site-packages/neutron_lib/callbacks/manager.py:184}}
Apr 03 02:59:52.968905 np0000163373 devstack@neutron-api.service[102442]: DEBUG neutron_lib.callbacks.manager [None req-36287529-1c93-43f5-aa3a-4939020f5225 demo demo] Publish callbacks [] for security_group (None), before_create {{(pid=102442) _notify_loop /opt/stack/data/venv/lib/python3.12/site-packages/neutron_lib/callbacks/manager.py:184}}
Apr 03 02:59:53.019596 np0000163373 devstack@neutron-api.service[102442]: DEBUG neutron_lib.callbacks.manager [None req-36287529-1c93-43f5-aa3a-4939020f5225 demo demo] Publish callbacks ['neutron.plugins.ml2.drivers.ovn.mech_driver.mech_driver.OVNMechanismDriver._create_security_group_precommit-231385'] for security_group (a3d14ae3-065e-4428-b088-b30b2cd914a5), precommit_create {{(pid=102442) _notify_loop /opt/stack/data/venv/lib/python3.12/site-packages/neutron_lib/callbacks/manager.py:184}}
Apr 03 02:59:53.019596 np0000163373 devstack@neutron-api.service[102442]: DEBUG neutron.db.ovn_revision_numbers_db [None req-36287529-1c93-43f5-aa3a-4939020f5225 demo demo] create_initial_revision uuid=a3d14ae3-065e-4428-b088-b30b2cd914a5, type=security_groups, rev=-1 {{(pid=102442) create_initial_revision /opt/stack/neutron/neutron/db/ovn_revision_numbers_db.py:98}}
Apr 03 02:59:53.021008 np0000163373 devstack@neutron-api.service[102442]: DEBUG neutron.db.ovn_revision_numbers_db [None req-36287529-1c93-43f5-aa3a-4939020f5225 demo demo] create_initial_revision uuid=2a5fbb33-3da3-40f0-a7ff-12776c8c70a3, type=security_group_rules, rev=-1 {{(pid=102442) create_initial_revision /opt/stack/neutron/neutron/db/ovn_revision_numbers_db.py:98}}
Apr 03 02:59:53.022073 np0000163373 devstack@neutron-api.service[102442]: DEBUG neutron.db.ovn_revision_numbers_db [None req-36287529-1c93-43f5-aa3a-4939020f5225 demo demo] create_initial_revision uuid=34c065fb-f7a6-46bb-801f-e5f2a61c36bb, type=security_group_rules, rev=-1 {{(pid=102442) create_initial_revision /opt/stack/neutron/neutron/db/ovn_revision_numbers_db.py:98}}
Apr 03 02:59:53.023209 np0000163373 devstack@neutron-api.service[102442]: DEBUG neutron.db.ovn_revision_numbers_db [None req-36287529-1c93-43f5-aa3a-4939020f5225 demo demo] create_initial_revision uuid=a516b98c-4b26-4670-88b6-f773b92f68d2, type=security_group_rules, rev=-1 {{(pid=102442) create_initial_revision /opt/stack/neutron/neutron/db/ovn_revision_numbers_db.py:98}}
Apr 03 02:59:53.023796 np0000163373 devstack@neutron-api.service[102442]: DEBUG neutron.db.ovn_revision_numbers_db [None req-36287529-1c93-43f5-aa3a-4939020f5225 demo demo] create_initial_revision uuid=b238fd7a-b786-4950-a4f5-b56b88a5cf07, type=security_group_rules, rev=-1 {{(pid=102442) create_initial_revision /opt/stack/neutron/neutron/db/ovn_revision_numbers_db.py:98}}
Apr 03 02:59:53.031750 np0000163373 devstack@neutron-api.service[102442]: DEBUG neutron_lib.callbacks.manager [None req-36287529-1c93-43f5-aa3a-4939020f5225 demo demo] Publish callbacks ['neutron.plugins.ml2.drivers.ovn.mech_driver.mech_driver.OVNMechanismDriver._create_security_group-231379', 'neutron.plugins.ml2.ovo_rpc._ObjectChangeHandler.handle_event-4060764'] for security_group (a3d14ae3-065e-4428-b088-b30b2cd914a5), after_create {{(pid=102442) _notify_loop /opt/stack/data/venv/lib/python3.12/site-packages/neutron_lib/callbacks/manager.py:184}}
Apr 03 02:59:53.034053 np0000163373 devstack@neutron-api.service[102442]: DEBUG ovsdbapp.backend.ovs_idl.transaction [None req-543d0d88-1acd-4c5d-8a15-792cf838b141 None None] Running txn n=1 command(idx=0): PgAddCommand(_result=None, name=pg_a3d14ae3_065e_4428_b088_b30b2cd914a5, may_exist=False, columns={'acls': [], 'external_ids': {'neutron:security_group_id': 'a3d14ae3-065e-4428-b088-b30b2cd914a5'}}) {{(pid=102442) do_commit /opt/stack/data/venv/lib/python3.12/site-packages/ovsdbapp/backend/ovs_idl/transaction.py:89}}
Apr 03 02:59:53.034053 np0000163373 devstack@neutron-api.service[102442]: DEBUG ovsdbapp.backend.ovs_idl.transaction [None req-543d0d88-1acd-4c5d-8a15-792cf838b141 None None] Running txn n=1 command(idx=1): PgAclAddCommand(_result=None, entity=pg_a3d14ae3_065e_4428_b088_b30b2cd914a5, direction=to-lport, priority=1002, match=outport == @pg_a3d14ae3_065e_4428_b088_b30b2cd914a5 && ip4 && ip4.src == $pg_a3d14ae3_065e_4428_b088_b30b2cd914a5_ip4, action=allow-related, log=False, may_exist=True, severity=[], name=[], meter=[], external_ids={'neutron:security_group_rule_id': '2a5fbb33-3da3-40f0-a7ff-12776c8c70a3'}) {{(pid=102442) do_commit /opt/stack/data/venv/lib/python3.12/site-packages/ovsdbapp/backend/ovs_idl/transaction.py:89}}
Apr 03 02:59:53.034053 np0000163373 devstack@neutron-api.service[102442]: DEBUG ovsdbapp.backend.ovs_idl.transaction [None req-543d0d88-1acd-4c5d-8a15-792cf838b141 None None] Running txn n=1 command(idx=2): PgAclAddCommand(_result=None, entity=pg_a3d14ae3_065e_4428_b088_b30b2cd914a5, direction=from-lport, priority=1002, match=inport == @pg_a3d14ae3_065e_4428_b088_b30b2cd914a5 && ip6, action=allow-related, log=False, may_exist=True, severity=[], name=[], meter=[], external_ids={'neutron:security_group_rule_id': '34c065fb-f7a6-46bb-801f-e5f2a61c36bb'}) {{(pid=102442) do_commit /opt/stack/data/venv/lib/python3.12/site-packages/ovsdbapp/backend/ovs_idl/transaction.py:89}}
