+ COMMAND=start + start + for KEYSTONE_WSGI_SCRIPT in keystone-wsgi-public ++ type -p keystone-wsgi-public + cp -a /var/lib/openstack/bin/keystone-wsgi-public /var/www/cgi-bin/keystone/ + '[' -f /etc/apache2/envvars ']' + source /etc/apache2/envvars ++ unset HOME ++ '[' '' '!=' '' ']' ++ SUFFIX= ++ export APACHE_RUN_USER=www-data ++ APACHE_RUN_USER=www-data ++ export APACHE_RUN_GROUP=www-data ++ APACHE_RUN_GROUP=www-data ++ export APACHE_PID_FILE=/var/run/apache2/apache2.pid ++ APACHE_PID_FILE=/var/run/apache2/apache2.pid ++ export APACHE_RUN_DIR=/var/run/apache2 ++ APACHE_RUN_DIR=/var/run/apache2 ++ export APACHE_LOCK_DIR=/var/lock/apache2 ++ APACHE_LOCK_DIR=/var/lock/apache2 ++ export APACHE_LOG_DIR=/var/log/apache2 ++ APACHE_LOG_DIR=/var/log/apache2 ++ export LANG=C ++ LANG=C ++ export LANG + '[' -f /var/run/apache2/apache2.pid ']' + exec apache2 -DFOREGROUND AH00558: apache2: Could not reliably determine the server's fully qualified domain name, using 10.0.0.171. Set the 'ServerName' directive globally to suppress this message AH00558: apache2: Could not reliably determine the server's fully qualified domain name, using 10.0.0.171. Set the 'ServerName' directive globally to suppress this message
[Mon Jun 01 19:40:20.973148 2026] [mpm_event:notice] [pid 1:tid 140592077420416] AH00489: Apache/2.4.58 (Ubuntu) mod_wsgi/5.0.0 Python/3.12 configured -- resuming normal operations
[Mon Jun 01 19:40:20.973361 2026] [core:notice] [pid 1:tid 140592077420416] AH00094: Command line: 'apache2 -D FOREGROUND'
[Mon Jun 01 19:41:17.631210 2026] [wsgi:error] [pid 10:tid 140591440647872] /var/lib/openstack/lib/python3.12/site-packages/oslo_utils/importutils.py:77: EventletDeprecationWarning:
[Mon Jun 01 19:41:17.631273 2026] [wsgi:error] [pid 10:tid 140591440647872] Eventlet is deprecated. It is currently being maintained in bugfix mode, and
[Mon Jun 01 19:41:17.631276 2026] [wsgi:error] [pid 10:tid 140591440647872] we strongly recommend against using it for new projects.
[Mon Jun 01 19:41:17.631277 2026] [wsgi:error] [pid 10:tid 140591440647872]
[Mon Jun 01 19:41:17.631278 2026] [wsgi:error] [pid 10:tid 140591440647872] If you are already using Eventlet, we recommend migrating to a different
[Mon Jun 01 19:41:17.631279 2026] [wsgi:error] [pid 10:tid 140591440647872] framework. For more detail see
[Mon Jun 01 19:41:17.631281 2026] [wsgi:error] [pid 10:tid 140591440647872] https://eventlet.readthedocs.io/en/latest/asyncio/migration.html
[Mon Jun 01 19:41:17.631282 2026] [wsgi:error] [pid 10:tid 140591440647872]
[Mon Jun 01 19:41:17.631283 2026] [wsgi:error] [pid 10:tid 140591440647872] __import__(import_str)
[Mon Jun 01 19:41:17.640654 2026] [wsgi:error] [pid 9:tid 140591440647872] /var/lib/openstack/lib/python3.12/site-packages/oslo_utils/importutils.py:77: EventletDeprecationWarning:
[Mon Jun 01 19:41:17.640692 2026] [wsgi:error] [pid 9:tid 140591440647872] Eventlet is deprecated. It is currently being maintained in bugfix mode, and
[Mon Jun 01 19:41:17.640694 2026] [wsgi:error] [pid 9:tid 140591440647872] we strongly recommend against using it for new projects.
[Mon Jun 01 19:41:17.640696 2026] [wsgi:error] [pid 9:tid 140591440647872]
[Mon Jun 01 19:41:17.640697 2026] [wsgi:error] [pid 9:tid 140591440647872] If you are already using Eventlet, we recommend migrating to a different
[Mon Jun 01 19:41:17.640698 2026] [wsgi:error] [pid 9:tid 140591440647872] framework. For more detail see
[Mon Jun 01 19:41:17.640699 2026] [wsgi:error] [pid 9:tid 140591440647872] https://eventlet.readthedocs.io/en/latest/asyncio/migration.html
[Mon Jun 01 19:41:17.640700 2026] [wsgi:error] [pid 9:tid 140591440647872]
[Mon Jun 01 19:41:17.640701 2026] [wsgi:error] [pid 9:tid 140591440647872] __import__(import_str) 10.0.0.230 - - [01/Jun/2026:19:41:16 +0000] "GET /v3/ HTTP/1.1" 200 250 10.0.0.230 - - [01/Jun/2026:19:41:16 +0000] "GET /v3/ HTTP/1.1" 200 250
[Mon Jun 01 19:41:31.016397 2026] [wsgi:error] [pid 11:tid 140591440647872] /var/lib/openstack/lib/python3.12/site-packages/oslo_utils/importutils.py:77: EventletDeprecationWarning:
[Mon Jun 01 19:41:31.016446 2026] [wsgi:error] [pid 11:tid 140591440647872] Eventlet is deprecated. It is currently being maintained in bugfix mode, and
[Mon Jun 01 19:41:31.016448 2026] [wsgi:error] [pid 11:tid 140591440647872] we strongly recommend against using it for new projects.
[Mon Jun 01 19:41:31.016449 2026] [wsgi:error] [pid 11:tid 140591440647872]
[Mon Jun 01 19:41:31.016451 2026] [wsgi:error] [pid 11:tid 140591440647872] If you are already using Eventlet, we recommend migrating to a different
[Mon Jun 01 19:41:31.016452 2026] [wsgi:error] [pid 11:tid 140591440647872] framework. For more detail see
[Mon Jun 01 19:41:31.016453 2026] [wsgi:error] [pid 11:tid 140591440647872] https://eventlet.readthedocs.io/en/latest/asyncio/migration.html
[Mon Jun 01 19:41:31.016454 2026] [wsgi:error] [pid 11:tid 140591440647872]
[Mon Jun 01 19:41:31.016455 2026] [wsgi:error] [pid 11:tid 140591440647872] __import__(import_str) 10.0.0.23 - - [01/Jun/2026:19:41:30 +0000] "GET / HTTP/1.1" 300 295
[Mon Jun 01 19:41:36.598601 2026] [wsgi:error] [pid 12:tid 140591440647872] /var/lib/openstack/lib/python3.12/site-packages/oslo_utils/importutils.py:77: EventletDeprecationWarning:
[Mon Jun 01 19:41:36.598648 2026] [wsgi:error] [pid 12:tid 140591440647872] Eventlet is deprecated. It is currently being maintained in bugfix mode, and
[Mon Jun 01 19:41:36.598650 2026] [wsgi:error] [pid 12:tid 140591440647872] we strongly recommend against using it for new projects.
[Mon Jun 01 19:41:36.598652 2026] [wsgi:error] [pid 12:tid 140591440647872]
[Mon Jun 01 19:41:36.598653 2026] [wsgi:error] [pid 12:tid 140591440647872] If you are already using Eventlet, we recommend migrating to a different
[Mon Jun 01 19:41:36.598654 2026] [wsgi:error] [pid 12:tid 140591440647872] framework. For more detail see
[Mon Jun 01 19:41:36.598655 2026] [wsgi:error] [pid 12:tid 140591440647872] https://eventlet.readthedocs.io/en/latest/asyncio/migration.html
[Mon Jun 01 19:41:36.598656 2026] [wsgi:error] [pid 12:tid 140591440647872]
[Mon Jun 01 19:41:36.598657 2026] [wsgi:error] [pid 12:tid 140591440647872] __import__(import_str)
[Mon Jun 01 19:41:41.503579 2026] [wsgi:error] [pid 12:tid 140591440647872] [remote 10.0.0.23:35486] 2026-06-01 19:41:41.499 12 WARNING keystone.identity.core [None req-054c8baa-1964-4701-8e44-892a3414544c - - - - - -] Invalid domain name (atmosphere) found in config file name: keystone.exception.DomainNotFound: Could not find domain: atmosphere.
[Mon Jun 01 19:41:41.570397 2026] [wsgi:error] [pid 12:tid 140591440647872] [remote 10.0.0.23:35486] 2026-06-01 19:41:41.569 12 WARNING keystone.common.password_hashing [None req-054c8baa-1964-4701-8e44-892a3414544c - - - - - -] Truncating password to algorithm specific maximum length 72 characters.
[Mon Jun 01 19:41:41.866218 2026] [wsgi:error] [pid 12:tid 140591440647872] [remote 10.0.0.23:35486] 2026-06-01 19:41:41.865 12 WARNING keystone.common.fernet_utils [None req-054c8baa-1964-4701-8e44-892a3414544c - - - - - -] key_repository is world readable: /etc/keystone/fernet-keys/ 10.0.0.23 - - [01/Jun/2026:19:41:35 +0000] "POST /v3/auth/tokens HTTP/1.1" 201 1360
[Mon Jun 01 19:41:42.273895 2026] [wsgi:error] [pid 9:tid 140591440647872] [remote 10.0.0.23:35486] 2026-06-01 19:41:42.270 9 WARNING keystone.identity.core [None req-224968a0-2d17-472b-847a-bcca65d29bc9 - - - - - -] Invalid domain name (atmosphere) found in config file name: keystone.exception.DomainNotFound: Could not find domain: atmosphere. 10.0.0.23 - - [01/Jun/2026:19:41:42 +0000] "POST /v3/domains HTTP/1.1" 201 261 10.0.0.33 - - [01/Jun/2026:19:41:54 +0000] "GET / HTTP/1.1" 300 295
[Mon Jun 01 19:41:54.939131 2026] [wsgi:error] [pid 11:tid 140591440647872] [remote 10.0.0.33:37946] 2026-06-01 19:41:54.938 11 WARNING keystone.common.password_hashing [None req-d0a5977c-ebbb-4065-87f8-2173f1967680 - - - - - -] Truncating password to algorithm specific maximum length 72 characters.
[Mon Jun 01 19:41:55.229557 2026] [wsgi:error] [pid 11:tid 140591440647872] [remote 10.0.0.33:37946] 2026-06-01 19:41:55.229 11 WARNING keystone.common.fernet_utils [None req-d0a5977c-ebbb-4065-87f8-2173f1967680 - - - - - -] key_repository is world readable: /etc/keystone/fernet-keys/ 10.0.0.33 - - [01/Jun/2026:19:41:54 +0000] "POST /v3/auth/tokens HTTP/1.1" 201 1360 10.0.0.33 - - [01/Jun/2026:19:41:55 +0000] "GET /v3/roles/admin HTTP/1.1" 404 83
[Mon Jun 01 19:41:55.523224 2026] [wsgi:error] [pid 9:tid 140591440647872] [remote 10.0.0.33:37946] 2026-06-01 19:41:55.522 9 WARNING keystone.common.rbac_enforcer.enforcer [None req-6b0314a0-fa1c-4fd2-bb85-4f2cd65e9cad aa14218b1acc48e2b08cbb546cb78dbd 566c7b71a02d48698cfd213222a5bcba - - default default] Deprecated policy rules found. Use oslopolicy-policy-generator and oslopolicy-policy-upgrade to detect and resolve deprecated policies in your configuration. 10.0.0.33 - - [01/Jun/2026:19:41:55 +0000] "GET /v3/roles?name=admin HTTP/1.1" 200 389
[Mon Jun 01 19:41:56.121972 2026] [wsgi:error] [pid 10:tid 140591440647872] [remote 10.0.0.33:37946] 2026-06-01 19:41:56.121 10 WARNING keystone.common.rbac_enforcer.enforcer [None req-c8044bd1-16d7-4eda-bd32-45fb06ddfb50 aa14218b1acc48e2b08cbb546cb78dbd 566c7b71a02d48698cfd213222a5bcba - - default default] Deprecated policy rules found. Use oslopolicy-policy-generator and oslopolicy-policy-upgrade to detect and resolve deprecated policies in your configuration. 10.0.0.33 - - [01/Jun/2026:19:41:55 +0000] "GET /v3/users/admin-RegionOne HTTP/1.1" 404 93
[Mon Jun 01 19:41:56.355805 2026] [wsgi:error] [pid 11:tid 140591440647872] [remote 10.0.0.33:37946] 2026-06-01 19:41:56.355 11 WARNING keystone.common.rbac_enforcer.enforcer [None req-08d8ac7b-58fb-4eaa-9957-650237618039 aa14218b1acc48e2b08cbb546cb78dbd 566c7b71a02d48698cfd213222a5bcba - - default default] Deprecated policy rules found. Use oslopolicy-policy-generator and oslopolicy-policy-upgrade to detect and resolve deprecated policies in your configuration. 10.0.0.33 - - [01/Jun/2026:19:41:56 +0000] "GET /v3/users?name=admin-RegionOne HTTP/1.1" 200 422
[Mon Jun 01 19:41:56.626442 2026] [wsgi:error] [pid 12:tid 140591440647872] [remote 10.0.0.33:37946] 2026-06-01 19:41:56.626 12 WARNING keystone.common.rbac_enforcer.enforcer [None req-2adb9c3b-cfb3-4837-a621-1b8ccbb5d8e8 aa14218b1acc48e2b08cbb546cb78dbd 566c7b71a02d48698cfd213222a5bcba - - default default] Deprecated policy rules found. Use oslopolicy-policy-generator and oslopolicy-policy-upgrade to detect and resolve deprecated policies in your configuration. 10.0.0.33 - - [01/Jun/2026:19:41:56 +0000] "GET /v3/domains/default HTTP/1.1" 200 224 10.0.0.33 - - [01/Jun/2026:19:41:56 +0000] "PUT /v3/domains/default/users/aa14218b1acc48e2b08cbb546cb78dbd/roles/9a053bd5b08b43b993d50a84e26a3d5f HTTP/1.1" 204 - 10.0.0.230 - - [01/Jun/2026:19:42:06 +0000] "GET / HTTP/1.1" 300 281 10.0.0.230 - - [01/Jun/2026:19:42:08 +0000] "GET /v3 HTTP/1.1" 200 266
[Mon Jun 01 19:42:08.384028 2026] [wsgi:error] [pid 12:tid 140591440647872] [remote 10.0.0.230:39566] 2026-06-01 19:42:08.383 12 WARNING keystone.common.password_hashing [None req-c8bc2915-ee0b-4772-a301-ce5afbc9228c - - - - - -] Truncating password to algorithm specific maximum length 72 characters.
[Mon Jun 01 19:42:08.666115 2026] [wsgi:error] [pid 12:tid 140591440647872] [remote 10.0.0.230:39566] 2026-06-01 19:42:08.665 12 WARNING keystone.common.fernet_utils [None req-c8bc2915-ee0b-4772-a301-ce5afbc9228c - - - - - -] key_repository is world readable: /etc/keystone/fernet-keys/ 10.0.0.230 - - [01/Jun/2026:19:42:08 +0000] "POST /v3/auth/tokens HTTP/1.1" 201 1360 10.0.0.230 - - [01/Jun/2026:19:42:08 +0000] "GET / HTTP/1.1" 300 281 10.0.0.230 - - [01/Jun/2026:19:42:08 +0000] "GET /v3/domains/atmosphere HTTP/1.1" 404 90 10.0.0.230 - - [01/Jun/2026:19:42:08 +0000] "GET /v3/domains?name=atmosphere HTTP/1.1" 200 370 10.0.0.230 - - [01/Jun/2026:19:42:09 +0000] "GET /v3/domains/e1d27401c2604d36a559b3667534fa3e HTTP/1.1" 200 247 10.0.0.230 - - [01/Jun/2026:19:42:09 +0000] "GET /v3 HTTP/1.1" 200 266
[Mon Jun 01 19:42:09.956391 2026] [wsgi:error] [pid 10:tid 140591440647872] [remote 10.0.0.230:39554] 2026-06-01 19:42:09.955 10 WARNING keystone.common.password_hashing [None req-4d815fcb-d538-42d6-b180-496411e61e8e - - - - - -] Truncating password to algorithm specific maximum length 72 characters.
[Mon Jun 01 19:42:10.229195 2026] [wsgi:error] [pid 10:tid 140591440647872] [remote 10.0.0.230:39554] 2026-06-01 19:42:10.228 10 WARNING keystone.common.fernet_utils [None req-4d815fcb-d538-42d6-b180-496411e61e8e - - - - - -] key_repository is world readable: /etc/keystone/fernet-keys/ 10.0.0.230 - - [01/Jun/2026:19:42:09 +0000] "POST /v3/auth/tokens HTTP/1.1" 201 1360 10.0.0.230 - - [01/Jun/2026:19:42:10 +0000] "GET / HTTP/1.1" 300 281 10.0.0.230 - - [01/Jun/2026:19:42:10 +0000] "GET /v3/OS-FEDERATION/identity_providers/atmosphere HTTP/1.1" 404 101 10.0.0.230 - - [01/Jun/2026:19:42:10 +0000] "GET /v3/OS-FEDERATION/identity_providers HTTP/1.1" 200 156 10.0.0.230 - - [01/Jun/2026:19:42:10 +0000] "PUT /v3/OS-FEDERATION/identity_providers/atmosphere HTTP/1.1" 201 342 10.0.0.230 - - [01/Jun/2026:19:42:11 +0000] "GET /v3 HTTP/1.1" 200 266
[Mon Jun 01 19:42:11.177491 2026] [wsgi:error] [pid 12:tid 140591440647872] [remote 10.0.0.230:39554] 2026-06-01 19:42:11.177 12 WARNING keystone.common.password_hashing [None req-d78df7c6-9088-4f69-8d16-3e0d7bdbed12 - - - - - -] Truncating password to algorithm specific maximum length 72 characters.
[Mon Jun 01 19:42:11.451021 2026] [wsgi:error] [pid 12:tid 140591440647872] [remote 10.0.0.230:39554] 2026-06-01 19:42:11.450 12 WARNING keystone.common.fernet_utils [None req-d78df7c6-9088-4f69-8d16-3e0d7bdbed12 - - - - - -] key_repository is world readable: /etc/keystone/fernet-keys/ 10.0.0.230 - - [01/Jun/2026:19:42:11 +0000] "POST /v3/auth/tokens HTTP/1.1" 201 1360 10.0.0.230 - - [01/Jun/2026:19:42:11 +0000] "GET / HTTP/1.1" 300 281 10.0.0.230 - - [01/Jun/2026:19:42:11 +0000] "GET /v3/OS-FEDERATION/mappings/atmosphere-openid HTTP/1.1" 404 98 10.0.0.230 - - [01/Jun/2026:19:42:11 +0000] "GET /v3/OS-FEDERATION/mappings HTTP/1.1" 200 136 10.0.0.230 - - [01/Jun/2026:19:42:11 +0000] "PUT /v3/OS-FEDERATION/mappings/atmosphere-openid HTTP/1.1" 201 357 10.0.0.230 - - [01/Jun/2026:19:42:12 +0000] "GET /v3 HTTP/1.1" 200 266
[Mon Jun 01 19:42:12.386751 2026] [wsgi:error] [pid 10:tid 140591440647872] [remote 10.0.0.230:39566] 2026-06-01 19:42:12.386 10 WARNING keystone.common.password_hashing [None req-a85a5591-9260-46bb-8be0-5c8fc346a087 - - - - - -] Truncating password to algorithm specific maximum length 72 characters.
[Mon Jun 01 19:42:12.683977 2026] [wsgi:error] [pid 10:tid 140591440647872] [remote 10.0.0.230:39566] 2026-06-01 19:42:12.683 10 WARNING keystone.common.fernet_utils [None req-a85a5591-9260-46bb-8be0-5c8fc346a087 - - - - - -] key_repository is world readable: /etc/keystone/fernet-keys/ 10.0.0.230 - - [01/Jun/2026:19:42:12 +0000] "POST /v3/auth/tokens HTTP/1.1" 201 1360 10.0.0.230 - - [01/Jun/2026:19:42:12 +0000] "GET / HTTP/1.1" 300 281 10.0.0.230 - - [01/Jun/2026:19:42:12 +0000] "GET /v3/OS-FEDERATION/identity_providers/atmosphere/protocols/openid?idp_id=atmosphere HTTP/1.1" 404 131 10.0.0.230 - - [01/Jun/2026:19:42:12 +0000] "GET /v3/OS-FEDERATION/identity_providers/atmosphere/protocols HTTP/1.1" 200 168 10.0.0.230 - - [01/Jun/2026:19:42:12 +0000] "PUT /v3/OS-FEDERATION/identity_providers/atmosphere/protocols/openid HTTP/1.1" 201 224 10.0.0.230 - - [01/Jun/2026:19:42:16 +0000] "GET /v3/ HTTP/1.1" 200 250 10.0.0.230 - - [01/Jun/2026:19:42:16 +0000] "GET /v3/ HTTP/1.1" 200 250 10.0.0.230 - - [01/Jun/2026:19:43:16 +0000] "GET /v3/ HTTP/1.1" 200 250 10.0.0.230 - - [01/Jun/2026:19:43:16 +0000] "GET /v3/ HTTP/1.1" 200 250 10.0.0.98 - - [01/Jun/2026:19:43:38 +0000] "GET / HTTP/1.1" 300 295
[Mon Jun 01 19:43:38.331742 2026] [wsgi:error] [pid 12:tid 140591440647872] [remote 10.0.0.98:33578] 2026-06-01 19:43:38.331 12 WARNING keystone.common.password_hashing [None req-85368a30-1550-40c0-b4f5-4511c4658673 - - - - - -] Truncating password to algorithm specific maximum length 72 characters.
[Mon Jun 01 19:43:38.617375 2026] [wsgi:error] [pid 12:tid 140591440647872] [remote 10.0.0.98:33578] 2026-06-01 19:43:38.617 12 WARNING keystone.common.fernet_utils [None req-85368a30-1550-40c0-b4f5-4511c4658673 - - - - - -] key_repository is world readable: /etc/keystone/fernet-keys/ 10.0.0.98 - - [01/Jun/2026:19:43:38 +0000] "POST /v3/auth/tokens HTTP/1.1" 201 1360 10.0.0.98 - - [01/Jun/2026:19:43:38 +0000] "GET /v3/services HTTP/1.1" 200 355 10.0.0.98 - - [01/Jun/2026:19:43:42 +0000] "GET / HTTP/1.1" 300 295
[Mon Jun 01 19:43:42.310707 2026] [wsgi:error] [pid 11:tid 140591440647872] [remote 10.0.0.98:60582] 2026-06-01 19:43:42.310 11 WARNING keystone.common.password_hashing [None req-36d007c5-ef48-45f6-9e46-099060d0365b - - - - - -] Truncating password to algorithm specific maximum length 72 characters.
[Mon Jun 01 19:43:42.594836 2026] [wsgi:error] [pid 11:tid 140591440647872] [remote 10.0.0.98:60582] 2026-06-01 19:43:42.594 11 WARNING keystone.common.fernet_utils [None req-36d007c5-ef48-45f6-9e46-099060d0365b - - - - - -] key_repository is world readable: /etc/keystone/fernet-keys/ 10.0.0.98 - - [01/Jun/2026:19:43:42 +0000] "POST /v3/auth/tokens HTTP/1.1" 201 1360 10.0.0.98 - - [01/Jun/2026:19:43:42 +0000] "GET /v3/services HTTP/1.1" 200 355 10.0.0.98 - - [01/Jun/2026:19:43:46 +0000] "GET / HTTP/1.1" 300 295
[Mon Jun 01 19:43:46.155456 2026] [wsgi:error] [pid 9:tid 140591440647872] [remote 10.0.0.98:60588] 2026-06-01 19:43:46.154 9 WARNING keystone.common.password_hashing [None req-f46daf48-c2bb-44ea-b22c-208c69f3f548 - - - - - -] Truncating password to algorithm specific maximum length 72 characters.
[Mon Jun 01 19:43:46.443203 2026] [wsgi:error] [pid 9:tid 140591440647872] [remote 10.0.0.98:60588] 2026-06-01 19:43:46.443 9 WARNING keystone.common.fernet_utils [None req-f46daf48-c2bb-44ea-b22c-208c69f3f548 - - - - - -] key_repository is world readable: /etc/keystone/fernet-keys/ 10.0.0.98 - - [01/Jun/2026:19:43:46 +0000] "POST /v3/auth/tokens HTTP/1.1" 201 1360 10.0.0.98 - - [01/Jun/2026:19:43:46 +0000] "GET /v3/services HTTP/1.1" 200 355 10.0.0.98 - - [01/Jun/2026:19:43:50 +0000] "GET / HTTP/1.1" 300 295
[Mon Jun 01 19:43:50.094166 2026] [wsgi:error] [pid 10:tid 140591440647872] [remote 10.0.0.98:60592] 2026-06-01 19:43:50.093 10 WARNING keystone.common.password_hashing [None req-c25605b4-c60f-4b87-a3ff-b18ee18cdb13 - - - - - -] Truncating password to algorithm specific maximum length 72 characters.
[Mon Jun 01 19:43:50.374472 2026] [wsgi:error] [pid 10:tid 140591440647872] [remote 10.0.0.98:60592] 2026-06-01 19:43:50.374 10 WARNING keystone.common.fernet_utils [None req-c25605b4-c60f-4b87-a3ff-b18ee18cdb13 - - - - - -] key_repository is world readable: /etc/keystone/fernet-keys/ 10.0.0.98 - - [01/Jun/2026:19:43:50 +0000] "POST /v3/auth/tokens HTTP/1.1" 201 1360 10.0.0.98 - - [01/Jun/2026:19:43:50 +0000] "POST /v3/services HTTP/1.1" 201 296 10.0.0.214 - - [01/Jun/2026:19:44:02 +0000] "GET / HTTP/1.1" 300 295
[Mon Jun 01 19:44:02.587381 2026] [wsgi:error] [pid 12:tid 140591440647872] [remote 10.0.0.214:45550] 2026-06-01 19:44:02.587 12 WARNING keystone.common.password_hashing [None req-929417a6-f661-4eac-80a2-cc12f8e69bb3 - - - - - -] Truncating password to algorithm specific maximum length 72 characters. 10.0.0.214 - - [01/Jun/2026:19:44:02 +0000] "GET / HTTP/1.1" 300 295
[Mon Jun 01 19:44:02.807308 2026] [wsgi:error] [pid 9:tid 140591440647872] [remote 10.0.0.214:45566] 2026-06-01 19:44:02.806 9 WARNING keystone.common.password_hashing [None req-e3010fa5-19dc-48ce-905b-5b28a2f9391a - - - - - -] Truncating password to algorithm specific maximum length 72 characters. 10.0.0.214 - - [01/Jun/2026:19:44:02 +0000] "GET / HTTP/1.1" 300 295
[Mon Jun 01 19:44:02.831879 2026] [wsgi:error] [pid 10:tid 140591440647872] [remote 10.0.0.214:45578] 2026-06-01 19:44:02.831 10 WARNING keystone.common.password_hashing [None req-e37c1b13-5f5b-4fd2-9047-e0dd45d9abdf - - - - - -] Truncating password to algorithm specific maximum length 72 characters.
[Mon Jun 01 19:44:02.869375 2026] [wsgi:error] [pid 12:tid 140591440647872] [remote 10.0.0.214:45550] 2026-06-01 19:44:02.869 12 WARNING keystone.common.fernet_utils [None req-929417a6-f661-4eac-80a2-cc12f8e69bb3 - - - - - -] key_repository is world readable: /etc/keystone/fernet-keys/ 10.0.0.214 - - [01/Jun/2026:19:44:02 +0000] "POST /v3/auth/tokens HTTP/1.1" 201 1464 10.0.0.214 - - [01/Jun/2026:19:44:02 +0000] "GET /v3/services HTTP/1.1" 200 639
[Mon Jun 01 19:44:03.095095 2026] [wsgi:error] [pid 9:tid 140591440647872] [remote 10.0.0.214:45566] 2026-06-01 19:44:03.094 9 WARNING keystone.common.fernet_utils [None req-e3010fa5-19dc-48ce-905b-5b28a2f9391a - - - - - -] key_repository is world readable: /etc/keystone/fernet-keys/ 10.0.0.214 - - [01/Jun/2026:19:44:02 +0000] "POST /v3/auth/tokens HTTP/1.1" 201 1464
[Mon Jun 01 19:44:03.123705 2026] [wsgi:error] [pid 10:tid 140591440647872] [remote 10.0.0.214:45578] 2026-06-01 19:44:03.123 10 WARNING keystone.common.fernet_utils [None req-e37c1b13-5f5b-4fd2-9047-e0dd45d9abdf - - - - - -] key_repository is world readable: /etc/keystone/fernet-keys/ 10.0.0.214 - - [01/Jun/2026:19:44:02 +0000] "POST /v3/auth/tokens HTTP/1.1" 201 1464 10.0.0.214 - - [01/Jun/2026:19:44:03 +0000] "GET /v3/services HTTP/1.1" 200 639 10.0.0.214 - - [01/Jun/2026:19:44:03 +0000] "GET /v3/services HTTP/1.1" 200 639 10.0.0.214 - - [01/Jun/2026:19:44:04 +0000] "GET / HTTP/1.1" 300 295
[Mon Jun 01 19:44:04.526581 2026] [wsgi:error] [pid 10:tid 140591440647872] [remote 10.0.0.214:45592] 2026-06-01 19:44:04.526 10 WARNING keystone.common.password_hashing [None req-e57df205-dd0e-4a93-8022-13612c717844 - - - - - -] Truncating password to algorithm specific maximum length 72 characters. 10.0.0.214 - - [01/Jun/2026:19:44:04 +0000] "GET / HTTP/1.1" 300 295
[Mon Jun 01 19:44:04.770417 2026] [wsgi:error] [pid 11:tid 140591440647872] [remote 10.0.0.214:45604] 2026-06-01 19:44:04.770 11 WARNING keystone.common.password_hashing [None req-60458279-2116-4a9d-8e34-62f1f1ff925c - - - - - -] Truncating password to algorithm specific maximum length 72 characters. 10.0.0.214 - - [01/Jun/2026:19:44:04 +0000] "GET / HTTP/1.1" 300 295
[Mon Jun 01 19:44:04.804870 2026] [wsgi:error] [pid 12:tid 140591440647872] [remote 10.0.0.214:45612] 2026-06-01 19:44:04.804 12 WARNING keystone.common.password_hashing [None req-a50fe311-06ad-4ef7-9100-c857428dbb72 - - - - - -] Truncating password to algorithm specific maximum length 72 characters.
[Mon Jun 01 19:44:04.814884 2026] [wsgi:error] [pid 10:tid 140591440647872] [remote 10.0.0.214:45592] 2026-06-01 19:44:04.814 10 WARNING keystone.common.fernet_utils [None req-e57df205-dd0e-4a93-8022-13612c717844 - - - - - -] key_repository is world readable: /etc/keystone/fernet-keys/ 10.0.0.214 - - [01/Jun/2026:19:44:04 +0000] "POST /v3/auth/tokens HTTP/1.1" 201 1464 10.0.0.214 - - [01/Jun/2026:19:44:04 +0000] "GET /v3/endpoints HTTP/1.1" 200 1227 10.0.0.214 - - [01/Jun/2026:19:44:04 +0000] "GET /v3/services/6fde0784cd8f48ba87b50896ac2e77e3 HTTP/1.1" 200 233 10.0.0.214 - - [01/Jun/2026:19:44:04 +0000] "GET /v3/services/6fde0784cd8f48ba87b50896ac2e77e3 HTTP/1.1" 200 233
[Mon Jun 01 19:44:05.058333 2026] [wsgi:error] [pid 11:tid 140591440647872] [remote 10.0.0.214:45604] 2026-06-01 19:44:05.058 11 WARNING keystone.common.fernet_utils [None req-60458279-2116-4a9d-8e34-62f1f1ff925c - - - - - -] key_repository is world readable: /etc/keystone/fernet-keys/ 10.0.0.214 - - [01/Jun/2026:19:44:05 +0000] "GET /v3/services/6fde0784cd8f48ba87b50896ac2e77e3 HTTP/1.1" 200 233 10.0.0.214 - - [01/Jun/2026:19:44:04 +0000] "POST /v3/auth/tokens HTTP/1.1" 201 1464
[Mon Jun 01 19:44:05.147831 2026] [wsgi:error] [pid 12:tid 140591440647872] [remote 10.0.0.214:45612] 2026-06-01 19:44:05.147 12 WARNING keystone.common.fernet_utils [None req-a50fe311-06ad-4ef7-9100-c857428dbb72 - - - - - -] key_repository is world readable: /etc/keystone/fernet-keys/ 10.0.0.214 - - [01/Jun/2026:19:44:04 +0000] "POST /v3/auth/tokens HTTP/1.1" 201 1464 10.0.0.214 - - [01/Jun/2026:19:44:05 +0000] "GET /v3/endpoints HTTP/1.1" 200 1227 10.0.0.214 - - [01/Jun/2026:19:44:05 +0000] "GET /v3/services/6fde0784cd8f48ba87b50896ac2e77e3 HTTP/1.1" 200 233 10.0.0.214 - - [01/Jun/2026:19:44:05 +0000] "GET /v3/services/6fde0784cd8f48ba87b50896ac2e77e3 HTTP/1.1" 200 233 10.0.0.214 - - [01/Jun/2026:19:44:05 +0000] "GET /v3/services/6fde0784cd8f48ba87b50896ac2e77e3 HTTP/1.1" 200 233 10.0.0.214 - - [01/Jun/2026:19:44:05 +0000] "GET /v3/endpoints HTTP/1.1" 200 1227 10.0.0.214 - - [01/Jun/2026:19:44:05 +0000] "GET /v3/services/6fde0784cd8f48ba87b50896ac2e77e3 HTTP/1.1" 200 233 10.0.0.214 - - [01/Jun/2026:19:44:05 +0000] "GET /v3/services/6fde0784cd8f48ba87b50896ac2e77e3 HTTP/1.1" 200 233 10.0.0.214 - - [01/Jun/2026:19:44:05 +0000] "GET /v3/services/6fde0784cd8f48ba87b50896ac2e77e3 HTTP/1.1" 200 233 10.0.0.214 - - [01/Jun/2026:19:44:06 +0000] "GET / HTTP/1.1" 300 295
[Mon Jun 01 19:44:06.480690 2026] [wsgi:error] [pid 10:tid 140591440647872] [remote 10.0.0.214:45620] 2026-06-01 19:44:06.480 10 WARNING keystone.common.password_hashing [None req-02aa184f-8a88-4a8b-bb6f-d40080286b5f - - - - - -] Truncating password to algorithm specific maximum length 72 characters. 10.0.0.214 - - [01/Jun/2026:19:44:06 +0000] "GET / HTTP/1.1" 300 295
[Mon Jun 01 19:44:06.736245 2026] [wsgi:error] [pid 12:tid 140591440647872] [remote 10.0.0.214:45636] 2026-06-01 19:44:06.735 12 WARNING keystone.common.password_hashing [None req-418e9cd8-8711-49a6-9c45-d63d8c15caaf - - - - - -] Truncating password to algorithm specific maximum length 72 characters.
[Mon Jun 01 19:44:06.760470 2026] [wsgi:error] [pid 10:tid 140591440647872] [remote 10.0.0.214:45620] 2026-06-01 19:44:06.760 10 WARNING keystone.common.fernet_utils [None req-02aa184f-8a88-4a8b-bb6f-d40080286b5f - - - - - -] key_repository is world readable: /etc/keystone/fernet-keys/ 10.0.0.214 - - [01/Jun/2026:19:44:06 +0000] "POST /v3/auth/tokens HTTP/1.1" 201 1464 10.0.0.214 - - [01/Jun/2026:19:44:06 +0000] "GET / HTTP/1.1" 300 295
[Mon Jun 01 19:44:06.800832 2026] [wsgi:error] [pid 11:tid 140591440647872] [remote 10.0.0.214:45642] 2026-06-01 19:44:06.800 11 WARNING keystone.common.password_hashing [None req-c04aa17e-a496-48f0-83fa-fd24cc8f45cd - - - - - -] Truncating password to algorithm specific maximum length 72 characters. 10.0.0.214 - - [01/Jun/2026:19:44:06 +0000] "GET /v3/services/ffc091f08c5e423d985e2eb2d70b9351 HTTP/1.1" 200 296 10.0.0.214 - - [01/Jun/2026:19:44:06 +0000] "GET /v3/regions/RegionOne HTTP/1.1" 200 173
[Mon Jun 01 19:44:07.010525 2026] [wsgi:error] [pid 12:tid 140591440647872] [remote 10.0.0.214:45636] 2026-06-01 19:44:07.010 12 WARNING keystone.common.fernet_utils [None req-418e9cd8-8711-49a6-9c45-d63d8c15caaf - - - - - -] key_repository is world readable: /etc/keystone/fernet-keys/ 10.0.0.214 - - [01/Jun/2026:19:44:06 +0000] "POST /v3/auth/tokens HTTP/1.1" 201 1464
[Mon Jun 01 19:44:07.086948 2026] [wsgi:error] [pid 11:tid 140591440647872] [remote 10.0.0.214:45642] 2026-06-01 19:44:07.086 11 WARNING keystone.common.fernet_utils [None req-c04aa17e-a496-48f0-83fa-fd24cc8f45cd - - - - - -] key_repository is world readable: /etc/keystone/fernet-keys/ 10.0.0.214 - - [01/Jun/2026:19:44:06 +0000] "POST /v3/auth/tokens HTTP/1.1" 201 1464 10.0.0.214 - - [01/Jun/2026:19:44:06 +0000] "POST /v3/endpoints HTTP/1.1" 201 380 10.0.0.214 - - [01/Jun/2026:19:44:07 +0000] "GET /v3/services/ffc091f08c5e423d985e2eb2d70b9351 HTTP/1.1" 200 296 10.0.0.214 - - [01/Jun/2026:19:44:07 +0000] "GET /v3/regions/RegionOne HTTP/1.1" 200 173 10.0.0.214 - - [01/Jun/2026:19:44:07 +0000] "GET /v3/services/ffc091f08c5e423d985e2eb2d70b9351 HTTP/1.1" 200 296 10.0.0.214 - - [01/Jun/2026:19:44:07 +0000] "GET /v3/regions/RegionOne HTTP/1.1" 200 173 10.0.0.214 - - [01/Jun/2026:19:44:07 +0000] "POST /v3/endpoints HTTP/1.1" 201 370 10.0.0.214 - - [01/Jun/2026:19:44:07 +0000] "POST /v3/endpoints HTTP/1.1" 201 383 10.0.0.214 - - [01/Jun/2026:19:44:08 +0000] "GET / HTTP/1.1" 300 295
[Mon Jun 01 19:44:08.602565 2026] [wsgi:error] [pid 9:tid 140591440647872] [remote 10.0.0.214:45646] 2026-06-01 19:44:08.602 9 WARNING keystone.common.password_hashing [None req-7798ba5b-9730-42a8-9f5a-f9b3b4098375 - - - - - -] Truncating password to algorithm specific maximum length 72 characters. 10.0.0.214 - - [01/Jun/2026:19:44:08 +0000] "GET / HTTP/1.1" 300 295
[Mon Jun 01 19:44:08.782941 2026] [wsgi:error] [pid 12:tid 140591440647872] [remote 10.0.0.214:45660] 2026-06-01 19:44:08.782 12 WARNING keystone.common.password_hashing [None req-79b2d4d6-c34c-417a-beb5-6c6e228274aa - - - - - -] Truncating password to algorithm specific maximum length 72 characters. 10.0.0.214 - - [01/Jun/2026:19:44:08 +0000] "GET / HTTP/1.1" 300 295
[Mon Jun 01 19:44:08.865077 2026] [wsgi:error] [pid 11:tid 140591440647872] [remote 10.0.0.214:45672] 2026-06-01 19:44:08.864 11 WARNING keystone.common.password_hashing [None req-7bbf8477-c5b9-477d-883f-dc22c0cad282 - - - - - -] Truncating password to algorithm specific maximum length 72 characters.
[Mon Jun 01 19:44:08.880900 2026] [wsgi:error] [pid 9:tid 140591440647872] [remote 10.0.0.214:45646] 2026-06-01 19:44:08.880 9 WARNING keystone.common.fernet_utils [None req-7798ba5b-9730-42a8-9f5a-f9b3b4098375 - - - - - -] key_repository is world readable: /etc/keystone/fernet-keys/ 10.0.0.214 - - [01/Jun/2026:19:44:08 +0000] "POST /v3/auth/tokens HTTP/1.1" 201 1992 10.0.0.214 - - [01/Jun/2026:19:44:08 +0000] "GET /v3/endpoints/557d58e132fc4e69bfd8b429f4018e25 HTTP/1.1" 200 380 10.0.0.214 - - [01/Jun/2026:19:44:09 +0000] "GET /v3/services/ffc091f08c5e423d985e2eb2d70b9351 HTTP/1.1" 200 296
[Mon Jun 01 19:44:09.063950 2026] [wsgi:error] [pid 12:tid 140591440647872] [remote 10.0.0.214:45660] 2026-06-01 19:44:09.063 12 WARNING keystone.common.fernet_utils [None req-79b2d4d6-c34c-417a-beb5-6c6e228274aa - - - - - -] key_repository is world readable: /etc/keystone/fernet-keys/ 10.0.0.214 - - [01/Jun/2026:19:44:08 +0000] "POST /v3/auth/tokens HTTP/1.1" 201 1992
[Mon Jun 01 19:44:09.144556 2026] [wsgi:error] [pid 11:tid 140591440647872] [remote 10.0.0.214:45672] 2026-06-01 19:44:09.144 11 WARNING keystone.common.fernet_utils [None req-7bbf8477-c5b9-477d-883f-dc22c0cad282 - - - - - -] key_repository is world readable: /etc/keystone/fernet-keys/ 10.0.0.214 - - [01/Jun/2026:19:44:08 +0000] "POST /v3/auth/tokens HTTP/1.1" 201 1992 10.0.0.214 - - [01/Jun/2026:19:44:09 +0000] "GET /v3/endpoints/2e695305f0cc4980ad45cdc02f1b314f HTTP/1.1" 200 370 10.0.0.214 - - [01/Jun/2026:19:44:09 +0000] "GET /v3/services/ffc091f08c5e423d985e2eb2d70b9351 HTTP/1.1" 200 296 10.0.0.214 - - [01/Jun/2026:19:44:09 +0000] "GET /v3/endpoints/f0858243d1174986b6646abf5dfa0151 HTTP/1.1" 200 383 10.0.0.214 - - [01/Jun/2026:19:44:09 +0000] "GET /v3/services/ffc091f08c5e423d985e2eb2d70b9351 HTTP/1.1" 200 296 10.0.0.230 - - [01/Jun/2026:19:44:16 +0000] "GET /v3/ HTTP/1.1" 200 250 10.0.0.230 - - [01/Jun/2026:19:44:16 +0000] "GET /v3/ HTTP/1.1" 200 250 10.0.0.76 - - [01/Jun/2026:19:44:20 +0000] "GET / HTTP/1.1" 300 295
[Mon Jun 01 19:44:20.740973 2026] [wsgi:error] [pid 11:tid 140591440647872] [remote 10.0.0.76:45480] 2026-06-01 19:44:20.740 11 WARNING keystone.common.password_hashing [None req-3c238994-1671-4ae9-82aa-660175cc4a68 - - - - - -] Truncating password to algorithm specific maximum length 72 characters.
[Mon Jun 01 19:44:21.033747 2026] [wsgi:error] [pid 11:tid 140591440647872] [remote 10.0.0.76:45480] 2026-06-01 19:44:21.033 11 WARNING keystone.common.fernet_utils [None req-3c238994-1671-4ae9-82aa-660175cc4a68 - - - - - -] key_repository is world readable: /etc/keystone/fernet-keys/ 10.0.0.76 - - [01/Jun/2026:19:44:20 +0000] "POST /v3/auth/tokens HTTP/1.1" 201 1992 10.0.0.76 - - [01/Jun/2026:19:44:21 +0000] "POST /v3/domains HTTP/1.1" 201 284 10.0.0.76 - - [01/Jun/2026:19:44:22 +0000] "GET / HTTP/1.1" 300 295
[Mon Jun 01 19:44:22.801100 2026] [wsgi:error] [pid 12:tid 140591440647872] [remote 10.0.0.76:57296] 2026-06-01 19:44:22.800 12 WARNING keystone.common.password_hashing [None req-4ad7545a-9ab9-4111-903a-cef5809b4847 - - - - - -] Truncating password to algorithm specific maximum length 72 characters.
[Mon Jun 01 19:44:23.088484 2026] [wsgi:error] [pid 12:tid 140591440647872] [remote 10.0.0.76:57296] 2026-06-01 19:44:23.088 12 WARNING keystone.common.fernet_utils [None req-4ad7545a-9ab9-4111-903a-cef5809b4847 - - - - - -] key_repository is world readable: /etc/keystone/fernet-keys/ 10.0.0.76 - - [01/Jun/2026:19:44:22 +0000] "POST /v3/auth/tokens HTTP/1.1" 201 1992
[Mon Jun 01 19:44:23.280880 2026] [wsgi:error] [pid 11:tid 140591440647872] [remote 10.0.0.76:57296] 2026-06-01 19:44:23.266 11 ERROR keystone.server.flask.application [None req-3669b5f8-6db6-45e7-acfc-33d65fdb5b91 aa14218b1acc48e2b08cbb546cb78dbd 566c7b71a02d48698cfd213222a5bcba - - default default] Conflict occurred attempting to store project - it is not permitted to have two projects acting as domains with the same name: service.: keystone.exception.Conflict: Conflict occurred attempting to store project - it is not permitted to have two projects acting as domains with the same name: service.
[Mon Jun 01 19:44:23.280907 2026] [wsgi:error] [pid 11:tid 140591440647872] [remote 10.0.0.76:57296] 2026-06-01 19:44:23.266 11 ERROR keystone.server.flask.application
Traceback (most recent call last):
[Mon Jun 01 19:44:23.280909 2026] [wsgi:error] [pid 11:tid 140591440647872] [remote 10.0.0.76:57296] 2026-06-01 19:44:23.266 11 ERROR keystone.server.flask.application
File "/var/lib/openstack/lib/python3.12/site-packages/sqlalchemy/engine/base.py", line 1967, in _exec_single_context
[Mon Jun 01 19:44:23.280911 2026] [wsgi:error] [pid 11:tid 140591440647872] [remote 10.0.0.76:57296] 2026-06-01 19:44:23.266 11 ERROR keystone.server.flask.application self.dialect.do_execute(
[Mon Jun 01 19:44:23.280912 2026] [wsgi:error] [pid 11:tid 140591440647872] [remote 10.0.0.76:57296] 2026-06-01 19:44:23.266 11 ERROR keystone.server.flask.application
File "/var/lib/openstack/lib/python3.12/site-packages/sqlalchemy/engine/default.py", line 952, in do_execute
[Mon Jun 01 19:44:23.280914 2026] [wsgi:error] [pid 11:tid 140591440647872] [remote 10.0.0.76:57296] 2026-06-01 19:44:23.266 11 ERROR keystone.server.flask.application cursor.execute(statement, parameters)
[Mon Jun 01 19:44:23.280916 2026] [wsgi:error] [pid 11:tid 140591440647872] [remote 10.0.0.76:57296] 2026-06-01 19:44:23.266 11 ERROR keystone.server.flask.application
File "/var/lib/openstack/lib/python3.12/site-packages/pymysql/cursors.py", line 159, in execute
[Mon Jun 01 19:44:23.280917 2026] [wsgi:error] [pid 11:tid 140591440647872] [remote 10.0.0.76:57296] 2026-06-01 19:44:23.266 11 ERROR keystone.server.flask.application result = self._query(query)
[Mon Jun 01 19:44:23.280919 2026] [wsgi:error] [pid 11:tid 140591440647872] [remote 10.0.0.76:57296] 2026-06-01 19:44:23.266 11 ERROR keystone.server.flask.application ^^^^^^^^^^^^^^^^^^
[Mon Jun 01 19:44:23.280920 2026] [wsgi:error] [pid 11:tid 140591440647872] [remote 10.0.0.76:57296] 2026-06-01 19:44:23.266 11 ERROR keystone.server.flask.application
File "/var/lib/openstack/lib/python3.12/site-packages/pymysql/cursors.py", line 330, in _query
[Mon Jun 01 19:44:23.280921 2026] [wsgi:error] [pid 11:tid 140591440647872] [remote 10.0.0.76:57296] 2026-06-01 19:44:23.266 11 ERROR keystone.server.flask.application conn.query(q)
[Mon Jun 01 19:44:23.280923 2026] [wsgi:error] [pid 11:tid 140591440647872] [remote 10.0.0.76:57296] 2026-06-01 19:44:23.266 11 ERROR keystone.server.flask.application
File "/var/lib/openstack/lib/python3.12/site-packages/pymysql/connections.py", line 582, in query
[Mon Jun 01 19:44:23.280925 2026] [wsgi:error] [pid 11:tid 140591440647872] [remote 10.0.0.76:57296] 2026-06-01 19:44:23.266 11 ERROR keystone.server.flask.application self._affected_rows = self._read_query_result(unbuffered=unbuffered)
[Mon Jun 01 19:44:23.280926 2026] [wsgi:error] [pid 11:tid 140591440647872] [remote 10.0.0.76:57296] 2026-06-01 19:44:23.266 11 ERROR keystone.server.flask.application ^^^^^^^^^^^^^^^^^^^^^^^^^^^^^^^^^^^^^^^^^^^^^^
[Mon Jun 01 19:44:23.280928 2026] [wsgi:error] [pid 11:tid 140591440647872] [remote 10.0.0.76:57296] 2026-06-01 19:44:23.266 11 ERROR keystone.server.flask.application
File "/var/lib/openstack/lib/python3.12/site-packages/pymysql/connections.py", line 847, in _read_query_result
[Mon Jun 01 19:44:23.280930 2026] [wsgi:error] [pid 11:tid 140591440647872] [remote 10.0.0.76:57296] 2026-06-01 19:44:23.266 11 ERROR keystone.server.flask.application result.read()
[Mon Jun 01 19:44:23.280934 2026] [wsgi:error] [pid 11:tid 140591440647872] [remote 10.0.0.76:57296] 2026-06-01 19:44:23.266 11 ERROR keystone.server.flask.application
File "/var/lib/openstack/lib/python3.12/site-packages/pymysql/connections.py", line 1245, in read
[Mon Jun 01 19:44:23.280935 2026] [wsgi:error] [pid 11:tid 140591440647872] [remote 10.0.0.76:57296] 2026-06-01 19:44:23.266 11 ERROR keystone.server.flask.application first_packet = self.connection._read_packet()
[Mon Jun 01 19:44:23.280936 2026] [wsgi:error] [pid 11:tid 140591440647872] [remote 10.0.0.76:57296] 2026-06-01 19:44:23.266 11 ERROR keystone.server.flask.application ^^^^^^^^^^^^^^^^^^^^^^^^^^^^^^
[Mon Jun 01 19:44:23.280938 2026] [wsgi:error] [pid 11:tid 140591440647872] [remote 10.0.0.76:57296] 2026-06-01 19:44:23.266 11 ERROR keystone.server.flask.application
File "/var/lib/openstack/lib/python3.12/site-packages/pymysql/connections.py", line 803, in _read_packet
[Mon Jun 01 19:44:23.280939 2026] [wsgi:error] [pid 11:tid 140591440647872] [remote 10.0.0.76:57296] 2026-06-01 19:44:23.266 11 ERROR keystone.server.flask.application packet.raise_for_error()
[Mon Jun 01 19:44:23.280941 2026] [wsgi:error] [pid 11:tid 140591440647872] [remote 10.0.0.76:57296] 2026-06-01 19:44:23.266 11 ERROR keystone.server.flask.application
File "/var/lib/openstack/lib/python3.12/site-packages/pymysql/protocol.py", line 219, in raise_for_error
[Mon Jun 01 19:44:23.280942 2026] [wsgi:error] [pid 11:tid 140591440647872] [remote 10.0.0.76:57296] 2026-06-01 19:44:23.266 11 ERROR keystone.server.flask.application err.raise_mysql_exception(self._data)
[Mon Jun 01 19:44:23.280943 2026] [wsgi:error] [pid 11:tid 140591440647872] [remote 10.0.0.76:57296] 2026-06-01 19:44:23.266 11 ERROR keystone.server.flask.application
File "/var/lib/openstack/lib/python3.12/site-packages/pymysql/err.py", line 154, in raise_mysql_exception
[Mon Jun 01 19:44:23.280945 2026] [wsgi:error] [pid 11:tid 140591440647872] [remote 10.0.0.76:57296] 2026-06-01 19:44:23.266 11 ERROR keystone.server.flask.application raise errorclass(errno, errval, sqlstate=sqlstate)
[Mon Jun 01 19:44:23.280947 2026] [wsgi:error] [pid 11:tid 140591440647872] [remote 10.0.0.76:57296] 2026-06-01 19:44:23.266 11 ERROR keystone.server.flask.application pymysql.err.IntegrityError: (1062, "Duplicate entry '<>-service' for key 'project.ixu_project_name_domain_id'")
[Mon Jun 01 19:44:23.280949 2026] [wsgi:error] [pid 11:tid 140591440647872] [remote 10.0.0.76:57296] 2026-06-01 19:44:23.266 11 ERROR keystone.server.flask.application
[Mon Jun 01 19:44:23.280950 2026] [wsgi:error] [pid 11:tid 140591440647872] [remote 10.0.0.76:57296] 2026-06-01 19:44:23.266 11 ERROR keystone.server.flask.application The above exception was the direct cause of the following exception:
[Mon Jun 01 19:44:23.280951 2026] [wsgi:error] [pid 11:tid 140591440647872] [remote 10.0.0.76:57296] 2026-06-01 19:44:23.266 11 ERROR keystone.server.flask.application
[Mon Jun 01 19:44:23.280953 2026] [wsgi:error] [pid 11:tid 140591440647872] [remote 10.0.0.76:57296] 2026-06-01 19:44:23.266 11 ERROR keystone.server.flask.application
Traceback (most recent call last):
[Mon Jun 01 19:44:23.280954 2026] [wsgi:error] [pid 11:tid 140591440647872] [remote 10.0.0.76:57296] 2026-06-01 19:44:23.266 11 ERROR keystone.server.flask.application
File "/var/lib/openstack/lib/python3.12/site-packages/keystone/common/sql/core.py", line 575, in wrapper
[Mon Jun 01 19:44:23.280955 2026] [wsgi:error] [pid 11:tid 140591440647872] [remote 10.0.0.76:57296] 2026-06-01 19:44:23.266 11 ERROR keystone.server.flask.application return method(*args, **kwargs)
[Mon Jun 01 19:44:23.280966 2026] [wsgi:error] [pid 11:tid 140591440647872] [remote 10.0.0.76:57296] 2026-06-01 19:44:23.266 11 ERROR keystone.server.flask.application ^^^^^^^^^^^^^^^^^^^^^^^
[Mon Jun 01 19:44:23.280967 2026] [wsgi:error] [pid 11:tid 140591440647872] [remote 10.0.0.76:57296] 2026-06-01 19:44:23.266 11 ERROR keystone.server.flask.application
File "/var/lib/openstack/lib/python3.12/site-packages/keystone/resource/backends/sql.py", line 278, in create_project
[Mon Jun 01 19:44:23.280969 2026] [wsgi:error] [pid 11:tid 140591440647872] [remote 10.0.0.76:57296] 2026-06-01 19:44:23.266 11 ERROR keystone.server.flask.application with sql.session_for_write() as session:
[Mon Jun 01 19:44:23.280971 2026] [wsgi:error] [pid 11:tid 140591440647872] [remote 10.0.0.76:57296] 2026-06-01 19:44:23.266 11 ERROR keystone.server.flask.application
File "/usr/lib/python3.12/contextlib.py", line 144, in __exit__
[Mon Jun 01 19:44:23.280972 2026] [wsgi:error] [pid 11:tid 140591440647872] [remote 10.0.0.76:57296] 2026-06-01 19:44:23.266 11 ERROR keystone.server.flask.application next(self.gen)
[Mon Jun 01 19:44:23.280974 2026] [wsgi:error] [pid 11:tid 140591440647872] [remote 10.0.0.76:57296] 2026-06-01 19:44:23.266 11 ERROR keystone.server.flask.application
File "/var/lib/openstack/lib/python3.12/site-packages/oslo_db/sqlalchemy/enginefacade.py", line 1175, in _transaction_scope
[Mon Jun 01 19:44:23.280975 2026] [wsgi:error] [pid 11:tid 140591440647872] [remote 10.0.0.76:57296] 2026-06-01 19:44:23.266 11 ERROR keystone.server.flask.application with current._produce_block(
[Mon Jun 01 19:44:23.280977 2026] [wsgi:error] [pid 11:tid 140591440647872] [remote 10.0.0.76:57296] 2026-06-01 19:44:23.266 11 ERROR keystone.server.flask.application
File "/usr/lib/python3.12/contextlib.py", line 144, in __exit__
[Mon Jun 01 19:44:23.280978 2026] [wsgi:error] [pid 11:tid 140591440647872] [remote 10.0.0.76:57296] 2026-06-01 19:44:23.266 11 ERROR keystone.server.flask.application next(self.gen)
[Mon Jun 01 19:44:23.280980 2026] [wsgi:error] [pid 11:tid 140591440647872] [remote 10.0.0.76:57296] 2026-06-01 19:44:23.266 11 ERROR keystone.server.flask.application
File "/var/lib/openstack/lib/python3.12/site-packages/oslo_db/sqlalchemy/enginefacade.py", line 837, in _session
[Mon Jun 01 19:44:23.280981 2026] [wsgi:error] [pid 11:tid 140591440647872] [remote 10.0.0.76:57296] 2026-06-01 19:44:23.266 11 ERROR keystone.server.flask.application with excutils.save_and_reraise_exception():
[Mon Jun 01 19:44:23.280983 2026] [wsgi:error] [pid 11:tid 140591440647872] [remote 10.0.0.76:57296] 2026-06-01 19:44:23.266 11 ERROR keystone.server.flask.application
File "/var/lib/openstack/lib/python3.12/site-packages/oslo_utils/excutils.py", line 266, in __exit__
[Mon Jun 01 19:44:23.280984 2026] [wsgi:error] [pid 11:tid 140591440647872] [remote 10.0.0.76:57296] 2026-06-01 19:44:23.266 11 ERROR keystone.server.flask.application self.force_reraise()
[Mon Jun 01 19:44:23.280986 2026] [wsgi:error] [pid 11:tid 140591440647872] [remote 10.0.0.76:57296] 2026-06-01 19:44:23.266 11 ERROR keystone.server.flask.application
File "/var/lib/openstack/lib/python3.12/site-packages/oslo_utils/excutils.py", line 232, in force_reraise
[Mon Jun 01 19:44:23.280988 2026] [wsgi:error] [pid 11:tid 140591440647872] [remote 10.0.0.76:57296] 2026-06-01 19:44:23.266 11 ERROR keystone.server.flask.application raise self.value
[Mon Jun 01 19:44:23.280989 2026] [wsgi:error] [pid 11:tid 140591440647872] [remote 10.0.0.76:57296] 2026-06-01 19:44:23.266 11 ERROR keystone.server.flask.application
File "/var/lib/openstack/lib/python3.12/site-packages/oslo_db/sqlalchemy/enginefacade.py", line 835, in _session
[Mon Jun 01 19:44:23.280991 2026] [wsgi:error] [pid 11:tid 140591440647872] [remote 10.0.0.76:57296] 2026-06-01 19:44:23.266 11 ERROR keystone.server.flask.application self._end_session_transaction(self.session)
[Mon Jun 01 19:44:23.280995 2026] [wsgi:error] [pid 11:tid 140591440647872] [remote 10.0.0.76:57296] 2026-06-01 19:44:23.266 11 ERROR keystone.server.flask.application
File "/var/lib/openstack/lib/python3.12/site-packages/oslo_db/sqlalchemy/enginefacade.py", line 748, in _end_session_transaction
[Mon Jun 01 19:44:23.280999 2026] [wsgi:error] [pid 11:tid 140591440647872] [remote 10.0.0.76:57296] 2026-06-01 19:44:23.266 11 ERROR keystone.server.flask.application session.commit()
[Mon Jun 01 19:44:23.281001 2026] [wsgi:error] [pid 11:tid 140591440647872] [remote 10.0.0.76:57296] 2026-06-01 19:44:23.266 11 ERROR keystone.server.flask.application
File "/var/lib/openstack/lib/python3.12/site-packages/sqlalchemy/orm/session.py", line 2030, in commit
[Mon Jun 01 19:44:23.281002 2026] [wsgi:error] [pid 11:tid 140591440647872] [remote 10.0.0.76:57296] 2026-06-01 19:44:23.266 11 ERROR keystone.server.flask.application trans.commit(_to_root=True)
[Mon Jun 01 19:44:23.281005 2026] [wsgi:error] [pid 11:tid 140591440647872] [remote 10.0.0.76:57296] 2026-06-01 19:44:23.266 11 ERROR keystone.server.flask.application File "", line 2, in commit
[Mon Jun 01 19:44:23.281006 2026] [wsgi:error] [pid 11:tid 140591440647872] [remote 10.0.0.76:57296] 2026-06-01 19:44:23.266 11 ERROR keystone.server.flask.application
File "/var/lib/openstack/lib/python3.12/site-packages/sqlalchemy/orm/state_changes.py", line 137, in _go
[Mon Jun 01 19:44:23.281008 2026] [wsgi:error] [pid 11:tid 140591440647872] [remote 10.0.0.76:57296] 2026-06-01 19:44:23.266 11 ERROR keystone.server.flask.application ret_value = fn(self, *arg, **kw)
[Mon Jun 01 19:44:23.281010 2026] [wsgi:error] [pid 11:tid 140591440647872] [remote 10.0.0.76:57296] 2026-06-01 19:44:23.266 11 ERROR keystone.server.flask.application ^^^^^^^^^^^^^^^^^^^^
[Mon Jun 01 19:44:23.281013 2026] [wsgi:error] [pid 11:tid 140591440647872] [remote 10.0.0.76:57296] 2026-06-01 19:44:23.266 11 ERROR keystone.server.flask.application
File "/var/lib/openstack/lib/python3.12/site-packages/sqlalchemy/orm/session.py", line 1311, in commit
[Mon Jun 01 19:44:23.281016 2026] [wsgi:error] [pid 11:tid 140591440647872] [remote 10.0.0.76:57296] 2026-06-01 19:44:23.266 11 ERROR keystone.server.flask.application self._prepare_impl()
[Mon Jun 01 19:44:23.281018 2026] [wsgi:error] [pid 11:tid 140591440647872] [remote 10.0.0.76:57296] 2026-06-01 19:44:23.266 11 ERROR keystone.server.flask.application File "", line 2, in _prepare_impl
[Mon Jun 01 19:44:23.281020 2026] [wsgi:error] [pid 11:tid 140591440647872] [remote 10.0.0.76:57296] 2026-06-01 19:44:23.266 11 ERROR keystone.server.flask.application
File "/var/lib/openstack/lib/python3.12/site-packages/sqlalchemy/orm/state_changes.py", line 137, in _go
[Mon Jun 01 19:44:23.281022 2026] [wsgi:error] [pid 11:tid 140591440647872] [remote 10.0.0.76:57296] 2026-06-01 19:44:23.266 11 ERROR keystone.server.flask.application ret_value = fn(self, *arg, **kw)
[Mon Jun 01 19:44:23.281024 2026] [wsgi:error] [pid 11:tid 140591440647872] [remote 10.0.0.76:57296] 2026-06-01 19:44:23.266 11 ERROR keystone.server.flask.application ^^^^^^^^^^^^^^^^^^^^
[Mon Jun 01 19:44:23.281027 2026] [wsgi:error] [pid 11:tid 140591440647872] [remote 10.0.0.76:57296] 2026-06-01 19:44:23.266 11 ERROR keystone.server.flask.application
File "/var/lib/openstack/lib/python3.12/site-packages/sqlalchemy/orm/session.py", line 1286, in _prepare_impl
[Mon Jun 01 19:44:23.281029 2026] [wsgi:error] [pid 11:tid 140591440647872] [remote 10.0.0.76:57296] 2026-06-01 19:44:23.266 11 ERROR keystone.server.flask.application self.session.flush()
[Mon Jun 01 19:44:23.281031 2026] [wsgi:error] [pid 11:tid 140591440647872] [remote 10.0.0.76:57296] 2026-06-01 19:44:23.266 11 ERROR keystone.server.flask.application
File "/var/lib/openstack/lib/python3.12/site-packages/sqlalchemy/orm/session.py", line 4331, in flush
[Mon Jun 01 19:44:23.281033 2026] [wsgi:error] [pid 11:tid 140591440647872] [remote 10.0.0.76:57296] 2026-06-01 19:44:23.266 11 ERROR keystone.server.flask.application self._flush(objects)
[Mon Jun 01 19:44:23.281035 2026] [wsgi:error] [pid 11:tid 140591440647872] [remote 10.0.0.76:57296] 2026-06-01 19:44:23.266 11 ERROR keystone.server.flask.application
File "/var/lib/openstack/lib/python3.12/site-packages/sqlalchemy/orm/session.py", line 4466, in _flush
[Mon Jun 01 19:44:23.281037 2026] [wsgi:error] [pid 11:tid 140591440647872] [remote 10.0.0.76:57296] 2026-06-01 19:44:23.266 11 ERROR keystone.server.flask.application with util.safe_reraise():
[Mon Jun 01 19:44:23.281039 2026] [wsgi:error] [pid 11:tid 140591440647872] [remote 10.0.0.76:57296] 2026-06-01 19:44:23.266 11 ERROR keystone.server.flask.application
File "/var/lib/openstack/lib/python3.12/site-packages/sqlalchemy/util/langhelpers.py", line 121, in __exit__
[Mon Jun 01 19:44:23.281042 2026] [wsgi:error] [pid 11:tid 140591440647872] [remote 10.0.0.76:57296] 2026-06-01 19:44:23.266 11 ERROR keystone.server.flask.application raise exc_value.with_traceback(exc_tb)
[Mon Jun 01 19:44:23.281044 2026] [wsgi:error] [pid 11:tid 140591440647872] [remote 10.0.0.76:57296] 2026-06-01 19:44:23.266 11 ERROR keystone.server.flask.application
File "/var/lib/openstack/lib/python3.12/site-packages/sqlalchemy/orm/session.py", line 4427, in _flush
[Mon Jun 01 19:44:23.281047 2026] [wsgi:error] [pid 11:tid 140591440647872] [remote 10.0.0.76:57296] 2026-06-01 19:44:23.266 11 ERROR keystone.server.flask.application flush_context.execute()
[Mon Jun 01 19:44:23.281060 2026] [wsgi:error] [pid 11:tid 140591440647872] [remote 10.0.0.76:57296] 2026-06-01 19:44:23.266 11 ERROR keystone.server.flask.application
