2026-06-15 20:11:55.364 10 INFO neutron.wsgi [None req-33d81065-ec95-44a3-9d8e-13dc19e9f3b5 4c33aad6f709479699459cdbccd85d60 71536d8bab91425fb83b00fbfa4d0a6f - - default default] 10.0.0.159 "GET /v2.0/security-groups HTTP/1.1" status: 200 len: 17597 time: 0.0424969
2026-06-15 20:11:55.379 10 INFO neutron.wsgi [None req-7db62dff-481f-4ec7-8a07-226176fa1126 4c33aad6f709479699459cdbccd85d60 71536d8bab91425fb83b00fbfa4d0a6f - - default default] 10.0.0.159 "GET /v2.0/subnetpools HTTP/1.1" status: 200 len: 212 time: 0.0098407
2026-06-15 20:11:56.339 9 INFO neutron.wsgi [-] 10.0.0.96 "GET / HTTP/1.1" status: 200 len: 245 time: 0.0023067
2026-06-15 20:11:56.339 10 INFO neutron.wsgi [-] 10.0.0.96 "GET / HTTP/1.1" status: 200 len: 245 time: 0.0025890
2026-06-15 20:12:05.970 10 INFO neutron.wsgi [None req-4321f019-608a-4cfe-b88e-1463367b2f06 4c33aad6f709479699459cdbccd85d60 71536d8bab91425fb83b00fbfa4d0a6f - - default default] 10.0.0.79 "GET /v2.0/network-ip-availabilities HTTP/1.1" status: 200 len: 1280 time: 0.2285702
2026-06-15 20:12:05.989 10 INFO neutron.wsgi [None req-5c44a942-ed25-4051-9a2a-fd0e2bab81b5 4c33aad6f709479699459cdbccd85d60 71536d8bab91425fb83b00fbfa4d0a6f - - default default] 10.0.0.79 "GET /v2.0/floatingips HTTP/1.1" status: 200 len: 193 time: 0.0182946
2026-06-15 20:12:06.061 10 INFO neutron.wsgi [None req-4c2c8d33-fe02-4d35-b06c-8114bbb7c705 4c33aad6f709479699459cdbccd85d60 71536d8bab91425fb83b00fbfa4d0a6f - - default default] 10.0.0.79 "GET /v2.0/networks HTTP/1.1" status: 200 len: 2350 time: 0.0712349
2026-06-15 20:12:06.096 10 INFO neutron.wsgi [None req-67dc9709-86bb-4a91-a153-667378456d43 4c33aad6f709479699459cdbccd85d60 71536d8bab91425fb83b00fbfa4d0a6f - - default default] 10.0.0.79 "GET /v2.0/subnets HTTP/1.1" status: 200 len: 1437 time: 0.0323298
2026-06-15 20:12:06.137 10 INFO neutron.wsgi [None req-f0b36bf9-e52a-48ec-bbad-eb5849de46bb 4c33aad6f709479699459cdbccd85d60 71536d8bab91425fb83b00fbfa4d0a6f - - default default] 10.0.0.79 "GET /v2.0/agents HTTP/1.1" status: 200 len: 1390 time: 0.0402367
2026-06-15 20:12:06.204 10 INFO neutron.wsgi [None req-038eb6d2-c181-4107-a559-251645f9d5cc 4c33aad6f709479699459cdbccd85d60 71536d8bab91425fb83b00fbfa4d0a6f - - default default] 10.0.0.79 "GET /v2.0/security-groups HTTP/1.1" status: 200 len: 20478 time: 0.0652575
2026-06-15 20:12:06.242 9 INFO neutron.db.ovn_revision_numbers_db [None req-3ecf899f-2a48-4db2-b2e6-1c910921a22a 4c33aad6f709479699459cdbccd85d60 71536d8bab91425fb83b00fbfa4d0a6f - - default default] Successfully bumped revision number for resource e75ab624-089b-424e-abe6-3c6f0c772a1e (type: security_groups) to 1
2026-06-15 20:12:06.271 10 INFO neutron.wsgi [None req-8c086e8f-2421-4674-b86b-d6b7d88dd94e 4c33aad6f709479699459cdbccd85d60 71536d8bab91425fb83b00fbfa4d0a6f - - default default] 10.0.0.79 "GET /v2.0/ports HTTP/1.1" status: 200 len: 5351 time: 0.0578094
2026-06-15 20:12:06.274 9 INFO neutron.db.ovn_revision_numbers_db [None req-3ecf899f-2a48-4db2-b2e6-1c910921a22a 4c33aad6f709479699459cdbccd85d60 71536d8bab91425fb83b00fbfa4d0a6f - - default default] Successfully bumped revision number for resource 002674c7-7188-418e-8341-55eecfcdff4f (type: security_group_rules) to 0
2026-06-15 20:12:06.301 10 INFO neutron.wsgi [None req-86c548ab-57c6-4f55-9b6a-02f712169284 4c33aad6f709479699459cdbccd85d60 71536d8bab91425fb83b00fbfa4d0a6f - - default default] 10.0.0.79 "GET /v2.0/routers HTTP/1.1" status: 200 len: 189 time: 0.0266175
2026-06-15 20:12:06.303 9 INFO neutron.db.ovn_revision_numbers_db [None req-3ecf899f-2a48-4db2-b2e6-1c910921a22a 4c33aad6f709479699459cdbccd85d60 71536d8bab91425fb83b00fbfa4d0a6f - - default default] Successfully bumped revision number for resource 37b224ae-3b82-4d58-a49b-e9a85d299b29 (type: security_group_rules) to 0
2026-06-15 20:12:06.305 9 INFO neutron.db.ovn_revision_numbers_db [None req-c5b93842-3834-4815-b4f2-c97dacfc38c9 4c33aad6f709479699459cdbccd85d60 71536d8bab91425fb83b00fbfa4d0a6f - - default default] Successfully bumped revision number for resource d853a999-3f0a-4bb1-ac38-0d42b5cb70fb (type: security_groups) to 1
2026-06-15 20:12:06.312 10 INFO neutron.wsgi [None req-683469c5-8576-43aa-b787-44ae91a287bb 4c33aad6f709479699459cdbccd85d60 71536d8bab91425fb83b00fbfa4d0a6f - - default default] 10.0.0.79 "GET /v2.0/agents?binary=ovn-controller HTTP/1.1" status: 200 len: 591 time: 0.0102441
2026-06-15 20:12:06.316 9 INFO neutron.db.ovn_revision_numbers_db [None req-528f3e61-a056-400d-9d0e-eba86a562406 4c33aad6f709479699459cdbccd85d60 71536d8bab91425fb83b00fbfa4d0a6f - - default default] Successfully bumped revision number for resource af8b66f0-418c-40c1-a32a-3244906b7064 (type: security_groups) to 1
2026-06-15 20:12:06.323 9 INFO neutron.db.ovn_revision_numbers_db [None req-3ecf899f-2a48-4db2-b2e6-1c910921a22a 4c33aad6f709479699459cdbccd85d60 71536d8bab91425fb83b00fbfa4d0a6f - - default default] Successfully bumped revision number for resource 7b9fb924-4f1c-4007-a36d-e7a95948888d (type: security_group_rules) to 0
2026-06-15 20:12:06.324 9 INFO neutron.db.ovn_revision_numbers_db [None req-c5b93842-3834-4815-b4f2-c97dacfc38c9 4c33aad6f709479699459cdbccd85d60 71536d8bab91425fb83b00fbfa4d0a6f - - default default] Successfully bumped revision number for resource 051ddde9-a4ac-436b-86c7-e2c1e23b1796 (type: security_group_rules) to 0
2026-06-15 20:12:06.330 9 INFO neutron.db.ovn_revision_numbers_db [None req-528f3e61-a056-400d-9d0e-eba86a562406 4c33aad6f709479699459cdbccd85d60 71536d8bab91425fb83b00fbfa4d0a6f - - default default] Successfully bumped revision number for resource 2c6bedd7-2d96-4758-bb99-69b2e8a72d91 (type: security_group_rules) to 0
2026-06-15 20:12:06.343 9 INFO neutron.db.ovn_revision_numbers_db [None req-528f3e61-a056-400d-9d0e-eba86a562406 4c33aad6f709479699459cdbccd85d60 71536d8bab91425fb83b00fbfa4d0a6f - - default default] Successfully bumped revision number for resource 600cef7f-a533-48ef-91c7-b64cbbc8fc04 (type: security_group_rules) to 0
2026-06-15 20:12:06.346 9 INFO neutron.db.ovn_revision_numbers_db [None req-c5b93842-3834-4815-b4f2-c97dacfc38c9 4c33aad6f709479699459cdbccd85d60 71536d8bab91425fb83b00fbfa4d0a6f - - default default] Successfully bumped revision number for resource 27379556-cf57-4e8c-8e72-12bc54bd9cd4 (type: security_group_rules) to 0
2026-06-15 20:12:06.347 9 INFO neutron.db.ovn_revision_numbers_db [None req-3ecf899f-2a48-4db2-b2e6-1c910921a22a 4c33aad6f709479699459cdbccd85d60 71536d8bab91425fb83b00fbfa4d0a6f - - default default] Successfully bumped revision number for resource a275e350-a2bc-48a4-b665-06d8e774256a (type: security_group_rules) to 0
2026-06-15 20:12:06.351 10 INFO neutron.wsgi [None req-78c5759c-7fa6-469b-b23d-f43150c777e5 4c33aad6f709479699459cdbccd85d60 71536d8bab91425fb83b00fbfa4d0a6f - - default default] 10.0.0.79 "GET /v2.0/subnets HTTP/1.1" status: 200 len: 1437 time: 0.0381677
2026-06-15 20:12:06.359 10 INFO neutron.wsgi [None req-326cdb2c-1fd9-410e-85fc-f9fc7855e501 4c33aad6f709479699459cdbccd85d60 71536d8bab91425fb83b00fbfa4d0a6f - - default default] 10.0.0.79 "GET /v2.0/subnetpools HTTP/1.1" status: 200 len: 193 time: 0.0068793
2026-06-15 20:12:06.370 9 INFO neutron.db.ovn_revision_numbers_db [None req-528f3e61-a056-400d-9d0e-eba86a562406 4c33aad6f709479699459cdbccd85d60 71536d8bab91425fb83b00fbfa4d0a6f - - default default] Successfully bumped revision number for resource bbba5505-f974-410c-826b-ae3e2e9b1e1f (type: security_group_rules) to 0
2026-06-15 20:12:06.373 9 INFO neutron.db.ovn_revision_numbers_db [None req-c5b93842-3834-4815-b4f2-c97dacfc38c9 4c33aad6f709479699459cdbccd85d60 71536d8bab91425fb83b00fbfa4d0a6f - - default default] Successfully bumped revision number for resource f08be689-520c-46aa-ac44-27ed64d43e5d (type: security_group_rules) to 0
2026-06-15 20:12:06.405 9 INFO neutron.db.ovn_revision_numbers_db [None req-528f3e61-a056-400d-9d0e-eba86a562406 4c33aad6f709479699459cdbccd85d60 71536d8bab91425fb83b00fbfa4d0a6f - - default default] Successfully bumped revision number for resource c80977e0-7bc4-4cc7-982b-2d9f48185db1 (type: security_group_rules) to 0
2026-06-15 20:12:06.410 9 INFO neutron.db.ovn_revision_numbers_db [None req-c5b93842-3834-4815-b4f2-c97dacfc38c9 4c33aad6f709479699459cdbccd85d60 71536d8bab91425fb83b00fbfa4d0a6f - - default default] Successfully bumped revision number for resource fbe03829-c60e-470a-831e-b128769bc35f (type: security_group_rules) to 0
2026-06-15 20:12:06.421 9 INFO neutron.db.segments_db [None req-3ecf899f-2a48-4db2-b2e6-1c910921a22a 4c33aad6f709479699459cdbccd85d60 71536d8bab91425fb83b00fbfa4d0a6f - - default default] Added segment 09974f05-6785-4378-8464-7937e356e86b of type geneve for network 251e1504-234c-4565-9fb7-ac3c1f8addc2
2026-06-15 20:12:06.479 9 INFO neutron.db.segments_db [None req-c5b93842-3834-4815-b4f2-c97dacfc38c9 4c33aad6f709479699459cdbccd85d60 71536d8bab91425fb83b00fbfa4d0a6f - - default default] Added segment e85cb715-bc49-4d6e-ab40-58930bf53f8b of type geneve for network 01efa026-5a7c-41bf-9902-72acd807eea8
2026-06-15 20:12:06.480 9 INFO neutron.db.segments_db [None req-528f3e61-a056-400d-9d0e-eba86a562406 4c33aad6f709479699459cdbccd85d60 71536d8bab91425fb83b00fbfa4d0a6f - - default default] Added segment e99354e3-6d3c-42c2-9add-9a23ec50fed3 of type geneve for network 228adcb0-19ff-4f66-9828-e9fdf439e025
2026-06-15 20:12:06.666 9 INFO neutron.db.ovn_revision_numbers_db [None req-3ecf899f-2a48-4db2-b2e6-1c910921a22a 4c33aad6f709479699459cdbccd85d60 71536d8bab91425fb83b00fbfa4d0a6f - - default default] Successfully bumped revision number for resource 251e1504-234c-4565-9fb7-ac3c1f8addc2 (type: networks) to 1
2026-06-15 20:12:06.748 10 INFO neutron.db.ovn_revision_numbers_db [None req-b8568e82-6152-4ac6-b995-9b2c865b4947 4c33aad6f709479699459cdbccd85d60 71536d8bab91425fb83b00fbfa4d0a6f - - default default] Successfully bumped revision number for resource b8beef88-e55c-488a-841e-d3b1a763c8e7 (type: security_groups) to 1
2026-06-15 20:12:06.761 10 INFO neutron.db.ovn_revision_numbers_db [None req-b8568e82-6152-4ac6-b995-9b2c865b4947 4c33aad6f709479699459cdbccd85d60 71536d8bab91425fb83b00fbfa4d0a6f - - default default] Successfully bumped revision number for resource 3664fc4b-00cf-4a11-bc0c-2545f8c811e9 (type: security_group_rules) to 0
2026-06-15 20:12:06.774 10 INFO neutron.db.ovn_revision_numbers_db [None req-b8568e82-6152-4ac6-b995-9b2c865b4947 4c33aad6f709479699459cdbccd85d60 71536d8bab91425fb83b00fbfa4d0a6f - - default default] Successfully bumped revision number for resource 73c7a462-f607-4d28-bf11-f1c889bea896 (type: security_group_rules) to 0
2026-06-15 20:12:06.787 10 INFO neutron.db.ovn_revision_numbers_db [None req-b8568e82-6152-4ac6-b995-9b2c865b4947 4c33aad6f709479699459cdbccd85d60 71536d8bab91425fb83b00fbfa4d0a6f - - default default] Successfully bumped revision number for resource c76ce14a-d3ab-47eb-b707-63d647e668d1 (type: security_group_rules) to 0
2026-06-15 20:12:06.815 9 INFO neutron.db.ovn_revision_numbers_db [None req-c5b93842-3834-4815-b4f2-c97dacfc38c9 4c33aad6f709479699459cdbccd85d60 71536d8bab91425fb83b00fbfa4d0a6f - - default default] Successfully bumped revision number for resource 01efa026-5a7c-41bf-9902-72acd807eea8 (type: networks) to 1
2026-06-15 20:12:06.829 10 INFO neutron.db.ovn_revision_numbers_db [None req-b8568e82-6152-4ac6-b995-9b2c865b4947 4c33aad6f709479699459cdbccd85d60 71536d8bab91425fb83b00fbfa4d0a6f - - default default] Successfully bumped revision number for resource f5f664a4-5bbd-4d69-922c-bf85acf45b86 (type: security_group_rules) to 0
2026-06-15 20:12:06.845 9 INFO neutron.db.ovn_revision_numbers_db [None req-528f3e61-a056-400d-9d0e-eba86a562406 4c33aad6f709479699459cdbccd85d60 71536d8bab91425fb83b00fbfa4d0a6f - - default default] Successfully bumped revision number for resource 228adcb0-19ff-4f66-9828-e9fdf439e025 (type: networks) to 1
2026-06-15 20:12:06.870 10 INFO neutron.wsgi [None req-b8568e82-6152-4ac6-b995-9b2c865b4947 4c33aad6f709479699459cdbccd85d60 71536d8bab91425fb83b00fbfa4d0a6f - - default default] 10.0.0.159 "GET /v2.0/security-groups?tenant_id=313cb5ba36954148a383959836fea29f&name=default HTTP/1.1" status: 200 len: 3116 time: 0.3312275
2026-06-15 20:12:07.087 9 WARNING neutron.scheduler.dhcp_agent_scheduler [None req-3ecf899f-2a48-4db2-b2e6-1c910921a22a 4c33aad6f709479699459cdbccd85d60 71536d8bab91425fb83b00fbfa4d0a6f - - default default] No more DHCP agents
2026-06-15 20:12:07.092 9 WARNING neutron.api.rpc.agentnotifiers.dhcp_rpc_agent_api [None req-3ecf899f-2a48-4db2-b2e6-1c910921a22a 4c33aad6f709479699459cdbccd85d60 71536d8bab91425fb83b00fbfa4d0a6f - - default default] Unable to schedule network 251e1504-234c-4565-9fb7-ac3c1f8addc2: no agents available; will retry on subsequent port and subnet creation events.
2026-06-15 20:12:07.111 9 WARNING neutron.scheduler.dhcp_agent_scheduler [None req-c5b93842-3834-4815-b4f2-c97dacfc38c9 4c33aad6f709479699459cdbccd85d60 71536d8bab91425fb83b00fbfa4d0a6f - - default default] No more DHCP agents
2026-06-15 20:12:07.118 10 INFO neutron.wsgi [None req-5f741368-a31e-4f07-8147-11a95d95439a 4c33aad6f709479699459cdbccd85d60 71536d8bab91425fb83b00fbfa4d0a6f - - default default] 10.0.0.159 "DELETE /v2.0/security-groups/b8beef88-e55c-488a-841e-d3b1a763c8e7 HTTP/1.1" status: 204 len: 168 time: 0.2414832
2026-06-15 20:12:07.121 9 WARNING neutron.api.rpc.agentnotifiers.dhcp_rpc_agent_api [None req-c5b93842-3834-4815-b4f2-c97dacfc38c9 4c33aad6f709479699459cdbccd85d60 71536d8bab91425fb83b00fbfa4d0a6f - - default default] Unable to schedule network 01efa026-5a7c-41bf-9902-72acd807eea8: no agents available; will retry on subsequent port and subnet creation events.
2026-06-15 20:12:07.166 9 WARNING neutron.scheduler.dhcp_agent_scheduler [None req-528f3e61-a056-400d-9d0e-eba86a562406 4c33aad6f709479699459cdbccd85d60 71536d8bab91425fb83b00fbfa4d0a6f - - default default] No more DHCP agents
2026-06-15 20:12:07.171 9 WARNING neutron.api.rpc.agentnotifiers.dhcp_rpc_agent_api [None req-528f3e61-a056-400d-9d0e-eba86a562406 4c33aad6f709479699459cdbccd85d60 71536d8bab91425fb83b00fbfa4d0a6f - - default default] Unable to schedule network 228adcb0-19ff-4f66-9828-e9fdf439e025: no agents available; will retry on subsequent port and subnet creation events.
2026-06-15 20:12:07.295 9 INFO neutron.db.ovn_revision_numbers_db [None req-3ecf899f-2a48-4db2-b2e6-1c910921a22a 4c33aad6f709479699459cdbccd85d60 71536d8bab91425fb83b00fbfa4d0a6f - - default default] Successfully bumped revision number for resource d82070b7-a07a-469a-bd2d-f40268589158 (type: ports) to 1
2026-06-15 20:12:07.299 9 INFO neutron.db.ovn_revision_numbers_db [None req-c5b93842-3834-4815-b4f2-c97dacfc38c9 4c33aad6f709479699459cdbccd85d60 71536d8bab91425fb83b00fbfa4d0a6f - - default default] Successfully bumped revision number for resource 6560b6e2-ce45-4629-8b54-0867900c6ceb (type: ports) to 1
2026-06-15 20:12:07.330 9 INFO neutron.wsgi [None req-3ecf899f-2a48-4db2-b2e6-1c910921a22a 4c33aad6f709479699459cdbccd85d60 71536d8bab91425fb83b00fbfa4d0a6f - - default default] 10.0.0.159 "POST /v2.0/networks HTTP/1.1" status: 201 len: 951 time: 1.4617968
2026-06-15 20:12:07.335 9 INFO neutron.wsgi [None req-c5b93842-3834-4815-b4f2-c97dacfc38c9 4c33aad6f709479699459cdbccd85d60 71536d8bab91425fb83b00fbfa4d0a6f - - default default] 10.0.0.159 "POST /v2.0/networks HTTP/1.1" status: 201 len: 946 time: 1.3028140
2026-06-15 20:12:07.342 9 INFO neutron.db.ovn_revision_numbers_db [None req-528f3e61-a056-400d-9d0e-eba86a562406 4c33aad6f709479699459cdbccd85d60 71536d8bab91425fb83b00fbfa4d0a6f - - default default] Successfully bumped revision number for resource 97bc5981-7c98-42de-a56f-51fb9037c7d9 (type: ports) to 1
2026-06-15 20:12:07.367 9 INFO neutron.wsgi [None req-528f3e61-a056-400d-9d0e-eba86a562406 4c33aad6f709479699459cdbccd85d60 71536d8bab91425fb83b00fbfa4d0a6f - - default default] 10.0.0.159 "POST /v2.0/networks HTTP/1.1" status: 201 len: 946 time: 1.3112724
2026-06-15 20:12:07.588 9 WARNING neutron.scheduler.dhcp_agent_scheduler [None req-c4830b72-0f82-4a2d-83af-895e7714d202 4c33aad6f709479699459cdbccd85d60 71536d8bab91425fb83b00fbfa4d0a6f - - default default] No more DHCP agents
2026-06-15 20:12:07.590 9 WARNING neutron.api.rpc.agentnotifiers.dhcp_rpc_agent_api [None req-c4830b72-0f82-4a2d-83af-895e7714d202 4c33aad6f709479699459cdbccd85d60 71536d8bab91425fb83b00fbfa4d0a6f - - default default] Unable to schedule network 251e1504-234c-4565-9fb7-ac3c1f8addc2: no agents available; will retry on subsequent port and subnet creation events.
2026-06-15 20:12:07.618 10 WARNING neutron.scheduler.dhcp_agent_scheduler [None req-e5a6244a-eae2-4d05-a5e6-590269e15a96 4c33aad6f709479699459cdbccd85d60 71536d8bab91425fb83b00fbfa4d0a6f - - default default] No more DHCP agents
2026-06-15 20:12:07.621 10 WARNING neutron.api.rpc.agentnotifiers.dhcp_rpc_agent_api [None req-e5a6244a-eae2-4d05-a5e6-590269e15a96 4c33aad6f709479699459cdbccd85d60 71536d8bab91425fb83b00fbfa4d0a6f - - default default] Unable to schedule network 01efa026-5a7c-41bf-9902-72acd807eea8: no agents available; will retry on subsequent port and subnet creation events.
2026-06-15 20:12:07.639 9 WARNING neutron.scheduler.dhcp_agent_scheduler [None req-c3e254d2-c9d0-4c4d-94c3-d1a8b99b2031 4c33aad6f709479699459cdbccd85d60 71536d8bab91425fb83b00fbfa4d0a6f - - default default] No more DHCP agents
2026-06-15 20:12:07.642 9 WARNING neutron.api.rpc.agentnotifiers.dhcp_rpc_agent_api [None req-c3e254d2-c9d0-4c4d-94c3-d1a8b99b2031 4c33aad6f709479699459cdbccd85d60 71536d8bab91425fb83b00fbfa4d0a6f - - default default] Unable to schedule network 228adcb0-19ff-4f66-9828-e9fdf439e025: no agents available; will retry on subsequent port and subnet creation events.
2026-06-15 20:12:08.106 10 INFO neutron.db.ovn_revision_numbers_db [None req-e5a6244a-eae2-4d05-a5e6-590269e15a96 4c33aad6f709479699459cdbccd85d60 71536d8bab91425fb83b00fbfa4d0a6f - - default default] Successfully bumped revision number for resource 6560b6e2-ce45-4629-8b54-0867900c6ceb (type: ports) to 2
2026-06-15 20:12:08.135 10 INFO neutron.db.ovn_revision_numbers_db [None req-e5a6244a-eae2-4d05-a5e6-590269e15a96 4c33aad6f709479699459cdbccd85d60 71536d8bab91425fb83b00fbfa4d0a6f - - default default] Successfully bumped revision number for resource 590df316-8184-421a-8d73-0e91804efb9e (type: subnets) to 0
2026-06-15 20:12:08.150 10 INFO neutron.wsgi [None req-e5a6244a-eae2-4d05-a5e6-590269e15a96 4c33aad6f709479699459cdbccd85d60 71536d8bab91425fb83b00fbfa4d0a6f - - default default] 10.0.0.159 "POST /v2.0/subnets HTTP/1.1" status: 201 len: 866 time: 0.8074288
2026-06-15 20:12:08.308 9 INFO neutron.db.ovn_revision_numbers_db [None req-c4830b72-0f82-4a2d-83af-895e7714d202 4c33aad6f709479699459cdbccd85d60 71536d8bab91425fb83b00fbfa4d0a6f - - default default] Successfully bumped revision number for resource d82070b7-a07a-469a-bd2d-f40268589158 (type: ports) to 2
2026-06-15 20:12:08.371 9 INFO neutron.db.ovn_revision_numbers_db [None req-c4830b72-0f82-4a2d-83af-895e7714d202 4c33aad6f709479699459cdbccd85d60 71536d8bab91425fb83b00fbfa4d0a6f - - default default] Successfully bumped revision number for resource 22f4ec1f-86cc-465f-84d5-89c089fe1e69 (type: subnets) to 0
2026-06-15 20:12:08.390 9 INFO neutron.wsgi [None req-c4830b72-0f82-4a2d-83af-895e7714d202 4c33aad6f709479699459cdbccd85d60 71536d8bab91425fb83b00fbfa4d0a6f - - default default] 10.0.0.159 "POST /v2.0/subnets HTTP/1.1" status: 201 len: 871 time: 1.0484653
2026-06-15 20:12:08.394 9 INFO neutron.db.ovn_revision_numbers_db [None req-c3e254d2-c9d0-4c4d-94c3-d1a8b99b2031 4c33aad6f709479699459cdbccd85d60 71536d8bab91425fb83b00fbfa4d0a6f - - default default] Successfully bumped revision number for resource 97bc5981-7c98-42de-a56f-51fb9037c7d9 (type: ports) to 2
2026-06-15 20:12:08.431 9 INFO neutron.db.ovn_revision_numbers_db [None req-c3e254d2-c9d0-4c4d-94c3-d1a8b99b2031 4c33aad6f709479699459cdbccd85d60 71536d8bab91425fb83b00fbfa4d0a6f - - default default] Successfully bumped revision number for resource 2f4269bd-c694-4a85-8415-12db77524f5d (type: subnets) to 0
2026-06-15 20:12:08.453 9 INFO neutron.wsgi [None req-c3e254d2-c9d0-4c4d-94c3-d1a8b99b2031 4c33aad6f709479699459cdbccd85d60 71536d8bab91425fb83b00fbfa4d0a6f - - default default] 10.0.0.159 "POST /v2.0/subnets HTTP/1.1" status: 201 len: 866 time: 1.0819526
2026-06-15 20:12:08.928 10 WARNING neutron.scheduler.dhcp_agent_scheduler [None req-7abc92fb-7b9b-44c7-9ee2-8c08d533b3dc 4c33aad6f709479699459cdbccd85d60 71536d8bab91425fb83b00fbfa4d0a6f - - default default] No more DHCP agents
2026-06-15 20:12:08.934 10 WARNING neutron.api.rpc.agentnotifiers.dhcp_rpc_agent_api [None req-7abc92fb-7b9b-44c7-9ee2-8c08d533b3dc 4c33aad6f709479699459cdbccd85d60 71536d8bab91425fb83b00fbfa4d0a6f - - default default] Unable to schedule network 9c19b992-3ed6-48df-b1c0-d1d156ca3ff0: no agents available; will retry on subsequent port and subnet creation events.
2026-06-15 20:12:09.090 9 WARNING neutron.scheduler.dhcp_agent_scheduler [None req-287b1363-3241-4c58-8bf4-525e54c2ff92 4c33aad6f709479699459cdbccd85d60 71536d8bab91425fb83b00fbfa4d0a6f - - default default] No more DHCP agents
2026-06-15 20:12:09.092 9 WARNING neutron.api.rpc.agentnotifiers.dhcp_rpc_agent_api [None req-287b1363-3241-4c58-8bf4-525e54c2ff92 4c33aad6f709479699459cdbccd85d60 71536d8bab91425fb83b00fbfa4d0a6f - - default default] Unable to schedule network 9c19b992-3ed6-48df-b1c0-d1d156ca3ff0: no agents available; will retry on subsequent port and subnet creation events.
2026-06-15 20:12:09.139 10 INFO neutron.db.ovn_revision_numbers_db [None req-7abc92fb-7b9b-44c7-9ee2-8c08d533b3dc 4c33aad6f709479699459cdbccd85d60 71536d8bab91425fb83b00fbfa4d0a6f - - default default] Successfully bumped revision number for resource 37092cd6-1ffb-46f7-bd8a-6cdbed2f2ed8 (type: ports) to 1
2026-06-15 20:12:09.155 10 WARNING neutron.scheduler.dhcp_agent_scheduler [None req-1fdeeffd-1266-437a-ab1b-f816f027206b 4c33aad6f709479699459cdbccd85d60 71536d8bab91425fb83b00fbfa4d0a6f - - default default] No more DHCP agents
2026-06-15 20:12:09.182 10 WARNING neutron.api.rpc.agentnotifiers.dhcp_rpc_agent_api [None req-1fdeeffd-1266-437a-ab1b-f816f027206b 4c33aad6f709479699459cdbccd85d60 71536d8bab91425fb83b00fbfa4d0a6f - - default default] Unable to schedule network 9c19b992-3ed6-48df-b1c0-d1d156ca3ff0: no agents available; will retry on subsequent port and subnet creation events.
2026-06-15 20:12:09.245 9 INFO neutron.db.ovn_revision_numbers_db [None req-287b1363-3241-4c58-8bf4-525e54c2ff92 4c33aad6f709479699459cdbccd85d60 71536d8bab91425fb83b00fbfa4d0a6f - - default default] Successfully bumped revision number for resource e607e430-d3bb-4642-9db3-669d3fb64b98 (type: ports) to 1
2026-06-15 20:12:09.389 10 INFO neutron.db.ovn_revision_numbers_db [None req-b916a453-ab83-4580-8c7c-d400f78d8e30 4c33aad6f709479699459cdbccd85d60 71536d8bab91425fb83b00fbfa4d0a6f - - default default] Successfully bumped revision number for resource a6bc6fd4-35a7-4d30-886a-877d5b0673a1 (type: security_groups) to 1
2026-06-15 20:12:09.571 10 INFO neutron.db.ovn_revision_numbers_db [None req-b916a453-ab83-4580-8c7c-d400f78d8e30 4c33aad6f709479699459cdbccd85d60 71536d8bab91425fb83b00fbfa4d0a6f - - default default] Successfully bumped revision number for resource 8d70083a-5fdb-4308-b216-b0a0e01554c7 (type: security_group_rules) to 0
2026-06-15 20:12:09.583 9 INFO neutron.plugins.ml2.drivers.ovn.mech_driver.ovsdb.extensions.qos [None req-287b1363-3241-4c58-8bf4-525e54c2ff92 4c33aad6f709479699459cdbccd85d60 71536d8bab91425fb83b00fbfa4d0a6f - - default default] Starting OVNClientQosExtension
2026-06-15 20:12:09.590 10 INFO neutron.db.ovn_revision_numbers_db [None req-b916a453-ab83-4580-8c7c-d400f78d8e30 4c33aad6f709479699459cdbccd85d60 71536d8bab91425fb83b00fbfa4d0a6f - - default default] Successfully bumped revision number for resource 967411b5-9e44-4f6e-8afb-bbfb10344261 (type: security_group_rules) to 0
2026-06-15 20:12:09.613 10 INFO neutron.db.ovn_revision_numbers_db [None req-1fdeeffd-1266-437a-ab1b-f816f027206b 4c33aad6f709479699459cdbccd85d60 71536d8bab91425fb83b00fbfa4d0a6f - - default default] Successfully bumped revision number for resource 6ec8e147-7ec1-4535-a294-da3ee8513b35 (type: ports) to 1
2026-06-15 20:12:09.617 10 INFO neutron.db.ovn_revision_numbers_db [None req-b916a453-ab83-4580-8c7c-d400f78d8e30 4c33aad6f709479699459cdbccd85d60 71536d8bab91425fb83b00fbfa4d0a6f - - default default] Successfully bumped revision number for resource 9e2240fb-7e97-460a-b1cd-255689c94521 (type: security_group_rules) to 0
2026-06-15 20:12:09.667 10 INFO neutron.db.ovn_revision_numbers_db [None req-b916a453-ab83-4580-8c7c-d400f78d8e30 4c33aad6f709479699459cdbccd85d60 71536d8bab91425fb83b00fbfa4d0a6f - - default default] Successfully bumped revision number for resource d8f219fb-c977-4338-b481-c016c608ea31 (type: security_group_rules) to 0
2026-06-15 20:12:09.772 10 INFO neutron.db.segments_db [None req-b916a453-ab83-4580-8c7c-d400f78d8e30 4c33aad6f709479699459cdbccd85d60 71536d8bab91425fb83b00fbfa4d0a6f - - default default] Added segment 0742bea6-6e22-4570-adac-8cfd84bf76a0 of type geneve for network 6eae38dd-ca04-46c4-9115-3c2b19c687fc
2026-06-15 20:12:09.860 10 INFO neutron.plugins.ml2.drivers.ovn.mech_driver.ovsdb.extensions.qos [None req-7abc92fb-7b9b-44c7-9ee2-8c08d533b3dc 4c33aad6f709479699459cdbccd85d60 71536d8bab91425fb83b00fbfa4d0a6f - - default default] Starting OVNClientQosExtension
2026-06-15 20:12:09.929 9 INFO neutron.plugins.ml2.drivers.ovn.mech_driver.ovsdb.commands [None req-b0c74089-1171-410e-b92c-6081f009bf5c - - - - - -] Schedule LRP lrp-e607e430-d3bb-4642-9db3-669d3fb64b98 on gateway 658281dd-e182-448d-b570-65089900e70d with priority 1
2026-06-15 20:12:09.936 9 INFO neutron.plugins.ml2.drivers.ovn.mech_driver.mech_driver [None req-d79020d5-2dee-47d4-9fe3-0a416f64d778 - - - - - -] OVN reports status up for port: e607e430-d3bb-4642-9db3-669d3fb64b98
2026-06-15 20:12:09.961 9 INFO neutron.plugins.ml2.plugin [None req-d79020d5-2dee-47d4-9fe3-0a416f64d778 - - - - - -] Attempt 1 to provision port e607e430-d3bb-4642-9db3-669d3fb64b98
2026-06-15 20:12:09.982 10 INFO neutron.plugins.ml2.drivers.ovn.mech_driver.ovsdb.ovsdb_monitor [-] Router 2015edc3-bc7a-4695-84d3-772a162db7c1 is bound to host instance
2026-06-15 20:12:10.068 9 INFO neutron.db.ovn_revision_numbers_db [None req-287b1363-3241-4c58-8bf4-525e54c2ff92 4c33aad6f709479699459cdbccd85d60 71536d8bab91425fb83b00fbfa4d0a6f - - default default] Successfully bumped revision number for resource e607e430-d3bb-4642-9db3-669d3fb64b98 (type: router_ports) to 1
2026-06-15 20:12:10.095 10 INFO neutron.db.ovn_revision_numbers_db [None req-b916a453-ab83-4580-8c7c-d400f78d8e30 4c33aad6f709479699459cdbccd85d60 71536d8bab91425fb83b00fbfa4d0a6f - - default default] Successfully bumped revision number for resource 6eae38dd-ca04-46c4-9115-3c2b19c687fc (type: networks) to 1
2026-06-15 20:12:10.158 9 INFO neutron.db.ovn_revision_numbers_db [None req-287b1363-3241-4c58-8bf4-525e54c2ff92 4c33aad6f709479699459cdbccd85d60 71536d8bab91425fb83b00fbfa4d0a6f - - default default] Successfully bumped revision number for resource 2015edc3-bc7a-4695-84d3-772a162db7c1 (type: routers) to 2
2026-06-15 20:12:10.176 9 INFO neutron.wsgi [None req-287b1363-3241-4c58-8bf4-525e54c2ff92 4c33aad6f709479699459cdbccd85d60 71536d8bab91425fb83b00fbfa4d0a6f - - default default] 10.0.0.159 "POST /v2.0/routers HTTP/1.1" status: 201 len: 1168 time: 1.7193100
2026-06-15 20:12:10.632 10 WARNING neutron.scheduler.dhcp_agent_scheduler [None req-b916a453-ab83-4580-8c7c-d400f78d8e30 4c33aad6f709479699459cdbccd85d60 71536d8bab91425fb83b00fbfa4d0a6f - - default default] No more DHCP agents
2026-06-15 20:12:10.649 10 WARNING neutron.api.rpc.agentnotifiers.dhcp_rpc_agent_api [None req-b916a453-ab83-4580-8c7c-d400f78d8e30 4c33aad6f709479699459cdbccd85d60 71536d8bab91425fb83b00fbfa4d0a6f - - default default] Unable to schedule network 6eae38dd-ca04-46c4-9115-3c2b19c687fc: no agents available; will retry on subsequent port and subnet creation events.
2026-06-15 20:12:10.712 9 WARNING neutron.scheduler.dhcp_agent_scheduler [None req-507df63c-52f3-4c22-ab79-91a9f2968b6c 4c33aad6f709479699459cdbccd85d60 71536d8bab91425fb83b00fbfa4d0a6f - - default default] No more DHCP agents
2026-06-15 20:12:10.714 9 WARNING neutron.api.rpc.agentnotifiers.dhcp_rpc_agent_api [None req-507df63c-52f3-4c22-ab79-91a9f2968b6c 4c33aad6f709479699459cdbccd85d60 71536d8bab91425fb83b00fbfa4d0a6f - - default default] Unable to schedule network 228adcb0-19ff-4f66-9828-e9fdf439e025: no agents available; will retry on subsequent port and subnet creation events.
2026-06-15 20:12:10.858 9 INFO neutron.db.ovn_revision_numbers_db [None req-507df63c-52f3-4c22-ab79-91a9f2968b6c 4c33aad6f709479699459cdbccd85d60 71536d8bab91425fb83b00fbfa4d0a6f - - default default] Successfully bumped revision number for resource 4fd4ff11-96d6-4d92-ac4f-c8fabe55fe6e (type: ports) to 1
2026-06-15 20:12:10.913 10 INFO neutron.db.ovn_revision_numbers_db [None req-b916a453-ab83-4580-8c7c-d400f78d8e30 4c33aad6f709479699459cdbccd85d60 71536d8bab91425fb83b00fbfa4d0a6f - - default default] Successfully bumped revision number for resource 597fc371-1eb3-4043-968f-819fd46d2e2d (type: ports) to 1
2026-06-15 20:12:10.923 10 INFO neutron.plugins.ml2.drivers.ovn.mech_driver.ovsdb.commands [None req-648a2bf4-af38-4793-832d-72973ea8ddd7 - - - - - -] Schedule LRP lrp-37092cd6-1ffb-46f7-bd8a-6cdbed2f2ed8 on gateway 658281dd-e182-448d-b570-65089900e70d with priority 1
2026-06-15 20:12:10.964 9 INFO neutron.plugins.ml2.drivers.ovn.mech_driver.ovsdb.ovsdb_monitor [-] Router 6e8c3f60-0385-434b-b4c2-f7ce53457ad3 is bound to host instance
2026-06-15 20:12:10.984 10 INFO neutron.wsgi [None req-b916a453-ab83-4580-8c7c-d400f78d8e30 4c33aad6f709479699459cdbccd85d60 71536d8bab91425fb83b00fbfa4d0a6f - - default default] 10.0.0.159 "POST /v2.0/networks HTTP/1.1" status: 201 len: 954 time: 2.1154563
2026-06-15 20:12:11.040 10 INFO neutron.db.ovn_revision_numbers_db [None req-7abc92fb-7b9b-44c7-9ee2-8c08d533b3dc 4c33aad6f709479699459cdbccd85d60 71536d8bab91425fb83b00fbfa4d0a6f - - default default] Successfully bumped revision number for resource 37092cd6-1ffb-46f7-bd8a-6cdbed2f2ed8 (type: router_ports) to 1
2026-06-15 20:12:11.338 9 INFO neutron.wsgi [-] 10.0.0.96 "GET / HTTP/1.1" status: 200 len: 245 time: 0.0012846
2026-06-15 20:12:11.345 10 INFO neutron.wsgi [-] 10.0.0.96 "GET / HTTP/1.1" status: 200 len: 245 time: 0.0012932
2026-06-15 20:12:11.387 10 INFO neutron.db.ovn_revision_numbers_db [None req-7abc92fb-7b9b-44c7-9ee2-8c08d533b3dc 4c33aad6f709479699459cdbccd85d60 71536d8bab91425fb83b00fbfa4d0a6f - - default default] Successfully bumped revision number for resource 6e8c3f60-0385-434b-b4c2-f7ce53457ad3 (type: routers) to 2
2026-06-15 20:12:11.427 10 INFO neutron.wsgi [None req-7abc92fb-7b9b-44c7-9ee2-8c08d533b3dc 4c33aad6f709479699459cdbccd85d60 71536d8bab91425fb83b00fbfa4d0a6f - - default default] 10.0.0.159 "POST /v2.0/routers HTTP/1.1" status: 201 len: 1168 time: 3.2733898
2026-06-15 20:12:11.490 10 INFO neutron.plugins.ml2.drivers.ovn.mech_driver.ovsdb.commands [None req-648a2bf4-af38-4793-832d-72973ea8ddd7 - - - - - -] Schedule LRP lrp-6ec8e147-7ec1-4535-a294-da3ee8513b35 on gateway 658281dd-e182-448d-b570-65089900e70d with priority 1
2026-06-15 20:12:11.549 10 WARNING neutron.scheduler.dhcp_agent_scheduler [None req-ccb56221-65ac-48d4-8eb0-b6644de9fcd9 4c33aad6f709479699459cdbccd85d60 71536d8bab91425fb83b00fbfa4d0a6f - - default default] No more DHCP agents
2026-06-15 20:12:11.552 10 WARNING neutron.api.rpc.agentnotifiers.dhcp_rpc_agent_api [None req-ccb56221-65ac-48d4-8eb0-b6644de9fcd9 4c33aad6f709479699459cdbccd85d60 71536d8bab91425fb83b00fbfa4d0a6f - - default default] Unable to schedule network 6eae38dd-ca04-46c4-9115-3c2b19c687fc: no agents available; will retry on subsequent port and subnet creation events.
2026-06-15 20:12:11.592 10 INFO neutron.db.ovn_revision_numbers_db [None req-1fdeeffd-1266-437a-ab1b-f816f027206b 4c33aad6f709479699459cdbccd85d60 71536d8bab91425fb83b00fbfa4d0a6f - - default default] Successfully bumped revision number for resource 6ec8e147-7ec1-4535-a294-da3ee8513b35 (type: router_ports) to 1
2026-06-15 20:12:11.711 10 INFO neutron.db.ovn_revision_numbers_db [None req-1fdeeffd-1266-437a-ab1b-f816f027206b 4c33aad6f709479699459cdbccd85d60 71536d8bab91425fb83b00fbfa4d0a6f - - default default] Successfully bumped revision number for resource df99b3f5-d460-45d9-9fe4-b9081953aca2 (type: routers) to 2
2026-06-15 20:12:11.733 10 INFO neutron.wsgi [None req-1fdeeffd-1266-437a-ab1b-f816f027206b 4c33aad6f709479699459cdbccd85d60 71536d8bab91425fb83b00fbfa4d0a6f - - default default] 10.0.0.159 "POST /v2.0/routers HTTP/1.1" status: 201 len: 1173 time: 3.3380277
2026-06-15 20:12:11.822 9 ERROR ovsdbapp.backend.ovs_idl.command [None req-507df63c-52f3-4c22-ab79-91a9f2968b6c 4c33aad6f709479699459cdbccd85d60 71536d8bab91425fb83b00fbfa4d0a6f - - default default] Error executing command (DbGetCommand): ovsdbapp.backend.ovs_idl.idlutils.RowNotFound: Cannot find Logical_Router_Port with name=lrp-4fd4ff11-96d6-4d92-ac4f-c8fabe55fe6e
2026-06-15 20:12:11.822 9 ERROR ovsdbapp.backend.ovs_idl.command
Traceback (most recent call last):
2026-06-15 20:12:11.822 9 ERROR ovsdbapp.backend.ovs_idl.command
File "/var/lib/openstack/lib/python3.10/site-packages/ovsdbapp/backend/ovs_idl/command.py", line 47, in execute
2026-06-15 20:12:11.822 9 ERROR ovsdbapp.backend.ovs_idl.command self.run_idl(None)
2026-06-15 20:12:11.822 9 ERROR ovsdbapp.backend.ovs_idl.command
File "/var/lib/openstack/lib/python3.10/site-packages/ovsdbapp/backend/ovs_idl/command.py", line 235, in run_idl
2026-06-15 20:12:11.822 9 ERROR ovsdbapp.backend.ovs_idl.command record = self.api.lookup(self.table, self.record)
2026-06-15 20:12:11.822 9 ERROR ovsdbapp.backend.ovs_idl.command
File "/var/lib/openstack/lib/python3.10/site-packages/ovsdbapp/backend/ovs_idl/__init__.py", line 184, in lookup
2026-06-15 20:12:11.822 9 ERROR ovsdbapp.backend.ovs_idl.command return self._lookup(table, record)
2026-06-15 20:12:11.822 9 ERROR ovsdbapp.backend.ovs_idl.command
File "/var/lib/openstack/lib/python3.10/site-packages/ovsdbapp/backend/ovs_idl/__init__.py", line 235, in _lookup
2026-06-15 20:12:11.822 9 ERROR ovsdbapp.backend.ovs_idl.command row = idlutils.row_by_value(self, rl.table, rl.column, record)
2026-06-15 20:12:11.822 9 ERROR ovsdbapp.backend.ovs_idl.command
File "/var/lib/openstack/lib/python3.10/site-packages/ovsdbapp/backend/ovs_idl/idlutils.py", line 114, in row_by_value
2026-06-15 20:12:11.822 9 ERROR ovsdbapp.backend.ovs_idl.command raise RowNotFound(table=table, col=column, match=match)
2026-06-15 20:12:11.822 9 ERROR ovsdbapp.backend.ovs_idl.command ovsdbapp.backend.ovs_idl.idlutils.RowNotFound: Cannot find Logical_Router_Port with name=lrp-4fd4ff11-96d6-4d92-ac4f-c8fabe55fe6e
2026-06-15 20:12:11.822 9 ERROR ovsdbapp.backend.ovs_idl.command 
2026-06-15 20:12:11.823 9 ERROR neutron_lib.callbacks.manager [None req-507df63c-52f3-4c22-ab79-91a9f2968b6c 4c33aad6f709479699459cdbccd85d60 71536d8bab91425fb83b00fbfa4d0a6f - - default default] Error during notification for neutron.services.ovn_l3.plugin.OVNL3RouterPlugin._port_update-8760641379046 port, after_update: ovsdbapp.backend.ovs_idl.idlutils.RowNotFound: Cannot find Logical_Router_Port with name=lrp-4fd4ff11-96d6-4d92-ac4f-c8fabe55fe6e
2026-06-15 20:12:11.823 9 ERROR neutron_lib.callbacks.manager
Traceback (most recent call last):
2026-06-15 20:12:11.823 9 ERROR neutron_lib.callbacks.manager
File "/var/lib/openstack/lib/python3.10/site-packages/neutron_lib/callbacks/manager.py", line 189, in _notify_loop
2026-06-15 20:12:11.823 9 ERROR neutron_lib.callbacks.manager callback.method(resource, event, trigger, payload=payload)
2026-06-15 20:12:11.823 9 ERROR neutron_lib.callbacks.manager
File "/var/lib/openstack/lib/python3.10/site-packages/neutron/services/ovn_l3/plugin.py", line 391, in _port_update
2026-06-15 20:12:11.823 9 ERROR neutron_lib.callbacks.manager l3plugin._ovn_client.update_router_port(context,
2026-06-15 20:12:11.823 9 ERROR neutron_lib.callbacks.manager
File "/var/lib/openstack/lib/python3.10/site-packages/neutron/plugins/ml2/drivers/ovn/mech_driver/ovsdb/ovn_client.py", line 1878, in update_router_port
2026-06-15 20:12:11.823 9 ERROR neutron_lib.callbacks.manager self._update_lrouter_port(context, port, if_exists=if_exists,
2026-06-15 20:12:11.823 9 ERROR neutron_lib.callbacks.manager
File "/var/lib/openstack/lib/python3.10/site-packages/neutron/plugins/ml2/drivers/ovn/mech_driver/ovsdb/ovn_client.py", line 1855, in _update_lrouter_port
2026-06-15 20:12:11.823 9 ERROR neutron_lib.callbacks.manager external_ids = self._nb_idl.db_get(
2026-06-15 20:12:11.823 9 ERROR neutron_lib.callbacks.manager
File "/var/lib/openstack/lib/python3.10/site-packages/ovsdbapp/backend/ovs_idl/command.py", line 47, in execute
2026-06-15 20:12:11.823 9 ERROR neutron_lib.callbacks.manager self.run_idl(None)
2026-06-15 20:12:11.823 9 ERROR neutron_lib.callbacks.manager
File "/var/lib/openstack/lib/python3.10/site-packages/ovsdbapp/backend/ovs_idl/command.py", line 235, in run_idl
2026-06-15 20:12:11.823 9 ERROR neutron_lib.callbacks.manager record = self.api.lookup(self.table, self.record)
2026-06-15 20:12:11.823 9 ERROR neutron_lib.callbacks.manager
File "/var/lib/openstack/lib/python3.10/site-packages/ovsdbapp/backend/ovs_idl/__init__.py", line 184, in lookup
2026-06-15 20:12:11.823 9 ERROR neutron_lib.callbacks.manager return self._lookup(table, record)
2026-06-15 20:12:11.823 9 ERROR neutron_lib.callbacks.manager
File "/var/lib/openstack/lib/python3.10/site-packages/ovsdbapp/backend/ovs_idl/__init__.py", line 235, in _lookup
2026-06-15 20:12:11.823 9 ERROR neutron_lib.callbacks.manager row = idlutils.row_by_value(self, rl.table, rl.column, record)
2026-06-15 20:12:11.823 9 ERROR neutron_lib.callbacks.manager
File "/var/lib/openstack/lib/python3.10/site-packages/ovsdbapp/backend/ovs_idl/idlutils.py", line 114, in row_by_value
2026-06-15 20:12:11.823 9 ERROR neutron_lib.callbacks.manager raise RowNotFound(table=table, col=column, match=match)
2026-06-15 20:12:11.823 9 ERROR neutron_lib.callbacks.manager ovsdbapp.backend.ovs_idl.idlutils.RowNotFound: Cannot find Logical_Router_Port with name=lrp-4fd4ff11-96d6-4d92-ac4f-c8fabe55fe6e
2026-06-15 20:12:11.823 9 ERROR neutron_lib.callbacks.manager 
2026-06-15 20:12:11.944 10 INFO neutron.db.ovn_revision_numbers_db [None req-42617d65-cb86-4ea6-a890-fd9c537ab770 - - - - - -] Successfully bumped revision number for resource e607e430-d3bb-4642-9db3-669d3fb64b98 (type: ports) to 1
2026-06-15 20:12:12.287 10 INFO neutron.plugins.ml2.drivers.ovn.mech_driver.mech_driver [None req-d91f6e2f-a487-4fb2-9d5a-af7a7f8aafd2 - - - - - -] OVN reports status up for port: 4fd4ff11-96d6-4d92-ac4f-c8fabe55fe6e
2026-06-15 20:12:12.319 10 INFO neutron.plugins.ml2.plugin [None req-d91f6e2f-a487-4fb2-9d5a-af7a7f8aafd2 - - - - - -] Attempt 1 to provision port 4fd4ff11-96d6-4d92-ac4f-c8fabe55fe6e
2026-06-15 20:12:12.336 9 INFO neutron.db.ovn_revision_numbers_db [None req-507df63c-52f3-4c22-ab79-91a9f2968b6c 4c33aad6f709479699459cdbccd85d60 71536d8bab91425fb83b00fbfa4d0a6f - - default default] Successfully bumped revision number for resource 4fd4ff11-96d6-4d92-ac4f-c8fabe55fe6e (type: ports) to 1
2026-06-15 20:12:12.341 9 INFO neutron.db.ovn_revision_numbers_db [None req-8bf2cd2a-7711-4fba-bb42-81dcc8e1de88 - - - - - -] Successfully bumped revision number for resource 37092cd6-1ffb-46f7-bd8a-6cdbed2f2ed8 (type: ports) to 1
2026-06-15 20:12:12.455 9 WARNING neutron.scheduler.dhcp_agent_scheduler [None req-507df63c-52f3-4c22-ab79-91a9f2968b6c 4c33aad6f709479699459cdbccd85d60 71536d8bab91425fb83b00fbfa4d0a6f - - default default] No more DHCP agents
2026-06-15 20:12:12.460 9 WARNING neutron.api.rpc.agentnotifiers.dhcp_rpc_agent_api [None req-507df63c-52f3-4c22-ab79-91a9f2968b6c 4c33aad6f709479699459cdbccd85d60 71536d8bab91425fb83b00fbfa4d0a6f - - default default] Unable to schedule network 228adcb0-19ff-4f66-9828-e9fdf439e025: no agents available; will retry on subsequent port and subnet creation events.
2026-06-15 20:12:12.505 9 WARNING neutron.scheduler.dhcp_agent_scheduler [None req-c062c4f1-3cb1-40e6-8bc3-9a28dfc6a3ac 4c33aad6f709479699459cdbccd85d60 71536d8bab91425fb83b00fbfa4d0a6f - - default default] No more DHCP agents
2026-06-15 20:12:12.510 9 WARNING neutron.api.rpc.agentnotifiers.dhcp_rpc_agent_api [None req-c062c4f1-3cb1-40e6-8bc3-9a28dfc6a3ac 4c33aad6f709479699459cdbccd85d60 71536d8bab91425fb83b00fbfa4d0a6f - - default default] Unable to schedule network 01efa026-5a7c-41bf-9902-72acd807eea8: no agents available; will retry on subsequent port and subnet creation events.
2026-06-15 20:12:12.739 10 INFO neutron.db.ovn_revision_numbers_db [None req-ccb56221-65ac-48d4-8eb0-b6644de9fcd9 4c33aad6f709479699459cdbccd85d60 71536d8bab91425fb83b00fbfa4d0a6f - - default default] Successfully bumped revision number for resource 597fc371-1eb3-4043-968f-819fd46d2e2d (type: ports) to 2
2026-06-15 20:12:12.845 10 INFO neutron.db.ovn_revision_numbers_db [None req-ccb56221-65ac-48d4-8eb0-b6644de9fcd9 4c33aad6f709479699459cdbccd85d60 71536d8bab91425fb83b00fbfa4d0a6f - - default default] Successfully bumped revision number for resource db5e2d48-01b0-4918-8dd6-0d1ec176a688 (type: subnets) to 0
2026-06-15 20:12:12.877 10 INFO neutron.wsgi [None req-ccb56221-65ac-48d4-8eb0-b6644de9fcd9 4c33aad6f709479699459cdbccd85d60 71536d8bab91425fb83b00fbfa4d0a6f - - default default] 10.0.0.159 "POST /v2.0/subnets HTTP/1.1" status: 201 len: 874 time: 1.8871121
2026-06-15 20:12:12.898 10 INFO neutron.db.ovn_revision_numbers_db [None req-42617d65-cb86-4ea6-a890-fd9c537ab770 - - - - - -] Successfully bumped revision number for resource e607e430-d3bb-4642-9db3-669d3fb64b98 (type: router_ports) to 3
2026-06-15 20:12:12.900 10 WARNING neutron.scheduler.dhcp_agent_scheduler [None req-aac8592e-43d1-4122-902a-95b29e8d4d8f 4c33aad6f709479699459cdbccd85d60 71536d8bab91425fb83b00fbfa4d0a6f - - default default] No more DHCP agents
2026-06-15 20:12:12.906 9 INFO neutron.db.ovn_revision_numbers_db [None req-c062c4f1-3cb1-40e6-8bc3-9a28dfc6a3ac 4c33aad6f709479699459cdbccd85d60 71536d8bab91425fb83b00fbfa4d0a6f - - default default] Successfully bumped revision number for resource 80b43e5c-9d2a-449f-b4eb-03f2bcaf2cb1 (type: ports) to 1
2026-06-15 20:12:12.911 10 WARNING neutron.api.rpc.agentnotifiers.dhcp_rpc_agent_api [None req-aac8592e-43d1-4122-902a-95b29e8d4d8f 4c33aad6f709479699459cdbccd85d60 71536d8bab91425fb83b00fbfa4d0a6f - - default default] Unable to schedule network 251e1504-234c-4565-9fb7-ac3c1f8addc2: no agents available; will retry on subsequent port and subnet creation events.
2026-06-15 20:12:12.977 9 INFO neutron.plugins.ml2.drivers.ovn.mech_driver.mech_driver [None req-d79020d5-2dee-47d4-9fe3-0a416f64d778 - - - - - -] OVN reports status up for port: 37092cd6-1ffb-46f7-bd8a-6cdbed2f2ed8
2026-06-15 20:12:13.007 9 INFO neutron.plugins.ml2.plugin [None req-d79020d5-2dee-47d4-9fe3-0a416f64d778 - - - - - -] Attempt 1 to provision port 37092cd6-1ffb-46f7-bd8a-6cdbed2f2ed8
2026-06-15 20:12:13.086 9 INFO neutron.db.ovn_revision_numbers_db [None req-8bf2cd2a-7711-4fba-bb42-81dcc8e1de88 - - - - - -] Successfully bumped revision number for resource 37092cd6-1ffb-46f7-bd8a-6cdbed2f2ed8 (type: router_ports) to 3
2026-06-15 20:12:13.408 10 INFO neutron.db.ovn_revision_numbers_db [None req-aac8592e-43d1-4122-902a-95b29e8d4d8f 4c33aad6f709479699459cdbccd85d60 71536d8bab91425fb83b00fbfa4d0a6f - - default default] Successfully bumped revision number for resource 4a867dd3-1cc8-4d4f-b85c-efdb43728e27 (type: ports) to 1
2026-06-15 20:12:13.521 10 INFO neutron.db.ovn_revision_numbers_db [None req-d91f6e2f-a487-4fb2-9d5a-af7a7f8aafd2 - - - - - -] Successfully bumped revision number for resource 4fd4ff11-96d6-4d92-ac4f-c8fabe55fe6e (type: ports) to 2
2026-06-15 20:12:13.619 10 INFO neutron.db.ovn_revision_numbers_db [None req-42617d65-cb86-4ea6-a890-fd9c537ab770 - - - - - -] Successfully bumped revision number for resource e607e430-d3bb-4642-9db3-669d3fb64b98 (type: ports) to 2
2026-06-15 20:12:13.674 9 INFO neutron.db.ovn_revision_numbers_db [None req-8bf2cd2a-7711-4fba-bb42-81dcc8e1de88 - - - - - -] Successfully bumped revision number for resource 37092cd6-1ffb-46f7-bd8a-6cdbed2f2ed8 (type: ports) to 2
2026-06-15 20:12:13.883 10 ERROR ovsdbapp.backend.ovs_idl.command [None req-d91f6e2f-a487-4fb2-9d5a-af7a7f8aafd2 - - - - - -] Error executing command (DbGetCommand): ovsdbapp.backend.ovs_idl.idlutils.RowNotFound: Cannot find Logical_Router_Port with name=lrp-4fd4ff11-96d6-4d92-ac4f-c8fabe55fe6e
2026-06-15 20:12:13.883 10 ERROR ovsdbapp.backend.ovs_idl.command
Traceback (most recent call last):
2026-06-15 20:12:13.883 10 ERROR ovsdbapp.backend.ovs_idl.command
File "/var/lib/openstack/lib/python3.10/site-packages/ovsdbapp/backend/ovs_idl/command.py", line 47, in execute
2026-06-15 20:12:13.883 10 ERROR ovsdbapp.backend.ovs_idl.command self.run_idl(None)
2026-06-15 20:12:13.883 10 ERROR ovsdbapp.backend.ovs_idl.command
File "/var/lib/openstack/lib/python3.10/site-packages/ovsdbapp/backend/ovs_idl/command.py", line 235, in run_idl
2026-06-15 20:12:13.883 10 ERROR ovsdbapp.backend.ovs_idl.command record = self.api.lookup(self.table, self.record)
2026-06-15 20:12:13.883 10 ERROR ovsdbapp.backend.ovs_idl.command
File "/var/lib/openstack/lib/python3.10/site-packages/ovsdbapp/backend/ovs_idl/__init__.py", line 184, in lookup
2026-06-15 20:12:13.883 10 ERROR ovsdbapp.backend.ovs_idl.command return self._lookup(table, record)
2026-06-15 20:12:13.883 10 ERROR ovsdbapp.backend.ovs_idl.command
File "/var/lib/openstack/lib/python3.10/site-packages/ovsdbapp/backend/ovs_idl/__init__.py", line 235, in _lookup
2026-06-15 20:12:13.883 10 ERROR ovsdbapp.backend.ovs_idl.command row = idlutils.row_by_value(self, rl.table, rl.column, record)
2026-06-15 20:12:13.883 10 ERROR ovsdbapp.backend.ovs_idl.command
File "/var/lib/openstack/lib/python3.10/site-packages/ovsdbapp/backend/ovs_idl/idlutils.py", line 114, in row_by_value
2026-06-15 20:12:13.883 10 ERROR ovsdbapp.backend.ovs_idl.command raise RowNotFound(table=table, col=column, match=match)
2026-06-15 20:12:13.883 10 ERROR ovsdbapp.backend.ovs_idl.command ovsdbapp.backend.ovs_idl.idlutils.RowNotFound: Cannot find Logical_Router_Port with name=lrp-4fd4ff11-96d6-4d92-ac4f-c8fabe55fe6e
2026-06-15 20:12:13.883 10 ERROR ovsdbapp.backend.ovs_idl.command 
2026-06-15 20:12:13.884 10 ERROR neutron_lib.callbacks.manager [None req-d91f6e2f-a487-4fb2-9d5a-af7a7f8aafd2 - - - - - -] Error during notification for neutron.services.ovn_l3.plugin.OVNL3RouterPlugin._port_update-8760641379046 port, after_update: ovsdbapp.backend.ovs_idl.idlutils.RowNotFound: Cannot find Logical_Router_Port with name=lrp-4fd4ff11-96d6-4d92-ac4f-c8fabe55fe6e
2026-06-15 20:12:13.884 10 ERROR neutron_lib.callbacks.manager
Traceback (most recent call last):
2026-06-15 20:12:13.884 10 ERROR neutron_lib.callbacks.manager
File "/var/lib/openstack/lib/python3.10/site-packages/neutron_lib/callbacks/manager.py", line 189, in _notify_loop
2026-06-15 20:12:13.884 10 ERROR neutron_lib.callbacks.manager callback.method(resource, event, trigger, payload=payload)
2026-06-15 20:12:13.884 10 ERROR neutron_lib.callbacks.manager
File "/var/lib/openstack/lib/python3.10/site-packages/neutron/services/ovn_l3/plugin.py", line 391, in _port_update
2026-06-15 20:12:13.884 10 ERROR neutron_lib.callbacks.manager l3plugin._ovn_client.update_router_port(context,
2026-06-15 20:12:13.884 10 ERROR neutron_lib.callbacks.manager
File "/var/lib/openstack/lib/python3.10/site-packages/neutron/plugins/ml2/drivers/ovn/mech_driver/ovsdb/ovn_client.py", line 1878, in update_router_port
2026-06-15 20:12:13.884 10 ERROR neutron_lib.callbacks.manager self._update_lrouter_port(context, port, if_exists=if_exists,
2026-06-15 20:12:13.884 10 ERROR neutron_lib.callbacks.manager
File "/var/lib/openstack/lib/python3.10/site-packages/neutron/plugins/ml2/drivers/ovn/mech_driver/ovsdb/ovn_client.py", line 1855, in _update_lrouter_port
2026-06-15 20:12:13.884 10 ERROR neutron_lib.callbacks.manager external_ids = self._nb_idl.db_get(
2026-06-15 20:12:13.884 10 ERROR neutron_lib.callbacks.manager
File "/var/lib/openstack/lib/python3.10/site-packages/ovsdbapp/backend/ovs_idl/command.py", line 47, in execute
2026-06-15 20:12:13.884 10 ERROR neutron_lib.callbacks.manager self.run_idl(None)
2026-06-15 20:12:13.884 10 ERROR neutron_lib.callbacks.manager
File "/var/lib/openstack/lib/python3.10/site-packages/ovsdbapp/backend/ovs_idl/command.py", line 235, in run_idl
2026-06-15 20:12:13.884 10 ERROR neutron_lib.callbacks.manager record = self.api.lookup(self.table, self.record)
2026-06-15 20:12:13.884 10 ERROR neutron_lib.callbacks.manager
File "/var/lib/openstack/lib/python3.10/site-packages/ovsdbapp/backend/ovs_idl/__init__.py", line 184, in lookup
2026-06-15 20:12:13.884 10 ERROR neutron_lib.callbacks.manager return self._lookup(table, record)
2026-06-15 20:12:13.884 10 ERROR neutron_lib.callbacks.manager
File "/var/lib/openstack/lib/python3.10/site-packages/ovsdbapp/backend/ovs_idl/__init__.py", line 235, in _lookup
2026-06-15 20:12:13.884 10 ERROR neutron_lib.callbacks.manager row = idlutils.row_by_value(self, rl.table, rl.column, record)
2026-06-15 20:12:13.884 10 ERROR neutron_lib.callbacks.manager
File "/var/lib/openstack/lib/python3.10/site-packages/ovsdbapp/backend/ovs_idl/idlutils.py", line 114, in row_by_value
2026-06-15 20:12:13.884 10 ERROR neutron_lib.callbacks.manager raise RowNotFound(table=table, col=column, match=match)
2026-06-15 20:12:13.884 10 ERROR neutron_lib.callbacks.manager ovsdbapp.backend.ovs_idl.idlutils.RowNotFound: Cannot find Logical_Router_Port with name=lrp-4fd4ff11-96d6-4d92-ac4f-c8fabe55fe6e
2026-06-15 20:12:13.884 10 ERROR neutron_lib.callbacks.manager 
