2026-06-15 20:13:33.939 9 INFO neutron.services.segments.plugin [-] Segment 550b1aa0-a09b-4bc6-a8b5-f402ee95c8b3 resource provider not found; error: Placement Client Error (4xx): {"errors": [{"status": 404, "title": "Not Found", "detail": "The resource could not be found.\n\n No resource provider with uuid 550b1aa0-a09b-4bc6-a8b5-f402ee95c8b3 found for delete ", "request_id": "req-2e269819-ac24-4035-b0bd-b65bbad6a587"}]}
2026-06-15 20:13:33.944 9 INFO neutron.services.segments.plugin [-] Segment 550b1aa0-a09b-4bc6-a8b5-f402ee95c8b3 resource provider aggregate not found
2026-06-15 20:13:33.958 9 INFO neutron.services.segments.plugin [-] Segment 550b1aa0-a09b-4bc6-a8b5-f402ee95c8b3 resource provider not found; error: Placement Client Error (4xx): {"errors": [{"status": 404, "title": "Not Found", "detail": "The resource could not be found.\n\n No resource provider with uuid 550b1aa0-a09b-4bc6-a8b5-f402ee95c8b3 found for delete ", "request_id": "req-0c030228-aa1a-4660-98e9-4a4f7822a0a3"}]}
2026-06-15 20:13:33.962 9 INFO neutron.services.segments.plugin [-] Segment 6647115a-999f-44e3-b4b3-388da59caa55 resource provider aggregate not found
2026-06-15 20:13:33.966 9 INFO neutron.wsgi [req-e1c510de-c08d-453f-9903-71efa2c9b02c req-1c8caec9-a3de-4b80-86f0-25c7ccccabb4 620472424deb43ac99a517b47168a11d 98bb65297bee42549f6e435d680ffa23 - - d81f5564c8b9433da08f7e473fbb122c d81f5564c8b9433da08f7e473fbb122c] 199.19.213.240 "GET /v2.0/ports?network_id=c6526c33-7d3b-44c8-8bef-4b2dbeb873e3&device_owner=network%3Adhcp HTTP/1.1" status: 200 len: 210 time: 0.0462499
2026-06-15 20:13:33.971 9 INFO neutron.services.segments.plugin [-] Segment 6647115a-999f-44e3-b4b3-388da59caa55 resource provider aggregate not found
2026-06-15 20:13:33.975 9 INFO neutron.services.segments.plugin [-] Segment 6647115a-999f-44e3-b4b3-388da59caa55 resource provider not found; error: Placement Client Error (4xx): {"errors": [{"status": 404, "title": "Not Found", "detail": "The resource could not be found.\n\n No resource provider with uuid 6647115a-999f-44e3-b4b3-388da59caa55 found for delete ", "request_id": "req-f07a5140-51a6-4034-bd6e-d62e8ba16f50"}]}
2026-06-15 20:13:33.994 9 INFO neutron.services.segments.plugin [-] Segment 6647115a-999f-44e3-b4b3-388da59caa55 resource provider not found; error: Placement Client Error (4xx): {"errors": [{"status": 404, "title": "Not Found", "detail": "The resource could not be found.\n\n No resource provider with uuid 6647115a-999f-44e3-b4b3-388da59caa55 found for delete ", "request_id": "req-3727b716-442a-44e1-ad60-922188cde74f"}]}
2026-06-15 20:13:34.055 9 INFO neutron.wsgi [req-e1c510de-c08d-453f-9903-71efa2c9b02c req-54396440-73f2-4377-9c74-97ddcfb44a13 620472424deb43ac99a517b47168a11d 98bb65297bee42549f6e435d680ffa23 - - d81f5564c8b9433da08f7e473fbb122c d81f5564c8b9433da08f7e473fbb122c] 199.19.213.240 "GET /v2.0/networks/c6526c33-7d3b-44c8-8bef-4b2dbeb873e3?fields=segments HTTP/1.1" status: 200 len: 212 time: 0.0815253
2026-06-15 20:13:34.149 9 INFO neutron.wsgi [req-e1c510de-c08d-453f-9903-71efa2c9b02c req-fccc5de7-acf6-4d56-b457-840f9c7a85a0 620472424deb43ac99a517b47168a11d 98bb65297bee42549f6e435d680ffa23 - - d81f5564c8b9433da08f7e473fbb122c d81f5564c8b9433da08f7e473fbb122c] 199.19.213.240 "GET /v2.0/networks/c6526c33-7d3b-44c8-8bef-4b2dbeb873e3?fields=provider%3Aphysical_network&fields=provider%3Anetwork_type HTTP/1.1" status: 200 len: 277 time: 0.0881922
2026-06-15 20:13:34.155 9 INFO neutron.wsgi [None req-6e3f3738-65b7-4abd-a969-bc01d15b74db c72f6d4e282f48b7bc5ad3cf1dd18ebc 8781f5174a204c089dfcdecd98af39de - - default default] 10.0.0.159 "DELETE /v2.0/networks/34d3143b-03af-4d4c-845c-bbfdd6068401 HTTP/1.1" status: 204 len: 168 time: 0.6689489
2026-06-15 20:13:34.261 10 WARNING neutron.plugins.ml2.drivers.ovn.mech_driver.ovsdb.ovn_client [None req-d91f6e2f-a487-4fb2-9d5a-af7a7f8aafd2 - - - - - -] No hosting information found for port 5645c45e-43fb-4899-bdde-5a328ce2bc14: RuntimeError: No hosting information found for port 5645c45e-43fb-4899-bdde-5a328ce2bc14
2026-06-15 20:13:34.286 9 INFO neutron.wsgi [req-10e89df7-7847-4912-a1b1-74a5e758ade6 req-d8c7b5ae-52a1-4d98-8532-4e6e356bf137 251c312dc51e4405b1c28a33500c8c99 33ffd06781f642fd807a793f1b48fe2c - - default default] 10.0.0.178 "GET /v2.0/ports?device_id=687bd269-6cad-40cc-92bb-c11c3662dd32 HTTP/1.1" status: 200 len: 1174 time: 0.0409167
2026-06-15 20:13:34.338 9 INFO neutron.wsgi [req-10e89df7-7847-4912-a1b1-74a5e758ade6 req-2d2077d4-d399-4d93-8491-d1ae85fc9dbd 251c312dc51e4405b1c28a33500c8c99 33ffd06781f642fd807a793f1b48fe2c - - default default] 10.0.0.178 "GET /v2.0/security-groups?id=02fe6699-56ac-4d40-9c25-cb629678fc37&fields=id&fields=name HTTP/1.1" status: 200 len: 286 time: 0.0442061
2026-06-15 20:13:34.344 10 INFO neutron.plugins.ml2.drivers.ovn.mech_driver.mech_driver [None req-d91f6e2f-a487-4fb2-9d5a-af7a7f8aafd2 - - - - - -] OVN reports status down for port: 19f7db0d-dfe9-4e3d-a46f-11684ce071ad
2026-06-15 20:13:34.660 10 INFO neutron.services.segments.plugin [-] Segment de5b71ad-932b-4fc7-b45e-d58171144be2 resource provider aggregate not found
2026-06-15 20:13:34.664 10 INFO neutron.services.segments.plugin [-] Segment de5b71ad-932b-4fc7-b45e-d58171144be2 resource provider aggregate not found
2026-06-15 20:13:34.682 10 INFO neutron.services.segments.plugin [-] Segment de5b71ad-932b-4fc7-b45e-d58171144be2 resource provider not found; error: Placement Client Error (4xx): {"errors": [{"status": 404, "title": "Not Found", "detail": "The resource could not be found.\n\n No resource provider with uuid de5b71ad-932b-4fc7-b45e-d58171144be2 found for delete ", "request_id": "req-8cc146d6-9a48-41a3-97a9-32ee469cdeea"}]}
2026-06-15 20:13:34.685 10 INFO neutron.services.segments.plugin [-] Segment de5b71ad-932b-4fc7-b45e-d58171144be2 resource provider not found; error: Placement Client Error (4xx): {"errors": [{"status": 404, "title": "Not Found", "detail": "The resource could not be found.\n\n No resource provider with uuid de5b71ad-932b-4fc7-b45e-d58171144be2 found for delete ", "request_id": "req-a66ff339-dcd3-4af8-b037-400bc11575e9"}]}
2026-06-15 20:13:34.719 10 INFO neutron.wsgi [None req-d6e5a468-b0cc-44aa-b354-fc6b062a2b0b c72f6d4e282f48b7bc5ad3cf1dd18ebc 8781f5174a204c089dfcdecd98af39de - - default default] 10.0.0.159 "DELETE /v2.0/networks/b56deb69-109d-4657-9139-01d0f935cc1b HTTP/1.1" status: 204 len: 168 time: 0.5565450
2026-06-15 20:13:34.741 10 INFO neutron.notifiers.nova [-] Nova event matching ['req-baec0057-336f-4163-b67c-987480cf84d4'] response: {'server_uuid': '5d7f6284-eff1-4aed-a9f8-667272552f08', 'name': 'network-vif-unplugged', 'status': 'completed', 'tag': '19f7db0d-dfe9-4e3d-a46f-11684ce071ad', 'code': 200}
2026-06-15 20:13:34.760 10 INFO neutron.db.ovn_revision_numbers_db [None req-d91f6e2f-a487-4fb2-9d5a-af7a7f8aafd2 - - - - - -] Successfully bumped revision number for resource 19f7db0d-dfe9-4e3d-a46f-11684ce071ad (type: ports) to 5 /var/lib/openstack/lib/python3.10/site-packages/pycadf/identifier.py:71: UserWarning: Invalid uuid: neutron. To ensure interoperability, identifiers should be a valid uuid. warnings.warn(('Invalid uuid: %s. To ensure interoperability, '
2026-06-15 20:13:34.905 10 INFO neutron.wsgi [req-eb3d7c16-a36b-411c-8e93-35dd679a9d82 req-986bc21d-cb00-44e7-ad92-a6b588e83a68 b5a74c3e4c4745d09ef9499bbda7b19a 90643a81bc634bb48380e339a4bd9864 - - default default] 10.0.0.178 "GET /v2.0/ports?device_id=5d7f6284-eff1-4aed-a9f8-667272552f08 HTTP/1.1" status: 200 len: 1168 time: 0.0378399
2026-06-15 20:13:34.931 9 INFO neutron.plugins.ml2.drivers.ovn.mech_driver.mech_driver [None req-d79020d5-2dee-47d4-9fe3-0a416f64d778 - - - - - -] OVN reports status down for port: 9e6d36f3-ae51-4d73-b275-2fef9ad81176
2026-06-15 20:13:34.950 9 INFO neutron.wsgi [req-6484b978-19fd-4b21-a73f-0b2c669a7203 req-66744322-7ecc-45e0-ab10-0bf2a9c31593 251c312dc51e4405b1c28a33500c8c99 33ffd06781f642fd807a793f1b48fe2c - - default default] 10.0.0.178 "GET /v2.0/ports?device_id=687bd269-6cad-40cc-92bb-c11c3662dd32 HTTP/1.1" status: 200 len: 1174 time: 0.0637512
2026-06-15 20:13:34.957 10 INFO neutron.wsgi [req-eb3d7c16-a36b-411c-8e93-35dd679a9d82 req-e02ff2b5-3e4d-42b6-aa3f-70837cabd3b9 b5a74c3e4c4745d09ef9499bbda7b19a 90643a81bc634bb48380e339a4bd9864 - - default default] 10.0.0.178 "GET /v2.0/security-groups?id=c646e0aa-8fbc-468b-bbf9-6ad4c10b1cee&fields=id&fields=name HTTP/1.1" status: 200 len: 312 time: 0.0447822
2026-06-15 20:13:34.965 10 INFO neutron.plugins.ml2.drivers.ovn.mech_driver.mech_driver [None req-d91f6e2f-a487-4fb2-9d5a-af7a7f8aafd2 - - - - - -] OVN reports status up for port: 19f7db0d-dfe9-4e3d-a46f-11684ce071ad
2026-06-15 20:13:34.976 10 INFO neutron.plugins.ml2.plugin [None req-d91f6e2f-a487-4fb2-9d5a-af7a7f8aafd2 - - - - - -] Attempt 1 to provision port 19f7db0d-dfe9-4e3d-a46f-11684ce071ad
2026-06-15 20:13:35.039 9 INFO neutron.wsgi [req-6484b978-19fd-4b21-a73f-0b2c669a7203 req-57f6129b-0a42-4ead-97b9-d2b2ed8cec58 251c312dc51e4405b1c28a33500c8c99 33ffd06781f642fd807a793f1b48fe2c - - default default] 10.0.0.178 "GET /v2.0/security-groups?id=02fe6699-56ac-4d40-9c25-cb629678fc37&fields=id&fields=name HTTP/1.1" status: 200 len: 286 time: 0.0810096
2026-06-15 20:13:35.267 9 INFO neutron.wsgi [req-b36c6982-d389-4394-9b51-871d258cfe98 req-bb2dff42-2750-46e6-ae5d-2f3755b85c9b 251c312dc51e4405b1c28a33500c8c99 33ffd06781f642fd807a793f1b48fe2c - - default default] 199.19.213.240 "GET /v2.0/ports?device_id=687bd269-6cad-40cc-92bb-c11c3662dd32 HTTP/1.1" status: 200 len: 1172 time: 0.0580685
2026-06-15 20:13:35.319 9 INFO neutron.db.ovn_revision_numbers_db [None req-d79020d5-2dee-47d4-9fe3-0a416f64d778 - - - - - -] Successfully bumped revision number for resource 9e6d36f3-ae51-4d73-b275-2fef9ad81176 (type: ports) to 5
2026-06-15 20:13:35.330 10 INFO neutron.db.ovn_revision_numbers_db [None req-d91f6e2f-a487-4fb2-9d5a-af7a7f8aafd2 - - - - - -] Successfully bumped revision number for resource 19f7db0d-dfe9-4e3d-a46f-11684ce071ad (type: ports) to 6 /var/lib/openstack/lib/python3.10/site-packages/pycadf/identifier.py:71: UserWarning: Invalid uuid: neutron. To ensure interoperability, identifiers should be a valid uuid. warnings.warn(('Invalid uuid: %s. To ensure interoperability, '
2026-06-15 20:13:35.530 9 INFO neutron.notifiers.nova [-] Nova event matching ['req-b4cde5dd-86f4-4591-bf31-27ed5d978b97'] response: {'server_uuid': '687bd269-6cad-40cc-92bb-c11c3662dd32', 'name': 'network-vif-plugged', 'status': 'completed', 'tag': '9e6d36f3-ae51-4d73-b275-2fef9ad81176', 'code': 200}
2026-06-15 20:13:35.531 9 INFO neutron.notifiers.nova [-] Nova event matching ['req-b4cde5dd-86f4-4591-bf31-27ed5d978b97'] response: {'server_uuid': '687bd269-6cad-40cc-92bb-c11c3662dd32', 'name': 'network-vif-unplugged', 'status': 'completed', 'tag': '9e6d36f3-ae51-4d73-b275-2fef9ad81176', 'code': 200}
2026-06-15 20:13:35.531 9 INFO neutron.notifiers.nova [-] Nova event matching ['req-b4cde5dd-86f4-4591-bf31-27ed5d978b97'] response: {'server_uuid': '687bd269-6cad-40cc-92bb-c11c3662dd32', 'name': 'network-vif-unplugged', 'status': 'completed', 'tag': '9e6d36f3-ae51-4d73-b275-2fef9ad81176', 'code': 200}
2026-06-15 20:13:35.571 10 INFO neutron.wsgi [None req-a06b33a8-7fae-43ca-91c4-ff67c38c08e8 4c33aad6f709479699459cdbccd85d60 71536d8bab91425fb83b00fbfa4d0a6f - - default default] 10.0.0.159 "GET /v2.0/security-groups?tenant_id=8781f5174a204c089dfcdecd98af39de&name=default HTTP/1.1" status: 200 len: 3120 time: 0.3385565
2026-06-15 20:13:35.623 9 INFO neutron.wsgi [req-b36c6982-d389-4394-9b51-871d258cfe98 req-f0729f35-1776-4cb9-8310-026a92e6d607 251c312dc51e4405b1c28a33500c8c99 33ffd06781f642fd807a793f1b48fe2c - - default default] 199.19.213.240 "DELETE /v2.0/ports/9e6d36f3-ae51-4d73-b275-2fef9ad81176 HTTP/1.1" status: 204 len: 173 time: 0.3395045
2026-06-15 20:13:35.803 10 INFO neutron.wsgi [None req-0ba5e9bd-37e7-410b-89fa-74569e422200 4c33aad6f709479699459cdbccd85d60 71536d8bab91425fb83b00fbfa4d0a6f - - default default] 10.0.0.159 "DELETE /v2.0/security-groups/4e022c8a-cf6d-4e3c-9110-7523b726967e HTTP/1.1" status: 204 len: 168 time: 0.2283480
2026-06-15 20:13:36.000 9 INFO neutron.services.segments.plugin [-] Segment c6fe77cd-674b-4db4-b9c5-4bac470d9db6 resource provider aggregate not found
2026-06-15 20:13:36.020 9 INFO neutron.services.segments.plugin [-] Segment c6fe77cd-674b-4db4-b9c5-4bac470d9db6 resource provider not found; error: Placement Client Error (4xx): {"errors": [{"status": 404, "title": "Not Found", "detail": "The resource could not be found.\n\n No resource provider with uuid c6fe77cd-674b-4db4-b9c5-4bac470d9db6 found for delete ", "request_id": "req-47d86a5b-e7f1-49fe-83fa-37ad3caed316"}]}
2026-06-15 20:13:36.021 9 INFO neutron.services.segments.plugin [-] Segment c6fe77cd-674b-4db4-b9c5-4bac470d9db6 resource provider aggregate not found /var/lib/openstack/lib/python3.10/site-packages/pycadf/identifier.py:71: UserWarning: Invalid uuid: neutron. To ensure interoperability, identifiers should be a valid uuid. warnings.warn(('Invalid uuid: %s. To ensure interoperability, '
2026-06-15 20:13:36.043 9 INFO neutron.services.segments.plugin [-] Segment c6fe77cd-674b-4db4-b9c5-4bac470d9db6 resource provider not found; error: Placement Client Error (4xx): {"errors": [{"status": 404, "title": "Not Found", "detail": "The resource could not be found.\n\n No resource provider with uuid c6fe77cd-674b-4db4-b9c5-4bac470d9db6 found for delete ", "request_id": "req-08334391-3c77-4a93-9e3b-a7d088e833c8"}]}
2026-06-15 20:13:36.130 9 INFO neutron.wsgi [req-f648360d-89a9-4ed4-a728-19355f27ffad req-8a2058ff-6773-4945-b523-9e253fbc18e0 b5a74c3e4c4745d09ef9499bbda7b19a 90643a81bc634bb48380e339a4bd9864 - - default default] 10.0.0.178 "GET /v2.0/ports?device_id=5d7f6284-eff1-4aed-a9f8-667272552f08 HTTP/1.1" status: 200 len: 1170 time: 0.0969305
2026-06-15 20:13:36.181 9 INFO neutron.wsgi [req-f648360d-89a9-4ed4-a728-19355f27ffad req-a027f230-7e5f-4d3b-8719-218f46f4bdaa b5a74c3e4c4745d09ef9499bbda7b19a 90643a81bc634bb48380e339a4bd9864 - - default default] 10.0.0.178 "GET /v2.0/security-groups?id=c646e0aa-8fbc-468b-bbf9-6ad4c10b1cee&fields=id&fields=name HTTP/1.1" status: 200 len: 312 time: 0.0458615
2026-06-15 20:13:36.789 10 INFO neutron.notifiers.nova [-] Nova event matching ['req-fd5fc32b-be13-44ae-a50a-4b9765867d41'] response: {'server_uuid': '5d7f6284-eff1-4aed-a9f8-667272552f08', 'name': 'network-vif-unplugged', 'status': 'completed', 'tag': '19f7db0d-dfe9-4e3d-a46f-11684ce071ad', 'code': 200}
2026-06-15 20:13:36.790 10 INFO neutron.notifiers.nova [-] Nova event matching ['req-fd5fc32b-be13-44ae-a50a-4b9765867d41'] response: {'server_uuid': '5d7f6284-eff1-4aed-a9f8-667272552f08', 'name': 'network-vif-plugged', 'status': 'completed', 'tag': '19f7db0d-dfe9-4e3d-a46f-11684ce071ad', 'code': 200}
2026-06-15 20:13:36.790 10 INFO neutron.notifiers.nova [-] Nova event matching ['req-fd5fc32b-be13-44ae-a50a-4b9765867d41'] response: {'server_uuid': '5d7f6284-eff1-4aed-a9f8-667272552f08', 'name': 'network-vif-plugged', 'status': 'completed', 'tag': '19f7db0d-dfe9-4e3d-a46f-11684ce071ad', 'code': 200}
2026-06-15 20:13:37.487 9 INFO neutron.db.ovn_revision_numbers_db [None req-3e04c552-9669-4da7-aa1f-791c0f653014 4c33aad6f709479699459cdbccd85d60 71536d8bab91425fb83b00fbfa4d0a6f - - default default] Successfully bumped revision number for resource 96714509-b9c2-4d81-90c3-078e494ff1ff (type: security_groups) to 1
2026-06-15 20:13:37.500 9 INFO neutron.db.ovn_revision_numbers_db [None req-3e04c552-9669-4da7-aa1f-791c0f653014 4c33aad6f709479699459cdbccd85d60 71536d8bab91425fb83b00fbfa4d0a6f - - default default] Successfully bumped revision number for resource 0b14f948-0bd9-4069-8fb7-44e3983bdfec (type: security_group_rules) to 0
2026-06-15 20:13:37.513 9 INFO neutron.db.ovn_revision_numbers_db [None req-3e04c552-9669-4da7-aa1f-791c0f653014 4c33aad6f709479699459cdbccd85d60 71536d8bab91425fb83b00fbfa4d0a6f - - default default] Successfully bumped revision number for resource 20ceefd1-d51c-4c98-b7f9-f87e67d783d1 (type: security_group_rules) to 0
2026-06-15 20:13:37.529 9 INFO neutron.db.ovn_revision_numbers_db [None req-3e04c552-9669-4da7-aa1f-791c0f653014 4c33aad6f709479699459cdbccd85d60 71536d8bab91425fb83b00fbfa4d0a6f - - default default] Successfully bumped revision number for resource ce606249-2b70-4210-a215-ec9b620f8e26 (type: security_group_rules) to 0
2026-06-15 20:13:37.553 9 INFO neutron.db.ovn_revision_numbers_db [None req-3e04c552-9669-4da7-aa1f-791c0f653014 4c33aad6f709479699459cdbccd85d60 71536d8bab91425fb83b00fbfa4d0a6f - - default default] Successfully bumped revision number for resource e58a0bdc-d2fc-4369-9da8-dc422fd11d85 (type: security_group_rules) to 0
2026-06-15 20:13:37.576 9 INFO neutron.wsgi [None req-3e04c552-9669-4da7-aa1f-791c0f653014 4c33aad6f709479699459cdbccd85d60 71536d8bab91425fb83b00fbfa4d0a6f - - default default] 10.0.0.159 "GET /v2.0/security-groups?tenant_id=add18515d60e46af9da2aecb822a2824&name=default HTTP/1.1" status: 200 len: 3120 time: 0.4146869
2026-06-15 20:13:37.578 9 INFO neutron.notifiers.nova [-] Nova event matching ['req-7290c5fc-6030-4a8d-9158-d1348ec95953'] response: {'server_uuid': '687bd269-6cad-40cc-92bb-c11c3662dd32', 'name': 'network-vif-deleted', 'tag': '9e6d36f3-ae51-4d73-b275-2fef9ad81176', 'status': 'completed', 'code': 200}
2026-06-15 20:13:37.797 9 INFO neutron.wsgi [None req-d3e9bf45-e4f5-48e2-ab4b-26b10ba37fdb 4c33aad6f709479699459cdbccd85d60 71536d8bab91425fb83b00fbfa4d0a6f - - default default] 10.0.0.159 "DELETE /v2.0/security-groups/96714509-b9c2-4d81-90c3-078e494ff1ff HTTP/1.1" status: 204 len: 168 time: 0.2043347
2026-06-15 20:13:37.823 9 WARNING neutron_lib.context [None req-54b6b560-6ca6-467b-82b2-8221dae9c81e d29a85a85ab842d88ce0fba3ba7a75a5 01b6a5e0e8b74004a0e66c95c4a85d5d - - default default] Method 'is_advsvc' is deprecated since 2023.2 release (neutron-lib 3.8.0) and will be removed once support for the old RBAC API policies will be removed from Neutron. Please use method 'is_service_role' instead.
2026-06-15 20:13:37.959 9 INFO neutron.db.ovn_revision_numbers_db [None req-54b6b560-6ca6-467b-82b2-8221dae9c81e d29a85a85ab842d88ce0fba3ba7a75a5 01b6a5e0e8b74004a0e66c95c4a85d5d - - default default] Successfully bumped revision number for resource 799180c6-c2f2-4336-ae16-922569d1b1b3 (type: security_groups) to 1
2026-06-15 20:13:37.973 9 INFO neutron.db.ovn_revision_numbers_db [None req-54b6b560-6ca6-467b-82b2-8221dae9c81e d29a85a85ab842d88ce0fba3ba7a75a5 01b6a5e0e8b74004a0e66c95c4a85d5d - - default default] Successfully bumped revision number for resource 3c32e9b3-ab24-49fc-bcd7-0d6270ccf5d5 (type: security_group_rules) to 0
2026-06-15 20:13:37.984 9 INFO neutron.db.ovn_revision_numbers_db [None req-54b6b560-6ca6-467b-82b2-8221dae9c81e d29a85a85ab842d88ce0fba3ba7a75a5 01b6a5e0e8b74004a0e66c95c4a85d5d - - default default] Successfully bumped revision number for resource 5c067e2c-a2c0-4042-87eb-9dff9aee1804 (type: security_group_rules) to 0
2026-06-15 20:13:37.995 9 INFO neutron.db.ovn_revision_numbers_db [None req-54b6b560-6ca6-467b-82b2-8221dae9c81e d29a85a85ab842d88ce0fba3ba7a75a5 01b6a5e0e8b74004a0e66c95c4a85d5d - - default default] Successfully bumped revision number for resource 80b351a6-9b1a-4bd7-bffe-8bd0ce55dc3f (type: security_group_rules) to 0
2026-06-15 20:13:38.006 9 INFO neutron.db.ovn_revision_numbers_db [None req-54b6b560-6ca6-467b-82b2-8221dae9c81e d29a85a85ab842d88ce0fba3ba7a75a5 01b6a5e0e8b74004a0e66c95c4a85d5d - - default default] Successfully bumped revision number for resource ce0d1ed6-8f18-4169-a881-9367fbd5cc9d (type: security_group_rules) to 0
2026-06-15 20:13:38.061 9 INFO neutron.db.segments_db [None req-54b6b560-6ca6-467b-82b2-8221dae9c81e d29a85a85ab842d88ce0fba3ba7a75a5 01b6a5e0e8b74004a0e66c95c4a85d5d - - default default] Added segment 1c41e58b-5cf6-497c-95fd-f4a5d8551c7a of type geneve for network 9e3b3ff2-d777-4495-9603-611de2501f5e
2026-06-15 20:13:38.120 10 INFO neutron.db.ovn_revision_numbers_db [None req-502f3091-3c27-41f7-b219-4e52ca64b38b 4c33aad6f709479699459cdbccd85d60 71536d8bab91425fb83b00fbfa4d0a6f - - default default] Successfully bumped revision number for resource eae19544-0f8d-4c95-946f-56183a34d38a (type: security_groups) to 1
2026-06-15 20:13:38.145 10 INFO neutron.db.ovn_revision_numbers_db [None req-502f3091-3c27-41f7-b219-4e52ca64b38b 4c33aad6f709479699459cdbccd85d60 71536d8bab91425fb83b00fbfa4d0a6f - - default default] Successfully bumped revision number for resource 7fa3bba1-df28-4d53-ace2-7eea0f070438 (type: security_group_rules) to 0
2026-06-15 20:13:38.183 10 INFO neutron.db.ovn_revision_numbers_db [None req-502f3091-3c27-41f7-b219-4e52ca64b38b 4c33aad6f709479699459cdbccd85d60 71536d8bab91425fb83b00fbfa4d0a6f - - default default] Successfully bumped revision number for resource ca07e752-4c0f-4190-888f-31c47b3f1309 (type: security_group_rules) to 0
2026-06-15 20:13:38.215 9 INFO neutron.db.ovn_revision_numbers_db [None req-54b6b560-6ca6-467b-82b2-8221dae9c81e d29a85a85ab842d88ce0fba3ba7a75a5 01b6a5e0e8b74004a0e66c95c4a85d5d - - default default] Successfully bumped revision number for resource 9e3b3ff2-d777-4495-9603-611de2501f5e (type: networks) to 1
2026-06-15 20:13:38.229 10 INFO neutron.db.ovn_revision_numbers_db [None req-502f3091-3c27-41f7-b219-4e52ca64b38b 4c33aad6f709479699459cdbccd85d60 71536d8bab91425fb83b00fbfa4d0a6f - - default default] Successfully bumped revision number for resource dc8d0899-4807-477b-b27b-0187538cb27b (type: security_group_rules) to 0
2026-06-15 20:13:38.253 10 INFO neutron.db.ovn_revision_numbers_db [None req-502f3091-3c27-41f7-b219-4e52ca64b38b 4c33aad6f709479699459cdbccd85d60 71536d8bab91425fb83b00fbfa4d0a6f - - default default] Successfully bumped revision number for resource ea2d20c2-302f-4272-8750-d115c72aa220 (type: security_group_rules) to 0
2026-06-15 20:13:38.291 10 INFO neutron.wsgi [None req-502f3091-3c27-41f7-b219-4e52ca64b38b 4c33aad6f709479699459cdbccd85d60 71536d8bab91425fb83b00fbfa4d0a6f - - default default] 10.0.0.159 "GET /v2.0/security-groups?tenant_id=23faf852ecfb46e9b654af515bca6c9e&name=default HTTP/1.1" status: 200 len: 3120 time: 0.3356018
2026-06-15 20:13:38.465 9 WARNING neutron.scheduler.dhcp_agent_scheduler [None req-54b6b560-6ca6-467b-82b2-8221dae9c81e d29a85a85ab842d88ce0fba3ba7a75a5 01b6a5e0e8b74004a0e66c95c4a85d5d - - default default] No more DHCP agents
2026-06-15 20:13:38.467 9 WARNING neutron.api.rpc.agentnotifiers.dhcp_rpc_agent_api [None req-54b6b560-6ca6-467b-82b2-8221dae9c81e d29a85a85ab842d88ce0fba3ba7a75a5 01b6a5e0e8b74004a0e66c95c4a85d5d - - default default] Unable to schedule network 9e3b3ff2-d777-4495-9603-611de2501f5e: no agents available; will retry on subsequent port and subnet creation events.
2026-06-15 20:13:38.557 9 INFO neutron.db.ovn_revision_numbers_db [None req-54b6b560-6ca6-467b-82b2-8221dae9c81e d29a85a85ab842d88ce0fba3ba7a75a5 01b6a5e0e8b74004a0e66c95c4a85d5d - - default default] Successfully bumped revision number for resource a076c435-bb0d-4803-a8b2-87540370e88f (type: ports) to 1
2026-06-15 20:13:38.579 9 INFO neutron.wsgi [None req-54b6b560-6ca6-467b-82b2-8221dae9c81e d29a85a85ab842d88ce0fba3ba7a75a5 01b6a5e0e8b74004a0e66c95c4a85d5d - - default default] 10.0.0.159 "POST /v2.0/networks HTTP/1.1" status: 201 len: 844 time: 0.8602519
2026-06-15 20:13:38.592 9 WARNING neutron_lib.context [None req-bac4677d-3741-4779-8998-b8f373826d2b d29a85a85ab842d88ce0fba3ba7a75a5 01b6a5e0e8b74004a0e66c95c4a85d5d - - default default] Method 'is_advsvc' is deprecated since 2023.2 release (neutron-lib 3.8.0) and will be removed once support for the old RBAC API policies will be removed from Neutron. Please use method 'is_service_role' instead.
2026-06-15 20:13:38.626 10 INFO neutron.wsgi [None req-ffea8cdc-2122-4b20-b5e8-5c19856d6cac 4c33aad6f709479699459cdbccd85d60 71536d8bab91425fb83b00fbfa4d0a6f - - default default] 10.0.0.159 "PUT /v2.0/routers/1e94faad-a8ab-4d5e-9462-80a5abb0ca6b/remove_router_interface HTTP/1.1" status: 200 len: 503 time: 1.3179877
2026-06-15 20:13:38.649 10 INFO neutron.wsgi [None req-7f32b91c-da40-4801-b5ea-15c31e49b94c 4c33aad6f709479699459cdbccd85d60 71536d8bab91425fb83b00fbfa4d0a6f - - default default] 10.0.0.159 "DELETE /v2.0/security-groups/eae19544-0f8d-4c95-946f-56183a34d38a HTTP/1.1" status: 204 len: 168 time: 0.3512762
2026-06-15 20:13:38.987 9 WARNING neutron.scheduler.dhcp_agent_scheduler [None req-bac4677d-3741-4779-8998-b8f373826d2b d29a85a85ab842d88ce0fba3ba7a75a5 01b6a5e0e8b74004a0e66c95c4a85d5d - - default default] No more DHCP agents
2026-06-15 20:13:38.989 9 WARNING neutron.api.rpc.agentnotifiers.dhcp_rpc_agent_api [None req-bac4677d-3741-4779-8998-b8f373826d2b d29a85a85ab842d88ce0fba3ba7a75a5 01b6a5e0e8b74004a0e66c95c4a85d5d - - default default] Unable to schedule network 9e3b3ff2-d777-4495-9603-611de2501f5e: no agents available; will retry on subsequent port and subnet creation events.
2026-06-15 20:13:39.099 9 INFO neutron.db.ovn_revision_numbers_db [None req-bac4677d-3741-4779-8998-b8f373826d2b d29a85a85ab842d88ce0fba3ba7a75a5 01b6a5e0e8b74004a0e66c95c4a85d5d - - default default] Successfully bumped revision number for resource db6ffeb6-36c1-4478-af91-53a2985b1c47 (type: ports) to 1
2026-06-15 20:13:39.128 9 INFO neutron.wsgi [None req-bac4677d-3741-4779-8998-b8f373826d2b d29a85a85ab842d88ce0fba3ba7a75a5 01b6a5e0e8b74004a0e66c95c4a85d5d - - default default] 10.0.0.159 "POST /v2.0/ports HTTP/1.1" status: 201 len: 974 time: 0.5421262 /var/lib/openstack/lib/python3.10/site-packages/pycadf/identifier.py:71: UserWarning: Invalid uuid: neutron. To ensure interoperability, identifiers should be a valid uuid. warnings.warn(('Invalid uuid: %s. To ensure interoperability, '
2026-06-15 20:13:39.137 10 WARNING neutron_lib.context [None req-e95413a7-4503-41e0-a328-231b1867a05d d29a85a85ab842d88ce0fba3ba7a75a5 01b6a5e0e8b74004a0e66c95c4a85d5d - - default default] Method 'is_advsvc' is deprecated since 2023.2 release (neutron-lib 3.8.0) and will be removed once support for the old RBAC API policies will be removed from Neutron. Please use method 'is_service_role' instead.
2026-06-15 20:13:39.222 10 INFO neutron.db.segments_db [None req-e95413a7-4503-41e0-a328-231b1867a05d d29a85a85ab842d88ce0fba3ba7a75a5 01b6a5e0e8b74004a0e66c95c4a85d5d - - default default] Added segment e9ed05de-9a4c-4184-85cb-6ed7f4e2c3f6 of type geneve for network 174bacb0-93d9-46c5-9c2f-3fea68b786e3
2026-06-15 20:13:39.372 10 INFO neutron.db.ovn_revision_numbers_db [None req-e95413a7-4503-41e0-a328-231b1867a05d d29a85a85ab842d88ce0fba3ba7a75a5 01b6a5e0e8b74004a0e66c95c4a85d5d - - default default] Successfully bumped revision number for resource 174bacb0-93d9-46c5-9c2f-3fea68b786e3 (type: networks) to 1
2026-06-15 20:13:39.526 10 WARNING neutron.scheduler.dhcp_agent_scheduler [None req-e95413a7-4503-41e0-a328-231b1867a05d d29a85a85ab842d88ce0fba3ba7a75a5 01b6a5e0e8b74004a0e66c95c4a85d5d - - default default] No more DHCP agents
2026-06-15 20:13:39.528 10 WARNING neutron.api.rpc.agentnotifiers.dhcp_rpc_agent_api [None req-e95413a7-4503-41e0-a328-231b1867a05d d29a85a85ab842d88ce0fba3ba7a75a5 01b6a5e0e8b74004a0e66c95c4a85d5d - - default default] Unable to schedule network 174bacb0-93d9-46c5-9c2f-3fea68b786e3: no agents available; will retry on subsequent port and subnet creation events.
2026-06-15 20:13:39.599 10 INFO neutron.db.ovn_revision_numbers_db [None req-e95413a7-4503-41e0-a328-231b1867a05d d29a85a85ab842d88ce0fba3ba7a75a5 01b6a5e0e8b74004a0e66c95c4a85d5d - - default default] Successfully bumped revision number for resource fe3dc3a3-c821-4d36-a756-7b405f6bb885 (type: ports) to 1
2026-06-15 20:13:39.616 10 INFO neutron.wsgi [None req-e95413a7-4503-41e0-a328-231b1867a05d d29a85a85ab842d88ce0fba3ba7a75a5 01b6a5e0e8b74004a0e66c95c4a85d5d - - default default] 10.0.0.159 "POST /v2.0/networks HTTP/1.1" status: 201 len: 831 time: 0.4830983
2026-06-15 20:13:39.625 10 WARNING neutron_lib.context [None req-89712ebc-1022-48bd-ab08-1b0952b1264d d29a85a85ab842d88ce0fba3ba7a75a5 01b6a5e0e8b74004a0e66c95c4a85d5d - - default default] Method 'is_advsvc' is deprecated since 2023.2 release (neutron-lib 3.8.0) and will be removed once support for the old RBAC API policies will be removed from Neutron. Please use method 'is_service_role' instead.
2026-06-15 20:13:39.819 9 INFO neutron.wsgi [None req-1866021f-386a-443f-b8f9-745f01bdc9e8 4c33aad6f709479699459cdbccd85d60 71536d8bab91425fb83b00fbfa4d0a6f - - default default] 10.0.0.159 "DELETE /v2.0/routers/1e94faad-a8ab-4d5e-9462-80a5abb0ca6b HTTP/1.1" status: 204 len: 168 time: 1.1866333 /var/lib/openstack/lib/python3.10/site-packages/pycadf/identifier.py:71: UserWarning: Invalid uuid: neutron. To ensure interoperability, identifiers should be a valid uuid. warnings.warn(('Invalid uuid: %s. To ensure interoperability, '
2026-06-15 20:13:39.978 10 WARNING neutron.scheduler.dhcp_agent_scheduler [None req-89712ebc-1022-48bd-ab08-1b0952b1264d d29a85a85ab842d88ce0fba3ba7a75a5 01b6a5e0e8b74004a0e66c95c4a85d5d - - default default] No more DHCP agents
2026-06-15 20:13:39.981 10 WARNING neutron.api.rpc.agentnotifiers.dhcp_rpc_agent_api [None req-89712ebc-1022-48bd-ab08-1b0952b1264d d29a85a85ab842d88ce0fba3ba7a75a5 01b6a5e0e8b74004a0e66c95c4a85d5d - - default default] Unable to schedule network 174bacb0-93d9-46c5-9c2f-3fea68b786e3: no agents available; will retry on subsequent port and subnet creation events.
2026-06-15 20:13:39.991 9 INFO neutron.wsgi [None req-1d69ed43-3e5f-42d7-a88e-d42349c7f161 4c33aad6f709479699459cdbccd85d60 71536d8bab91425fb83b00fbfa4d0a6f - - default default] 10.0.0.159 "DELETE /v2.0/subnets/d68c3f1b-50e8-4bda-9da2-b682b3039a2e HTTP/1.1" status: 204 len: 168 time: 0.1629529
2026-06-15 20:13:40.349 9 INFO neutron.services.segments.plugin [-] Segment cdf24d07-468c-4f94-a174-4f5616f9bac2 resource provider aggregate not found
2026-06-15 20:13:40.353 9 INFO neutron.services.segments.plugin [-] Segment cdf24d07-468c-4f94-a174-4f5616f9bac2 resource provider aggregate not found
2026-06-15 20:13:40.372 9 INFO neutron.services.segments.plugin [-] Segment cdf24d07-468c-4f94-a174-4f5616f9bac2 resource provider not found; error: Placement Client Error (4xx): {"errors": [{"status": 404, "title": "Not Found", "detail": "The resource could not be found.\n\n No resource provider with uuid cdf24d07-468c-4f94-a174-4f5616f9bac2 found for delete ", "request_id": "req-d7644477-4cfc-474c-b9c4-f005b2d83e81"}]}
2026-06-15 20:13:40.374 9 INFO neutron.services.segments.plugin [-] Segment cdf24d07-468c-4f94-a174-4f5616f9bac2 resource provider not found; error: Placement Client Error (4xx): {"errors": [{"status": 404, "title": "Not Found", "detail": "The resource could not be found.\n\n No resource provider with uuid cdf24d07-468c-4f94-a174-4f5616f9bac2 found for delete ", "request_id": "req-8bdfeab2-cc1b-4944-be80-a8edabd3fd57"}]}
2026-06-15 20:13:40.395 9 INFO neutron.wsgi [None req-15c359ea-9d62-4fbe-83d2-5e9294af5d2a 4c33aad6f709479699459cdbccd85d60 71536d8bab91425fb83b00fbfa4d0a6f - - default default] 10.0.0.159 "DELETE /v2.0/networks/093095a9-02cb-4d03-8108-c8e798be08a2 HTTP/1.1" status: 204 len: 168 time: 0.3998530
2026-06-15 20:13:40.526 10 INFO neutron.db.ovn_revision_numbers_db [None req-89712ebc-1022-48bd-ab08-1b0952b1264d d29a85a85ab842d88ce0fba3ba7a75a5 01b6a5e0e8b74004a0e66c95c4a85d5d - - default default] Successfully bumped revision number for resource fe3dc3a3-c821-4d36-a756-7b405f6bb885 (type: ports) to 2
2026-06-15 20:13:40.559 10 INFO neutron.db.ovn_revision_numbers_db [None req-89712ebc-1022-48bd-ab08-1b0952b1264d d29a85a85ab842d88ce0fba3ba7a75a5 01b6a5e0e8b74004a0e66c95c4a85d5d - - default default] Successfully bumped revision number for resource 3b46c5f0-8db7-4b55-96e2-1ffcc4e22f00 (type: subnets) to 0
2026-06-15 20:13:40.572 9 INFO neutron.wsgi [None req-66ef9d84-08a6-4dc0-8ea6-fdae0f4d6d3a 4c33aad6f709479699459cdbccd85d60 71536d8bab91425fb83b00fbfa4d0a6f - - default default] 10.0.0.159 "GET /v2.0/security-groups?tenant_id=33ffd06781f642fd807a793f1b48fe2c&name=default HTTP/1.1" status: 200 len: 3120 time: 0.0326633
2026-06-15 20:13:40.575 10 INFO neutron.wsgi [None req-89712ebc-1022-48bd-ab08-1b0952b1264d d29a85a85ab842d88ce0fba3ba7a75a5 01b6a5e0e8b74004a0e66c95c4a85d5d - - default default] 10.0.0.159 "POST /v2.0/subnets HTTP/1.1" status: 201 len: 801 time: 0.9536498
2026-06-15 20:13:40.595 10 WARNING neutron_lib.context [None req-d69b8b0f-2bca-4795-a481-c96a49968b98 d29a85a85ab842d88ce0fba3ba7a75a5 01b6a5e0e8b74004a0e66c95c4a85d5d - - default default] Method 'is_advsvc' is deprecated since 2023.2 release (neutron-lib 3.8.0) and will be removed once support for the old RBAC API policies will be removed from Neutron. Please use method 'is_service_role' instead.
2026-06-15 20:13:40.806 9 INFO neutron.wsgi [None req-4be5f923-657b-4a3c-a81e-06f776ed2bfd 4c33aad6f709479699459cdbccd85d60 71536d8bab91425fb83b00fbfa4d0a6f - - default default] 10.0.0.159 "DELETE /v2.0/security-groups/02fe6699-56ac-4d40-9c25-cb629678fc37 HTTP/1.1" status: 204 len: 168 time: 0.2297642
2026-06-15 20:13:40.911 10 WARNING neutron.scheduler.dhcp_agent_scheduler [None req-d69b8b0f-2bca-4795-a481-c96a49968b98 d29a85a85ab842d88ce0fba3ba7a75a5 01b6a5e0e8b74004a0e66c95c4a85d5d - - default default] No more DHCP agents
2026-06-15 20:13:40.912 10 WARNING neutron.api.rpc.agentnotifiers.dhcp_rpc_agent_api [None req-d69b8b0f-2bca-4795-a481-c96a49968b98 d29a85a85ab842d88ce0fba3ba7a75a5 01b6a5e0e8b74004a0e66c95c4a85d5d - - default default] Unable to schedule network 174bacb0-93d9-46c5-9c2f-3fea68b786e3: no agents available; will retry on subsequent port and subnet creation events.
2026-06-15 20:13:41.058 10 INFO neutron.db.ovn_revision_numbers_db [None req-d69b8b0f-2bca-4795-a481-c96a49968b98 d29a85a85ab842d88ce0fba3ba7a75a5 01b6a5e0e8b74004a0e66c95c4a85d5d - - default default] Successfully bumped revision number for resource ea78d5bd-ce26-43e4-b446-467254f78af0 (type: ports) to 1
2026-06-15 20:13:41.078 10 INFO neutron.wsgi [None req-d69b8b0f-2bca-4795-a481-c96a49968b98 d29a85a85ab842d88ce0fba3ba7a75a5 01b6a5e0e8b74004a0e66c95c4a85d5d - - default default] 10.0.0.159 "POST /v2.0/ports HTTP/1.1" status: 201 len: 1149 time: 0.4885190 /var/lib/openstack/lib/python3.10/site-packages/pycadf/identifier.py:71: UserWarning: Invalid uuid: neutron. To ensure interoperability, identifiers should be a valid uuid. warnings.warn(('Invalid uuid: %s. To ensure interoperability, '
2026-06-15 20:13:41.340 10 INFO neutron.wsgi [-] 10.0.0.96 "GET / HTTP/1.1" status: 200 len: 245 time: 0.0028715
2026-06-15 20:13:41.342 10 INFO neutron.wsgi [-] 10.0.0.96 "GET / HTTP/1.1" status: 200 len: 245 time: 0.0013988
2026-06-15 20:13:41.483 10 INFO neutron.wsgi [None req-3c8994be-d83a-42ca-bdf6-19eb37dc2734 d29a85a85ab842d88ce0fba3ba7a75a5 01b6a5e0e8b74004a0e66c95c4a85d5d - - default default] 10.0.0.159 "DELETE /v2.0/ports/ea78d5bd-ce26-43e4-b446-467254f78af0 HTTP/1.1" status: 204 len: 168 time: 0.3949704
2026-06-15 20:13:41.515 9 INFO neutron.pecan_wsgi.hooks.translation [None req-601aa863-7aa8-48e5-b57f-974cf4d53392 d29a85a85ab842d88ce0fba3ba7a75a5 01b6a5e0e8b74004a0e66c95c4a85d5d - - default default] DELETE failed (client error): The resource could not be found.
2026-06-15 20:13:41.518 9 INFO neutron.wsgi [None req-601aa863-7aa8-48e5-b57f-974cf4d53392 d29a85a85ab842d88ce0fba3ba7a75a5 01b6a5e0e8b74004a0e66c95c4a85d5d - - default default] 10.0.0.159 "DELETE /v2.0/ports/ea78d5bd-ce26-43e4-b446-467254f78af0 HTTP/1.1" status: 404 len: 333 time: 0.0304205
2026-06-15 20:13:41.540 9 INFO neutron.pecan_wsgi.hooks.translation [None req-338b17bc-4ef8-4897-ac5e-bcd87cc0808e d29a85a85ab842d88ce0fba3ba7a75a5 01b6a5e0e8b74004a0e66c95c4a85d5d - - default default] GET failed (client error): The resource could not be found.
2026-06-15 20:13:41.542 9 INFO neutron.wsgi [None req-338b17bc-4ef8-4897-ac5e-bcd87cc0808e d29a85a85ab842d88ce0fba3ba7a75a5 01b6a5e0e8b74004a0e66c95c4a85d5d - - default default] 10.0.0.159 "GET /v2.0/ports/ea78d5bd-ce26-43e4-b446-467254f78af0 HTTP/1.1" status: 404 len: 333 time: 0.0197930
2026-06-15 20:13:41.751 9 INFO neutron.wsgi [None req-ce0e8148-df42-4057-a03d-dd597c0de729 d29a85a85ab842d88ce0fba3ba7a75a5 01b6a5e0e8b74004a0e66c95c4a85d5d - - default default] 10.0.0.159 "DELETE /v2.0/subnets/3b46c5f0-8db7-4b55-96e2-1ffcc4e22f00 HTTP/1.1" status: 204 len: 168 time: 0.2040086
2026-06-15 20:13:42.222 9 INFO neutron.wsgi [None req-65e4311e-23b2-4c82-b0eb-dcc3951c9578 d29a85a85ab842d88ce0fba3ba7a75a5 01b6a5e0e8b74004a0e66c95c4a85d5d - - default default] 10.0.0.159 "DELETE /v2.0/networks/174bacb0-93d9-46c5-9c2f-3fea68b786e3 HTTP/1.1" status: 204 len: 168 time: 0.4666202
2026-06-15 20:13:42.231 10 WARNING neutron_lib.context [None req-a968bb71-8481-4f24-ba03-2a4bf9520af4 d29a85a85ab842d88ce0fba3ba7a75a5 01b6a5e0e8b74004a0e66c95c4a85d5d - - default default] Method 'is_advsvc' is deprecated since 2023.2 release (neutron-lib 3.8.0) and will be removed once support for the old RBAC API policies will be removed from Neutron. Please use method 'is_service_role' instead.
2026-06-15 20:13:42.334 10 INFO neutron.db.segments_db [None req-a968bb71-8481-4f24-ba03-2a4bf9520af4 d29a85a85ab842d88ce0fba3ba7a75a5 01b6a5e0e8b74004a0e66c95c4a85d5d - - default default] Added segment 840f10a0-397c-4217-a775-52a9fc4e9e4b of type geneve for network 10494b67-9b74-44f7-bf00-c1b974ee8681
2026-06-15 20:13:42.389 9 INFO neutron.services.segments.plugin [-] Segment e9ed05de-9a4c-4184-85cb-6ed7f4e2c3f6 resource provider aggregate not found
2026-06-15 20:13:42.395 9 INFO neutron.services.segments.plugin [-] Segment e9ed05de-9a4c-4184-85cb-6ed7f4e2c3f6 resource provider aggregate not found
2026-06-15 20:13:42.405 9 INFO neutron.services.segments.plugin [-] Segment e9ed05de-9a4c-4184-85cb-6ed7f4e2c3f6 resource provider not found; error: Placement Client Error (4xx): {"errors": [{"status": 404, "title": "Not Found", "detail": "The resource could not be found.\n\n No resource provider with uuid e9ed05de-9a4c-4184-85cb-6ed7f4e2c3f6 found for delete ", "request_id": "req-06c089ef-e51a-4e83-b1e7-991f5da28034"}]}
2026-06-15 20:13:42.408 9 INFO neutron.services.segments.plugin [-] Segment e9ed05de-9a4c-4184-85cb-6ed7f4e2c3f6 resource provider not found; error: Placement Client Error (4xx): {"errors": [{"status": 404, "title": "Not Found", "detail": "The resource could not be found.\n\n No resource provider with uuid e9ed05de-9a4c-4184-85cb-6ed7f4e2c3f6 found for delete ", "request_id": "req-f386e677-ee71-45a7-9fce-da389907025a"}]}
2026-06-15 20:13:42.486 10 INFO neutron.db.ovn_revision_numbers_db [None req-a968bb71-8481-4f24-ba03-2a4bf9520af4 d29a85a85ab842d88ce0fba3ba7a75a5 01b6a5e0e8b74004a0e66c95c4a85d5d - - default default] Successfully bumped revision number for resource 10494b67-9b74-44f7-bf00-c1b974ee8681 (type: networks) to 1
2026-06-15 20:13:42.673 10 WARNING neutron.scheduler.dhcp_agent_scheduler [None req-a968bb71-8481-4f24-ba03-2a4bf9520af4 d29a85a85ab842d88ce0fba3ba7a75a5 01b6a5e0e8b74004a0e66c95c4a85d5d - - default default] No more DHCP agents
2026-06-15 20:13:42.675 10 WARNING neutron.api.rpc.agentnotifiers.dhcp_rpc_agent_api [None req-a968bb71-8481-4f24-ba03-2a4bf9520af4 d29a85a85ab842d88ce0fba3ba7a75a5 01b6a5e0e8b74004a0e66c95c4a85d5d - - default default] Unable to schedule network 10494b67-9b74-44f7-bf00-c1b974ee8681: no agents available; will retry on subsequent port and subnet creation events.
2026-06-15 20:13:42.765 10 INFO neutron.db.ovn_revision_numbers_db [None req-a968bb71-8481-4f24-ba03-2a4bf9520af4 d29a85a85ab842d88ce0fba3ba7a75a5 01b6a5e0e8b74004a0e66c95c4a85d5d - - default default] Successfully bumped revision number for resource 12cf8756-b196-4993-bd5b-f97d7dabcdd9 (type: ports) to 1
2026-06-15 20:13:42.786 10 INFO neutron.wsgi [None req-a968bb71-8481-4f24-ba03-2a4bf9520af4 d29a85a85ab842d88ce0fba3ba7a75a5 01b6a5e0e8b74004a0e66c95c4a85d5d - - default default] 10.0.0.159 "POST /v2.0/networks HTTP/1.1" status: 201 len: 830 time: 0.5593629
2026-06-15 20:13:42.796 10 WARNING neutron_lib.context [None req-f55986c9-bb3a-459b-ab65-4d5addfd84bd d29a85a85ab842d88ce0fba3ba7a75a5 01b6a5e0e8b74004a0e66c95c4a85d5d - - default default] Method 'is_advsvc' is deprecated since 2023.2 release (neutron-lib 3.8.0) and will be removed once support for the old RBAC API policies will be removed from Neutron. Please use method 'is_service_role' instead.
2026-06-15 20:13:43.050 10 WARNING neutron.scheduler.dhcp_agent_scheduler [None req-f55986c9-bb3a-459b-ab65-4d5addfd84bd d29a85a85ab842d88ce0fba3ba7a75a5 01b6a5e0e8b74004a0e66c95c4a85d5d - - default default] No more DHCP agents
2026-06-15 20:13:43.052 10 WARNING neutron.api.rpc.agentnotifiers.dhcp_rpc_agent_api [None req-f55986c9-bb3a-459b-ab65-4d5addfd84bd d29a85a85ab842d88ce0fba3ba7a75a5 01b6a5e0e8b74004a0e66c95c4a85d5d - - default default] Unable to schedule network 10494b67-9b74-44f7-bf00-c1b974ee8681: no agents available; will retry on subsequent port and subnet creation events.
2026-06-15 20:13:43.598 10 INFO neutron.db.ovn_revision_numbers_db [None req-f55986c9-bb3a-459b-ab65-4d5addfd84bd d29a85a85ab842d88ce0fba3ba7a75a5 01b6a5e0e8b74004a0e66c95c4a85d5d - - default default] Successfully bumped revision number for resource 12cf8756-b196-4993-bd5b-f97d7dabcdd9 (type: ports) to 2
2026-06-15 20:13:43.629 10 INFO neutron.db.ovn_revision_numbers_db [None req-f55986c9-bb3a-459b-ab65-4d5addfd84bd d29a85a85ab842d88ce0fba3ba7a75a5 01b6a5e0e8b74004a0e66c95c4a85d5d - - default default] Successfully bumped revision number for resource c1452f9a-398b-4e75-8b4d-08cc9f42d839 (type: subnets) to 0
2026-06-15 20:13:43.644 10 INFO neutron.wsgi [None req-f55986c9-bb3a-459b-ab65-4d5addfd84bd d29a85a85ab842d88ce0fba3ba7a75a5 01b6a5e0e8b74004a0e66c95c4a85d5d - - default default] 10.0.0.159 "POST /v2.0/subnets HTTP/1.1" status: 201 len: 801 time: 0.8522890
2026-06-15 20:13:43.652 10 WARNING neutron_lib.context [None req-7eeaeb5c-7cd8-4c20-85cf-2780421fdc52 d29a85a85ab842d88ce0fba3ba7a75a5 01b6a5e0e8b74004a0e66c95c4a85d5d - - default default] Method 'is_advsvc' is deprecated since 2023.2 release (neutron-lib 3.8.0) and will be removed once support for the old RBAC API policies will be removed from Neutron. Please use method 'is_service_role' instead.
2026-06-15 20:13:43.931 10 WARNING neutron.scheduler.dhcp_agent_scheduler [None req-7eeaeb5c-7cd8-4c20-85cf-2780421fdc52 d29a85a85ab842d88ce0fba3ba7a75a5 01b6a5e0e8b74004a0e66c95c4a85d5d - - default default] No more DHCP agents
2026-06-15 20:13:43.932 10 WARNING neutron.api.rpc.agentnotifiers.dhcp_rpc_agent_api [None req-7eeaeb5c-7cd8-4c20-85cf-2780421fdc52 d29a85a85ab842d88ce0fba3ba7a75a5 01b6a5e0e8b74004a0e66c95c4a85d5d - - default default] Unable to schedule network 10494b67-9b74-44f7-bf00-c1b974ee8681: no agents available; will retry on subsequent port and subnet creation events.
2026-06-15 20:13:44.101 10 INFO neutron.db.ovn_revision_numbers_db [None req-7eeaeb5c-7cd8-4c20-85cf-2780421fdc52 d29a85a85ab842d88ce0fba3ba7a75a5 01b6a5e0e8b74004a0e66c95c4a85d5d - - default default] Successfully bumped revision number for resource eac868fc-df79-49fc-9865-93e44e4b9aaf (type: ports) to 1
2026-06-15 20:13:44.124 10 INFO neutron.wsgi [None req-7eeaeb5c-7cd8-4c20-85cf-2780421fdc52 d29a85a85ab842d88ce0fba3ba7a75a5 01b6a5e0e8b74004a0e66c95c4a85d5d - - default default] 10.0.0.159 "POST /v2.0/ports HTTP/1.1" status: 201 len: 1110 time: 0.4759028
2026-06-15 20:13:44.557 10 INFO neutron.wsgi [None req-8eed44ca-4f98-48cc-869e-8bae3fee2670 d29a85a85ab842d88ce0fba3ba7a75a5 01b6a5e0e8b74004a0e66c95c4a85d5d - - default default] 10.0.0.159 "DELETE /v2.0/ports/eac868fc-df79-49fc-9865-93e44e4b9aaf HTTP/1.1" status: 204 len: 168 time: 0.4298472
2026-06-15 20:13:44.583 9 INFO neutron.pecan_wsgi.hooks.translation [None req-c2fd08d7-21a0-46c5-bb74-8130bad634b3 d29a85a85ab842d88ce0fba3ba7a75a5 01b6a5e0e8b74004a0e66c95c4a85d5d - - default default] GET failed (client error): The resource could not be found.
2026-06-15 20:13:44.585 9 INFO neutron.wsgi [None req-c2fd08d7-21a0-46c5-bb74-8130bad634b3 d29a85a85ab842d88ce0fba3ba7a75a5 01b6a5e0e8b74004a0e66c95c4a85d5d - - default default] 10.0.0.159 "GET /v2.0/ports/eac868fc-df79-49fc-9865-93e44e4b9aaf HTTP/1.1" status: 404 len: 333 time: 0.0231578
2026-06-15 20:13:44.808 9 INFO neutron.wsgi [None req-e4e3d05d-6080-4ffc-b317-71bc36c203a1 d29a85a85ab842d88ce0fba3ba7a75a5 01b6a5e0e8b74004a0e66c95c4a85d5d - - default default] 10.0.0.159 "DELETE /v2.0/subnets/c1452f9a-398b-4e75-8b4d-08cc9f42d839 HTTP/1.1" status: 204 len: 168 time: 0.2176814
2026-06-15 20:13:45.185 9 INFO neutron.services.segments.plugin [-] Segment 840f10a0-397c-4217-a775-52a9fc4e9e4b resource provider aggregate not found
2026-06-15 20:13:45.191 9 INFO neutron.services.segments.plugin [-] Segment 840f10a0-397c-4217-a775-52a9fc4e9e4b resource provider aggregate not found
2026-06-15 20:13:45.207 9 INFO neutron.services.segments.plugin [-] Segment 840f10a0-397c-4217-a775-52a9fc4e9e4b resource provider not found; error: Placement Client Error (4xx): {"errors": [{"status": 404, "title": "Not Found", "detail": "The resource could not be found.\n\n No resource provider with uuid 840f10a0-397c-4217-a775-52a9fc4e9e4b found for delete ", "request_id": "req-fcee2409-07f8-41c1-89af-84b775dba706"}]}
2026-06-15 20:13:45.210 9 INFO neutron.services.segments.plugin [-] Segment 840f10a0-397c-4217-a775-52a9fc4e9e4b resource provider not found; error: Placement Client Error (4xx): {"errors": [{"status": 404, "title": "Not Found", "detail": "The resource could not be found.\n\n No resource provider with uuid 840f10a0-397c-4217-a775-52a9fc4e9e4b found for delete ", "request_id": "req-7a75552f-62fd-4abe-a781-600503de6090"}]}
2026-06-15 20:13:45.235 9 INFO neutron.wsgi [None req-559f9b84-b7f8-49d1-a49b-57410026e478 d29a85a85ab842d88ce0fba3ba7a75a5 01b6a5e0e8b74004a0e66c95c4a85d5d - - default default] 10.0.0.159 "DELETE /v2.0/networks/10494b67-9b74-44f7-bf00-c1b974ee8681 HTTP/1.1" status: 204 len: 168 time: 0.4221761
2026-06-15 20:13:45.251 10 WARNING neutron_lib.context [None req-6c2d4078-246c-4bfa-9a14-2f05516ad87c d29a85a85ab842d88ce0fba3ba7a75a5 01b6a5e0e8b74004a0e66c95c4a85d5d - - default default] Method 'is_advsvc' is deprecated since 2023.2 release (neutron-lib 3.8.0) and will be removed once support for the old RBAC API policies will be removed from Neutron. Please use method 'is_service_role' instead.
2026-06-15 20:13:45.549 10 WARNING neutron.scheduler.dhcp_agent_scheduler [None req-6c2d4078-246c-4bfa-9a14-2f05516ad87c d29a85a85ab842d88ce0fba3ba7a75a5 01b6a5e0e8b74004a0e66c95c4a85d5d - - default default] No more DHCP agents
2026-06-15 20:13:45.556 10 WARNING neutron.api.rpc.agentnotifiers.dhcp_rpc_agent_api [None req-6c2d4078-246c-4bfa-9a14-2f05516ad87c d29a85a85ab842d88ce0fba3ba7a75a5 01b6a5e0e8b74004a0e66c95c4a85d5d - - default default] Unable to schedule network 9e3b3ff2-d777-4495-9603-611de2501f5e: no agents available; will retry on subsequent port and subnet creation events.
2026-06-15 20:13:45.637 10 INFO neutron.db.ovn_revision_numbers_db [None req-911f953a-9b0e-4b20-8f2e-13e3bd254569 4c33aad6f709479699459cdbccd85d60 71536d8bab91425fb83b00fbfa4d0a6f - - default default] Successfully bumped revision number for resource 31b66acb-8038-4bc5-a2c1-1488cf870ba1 (type: security_groups) to 1
2026-06-15 20:13:45.655 10 INFO neutron.db.ovn_revision_numbers_db [None req-911f953a-9b0e-4b20-8f2e-13e3bd254569 4c33aad6f709479699459cdbccd85d60 71536d8bab91425fb83b00fbfa4d0a6f - - default default] Successfully bumped revision number for resource 64dab863-55b3-4887-a9c0-ac1fc9ec5ddd (type: security_group_rules) to 0
2026-06-15 20:13:45.660 10 INFO neutron.db.ovn_revision_numbers_db [None req-6c2d4078-246c-4bfa-9a14-2f05516ad87c d29a85a85ab842d88ce0fba3ba7a75a5 01b6a5e0e8b74004a0e66c95c4a85d5d - - default default] Successfully bumped revision number for resource 6ca401aa-5f06-407c-b2e6-06771190b254 (type: ports) to 1
2026-06-15 20:13:45.671 10 INFO neutron.db.ovn_revision_numbers_db [None req-911f953a-9b0e-4b20-8f2e-13e3bd254569 4c33aad6f709479699459cdbccd85d60 71536d8bab91425fb83b00fbfa4d0a6f - - default default] Successfully bumped revision number for resource 6de497dd-72c8-4108-b033-d9d0d8c35bc5 (type: security_group_rules) to 0
2026-06-15 20:13:45.683 10 INFO neutron.wsgi [None req-6c2d4078-246c-4bfa-9a14-2f05516ad87c d29a85a85ab842d88ce0fba3ba7a75a5 01b6a5e0e8b74004a0e66c95c4a85d5d - - default default] 10.0.0.159 "POST /v2.0/ports HTTP/1.1" status: 201 len: 974 time: 0.4395704
2026-06-15 20:13:45.683 10 INFO neutron.db.ovn_revision_numbers_db [None req-911f953a-9b0e-4b20-8f2e-13e3bd254569 4c33aad6f709479699459cdbccd85d60 71536d8bab91425fb83b00fbfa4d0a6f - - default default] Successfully bumped revision number for resource 83e7c207-e1b5-4e91-9d42-25eb3c513924 (type: security_group_rules) to 0 /var/lib/openstack/lib/python3.10/site-packages/pycadf/identifier.py:71: UserWarning: Invalid uuid: neutron. To ensure interoperability, identifiers should be a valid uuid. warnings.warn(('Invalid uuid: %s. To ensure interoperability, '
2026-06-15 20:13:45.707 10 INFO neutron.db.ovn_revision_numbers_db [None req-911f953a-9b0e-4b20-8f2e-13e3bd254569 4c33aad6f709479699459cdbccd85d60 71536d8bab91425fb83b00fbfa4d0a6f - - default default] Successfully bumped revision number for resource bd245f3e-a844-45e2-9866-c72fd8db112d (type: security_group_rules) to 0
2026-06-15 20:13:45.731 10 INFO neutron.wsgi [None req-911f953a-9b0e-4b20-8f2e-13e3bd254569 4c33aad6f709479699459cdbccd85d60 71536d8bab91425fb83b00fbfa4d0a6f - - default default] 10.0.0.159 "GET /v2.0/security-groups?tenant_id=bfa5175454b24d9cbb487d41141c459c&name=default HTTP/1.1" status: 200 len: 3120 time: 0.4629831
2026-06-15 20:13:45.991 10 INFO neutron.plugins.ml2.drivers.ovn.mech_driver.mech_driver [None req-d91f6e2f-a487-4fb2-9d5a-af7a7f8aafd2 - - - - - -] OVN reports status down for port: 6ca401aa-5f06-407c-b2e6-06771190b254
