2026-06-15 19:39:16.492 10 INFO neutron.db.ovn_revision_numbers_db [None req-f65f2c10-6de3-4e50-a98a-108f153cca86 4c33aad6f709479699459cdbccd85d60 71536d8bab91425fb83b00fbfa4d0a6f - - default default] Successfully bumped revision number for resource 82c7472f-b5d2-4ad1-ba95-014e3df5b442 (type: security_group_rules) to 0
2026-06-15 19:39:16.505 10 INFO neutron.db.ovn_revision_numbers_db [None req-f65f2c10-6de3-4e50-a98a-108f153cca86 4c33aad6f709479699459cdbccd85d60 71536d8bab91425fb83b00fbfa4d0a6f - - default default] Successfully bumped revision number for resource bce198d2-3b8f-402c-b4b9-ff2049ddb159 (type: security_group_rules) to 0
2026-06-15 19:39:16.522 10 WARNING neutron.services.revisions.revision_plugin [None req-f65f2c10-6de3-4e50-a98a-108f153cca86 4c33aad6f709479699459cdbccd85d60 71536d8bab91425fb83b00fbfa4d0a6f - - default default] Could not find related network for resource to bump revision.
2026-06-15 19:39:16.564 10 INFO neutron.db.segments_db [None req-f65f2c10-6de3-4e50-a98a-108f153cca86 4c33aad6f709479699459cdbccd85d60 71536d8bab91425fb83b00fbfa4d0a6f - - default default] Added segment 3341618c-1562-41e9-a476-5e6c7f4f451f of type flat for network 9c19b992-3ed6-48df-b1c0-d1d156ca3ff0
2026-06-15 19:39:16.796 10 INFO neutron.db.ovn_revision_numbers_db [None req-f65f2c10-6de3-4e50-a98a-108f153cca86 4c33aad6f709479699459cdbccd85d60 71536d8bab91425fb83b00fbfa4d0a6f - - default default] Successfully bumped revision number for resource 9c19b992-3ed6-48df-b1c0-d1d156ca3ff0 (type: networks) to 1
2026-06-15 19:39:17.047 10 WARNING neutron.scheduler.dhcp_agent_scheduler [None req-f65f2c10-6de3-4e50-a98a-108f153cca86 4c33aad6f709479699459cdbccd85d60 71536d8bab91425fb83b00fbfa4d0a6f - - default default] No more DHCP agents
2026-06-15 19:39:17.049 10 WARNING neutron.api.rpc.agentnotifiers.dhcp_rpc_agent_api [None req-f65f2c10-6de3-4e50-a98a-108f153cca86 4c33aad6f709479699459cdbccd85d60 71536d8bab91425fb83b00fbfa4d0a6f - - default default] Unable to schedule network 9c19b992-3ed6-48df-b1c0-d1d156ca3ff0: no agents available; will retry on subsequent port and subnet creation events.
2026-06-15 19:39:17.168 10 INFO neutron.db.ovn_revision_numbers_db [None req-f65f2c10-6de3-4e50-a98a-108f153cca86 4c33aad6f709479699459cdbccd85d60 71536d8bab91425fb83b00fbfa4d0a6f - - default default] Successfully bumped revision number for resource e25c6b1b-d5bf-421b-8c22-0b8aac6d89e5 (type: ports) to 1
2026-06-15 19:39:17.205 10 INFO neutron.wsgi [None req-f65f2c10-6de3-4e50-a98a-108f153cca86 4c33aad6f709479699459cdbccd85d60 71536d8bab91425fb83b00fbfa4d0a6f - - default default] 199.19.213.240,10.0.0.96 "POST /v2.0/networks HTTP/1.1" status: 201 len: 886 time: 1.1007812 /var/lib/openstack/lib/python3.10/site-packages/pycadf/identifier.py:71: UserWarning: Invalid uuid: unknown. To ensure interoperability, identifiers should be a valid uuid. warnings.warn(('Invalid uuid: %s. To ensure interoperability, '
2026-06-15 19:39:18.927 9 INFO neutron.pecan_wsgi.hooks.translation [None req-e1611332-f9e3-4a44-8963-8fe5b81334e2 4c33aad6f709479699459cdbccd85d60 71536d8bab91425fb83b00fbfa4d0a6f - - default default] GET failed (client error): The resource could not be found.
2026-06-15 19:39:18.929 9 INFO neutron.wsgi [None req-e1611332-f9e3-4a44-8963-8fe5b81334e2 4c33aad6f709479699459cdbccd85d60 71536d8bab91425fb83b00fbfa4d0a6f - - default default] 199.19.213.240,10.0.0.96 "GET /v2.0/networks/public HTTP/1.1" status: 404 len: 290 time: 0.5550575
2026-06-15 19:39:19.121 9 WARNING oslo_policy.policy [None req-4cde330f-7ceb-47bb-ad61-dfac2040ecff 4c33aad6f709479699459cdbccd85d60 71536d8bab91425fb83b00fbfa4d0a6f - - default default] Policies ['get_subnets_tags'] reference a rule that is not defined.
2026-06-15 19:39:19.125 9 INFO neutron.wsgi [None req-4cde330f-7ceb-47bb-ad61-dfac2040ecff 4c33aad6f709479699459cdbccd85d60 71536d8bab91425fb83b00fbfa4d0a6f - - default default] 199.19.213.240,10.0.0.96 "GET /v2.0/networks?name=public HTTP/1.1" status: 200 len: 890 time: 0.1919096
2026-06-15 19:39:19.162 9 INFO neutron.pecan_wsgi.hooks.translation [None req-acf023ce-1f6a-41eb-9ffa-f1ebd9f5c8c1 4c33aad6f709479699459cdbccd85d60 71536d8bab91425fb83b00fbfa4d0a6f - - default default] GET failed (client error): The resource could not be found.
2026-06-15 19:39:19.164 9 INFO neutron.wsgi [None req-acf023ce-1f6a-41eb-9ffa-f1ebd9f5c8c1 4c33aad6f709479699459cdbccd85d60 71536d8bab91425fb83b00fbfa4d0a6f - - default default] 199.19.213.240,10.0.0.96 "GET /v2.0/subnets/public-subnet?network_id=9c19b992-3ed6-48df-b1c0-d1d156ca3ff0 HTTP/1.1" status: 404 len: 295 time: 0.0285318
2026-06-15 19:39:19.200 9 INFO neutron.wsgi [None req-6c41ba2b-8adf-479c-a17c-d08aeff34f6a 4c33aad6f709479699459cdbccd85d60 71536d8bab91425fb83b00fbfa4d0a6f - - default default] 199.19.213.240,10.0.0.96 "GET /v2.0/subnets?name=public-subnet&network_id=9c19b992-3ed6-48df-b1c0-d1d156ca3ff0 HTTP/1.1" status: 200 len: 188 time: 0.0306439
2026-06-15 19:39:19.509 9 WARNING neutron.scheduler.dhcp_agent_scheduler [None req-e1fa725c-2de8-40f9-9f98-683d9474e1cc 4c33aad6f709479699459cdbccd85d60 71536d8bab91425fb83b00fbfa4d0a6f - - default default] No more DHCP agents
2026-06-15 19:39:19.510 9 WARNING neutron.api.rpc.agentnotifiers.dhcp_rpc_agent_api [None req-e1fa725c-2de8-40f9-9f98-683d9474e1cc 4c33aad6f709479699459cdbccd85d60 71536d8bab91425fb83b00fbfa4d0a6f - - default default] Unable to schedule network 9c19b992-3ed6-48df-b1c0-d1d156ca3ff0: no agents available; will retry on subsequent port and subnet creation events.
2026-06-15 19:39:19.511 9 INFO neutron.plugins.ml2.drivers.ovn.mech_driver.ovsdb.extensions.qos [None req-e1fa725c-2de8-40f9-9f98-683d9474e1cc 4c33aad6f709479699459cdbccd85d60 71536d8bab91425fb83b00fbfa4d0a6f - - default default] Starting OVNClientQosExtension
2026-06-15 19:39:19.511 9 INFO neutron.plugins.ml2.drivers.ovn.mech_driver.ovsdb.extensions.placement [None req-e1fa725c-2de8-40f9-9f98-683d9474e1cc 4c33aad6f709479699459cdbccd85d60 71536d8bab91425fb83b00fbfa4d0a6f - - default default] Starting OVNClientPlacementExtension
2026-06-15 19:39:20.187 9 INFO neutron.db.ovn_revision_numbers_db [None req-e1fa725c-2de8-40f9-9f98-683d9474e1cc 4c33aad6f709479699459cdbccd85d60 71536d8bab91425fb83b00fbfa4d0a6f - - default default] Successfully bumped revision number for resource e25c6b1b-d5bf-421b-8c22-0b8aac6d89e5 (type: ports) to 2
2026-06-15 19:39:20.244 9 INFO neutron.db.ovn_revision_numbers_db [None req-e1fa725c-2de8-40f9-9f98-683d9474e1cc 4c33aad6f709479699459cdbccd85d60 71536d8bab91425fb83b00fbfa4d0a6f - - default default] Successfully bumped revision number for resource 2850aea7-5e7e-4ab2-9adb-622172a51f8b (type: subnets) to 0
2026-06-15 19:39:20.268 9 INFO neutron.wsgi [None req-e1fa725c-2de8-40f9-9f98-683d9474e1cc 4c33aad6f709479699459cdbccd85d60 71536d8bab91425fb83b00fbfa4d0a6f - - default default] 199.19.213.240,10.0.0.96 "POST /v2.0/subnets HTTP/1.1" status: 201 len: 821 time: 1.0626090
2026-06-15 19:39:26.338 9 INFO neutron.wsgi [-] 10.0.0.96 "GET / HTTP/1.1" status: 200 len: 245 time: 0.0019088
2026-06-15 19:39:41.340 10 INFO neutron.wsgi [-] 10.0.0.96 "GET / HTTP/1.1" status: 200 len: 245 time: 0.0026984
2026-06-15 19:39:56.339 9 INFO neutron.wsgi [-] 10.0.0.96 "GET / HTTP/1.1" status: 200 len: 245 time: 0.0027342
2026-06-15 19:39:56.340 10 INFO neutron.wsgi [-] 10.0.0.96 "GET / HTTP/1.1" status: 200 len: 245 time: 0.0033810
2026-06-15 19:40:11.340 10 INFO neutron.wsgi [-] 10.0.0.96 "GET / HTTP/1.1" status: 200 len: 245 time: 0.0029035
2026-06-15 19:40:11.344 10 INFO neutron.wsgi [-] 10.0.0.96 "GET / HTTP/1.1" status: 200 len: 245 time: 0.0023029
2026-06-15 19:40:26.341 10 INFO neutron.wsgi [-] 10.0.0.96 "GET / HTTP/1.1" status: 200 len: 245 time: 0.0042140
2026-06-15 19:40:26.343 10 INFO neutron.wsgi [-] 10.0.0.96 "GET / HTTP/1.1" status: 200 len: 245 time: 0.0013106
2026-06-15 19:40:41.339 10 INFO neutron.wsgi [-] 10.0.0.96 "GET / HTTP/1.1" status: 200 len: 245 time: 0.0028403
2026-06-15 19:40:41.342 9 INFO neutron.wsgi [-] 10.0.0.96 "GET / HTTP/1.1" status: 200 len: 245 time: 0.0036538
2026-06-15 19:40:56.339 10 INFO neutron.wsgi [-] 10.0.0.96 "GET / HTTP/1.1" status: 200 len: 245 time: 0.0029440
2026-06-15 19:40:56.339 9 INFO neutron.wsgi [-] 10.0.0.96 "GET / HTTP/1.1" status: 200 len: 245 time: 0.0026813
2026-06-15 19:41:11.340 10 INFO neutron.wsgi [-] 10.0.0.96 "GET / HTTP/1.1" status: 200 len: 245 time: 0.0021489
2026-06-15 19:41:11.341 9 INFO neutron.wsgi [-] 10.0.0.96 "GET / HTTP/1.1" status: 200 len: 245 time: 0.0029311
2026-06-15 19:41:26.339 10 INFO neutron.wsgi [-] 10.0.0.96 "GET / HTTP/1.1" status: 200 len: 245 time: 0.0025990
2026-06-15 19:41:26.340 9 INFO neutron.wsgi [-] 10.0.0.96 "GET / HTTP/1.1" status: 200 len: 245 time: 0.0033906
2026-06-15 19:41:41.338 9 INFO neutron.wsgi [-] 10.0.0.96 "GET / HTTP/1.1" status: 200 len: 245 time: 0.0018098
2026-06-15 19:41:41.340 10 INFO neutron.wsgi [-] 10.0.0.96 "GET / HTTP/1.1" status: 200 len: 245 time: 0.0028353
2026-06-15 19:41:56.340 9 INFO neutron.wsgi [-] 10.0.0.96 "GET / HTTP/1.1" status: 200 len: 245 time: 0.0024710
2026-06-15 19:41:56.341 10 INFO neutron.wsgi [-] 10.0.0.96 "GET / HTTP/1.1" status: 200 len: 245 time: 0.0034664
2026-06-15 19:42:11.345 9 INFO neutron.wsgi [-] 10.0.0.96 "GET / HTTP/1.1" status: 200 len: 245 time: 0.0060391
2026-06-15 19:42:11.347 9 INFO neutron.wsgi [-] 10.0.0.96 "GET / HTTP/1.1" status: 200 len: 245 time: 0.0013371
2026-06-15 19:42:26.341 9 INFO neutron.wsgi [-] 10.0.0.96 "GET / HTTP/1.1" status: 200 len: 245 time: 0.0035899
2026-06-15 19:42:26.341 10 INFO neutron.wsgi [-] 10.0.0.96 "GET / HTTP/1.1" status: 200 len: 245 time: 0.0032945
2026-06-15 19:42:41.338 10 INFO neutron.wsgi [-] 10.0.0.96 "GET / HTTP/1.1" status: 200 len: 245 time: 0.0019524
2026-06-15 19:42:41.342 9 INFO neutron.wsgi [-] 10.0.0.96 "GET / HTTP/1.1" status: 200 len: 245 time: 0.0055952
2026-06-15 19:42:56.339 9 INFO neutron.wsgi [-] 10.0.0.96 "GET / HTTP/1.1" status: 200 len: 245 time: 0.0019872
2026-06-15 19:42:56.341 10 INFO neutron.wsgi [-] 10.0.0.96 "GET / HTTP/1.1" status: 200 len: 245 time: 0.0040181
2026-06-15 19:43:11.338 9 INFO neutron.wsgi [-] 10.0.0.96 "GET / HTTP/1.1" status: 200 len: 245 time: 0.0017393
2026-06-15 19:43:11.339 10 INFO neutron.wsgi [-] 10.0.0.96 "GET / HTTP/1.1" status: 200 len: 245 time: 0.0024679
2026-06-15 19:43:26.339 10 INFO neutron.wsgi [-] 10.0.0.96 "GET / HTTP/1.1" status: 200 len: 245 time: 0.0024819
2026-06-15 19:43:26.342 9 INFO neutron.wsgi [-] 10.0.0.96 "GET / HTTP/1.1" status: 200 len: 245 time: 0.0041256
2026-06-15 19:43:41.338 9 INFO neutron.wsgi [-] 10.0.0.96 "GET / HTTP/1.1" status: 200 len: 245 time: 0.0015702
2026-06-15 19:43:41.340 10 INFO neutron.wsgi [-] 10.0.0.96 "GET / HTTP/1.1" status: 200 len: 245 time: 0.0032399
2026-06-15 19:43:54.418 10 INFO neutron.pecan_wsgi.hooks.translation [None req-7b3ce1a1-b2ce-4df5-b602-22659b42ffc7 4c33aad6f709479699459cdbccd85d60 71536d8bab91425fb83b00fbfa4d0a6f - - default default] GET failed (client error): The resource could not be found.
2026-06-15 19:43:54.420 10 INFO neutron.wsgi [None req-7b3ce1a1-b2ce-4df5-b602-22659b42ffc7 4c33aad6f709479699459cdbccd85d60 71536d8bab91425fb83b00fbfa4d0a6f - - default default] 199.19.213.240,10.0.0.96 "GET /v2.0/networks/lb-mgmt-net HTTP/1.1" status: 404 len: 295 time: 0.1389470
2026-06-15 19:43:54.439 10 INFO neutron.wsgi [None req-6706ebbf-3e86-42b3-8db3-777da8e34ddc 4c33aad6f709479699459cdbccd85d60 71536d8bab91425fb83b00fbfa4d0a6f - - default default] 199.19.213.240,10.0.0.96 "GET /v2.0/networks?name=lb-mgmt-net HTTP/1.1" status: 200 len: 189 time: 0.0150986
2026-06-15 19:43:54.537 10 INFO neutron.db.segments_db [None req-deddb76d-17bf-4eff-ab21-c8a9093b3837 4c33aad6f709479699459cdbccd85d60 71536d8bab91425fb83b00fbfa4d0a6f - - default default] Added segment 398417f5-0aa7-44e1-bb28-6f4b523aae6e of type geneve for network 57b1b843-0ae1-4abe-aab1-2d53b0f2e0a6
2026-06-15 19:43:54.690 10 INFO neutron.db.ovn_revision_numbers_db [None req-deddb76d-17bf-4eff-ab21-c8a9093b3837 4c33aad6f709479699459cdbccd85d60 71536d8bab91425fb83b00fbfa4d0a6f - - default default] Successfully bumped revision number for resource 57b1b843-0ae1-4abe-aab1-2d53b0f2e0a6 (type: networks) to 1
2026-06-15 19:43:54.858 10 WARNING neutron.scheduler.dhcp_agent_scheduler [None req-deddb76d-17bf-4eff-ab21-c8a9093b3837 4c33aad6f709479699459cdbccd85d60 71536d8bab91425fb83b00fbfa4d0a6f - - default default] No more DHCP agents
2026-06-15 19:43:54.860 10 WARNING neutron.api.rpc.agentnotifiers.dhcp_rpc_agent_api [None req-deddb76d-17bf-4eff-ab21-c8a9093b3837 4c33aad6f709479699459cdbccd85d60 71536d8bab91425fb83b00fbfa4d0a6f - - default default] Unable to schedule network 57b1b843-0ae1-4abe-aab1-2d53b0f2e0a6: no agents available; will retry on subsequent port and subnet creation events.
2026-06-15 19:43:54.945 10 INFO neutron.db.ovn_revision_numbers_db [None req-deddb76d-17bf-4eff-ab21-c8a9093b3837 4c33aad6f709479699459cdbccd85d60 71536d8bab91425fb83b00fbfa4d0a6f - - default default] Successfully bumped revision number for resource 72ca7b33-ffd0-40fa-90b1-3b8c67ecaa43 (type: ports) to 1
2026-06-15 19:43:54.971 10 INFO neutron.wsgi [None req-deddb76d-17bf-4eff-ab21-c8a9093b3837 4c33aad6f709479699459cdbccd85d60 71536d8bab91425fb83b00fbfa4d0a6f - - default default] 199.19.213.240,10.0.0.96 "POST /v2.0/networks HTTP/1.1" status: 201 len: 890 time: 0.5240986
2026-06-15 19:43:55.934 10 INFO neutron.pecan_wsgi.hooks.translation [None req-7fe0c460-6a91-49cc-92d0-12d61e167f3e 4c33aad6f709479699459cdbccd85d60 71536d8bab91425fb83b00fbfa4d0a6f - - default default] GET failed (client error): The resource could not be found.
2026-06-15 19:43:55.936 10 INFO neutron.wsgi [None req-7fe0c460-6a91-49cc-92d0-12d61e167f3e 4c33aad6f709479699459cdbccd85d60 71536d8bab91425fb83b00fbfa4d0a6f - - default default] 199.19.213.240,10.0.0.96 "GET /v2.0/networks/lb-mgmt-net HTTP/1.1" status: 404 len: 295 time: 0.0671332
2026-06-15 19:43:55.990 10 INFO neutron.wsgi [None req-a7ccf0dd-5b6d-45b3-a687-4450e08413a3 4c33aad6f709479699459cdbccd85d60 71536d8bab91425fb83b00fbfa4d0a6f - - default default] 199.19.213.240,10.0.0.96 "GET /v2.0/networks?name=lb-mgmt-net HTTP/1.1" status: 200 len: 875 time: 0.0509925
2026-06-15 19:43:56.021 10 INFO neutron.pecan_wsgi.hooks.translation [None req-e7512e60-94c7-40cd-9a91-aa62480addda 4c33aad6f709479699459cdbccd85d60 71536d8bab91425fb83b00fbfa4d0a6f - - default default] GET failed (client error): The resource could not be found.
2026-06-15 19:43:56.023 10 INFO neutron.wsgi [None req-e7512e60-94c7-40cd-9a91-aa62480addda 4c33aad6f709479699459cdbccd85d60 71536d8bab91425fb83b00fbfa4d0a6f - - default default] 199.19.213.240,10.0.0.96 "GET /v2.0/subnets/lb-mgmt-subnet?network_id=57b1b843-0ae1-4abe-aab1-2d53b0f2e0a6 HTTP/1.1" status: 404 len: 296 time: 0.0217981
2026-06-15 19:43:56.054 10 INFO neutron.wsgi [None req-a0598aef-79d0-4b2b-8ac8-528e00214872 4c33aad6f709479699459cdbccd85d60 71536d8bab91425fb83b00fbfa4d0a6f - - default default] 199.19.213.240,10.0.0.96 "GET /v2.0/subnets?name=lb-mgmt-subnet&network_id=57b1b843-0ae1-4abe-aab1-2d53b0f2e0a6 HTTP/1.1" status: 200 len: 188 time: 0.0261192
2026-06-15 19:43:56.284 10 WARNING neutron.scheduler.dhcp_agent_scheduler [None req-0c90a49b-ed39-4bab-9bd3-18b8ea1929a7 4c33aad6f709479699459cdbccd85d60 71536d8bab91425fb83b00fbfa4d0a6f - - default default] No more DHCP agents
2026-06-15 19:43:56.287 10 WARNING neutron.api.rpc.agentnotifiers.dhcp_rpc_agent_api [None req-0c90a49b-ed39-4bab-9bd3-18b8ea1929a7 4c33aad6f709479699459cdbccd85d60 71536d8bab91425fb83b00fbfa4d0a6f - - default default] Unable to schedule network 57b1b843-0ae1-4abe-aab1-2d53b0f2e0a6: no agents available; will retry on subsequent port and subnet creation events.
2026-06-15 19:43:56.339 9 INFO neutron.wsgi [-] 10.0.0.96 "GET / HTTP/1.1" status: 200 len: 245 time: 0.0013928
2026-06-15 19:43:56.341 9 INFO neutron.wsgi [-] 10.0.0.96 "GET / HTTP/1.1" status: 200 len: 245 time: 0.0009398
2026-06-15 19:43:56.874 10 INFO neutron.db.ovn_revision_numbers_db [None req-0c90a49b-ed39-4bab-9bd3-18b8ea1929a7 4c33aad6f709479699459cdbccd85d60 71536d8bab91425fb83b00fbfa4d0a6f - - default default] Successfully bumped revision number for resource 72ca7b33-ffd0-40fa-90b1-3b8c67ecaa43 (type: ports) to 2
2026-06-15 19:43:56.919 10 INFO neutron.db.ovn_revision_numbers_db [None req-0c90a49b-ed39-4bab-9bd3-18b8ea1929a7 4c33aad6f709479699459cdbccd85d60 71536d8bab91425fb83b00fbfa4d0a6f - - default default] Successfully bumped revision number for resource de473581-0bff-4ba2-b6a5-bf400a5fc5eb (type: subnets) to 0
2026-06-15 19:43:56.941 10 INFO neutron.wsgi [None req-0c90a49b-ed39-4bab-9bd3-18b8ea1929a7 4c33aad6f709479699459cdbccd85d60 71536d8bab91425fb83b00fbfa4d0a6f - - default default] 199.19.213.240,10.0.0.96 "POST /v2.0/subnets HTTP/1.1" status: 201 len: 807 time: 0.8806806
2026-06-15 19:43:58.069 10 INFO neutron.api.v2.resource [None req-df8208d9-9e3b-4016-8650-d0fdfee0e77c 4c33aad6f709479699459cdbccd85d60 71536d8bab91425fb83b00fbfa4d0a6f - - default default] show failed (client error): The resource could not be found.
2026-06-15 19:43:58.070 10 INFO neutron.wsgi [None req-df8208d9-9e3b-4016-8650-d0fdfee0e77c 4c33aad6f709479699459cdbccd85d60 71536d8bab91425fb83b00fbfa4d0a6f - - default default] 199.19.213.240,10.0.0.96 "GET /v2.0/security-groups/lb-health-mgr-sec-grp HTTP/1.1" status: 404 len: 313 time: 0.0481787
2026-06-15 19:43:58.112 10 INFO neutron.wsgi [None req-bc06f4a3-d78d-4519-bcf6-407468e41925 4c33aad6f709479699459cdbccd85d60 71536d8bab91425fb83b00fbfa4d0a6f - - default default] 199.19.213.240,10.0.0.96 "GET /v2.0/security-groups?name=lb-health-mgr-sec-grp HTTP/1.1" status: 200 len: 197 time: 0.0374768
2026-06-15 19:43:58.274 10 INFO neutron.db.ovn_revision_numbers_db [None req-1deecdb2-147f-40d4-bf05-b7791524ab4f 4c33aad6f709479699459cdbccd85d60 71536d8bab91425fb83b00fbfa4d0a6f - - default default] Successfully bumped revision number for resource 462aa4c3-f32e-461c-a08b-8f6875d156cf (type: security_groups) to 1
2026-06-15 19:43:58.291 10 INFO neutron.db.ovn_revision_numbers_db [None req-1deecdb2-147f-40d4-bf05-b7791524ab4f 4c33aad6f709479699459cdbccd85d60 71536d8bab91425fb83b00fbfa4d0a6f - - default default] Successfully bumped revision number for resource 0c67f0c8-6751-4654-b10a-d250d38fc797 (type: security_group_rules) to 0
2026-06-15 19:43:58.305 10 INFO neutron.db.ovn_revision_numbers_db [None req-1deecdb2-147f-40d4-bf05-b7791524ab4f 4c33aad6f709479699459cdbccd85d60 71536d8bab91425fb83b00fbfa4d0a6f - - default default] Successfully bumped revision number for resource 8b2a0dce-cc85-42e9-bbab-cb042f878923 (type: security_group_rules) to 0
2026-06-15 19:43:58.325 10 INFO neutron.wsgi [None req-1deecdb2-147f-40d4-bf05-b7791524ab4f 4c33aad6f709479699459cdbccd85d60 71536d8bab91425fb83b00fbfa4d0a6f - - default default] 199.19.213.240,10.0.0.96 "POST /v2.0/security-groups HTTP/1.1" status: 201 len: 1797 time: 0.2077675
2026-06-15 19:43:59.488 10 INFO neutron.wsgi [None req-08919133-8541-4af8-a14e-38e2b235df27 4c33aad6f709479699459cdbccd85d60 71536d8bab91425fb83b00fbfa4d0a6f - - default default] 199.19.213.240,10.0.0.96 "GET /v2.0/security-groups/462aa4c3-f32e-461c-a08b-8f6875d156cf HTTP/1.1" status: 200 len: 1792 time: 0.0498371
2026-06-15 19:43:59.526 10 INFO neutron.wsgi [None req-fd3c706d-39fa-45cb-9e9d-55b639aab902 4c33aad6f709479699459cdbccd85d60 71536d8bab91425fb83b00fbfa4d0a6f - - default default] 199.19.213.240,10.0.0.96 "GET /v2.0/security-groups/462aa4c3-f32e-461c-a08b-8f6875d156cf HTTP/1.1" status: 200 len: 1792 time: 0.0209541
2026-06-15 19:43:59.555 10 INFO neutron.wsgi [None req-00c1e400-d460-44ee-80f4-7c86670ec49d 4c33aad6f709479699459cdbccd85d60 71536d8bab91425fb83b00fbfa4d0a6f - - default default] 199.19.213.240,10.0.0.96 "GET /v2.0/security-groups/462aa4c3-f32e-461c-a08b-8f6875d156cf HTTP/1.1" status: 200 len: 1792 time: 0.0229890
2026-06-15 19:43:59.665 10 INFO neutron.db.ovn_revision_numbers_db [None req-8f0b66f8-92f2-40a9-a0b1-64e36bc49773 4c33aad6f709479699459cdbccd85d60 71536d8bab91425fb83b00fbfa4d0a6f - - default default] Successfully bumped revision number for resource 17c673dd-b0db-4060-8e8d-d3d630160683 (type: security_group_rules) to 0
2026-06-15 19:43:59.690 10 INFO neutron.wsgi [None req-8f0b66f8-92f2-40a9-a0b1-64e36bc49773 4c33aad6f709479699459cdbccd85d60 71536d8bab91425fb83b00fbfa4d0a6f - - default default] 199.19.213.240,10.0.0.96 "POST /v2.0/security-group-rules HTTP/1.1" status: 201 len: 781 time: 0.1298196
2026-06-15 19:43:59.893 15 INFO neutron.db.ovn_revision_numbers_db [None req-3eff2b54-da7f-4026-a323-e526ee20ca7f - - - - - -] Successfully bumped revision number for resource 9c19b992-3ed6-48df-b1c0-d1d156ca3ff0 (type: networks) to 2
2026-06-15 19:43:59.893 15 INFO neutron.plugins.ml2.drivers.ovn.mech_driver.ovsdb.maintenance [None req-3eff2b54-da7f-4026-a323-e526ee20ca7f - - - - - -] Maintenance task: Synchronization completed (took 0.15 seconds)
2026-06-15 19:44:00.594 10 INFO neutron.wsgi [None req-6aa861bc-0e57-4a82-93c5-008ae2694697 4c33aad6f709479699459cdbccd85d60 71536d8bab91425fb83b00fbfa4d0a6f - - default default] 199.19.213.240,10.0.0.96 "GET /v2.0/security-groups/462aa4c3-f32e-461c-a08b-8f6875d156cf HTTP/1.1" status: 200 len: 2406 time: 0.0601513
2026-06-15 19:44:00.626 10 INFO neutron.wsgi [None req-754a4450-05a6-45f7-ac68-9038d681eff5 4c33aad6f709479699459cdbccd85d60 71536d8bab91425fb83b00fbfa4d0a6f - - default default] 199.19.213.240,10.0.0.96 "GET /v2.0/security-groups/462aa4c3-f32e-461c-a08b-8f6875d156cf HTTP/1.1" status: 200 len: 2406 time: 0.0264785
2026-06-15 19:44:00.659 10 INFO neutron.wsgi [None req-08a0aa81-a84a-4d72-b20a-9ffa4510d549 4c33aad6f709479699459cdbccd85d60 71536d8bab91425fb83b00fbfa4d0a6f - - default default] 199.19.213.240,10.0.0.96 "GET /v2.0/security-groups/462aa4c3-f32e-461c-a08b-8f6875d156cf HTTP/1.1" status: 200 len: 2406 time: 0.0280061
2026-06-15 19:44:00.805 10 INFO neutron.db.ovn_revision_numbers_db [None req-15a6e88a-56f9-479d-b0c0-135c93b5b10b 4c33aad6f709479699459cdbccd85d60 71536d8bab91425fb83b00fbfa4d0a6f - - default default] Successfully bumped revision number for resource 9c8a7786-1861-4073-b61e-8f35a06e7753 (type: security_group_rules) to 0
2026-06-15 19:44:00.833 10 INFO neutron.wsgi [None req-15a6e88a-56f9-479d-b0c0-135c93b5b10b 4c33aad6f709479699459cdbccd85d60 71536d8bab91425fb83b00fbfa4d0a6f - - default default] 199.19.213.240,10.0.0.96 "POST /v2.0/security-group-rules HTTP/1.1" status: 201 len: 783 time: 0.1685383
2026-06-15 19:44:01.785 10 INFO neutron.wsgi [None req-c4c82cf2-c6de-4fa8-82c0-a08dec040f44 4c33aad6f709479699459cdbccd85d60 71536d8bab91425fb83b00fbfa4d0a6f - - default default] 199.19.213.240,10.0.0.96 "GET /v2.0/security-groups/462aa4c3-f32e-461c-a08b-8f6875d156cf HTTP/1.1" status: 200 len: 3022 time: 0.0596507
2026-06-15 19:44:01.826 10 INFO neutron.wsgi [None req-3f069535-c74b-4ffe-83e6-2ae0fa7f039a 4c33aad6f709479699459cdbccd85d60 71536d8bab91425fb83b00fbfa4d0a6f - - default default] 199.19.213.240,10.0.0.96 "GET /v2.0/security-groups/462aa4c3-f32e-461c-a08b-8f6875d156cf HTTP/1.1" status: 200 len: 3022 time: 0.0333638
2026-06-15 19:44:01.865 10 INFO neutron.wsgi [None req-0a9a2cc0-8569-4912-9e4a-9a2fb0146b56 4c33aad6f709479699459cdbccd85d60 71536d8bab91425fb83b00fbfa4d0a6f - - default default] 199.19.213.240,10.0.0.96 "GET /v2.0/security-groups/462aa4c3-f32e-461c-a08b-8f6875d156cf HTTP/1.1" status: 200 len: 3022 time: 0.0310352
2026-06-15 19:44:02.010 10 INFO neutron.db.ovn_revision_numbers_db [None req-1e49a9bf-5c0d-45c7-b69a-6bccc537b931 4c33aad6f709479699459cdbccd85d60 71536d8bab91425fb83b00fbfa4d0a6f - - default default] Successfully bumped revision number for resource 602395e1-9bda-4847-9ed1-2cfa3f68bfd7 (type: security_group_rules) to 0
2026-06-15 19:44:02.046 10 INFO neutron.wsgi [None req-1e49a9bf-5c0d-45c7-b69a-6bccc537b931 4c33aad6f709479699459cdbccd85d60 71536d8bab91425fb83b00fbfa4d0a6f - - default default] 199.19.213.240,10.0.0.96 "POST /v2.0/security-group-rules HTTP/1.1" status: 201 len: 783 time: 0.1712167
2026-06-15 19:44:02.952 10 INFO neutron.wsgi [None req-32a67e67-9931-4e99-99f1-600cb1726420 4c33aad6f709479699459cdbccd85d60 71536d8bab91425fb83b00fbfa4d0a6f - - default default] 199.19.213.240,10.0.0.96 "GET /v2.0/security-groups/462aa4c3-f32e-461c-a08b-8f6875d156cf HTTP/1.1" status: 200 len: 3638 time: 0.0614312
2026-06-15 19:44:02.991 10 INFO neutron.wsgi [None req-e32b441b-d2c2-4adf-a135-49aa5d17ac7f 4c33aad6f709479699459cdbccd85d60 71536d8bab91425fb83b00fbfa4d0a6f - - default default] 199.19.213.240,10.0.0.96 "GET /v2.0/security-groups/462aa4c3-f32e-461c-a08b-8f6875d156cf HTTP/1.1" status: 200 len: 3638 time: 0.0312276
2026-06-15 19:44:03.030 10 INFO neutron.wsgi [None req-496db26b-89cb-4c23-9703-013c5097ae46 4c33aad6f709479699459cdbccd85d60 71536d8bab91425fb83b00fbfa4d0a6f - - default default] 199.19.213.240,10.0.0.96 "GET /v2.0/security-groups/462aa4c3-f32e-461c-a08b-8f6875d156cf HTTP/1.1" status: 200 len: 3638 time: 0.0323017
2026-06-15 19:44:03.217 10 INFO neutron.db.ovn_revision_numbers_db [None req-56dcf2ca-76c6-470e-b213-d5acf2a852aa 4c33aad6f709479699459cdbccd85d60 71536d8bab91425fb83b00fbfa4d0a6f - - default default] Successfully bumped revision number for resource 96407cd9-71e1-4f9a-9b58-683e8e216733 (type: security_group_rules) to 0
2026-06-15 19:44:03.253 10 INFO neutron.wsgi [None req-56dcf2ca-76c6-470e-b213-d5acf2a852aa 4c33aad6f709479699459cdbccd85d60 71536d8bab91425fb83b00fbfa4d0a6f - - default default] 199.19.213.240,10.0.0.96 "POST /v2.0/security-group-rules HTTP/1.1" status: 201 len: 783 time: 0.2134597
2026-06-15 19:44:04.160 10 INFO neutron.wsgi [None req-97107b26-2fcf-486a-8cc9-6258e858f492 4c33aad6f709479699459cdbccd85d60 71536d8bab91425fb83b00fbfa4d0a6f - - default default] 199.19.213.240,10.0.0.96 "GET /v2.0/security-groups/462aa4c3-f32e-461c-a08b-8f6875d156cf HTTP/1.1" status: 200 len: 4254 time: 0.0704129
2026-06-15 19:44:04.221 10 INFO neutron.wsgi [None req-db14c756-47f2-4205-9065-aff327a3b590 4c33aad6f709479699459cdbccd85d60 71536d8bab91425fb83b00fbfa4d0a6f - - default default] 199.19.213.240,10.0.0.96 "GET /v2.0/security-groups/462aa4c3-f32e-461c-a08b-8f6875d156cf HTTP/1.1" status: 200 len: 4254 time: 0.0542734
2026-06-15 19:44:04.269 10 INFO neutron.wsgi [None req-3899223c-b131-4f1d-a698-b36d94d92ff4 4c33aad6f709479699459cdbccd85d60 71536d8bab91425fb83b00fbfa4d0a6f - - default default] 199.19.213.240,10.0.0.96 "GET /v2.0/security-groups/462aa4c3-f32e-461c-a08b-8f6875d156cf HTTP/1.1" status: 200 len: 4254 time: 0.0394294
2026-06-15 19:44:04.440 10 INFO neutron.db.ovn_revision_numbers_db [None req-bae0ccc7-8df3-4006-8db1-735c8406c5e3 4c33aad6f709479699459cdbccd85d60 71536d8bab91425fb83b00fbfa4d0a6f - - default default] Successfully bumped revision number for resource bb028043-cd79-4b2c-abba-21176e69437b (type: security_group_rules) to 0
2026-06-15 19:44:04.465 10 INFO neutron.wsgi [None req-bae0ccc7-8df3-4006-8db1-735c8406c5e3 4c33aad6f709479699459cdbccd85d60 71536d8bab91425fb83b00fbfa4d0a6f - - default default] 199.19.213.240,10.0.0.96 "POST /v2.0/security-group-rules HTTP/1.1" status: 201 len: 783 time: 0.1894844
2026-06-15 19:44:05.679 10 INFO neutron.wsgi [None req-bf2ff2ef-9bb6-4a74-8ecb-0198f3053dac 4c33aad6f709479699459cdbccd85d60 71536d8bab91425fb83b00fbfa4d0a6f - - default default] 199.19.213.240,10.0.0.96 "GET /v2.0/networks/57b1b843-0ae1-4abe-aab1-2d53b0f2e0a6 HTTP/1.1" status: 200 len: 910 time: 0.1111474
2026-06-15 19:44:05.706 10 INFO neutron.pecan_wsgi.hooks.translation [None req-978c4a1d-5b71-414d-9d75-bd4ce9f5a04c 4c33aad6f709479699459cdbccd85d60 71536d8bab91425fb83b00fbfa4d0a6f - - default default] GET failed (client error): The resource could not be found.
2026-06-15 19:44:05.708 10 INFO neutron.wsgi [None req-978c4a1d-5b71-414d-9d75-bd4ce9f5a04c 4c33aad6f709479699459cdbccd85d60 71536d8bab91425fb83b00fbfa4d0a6f - - default default] 199.19.213.240,10.0.0.96 "GET /v2.0/ports/octavia-health-manager-port-instance?network_id=57b1b843-0ae1-4abe-aab1-2d53b0f2e0a6 HTTP/1.1" status: 404 len: 314 time: 0.0227072
2026-06-15 19:44:05.752 10 INFO neutron.wsgi [None req-17eea7dd-3b92-4dd7-9127-d6d68b564436 4c33aad6f709479699459cdbccd85d60 71536d8bab91425fb83b00fbfa4d0a6f - - default default] 199.19.213.240,10.0.0.96 "GET /v2.0/ports?name=octavia-health-manager-port-instance&network_id=57b1b843-0ae1-4abe-aab1-2d53b0f2e0a6 HTTP/1.1" status: 200 len: 186 time: 0.0405290
2026-06-15 19:44:05.801 10 INFO neutron.wsgi [None req-ab98cd87-dea9-4a8f-9c92-e9547d918cd7 4c33aad6f709479699459cdbccd85d60 71536d8bab91425fb83b00fbfa4d0a6f - - default default] 199.19.213.240,10.0.0.96 "GET /v2.0/security-groups/462aa4c3-f32e-461c-a08b-8f6875d156cf HTTP/1.1" status: 200 len: 4870 time: 0.0418687
2026-06-15 19:44:06.104 10 WARNING neutron.scheduler.dhcp_agent_scheduler [None req-89af2132-f1b7-4abf-9d90-0188eeffd501 4c33aad6f709479699459cdbccd85d60 71536d8bab91425fb83b00fbfa4d0a6f - - default default] No more DHCP agents
2026-06-15 19:44:06.106 10 WARNING neutron.api.rpc.agentnotifiers.dhcp_rpc_agent_api [None req-89af2132-f1b7-4abf-9d90-0188eeffd501 4c33aad6f709479699459cdbccd85d60 71536d8bab91425fb83b00fbfa4d0a6f - - default default] Unable to schedule network 57b1b843-0ae1-4abe-aab1-2d53b0f2e0a6: no agents available; will retry on subsequent port and subnet creation events.
2026-06-15 19:44:06.267 10 INFO neutron.db.ovn_revision_numbers_db [None req-89af2132-f1b7-4abf-9d90-0188eeffd501 4c33aad6f709479699459cdbccd85d60 71536d8bab91425fb83b00fbfa4d0a6f - - default default] Successfully bumped revision number for resource b1e9ad69-9d14-4340-a50e-61f0e648f6fe (type: ports) to 1
2026-06-15 19:44:06.301 10 INFO neutron.wsgi [None req-89af2132-f1b7-4abf-9d90-0188eeffd501 4c33aad6f709479699459cdbccd85d60 71536d8bab91425fb83b00fbfa4d0a6f - - default default] 199.19.213.240,10.0.0.96 "POST /v2.0/ports HTTP/1.1" status: 201 len: 1281 time: 0.4914026
2026-06-15 19:44:11.339 10 INFO neutron.wsgi [-] 10.0.0.96 "GET / HTTP/1.1" status: 200 len: 245 time: 0.0023913
2026-06-15 19:44:11.343 10 INFO neutron.wsgi [-] 10.0.0.96 "GET / HTTP/1.1" status: 200 len: 245 time: 0.0028052 /var/lib/openstack/lib/python3.10/site-packages/pycadf/identifier.py:71: UserWarning: Invalid uuid: unknown. To ensure interoperability, identifiers should be a valid uuid. warnings.warn(('Invalid uuid: %s. To ensure interoperability, '
2026-06-15 19:44:12.205 10 INFO neutron.pecan_wsgi.hooks.translation [None req-44761a7c-510c-44c2-b96d-a17cd9eaab38 4c33aad6f709479699459cdbccd85d60 71536d8bab91425fb83b00fbfa4d0a6f - - default default] GET failed (client error): The resource could not be found.
2026-06-15 19:44:12.207 10 INFO neutron.wsgi [None req-44761a7c-510c-44c2-b96d-a17cd9eaab38 4c33aad6f709479699459cdbccd85d60 71536d8bab91425fb83b00fbfa4d0a6f - - default default] 199.19.213.240,10.0.0.96 "GET /v2.0/ports/octavia-health-manager-port-instance HTTP/1.1" status: 404 len: 314 time: 0.0531681
2026-06-15 19:44:12.271 10 INFO neutron.wsgi [None req-dca1c161-02d5-4e53-a7ed-6f68430f6fc6 4c33aad6f709479699459cdbccd85d60 71536d8bab91425fb83b00fbfa4d0a6f - - default default] 199.19.213.240,10.0.0.96 "GET /v2.0/ports?name=octavia-health-manager-port-instance HTTP/1.1" status: 200 len: 1279 time: 0.0583968
2026-06-15 19:44:12.671 10 INFO neutron.db.ovn_revision_numbers_db [None req-ce0882a3-61a2-497e-afe0-8f15b27084f5 4c33aad6f709479699459cdbccd85d60 71536d8bab91425fb83b00fbfa4d0a6f - - default default] Successfully bumped revision number for resource b1e9ad69-9d14-4340-a50e-61f0e648f6fe (type: ports) to 1
2026-06-15 19:44:12.918 10 INFO neutron.db.ovn_revision_numbers_db [None req-ce0882a3-61a2-497e-afe0-8f15b27084f5 4c33aad6f709479699459cdbccd85d60 71536d8bab91425fb83b00fbfa4d0a6f - - default default] Successfully bumped revision number for resource b1e9ad69-9d14-4340-a50e-61f0e648f6fe (type: ports) to 2
2026-06-15 19:44:12.940 10 INFO neutron.wsgi [None req-ce0882a3-61a2-497e-afe0-8f15b27084f5 4c33aad6f709479699459cdbccd85d60 71536d8bab91425fb83b00fbfa4d0a6f - - default default] 199.19.213.240,10.0.0.96 "PUT /v2.0/ports/b1e9ad69-9d14-4340-a50e-61f0e648f6fe HTTP/1.1" status: 200 len: 1366 time: 0.6586311 /var/lib/openstack/lib/python3.10/site-packages/pycadf/identifier.py:71: UserWarning: Invalid uuid: unknown. To ensure interoperability, identifiers should be a valid uuid. warnings.warn(('Invalid uuid: %s. To ensure interoperability, '
2026-06-15 19:44:14.457 10 INFO neutron.wsgi [None req-f442e5e0-ed2b-4440-9f43-dae4288f2688 4c33aad6f709479699459cdbccd85d60 71536d8bab91425fb83b00fbfa4d0a6f - - default default] 199.19.213.240,10.0.0.96 "GET /v2.0/ports HTTP/1.1" status: 200 len: 3511 time: 0.1372085
2026-06-15 19:44:15.530 10 INFO neutron.api.v2.resource [None req-566775bf-532c-4508-be7e-fb0047f0fbf2 4c33aad6f709479699459cdbccd85d60 71536d8bab91425fb83b00fbfa4d0a6f - - default default] show failed (client error): The resource could not be found.
2026-06-15 19:44:15.532 10 INFO neutron.wsgi [None req-566775bf-532c-4508-be7e-fb0047f0fbf2 4c33aad6f709479699459cdbccd85d60 71536d8bab91425fb83b00fbfa4d0a6f - - default default] 199.19.213.240,10.0.0.96 "GET /v2.0/security-groups/lb-mgmt-sec-grp HTTP/1.1" status: 404 len: 307 time: 0.0495410
2026-06-15 19:44:15.579 10 INFO neutron.wsgi [None req-d9d62b21-bb4f-4538-a489-adf88f418523 4c33aad6f709479699459cdbccd85d60 71536d8bab91425fb83b00fbfa4d0a6f - - default default] 199.19.213.240,10.0.0.96 "GET /v2.0/security-groups?name=lb-mgmt-sec-grp HTTP/1.1" status: 200 len: 197 time: 0.0431275
2026-06-15 19:44:15.717 10 INFO neutron.db.ovn_revision_numbers_db [None req-b3c16079-9eb4-4859-9893-48e7391824c2 4c33aad6f709479699459cdbccd85d60 71536d8bab91425fb83b00fbfa4d0a6f - - default default] Successfully bumped revision number for resource 9e357c6f-d23c-4010-b91c-0587bd3308d2 (type: security_groups) to 1
2026-06-15 19:44:15.733 10 INFO neutron.db.ovn_revision_numbers_db [None req-b3c16079-9eb4-4859-9893-48e7391824c2 4c33aad6f709479699459cdbccd85d60 71536d8bab91425fb83b00fbfa4d0a6f - - default default] Successfully bumped revision number for resource e94ada5a-1f56-4457-aaff-905965bd4ae3 (type: security_group_rules) to 0
2026-06-15 19:44:15.749 10 INFO neutron.db.ovn_revision_numbers_db [None req-b3c16079-9eb4-4859-9893-48e7391824c2 4c33aad6f709479699459cdbccd85d60 71536d8bab91425fb83b00fbfa4d0a6f - - default default] Successfully bumped revision number for resource ea76e846-3346-4699-b4d5-a5b35c34c9e4 (type: security_group_rules) to 0
2026-06-15 19:44:15.769 10 INFO neutron.wsgi [None req-b3c16079-9eb4-4859-9893-48e7391824c2 4c33aad6f709479699459cdbccd85d60 71536d8bab91425fb83b00fbfa4d0a6f - - default default] 199.19.213.240,10.0.0.96 "POST /v2.0/security-groups HTTP/1.1" status: 201 len: 1791 time: 0.1831567
2026-06-15 19:44:16.725 10 INFO neutron.wsgi [None req-53a7ec26-e318-4526-bb2e-b486dfef179b 4c33aad6f709479699459cdbccd85d60 71536d8bab91425fb83b00fbfa4d0a6f - - default default] 199.19.213.240,10.0.0.96 "GET /v2.0/security-groups/9e357c6f-d23c-4010-b91c-0587bd3308d2 HTTP/1.1" status: 200 len: 1786 time: 0.0604031
2026-06-15 19:44:16.760 10 INFO neutron.wsgi [None req-abe8fde9-e46f-4a34-80fa-7ed44e96deb4 4c33aad6f709479699459cdbccd85d60 71536d8bab91425fb83b00fbfa4d0a6f - - default default] 199.19.213.240,10.0.0.96 "GET /v2.0/security-groups/9e357c6f-d23c-4010-b91c-0587bd3308d2 HTTP/1.1" status: 200 len: 1786 time: 0.0279379
2026-06-15 19:44:16.797 10 INFO neutron.wsgi [None req-3f8fe221-a8b8-4bb2-8c00-d1f2c6f839a4 4c33aad6f709479699459cdbccd85d60 71536d8bab91425fb83b00fbfa4d0a6f - - default default] 199.19.213.240,10.0.0.96 "GET /v2.0/security-groups/9e357c6f-d23c-4010-b91c-0587bd3308d2 HTTP/1.1" status: 200 len: 1786 time: 0.0296497
2026-06-15 19:44:16.925 10 INFO neutron.db.ovn_revision_numbers_db [None req-7f622585-dc83-4b58-ad54-bc9e4a66d073 4c33aad6f709479699459cdbccd85d60 71536d8bab91425fb83b00fbfa4d0a6f - - default default] Successfully bumped revision number for resource 1a462fe4-170b-4d46-b4be-cb45cd98ab15 (type: security_group_rules) to 0
2026-06-15 19:44:16.952 10 INFO neutron.wsgi [None req-7f622585-dc83-4b58-ad54-bc9e4a66d073 4c33aad6f709479699459cdbccd85d60 71536d8bab91425fb83b00fbfa4d0a6f - - default default] 199.19.213.240,10.0.0.96 "POST /v2.0/security-group-rules HTTP/1.1" status: 201 len: 803 time: 0.1485727
2026-06-15 19:44:17.840 10 INFO neutron.wsgi [None req-bb06949a-ad95-44f5-ba8c-de932f946905 4c33aad6f709479699459cdbccd85d60 71536d8bab91425fb83b00fbfa4d0a6f - - default default] 199.19.213.240,10.0.0.96 "GET /v2.0/security-groups/9e357c6f-d23c-4010-b91c-0587bd3308d2 HTTP/1.1" status: 200 len: 2422 time: 0.0709927
2026-06-15 19:44:17.879 10 INFO neutron.wsgi [None req-c55af02c-ec81-4999-b351-729c166ffe77 4c33aad6f709479699459cdbccd85d60 71536d8bab91425fb83b00fbfa4d0a6f - - default default] 199.19.213.240,10.0.0.96 "GET /v2.0/security-groups/9e357c6f-d23c-4010-b91c-0587bd3308d2 HTTP/1.1" status: 200 len: 2422 time: 0.0316923
2026-06-15 19:44:17.930 10 INFO neutron.wsgi [None req-c3c80f2f-a177-4881-ab2c-04a15f400122 4c33aad6f709479699459cdbccd85d60 71536d8bab91425fb83b00fbfa4d0a6f - - default default] 199.19.213.240,10.0.0.96 "GET /v2.0/security-groups/9e357c6f-d23c-4010-b91c-0587bd3308d2 HTTP/1.1" status: 200 len: 2422 time: 0.0442364
2026-06-15 19:44:18.056 10 INFO neutron.db.ovn_revision_numbers_db [None req-53f40250-5114-48b9-be14-5e8384832fba 4c33aad6f709479699459cdbccd85d60 71536d8bab91425fb83b00fbfa4d0a6f - - default default] Successfully bumped revision number for resource b3f5eb1d-8b31-49a4-a4af-cc3f50600a45 (type: security_group_rules) to 0
2026-06-15 19:44:18.080 10 INFO neutron.wsgi [None req-53f40250-5114-48b9-be14-5e8384832fba 4c33aad6f709479699459cdbccd85d60 71536d8bab91425fb83b00fbfa4d0a6f - - default default] 199.19.213.240,10.0.0.96 "POST /v2.0/security-group-rules HTTP/1.1" status: 201 len: 807 time: 0.1439595
2026-06-15 19:44:26.339 9 INFO neutron.wsgi [-] 10.0.0.96 "GET / HTTP/1.1" status: 200 len: 245 time: 0.0024698
2026-06-15 19:44:26.340 10 INFO neutron.wsgi [-] 10.0.0.96 "GET / HTTP/1.1" status: 200 len: 245 time: 0.0029590
2026-06-15 19:44:41.340 10 INFO neutron.wsgi [-] 10.0.0.96 "GET / HTTP/1.1" status: 200 len: 245 time: 0.0026100
2026-06-15 19:44:41.341 9 INFO neutron.wsgi [-] 10.0.0.96 "GET / HTTP/1.1" status: 200 len: 245 time: 0.0034964
2026-06-15 19:44:56.338 9 INFO neutron.wsgi [-] 10.0.0.96 "GET / HTTP/1.1" status: 200 len: 245 time: 0.0016201
2026-06-15 19:44:56.340 10 INFO neutron.wsgi [-] 10.0.0.96 "GET / HTTP/1.1" status: 200 len: 245 time: 0.0036519
2026-06-15 19:45:11.339 9 INFO neutron.wsgi [-] 10.0.0.96 "GET / HTTP/1.1" status: 200 len: 245 time: 0.0022528
2026-06-15 19:45:11.342 10 INFO neutron.wsgi [-] 10.0.0.96 "GET / HTTP/1.1" status: 200 len: 245 time: 0.0026579
2026-06-15 19:45:23.650 10 INFO neutron.wsgi [None req-0c72cb1e-db84-477f-a1ff-775c856271fe 4c33aad6f709479699459cdbccd85d60 71536d8bab91425fb83b00fbfa4d0a6f - - default default] 199.19.213.240,10.0.0.96 "GET /v2.0/quotas/71536d8bab91425fb83b00fbfa4d0a6f HTTP/1.1" status: 200 len: 467 time: 0.0106165 /var/lib/openstack/lib/python3.10/site-packages/neutron/extensions/quotasv2.py:139: UserWarning: Neutron quota engine will require "--force" parameter to set a quota limit without checking the resource usage. warnings.warn('Neutron quota engine will require "--force" '
2026-06-15 19:45:24.136 10 INFO neutron.wsgi [None req-061df84f-9bcb-4c99-bd47-87bbcccecc68 4c33aad6f709479699459cdbccd85d60 71536d8bab91425fb83b00fbfa4d0a6f - - default default] 199.19.213.240,10.0.0.96 "PUT /v2.0/quotas/71536d8bab91425fb83b00fbfa4d0a6f HTTP/1.1" status: 200 len: 466 time: 0.0374250
2026-06-15 19:45:26.340 9 INFO neutron.wsgi [-] 10.0.0.96 "GET / HTTP/1.1" status: 200 len: 245 time: 0.0024133
2026-06-15 19:45:26.343 9 INFO neutron.wsgi [-] 10.0.0.96 "GET / HTTP/1.1" status: 200 len: 245 time: 0.0019610
2026-06-15 19:45:41.338 9 INFO neutron.wsgi [-] 10.0.0.96 "GET / HTTP/1.1" status: 200 len: 245 time: 0.0013051
2026-06-15 19:45:41.339 10 INFO neutron.wsgi [-] 10.0.0.96 "GET / HTTP/1.1" status: 200 len: 245 time: 0.0021555
2026-06-15 19:45:56.339 9 INFO neutron.wsgi [-] 10.0.0.96 "GET / HTTP/1.1" status: 200 len: 245 time: 0.0027502
2026-06-15 19:45:56.339 10 INFO neutron.wsgi [-] 10.0.0.96 "GET / HTTP/1.1" status: 200 len: 245 time: 0.0026789
2026-06-15 19:46:11.339 9 INFO neutron.wsgi [-] 10.0.0.96 "GET / HTTP/1.1" status: 200 len: 245 time: 0.0028152
2026-06-15 19:46:11.341 10 INFO neutron.wsgi [-] 10.0.0.96 "GET / HTTP/1.1" status: 200 len: 245 time: 0.0049319
2026-06-15 19:46:26.339 9 INFO neutron.wsgi [-] 10.0.0.96 "GET / HTTP/1.1" status: 200 len: 245 time: 0.0017467
2026-06-15 19:46:26.340 10 INFO neutron.wsgi [-] 10.0.0.96 "GET / HTTP/1.1" status: 200 len: 245 time: 0.0029078
2026-06-15 19:46:41.342 9 INFO neutron.wsgi [-] 10.0.0.96 "GET / HTTP/1.1" status: 200 len: 245 time: 0.0024362
2026-06-15 19:46:41.345 10 INFO neutron.wsgi [-] 10.0.0.96 "GET / HTTP/1.1" status: 200 len: 245 time: 0.0033205
2026-06-15 19:46:56.340 9 INFO neutron.wsgi [-] 10.0.0.96 "GET / HTTP/1.1" status: 200 len: 245 time: 0.0032475
2026-06-15 19:46:56.344 10 INFO neutron.wsgi [-] 10.0.0.96 "GET / HTTP/1.1" status: 200 len: 245 time: 0.0061164
2026-06-15 19:47:11.339 10 INFO neutron.wsgi [-] 10.0.0.96 "GET / HTTP/1.1" status: 200 len: 245 time: 0.0029473
2026-06-15 19:47:11.340 9 INFO neutron.wsgi [-] 10.0.0.96 "GET / HTTP/1.1" status: 200 len: 245 time: 0.0025225
2026-06-15 19:47:26.340 9 INFO neutron.wsgi [-] 10.0.0.96 "GET / HTTP/1.1" status: 200 len: 245 time: 0.0018122
2026-06-15 19:47:26.342 9 INFO neutron.wsgi [-] 10.0.0.96 "GET / HTTP/1.1" status: 200 len: 245 time: 0.0018253 /var/lib/openstack/lib/python3.10/site-packages/pycadf/identifier.py:71: UserWarning: Invalid uuid: neutron. To ensure interoperability, identifiers should be a valid uuid. warnings.warn(('Invalid uuid: %s. To ensure interoperability, '
2026-06-15 19:47:34.848 10 INFO neutron.pecan_wsgi.hooks.translation [None req-43d04f34-9e71-41a6-bb2c-05c65c9775d3 4c33aad6f709479699459cdbccd85d60 71536d8bab91425fb83b00fbfa4d0a6f - - default default] GET failed (client error): The resource could not be found.
2026-06-15 19:47:34.849 10 INFO neutron.wsgi [None req-43d04f34-9e71-41a6-bb2c-05c65c9775d3 4c33aad6f709479699459cdbccd85d60 71536d8bab91425fb83b00fbfa4d0a6f - - default default] 199.19.213.240 "GET /v2.0/ports/octavia-health-manager-port-instance HTTP/1.1" status: 404 len: 338 time: 0.1444190
2026-06-15 19:47:34.892 10 INFO neutron.wsgi [None req-8ab44bf2-86fd-48ed-aed3-ae7647ea282c 4c33aad6f709479699459cdbccd85d60 71536d8bab91425fb83b00fbfa4d0a6f - - default default] 199.19.213.240 "GET /v2.0/ports?name=octavia-health-manager-port-instance HTTP/1.1" status: 200 len: 1421 time: 0.0387855 /var/lib/openstack/lib/python3.10/site-packages/pycadf/identifier.py:71: UserWarning: Invalid uuid: neutron. To ensure interoperability, identifiers should be a valid uuid. warnings.warn(('Invalid uuid: %s. To ensure interoperability, '
2026-06-15 19:47:36.891 9 INFO neutron.pecan_wsgi.hooks.translation [None req-6fdf0049-9d58-4863-8a86-fc86d67526ed 4c33aad6f709479699459cdbccd85d60 71536d8bab91425fb83b00fbfa4d0a6f - - default default] GET failed (client error): The resource could not be found.
2026-06-15 19:47:36.893 9 INFO neutron.wsgi [None req-6fdf0049-9d58-4863-8a86-fc86d67526ed 4c33aad6f709479699459cdbccd85d60 71536d8bab91425fb83b00fbfa4d0a6f - - default default] 199.19.213.240 "GET /v2.0/ports/octavia-health-manager-port-instance HTTP/1.1" status: 404 len: 338 time: 0.2311702
2026-06-15 19:47:36.947 9 INFO neutron.wsgi [None req-2157b40f-08cd-4d42-8bbc-61f43ceeff62 4c33aad6f709479699459cdbccd85d60 71536d8bab91425fb83b00fbfa4d0a6f - - default default] 199.19.213.240 "GET /v2.0/ports?name=octavia-health-manager-port-instance HTTP/1.1" status: 200 len: 1421 time: 0.0500784
2026-06-15 19:47:38.539 10 INFO neutron.plugins.ml2.drivers.ovn.mech_driver.mech_driver [-] OVN reports status up for port: b1e9ad69-9d14-4340-a50e-61f0e648f6fe
2026-06-15 19:47:38.566 10 INFO neutron.plugins.ml2.plugin [None req-d91f6e2f-a487-4fb2-9d5a-af7a7f8aafd2 - - - - - -] Attempt 1 to provision port b1e9ad69-9d14-4340-a50e-61f0e648f6fe
2026-06-15 19:47:38.902 10 INFO neutron.db.ovn_revision_numbers_db [None req-d91f6e2f-a487-4fb2-9d5a-af7a7f8aafd2 - - - - - -] Successfully bumped revision number for resource b1e9ad69-9d14-4340-a50e-61f0e648f6fe (type: ports) to 4
2026-06-15 19:47:41.339 10 INFO neutron.wsgi [-] 10.0.0.96 "GET / HTTP/1.1" status: 200 len: 245 time: 0.0019827
2026-06-15 19:47:41.342 9 INFO neutron.wsgi [-] 10.0.0.96 "GET / HTTP/1.1" status: 200 len: 245 time: 0.0022056
2026-06-15 19:47:56.339 10 INFO neutron.wsgi [-] 10.0.0.96 "GET / HTTP/1.1" status: 200 len: 245 time: 0.0021906
2026-06-15 19:47:56.340 9 INFO neutron.wsgi [-] 10.0.0.96 "GET / HTTP/1.1" status: 200 len: 245 time: 0.0028410
2026-06-15 19:48:11.339 9 INFO neutron.wsgi [-] 10.0.0.96 "GET / HTTP/1.1" status: 200 len: 245 time: 0.0025477
2026-06-15 19:48:11.341 10 INFO neutron.wsgi [-] 10.0.0.96 "GET / HTTP/1.1" status: 200 len: 245 time: 0.0036583
2026-06-15 19:48:26.338 10 INFO neutron.wsgi [-] 10.0.0.96 "GET / HTTP/1.1" status: 200 len: 245 time: 0.0016489
2026-06-15 19:48:26.338 9 INFO neutron.wsgi [-] 10.0.0.96 "GET / HTTP/1.1" status: 200 len: 245 time: 0.0016809
2026-06-15 19:48:41.340 10 INFO neutron.wsgi [-] 10.0.0.96 "GET / HTTP/1.1" status: 200 len: 245 time: 0.0026946
2026-06-15 19:48:41.341 9 INFO neutron.wsgi [-] 10.0.0.96 "GET / HTTP/1.1" status: 200 len: 245 time: 0.0032349
2026-06-15 19:48:56.341 10 INFO neutron.wsgi [-] 10.0.0.96 "GET / HTTP/1.1" status: 200 len: 245 time: 0.0042737
2026-06-15 19:48:56.341 9 INFO neutron.wsgi [-] 10.0.0.96 "GET / HTTP/1.1" status: 200 len: 245 time: 0.0042737
2026-06-15 19:48:59.887 15 INFO neutron.db.ovn_revision_numbers_db [None req-3eff2b54-da7f-4026-a323-e526ee20ca7f - - - - - -] Successfully bumped revision number for resource 57b1b843-0ae1-4abe-aab1-2d53b0f2e0a6 (type: networks) to 2
2026-06-15 19:48:59.947 15 INFO neutron.db.ovn_revision_numbers_db [None req-3eff2b54-da7f-4026-a323-e526ee20ca7f - - - - - -] Successfully bumped revision number for resource 462aa4c3-f32e-461c-a08b-8f6875d156cf (type: security_groups) to 6
2026-06-15 19:48:59.992 15 INFO neutron.db.ovn_revision_numbers_db [None req-3eff2b54-da7f-4026-a323-e526ee20ca7f - - - - - -] Successfully bumped revision number for resource 9e357c6f-d23c-4010-b91c-0587bd3308d2 (type: security_groups) to 3
2026-06-15 19:48:59.993 15 INFO neutron.plugins.ml2.drivers.ovn.mech_driver.ovsdb.maintenance [None req-3eff2b54-da7f-4026-a323-e526ee20ca7f - - - - - -] Maintenance task: Synchronization completed (took 0.22 seconds)
2026-06-15 19:49:11.339 9 INFO neutron.wsgi [-] 10.0.0.96 "GET / HTTP/1.1" status: 200 len: 245 time: 0.0027046
2026-06-15 19:49:11.342 9 INFO neutron.wsgi [-] 10.0.0.96 "GET / HTTP/1.1" status: 200 len: 245 time: 0.0020673
2026-06-15 19:49:26.339 9 INFO neutron.wsgi [-] 10.0.0.96 "GET / HTTP/1.1" status: 200 len: 245 time: 0.0027108
2026-06-15 19:49:26.341 10 INFO neutron.wsgi [-] 10.0.0.96 "GET / HTTP/1.1" status: 200 len: 245 time: 0.0034494
2026-06-15 19:49:41.339 10 INFO neutron.wsgi [-] 10.0.0.96 "GET / HTTP/1.1" status: 200 len: 245 time: 0.0023079
2026-06-15 19:49:41.341 9 INFO neutron.wsgi [-] 10.0.0.96 "GET / HTTP/1.1" status: 200 len: 245 time: 0.0036378
2026-06-15 19:49:56.339 9 INFO neutron.wsgi [-] 10.0.0.96 "GET / HTTP/1.1" status: 200 len: 245 time: 0.0018771
2026-06-15 19:49:56.339 10 INFO neutron.wsgi [-] 10.0.0.96 "GET / HTTP/1.1" status: 200 len: 245 time: 0.0025880
2026-06-15 19:50:11.339 9 INFO neutron.wsgi [-] 10.0.0.96 "GET / HTTP/1.1" status: 200 len: 245 time: 0.0024827
2026-06-15 19:50:11.339 10 INFO neutron.wsgi [-] 10.0.0.96 "GET / HTTP/1.1" status: 200 len: 245 time: 0.0027008
2026-06-15 19:50:26.339 9 INFO neutron.wsgi [-] 10.0.0.96 "GET / HTTP/1.1" status: 200 len: 245 time: 0.0024192
2026-06-15 19:50:26.342 9 INFO neutron.wsgi [-] 10.0.0.96 "GET / HTTP/1.1" status: 200 len: 245 time: 0.0019953
2026-06-15 19:50:41.339 9 INFO neutron.wsgi [-] 10.0.0.96 "GET / HTTP/1.1" status: 200 len: 245 time: 0.0025814
2026-06-15 19:50:41.343 10 INFO neutron.wsgi [-] 10.0.0.96 "GET / HTTP/1.1" status: 200 len: 245 time: 0.0027909
2026-06-15 19:50:56.338 10 INFO neutron.wsgi [-] 10.0.0.96 "GET / HTTP/1.1" status: 200 len: 245 time: 0.0013132
2026-06-15 19:50:56.339 9 INFO neutron.wsgi [-] 10.0.0.96 "GET / HTTP/1.1" status: 200 len: 245 time: 0.0023477
2026-06-15 19:51:11.341 9 INFO neutron.wsgi [-] 10.0.0.96 "GET / HTTP/1.1" status: 200 len: 245 time: 0.0032628
2026-06-15 19:51:11.343 10 INFO neutron.wsgi [-] 10.0.0.96 "GET / HTTP/1.1" status: 200 len: 245 time: 0.0048788
2026-06-15 19:51:26.338 9 INFO neutron.wsgi [-] 10.0.0.96 "GET / HTTP/1.1" status: 200 len: 245 time: 0.0016241
2026-06-15 19:51:26.340 10 INFO neutron.wsgi [-] 10.0.0.96 "GET / HTTP/1.1" status: 200 len: 245 time: 0.0024338
2026-06-15 19:51:41.340 10 INFO neutron.wsgi [-] 10.0.0.96 "GET / HTTP/1.1" status: 200 len: 245 time: 0.0027390
2026-06-15 19:51:41.341 9 INFO neutron.wsgi [-] 10.0.0.96 "GET / HTTP/1.1" status: 200 len: 245 time: 0.0037053
2026-06-15 19:51:56.340 10 INFO neutron.wsgi [-] 10.0.0.96 "GET / HTTP/1.1" status: 200 len: 245 time: 0.0031514
2026-06-15 19:51:56.341 9 INFO neutron.wsgi [-] 10.0.0.96 "GET / HTTP/1.1" status: 200 len: 245 time: 0.0039625
2026-06-15 19:52:11.339 9 INFO neutron.wsgi [-] 10.0.0.96 "GET / HTTP/1.1" status: 200 len: 245 time: 0.0023243
2026-06-15 19:52:11.342 10 INFO neutron.wsgi [-] 10.0.0.96 "GET / HTTP/1.1" status: 200 len: 245 time: 0.0044549
2026-06-15 19:52:26.340 9 INFO neutron.wsgi [-] 10.0.0.96 "GET / HTTP/1.1" status: 200 len: 245 time: 0.0025194
2026-06-15 19:52:26.343 9 INFO neutron.wsgi [-] 10.0.0.96 "GET / HTTP/1.1" status: 200 len: 245 time: 0.0018413
2026-06-15 19:52:41.340 9 INFO neutron.wsgi [-] 10.0.0.96 "GET / HTTP/1.1" status: 200 len: 245 time: 0.0029981
