2026-06-15 20:12:13.950 9 INFO neutron.db.ovn_revision_numbers_db [None req-507df63c-52f3-4c22-ab79-91a9f2968b6c 4c33aad6f709479699459cdbccd85d60 71536d8bab91425fb83b00fbfa4d0a6f - - default default] Successfully bumped revision number for resource 4fd4ff11-96d6-4d92-ac4f-c8fabe55fe6e (type: router_ports) to 1
2026-06-15 20:12:13.956 9 INFO neutron.wsgi [None req-507df63c-52f3-4c22-ab79-91a9f2968b6c 4c33aad6f709479699459cdbccd85d60 71536d8bab91425fb83b00fbfa4d0a6f - - default default] 10.0.0.159 "PUT /v2.0/routers/2015edc3-bc7a-4695-84d3-772a162db7c1/add_router_interface HTTP/1.1" status: 200 len: 503 time: 3.7745614
2026-06-15 20:12:13.989 9 INFO neutron.db.ovn_revision_numbers_db [None req-d79020d5-2dee-47d4-9fe3-0a416f64d778 - - - - - -] Successfully bumped revision number for resource 37092cd6-1ffb-46f7-bd8a-6cdbed2f2ed8 (type: ports) to 4
2026-06-15 20:12:14.078 9 ERROR ovsdbapp.backend.ovs_idl.command [None req-c062c4f1-3cb1-40e6-8bc3-9a28dfc6a3ac 4c33aad6f709479699459cdbccd85d60 71536d8bab91425fb83b00fbfa4d0a6f - - default default] Error executing command (DbGetCommand): ovsdbapp.backend.ovs_idl.idlutils.RowNotFound: Cannot find Logical_Router_Port with name=lrp-80b43e5c-9d2a-449f-b4eb-03f2bcaf2cb1
2026-06-15 20:12:14.078 9 ERROR ovsdbapp.backend.ovs_idl.command
Traceback (most recent call last):
2026-06-15 20:12:14.078 9 ERROR ovsdbapp.backend.ovs_idl.command
File "/var/lib/openstack/lib/python3.10/site-packages/ovsdbapp/backend/ovs_idl/command.py", line 47, in execute
2026-06-15 20:12:14.078 9 ERROR ovsdbapp.backend.ovs_idl.command self.run_idl(None)
2026-06-15 20:12:14.078 9 ERROR ovsdbapp.backend.ovs_idl.command
File "/var/lib/openstack/lib/python3.10/site-packages/ovsdbapp/backend/ovs_idl/command.py", line 235, in run_idl
2026-06-15 20:12:14.078 9 ERROR ovsdbapp.backend.ovs_idl.command record = self.api.lookup(self.table, self.record)
2026-06-15 20:12:14.078 9 ERROR ovsdbapp.backend.ovs_idl.command
File "/var/lib/openstack/lib/python3.10/site-packages/ovsdbapp/backend/ovs_idl/__init__.py", line 184, in lookup
2026-06-15 20:12:14.078 9 ERROR ovsdbapp.backend.ovs_idl.command return self._lookup(table, record)
2026-06-15 20:12:14.078 9 ERROR ovsdbapp.backend.ovs_idl.command
File "/var/lib/openstack/lib/python3.10/site-packages/ovsdbapp/backend/ovs_idl/__init__.py", line 235, in _lookup
2026-06-15 20:12:14.078 9 ERROR ovsdbapp.backend.ovs_idl.command row = idlutils.row_by_value(self, rl.table, rl.column, record)
2026-06-15 20:12:14.078 9 ERROR ovsdbapp.backend.ovs_idl.command
File "/var/lib/openstack/lib/python3.10/site-packages/ovsdbapp/backend/ovs_idl/idlutils.py", line 114, in row_by_value
2026-06-15 20:12:14.078 9 ERROR ovsdbapp.backend.ovs_idl.command raise RowNotFound(table=table, col=column, match=match)
2026-06-15 20:12:14.078 9 ERROR ovsdbapp.backend.ovs_idl.command ovsdbapp.backend.ovs_idl.idlutils.RowNotFound: Cannot find Logical_Router_Port with name=lrp-80b43e5c-9d2a-449f-b4eb-03f2bcaf2cb1
2026-06-15 20:12:14.078 9 ERROR ovsdbapp.backend.ovs_idl.command 
2026-06-15 20:12:14.079 9 ERROR neutron_lib.callbacks.manager [None req-c062c4f1-3cb1-40e6-8bc3-9a28dfc6a3ac 4c33aad6f709479699459cdbccd85d60 71536d8bab91425fb83b00fbfa4d0a6f - - default default] Error during notification for neutron.services.ovn_l3.plugin.OVNL3RouterPlugin._port_update-8760641379046 port, after_update: ovsdbapp.backend.ovs_idl.idlutils.RowNotFound: Cannot find Logical_Router_Port with name=lrp-80b43e5c-9d2a-449f-b4eb-03f2bcaf2cb1
2026-06-15 20:12:14.079 9 ERROR neutron_lib.callbacks.manager
Traceback (most recent call last):
2026-06-15 20:12:14.079 9 ERROR neutron_lib.callbacks.manager
File "/var/lib/openstack/lib/python3.10/site-packages/neutron_lib/callbacks/manager.py", line 189, in _notify_loop
2026-06-15 20:12:14.079 9 ERROR neutron_lib.callbacks.manager callback.method(resource, event, trigger, payload=payload)
2026-06-15 20:12:14.079 9 ERROR neutron_lib.callbacks.manager
File "/var/lib/openstack/lib/python3.10/site-packages/neutron/services/ovn_l3/plugin.py", line 391, in _port_update
2026-06-15 20:12:14.079 9 ERROR neutron_lib.callbacks.manager l3plugin._ovn_client.update_router_port(context,
2026-06-15 20:12:14.079 9 ERROR neutron_lib.callbacks.manager
File "/var/lib/openstack/lib/python3.10/site-packages/neutron/plugins/ml2/drivers/ovn/mech_driver/ovsdb/ovn_client.py", line 1878, in update_router_port
2026-06-15 20:12:14.079 9 ERROR neutron_lib.callbacks.manager self._update_lrouter_port(context, port, if_exists=if_exists,
2026-06-15 20:12:14.079 9 ERROR neutron_lib.callbacks.manager
File "/var/lib/openstack/lib/python3.10/site-packages/neutron/plugins/ml2/drivers/ovn/mech_driver/ovsdb/ovn_client.py", line 1855, in _update_lrouter_port
2026-06-15 20:12:14.079 9 ERROR neutron_lib.callbacks.manager external_ids = self._nb_idl.db_get(
2026-06-15 20:12:14.079 9 ERROR neutron_lib.callbacks.manager
File "/var/lib/openstack/lib/python3.10/site-packages/ovsdbapp/backend/ovs_idl/command.py", line 47, in execute
2026-06-15 20:12:14.079 9 ERROR neutron_lib.callbacks.manager self.run_idl(None)
2026-06-15 20:12:14.079 9 ERROR neutron_lib.callbacks.manager
File "/var/lib/openstack/lib/python3.10/site-packages/ovsdbapp/backend/ovs_idl/command.py", line 235, in run_idl
2026-06-15 20:12:14.079 9 ERROR neutron_lib.callbacks.manager record = self.api.lookup(self.table, self.record)
2026-06-15 20:12:14.079 9 ERROR neutron_lib.callbacks.manager
File "/var/lib/openstack/lib/python3.10/site-packages/ovsdbapp/backend/ovs_idl/__init__.py", line 184, in lookup
2026-06-15 20:12:14.079 9 ERROR neutron_lib.callbacks.manager return self._lookup(table, record)
2026-06-15 20:12:14.079 9 ERROR neutron_lib.callbacks.manager
File "/var/lib/openstack/lib/python3.10/site-packages/ovsdbapp/backend/ovs_idl/__init__.py", line 235, in _lookup
2026-06-15 20:12:14.079 9 ERROR neutron_lib.callbacks.manager row = idlutils.row_by_value(self, rl.table, rl.column, record)
2026-06-15 20:12:14.079 9 ERROR neutron_lib.callbacks.manager
File "/var/lib/openstack/lib/python3.10/site-packages/ovsdbapp/backend/ovs_idl/idlutils.py", line 114, in row_by_value
2026-06-15 20:12:14.079 9 ERROR neutron_lib.callbacks.manager raise RowNotFound(table=table, col=column, match=match)
2026-06-15 20:12:14.079 9 ERROR neutron_lib.callbacks.manager ovsdbapp.backend.ovs_idl.idlutils.RowNotFound: Cannot find Logical_Router_Port with name=lrp-80b43e5c-9d2a-449f-b4eb-03f2bcaf2cb1
2026-06-15 20:12:14.079 9 ERROR neutron_lib.callbacks.manager 
2026-06-15 20:12:14.218 10 WARNING neutron.scheduler.dhcp_agent_scheduler [None req-cbdc79b3-fbdb-4a03-9624-57ef20274aae 4c33aad6f709479699459cdbccd85d60 71536d8bab91425fb83b00fbfa4d0a6f - - default default] No more DHCP agents
2026-06-15 20:12:14.230 10 WARNING neutron.api.rpc.agentnotifiers.dhcp_rpc_agent_api [None req-cbdc79b3-fbdb-4a03-9624-57ef20274aae 4c33aad6f709479699459cdbccd85d60 71536d8bab91425fb83b00fbfa4d0a6f - - default default] Unable to schedule network 9c19b992-3ed6-48df-b1c0-d1d156ca3ff0: no agents available; will retry on subsequent port and subnet creation events.
2026-06-15 20:12:14.350 9 INFO neutron.db.ovn_revision_numbers_db [None req-d79020d5-2dee-47d4-9fe3-0a416f64d778 - - - - - -] Successfully bumped revision number for resource 37092cd6-1ffb-46f7-bd8a-6cdbed2f2ed8 (type: router_ports) to 4
2026-06-15 20:12:14.374 9 INFO neutron.db.ovn_revision_numbers_db [None req-c062c4f1-3cb1-40e6-8bc3-9a28dfc6a3ac 4c33aad6f709479699459cdbccd85d60 71536d8bab91425fb83b00fbfa4d0a6f - - default default] Successfully bumped revision number for resource 80b43e5c-9d2a-449f-b4eb-03f2bcaf2cb1 (type: ports) to 1
2026-06-15 20:12:14.416 9 INFO neutron.plugins.ml2.drivers.ovn.mech_driver.mech_driver [None req-d79020d5-2dee-47d4-9fe3-0a416f64d778 - - - - - -] OVN reports status up for port: 6ec8e147-7ec1-4535-a294-da3ee8513b35
2026-06-15 20:12:14.433 9 INFO neutron.plugins.ml2.plugin [None req-d79020d5-2dee-47d4-9fe3-0a416f64d778 - - - - - -] Attempt 1 to provision port 6ec8e147-7ec1-4535-a294-da3ee8513b35
2026-06-15 20:12:14.488 9 WARNING neutron.scheduler.dhcp_agent_scheduler [None req-c062c4f1-3cb1-40e6-8bc3-9a28dfc6a3ac 4c33aad6f709479699459cdbccd85d60 71536d8bab91425fb83b00fbfa4d0a6f - - default default] No more DHCP agents
2026-06-15 20:12:14.490 9 WARNING neutron.api.rpc.agentnotifiers.dhcp_rpc_agent_api [None req-c062c4f1-3cb1-40e6-8bc3-9a28dfc6a3ac 4c33aad6f709479699459cdbccd85d60 71536d8bab91425fb83b00fbfa4d0a6f - - default default] Unable to schedule network 01efa026-5a7c-41bf-9902-72acd807eea8: no agents available; will retry on subsequent port and subnet creation events.
2026-06-15 20:12:14.559 10 INFO neutron.db.ovn_revision_numbers_db [None req-cbdc79b3-fbdb-4a03-9624-57ef20274aae 4c33aad6f709479699459cdbccd85d60 71536d8bab91425fb83b00fbfa4d0a6f - - default default] Successfully bumped revision number for resource 361d946d-a6c4-43e0-bf39-1d02a89b9eba (type: ports) to 1
2026-06-15 20:12:14.583 10 WARNING neutron_lib.context [None req-35463971-8ed0-4752-88ce-e62d721e550e dcbcf7f63d4f48be83c8b003ee8b5d54 da5e608fbc954047a8aa7feacc854a70 - - default default] Method 'is_advsvc' is deprecated since 2023.2 release (neutron-lib 3.8.0) and will be removed once support for the old RBAC API policies will be removed from Neutron. Please use method 'is_service_role' instead.
2026-06-15 20:12:14.615 10 INFO neutron.db.ovn_revision_numbers_db [None req-42617d65-cb86-4ea6-a890-fd9c537ab770 - - - - - -] Successfully bumped revision number for resource e607e430-d3bb-4642-9db3-669d3fb64b98 (type: ports) to 4
2026-06-15 20:12:14.846 10 ERROR ovsdbapp.backend.ovs_idl.command [None req-aac8592e-43d1-4122-902a-95b29e8d4d8f 4c33aad6f709479699459cdbccd85d60 71536d8bab91425fb83b00fbfa4d0a6f - - default default] Error executing command (DbGetCommand): ovsdbapp.backend.ovs_idl.idlutils.RowNotFound: Cannot find Logical_Router_Port with name=lrp-4a867dd3-1cc8-4d4f-b85c-efdb43728e27
2026-06-15 20:12:14.846 10 ERROR ovsdbapp.backend.ovs_idl.command
Traceback (most recent call last):
2026-06-15 20:12:14.846 10 ERROR ovsdbapp.backend.ovs_idl.command
File "/var/lib/openstack/lib/python3.10/site-packages/ovsdbapp/backend/ovs_idl/command.py", line 47, in execute
2026-06-15 20:12:14.846 10 ERROR ovsdbapp.backend.ovs_idl.command self.run_idl(None)
2026-06-15 20:12:14.846 10 ERROR ovsdbapp.backend.ovs_idl.command
File "/var/lib/openstack/lib/python3.10/site-packages/ovsdbapp/backend/ovs_idl/command.py", line 235, in run_idl
2026-06-15 20:12:14.846 10 ERROR ovsdbapp.backend.ovs_idl.command record = self.api.lookup(self.table, self.record)
2026-06-15 20:12:14.846 10 ERROR ovsdbapp.backend.ovs_idl.command
File "/var/lib/openstack/lib/python3.10/site-packages/ovsdbapp/backend/ovs_idl/__init__.py", line 184, in lookup
2026-06-15 20:12:14.846 10 ERROR ovsdbapp.backend.ovs_idl.command return self._lookup(table, record)
2026-06-15 20:12:14.846 10 ERROR ovsdbapp.backend.ovs_idl.command
File "/var/lib/openstack/lib/python3.10/site-packages/ovsdbapp/backend/ovs_idl/__init__.py", line 235, in _lookup
2026-06-15 20:12:14.846 10 ERROR ovsdbapp.backend.ovs_idl.command row = idlutils.row_by_value(self, rl.table, rl.column, record)
2026-06-15 20:12:14.846 10 ERROR ovsdbapp.backend.ovs_idl.command
File "/var/lib/openstack/lib/python3.10/site-packages/ovsdbapp/backend/ovs_idl/idlutils.py", line 114, in row_by_value
2026-06-15 20:12:14.846 10 ERROR ovsdbapp.backend.ovs_idl.command raise RowNotFound(table=table, col=column, match=match)
2026-06-15 20:12:14.846 10 ERROR ovsdbapp.backend.ovs_idl.command ovsdbapp.backend.ovs_idl.idlutils.RowNotFound: Cannot find Logical_Router_Port with name=lrp-4a867dd3-1cc8-4d4f-b85c-efdb43728e27
2026-06-15 20:12:14.846 10 ERROR ovsdbapp.backend.ovs_idl.command 
2026-06-15 20:12:14.847 10 ERROR neutron_lib.callbacks.manager [None req-aac8592e-43d1-4122-902a-95b29e8d4d8f 4c33aad6f709479699459cdbccd85d60 71536d8bab91425fb83b00fbfa4d0a6f - - default default] Error during notification for neutron.services.ovn_l3.plugin.OVNL3RouterPlugin._port_update-8760641379046 port, after_update: ovsdbapp.backend.ovs_idl.idlutils.RowNotFound: Cannot find Logical_Router_Port with name=lrp-4a867dd3-1cc8-4d4f-b85c-efdb43728e27
2026-06-15 20:12:14.847 10 ERROR neutron_lib.callbacks.manager
Traceback (most recent call last):
2026-06-15 20:12:14.847 10 ERROR neutron_lib.callbacks.manager
File "/var/lib/openstack/lib/python3.10/site-packages/neutron_lib/callbacks/manager.py", line 189, in _notify_loop
2026-06-15 20:12:14.847 10 ERROR neutron_lib.callbacks.manager callback.method(resource, event, trigger, payload=payload)
2026-06-15 20:12:14.847 10 ERROR neutron_lib.callbacks.manager
File "/var/lib/openstack/lib/python3.10/site-packages/neutron/services/ovn_l3/plugin.py", line 391, in _port_update
2026-06-15 20:12:14.847 10 ERROR neutron_lib.callbacks.manager l3plugin._ovn_client.update_router_port(context,
2026-06-15 20:12:14.847 10 ERROR neutron_lib.callbacks.manager
File "/var/lib/openstack/lib/python3.10/site-packages/neutron/plugins/ml2/drivers/ovn/mech_driver/ovsdb/ovn_client.py", line 1878, in update_router_port
2026-06-15 20:12:14.847 10 ERROR neutron_lib.callbacks.manager self._update_lrouter_port(context, port, if_exists=if_exists,
2026-06-15 20:12:14.847 10 ERROR neutron_lib.callbacks.manager
File "/var/lib/openstack/lib/python3.10/site-packages/neutron/plugins/ml2/drivers/ovn/mech_driver/ovsdb/ovn_client.py", line 1855, in _update_lrouter_port
2026-06-15 20:12:14.847 10 ERROR neutron_lib.callbacks.manager external_ids = self._nb_idl.db_get(
2026-06-15 20:12:14.847 10 ERROR neutron_lib.callbacks.manager
File "/var/lib/openstack/lib/python3.10/site-packages/ovsdbapp/backend/ovs_idl/command.py", line 47, in execute
2026-06-15 20:12:14.847 10 ERROR neutron_lib.callbacks.manager self.run_idl(None)
2026-06-15 20:12:14.847 10 ERROR neutron_lib.callbacks.manager
File "/var/lib/openstack/lib/python3.10/site-packages/ovsdbapp/backend/ovs_idl/command.py", line 235, in run_idl
2026-06-15 20:12:14.847 10 ERROR neutron_lib.callbacks.manager record = self.api.lookup(self.table, self.record)
2026-06-15 20:12:14.847 10 ERROR neutron_lib.callbacks.manager
File "/var/lib/openstack/lib/python3.10/site-packages/ovsdbapp/backend/ovs_idl/__init__.py", line 184, in lookup
2026-06-15 20:12:14.847 10 ERROR neutron_lib.callbacks.manager return self._lookup(table, record)
2026-06-15 20:12:14.847 10 ERROR neutron_lib.callbacks.manager
File "/var/lib/openstack/lib/python3.10/site-packages/ovsdbapp/backend/ovs_idl/__init__.py", line 235, in _lookup
2026-06-15 20:12:14.847 10 ERROR neutron_lib.callbacks.manager row = idlutils.row_by_value(self, rl.table, rl.column, record)
2026-06-15 20:12:14.847 10 ERROR neutron_lib.callbacks.manager
File "/var/lib/openstack/lib/python3.10/site-packages/ovsdbapp/backend/ovs_idl/idlutils.py", line 114, in row_by_value
2026-06-15 20:12:14.847 10 ERROR neutron_lib.callbacks.manager raise RowNotFound(table=table, col=column, match=match)
2026-06-15 20:12:14.847 10 ERROR neutron_lib.callbacks.manager ovsdbapp.backend.ovs_idl.idlutils.RowNotFound: Cannot find Logical_Router_Port with name=lrp-4a867dd3-1cc8-4d4f-b85c-efdb43728e27
2026-06-15 20:12:14.847 10 ERROR neutron_lib.callbacks.manager 
2026-06-15 20:12:15.082 10 INFO neutron.db.ovn_revision_numbers_db [None req-35463971-8ed0-4752-88ce-e62d721e550e dcbcf7f63d4f48be83c8b003ee8b5d54 da5e608fbc954047a8aa7feacc854a70 - - default default] Successfully bumped revision number for resource 9251a02f-44c2-4290-8d25-9c3739b84821 (type: security_groups) to 1
2026-06-15 20:12:15.128 10 INFO neutron.db.ovn_revision_numbers_db [None req-35463971-8ed0-4752-88ce-e62d721e550e dcbcf7f63d4f48be83c8b003ee8b5d54 da5e608fbc954047a8aa7feacc854a70 - - default default] Successfully bumped revision number for resource 605cc081-4c3e-41b2-9bdb-d0a6fcb7287a (type: security_group_rules) to 0
2026-06-15 20:12:15.164 10 INFO neutron.db.ovn_revision_numbers_db [None req-35463971-8ed0-4752-88ce-e62d721e550e dcbcf7f63d4f48be83c8b003ee8b5d54 da5e608fbc954047a8aa7feacc854a70 - - default default] Successfully bumped revision number for resource fd764366-65a3-4fcf-bbec-15026d60367a (type: security_group_rules) to 0
2026-06-15 20:12:15.228 10 INFO neutron.wsgi [None req-35463971-8ed0-4752-88ce-e62d721e550e dcbcf7f63d4f48be83c8b003ee8b5d54 da5e608fbc954047a8aa7feacc854a70 - - default default] 10.0.0.159 "POST /v2.0/security-groups HTTP/1.1" status: 201 len: 1861 time: 0.6507695
2026-06-15 20:12:15.243 9 WARNING neutron_lib.context [None req-5709d0d5-f150-49ea-a4d3-8644738d37d2 dcbcf7f63d4f48be83c8b003ee8b5d54 da5e608fbc954047a8aa7feacc854a70 - - default default] Method 'is_advsvc' is deprecated since 2023.2 release (neutron-lib 3.8.0) and will be removed once support for the old RBAC API policies will be removed from Neutron. Please use method 'is_service_role' instead.
2026-06-15 20:12:15.341 10 INFO neutron.db.ovn_revision_numbers_db [None req-aac8592e-43d1-4122-902a-95b29e8d4d8f 4c33aad6f709479699459cdbccd85d60 71536d8bab91425fb83b00fbfa4d0a6f - - default default] Successfully bumped revision number for resource 4a867dd3-1cc8-4d4f-b85c-efdb43728e27 (type: ports) to 1
2026-06-15 20:12:15.369 10 INFO neutron.db.ovn_revision_numbers_db [None req-42617d65-cb86-4ea6-a890-fd9c537ab770 - - - - - -] Successfully bumped revision number for resource e607e430-d3bb-4642-9db3-669d3fb64b98 (type: router_ports) to 4
2026-06-15 20:12:15.396 9 INFO neutron.db.ovn_revision_numbers_db [None req-c062c4f1-3cb1-40e6-8bc3-9a28dfc6a3ac 4c33aad6f709479699459cdbccd85d60 71536d8bab91425fb83b00fbfa4d0a6f - - default default] Successfully bumped revision number for resource 80b43e5c-9d2a-449f-b4eb-03f2bcaf2cb1 (type: router_ports) to 1
2026-06-15 20:12:15.404 9 INFO neutron.wsgi [None req-c062c4f1-3cb1-40e6-8bc3-9a28dfc6a3ac 4c33aad6f709479699459cdbccd85d60 71536d8bab91425fb83b00fbfa4d0a6f - - default default] 10.0.0.159 "PUT /v2.0/routers/6e8c3f60-0385-434b-b4c2-f7ce53457ad3/add_router_interface HTTP/1.1" status: 200 len: 503 time: 3.9715130
2026-06-15 20:12:15.412 10 INFO neutron.plugins.ml2.drivers.ovn.mech_driver.ovsdb.ovsdb_monitor [None req-42617d65-cb86-4ea6-a890-fd9c537ab770 - - - - - -] Router df99b3f5-d460-45d9-9fe4-b9081953aca2 is bound to host instance
2026-06-15 20:12:15.441 9 INFO neutron.db.ovn_revision_numbers_db [None req-5709d0d5-f150-49ea-a4d3-8644738d37d2 dcbcf7f63d4f48be83c8b003ee8b5d54 da5e608fbc954047a8aa7feacc854a70 - - default default] Successfully bumped revision number for resource d57b28b2-f2c1-436b-bffd-2bb61dc9b068 (type: security_group_rules) to 0
2026-06-15 20:12:15.463 10 WARNING neutron.scheduler.dhcp_agent_scheduler [None req-aac8592e-43d1-4122-902a-95b29e8d4d8f 4c33aad6f709479699459cdbccd85d60 71536d8bab91425fb83b00fbfa4d0a6f - - default default] No more DHCP agents
2026-06-15 20:12:15.466 10 WARNING neutron.api.rpc.agentnotifiers.dhcp_rpc_agent_api [None req-aac8592e-43d1-4122-902a-95b29e8d4d8f 4c33aad6f709479699459cdbccd85d60 71536d8bab91425fb83b00fbfa4d0a6f - - default default] Unable to schedule network 251e1504-234c-4565-9fb7-ac3c1f8addc2: no agents available; will retry on subsequent port and subnet creation events.
2026-06-15 20:12:15.469 9 INFO neutron.wsgi [None req-5709d0d5-f150-49ea-a4d3-8644738d37d2 dcbcf7f63d4f48be83c8b003ee8b5d54 da5e608fbc954047a8aa7feacc854a70 - - default default] 10.0.0.159 "POST /v2.0/security-group-rules HTTP/1.1" status: 201 len: 796 time: 0.2351215
2026-06-15 20:12:15.479 9 WARNING neutron_lib.context [None req-63894bdf-951c-41ea-bbbb-85ae81f1603b dcbcf7f63d4f48be83c8b003ee8b5d54 da5e608fbc954047a8aa7feacc854a70 - - default default] Method 'is_advsvc' is deprecated since 2023.2 release (neutron-lib 3.8.0) and will be removed once support for the old RBAC API policies will be removed from Neutron. Please use method 'is_service_role' instead.
2026-06-15 20:12:15.615 9 INFO neutron.db.ovn_revision_numbers_db [None req-63894bdf-951c-41ea-bbbb-85ae81f1603b dcbcf7f63d4f48be83c8b003ee8b5d54 da5e608fbc954047a8aa7feacc854a70 - - default default] Successfully bumped revision number for resource 4e032ad4-a84f-495b-a375-567f207356bb (type: security_group_rules) to 0
2026-06-15 20:12:15.641 9 INFO neutron.wsgi [None req-63894bdf-951c-41ea-bbbb-85ae81f1603b dcbcf7f63d4f48be83c8b003ee8b5d54 da5e608fbc954047a8aa7feacc854a70 - - default default] 10.0.0.159 "POST /v2.0/security-group-rules HTTP/1.1" status: 201 len: 801 time: 0.1669865
2026-06-15 20:12:15.652 9 WARNING neutron_lib.context [None req-b5e920da-08a5-416e-8cb0-f4cb268d3e88 dcbcf7f63d4f48be83c8b003ee8b5d54 da5e608fbc954047a8aa7feacc854a70 - - default default] Method 'is_advsvc' is deprecated since 2023.2 release (neutron-lib 3.8.0) and will be removed once support for the old RBAC API policies will be removed from Neutron. Please use method 'is_service_role' instead.
2026-06-15 20:12:15.959 9 WARNING neutron.scheduler.dhcp_agent_scheduler [None req-b5e920da-08a5-416e-8cb0-f4cb268d3e88 dcbcf7f63d4f48be83c8b003ee8b5d54 da5e608fbc954047a8aa7feacc854a70 - - default default] No more DHCP agents
2026-06-15 20:12:15.961 9 WARNING neutron.api.rpc.agentnotifiers.dhcp_rpc_agent_api [None req-b5e920da-08a5-416e-8cb0-f4cb268d3e88 dcbcf7f63d4f48be83c8b003ee8b5d54 da5e608fbc954047a8aa7feacc854a70 - - default default] Unable to schedule network 9c19b992-3ed6-48df-b1c0-d1d156ca3ff0: no agents available; will retry on subsequent port and subnet creation events.
2026-06-15 20:12:16.099 10 INFO neutron.plugins.ml2.drivers.ovn.mech_driver.ovsdb.commands [None req-648a2bf4-af38-4793-832d-72973ea8ddd7 - - - - - -] Schedule LRP lrp-361d946d-a6c4-43e0-bf39-1d02a89b9eba on gateway 658281dd-e182-448d-b570-65089900e70d with priority 1
2026-06-15 20:12:16.201 10 INFO neutron.db.ovn_revision_numbers_db [None req-cbdc79b3-fbdb-4a03-9624-57ef20274aae 4c33aad6f709479699459cdbccd85d60 71536d8bab91425fb83b00fbfa4d0a6f - - default default] Successfully bumped revision number for resource 361d946d-a6c4-43e0-bf39-1d02a89b9eba (type: router_ports) to 1
2026-06-15 20:12:16.267 9 INFO neutron.wsgi [None req-b5e920da-08a5-416e-8cb0-f4cb268d3e88 dcbcf7f63d4f48be83c8b003ee8b5d54 da5e608fbc954047a8aa7feacc854a70 - - default default] 10.0.0.159 "POST /v2.0/floatingips HTTP/1.1" status: 201 len: 751 time: 0.6201754
2026-06-15 20:12:16.315 9 WARNING neutron_lib.context [req-678eb663-df68-4c92-a3c8-7b5a69254696 req-ddbde1ff-8cff-4f14-8a1d-9cf8dc27d4ef 621881a244884feca5f902fe2d882024 2805c11b908d4bb6aec63d55c267e727 - - default default] Method 'is_advsvc' is deprecated since 2023.2 release (neutron-lib 3.8.0) and will be removed once support for the old RBAC API policies will be removed from Neutron. Please use method 'is_service_role' instead.
2026-06-15 20:12:16.339 10 INFO neutron.db.ovn_revision_numbers_db [None req-cbdc79b3-fbdb-4a03-9624-57ef20274aae 4c33aad6f709479699459cdbccd85d60 71536d8bab91425fb83b00fbfa4d0a6f - - default default] Successfully bumped revision number for resource c6f72082-7473-4a59-a61c-e18aa12deaa4 (type: routers) to 2
2026-06-15 20:12:16.366 10 INFO neutron.wsgi [None req-cbdc79b3-fbdb-4a03-9624-57ef20274aae 4c33aad6f709479699459cdbccd85d60 71536d8bab91425fb83b00fbfa4d0a6f - - default default] 10.0.0.159 "POST /v2.0/routers HTTP/1.1" status: 201 len: 1176 time: 3.4819436
2026-06-15 20:12:16.581 9 INFO neutron.db.ovn_revision_numbers_db [req-678eb663-df68-4c92-a3c8-7b5a69254696 req-ddbde1ff-8cff-4f14-8a1d-9cf8dc27d4ef 621881a244884feca5f902fe2d882024 2805c11b908d4bb6aec63d55c267e727 - - default default] Successfully bumped revision number for resource 42ad218e-3059-4b0e-956f-2d93e69607f1 (type: security_groups) to 1
2026-06-15 20:12:16.609 9 INFO neutron.db.ovn_revision_numbers_db [req-678eb663-df68-4c92-a3c8-7b5a69254696 req-ddbde1ff-8cff-4f14-8a1d-9cf8dc27d4ef 621881a244884feca5f902fe2d882024 2805c11b908d4bb6aec63d55c267e727 - - default default] Successfully bumped revision number for resource 5cbb168d-e8b3-49a8-af43-a89bfedfa28c (type: security_group_rules) to 0
2026-06-15 20:12:16.628 9 INFO neutron.db.ovn_revision_numbers_db [req-678eb663-df68-4c92-a3c8-7b5a69254696 req-ddbde1ff-8cff-4f14-8a1d-9cf8dc27d4ef 621881a244884feca5f902fe2d882024 2805c11b908d4bb6aec63d55c267e727 - - default default] Successfully bumped revision number for resource ce851a94-59ed-4947-b682-117f016791a6 (type: security_group_rules) to 0
2026-06-15 20:12:16.652 9 INFO neutron.wsgi [req-678eb663-df68-4c92-a3c8-7b5a69254696 req-ddbde1ff-8cff-4f14-8a1d-9cf8dc27d4ef 621881a244884feca5f902fe2d882024 2805c11b908d4bb6aec63d55c267e727 - - default default] 10.0.0.178 "POST /v2.0/security-groups HTTP/1.1" status: 201 len: 1886 time: 0.3943212
2026-06-15 20:12:16.688 9 WARNING neutron_lib.context [req-111aa34c-6276-4b0e-b161-f1039a03380c req-24d14f53-b9ce-4b65-8320-d2aa6ba01afc 621881a244884feca5f902fe2d882024 2805c11b908d4bb6aec63d55c267e727 - - default default] Method 'is_advsvc' is deprecated since 2023.2 release (neutron-lib 3.8.0) and will be removed once support for the old RBAC API policies will be removed from Neutron. Please use method 'is_service_role' instead.
2026-06-15 20:12:16.812 10 INFO neutron.db.ovn_revision_numbers_db [None req-42617d65-cb86-4ea6-a890-fd9c537ab770 - - - - - -] Successfully bumped revision number for resource 6ec8e147-7ec1-4535-a294-da3ee8513b35 (type: ports) to 1
2026-06-15 20:12:16.861 9 INFO neutron.db.ovn_revision_numbers_db [req-111aa34c-6276-4b0e-b161-f1039a03380c req-24d14f53-b9ce-4b65-8320-d2aa6ba01afc 621881a244884feca5f902fe2d882024 2805c11b908d4bb6aec63d55c267e727 - - default default] Successfully bumped revision number for resource b4a7c371-fa15-47c3-b841-9a154e80b591 (type: security_groups) to 1
2026-06-15 20:12:16.897 9 INFO neutron.db.ovn_revision_numbers_db [req-111aa34c-6276-4b0e-b161-f1039a03380c req-24d14f53-b9ce-4b65-8320-d2aa6ba01afc 621881a244884feca5f902fe2d882024 2805c11b908d4bb6aec63d55c267e727 - - default default] Successfully bumped revision number for resource 8af161b8-3ca7-43e4-aa2e-66ba42c002a5 (type: security_group_rules) to 0
2026-06-15 20:12:16.918 9 INFO neutron.db.ovn_revision_numbers_db [req-111aa34c-6276-4b0e-b161-f1039a03380c req-24d14f53-b9ce-4b65-8320-d2aa6ba01afc 621881a244884feca5f902fe2d882024 2805c11b908d4bb6aec63d55c267e727 - - default default] Successfully bumped revision number for resource caecd087-cd0c-4802-9282-98b1b265c60d (type: security_group_rules) to 0
2026-06-15 20:12:16.939 10 INFO neutron.db.ovn_revision_numbers_db [None req-aac8592e-43d1-4122-902a-95b29e8d4d8f 4c33aad6f709479699459cdbccd85d60 71536d8bab91425fb83b00fbfa4d0a6f - - default default] Successfully bumped revision number for resource 4a867dd3-1cc8-4d4f-b85c-efdb43728e27 (type: router_ports) to 1
2026-06-15 20:12:16.953 9 INFO neutron.wsgi [req-111aa34c-6276-4b0e-b161-f1039a03380c req-24d14f53-b9ce-4b65-8320-d2aa6ba01afc 621881a244884feca5f902fe2d882024 2805c11b908d4bb6aec63d55c267e727 - - default default] 10.0.0.178 "POST /v2.0/security-groups HTTP/1.1" status: 201 len: 1886 time: 0.2716839
2026-06-15 20:12:16.957 10 INFO neutron.wsgi [None req-aac8592e-43d1-4122-902a-95b29e8d4d8f 4c33aad6f709479699459cdbccd85d60 71536d8bab91425fb83b00fbfa4d0a6f - - default default] 10.0.0.159 "PUT /v2.0/routers/df99b3f5-d460-45d9-9fe4-b9081953aca2/add_router_interface HTTP/1.1" status: 200 len: 503 time: 5.2169189
2026-06-15 20:12:16.984 9 WARNING neutron_lib.context [req-52ecbaea-a08f-4b8e-890e-2e9477a53a02 req-693c1602-6e7c-413d-b6ab-5022edadc2c2 621881a244884feca5f902fe2d882024 2805c11b908d4bb6aec63d55c267e727 - - default default] Method 'is_advsvc' is deprecated since 2023.2 release (neutron-lib 3.8.0) and will be removed once support for the old RBAC API policies will be removed from Neutron. Please use method 'is_service_role' instead.
2026-06-15 20:12:17.103 9 WARNING neutron.scheduler.dhcp_agent_scheduler [None req-4425abf0-5ed6-433c-ab1f-932ee44991fe 4c33aad6f709479699459cdbccd85d60 71536d8bab91425fb83b00fbfa4d0a6f - - default default] No more DHCP agents
2026-06-15 20:12:17.106 9 WARNING neutron.api.rpc.agentnotifiers.dhcp_rpc_agent_api [None req-4425abf0-5ed6-433c-ab1f-932ee44991fe 4c33aad6f709479699459cdbccd85d60 71536d8bab91425fb83b00fbfa4d0a6f - - default default] Unable to schedule network 6eae38dd-ca04-46c4-9115-3c2b19c687fc: no agents available; will retry on subsequent port and subnet creation events.
2026-06-15 20:12:17.168 9 INFO neutron.db.ovn_revision_numbers_db [req-52ecbaea-a08f-4b8e-890e-2e9477a53a02 req-693c1602-6e7c-413d-b6ab-5022edadc2c2 621881a244884feca5f902fe2d882024 2805c11b908d4bb6aec63d55c267e727 - - default default] Successfully bumped revision number for resource a3c53a98-7331-4978-81e2-90ca13cd8dd6 (type: security_groups) to 1
2026-06-15 20:12:17.181 9 INFO neutron.db.ovn_revision_numbers_db [req-52ecbaea-a08f-4b8e-890e-2e9477a53a02 req-693c1602-6e7c-413d-b6ab-5022edadc2c2 621881a244884feca5f902fe2d882024 2805c11b908d4bb6aec63d55c267e727 - - default default] Successfully bumped revision number for resource 683511fa-f87f-483d-a0ff-b0118451828e (type: security_group_rules) to 0
2026-06-15 20:12:17.206 9 INFO neutron.db.ovn_revision_numbers_db [req-52ecbaea-a08f-4b8e-890e-2e9477a53a02 req-693c1602-6e7c-413d-b6ab-5022edadc2c2 621881a244884feca5f902fe2d882024 2805c11b908d4bb6aec63d55c267e727 - - default default] Successfully bumped revision number for resource 84151a12-37f2-47ee-bf5e-ee44f4265d57 (type: security_group_rules) to 0
2026-06-15 20:12:17.234 10 INFO neutron.wsgi [req-6bfe6ae1-67d5-4a69-bb37-b26054320a28 req-d6daf3c2-c3b3-4e0a-b3a0-525f6f61ac6a dcbcf7f63d4f48be83c8b003ee8b5d54 da5e608fbc954047a8aa7feacc854a70 - - default default] 10.0.0.178 "GET /v2.0/security-groups?name=tempest-securitygroup--1876229155&fields=id&tenant_id=da5e608fbc954047a8aa7feacc854a70 HTTP/1.1" status: 200 len: 267 time: 0.0858610
2026-06-15 20:12:17.242 9 INFO neutron.wsgi [req-52ecbaea-a08f-4b8e-890e-2e9477a53a02 req-693c1602-6e7c-413d-b6ab-5022edadc2c2 621881a244884feca5f902fe2d882024 2805c11b908d4bb6aec63d55c267e727 - - default default] 10.0.0.178 "POST /v2.0/security-groups HTTP/1.1" status: 201 len: 1887 time: 0.2635918
2026-06-15 20:12:17.266 9 INFO neutron.plugins.ml2.drivers.ovn.mech_driver.mech_driver [None req-d79020d5-2dee-47d4-9fe3-0a416f64d778 - - - - - -] OVN reports status up for port: 4a867dd3-1cc8-4d4f-b85c-efdb43728e27
2026-06-15 20:12:17.281 9 INFO neutron.plugins.ml2.plugin [None req-d79020d5-2dee-47d4-9fe3-0a416f64d778 - - - - - -] Attempt 1 to provision port 4a867dd3-1cc8-4d4f-b85c-efdb43728e27
2026-06-15 20:12:17.293 9 INFO neutron.db.ovn_revision_numbers_db [None req-4425abf0-5ed6-433c-ab1f-932ee44991fe 4c33aad6f709479699459cdbccd85d60 71536d8bab91425fb83b00fbfa4d0a6f - - default default] Successfully bumped revision number for resource 556e9ee0-13fa-47e4-a29a-3bc6c9fd2019 (type: ports) to 1
2026-06-15 20:12:17.337 9 INFO neutron.wsgi [req-8804cb30-8a6d-48c0-b041-c80461e68713 req-5611dde0-632a-4f36-822c-a9d17bc141b6 621881a244884feca5f902fe2d882024 2805c11b908d4bb6aec63d55c267e727 - - default default] 10.0.0.178 "GET /v2.0/security-groups?tenant_id=2805c11b908d4bb6aec63d55c267e727 HTTP/1.1" status: 200 len: 8105 time: 0.0702553
2026-06-15 20:12:17.378 10 INFO neutron.wsgi [req-6bfe6ae1-67d5-4a69-bb37-b26054320a28 req-7a77892f-1c8c-4c9c-97a6-7a96869c4312 dcbcf7f63d4f48be83c8b003ee8b5d54 da5e608fbc954047a8aa7feacc854a70 - - default default] 10.0.0.178 "GET /v2.0/networks?id=228adcb0-19ff-4f66-9828-e9fdf439e025 HTTP/1.1" status: 200 len: 875 time: 0.1286366
2026-06-15 20:12:17.392 10 INFO neutron.db.ovn_revision_numbers_db [None req-42617d65-cb86-4ea6-a890-fd9c537ab770 - - - - - -] Successfully bumped revision number for resource 6ec8e147-7ec1-4535-a294-da3ee8513b35 (type: router_ports) to 3
2026-06-15 20:12:17.394 9 INFO neutron.wsgi [req-8804cb30-8a6d-48c0-b041-c80461e68713 req-fd78fa9f-32dd-46e6-bc9f-e9ffc4272589 621881a244884feca5f902fe2d882024 2805c11b908d4bb6aec63d55c267e727 - - default default] 10.0.0.178 "GET /v2.0/security-groups/d853a999-3f0a-4bb1-ac38-0d42b5cb70fb HTTP/1.1" status: 200 len: 3118 time: 0.0467546
2026-06-15 20:12:17.402 10 INFO neutron.wsgi [req-6bfe6ae1-67d5-4a69-bb37-b26054320a28 req-2cf71555-dd22-409c-88e6-851d2b8046e9 dcbcf7f63d4f48be83c8b003ee8b5d54 da5e608fbc954047a8aa7feacc854a70 - - default default] 10.0.0.178 "GET /v2.0/quotas/da5e608fbc954047a8aa7feacc854a70 HTTP/1.1" status: 200 len: 491 time: 0.0163493
2026-06-15 20:12:17.452 9 INFO neutron.wsgi [req-8804cb30-8a6d-48c0-b041-c80461e68713 req-29529053-f6e7-44cb-a2ac-d0d9e1163049 621881a244884feca5f902fe2d882024 2805c11b908d4bb6aec63d55c267e727 - - default default] 10.0.0.178 "GET /v2.0/security-groups/d853a999-3f0a-4bb1-ac38-0d42b5cb70fb HTTP/1.1" status: 200 len: 3118 time: 0.0477800
2026-06-15 20:12:17.520 9 WARNING neutron_lib.context [req-24d2ceb2-c772-4f6a-98f1-fcc85c88fb83 req-dd62b9cf-923f-47ea-9bdf-2fb86a230a07 513206194e074cc3b87f262c9181a7b0 c3bd9163883c421fa2097e87524774ac - - default default] Method 'is_advsvc' is deprecated since 2023.2 release (neutron-lib 3.8.0) and will be removed once support for the old RBAC API policies will be removed from Neutron. Please use method 'is_service_role' instead.
2026-06-15 20:12:17.648 10 INFO neutron.wsgi [req-6bfe6ae1-67d5-4a69-bb37-b26054320a28 req-2f3277c9-4dea-4d0e-a9fb-89143cc4e401 dcbcf7f63d4f48be83c8b003ee8b5d54 da5e608fbc954047a8aa7feacc854a70 - - default default] 10.0.0.178 "GET /v2.0/ports?tenant_id=da5e608fbc954047a8aa7feacc854a70&fields=id HTTP/1.1" status: 200 len: 302 time: 0.2370903
2026-06-15 20:12:17.730 9 INFO neutron.db.ovn_revision_numbers_db [req-24d2ceb2-c772-4f6a-98f1-fcc85c88fb83 req-dd62b9cf-923f-47ea-9bdf-2fb86a230a07 513206194e074cc3b87f262c9181a7b0 c3bd9163883c421fa2097e87524774ac - - default default] Successfully bumped revision number for resource 3fed5b04-3529-402c-8a06-a1851535f811 (type: security_groups) to 1
2026-06-15 20:12:17.766 9 INFO neutron.db.ovn_revision_numbers_db [req-24d2ceb2-c772-4f6a-98f1-fcc85c88fb83 req-dd62b9cf-923f-47ea-9bdf-2fb86a230a07 513206194e074cc3b87f262c9181a7b0 c3bd9163883c421fa2097e87524774ac - - default default] Successfully bumped revision number for resource 8e3fa247-d670-4297-ad71-32fd7da5f368 (type: security_group_rules) to 0
2026-06-15 20:12:17.777 10 INFO neutron.db.ovn_revision_numbers_db [None req-42617d65-cb86-4ea6-a890-fd9c537ab770 - - - - - -] Successfully bumped revision number for resource 6ec8e147-7ec1-4535-a294-da3ee8513b35 (type: ports) to 2
2026-06-15 20:12:17.786 9 INFO neutron.db.ovn_revision_numbers_db [req-24d2ceb2-c772-4f6a-98f1-fcc85c88fb83 req-dd62b9cf-923f-47ea-9bdf-2fb86a230a07 513206194e074cc3b87f262c9181a7b0 c3bd9163883c421fa2097e87524774ac - - default default] Successfully bumped revision number for resource e2f297e8-3241-40d1-aa5a-70a46a67658f (type: security_group_rules) to 0
2026-06-15 20:12:17.818 9 INFO neutron.wsgi [req-24d2ceb2-c772-4f6a-98f1-fcc85c88fb83 req-dd62b9cf-923f-47ea-9bdf-2fb86a230a07 513206194e074cc3b87f262c9181a7b0 c3bd9163883c421fa2097e87524774ac - - default default] 10.0.0.178 "POST /v2.0/security-groups HTTP/1.1" status: 201 len: 1890 time: 0.3049932
2026-06-15 20:12:18.004 9 INFO neutron.wsgi [req-c17cd6ba-fe08-40ac-989b-34658917e48b req-6f270a73-fb8e-42bb-9853-58b0b709ccba 621881a244884feca5f902fe2d882024 2805c11b908d4bb6aec63d55c267e727 - - default default] 10.0.0.178 "GET /v2.0/security-groups/42ad218e-3059-4b0e-956f-2d93e69607f1 HTTP/1.1" status: 200 len: 1881 time: 0.1707766
2026-06-15 20:12:18.055 10 INFO neutron.wsgi [req-6bfe6ae1-67d5-4a69-bb37-b26054320a28 req-dc01fa26-996a-44a7-b8d7-0e099b398a70 620472424deb43ac99a517b47168a11d 98bb65297bee42549f6e435d680ffa23 - - d81f5564c8b9433da08f7e473fbb122c d81f5564c8b9433da08f7e473fbb122c] 10.0.0.178 "GET /v2.0/extensions HTTP/1.1" status: 200 len: 18683 time: 0.0581317
2026-06-15 20:12:18.073 9 INFO neutron.db.ovn_revision_numbers_db [None req-d79020d5-2dee-47d4-9fe3-0a416f64d778 - - - - - -] Successfully bumped revision number for resource 4a867dd3-1cc8-4d4f-b85c-efdb43728e27 (type: ports) to 2
2026-06-15 20:12:18.146 10 INFO neutron.wsgi [req-6bfe6ae1-67d5-4a69-bb37-b26054320a28 req-23407dab-28f8-4cff-a8c8-6ed4223c2a0b 620472424deb43ac99a517b47168a11d 98bb65297bee42549f6e435d680ffa23 - - d81f5564c8b9433da08f7e473fbb122c d81f5564c8b9433da08f7e473fbb122c] 10.0.0.178 "GET /v2.0/networks/228adcb0-19ff-4f66-9828-e9fdf439e025?fields=segments HTTP/1.1" status: 200 len: 212 time: 0.0808799
2026-06-15 20:12:18.171 10 INFO neutron.db.ovn_revision_numbers_db [None req-42617d65-cb86-4ea6-a890-fd9c537ab770 - - - - - -] Successfully bumped revision number for resource 6ec8e147-7ec1-4535-a294-da3ee8513b35 (type: ports) to 4
2026-06-15 20:12:18.230 9 ERROR ovsdbapp.backend.ovs_idl.command [None req-4425abf0-5ed6-433c-ab1f-932ee44991fe 4c33aad6f709479699459cdbccd85d60 71536d8bab91425fb83b00fbfa4d0a6f - - default default] Error executing command (DbGetCommand): ovsdbapp.backend.ovs_idl.idlutils.RowNotFound: Cannot find Logical_Router_Port with name=lrp-556e9ee0-13fa-47e4-a29a-3bc6c9fd2019
2026-06-15 20:12:18.230 9 ERROR ovsdbapp.backend.ovs_idl.command
Traceback (most recent call last):
2026-06-15 20:12:18.230 9 ERROR ovsdbapp.backend.ovs_idl.command
File "/var/lib/openstack/lib/python3.10/site-packages/ovsdbapp/backend/ovs_idl/command.py", line 47, in execute
2026-06-15 20:12:18.230 9 ERROR ovsdbapp.backend.ovs_idl.command self.run_idl(None)
2026-06-15 20:12:18.230 9 ERROR ovsdbapp.backend.ovs_idl.command
File "/var/lib/openstack/lib/python3.10/site-packages/ovsdbapp/backend/ovs_idl/command.py", line 235, in run_idl
2026-06-15 20:12:18.230 9 ERROR ovsdbapp.backend.ovs_idl.command record = self.api.lookup(self.table, self.record)
2026-06-15 20:12:18.230 9 ERROR ovsdbapp.backend.ovs_idl.command
File "/var/lib/openstack/lib/python3.10/site-packages/ovsdbapp/backend/ovs_idl/__init__.py", line 184, in lookup
2026-06-15 20:12:18.230 9 ERROR ovsdbapp.backend.ovs_idl.command return self._lookup(table, record)
2026-06-15 20:12:18.230 9 ERROR ovsdbapp.backend.ovs_idl.command
File "/var/lib/openstack/lib/python3.10/site-packages/ovsdbapp/backend/ovs_idl/__init__.py", line 235, in _lookup
2026-06-15 20:12:18.230 9 ERROR ovsdbapp.backend.ovs_idl.command row = idlutils.row_by_value(self, rl.table, rl.column, record)
2026-06-15 20:12:18.230 9 ERROR ovsdbapp.backend.ovs_idl.command
File "/var/lib/openstack/lib/python3.10/site-packages/ovsdbapp/backend/ovs_idl/idlutils.py", line 114, in row_by_value
2026-06-15 20:12:18.230 9 ERROR ovsdbapp.backend.ovs_idl.command raise RowNotFound(table=table, col=column, match=match)
2026-06-15 20:12:18.230 9 ERROR ovsdbapp.backend.ovs_idl.command ovsdbapp.backend.ovs_idl.idlutils.RowNotFound: Cannot find Logical_Router_Port with name=lrp-556e9ee0-13fa-47e4-a29a-3bc6c9fd2019
2026-06-15 20:12:18.230 9 ERROR ovsdbapp.backend.ovs_idl.command 
2026-06-15 20:12:18.231 9 ERROR neutron_lib.callbacks.manager [None req-4425abf0-5ed6-433c-ab1f-932ee44991fe 4c33aad6f709479699459cdbccd85d60 71536d8bab91425fb83b00fbfa4d0a6f - - default default] Error during notification for neutron.services.ovn_l3.plugin.OVNL3RouterPlugin._port_update-8760641379046 port, after_update: ovsdbapp.backend.ovs_idl.idlutils.RowNotFound: Cannot find Logical_Router_Port with name=lrp-556e9ee0-13fa-47e4-a29a-3bc6c9fd2019
2026-06-15 20:12:18.231 9 ERROR neutron_lib.callbacks.manager
Traceback (most recent call last):
2026-06-15 20:12:18.231 9 ERROR neutron_lib.callbacks.manager
File "/var/lib/openstack/lib/python3.10/site-packages/neutron_lib/callbacks/manager.py", line 189, in _notify_loop
2026-06-15 20:12:18.231 9 ERROR neutron_lib.callbacks.manager callback.method(resource, event, trigger, payload=payload)
2026-06-15 20:12:18.231 9 ERROR neutron_lib.callbacks.manager
File "/var/lib/openstack/lib/python3.10/site-packages/neutron/services/ovn_l3/plugin.py", line 391, in _port_update
2026-06-15 20:12:18.231 9 ERROR neutron_lib.callbacks.manager l3plugin._ovn_client.update_router_port(context,
2026-06-15 20:12:18.231 9 ERROR neutron_lib.callbacks.manager
File "/var/lib/openstack/lib/python3.10/site-packages/neutron/plugins/ml2/drivers/ovn/mech_driver/ovsdb/ovn_client.py", line 1878, in update_router_port
2026-06-15 20:12:18.231 9 ERROR neutron_lib.callbacks.manager self._update_lrouter_port(context, port, if_exists=if_exists,
2026-06-15 20:12:18.231 9 ERROR neutron_lib.callbacks.manager
File "/var/lib/openstack/lib/python3.10/site-packages/neutron/plugins/ml2/drivers/ovn/mech_driver/ovsdb/ovn_client.py", line 1855, in _update_lrouter_port
2026-06-15 20:12:18.231 9 ERROR neutron_lib.callbacks.manager external_ids = self._nb_idl.db_get(
2026-06-15 20:12:18.231 9 ERROR neutron_lib.callbacks.manager
File "/var/lib/openstack/lib/python3.10/site-packages/ovsdbapp/backend/ovs_idl/command.py", line 47, in execute
2026-06-15 20:12:18.231 9 ERROR neutron_lib.callbacks.manager self.run_idl(None)
2026-06-15 20:12:18.231 9 ERROR neutron_lib.callbacks.manager
File "/var/lib/openstack/lib/python3.10/site-packages/ovsdbapp/backend/ovs_idl/command.py", line 235, in run_idl
2026-06-15 20:12:18.231 9 ERROR neutron_lib.callbacks.manager record = self.api.lookup(self.table, self.record)
2026-06-15 20:12:18.231 9 ERROR neutron_lib.callbacks.manager
File "/var/lib/openstack/lib/python3.10/site-packages/ovsdbapp/backend/ovs_idl/__init__.py", line 184, in lookup
2026-06-15 20:12:18.231 9 ERROR neutron_lib.callbacks.manager return self._lookup(table, record)
2026-06-15 20:12:18.231 9 ERROR neutron_lib.callbacks.manager
File "/var/lib/openstack/lib/python3.10/site-packages/ovsdbapp/backend/ovs_idl/__init__.py", line 235, in _lookup
2026-06-15 20:12:18.231 9 ERROR neutron_lib.callbacks.manager row = idlutils.row_by_value(self, rl.table, rl.column, record)
2026-06-15 20:12:18.231 9 ERROR neutron_lib.callbacks.manager
File "/var/lib/openstack/lib/python3.10/site-packages/ovsdbapp/backend/ovs_idl/idlutils.py", line 114, in row_by_value
2026-06-15 20:12:18.231 9 ERROR neutron_lib.callbacks.manager raise RowNotFound(table=table, col=column, match=match)
2026-06-15 20:12:18.231 9 ERROR neutron_lib.callbacks.manager ovsdbapp.backend.ovs_idl.idlutils.RowNotFound: Cannot find Logical_Router_Port with name=lrp-556e9ee0-13fa-47e4-a29a-3bc6c9fd2019
2026-06-15 20:12:18.231 9 ERROR neutron_lib.callbacks.manager 
2026-06-15 20:12:18.234 10 INFO neutron.wsgi [req-6bfe6ae1-67d5-4a69-bb37-b26054320a28 req-139eb378-ee90-404a-ac04-d708109524bd 620472424deb43ac99a517b47168a11d 98bb65297bee42549f6e435d680ffa23 - - d81f5564c8b9433da08f7e473fbb122c d81f5564c8b9433da08f7e473fbb122c] 10.0.0.178 "GET /v2.0/networks/228adcb0-19ff-4f66-9828-e9fdf439e025?fields=provider%3Aphysical_network&fields=provider%3Anetwork_type HTTP/1.1" status: 200 len: 277 time: 0.0811362
2026-06-15 20:12:18.273 9 INFO neutron.wsgi [req-c17cd6ba-fe08-40ac-989b-34658917e48b req-9d040f02-0703-4c66-ae1f-517130d6eedc 621881a244884feca5f902fe2d882024 2805c11b908d4bb6aec63d55c267e727 - - default default] 10.0.0.178 "DELETE /v2.0/security-groups/42ad218e-3059-4b0e-956f-2d93e69607f1 HTTP/1.1" status: 204 len: 173 time: 0.2562966
2026-06-15 20:12:18.337 9 INFO neutron.wsgi [req-2d1de091-290f-4160-bbd6-11cf12edd9a2 req-851cc252-88e3-4f90-823f-43f27cdb5645 513206194e074cc3b87f262c9181a7b0 c3bd9163883c421fa2097e87524774ac - - default default] 10.0.0.178 "GET /v2.0/security-groups/3fed5b04-3529-402c-8a06-a1851535f811 HTTP/1.1" status: 200 len: 1885 time: 0.0477836
2026-06-15 20:12:18.354 9 WARNING neutron_lib.context [req-2d1de091-290f-4160-bbd6-11cf12edd9a2 req-3fe14d51-cbb8-4579-a7c1-0fee8b0ea85e 513206194e074cc3b87f262c9181a7b0 c3bd9163883c421fa2097e87524774ac - - default default] Method 'is_advsvc' is deprecated since 2023.2 release (neutron-lib 3.8.0) and will be removed once support for the old RBAC API policies will be removed from Neutron. Please use method 'is_service_role' instead.
2026-06-15 20:12:18.364 9 INFO neutron.db.ovn_revision_numbers_db [None req-d79020d5-2dee-47d4-9fe3-0a416f64d778 - - - - - -] Successfully bumped revision number for resource 4a867dd3-1cc8-4d4f-b85c-efdb43728e27 (type: router_ports) to 2
2026-06-15 20:12:18.463 10 INFO neutron.api.v2.resource [req-e1f121c0-d463-4839-8ca9-17064f729402 req-1236484c-6a6d-4420-9ed8-a1c94f75d93b 621881a244884feca5f902fe2d882024 2805c11b908d4bb6aec63d55c267e727 - - default default] show failed (client error): The resource could not be found.
2026-06-15 20:12:18.464 10 INFO neutron.wsgi [req-e1f121c0-d463-4839-8ca9-17064f729402 req-1236484c-6a6d-4420-9ed8-a1c94f75d93b 621881a244884feca5f902fe2d882024 2805c11b908d4bb6aec63d55c267e727 - - default default] 10.0.0.178 "GET /v2.0/security-groups/42ad218e-3059-4b0e-956f-2d93e69607f1 HTTP/1.1" status: 404 len: 352 time: 0.0249445
2026-06-15 20:12:18.492 10 INFO neutron.db.ovn_revision_numbers_db [None req-42617d65-cb86-4ea6-a890-fd9c537ab770 - - - - - -] Successfully bumped revision number for resource 6ec8e147-7ec1-4535-a294-da3ee8513b35 (type: router_ports) to 4
2026-06-15 20:12:18.532 9 INFO neutron.db.ovn_revision_numbers_db [None req-4425abf0-5ed6-433c-ab1f-932ee44991fe 4c33aad6f709479699459cdbccd85d60 71536d8bab91425fb83b00fbfa4d0a6f - - default default] Successfully bumped revision number for resource 556e9ee0-13fa-47e4-a29a-3bc6c9fd2019 (type: ports) to 1
2026-06-15 20:12:18.535 10 INFO neutron.wsgi [req-f0423b62-a378-4fe6-882a-a91d780ce3d9 req-d1d5deef-ec6b-4141-9978-d98164851eed dcbcf7f63d4f48be83c8b003ee8b5d54 da5e608fbc954047a8aa7feacc854a70 - - default default] 10.0.0.178 "GET /v2.0/ports?device_id=86122576-f34e-40e5-944b-6e820e0a4d5f HTTP/1.1" status: 200 len: 210 time: 0.0325575
2026-06-15 20:12:18.540 10 INFO neutron.plugins.ml2.drivers.ovn.mech_driver.ovsdb.ovsdb_monitor [None req-42617d65-cb86-4ea6-a890-fd9c537ab770 - - - - - -] Router c6f72082-7473-4a59-a61c-e18aa12deaa4 is bound to host instance
2026-06-15 20:12:18.552 9 INFO neutron.db.ovn_revision_numbers_db [req-2d1de091-290f-4160-bbd6-11cf12edd9a2 req-3fe14d51-cbb8-4579-a7c1-0fee8b0ea85e 513206194e074cc3b87f262c9181a7b0 c3bd9163883c421fa2097e87524774ac - - default default] Successfully bumped revision number for resource 9c4dd94d-e771-4688-91d2-db81bcd230b4 (type: security_group_rules) to 0
2026-06-15 20:12:18.593 10 INFO neutron.wsgi [req-0e71d8a8-182b-4a6b-b35f-35660806c510 req-813c9bc1-3966-450f-a62b-080bbe11841b 621881a244884feca5f902fe2d882024 2805c11b908d4bb6aec63d55c267e727 - - default default] 10.0.0.178 "GET /v2.0/security-groups/b4a7c371-fa15-47c3-b841-9a154e80b591 HTTP/1.1" status: 200 len: 1881 time: 0.0322552
2026-06-15 20:12:18.600 9 INFO neutron.wsgi [req-2d1de091-290f-4160-bbd6-11cf12edd9a2 req-3fe14d51-cbb8-4579-a7c1-0fee8b0ea85e 513206194e074cc3b87f262c9181a7b0 c3bd9163883c421fa2097e87524774ac - - default default] 10.0.0.178 "POST /v2.0/security-group-rules HTTP/1.1" status: 201 len: 818 time: 0.2514091
2026-06-15 20:12:18.610 9 WARNING neutron.scheduler.dhcp_agent_scheduler [None req-4425abf0-5ed6-433c-ab1f-932ee44991fe 4c33aad6f709479699459cdbccd85d60 71536d8bab91425fb83b00fbfa4d0a6f - - default default] No more DHCP agents
2026-06-15 20:12:18.611 9 WARNING neutron.api.rpc.agentnotifiers.dhcp_rpc_agent_api [None req-4425abf0-5ed6-433c-ab1f-932ee44991fe 4c33aad6f709479699459cdbccd85d60 71536d8bab91425fb83b00fbfa4d0a6f - - default default] Unable to schedule network 6eae38dd-ca04-46c4-9115-3c2b19c687fc: no agents available; will retry on subsequent port and subnet creation events.
2026-06-15 20:12:18.657 9 WARNING neutron_lib.context [req-db80d5bf-a77a-433c-b78b-86f10ff0f96f req-b3a924d1-b982-4916-be0a-e0967267e0e2 513206194e074cc3b87f262c9181a7b0 c3bd9163883c421fa2097e87524774ac - - default default] Method 'is_advsvc' is deprecated since 2023.2 release (neutron-lib 3.8.0) and will be removed once support for the old RBAC API policies will be removed from Neutron. Please use method 'is_service_role' instead.
2026-06-15 20:12:18.747 10 INFO neutron.wsgi [req-0e71d8a8-182b-4a6b-b35f-35660806c510 req-281813f6-a8a7-439e-96d2-b721775dfde0 621881a244884feca5f902fe2d882024 2805c11b908d4bb6aec63d55c267e727 - - default default] 10.0.0.178 "DELETE /v2.0/security-groups/b4a7c371-fa15-47c3-b841-9a154e80b591 HTTP/1.1" status: 204 len: 173 time: 0.1393123
2026-06-15 20:12:18.791 10 INFO neutron.api.v2.resource [req-120e7a8a-e9f0-4153-b5c9-592ee329697f req-02c3453b-1f18-4830-8e22-3b9c2b3da812 621881a244884feca5f902fe2d882024 2805c11b908d4bb6aec63d55c267e727 - - default default] show failed (client error): The resource could not be found.
2026-06-15 20:12:18.793 10 INFO neutron.wsgi [req-120e7a8a-e9f0-4153-b5c9-592ee329697f req-02c3453b-1f18-4830-8e22-3b9c2b3da812 621881a244884feca5f902fe2d882024 2805c11b908d4bb6aec63d55c267e727 - - default default] 10.0.0.178 "GET /v2.0/security-groups/b4a7c371-fa15-47c3-b841-9a154e80b591 HTTP/1.1" status: 404 len: 352 time: 0.0269399
2026-06-15 20:12:18.834 9 INFO neutron.db.ovn_revision_numbers_db [req-db80d5bf-a77a-433c-b78b-86f10ff0f96f req-b3a924d1-b982-4916-be0a-e0967267e0e2 513206194e074cc3b87f262c9181a7b0 c3bd9163883c421fa2097e87524774ac - - default default] Successfully bumped revision number for resource fc0d2619-deca-482e-a18a-fb5b634a5f9f (type: security_groups) to 1
2026-06-15 20:12:18.856 9 INFO neutron.db.ovn_revision_numbers_db [req-db80d5bf-a77a-433c-b78b-86f10ff0f96f req-b3a924d1-b982-4916-be0a-e0967267e0e2 513206194e074cc3b87f262c9181a7b0 c3bd9163883c421fa2097e87524774ac - - default default] Successfully bumped revision number for resource 30e59e22-8555-40eb-85cb-329f55a1a123 (type: security_group_rules) to 0
2026-06-15 20:12:18.880 10 INFO neutron.wsgi [req-98b3c646-0f01-472b-ba93-c0f04bda7806 req-dabae41d-d46f-4d05-9ed0-842f70bec413 621881a244884feca5f902fe2d882024 2805c11b908d4bb6aec63d55c267e727 - - default default] 10.0.0.178 "GET /v2.0/security-groups/a3c53a98-7331-4978-81e2-90ca13cd8dd6 HTTP/1.1" status: 200 len: 1882 time: 0.0599544
