Jun 18 07:19:31.780675 np0000181906 devstack@neutron-api.service[102981]: DEBUG neutron.api.wsgi [None req-a5606860-9a63-447c-b43b-d417fec69a32 admin admin] https://199.204.45.242/networking/v2.0/extensions returned with HTTP 200 {{(pid=102981) __call__ /opt/stack/neutron/neutron/api/wsgi.py:540}}
Jun 18 07:19:31.780675 np0000181906 devstack@neutron-api.service[102981]: [pid: 102981|app: 0|req: 2/2] 199.204.45.242 () {64 vars in 1323 bytes} [Thu Jun 18 07:19:31 2026] GET /networking/v2.0/extensions => generated 15873 bytes in 540 msecs (HTTP/1.1 200) 4 headers in 159 bytes (1 switches on core 0)
Jun 18 07:19:32.185394 np0000181906 devstack@neutron-api.service[102980]: DEBUG neutron.api.v2.base [None req-a798a408-7046-44f6-b8ff-4fd92007310b admin admin] Request body: {'subnetpool': {'name': 'shared-default-subnetpool-v4', 'prefixes': ['10.1.0.0/20'], 'default_prefixlen': 26, 'shared': True, 'is_default': True}} {{(pid=102980) prepare_request_body /opt/stack/neutron/neutron/api/v2/base.py:727}}
Jun 18 07:19:32.401838 np0000181906 devstack@neutron-api.service[102980]: DEBUG neutron.policy [None req-a798a408-7046-44f6-b8ff-4fd92007310b admin admin] Loaded default policies from ['neutron'] under neutron.policies entry points {{(pid=102980) register_rules /opt/stack/neutron/neutron/policy.py:65}}
Jun 18 07:19:32.558777 np0000181906 devstack@neutron-api.service[102980]: DEBUG neutron_lib.callbacks.manager [None req-a798a408-7046-44f6-b8ff-4fd92007310b admin admin] Publish callbacks ['neutron.objects.securitygroup.RbacNeutronDbObjectMixin.validate_rbac_policy_change-2687403506523', 'neutron.objects.address_group.RbacNeutronDbObjectMixin.validate_rbac_policy_change-2687403508254', 'neutron.objects.network.RbacNeutronDbObjectMixin.validate_rbac_policy_change-2687403381078', 'neutron.objects.qos.policy.RbacNeutronDbObjectMixin.validate_rbac_policy_change-2687400058055', 'neutron.objects.subnetpool.RbacNeutronDbObjectMixin.validate_rbac_policy_change-2687400079404', 'neutron.objects.address_scope.RbacNeutronDbObjectMixin.validate_rbac_policy_change-2687403519952', 'neutron.plugins.ml2.plugin.External_net_db_mixin._process_ext_policy_create-950546', 'neutron.plugins.ml2.plugin.NeutronDbPluginV2.validate_network_rbac_policy_change-86474'] for rbac-policy (None), before_create {{(pid=102980) _notify_loop /opt/stack/data/venv/lib/python3.12/site-packages/neutron_lib/callbacks/manager.py:184}}
Jun 18 07:19:32.613583 np0000181906 devstack@neutron-api.service[102980]: DEBUG neutron_lib.callbacks.manager [None req-a798a408-7046-44f6-b8ff-4fd92007310b admin admin] Publish callbacks [] for subnetpool (None), before_response {{(pid=102980) _notify_loop /opt/stack/data/venv/lib/python3.12/site-packages/neutron_lib/callbacks/manager.py:184}}
Jun 18 07:19:32.614304 np0000181906 devstack@neutron-api.service[102980]: [pid: 102980|app: 0|req: 1/3] 199.204.45.242 () {68 vars in 1367 bytes} [Thu Jun 18 07:19:32 2026] POST /networking/v2.0/subnetpools => generated 533 bytes in 549 msecs (HTTP/1.1 201) 4 headers in 162 bytes (1 switches on core 0)
Jun 18 07:19:32.941883 np0000181906 devstack@neutron-api.service[102982]: DEBUG neutron.api.v2.base [None req-f35375b4-9c49-4406-bac3-324029f27343 admin admin] Request body: {'subnetpool': {'name': 'shared-default-subnetpool-v6', 'prefixes': ['fdf8:7177:259c::/56'], 'default_prefixlen': 64, 'shared': True, 'is_default': True}} {{(pid=102982) prepare_request_body /opt/stack/neutron/neutron/api/v2/base.py:727}}
Jun 18 07:19:33.122313 np0000181906 devstack@neutron-api.service[102982]: DEBUG neutron.policy [None req-f35375b4-9c49-4406-bac3-324029f27343 admin admin] Loaded default policies from ['neutron'] under neutron.policies entry points {{(pid=102982) register_rules /opt/stack/neutron/neutron/policy.py:65}}
Jun 18 07:19:33.291923 np0000181906 devstack@neutron-api.service[102982]: DEBUG neutron_lib.callbacks.manager [None req-f35375b4-9c49-4406-bac3-324029f27343 admin admin] Publish callbacks ['neutron.objects.securitygroup.RbacNeutronDbObjectMixin.validate_rbac_policy_change-2687403300736', 'neutron.objects.address_group.RbacNeutronDbObjectMixin.validate_rbac_policy_change-2687403359430', 'neutron.objects.network.RbacNeutronDbObjectMixin.validate_rbac_policy_change-2687403328794', 'neutron.objects.qos.policy.RbacNeutronDbObjectMixin.validate_rbac_policy_change-2687403341345', 'neutron.objects.subnetpool.RbacNeutronDbObjectMixin.validate_rbac_policy_change-2687400112178', 'neutron.objects.address_scope.RbacNeutronDbObjectMixin.validate_rbac_policy_change-2687403350950', 'neutron.plugins.ml2.plugin.External_net_db_mixin._process_ext_policy_create-902388', 'neutron.plugins.ml2.plugin.NeutronDbPluginV2.validate_network_rbac_policy_change-862304'] for rbac-policy (None), before_create {{(pid=102982) _notify_loop /opt/stack/data/venv/lib/python3.12/site-packages/neutron_lib/callbacks/manager.py:184}}
Jun 18 07:19:33.348093 np0000181906 devstack@neutron-api.service[102982]: DEBUG neutron_lib.callbacks.manager [None req-f35375b4-9c49-4406-bac3-324029f27343 admin admin] Publish callbacks [] for subnetpool (None), before_response {{(pid=102982) _notify_loop /opt/stack/data/venv/lib/python3.12/site-packages/neutron_lib/callbacks/manager.py:184}}
Jun 18 07:19:33.349022 np0000181906 devstack@neutron-api.service[102982]: [pid: 102982|app: 0|req: 1/4] 199.204.45.242 () {68 vars in 1367 bytes} [Thu Jun 18 07:19:32 2026] POST /networking/v2.0/subnetpools => generated 543 bytes in 527 msecs (HTTP/1.1 201) 4 headers in 162 bytes (1 switches on core 0)
Jun 18 07:19:33.814389 np0000181906 devstack@neutron-api.service[102979]: DEBUG neutron.api.v2.base [None req-ffc83423-b9ac-4082-b6cb-f3aa6cff771c admin admin] Request body: {'network': {'name': 'private', 'admin_state_up': True}} {{(pid=102979) prepare_request_body /opt/stack/neutron/neutron/api/v2/base.py:727}}
Jun 18 07:19:33.851435 np0000181906 devstack@neutron-api.service[102979]: DEBUG neutron.pecan_wsgi.hooks.quota_enforcement [None req-ffc83423-b9ac-4082-b6cb-f3aa6cff771c admin admin] Made reservation on behalf of d652f5e977c5496ebd50299c3b326bce for: {'network': 1} {{(pid=102979) before /opt/stack/neutron/neutron/pecan_wsgi/hooks/quota_enforcement.py:66}}
Jun 18 07:19:34.034965 np0000181906 devstack@neutron-api.service[102979]: DEBUG neutron.policy [None req-ffc83423-b9ac-4082-b6cb-f3aa6cff771c admin admin] Loaded default policies from ['neutron'] under neutron.policies entry points {{(pid=102979) register_rules /opt/stack/neutron/neutron/policy.py:65}}
Jun 18 07:19:34.145342 np0000181906 devstack@neutron-api.service[102979]: DEBUG neutron_lib.callbacks.manager [None req-ffc83423-b9ac-4082-b6cb-f3aa6cff771c admin admin] Publish callbacks ['neutron.plugins.ml2.plugin.SecurityGroupDbMixin._ensure_default_security_group_handler-3449834'] for network (None), before_create {{(pid=102979) _notify_loop /opt/stack/data/venv/lib/python3.12/site-packages/neutron_lib/callbacks/manager.py:184}}
Jun 18 07:19:34.167638 np0000181906 devstack@neutron-api.service[102979]: DEBUG neutron_lib.callbacks.manager [None req-ffc83423-b9ac-4082-b6cb-f3aa6cff771c admin admin] Publish callbacks [] for security_group (None), before_create {{(pid=102979) _notify_loop /opt/stack/data/venv/lib/python3.12/site-packages/neutron_lib/callbacks/manager.py:184}}
Jun 18 07:19:34.271229 np0000181906 devstack@neutron-api.service[102979]: DEBUG neutron_lib.callbacks.manager [None req-ffc83423-b9ac-4082-b6cb-f3aa6cff771c admin admin] Publish callbacks ['neutron.plugins.ml2.drivers.ovn.mech_driver.mech_driver.OVNMechanismDriver._create_security_group_precommit-313883'] for security_group (4490dee4-4c32-4ba5-8ece-167b8ee9acaf), precommit_create {{(pid=102979) _notify_loop /opt/stack/data/venv/lib/python3.12/site-packages/neutron_lib/callbacks/manager.py:184}}
Jun 18 07:19:34.271516 np0000181906 devstack@neutron-api.service[102979]: DEBUG neutron.db.ovn_revision_numbers_db [None req-ffc83423-b9ac-4082-b6cb-f3aa6cff771c admin admin] create_initial_revision uuid=4490dee4-4c32-4ba5-8ece-167b8ee9acaf, type=security_groups, rev=-1 {{(pid=102979) create_initial_revision /opt/stack/neutron/neutron/db/ovn_revision_numbers_db.py:98}}
Jun 18 07:19:34.274932 np0000181906 devstack@neutron-api.service[102979]: DEBUG neutron.db.ovn_revision_numbers_db [None req-ffc83423-b9ac-4082-b6cb-f3aa6cff771c admin admin] create_initial_revision uuid=5ee07684-32eb-4803-9779-2dc0524582a6, type=security_group_rules, rev=-1 {{(pid=102979) create_initial_revision /opt/stack/neutron/neutron/db/ovn_revision_numbers_db.py:98}}
Jun 18 07:19:34.276081 np0000181906 devstack@neutron-api.service[102979]: DEBUG neutron.db.ovn_revision_numbers_db [None req-ffc83423-b9ac-4082-b6cb-f3aa6cff771c admin admin] create_initial_revision uuid=ad748c31-646c-4703-b528-1e71b0ed2f7b, type=security_group_rules, rev=-1 {{(pid=102979) create_initial_revision /opt/stack/neutron/neutron/db/ovn_revision_numbers_db.py:98}}
Jun 18 07:19:34.277051 np0000181906 devstack@neutron-api.service[102979]: DEBUG neutron.db.ovn_revision_numbers_db [None req-ffc83423-b9ac-4082-b6cb-f3aa6cff771c admin admin] create_initial_revision uuid=bd792879-69e9-4928-95de-305a524155ed, type=security_group_rules, rev=-1 {{(pid=102979) create_initial_revision /opt/stack/neutron/neutron/db/ovn_revision_numbers_db.py:98}}
Jun 18 07:19:34.278013 np0000181906 devstack@neutron-api.service[102979]: DEBUG neutron.db.ovn_revision_numbers_db [None req-ffc83423-b9ac-4082-b6cb-f3aa6cff771c admin admin] create_initial_revision uuid=e430872b-4bab-4ed8-9eef-f469a477c30d, type=security_group_rules, rev=-1 {{(pid=102979) create_initial_revision /opt/stack/neutron/neutron/db/ovn_revision_numbers_db.py:98}}
Jun 18 07:19:34.285061 np0000181906 devstack@neutron-api.service[102979]: DEBUG neutron_lib.callbacks.manager [None req-ffc83423-b9ac-4082-b6cb-f3aa6cff771c admin admin] Publish callbacks ['neutron.plugins.ml2.drivers.ovn.mech_driver.mech_driver.OVNMechanismDriver._create_security_group-313901', 'neutron.plugins.ml2.ovo_rpc._ObjectChangeHandler.handle_event-15370549'] for security_group (4490dee4-4c32-4ba5-8ece-167b8ee9acaf), after_create {{(pid=102979) _notify_loop /opt/stack/data/venv/lib/python3.12/site-packages/neutron_lib/callbacks/manager.py:184}}
Jun 18 07:19:34.285413 np0000181906 devstack@neutron-api.service[102979]: INFO neutron.plugins.ml2.drivers.ovn.mech_driver.ovsdb.extensions.qos [None req-ffc83423-b9ac-4082-b6cb-f3aa6cff771c admin admin] Starting OVNClientQosExtension
Jun 18 07:19:34.285595 np0000181906 devstack@neutron-api.service[102979]: INFO neutron.plugins.ml2.drivers.ovn.mech_driver.ovsdb.extensions.placement [None req-ffc83423-b9ac-4082-b6cb-f3aa6cff771c admin admin] Starting OVNClientPlacementExtension
Jun 18 07:19:34.287357 np0000181906 devstack@neutron-api.service[102979]: DEBUG ovsdbapp.backend.ovs_idl.transaction [-] Running txn n=1 command(idx=0): PgAddCommand(_result=None, name=pg_4490dee4_4c32_4ba5_8ece_167b8ee9acaf, may_exist=False, columns={'acls': [], 'external_ids': {'neutron:security_group_id': '4490dee4-4c32-4ba5-8ece-167b8ee9acaf'}}) {{(pid=102979) do_commit /opt/stack/data/venv/lib/python3.12/site-packages/ovsdbapp/backend/ovs_idl/transaction.py:89}}
Jun 18 07:19:34.290905 np0000181906 devstack@neutron-api.service[102979]: DEBUG ovsdbapp.backend.ovs_idl.transaction [-] Running txn n=1 command(idx=1): PgAclAddCommand(_result=None, entity=pg_4490dee4_4c32_4ba5_8ece_167b8ee9acaf, direction=to-lport, priority=1002, match=outport == @pg_4490dee4_4c32_4ba5_8ece_167b8ee9acaf && ip6 && ip6.src == $pg_4490dee4_4c32_4ba5_8ece_167b8ee9acaf_ip6, action=allow-related, log=False, may_exist=True, severity=[], name=[], meter=[], external_ids={'neutron:security_group_rule_id': '5ee07684-32eb-4803-9779-2dc0524582a6'}) {{(pid=102979) do_commit /opt/stack/data/venv/lib/python3.12/site-packages/ovsdbapp/backend/ovs_idl/transaction.py:89}}
Jun 18 07:19:34.290905 np0000181906 devstack@neutron-api.service[102979]: DEBUG ovsdbapp.backend.ovs_idl.transaction [-] Running txn n=1 command(idx=2): PgAclAddCommand(_result=None, entity=pg_4490dee4_4c32_4ba5_8ece_167b8ee9acaf, direction=to-lport, priority=1002, match=outport == @pg_4490dee4_4c32_4ba5_8ece_167b8ee9acaf && ip4 && ip4.src == $pg_4490dee4_4c32_4ba5_8ece_167b8ee9acaf_ip4, action=allow-related, log=False, may_exist=True, severity=[], name=[], meter=[], external_ids={'neutron:security_group_rule_id': 'ad748c31-646c-4703-b528-1e71b0ed2f7b'}) {{(pid=102979) do_commit /opt/stack/data/venv/lib/python3.12/site-packages/ovsdbapp/backend/ovs_idl/transaction.py:89}}
Jun 18 07:19:34.291164 np0000181906 devstack@neutron-api.service[102979]: DEBUG ovsdbapp.backend.ovs_idl.transaction [-] Running txn n=1 command(idx=3): PgAclAddCommand(_result=None, entity=pg_4490dee4_4c32_4ba5_8ece_167b8ee9acaf, direction=from-lport, priority=1002, match=inport == @pg_4490dee4_4c32_4ba5_8ece_167b8ee9acaf && ip4, action=allow-related, log=False, may_exist=True, severity=[], name=[], meter=[], external_ids={'neutron:security_group_rule_id': 'bd792879-69e9-4928-95de-305a524155ed'}) {{(pid=102979) do_commit /opt/stack/data/venv/lib/python3.12/site-packages/ovsdbapp/backend/ovs_idl/transaction.py:89}}
Jun 18 07:19:34.291512 np0000181906 devstack@neutron-api.service[102979]: DEBUG ovsdbapp.backend.ovs_idl.transaction [-] Running txn n=1 command(idx=4): PgAclAddCommand(_result=None, entity=pg_4490dee4_4c32_4ba5_8ece_167b8ee9acaf, direction=from-lport, priority=1002, match=inport == @pg_4490dee4_4c32_4ba5_8ece_167b8ee9acaf && ip6, action=allow-related, log=False, may_exist=True, severity=[], name=[], meter=[], external_ids={'neutron:security_group_rule_id': 'e430872b-4bab-4ed8-9eef-f469a477c30d'}) {{(pid=102979) do_commit /opt/stack/data/venv/lib/python3.12/site-packages/ovsdbapp/backend/ovs_idl/transaction.py:89}}
Jun 18 07:19:34.301480 np0000181906 devstack@neutron-api.service[102979]: DEBUG neutron.plugins.ml2.drivers.ovn.mech_driver.ovsdb.ovsdb_monitor [-] Hash Ring: Node 00ae6d82fe4c540999c1073309f976a8 (host: np0000181906) handling event "create" for row 376efa2d-1dca-427b-a58f-2fd9434e83cb (table: ACL) {{(pid=102979) notify /opt/stack/neutron/neutron/plugins/ml2/drivers/ovn/mech_driver/ovsdb/ovsdb_monitor.py:1015}}
Jun 18 07:19:34.303716 np0000181906 devstack@neutron-api.service[102981]: DEBUG neutron.plugins.ml2.drivers.ovn.mech_driver.ovsdb.ovsdb_monitor [-] Hash Ring: Node 5f008141a05d578090c910c15f962eba (host: np0000181906) handling event "create" for row 376efa2d-1dca-427b-a58f-2fd9434e83cb (table: ACL) {{(pid=102981) notify /opt/stack/neutron/neutron/plugins/ml2/drivers/ovn/mech_driver/ovsdb/ovsdb_monitor.py:1015}}
Jun 18 07:19:34.303716 np0000181906 devstack@neutron-api.service[102981]: DEBUG neutron.plugins.ml2.drivers.ovn.mech_driver.ovsdb.ovsdb_monitor [-] Hash Ring: Node 5f008141a05d578090c910c15f962eba (host: np0000181906) handling event "create" for row 58d78a25-f7fc-4b21-aa00-53f4e70001cc (table: ACL) {{(pid=102981) notify /opt/stack/neutron/neutron/plugins/ml2/drivers/ovn/mech_driver/ovsdb/ovsdb_monitor.py:1015}}
Jun 18 07:19:34.303716 np0000181906 devstack@neutron-api.service[102981]: DEBUG neutron.plugins.ml2.drivers.ovn.mech_driver.ovsdb.ovsdb_monitor [-] Hash Ring: Node 5f008141a05d578090c910c15f962eba (host: np0000181906) handling event "create" for row 8571aa86-9038-4cad-a86c-a5debde2285a (table: ACL) {{(pid=102981) notify /opt/stack/neutron/neutron/plugins/ml2/drivers/ovn/mech_driver/ovsdb/ovsdb_monitor.py:1015}}
Jun 18 07:19:34.304521 np0000181906 devstack@neutron-api.service[102981]: DEBUG neutron.plugins.ml2.drivers.ovn.mech_driver.ovsdb.ovsdb_monitor [-] Hash Ring: Node 5f008141a05d578090c910c15f962eba (host: np0000181906) handling event "create" for row 93fcdc0b-b419-4918-95e0-27a1bac7d152 (table: ACL) {{(pid=102981) notify /opt/stack/neutron/neutron/plugins/ml2/drivers/ovn/mech_driver/ovsdb/ovsdb_monitor.py:1015}}
Jun 18 07:19:34.304521 np0000181906 devstack@neutron-api.service[102981]: DEBUG neutron.plugins.ml2.drivers.ovn.mech_driver.ovsdb.ovsdb_monitor [-] Hash Ring: Node 5f008141a05d578090c910c15f962eba (host: np0000181906) handling event "create" for row 094d138e-cd5c-4d9d-af47-a2160bdb7489 (table: Port_Group) {{(pid=102981) notify /opt/stack/neutron/neutron/plugins/ml2/drivers/ovn/mech_driver/ovsdb/ovsdb_monitor.py:1015}}
Jun 18 07:19:34.306983 np0000181906 devstack@neutron-api.service[102982]: DEBUG neutron.plugins.ml2.drivers.ovn.mech_driver.ovsdb.ovsdb_monitor [-] Hash Ring: Node 60751e9d89ba56adac12c0aae0a3b0c2 (host: np0000181906) handling event "create" for row 094d138e-cd5c-4d9d-af47-a2160bdb7489 (table: Port_Group) {{(pid=102982) notify /opt/stack/neutron/neutron/plugins/ml2/drivers/ovn/mech_driver/ovsdb/ovsdb_monitor.py:1015}}
Jun 18 07:19:34.334298 np0000181906 devstack@neutron-api.service[102979]: INFO neutron.db.ovn_revision_numbers_db [None req-ffc83423-b9ac-4082-b6cb-f3aa6cff771c admin admin] Successfully bumped revision number for resource 4490dee4-4c32-4ba5-8ece-167b8ee9acaf (type: security_groups) to 1
Jun 18 07:19:34.351652 np0000181906 devstack@neutron-api.service[102979]: INFO neutron.db.ovn_revision_numbers_db [None req-ffc83423-b9ac-4082-b6cb-f3aa6cff771c admin admin] Successfully bumped revision number for resource 5ee07684-32eb-4803-9779-2dc0524582a6 (type: security_group_rules) to 0
Jun 18 07:19:34.365139 np0000181906 devstack@neutron-api.service[102979]: INFO neutron.db.ovn_revision_numbers_db [None req-ffc83423-b9ac-4082-b6cb-f3aa6cff771c admin admin] Successfully bumped revision number for resource ad748c31-646c-4703-b528-1e71b0ed2f7b (type: security_group_rules) to 0
Jun 18 07:19:34.380906 np0000181906 devstack@neutron-api.service[102979]: INFO neutron.db.ovn_revision_numbers_db [None req-ffc83423-b9ac-4082-b6cb-f3aa6cff771c admin admin] Successfully bumped revision number for resource bd792879-69e9-4928-95de-305a524155ed (type: security_group_rules) to 0
Jun 18 07:19:34.394280 np0000181906 devstack@neutron-api.service[102979]: INFO neutron.db.ovn_revision_numbers_db [None req-ffc83423-b9ac-4082-b6cb-f3aa6cff771c admin admin] Successfully bumped revision number for resource e430872b-4bab-4ed8-9eef-f469a477c30d (type: security_group_rules) to 0
Jun 18 07:19:34.421531 np0000181906 devstack@neutron-api.service[102979]: DEBUG neutron.api.rpc.handlers.resources_rpc [None req-ffc83423-b9ac-4082-b6cb-f3aa6cff771c admin admin] Pushing event updated for resources: {'SecurityGroup': ['ID=4490dee4-4c32-4ba5-8ece-167b8ee9acaf,revision_number=1']} {{(pid=102979) push /opt/stack/neutron/neutron/api/rpc/handlers/resources_rpc.py:237}}
Jun 18 07:19:34.429625 np0000181906 devstack@neutron-api.service[102979]: DEBUG ovsdbapp.backend.ovs_idl.transaction [-] Running txn n=1 command(idx=0): CheckLivenessCommand(_result=None) {{(pid=102979) do_commit /opt/stack/data/venv/lib/python3.12/site-packages/ovsdbapp/backend/ovs_idl/transaction.py:89}}
Jun 18 07:19:34.477536 np0000181906 devstack@neutron-api.service[102981]: DEBUG neutron.plugins.ml2.drivers.ovn.mech_driver.ovsdb.ovsdb_monitor [-] Hash Ring: Node 5f008141a05d578090c910c15f962eba (host: np0000181906) handling event "update" for row 9675a2dc-0a37-4d8a-8440-40743d58b5da (table: NB_Global) {{(pid=102981) notify /opt/stack/neutron/neutron/plugins/ml2/drivers/ovn/mech_driver/ovsdb/ovsdb_monitor.py:1015}}
Jun 18 07:19:34.480152 np0000181906 devstack@neutron-api.service[102981]: DEBUG neutron.plugins.ml2.drivers.ovn.mech_driver.ovsdb.ovsdb_monitor [-] ChassisAgentWriteEvent : Matched Chassis_Private, update, None None {{(pid=102981) matches /opt/stack/neutron/neutron/plugins/ml2/drivers/ovn/mech_driver/ovsdb/ovsdb_monitor.py:64}}
Jun 18 07:19:34.480454 np0000181906 devstack@neutron-api.service[102979]: DEBUG neutron.plugins.ml2.drivers.ovn.mech_driver.ovsdb.ovsdb_monitor [-] ChassisAgentWriteEvent : Matched Chassis_Private, update, None None {{(pid=102979) matches /opt/stack/neutron/neutron/plugins/ml2/drivers/ovn/mech_driver/ovsdb/ovsdb_monitor.py:64}}
Jun 18 07:19:34.481567 np0000181906 devstack@neutron-api.service[102980]: DEBUG neutron.plugins.ml2.drivers.ovn.mech_driver.ovsdb.ovsdb_monitor [-] ChassisAgentWriteEvent : Matched Chassis_Private, update, None None {{(pid=102980) matches /opt/stack/neutron/neutron/plugins/ml2/drivers/ovn/mech_driver/ovsdb/ovsdb_monitor.py:64}}
Jun 18 07:19:34.482303 np0000181906 devstack@neutron-api.service[102981]: DEBUG neutron.plugins.ml2.drivers.ovn.mech_driver.ovsdb.ovsdb_monitor [-] Hash Ring: Node 5f008141a05d578090c910c15f962eba (host: np0000181906) handling event "update" for row 9675a2dc-0a37-4d8a-8440-40743d58b5da (table: NB_Global) {{(pid=102981) notify /opt/stack/neutron/neutron/plugins/ml2/drivers/ovn/mech_driver/ovsdb/ovsdb_monitor.py:1015}}
Jun 18 07:19:34.483263 np0000181906 devstack@neutron-api.service[102981]: DEBUG neutron.plugins.ml2.drivers.ovn.mech_driver.ovsdb.ovsdb_monitor [-] Hash Ring: Node 5f008141a05d578090c910c15f962eba (host: np0000181906) handling event "update" for row 9675a2dc-0a37-4d8a-8440-40743d58b5da (table: NB_Global) {{(pid=102981) notify /opt/stack/neutron/neutron/plugins/ml2/drivers/ovn/mech_driver/ovsdb/ovsdb_monitor.py:1015}}
Jun 18 07:19:34.483745 np0000181906 devstack@neutron-api.service[102982]: DEBUG neutron.plugins.ml2.drivers.ovn.mech_driver.ovsdb.ovsdb_monitor [-] ChassisAgentWriteEvent : Matched Chassis_Private, update, None None {{(pid=102982) matches /opt/stack/neutron/neutron/plugins/ml2/drivers/ovn/mech_driver/ovsdb/ovsdb_monitor.py:64}}
Jun 18 07:19:34.483955 np0000181906 devstack@neutron-api.service[102981]: DEBUG neutron.plugins.ml2.drivers.ovn.mech_driver.ovsdb.ovsdb_monitor [-] Hash Ring: Node 5f008141a05d578090c910c15f962eba (host: np0000181906) handling event "update" for row 9675a2dc-0a37-4d8a-8440-40743d58b5da (table: NB_Global) {{(pid=102981) notify /opt/stack/neutron/neutron/plugins/ml2/drivers/ovn/mech_driver/ovsdb/ovsdb_monitor.py:1015}}
Jun 18 07:19:34.484484 np0000181906 devstack@neutron-api.service[102979]: DEBUG neutron.api.rpc.callbacks.version_manager [None req-ffc83423-b9ac-4082-b6cb-f3aa6cff771c admin admin] Tracked resource versions report:
Jun 18 07:19:34.484484 np0000181906 devstack@neutron-api.service[102979]: pushed versions:
Jun 18 07:19:34.484484 np0000181906 devstack@neutron-api.service[102979]: { 'AddressGroup': {'1.2'},
Jun 18 07:19:34.484484 np0000181906 devstack@neutron-api.service[102979]: 'Agent': {'1.1'},
Jun 18 07:19:34.484484 np0000181906 devstack@neutron-api.service[102979]: 'ConntrackHelper': {'1.0'},
Jun 18 07:19:34.484484 np0000181906 devstack@neutron-api.service[102979]: 'LocalIPAssociation': {'1.0'},
Jun 18 07:19:34.484484 np0000181906 devstack@neutron-api.service[102979]: 'Log': {'1.0'},
Jun 18 07:19:34.484484 np0000181906 devstack@neutron-api.service[102979]: 'NDPProxy': {'1.0'},
Jun 18 07:19:34.484484 np0000181906 devstack@neutron-api.service[102979]: 'Network': {'1.3'},
Jun 18 07:19:34.484484 np0000181906 devstack@neutron-api.service[102979]: 'Port': {'1.11'},
Jun 18 07:19:34.484484 np0000181906 devstack@neutron-api.service[102979]: 'PortForwarding': {'1.3'},
Jun 18 07:19:34.484484 np0000181906 devstack@neutron-api.service[102979]: 'QosPolicy': {'1.10'},
Jun 18 07:19:34.484484 np0000181906 devstack@neutron-api.service[102979]: 'SecurityGroup': {'1.6'},
Jun 18 07:19:34.484484 np0000181906 devstack@neutron-api.service[102979]: 'SecurityGroupRule': {'1.3'},
Jun 18 07:19:34.484484 np0000181906 devstack@neutron-api.service[102979]: 'SubPort': {'1.0'},
Jun 18 07:19:34.484484 np0000181906 devstack@neutron-api.service[102979]: 'Subnet': {'1.2'},
Jun 18 07:19:34.484484 np0000181906 devstack@neutron-api.service[102979]: 'Trunk': {'1.1'}}
Jun 18 07:19:34.484484 np0000181906 devstack@neutron-api.service[102979]: consumer versions:
Jun 18 07:19:34.484484 np0000181906 devstack@neutron-api.service[102979]: {}
Jun 18 07:19:34.484484 np0000181906 devstack@neutron-api.service[102979]: {{(pid=102979) report /opt/stack/neutron/neutron/api/rpc/callbacks/version_manager.py:183}}
Jun 18 07:19:34.485217 np0000181906 devstack@neutron-api.service[102980]: DEBUG neutron.plugins.ml2.drivers.ovn.mech_driver.ovsdb.ovsdb_monitor [-] Hash Ring: Node 63e963a63d605edd8302dfe32ce71598 (host: np0000181906) handling event "update" for row 18a754bc-6aaa-4d23-8ecc-c2fed301c05e (table: Chassis_Private) {{(pid=102980) notify /opt/stack/neutron/neutron/plugins/ml2/drivers/ovn/mech_driver/ovsdb/ovsdb_monitor.py:1015}}
Jun 18 07:19:34.488505 np0000181906 devstack@neutron-api.service[102980]: DEBUG neutron.plugins.ml2.drivers.ovn.mech_driver.ovsdb.ovsdb_monitor [-] ChassisOVNAgentWriteEvent : Matched Chassis_Private, update, None None {{(pid=102980) matches /opt/stack/neutron/neutron/plugins/ml2/drivers/ovn/mech_driver/ovsdb/ovsdb_monitor.py:64}}
Jun 18 07:19:34.488505 np0000181906 devstack@neutron-api.service[102980]: DEBUG neutron.plugins.ml2.drivers.ovn.mech_driver.ovsdb.ovsdb_monitor [-] Hash Ring: Node 63e963a63d605edd8302dfe32ce71598 (host: np0000181906) handling event "update" for row 18a754bc-6aaa-4d23-8ecc-c2fed301c05e (table: Chassis_Private) {{(pid=102980) notify /opt/stack/neutron/neutron/plugins/ml2/drivers/ovn/mech_driver/ovsdb/ovsdb_monitor.py:1015}}
Jun 18 07:19:34.489233 np0000181906 devstack@neutron-api.service[102981]: DEBUG neutron.common.ovn.hash_ring_manager [-] Allow caching, nodes 4>=4 {{(pid=102981) _wait_startup_before_caching /opt/stack/neutron/neutron/common/ovn/hash_ring_manager.py:71}}
Jun 18 07:19:34.489233 np0000181906 devstack@neutron-api.service[102981]: DEBUG neutron.plugins.ml2.drivers.ovn.mech_driver.ovsdb.ovsdb_monitor [-] Hash Ring: Node 5f008141a05d578090c910c15f962eba (host: np0000181906) handling event "update" for row 18a754bc-6aaa-4d23-8ecc-c2fed301c05e (table: Chassis_Private) {{(pid=102981) notify /opt/stack/neutron/neutron/plugins/ml2/drivers/ovn/mech_driver/ovsdb/ovsdb_monitor.py:1015}}
Jun 18 07:19:34.490290 np0000181906 devstack@neutron-api.service[102981]: DEBUG neutron.plugins.ml2.drivers.ovn.mech_driver.ovsdb.ovsdb_monitor [-] ChassisOVNAgentWriteEvent : Matched Chassis_Private, update, None None {{(pid=102981) matches /opt/stack/neutron/neutron/plugins/ml2/drivers/ovn/mech_driver/ovsdb/ovsdb_monitor.py:64}}
Jun 18 07:19:34.490733 np0000181906 devstack@neutron-api.service[102982]: DEBUG neutron.plugins.ml2.drivers.ovn.mech_driver.ovsdb.ovsdb_monitor [-] ChassisOVNAgentWriteEvent : Matched Chassis_Private, update, None None {{(pid=102982) matches /opt/stack/neutron/neutron/plugins/ml2/drivers/ovn/mech_driver/ovsdb/ovsdb_monitor.py:64}}
Jun 18 07:19:34.490860 np0000181906 devstack@neutron-api.service[102981]: DEBUG neutron.plugins.ml2.drivers.ovn.mech_driver.ovsdb.ovsdb_monitor [-] Hash Ring: Node 5f008141a05d578090c910c15f962eba (host: np0000181906) handling event "update" for row 18a754bc-6aaa-4d23-8ecc-c2fed301c05e (table: Chassis_Private) {{(pid=102981) notify /opt/stack/neutron/neutron/plugins/ml2/drivers/ovn/mech_driver/ovsdb/ovsdb_monitor.py:1015}}
Jun 18 07:19:34.494608 np0000181906 devstack@neutron-api.service[102979]: DEBUG neutron.plugins.ml2.drivers.ovn.mech_driver.ovsdb.ovsdb_monitor [-] ChassisOVNAgentWriteEvent : Matched Chassis_Private, update, None None {{(pid=102979) matches /opt/stack/neutron/neutron/plugins/ml2/drivers/ovn/mech_driver/ovsdb/ovsdb_monitor.py:64}}
Jun 18 07:19:34.558159 np0000181906 devstack@neutron-api.service[102979]: DEBUG neutron.plugins.ml2.drivers.helpers [None req-ffc83423-b9ac-4082-b6cb-f3aa6cff771c admin admin] geneve segment allocate from pool success with {'geneve_vni': 22545} {{(pid=102979) allocate_partially_specified_segment /opt/stack/neutron/neutron/plugins/ml2/drivers/helpers.py:142}}
Jun 18 07:19:34.571376 np0000181906 devstack@neutron-api.service[102979]: DEBUG neutron_lib.callbacks.manager [None req-ffc83423-b9ac-4082-b6cb-f3aa6cff771c admin admin] Publish callbacks ['neutron.services.segments.db._add_segment_host_mapping_for_segment-8617610134612', 'neutron.plugins.ml2.plugin.Ml2Plugin._handle_segment_change-3716150'] for segment (ffdd379d-4b40-49fb-a518-71c753c9f97d), precommit_create {{(pid=102979) _notify_loop /opt/stack/data/venv/lib/python3.12/site-packages/neutron_lib/callbacks/manager.py:184}}
Jun 18 07:19:34.571622 np0000181906 devstack@neutron-api.service[102979]: INFO neutron.db.segments_db [None req-ffc83423-b9ac-4082-b6cb-f3aa6cff771c admin admin] Added segment ffdd379d-4b40-49fb-a518-71c753c9f97d of type geneve for network bb54b7d7-3d7a-47fb-bbf3-2bd9fcacd0a8
Jun 18 07:19:34.623711 np0000181906 devstack@neutron-api.service[102979]: DEBUG neutron_lib.callbacks.manager [None req-ffc83423-b9ac-4082-b6cb-f3aa6cff771c admin admin] Publish callbacks ['neutron.services.auto_allocate.db._ensure_external_network_default_value_callback-8617608457960'] for network (bb54b7d7-3d7a-47fb-bbf3-2bd9fcacd0a8), precommit_create {{(pid=102979) _notify_loop /opt/stack/data/venv/lib/python3.12/site-packages/neutron_lib/callbacks/manager.py:184}}
Jun 18 07:19:34.642372 np0000181906 devstack@neutron-api.service[102979]: DEBUG neutron.plugins.ml2.drivers.ovn.mech_driver.mech_driver [None req-ffc83423-b9ac-4082-b6cb-f3aa6cff771c admin admin] Validating network segment with type geneve, segmentation ID 22545, physical network None {{(pid=102979) _validate_network_segments /opt/stack/neutron/neutron/plugins/ml2/drivers/ovn/mech_driver/mech_driver.py:643}}
Jun 18 07:19:34.642533 np0000181906 devstack@neutron-api.service[102979]: DEBUG neutron.db.ovn_revision_numbers_db [None req-ffc83423-b9ac-4082-b6cb-f3aa6cff771c admin admin] create_initial_revision uuid=bb54b7d7-3d7a-47fb-bbf3-2bd9fcacd0a8, type=networks, rev=-1 {{(pid=102979) create_initial_revision /opt/stack/neutron/neutron/db/ovn_revision_numbers_db.py:98}}
Jun 18 07:19:34.663041 np0000181906 devstack@neutron-api.service[102979]: DEBUG neutron_lib.callbacks.manager [None req-ffc83423-b9ac-4082-b6cb-f3aa6cff771c admin admin] Publish callbacks ['neutron.plugins.ml2.ovo_rpc._ObjectChangeHandler.handle_event-15370550'] for network (bb54b7d7-3d7a-47fb-bbf3-2bd9fcacd0a8), after_create {{(pid=102979) _notify_loop /opt/stack/data/venv/lib/python3.12/site-packages/neutron_lib/callbacks/manager.py:184}}
Jun 18 07:19:34.717482 np0000181906 devstack@neutron-api.service[102979]: DEBUG neutron.api.rpc.handlers.resources_rpc [None req-ffc83423-b9ac-4082-b6cb-f3aa6cff771c admin admin] Pushing event updated for resources: {'Network': ['ID=bb54b7d7-3d7a-47fb-bbf3-2bd9fcacd0a8,revision_number=1']} {{(pid=102979) push /opt/stack/neutron/neutron/api/rpc/handlers/resources_rpc.py:237}}
Jun 18 07:19:34.727309 np0000181906 devstack@neutron-api.service[102979]: DEBUG ovsdbapp.backend.ovs_idl.transaction [-] Running txn n=1 command(idx=0): AddNetworkCommand(_result=None, network_uuid=bb54b7d7-3d7a-47fb-bbf3-2bd9fcacd0a8, may_exist=True, columns={'external_ids': {'neutron:network_name': 'private', 'neutron:mtu': '1372', 'neutron:revision_number': '1', 'neutron:availability_zone_hints': '', 'neutron:provnet-network-type': 'geneve'}, 'other_config': {'mcast_snoop': 'false', 'mcast_flood_unregistered': 'false', 'vlan-passthru': 'false'}}) {{(pid=102979) do_commit /opt/stack/data/venv/lib/python3.12/site-packages/ovsdbapp/backend/ovs_idl/transaction.py:89}}
Jun 18 07:19:34.728098 np0000181906 devstack@neutron-api.service[102979]: DEBUG neutron.common.ovn.utils [-] OVS persist_uuid supported=True {{(pid=102979) ovs_persist_uuid_supported /opt/stack/neutron/neutron/common/ovn/utils.py:1544}}
Jun 18 07:19:34.732747 np0000181906 devstack@neutron-api.service[102981]: DEBUG neutron.plugins.ml2.drivers.ovn.mech_driver.ovsdb.ovsdb_monitor [-] Hash Ring: Node 5f008141a05d578090c910c15f962eba (host: np0000181906) handling event "create" for row bb54b7d7-3d7a-47fb-bbf3-2bd9fcacd0a8 (table: Logical_Switch) {{(pid=102981) notify /opt/stack/neutron/neutron/plugins/ml2/drivers/ovn/mech_driver/ovsdb/ovsdb_monitor.py:1015}}
Jun 18 07:19:34.734750 np0000181906 devstack@neutron-api.service[102980]: DEBUG neutron.plugins.ml2.drivers.ovn.mech_driver.ovsdb.ovsdb_monitor [-] Hash Ring: Node 63e963a63d605edd8302dfe32ce71598 (host: np0000181906) handling event "create" for row bb54b7d7-3d7a-47fb-bbf3-2bd9fcacd0a8 (table: Logical_Switch) {{(pid=102980) notify /opt/stack/neutron/neutron/plugins/ml2/drivers/ovn/mech_driver/ovsdb/ovsdb_monitor.py:1015}}
Jun 18 07:19:34.740307 np0000181906 devstack@neutron-api.service[102981]: DEBUG neutron.plugins.ml2.drivers.ovn.mech_driver.ovsdb.ovsdb_monitor [-] Hash Ring: Node 5f008141a05d578090c910c15f962eba (host: np0000181906) handling event "create" for row 0bb871fa-1c4b-4e91-ba7c-67f3436da10e (table: Datapath_Binding) {{(pid=102981) notify /opt/stack/neutron/neutron/plugins/ml2/drivers/ovn/mech_driver/ovsdb/ovsdb_monitor.py:1015}}
Jun 18 07:19:34.743122 np0000181906 devstack@neutron-api.service[102980]: DEBUG neutron.plugins.ml2.drivers.ovn.mech_driver.ovsdb.ovsdb_monitor [-] Hash Ring: Node 63e963a63d605edd8302dfe32ce71598 (host: np0000181906) handling event "create" for row 0bb871fa-1c4b-4e91-ba7c-67f3436da10e (table: Datapath_Binding) {{(pid=102980) notify /opt/stack/neutron/neutron/plugins/ml2/drivers/ovn/mech_driver/ovsdb/ovsdb_monitor.py:1015}}
Jun 18 07:19:34.775777 np0000181906 devstack@neutron-api.service[102979]: INFO neutron.db.ovn_revision_numbers_db [None req-ffc83423-b9ac-4082-b6cb-f3aa6cff771c admin admin] Successfully bumped revision number for resource bb54b7d7-3d7a-47fb-bbf3-2bd9fcacd0a8 (type: networks) to 1
Jun 18 07:19:34.841583 np0000181906 devstack@neutron-api.service[102979]: DEBUG neutron_lib.callbacks.manager [None req-ffc83423-b9ac-4082-b6cb-f3aa6cff771c admin admin] Publish callbacks ['neutron.plugins.ml2.plugin.SecurityGroupDbMixin._ensure_default_security_group_handler-3449834'] for port (None), before_create {{(pid=102979) _notify_loop /opt/stack/data/venv/lib/python3.12/site-packages/neutron_lib/callbacks/manager.py:184}}
Jun 18 07:19:35.184604 np0000181906 devstack@neutron-api.service[102979]: DEBUG neutron_lib.callbacks.manager [None req-ffc83423-b9ac-4082-b6cb-f3aa6cff771c admin admin] Publish callbacks ['neutron.plugins.ml2.drivers.ovn.mech_driver.mech_driver.OVNMechanismDriver._validate_allowed_address_pairs-314259'] for allowed_address_pair (4acb43f6-9a36-4902-b1ec-9b9df3c50dae), before_create {{(pid=102979) _notify_loop /opt/stack/data/venv/lib/python3.12/site-packages/neutron_lib/callbacks/manager.py:184}}
Jun 18 07:19:35.185168 np0000181906 devstack@neutron-api.service[102979]: DEBUG neutron_lib.callbacks.manager [None req-ffc83423-b9ac-4082-b6cb-f3aa6cff771c admin admin] Publish callbacks [] for port (4acb43f6-9a36-4902-b1ec-9b9df3c50dae), precommit_create {{(pid=102979) _notify_loop /opt/stack/data/venv/lib/python3.12/site-packages/neutron_lib/callbacks/manager.py:184}}
Jun 18 07:19:35.185356 np0000181906 devstack@neutron-api.service[102979]: DEBUG neutron.plugins.ml2.drivers.ovn.mech_driver.mech_driver [None req-ffc83423-b9ac-4082-b6cb-f3aa6cff771c admin admin] No provisioning block for port 4acb43f6-9a36-4902-b1ec-9b9df3c50dae since it does not have a host {{(pid=102979) _is_port_provisioning_required /opt/stack/neutron/neutron/plugins/ml2/drivers/ovn/mech_driver/mech_driver.py:896}}
Jun 18 07:19:35.185451 np0000181906 devstack@neutron-api.service[102979]: DEBUG neutron.db.ovn_revision_numbers_db [None req-ffc83423-b9ac-4082-b6cb-f3aa6cff771c admin admin] create_initial_revision uuid=4acb43f6-9a36-4902-b1ec-9b9df3c50dae, type=ports, rev=-1 {{(pid=102979) create_initial_revision /opt/stack/neutron/neutron/db/ovn_revision_numbers_db.py:98}}
Jun 18 07:19:35.256295 np0000181906 devstack@neutron-api.service[102979]: DEBUG neutron_lib.callbacks.manager [None req-ffc83423-b9ac-4082-b6cb-f3aa6cff771c admin admin] Publish callbacks ['neutron.plugins.ml2.ovo_rpc._ObjectChangeHandler.handle_event-15370462'] for port (4acb43f6-9a36-4902-b1ec-9b9df3c50dae), after_create {{(pid=102979) _notify_loop /opt/stack/data/venv/lib/python3.12/site-packages/neutron_lib/callbacks/manager.py:184}}
Jun 18 07:19:35.322543 np0000181906 devstack@neutron-api.service[102979]: DEBUG neutron.api.rpc.handlers.resources_rpc [None req-ffc83423-b9ac-4082-b6cb-f3aa6cff771c admin admin] Pushing event updated for resources: {'Port': ['ID=4acb43f6-9a36-4902-b1ec-9b9df3c50dae,revision_number=1']} {{(pid=102979) push /opt/stack/neutron/neutron/api/rpc/handlers/resources_rpc.py:237}}
Jun 18 07:19:35.368941 np0000181906 devstack@neutron-api.service[102979]: DEBUG neutron.plugins.ml2.drivers.ovn.mech_driver.ovsdb.commands [None req-ffc83423-b9ac-4082-b6cb-f3aa6cff771c admin admin] Converting tag [] to a tag_request {{(pid=102979) _tag_column_to_tag_request /opt/stack/neutron/neutron/plugins/ml2/drivers/ovn/mech_driver/ovsdb/commands.py:205}}
Jun 18 07:19:35.369964 np0000181906 devstack@neutron-api.service[102979]: DEBUG ovsdbapp.backend.ovs_idl.transaction [-] Running txn n=1 command(idx=0): AddLSwitchPortCommand(_result=None, lport=4acb43f6-9a36-4902-b1ec-9b9df3c50dae, lswitch=neutron-bb54b7d7-3d7a-47fb-bbf3-2bd9fcacd0a8, may_exist=True, network_uuid=bb54b7d7-3d7a-47fb-bbf3-2bd9fcacd0a8, columns={'addresses': ['fa:16:3e:b4:53:18'], 'external_ids': {'neutron:port_name': '', 'neutron:device_id': 'ovnmeta-bb54b7d7-3d7a-47fb-bbf3-2bd9fcacd0a8', 'neutron:project_id': 'd652f5e977c5496ebd50299c3b326bce', 'neutron:cidrs': '', 'neutron:device_owner': 'network:distributed', 'neutron:subnet_pool_addr_scope4': '', 'neutron:subnet_pool_addr_scope6': '', 'neutron:network_name': 'neutron-bb54b7d7-3d7a-47fb-bbf3-2bd9fcacd0a8', 'neutron:security_group_ids': '', 'neutron:revision_number': '1', 'neutron:vnic_type': 'normal', 'neutron:port_capabilities': '', 'neutron:mtu': '1372'}, 'parent_name': [], 'enabled': True, 'options': {}, 'type': 'localport', 'port_security': [], 'dhcpv4_options': [], 'dhcpv6_options': [], 'tag_request': []}) {{(pid=102979) do_commit /opt/stack/data/venv/lib/python3.12/site-packages/ovsdbapp/backend/ovs_idl/transaction.py:89}}
Jun 18 07:19:35.370514 np0000181906 devstack@neutron-api.service[102979]: DEBUG ovsdbapp.backend.ovs_idl.transaction [-] Running txn n=1 command(idx=1): QoSDelCommand(_result=None, switch=neutron-bb54b7d7-3d7a-47fb-bbf3-2bd9fcacd0a8, conditions=[('direction', '=', 'to-lport'), ('priority', '=', 2002), ('match', '=', 'outport == "4acb43f6-9a36-4902-b1ec-9b9df3c50dae"')], if_exists=True) {{(pid=102979) do_commit /opt/stack/data/venv/lib/python3.12/site-packages/ovsdbapp/backend/ovs_idl/transaction.py:89}}
Jun 18 07:19:35.370680 np0000181906 devstack@neutron-api.service[102979]: DEBUG ovsdbapp.backend.ovs_idl.transaction [-] Running txn n=1 command(idx=2): QoSDelCommand(_result=None, switch=neutron-bb54b7d7-3d7a-47fb-bbf3-2bd9fcacd0a8, conditions=[('direction', '=', 'from-lport'), ('priority', '=', 2002), ('match', '=', 'inport == "4acb43f6-9a36-4902-b1ec-9b9df3c50dae"')], if_exists=True) {{(pid=102979) do_commit /opt/stack/data/venv/lib/python3.12/site-packages/ovsdbapp/backend/ovs_idl/transaction.py:89}}
Jun 18 07:19:35.378340 np0000181906 devstack@neutron-api.service[102982]: DEBUG neutron.plugins.ml2.drivers.ovn.mech_driver.ovsdb.ovsdb_monitor [-] Hash Ring: Node 60751e9d89ba56adac12c0aae0a3b0c2 (host: np0000181906) handling event "create" for row 188ad3b5-eca3-47d3-9971-ac7b64f38039 (table: Logical_Switch_Port) {{(pid=102982) notify /opt/stack/neutron/neutron/plugins/ml2/drivers/ovn/mech_driver/ovsdb/ovsdb_monitor.py:1015}}
Jun 18 07:19:35.379564 np0000181906 devstack@neutron-api.service[102981]: DEBUG neutron.plugins.ml2.drivers.ovn.mech_driver.ovsdb.ovsdb_monitor [-] Hash Ring: Node 5f008141a05d578090c910c15f962eba (host: np0000181906) handling event "update" for row bb54b7d7-3d7a-47fb-bbf3-2bd9fcacd0a8 (table: Logical_Switch) {{(pid=102981) notify /opt/stack/neutron/neutron/plugins/ml2/drivers/ovn/mech_driver/ovsdb/ovsdb_monitor.py:1015}}
Jun 18 07:19:35.379564 np0000181906 devstack@neutron-api.service[102981]: DEBUG neutron.plugins.ml2.drivers.ovn.mech_driver.ovsdb.ovsdb_monitor [-] Hash Ring: Node 5f008141a05d578090c910c15f962eba (host: np0000181906) handling event "create" for row 188ad3b5-eca3-47d3-9971-ac7b64f38039 (table: Logical_Switch_Port) {{(pid=102981) notify /opt/stack/neutron/neutron/plugins/ml2/drivers/ovn/mech_driver/ovsdb/ovsdb_monitor.py:1015}}
Jun 18 07:19:35.380251 np0000181906 devstack@neutron-api.service[102980]: DEBUG neutron.plugins.ml2.drivers.ovn.mech_driver.ovsdb.ovsdb_monitor [-] Hash Ring: Node 63e963a63d605edd8302dfe32ce71598 (host: np0000181906) handling event "update" for row bb54b7d7-3d7a-47fb-bbf3-2bd9fcacd0a8 (table: Logical_Switch) {{(pid=102980) notify /opt/stack/neutron/neutron/plugins/ml2/drivers/ovn/mech_driver/ovsdb/ovsdb_monitor.py:1015}}
Jun 18 07:19:35.380781 np0000181906 devstack@neutron-api.service[102982]: DEBUG ovsdbapp.backend.ovs_idl.event [-] Matched CREATE: LogicalSwitchPortCreateEvent(events=('create',), table='Logical_Switch_Port', conditions=[], old_conditions=None), priority=20 to row=Logical_Switch_Port(uuid=188ad3b5-eca3-47d3-9971-ac7b64f38039, addresses=['fa:16:3e:b4:53:18'], dhcpv4_options=[], dhcpv6_options=[], dynamic_addresses=[], enabled=True, external_ids={'neutron:cidrs': '', 'neutron:device_id': 'ovnmeta-bb54b7d7-3d7a-47fb-bbf3-2bd9fcacd0a8', 'neutron:device_owner': 'network:distributed', 'neutron:mtu': '1372', 'neutron:network_name': 'neutron-bb54b7d7-3d7a-47fb-bbf3-2bd9fcacd0a8', 'neutron:port_capabilities': '', 'neutron:port_name': '', 'neutron:project_id': 'd652f5e977c5496ebd50299c3b326bce', 'neutron:revision_number': '1', 'neutron:security_group_ids': '', 'neutron:subnet_pool_addr_scope4': '', 'neutron:subnet_pool_addr_scope6': '', 'neutron:vnic_type': 'normal'}, ha_chassis_group=[], mirror_rules=[], name='4acb43f6-9a36-4902-b1ec-9b9df3c50dae', options={}, parent_name=[], port_security=[], tag=[], tag_request=[], type='localport', up=[]) old= {{(pid=102982) matches /opt/stack/data/venv/lib/python3.12/site-packages/ovsdbapp/backend/ovs_idl/event.py:55}}
Jun 18 07:19:35.381729 np0000181906 devstack@neutron-api.service[102981]: DEBUG ovsdbapp.backend.ovs_idl.event [-] Matched CREATE: LogicalSwitchPortCreateEvent(events=('create',), table='Logical_Switch_Port', conditions=[], old_conditions=None), priority=20 to row=Logical_Switch_Port(uuid=188ad3b5-eca3-47d3-9971-ac7b64f38039, addresses=['fa:16:3e:b4:53:18'], dhcpv4_options=[], dhcpv6_options=[], dynamic_addresses=[], enabled=True, external_ids={'neutron:cidrs': '', 'neutron:device_id': 'ovnmeta-bb54b7d7-3d7a-47fb-bbf3-2bd9fcacd0a8', 'neutron:device_owner': 'network:distributed', 'neutron:mtu': '1372', 'neutron:network_name': 'neutron-bb54b7d7-3d7a-47fb-bbf3-2bd9fcacd0a8', 'neutron:port_capabilities': '', 'neutron:port_name': '', 'neutron:project_id': 'd652f5e977c5496ebd50299c3b326bce', 'neutron:revision_number': '1', 'neutron:security_group_ids': '', 'neutron:subnet_pool_addr_scope4': '', 'neutron:subnet_pool_addr_scope6': '', 'neutron:vnic_type': 'normal'}, ha_chassis_group=[], mirror_rules=[], name='4acb43f6-9a36-4902-b1ec-9b9df3c50dae', options={}, parent_name=[], port_security=[], tag=[], tag_request=[], type='localport', up=[]) old= {{(pid=102981) matches /opt/stack/data/venv/lib/python3.12/site-packages/ovsdbapp/backend/ovs_idl/event.py:55}}
Jun 18 07:19:35.383308 np0000181906 devstack@neutron-api.service[102981]: INFO neutron.plugins.ml2.drivers.ovn.mech_driver.mech_driver [-] OVN reports status down for port: 4acb43f6-9a36-4902-b1ec-9b9df3c50dae
Jun 18 07:19:35.386976 np0000181906 devstack@neutron-api.service[102982]: INFO neutron.plugins.ml2.drivers.ovn.mech_driver.mech_driver [-] OVN reports status down for port: 4acb43f6-9a36-4902-b1ec-9b9df3c50dae
Jun 18 07:19:35.388158 np0000181906 devstack@neutron-api.service[102982]: DEBUG neutron.plugins.ml2.drivers.ovn.mech_driver.ovsdb.ovsdb_monitor [-] Hash Ring: Node 60751e9d89ba56adac12c0aae0a3b0c2 (host: np0000181906) handling event "update" for row 188ad3b5-eca3-47d3-9971-ac7b64f38039 (table: Logical_Switch_Port) {{(pid=102982) notify /opt/stack/neutron/neutron/plugins/ml2/drivers/ovn/mech_driver/ovsdb/ovsdb_monitor.py:1015}}
Jun 18 07:19:35.388296 np0000181906 devstack@neutron-api.service[102981]: DEBUG neutron.plugins.ml2.drivers.ovn.mech_driver.ovsdb.ovsdb_monitor [-] Hash Ring: Node 5f008141a05d578090c910c15f962eba (host: np0000181906) handling event "create" for row 91fb47bf-dc3f-496e-bcf7-d3381ed08692 (table: Port_Binding) {{(pid=102981) notify /opt/stack/neutron/neutron/plugins/ml2/drivers/ovn/mech_driver/ovsdb/ovsdb_monitor.py:1015}}
Jun 18 07:19:35.388740 np0000181906 devstack@neutron-api.service[102981]: DEBUG neutron.plugins.ml2.drivers.ovn.mech_driver.ovsdb.ovsdb_monitor [-] Hash Ring: Node 5f008141a05d578090c910c15f962eba (host: np0000181906) handling event "update" for row 188ad3b5-eca3-47d3-9971-ac7b64f38039 (table: Logical_Switch_Port) {{(pid=102981) notify /opt/stack/neutron/neutron/plugins/ml2/drivers/ovn/mech_driver/ovsdb/ovsdb_monitor.py:1015}}
Jun 18 07:19:35.436773 np0000181906 devstack@neutron-api.service[102979]: INFO neutron.db.ovn_revision_numbers_db [None req-ffc83423-b9ac-4082-b6cb-f3aa6cff771c admin admin] Successfully bumped revision number for resource 4acb43f6-9a36-4902-b1ec-9b9df3c50dae (type: ports) to 1
Jun 18 07:19:35.447571 np0000181906 devstack@neutron-api.service[102979]: DEBUG neutron.pecan_wsgi.hooks.policy_enforcement [None req-ffc83423-b9ac-4082-b6cb-f3aa6cff771c admin admin] Attributes excluded by policy engine: ['standard_attr_id'] {{(pid=102979) _exclude_attributes_by_policy /opt/stack/neutron/neutron/pecan_wsgi/hooks/policy_enforcement.py:259}}
Jun 18 07:19:35.447996 np0000181906 devstack@neutron-api.service[102979]: DEBUG neutron_lib.callbacks.manager [None req-ffc83423-b9ac-4082-b6cb-f3aa6cff771c admin admin] Publish callbacks [] for network (None), before_response {{(pid=102979) _notify_loop /opt/stack/data/venv/lib/python3.12/site-packages/neutron_lib/callbacks/manager.py:184}}
Jun 18 07:19:35.465089 np0000181906 devstack@neutron-api.service[102982]: DEBUG neutron.db.provisioning_blocks [None req-74536b81-f7e2-4073-b843-344b436ce2b1 None None] Transition to ACTIVE for port object 4acb43f6-9a36-4902-b1ec-9b9df3c50dae will not be triggered until provisioned by entity L2. {{(pid=102982) add_provisioning_component /opt/stack/neutron/neutron/db/provisioning_blocks.py:74}}
Jun 18 07:19:35.466298 np0000181906 devstack@neutron-api.service[102979]: [pid: 102979|app: 0|req: 1/5] 199.204.45.242 () {68 vars in 1357 bytes} [Thu Jun 18 07:19:33 2026] POST /networking/v2.0/networks => generated 681 bytes in 1797 msecs (HTTP/1.1 201) 4 headers in 162 bytes (1 switches on core 0)
Jun 18 07:19:35.474181 np0000181906 devstack@neutron-api.service[102981]: DEBUG neutron_lib.db.api [None req-09e01857-041d-4c29-b71c-1481e3b4030c None None] Retry wrapper got retriable exception: Failed to create a duplicate ProvisioningBlock: for attribute(s) ['provisioningblocks.PRIMARY'] with value(s) 14-L2 {{(pid=102981) wrapped /opt/stack/data/venv/lib/python3.12/site-packages/neutron_lib/db/api.py:185}}
Jun 18 07:19:35.474411 np0000181906 devstack@neutron-api.service[102981]: DEBUG oslo_db.api [None req-09e01857-041d-4c29-b71c-1481e3b4030c None None] Performing DB retry for function neutron.db.provisioning_blocks.add_provisioning_component {{(pid=102981) wrapper /opt/stack/data/venv/lib/python3.12/site-packages/oslo_db/api.py:155}}
Jun 18 07:19:35.512062 np0000181906 devstack@neutron-api.service[102982]: DEBUG neutron.plugins.ml2.plugin [None req-74536b81-f7e2-4073-b843-344b436ce2b1 None None] Current status of the port 4acb43f6-9a36-4902-b1ec-9b9df3c50dae is: DOWN; New status is: DOWN {{(pid=102982) _update_individual_port_db_status /opt/stack/neutron/neutron/plugins/ml2/plugin.py:2470}}
Jun 18 07:19:35.512659 np0000181906 devstack@neutron-api.service[102982]: INFO neutron.plugins.ml2.drivers.ovn.mech_driver.ovsdb.extensions.qos [None req-74536b81-f7e2-4073-b843-344b436ce2b1 None None] Starting OVNClientQosExtension
Jun 18 07:19:35.512812 np0000181906 devstack@neutron-api.service[102982]: INFO neutron.plugins.ml2.drivers.ovn.mech_driver.ovsdb.extensions.placement [None req-74536b81-f7e2-4073-b843-344b436ce2b1 None None] Starting OVNClientPlacementExtension
Jun 18 07:19:35.514902 np0000181906 devstack@neutron-api.service[102982]: DEBUG ovsdbapp.backend.ovs_idl.transaction [-] Running txn n=1 command(idx=0): DbRemoveCommand(_result=None, table=Logical_Switch_Port, record=4acb43f6-9a36-4902-b1ec-9b9df3c50dae, column=external_ids, values=('neutron:host_id',), keyvalues={}, if_exists=True) {{(pid=102982) do_commit /opt/stack/data/venv/lib/python3.12/site-packages/ovsdbapp/backend/ovs_idl/transaction.py:89}}
Jun 18 07:19:35.990902 np0000181906 devstack@neutron-api.service[102981]: DEBUG neutron.db.provisioning_blocks [None req-09e01857-041d-4c29-b71c-1481e3b4030c None None] Ignored duplicate provisioning block setup for port 4acb43f6-9a36-4902-b1ec-9b9df3c50dae by entity L2. {{(pid=102981) add_provisioning_component /opt/stack/neutron/neutron/db/provisioning_blocks.py:69}}
Jun 18 07:19:36.180631 np0000181906 devstack@neutron-api.service[102981]: DEBUG neutron.plugins.ml2.plugin [None req-09e01857-041d-4c29-b71c-1481e3b4030c None None] Current status of the port 4acb43f6-9a36-4902-b1ec-9b9df3c50dae is: DOWN; New status is: DOWN {{(pid=102981) _update_individual_port_db_status /opt/stack/neutron/neutron/plugins/ml2/plugin.py:2470}}
Jun 18 07:19:36.193668 np0000181906 devstack@neutron-api.service[102981]: DEBUG neutron.policy [None req-d3c95aa2-b7ef-4a4e-beca-3c27bba89bf3 admin admin] Loaded default policies from ['neutron'] under neutron.policies entry points {{(pid=102981) register_rules /opt/stack/neutron/neutron/policy.py:65}}
