Apr 25 16:22:29.961326 np0000170202 devstack@neutron-api.service[104225]: DEBUG neutron.plugins.ml2.drivers.ovn.mech_driver.ovsdb.ovsdb_monitor [None req-fdd024ec-4355-40d4-902d-b94afda41fe9 None None] ChassisOVNAgentWriteEvent : Matched Chassis_Private, update, None None {{(pid=104225) matches /opt/stack/neutron/neutron/plugins/ml2/drivers/ovn/mech_driver/ovsdb/ovsdb_monitor.py:64}}
Apr 25 16:22:29.961561 np0000170202 devstack@neutron-api.service[104228]: DEBUG neutron.plugins.ml2.drivers.ovn.mech_driver.ovsdb.ovsdb_monitor [None req-ffe35f79-78ae-4261-8cc8-077500199ff0 None None] ChassisOVNAgentWriteEvent : Matched Chassis_Private, update, None None {{(pid=104228) matches /opt/stack/neutron/neutron/plugins/ml2/drivers/ovn/mech_driver/ovsdb/ovsdb_monitor.py:64}}
Apr 25 16:22:29.961850 np0000170202 devstack@neutron-api.service[104226]: DEBUG neutron.plugins.ml2.drivers.ovn.mech_driver.ovsdb.ovsdb_monitor [None req-9db376d1-22b8-4568-862c-3b1897967024 None None] Touching Hash Ring node "e64ffbd03ba95ef7849a38ef7402c1da" from IDL notify handler {{(pid=104226) notify /opt/stack/neutron/neutron/plugins/ml2/drivers/ovn/mech_driver/ovsdb/ovsdb_monitor.py:906}}
Apr 25 16:22:29.970323 np0000170202 devstack@neutron-api.service[104226]: DEBUG neutron.plugins.ml2.drivers.ovn.mech_driver.ovsdb.ovsdb_monitor [None req-9db376d1-22b8-4568-862c-3b1897967024 None None] Hash Ring: Node e64ffbd03ba95ef7849a38ef7402c1da (host: np0000170202) handling event "update" for row a6263860-9f6f-47a9-a902-badc3cb06598 (table: Chassis_Private) {{(pid=104226) notify /opt/stack/neutron/neutron/plugins/ml2/drivers/ovn/mech_driver/ovsdb/ovsdb_monitor.py:914}}
Apr 25 16:22:39.387826 np0000170202 devstack@neutron-api.service[104228]: DEBUG dbcounter [-] [104228] Writing DB stats neutron:UPDATE=12,neutron:SELECT=200,neutron:INSERT=21,neutron:DELETE=8 {{(pid=104228) stat_writer /opt/stack/data/venv/lib/python3.12/site-packages/dbcounter.py:115}}
Apr 25 16:22:39.596771 np0000170202 devstack@neutron-api.service[104227]: DEBUG dbcounter [-] [104227] Writing DB stats neutron:UPDATE=10,neutron:SELECT=199,neutron:INSERT=20,neutron:DELETE=8 {{(pid=104227) stat_writer /opt/stack/data/venv/lib/python3.12/site-packages/dbcounter.py:115}}
Apr 25 16:22:39.698996 np0000170202 devstack@neutron-api.service[104225]: DEBUG dbcounter [-] [104225] Writing DB stats neutron:UPDATE=7,neutron:SELECT=162,neutron:INSERT=12,neutron:DELETE=2 {{(pid=104225) stat_writer /opt/stack/data/venv/lib/python3.12/site-packages/dbcounter.py:115}}
Apr 25 16:22:39.965043 np0000170202 devstack@neutron-api.service[104226]: DEBUG dbcounter [-] [104226] Writing DB stats neutron:UPDATE=4,neutron:SELECT=104 {{(pid=104226) stat_writer /opt/stack/data/venv/lib/python3.12/site-packages/dbcounter.py:115}}
Apr 25 16:22:43.573815 np0000170202 devstack@neutron-api.service[104225]: DEBUG futurist.periodics [-] Submitting periodic callback 'neutron.plugins.ml2.drivers.ovn.mech_driver.ovsdb.maintenance.HashRingHealthCheckPeriodics.touch_hash_ring_node' {{(pid=104225) _process_scheduled /opt/stack/data/venv/lib/python3.12/site-packages/futurist/periodics.py:784}}
Apr 25 16:22:43.574786 np0000170202 devstack@neutron-api.service[104225]: DEBUG neutron.plugins.ml2.drivers.ovn.mech_driver.ovsdb.maintenance [-] Touching Hash Ring node "5bbe308e08345235b576daa5f8810704" from periodic health check thread {{(pid=104225) touch_hash_ring_node /opt/stack/neutron/neutron/plugins/ml2/drivers/ovn/mech_driver/ovsdb/maintenance.py:1449}}
Apr 25 16:22:44.381289 np0000170202 devstack@neutron-api.service[104228]: DEBUG futurist.periodics [-] Submitting periodic callback 'neutron.plugins.ml2.drivers.ovn.mech_driver.ovsdb.maintenance.HashRingHealthCheckPeriodics.touch_hash_ring_node' {{(pid=104228) _process_scheduled /opt/stack/data/venv/lib/python3.12/site-packages/futurist/periodics.py:784}}
Apr 25 16:22:44.382001 np0000170202 devstack@neutron-api.service[104228]: DEBUG neutron.plugins.ml2.drivers.ovn.mech_driver.ovsdb.maintenance [-] Touching Hash Ring node "d4a02c47375b543d83e3916db7eef249" from periodic health check thread {{(pid=104228) touch_hash_ring_node /opt/stack/neutron/neutron/plugins/ml2/drivers/ovn/mech_driver/ovsdb/maintenance.py:1449}}
Apr 25 16:22:44.393771 np0000170202 devstack@neutron-api.service[104226]: DEBUG futurist.periodics [-] Submitting periodic callback 'neutron.plugins.ml2.drivers.ovn.mech_driver.ovsdb.maintenance.HashRingHealthCheckPeriodics.touch_hash_ring_node' {{(pid=104226) _process_scheduled /opt/stack/data/venv/lib/python3.12/site-packages/futurist/periodics.py:784}}
Apr 25 16:22:44.395226 np0000170202 devstack@neutron-api.service[104226]: DEBUG neutron.plugins.ml2.drivers.ovn.mech_driver.ovsdb.maintenance [-] Touching Hash Ring node "e64ffbd03ba95ef7849a38ef7402c1da" from periodic health check thread {{(pid=104226) touch_hash_ring_node /opt/stack/neutron/neutron/plugins/ml2/drivers/ovn/mech_driver/ovsdb/maintenance.py:1449}}
Apr 25 16:22:44.585286 np0000170202 devstack@neutron-api.service[104227]: DEBUG futurist.periodics [-] Submitting periodic callback 'neutron.plugins.ml2.drivers.ovn.mech_driver.ovsdb.maintenance.HashRingHealthCheckPeriodics.touch_hash_ring_node' {{(pid=104227) _process_scheduled /opt/stack/data/venv/lib/python3.12/site-packages/futurist/periodics.py:784}}
Apr 25 16:22:44.585919 np0000170202 devstack@neutron-api.service[104227]: DEBUG neutron.plugins.ml2.drivers.ovn.mech_driver.ovsdb.maintenance [-] Touching Hash Ring node "ce0df9988521572297f9dc3a925862f1" from periodic health check thread {{(pid=104227) touch_hash_ring_node /opt/stack/neutron/neutron/plugins/ml2/drivers/ovn/mech_driver/ovsdb/maintenance.py:1449}}
Apr 25 16:22:53.588648 np0000170202 devstack@neutron-api.service[104225]: DEBUG dbcounter [-] [104225] Writing DB stats neutron:UPDATE=1,neutron:SELECT=1 {{(pid=104225) stat_writer /opt/stack/data/venv/lib/python3.12/site-packages/dbcounter.py:115}}
Apr 25 16:22:54.391367 np0000170202 devstack@neutron-api.service[104228]: DEBUG dbcounter [-] [104228] Writing DB stats neutron:UPDATE=1,neutron:SELECT=1 {{(pid=104228) stat_writer /opt/stack/data/venv/lib/python3.12/site-packages/dbcounter.py:115}}
Apr 25 16:22:54.406372 np0000170202 devstack@neutron-api.service[104226]: DEBUG dbcounter [-] [104226] Writing DB stats neutron:UPDATE=1,neutron:SELECT=1 {{(pid=104226) stat_writer /opt/stack/data/venv/lib/python3.12/site-packages/dbcounter.py:115}}
Apr 25 16:22:54.598895 np0000170202 devstack@neutron-api.service[104227]: DEBUG dbcounter [-] [104227] Writing DB stats neutron:UPDATE=1,neutron:SELECT=1 {{(pid=104227) stat_writer /opt/stack/data/venv/lib/python3.12/site-packages/dbcounter.py:115}}
Apr 25 16:22:58.575450 np0000170202 devstack@neutron-api.service[104225]: DEBUG futurist.periodics [-] Submitting periodic callback 'neutron.plugins.ml2.drivers.ovn.mech_driver.ovsdb.maintenance.HashRingHealthCheckPeriodics.touch_hash_ring_node' {{(pid=104225) _process_scheduled /opt/stack/data/venv/lib/python3.12/site-packages/futurist/periodics.py:784}}
Apr 25 16:22:58.576292 np0000170202 devstack@neutron-api.service[104225]: DEBUG neutron.plugins.ml2.drivers.ovn.mech_driver.ovsdb.maintenance [-] Touching Hash Ring node "5bbe308e08345235b576daa5f8810704" from periodic health check thread {{(pid=104225) touch_hash_ring_node /opt/stack/neutron/neutron/plugins/ml2/drivers/ovn/mech_driver/ovsdb/maintenance.py:1449}}
Apr 25 16:22:59.382257 np0000170202 devstack@neutron-api.service[104228]: DEBUG futurist.periodics [-] Submitting periodic callback 'neutron.plugins.ml2.drivers.ovn.mech_driver.ovsdb.maintenance.HashRingHealthCheckPeriodics.touch_hash_ring_node' {{(pid=104228) _process_scheduled /opt/stack/data/venv/lib/python3.12/site-packages/futurist/periodics.py:784}}
Apr 25 16:22:59.383160 np0000170202 devstack@neutron-api.service[104228]: DEBUG neutron.plugins.ml2.drivers.ovn.mech_driver.ovsdb.maintenance [-] Touching Hash Ring node "d4a02c47375b543d83e3916db7eef249" from periodic health check thread {{(pid=104228) touch_hash_ring_node /opt/stack/neutron/neutron/plugins/ml2/drivers/ovn/mech_driver/ovsdb/maintenance.py:1449}}
Apr 25 16:22:59.395513 np0000170202 devstack@neutron-api.service[104226]: DEBUG futurist.periodics [-] Submitting periodic callback 'neutron.plugins.ml2.drivers.ovn.mech_driver.ovsdb.maintenance.HashRingHealthCheckPeriodics.touch_hash_ring_node' {{(pid=104226) _process_scheduled /opt/stack/data/venv/lib/python3.12/site-packages/futurist/periodics.py:784}}
Apr 25 16:22:59.396085 np0000170202 devstack@neutron-api.service[104226]: DEBUG neutron.plugins.ml2.drivers.ovn.mech_driver.ovsdb.maintenance [-] Touching Hash Ring node "e64ffbd03ba95ef7849a38ef7402c1da" from periodic health check thread {{(pid=104226) touch_hash_ring_node /opt/stack/neutron/neutron/plugins/ml2/drivers/ovn/mech_driver/ovsdb/maintenance.py:1449}}
Apr 25 16:22:59.586232 np0000170202 devstack@neutron-api.service[104227]: DEBUG futurist.periodics [-] Submitting periodic callback 'neutron.plugins.ml2.drivers.ovn.mech_driver.ovsdb.maintenance.HashRingHealthCheckPeriodics.touch_hash_ring_node' {{(pid=104227) _process_scheduled /opt/stack/data/venv/lib/python3.12/site-packages/futurist/periodics.py:784}}
Apr 25 16:22:59.586903 np0000170202 devstack@neutron-api.service[104227]: DEBUG neutron.plugins.ml2.drivers.ovn.mech_driver.ovsdb.maintenance [-] Touching Hash Ring node "ce0df9988521572297f9dc3a925862f1" from periodic health check thread {{(pid=104227) touch_hash_ring_node /opt/stack/neutron/neutron/plugins/ml2/drivers/ovn/mech_driver/ovsdb/maintenance.py:1449}}
Apr 25 16:23:08.588373 np0000170202 devstack@neutron-api.service[104225]: DEBUG dbcounter [-] [104225] Writing DB stats neutron:UPDATE=1,neutron:SELECT=1 {{(pid=104225) stat_writer /opt/stack/data/venv/lib/python3.12/site-packages/dbcounter.py:115}}
Apr 25 16:23:09.393211 np0000170202 devstack@neutron-api.service[104228]: DEBUG dbcounter [-] [104228] Writing DB stats neutron:UPDATE=1,neutron:SELECT=1 {{(pid=104228) stat_writer /opt/stack/data/venv/lib/python3.12/site-packages/dbcounter.py:115}}
Apr 25 16:23:09.407293 np0000170202 devstack@neutron-api.service[104226]: DEBUG dbcounter [-] [104226] Writing DB stats neutron:UPDATE=1,neutron:SELECT=1 {{(pid=104226) stat_writer /opt/stack/data/venv/lib/python3.12/site-packages/dbcounter.py:115}}
Apr 25 16:23:09.598258 np0000170202 devstack@neutron-api.service[104227]: DEBUG dbcounter [-] [104227] Writing DB stats neutron:UPDATE=1,neutron:SELECT=1 {{(pid=104227) stat_writer /opt/stack/data/venv/lib/python3.12/site-packages/dbcounter.py:115}}
Apr 25 16:23:13.576506 np0000170202 devstack@neutron-api.service[104225]: DEBUG futurist.periodics [-] Submitting periodic callback 'neutron.plugins.ml2.drivers.ovn.mech_driver.ovsdb.maintenance.HashRingHealthCheckPeriodics.touch_hash_ring_node' {{(pid=104225) _process_scheduled /opt/stack/data/venv/lib/python3.12/site-packages/futurist/periodics.py:784}}
Apr 25 16:23:13.577401 np0000170202 devstack@neutron-api.service[104225]: DEBUG neutron.plugins.ml2.drivers.ovn.mech_driver.ovsdb.maintenance [-] Touching Hash Ring node "5bbe308e08345235b576daa5f8810704" from periodic health check thread {{(pid=104225) touch_hash_ring_node /opt/stack/neutron/neutron/plugins/ml2/drivers/ovn/mech_driver/ovsdb/maintenance.py:1449}}
Apr 25 16:23:14.383188 np0000170202 devstack@neutron-api.service[104228]: DEBUG futurist.periodics [-] Submitting periodic callback 'neutron.plugins.ml2.drivers.ovn.mech_driver.ovsdb.maintenance.HashRingHealthCheckPeriodics.touch_hash_ring_node' {{(pid=104228) _process_scheduled /opt/stack/data/venv/lib/python3.12/site-packages/futurist/periodics.py:784}}
Apr 25 16:23:14.383867 np0000170202 devstack@neutron-api.service[104228]: DEBUG neutron.plugins.ml2.drivers.ovn.mech_driver.ovsdb.maintenance [-] Touching Hash Ring node "d4a02c47375b543d83e3916db7eef249" from periodic health check thread {{(pid=104228) touch_hash_ring_node /opt/stack/neutron/neutron/plugins/ml2/drivers/ovn/mech_driver/ovsdb/maintenance.py:1449}}
Apr 25 16:23:14.396304 np0000170202 devstack@neutron-api.service[104226]: DEBUG futurist.periodics [-] Submitting periodic callback 'neutron.plugins.ml2.drivers.ovn.mech_driver.ovsdb.maintenance.HashRingHealthCheckPeriodics.touch_hash_ring_node' {{(pid=104226) _process_scheduled /opt/stack/data/venv/lib/python3.12/site-packages/futurist/periodics.py:784}}
Apr 25 16:23:14.396804 np0000170202 devstack@neutron-api.service[104226]: DEBUG neutron.plugins.ml2.drivers.ovn.mech_driver.ovsdb.maintenance [-] Touching Hash Ring node "e64ffbd03ba95ef7849a38ef7402c1da" from periodic health check thread {{(pid=104226) touch_hash_ring_node /opt/stack/neutron/neutron/plugins/ml2/drivers/ovn/mech_driver/ovsdb/maintenance.py:1449}}
Apr 25 16:23:14.587173 np0000170202 devstack@neutron-api.service[104227]: DEBUG futurist.periodics [-] Submitting periodic callback 'neutron.plugins.ml2.drivers.ovn.mech_driver.ovsdb.maintenance.HashRingHealthCheckPeriodics.touch_hash_ring_node' {{(pid=104227) _process_scheduled /opt/stack/data/venv/lib/python3.12/site-packages/futurist/periodics.py:784}}
Apr 25 16:23:14.587860 np0000170202 devstack@neutron-api.service[104227]: DEBUG neutron.plugins.ml2.drivers.ovn.mech_driver.ovsdb.maintenance [-] Touching Hash Ring node "ce0df9988521572297f9dc3a925862f1" from periodic health check thread {{(pid=104227) touch_hash_ring_node /opt/stack/neutron/neutron/plugins/ml2/drivers/ovn/mech_driver/ovsdb/maintenance.py:1449}}
Apr 25 16:23:23.588866 np0000170202 devstack@neutron-api.service[104225]: DEBUG dbcounter [-] [104225] Writing DB stats neutron:UPDATE=1,neutron:SELECT=1 {{(pid=104225) stat_writer /opt/stack/data/venv/lib/python3.12/site-packages/dbcounter.py:115}}
Apr 25 16:23:24.394378 np0000170202 devstack@neutron-api.service[104228]: DEBUG dbcounter [-] [104228] Writing DB stats neutron:UPDATE=1,neutron:SELECT=1 {{(pid=104228) stat_writer /opt/stack/data/venv/lib/python3.12/site-packages/dbcounter.py:115}}
Apr 25 16:23:24.407866 np0000170202 devstack@neutron-api.service[104226]: DEBUG dbcounter [-] [104226] Writing DB stats neutron:UPDATE=1,neutron:SELECT=1 {{(pid=104226) stat_writer /opt/stack/data/venv/lib/python3.12/site-packages/dbcounter.py:115}}
Apr 25 16:23:24.599104 np0000170202 devstack@neutron-api.service[104227]: DEBUG dbcounter [-] [104227] Writing DB stats neutron:UPDATE=1,neutron:SELECT=1 {{(pid=104227) stat_writer /opt/stack/data/venv/lib/python3.12/site-packages/dbcounter.py:115}}
Apr 25 16:23:28.577438 np0000170202 devstack@neutron-api.service[104225]: DEBUG futurist.periodics [-] Submitting periodic callback 'neutron.plugins.ml2.drivers.ovn.mech_driver.ovsdb.maintenance.HashRingHealthCheckPeriodics.touch_hash_ring_node' {{(pid=104225) _process_scheduled /opt/stack/data/venv/lib/python3.12/site-packages/futurist/periodics.py:784}}
Apr 25 16:23:28.579399 np0000170202 devstack@neutron-api.service[104225]: DEBUG neutron.plugins.ml2.drivers.ovn.mech_driver.ovsdb.maintenance [-] Touching Hash Ring node "5bbe308e08345235b576daa5f8810704" from periodic health check thread {{(pid=104225) touch_hash_ring_node /opt/stack/neutron/neutron/plugins/ml2/drivers/ovn/mech_driver/ovsdb/maintenance.py:1449}}
Apr 25 16:23:29.384137 np0000170202 devstack@neutron-api.service[104228]: DEBUG futurist.periodics [-] Submitting periodic callback 'neutron.plugins.ml2.drivers.ovn.mech_driver.ovsdb.maintenance.HashRingHealthCheckPeriodics.touch_hash_ring_node' {{(pid=104228) _process_scheduled /opt/stack/data/venv/lib/python3.12/site-packages/futurist/periodics.py:784}}
Apr 25 16:23:29.384997 np0000170202 devstack@neutron-api.service[104228]: DEBUG neutron.plugins.ml2.drivers.ovn.mech_driver.ovsdb.maintenance [-] Touching Hash Ring node "d4a02c47375b543d83e3916db7eef249" from periodic health check thread {{(pid=104228) touch_hash_ring_node /opt/stack/neutron/neutron/plugins/ml2/drivers/ovn/mech_driver/ovsdb/maintenance.py:1449}}
Apr 25 16:23:29.397125 np0000170202 devstack@neutron-api.service[104226]: DEBUG futurist.periodics [-] Submitting periodic callback 'neutron.plugins.ml2.drivers.ovn.mech_driver.ovsdb.maintenance.HashRingHealthCheckPeriodics.touch_hash_ring_node' {{(pid=104226) _process_scheduled /opt/stack/data/venv/lib/python3.12/site-packages/futurist/periodics.py:784}}
Apr 25 16:23:29.397772 np0000170202 devstack@neutron-api.service[104226]: DEBUG neutron.plugins.ml2.drivers.ovn.mech_driver.ovsdb.maintenance [-] Touching Hash Ring node "e64ffbd03ba95ef7849a38ef7402c1da" from periodic health check thread {{(pid=104226) touch_hash_ring_node /opt/stack/neutron/neutron/plugins/ml2/drivers/ovn/mech_driver/ovsdb/maintenance.py:1449}}
Apr 25 16:23:29.587850 np0000170202 devstack@neutron-api.service[104227]: DEBUG futurist.periodics [-] Submitting periodic callback 'neutron.plugins.ml2.drivers.ovn.mech_driver.ovsdb.maintenance.HashRingHealthCheckPeriodics.touch_hash_ring_node' {{(pid=104227) _process_scheduled /opt/stack/data/venv/lib/python3.12/site-packages/futurist/periodics.py:784}}
Apr 25 16:23:29.588196 np0000170202 devstack@neutron-api.service[104227]: DEBUG neutron.plugins.ml2.drivers.ovn.mech_driver.ovsdb.maintenance [-] Touching Hash Ring node "ce0df9988521572297f9dc3a925862f1" from periodic health check thread {{(pid=104227) touch_hash_ring_node /opt/stack/neutron/neutron/plugins/ml2/drivers/ovn/mech_driver/ovsdb/maintenance.py:1449}}
Apr 25 16:23:38.589667 np0000170202 devstack@neutron-api.service[104225]: DEBUG dbcounter [-] [104225] Writing DB stats neutron:UPDATE=1,neutron:SELECT=1 {{(pid=104225) stat_writer /opt/stack/data/venv/lib/python3.12/site-packages/dbcounter.py:115}}
Apr 25 16:23:39.398274 np0000170202 devstack@neutron-api.service[104228]: DEBUG dbcounter [-] [104228] Writing DB stats neutron:UPDATE=1,neutron:SELECT=1 {{(pid=104228) stat_writer /opt/stack/data/venv/lib/python3.12/site-packages/dbcounter.py:115}}
Apr 25 16:23:39.408566 np0000170202 devstack@neutron-api.service[104226]: DEBUG dbcounter [-] [104226] Writing DB stats neutron:UPDATE=1,neutron:SELECT=1 {{(pid=104226) stat_writer /opt/stack/data/venv/lib/python3.12/site-packages/dbcounter.py:115}}
Apr 25 16:23:39.601433 np0000170202 devstack@neutron-api.service[104227]: DEBUG dbcounter [-] [104227] Writing DB stats neutron:UPDATE=1,neutron:SELECT=1 {{(pid=104227) stat_writer /opt/stack/data/venv/lib/python3.12/site-packages/dbcounter.py:115}}
Apr 25 16:23:43.578697 np0000170202 devstack@neutron-api.service[104225]: DEBUG futurist.periodics [-] Submitting periodic callback 'neutron.plugins.ml2.drivers.ovn.mech_driver.ovsdb.maintenance.HashRingHealthCheckPeriodics.touch_hash_ring_node' {{(pid=104225) _process_scheduled /opt/stack/data/venv/lib/python3.12/site-packages/futurist/periodics.py:784}}
Apr 25 16:23:43.579494 np0000170202 devstack@neutron-api.service[104225]: DEBUG neutron.plugins.ml2.drivers.ovn.mech_driver.ovsdb.maintenance [-] Touching Hash Ring node "5bbe308e08345235b576daa5f8810704" from periodic health check thread {{(pid=104225) touch_hash_ring_node /opt/stack/neutron/neutron/plugins/ml2/drivers/ovn/mech_driver/ovsdb/maintenance.py:1449}}
Apr 25 16:23:44.385044 np0000170202 devstack@neutron-api.service[104228]: DEBUG futurist.periodics [-] Submitting periodic callback 'neutron.plugins.ml2.drivers.ovn.mech_driver.ovsdb.maintenance.HashRingHealthCheckPeriodics.touch_hash_ring_node' {{(pid=104228) _process_scheduled /opt/stack/data/venv/lib/python3.12/site-packages/futurist/periodics.py:784}}
Apr 25 16:23:44.385859 np0000170202 devstack@neutron-api.service[104228]: DEBUG neutron.plugins.ml2.drivers.ovn.mech_driver.ovsdb.maintenance [-] Touching Hash Ring node "d4a02c47375b543d83e3916db7eef249" from periodic health check thread {{(pid=104228) touch_hash_ring_node /opt/stack/neutron/neutron/plugins/ml2/drivers/ovn/mech_driver/ovsdb/maintenance.py:1449}}
Apr 25 16:23:44.398070 np0000170202 devstack@neutron-api.service[104226]: DEBUG futurist.periodics [-] Submitting periodic callback 'neutron.plugins.ml2.drivers.ovn.mech_driver.ovsdb.maintenance.HashRingHealthCheckPeriodics.touch_hash_ring_node' {{(pid=104226) _process_scheduled /opt/stack/data/venv/lib/python3.12/site-packages/futurist/periodics.py:784}}
Apr 25 16:23:44.398628 np0000170202 devstack@neutron-api.service[104226]: DEBUG neutron.plugins.ml2.drivers.ovn.mech_driver.ovsdb.maintenance [-] Touching Hash Ring node "e64ffbd03ba95ef7849a38ef7402c1da" from periodic health check thread {{(pid=104226) touch_hash_ring_node /opt/stack/neutron/neutron/plugins/ml2/drivers/ovn/mech_driver/ovsdb/maintenance.py:1449}}
Apr 25 16:23:44.588648 np0000170202 devstack@neutron-api.service[104227]: DEBUG futurist.periodics [-] Submitting periodic callback 'neutron.plugins.ml2.drivers.ovn.mech_driver.ovsdb.maintenance.HashRingHealthCheckPeriodics.touch_hash_ring_node' {{(pid=104227) _process_scheduled /opt/stack/data/venv/lib/python3.12/site-packages/futurist/periodics.py:784}}
Apr 25 16:23:44.589407 np0000170202 devstack@neutron-api.service[104227]: DEBUG neutron.plugins.ml2.drivers.ovn.mech_driver.ovsdb.maintenance [-] Touching Hash Ring node "ce0df9988521572297f9dc3a925862f1" from periodic health check thread {{(pid=104227) touch_hash_ring_node /opt/stack/neutron/neutron/plugins/ml2/drivers/ovn/mech_driver/ovsdb/maintenance.py:1449}}
Apr 25 16:23:53.591682 np0000170202 devstack@neutron-api.service[104225]: DEBUG dbcounter [-] [104225] Writing DB stats neutron:UPDATE=1,neutron:SELECT=1 {{(pid=104225) stat_writer /opt/stack/data/venv/lib/python3.12/site-packages/dbcounter.py:115}}
Apr 25 16:23:54.396287 np0000170202 devstack@neutron-api.service[104228]: DEBUG dbcounter [-] [104228] Writing DB stats neutron:UPDATE=1,neutron:SELECT=1 {{(pid=104228) stat_writer /opt/stack/data/venv/lib/python3.12/site-packages/dbcounter.py:115}}
Apr 25 16:23:54.407077 np0000170202 devstack@neutron-api.service[104226]: DEBUG dbcounter [-] [104226] Writing DB stats neutron:UPDATE=1,neutron:SELECT=1 {{(pid=104226) stat_writer /opt/stack/data/venv/lib/python3.12/site-packages/dbcounter.py:115}}
Apr 25 16:23:54.600893 np0000170202 devstack@neutron-api.service[104227]: DEBUG dbcounter [-] [104227] Writing DB stats neutron:UPDATE=1,neutron:SELECT=1 {{(pid=104227) stat_writer /opt/stack/data/venv/lib/python3.12/site-packages/dbcounter.py:115}}
Apr 25 16:23:55.493296 np0000170202 devstack@neutron-api.service[104228]: INFO neutron.pecan_wsgi.hooks.translation [None req-cb81e4ea-22a0-4a9e-9cc0-7a3800e4de0a admin admin] GET failed (client error): The resource could not be found.
Apr 25 16:23:55.494010 np0000170202 devstack@neutron-api.service[104228]: [pid: 104228|app: 0|req: 23/91] 199.204.45.246 () {64 vars in 1334 bytes} [Sat Apr 25 16:23:55 2026] GET /networking/v2.0/networks/admin_net => generated 111 bytes in 13 msecs (HTTP/1.1 404) 4 headers in 164 bytes (1 switches on core 0)
Apr 25 16:23:55.532472 np0000170202 devstack@neutron-api.service[104226]: [pid: 104226|app: 0|req: 23/92] 199.204.45.246 () {64 vars in 1346 bytes} [Sat Apr 25 16:23:55 2026] GET /networking/v2.0/networks?name=admin_net => generated 15 bytes in 27 msecs (HTTP/1.1 200) 4 headers in 156 bytes (1 switches on core 0)
Apr 25 16:23:55.772199 np0000170202 devstack@neutron-api.service[104227]: DEBUG neutron.api.v2.base [None req-17884041-c312-4f7b-9ab4-7c9e9dae3933 admin admin] Request body: {'network': {'project_id': '91b3c37fbe524acbbb3388b57fb59d5d', 'admin_state_up': True, 'name': 'admin_net'}} {{(pid=104227) prepare_request_body /opt/stack/neutron/neutron/api/v2/base.py:727}}
Apr 25 16:23:55.790490 np0000170202 devstack@neutron-api.service[104227]: DEBUG neutron.pecan_wsgi.hooks.quota_enforcement [None req-17884041-c312-4f7b-9ab4-7c9e9dae3933 admin admin] Made reservation on behalf of 91b3c37fbe524acbbb3388b57fb59d5d for: {'network': 1} {{(pid=104227) before /opt/stack/neutron/neutron/pecan_wsgi/hooks/quota_enforcement.py:66}}
Apr 25 16:23:55.794871 np0000170202 devstack@neutron-api.service[104227]: DEBUG neutron_lib.callbacks.manager [None req-17884041-c312-4f7b-9ab4-7c9e9dae3933 admin admin] Publish callbacks ['neutron.plugins.ml2.plugin.SecurityGroupDbMixin._ensure_default_security_group_handler-77851'] for network (None), before_create {{(pid=104227) _notify_loop /opt/stack/data/venv/lib/python3.12/site-packages/neutron_lib/callbacks/manager.py:184}}
Apr 25 16:23:55.801868 np0000170202 devstack@neutron-api.service[104227]: DEBUG neutron_lib.callbacks.manager [None req-17884041-c312-4f7b-9ab4-7c9e9dae3933 admin admin] Publish callbacks [] for security_group (None), before_create {{(pid=104227) _notify_loop /opt/stack/data/venv/lib/python3.12/site-packages/neutron_lib/callbacks/manager.py:184}}
Apr 25 16:23:55.866984 np0000170202 devstack@neutron-api.service[104227]: DEBUG neutron_lib.callbacks.manager [None req-17884041-c312-4f7b-9ab4-7c9e9dae3933 admin admin] Publish callbacks ['neutron.plugins.ml2.drivers.ovn.mech_driver.mech_driver.OVNMechanismDriver._create_security_group_precommit-355032'] for security_group (ce39c307-2c2e-4e6e-a6f3-c0b0599efec1), precommit_create {{(pid=104227) _notify_loop /opt/stack/data/venv/lib/python3.12/site-packages/neutron_lib/callbacks/manager.py:184}}
Apr 25 16:23:55.867128 np0000170202 devstack@neutron-api.service[104227]: DEBUG neutron.db.ovn_revision_numbers_db [None req-17884041-c312-4f7b-9ab4-7c9e9dae3933 admin admin] create_initial_revision uuid=ce39c307-2c2e-4e6e-a6f3-c0b0599efec1, type=security_groups, rev=-1 {{(pid=104227) create_initial_revision /opt/stack/neutron/neutron/db/ovn_revision_numbers_db.py:98}}
Apr 25 16:23:55.868494 np0000170202 devstack@neutron-api.service[104227]: DEBUG neutron.db.ovn_revision_numbers_db [None req-17884041-c312-4f7b-9ab4-7c9e9dae3933 admin admin] create_initial_revision uuid=37cb255b-8687-4a9a-8b6b-f1c0ade6e3a5, type=security_group_rules, rev=-1 {{(pid=104227) create_initial_revision /opt/stack/neutron/neutron/db/ovn_revision_numbers_db.py:98}}
Apr 25 16:23:55.869696 np0000170202 devstack@neutron-api.service[104227]: DEBUG neutron.db.ovn_revision_numbers_db [None req-17884041-c312-4f7b-9ab4-7c9e9dae3933 admin admin] create_initial_revision uuid=8af4bc06-0649-4ce5-9d6e-6cae70371f1e, type=security_group_rules, rev=-1 {{(pid=104227) create_initial_revision /opt/stack/neutron/neutron/db/ovn_revision_numbers_db.py:98}}
Apr 25 16:23:55.870864 np0000170202 devstack@neutron-api.service[104227]: DEBUG neutron.db.ovn_revision_numbers_db [None req-17884041-c312-4f7b-9ab4-7c9e9dae3933 admin admin] create_initial_revision uuid=cef5fcf1-aee3-422d-a67e-f3e6617d29cf, type=security_group_rules, rev=-1 {{(pid=104227) create_initial_revision /opt/stack/neutron/neutron/db/ovn_revision_numbers_db.py:98}}
Apr 25 16:23:55.871812 np0000170202 devstack@neutron-api.service[104227]: DEBUG neutron.db.ovn_revision_numbers_db [None req-17884041-c312-4f7b-9ab4-7c9e9dae3933 admin admin] create_initial_revision uuid=dfc860c0-49a8-40e7-ad13-03b050f548ea, type=security_group_rules, rev=-1 {{(pid=104227) create_initial_revision /opt/stack/neutron/neutron/db/ovn_revision_numbers_db.py:98}}
Apr 25 16:23:55.880345 np0000170202 devstack@neutron-api.service[104227]: DEBUG neutron_lib.callbacks.manager [None req-17884041-c312-4f7b-9ab4-7c9e9dae3933 admin admin] Publish callbacks ['neutron.plugins.ml2.drivers.ovn.mech_driver.mech_driver.OVNMechanismDriver._create_security_group-355054', 'neutron.plugins.ml2.ovo_rpc._ObjectChangeHandler.handle_event-2348103'] for security_group (ce39c307-2c2e-4e6e-a6f3-c0b0599efec1), after_create {{(pid=104227) _notify_loop /opt/stack/data/venv/lib/python3.12/site-packages/neutron_lib/callbacks/manager.py:184}}
Apr 25 16:23:55.881595 np0000170202 devstack@neutron-api.service[104227]: DEBUG ovsdbapp.backend.ovs_idl.transaction [None req-e8aeccef-cd79-46a5-ac46-ed3ea963123e None None] Running txn n=1 command(idx=0): PgAddCommand(_result=None, name=pg_ce39c307_2c2e_4e6e_a6f3_c0b0599efec1, may_exist=False, columns={'acls': [], 'external_ids': {'neutron:security_group_id': 'ce39c307-2c2e-4e6e-a6f3-c0b0599efec1'}}) {{(pid=104227) do_commit /opt/stack/data/venv/lib/python3.12/site-packages/ovsdbapp/backend/ovs_idl/transaction.py:89}}
Apr 25 16:23:55.882240 np0000170202 devstack@neutron-api.service[104227]: DEBUG ovsdbapp.backend.ovs_idl.transaction [None req-e8aeccef-cd79-46a5-ac46-ed3ea963123e None None] Running txn n=1 command(idx=1): PgAclAddCommand(_result=None, entity=pg_ce39c307_2c2e_4e6e_a6f3_c0b0599efec1, direction=from-lport, priority=1002, match=inport == @pg_ce39c307_2c2e_4e6e_a6f3_c0b0599efec1 && ip6, action=allow-related, log=False, may_exist=True, severity=[], name=[], meter=[], external_ids={'neutron:security_group_rule_id': '37cb255b-8687-4a9a-8b6b-f1c0ade6e3a5'}) {{(pid=104227) do_commit /opt/stack/data/venv/lib/python3.12/site-packages/ovsdbapp/backend/ovs_idl/transaction.py:89}}
Apr 25 16:23:55.882913 np0000170202 devstack@neutron-api.service[104227]: DEBUG ovsdbapp.backend.ovs_idl.transaction [None req-e8aeccef-cd79-46a5-ac46-ed3ea963123e None None] Running txn n=1 command(idx=2): PgAclAddCommand(_result=None, entity=pg_ce39c307_2c2e_4e6e_a6f3_c0b0599efec1, direction=from-lport, priority=1002, match=inport == @pg_ce39c307_2c2e_4e6e_a6f3_c0b0599efec1 && ip4, action=allow-related, log=False, may_exist=True, severity=[], name=[], meter=[], external_ids={'neutron:security_group_rule_id': '8af4bc06-0649-4ce5-9d6e-6cae70371f1e'}) {{(pid=104227) do_commit /opt/stack/data/venv/lib/python3.12/site-packages/ovsdbapp/backend/ovs_idl/transaction.py:89}}
Apr 25 16:23:55.883427 np0000170202 devstack@neutron-api.service[104227]: DEBUG ovsdbapp.backend.ovs_idl.transaction [None req-e8aeccef-cd79-46a5-ac46-ed3ea963123e None None] Running txn n=1 command(idx=3): PgAclAddCommand(_result=None, entity=pg_ce39c307_2c2e_4e6e_a6f3_c0b0599efec1, direction=to-lport, priority=1002, match=outport == @pg_ce39c307_2c2e_4e6e_a6f3_c0b0599efec1 && ip6 && ip6.src == $pg_ce39c307_2c2e_4e6e_a6f3_c0b0599efec1_ip6, action=allow-related, log=False, may_exist=True, severity=[], name=[], meter=[], external_ids={'neutron:security_group_rule_id': 'cef5fcf1-aee3-422d-a67e-f3e6617d29cf'}) {{(pid=104227) do_commit /opt/stack/data/venv/lib/python3.12/site-packages/ovsdbapp/backend/ovs_idl/transaction.py:89}}
Apr 25 16:23:55.918816 np0000170202 devstack@neutron-api.service[104227]: DEBUG ovsdbapp.backend.ovs_idl.transaction [None req-e8aeccef-cd79-46a5-ac46-ed3ea963123e None None] Running txn n=1 command(idx=4): PgAclAddCommand(_result=None, entity=pg_ce39c307_2c2e_4e6e_a6f3_c0b0599efec1, direction=to-lport, priority=1002, match=outport == @pg_ce39c307_2c2e_4e6e_a6f3_c0b0599efec1 && ip4 && ip4.src == $pg_ce39c307_2c2e_4e6e_a6f3_c0b0599efec1_ip4, action=allow-related, log=False, may_exist=True, severity=[], name=[], meter=[], external_ids={'neutron:security_group_rule_id': 'dfc860c0-49a8-40e7-ad13-03b050f548ea'}) {{(pid=104227) do_commit /opt/stack/data/venv/lib/python3.12/site-packages/ovsdbapp/backend/ovs_idl/transaction.py:89}}
Apr 25 16:23:55.932446 np0000170202 devstack@neutron-api.service[104227]: DEBUG neutron.common.ovn.hash_ring_manager [None req-e8aeccef-cd79-46a5-ac46-ed3ea963123e None None] Hash Ring loaded. 4 active nodes. 0 offline nodes {{(pid=104227) _load_hash_ring /opt/stack/neutron/neutron/common/ovn/hash_ring_manager.py:102}}
Apr 25 16:23:55.932777 np0000170202 devstack@neutron-api.service[104227]: DEBUG neutron.plugins.ml2.drivers.ovn.mech_driver.ovsdb.ovsdb_monitor [None req-e8aeccef-cd79-46a5-ac46-ed3ea963123e None None] Hash Ring: Node ce0df9988521572297f9dc3a925862f1 (host: np0000170202) handling event "create" for row f8c547d6-6ab4-45de-a827-9aac01529d0f (table: ACL) {{(pid=104227) notify /opt/stack/neutron/neutron/plugins/ml2/drivers/ovn/mech_driver/ovsdb/ovsdb_monitor.py:914}}
Apr 25 16:23:55.933565 np0000170202 devstack@neutron-api.service[104226]: DEBUG neutron.common.ovn.hash_ring_manager [None req-8fed5d7a-77bf-4e81-8427-91451e32daca None None] Hash Ring loaded. 4 active nodes. 0 offline nodes {{(pid=104226) _load_hash_ring /opt/stack/neutron/neutron/common/ovn/hash_ring_manager.py:102}}
Apr 25 16:23:55.933619 np0000170202 devstack@neutron-api.service[104228]: DEBUG neutron.common.ovn.hash_ring_manager [None req-09aa3f16-c485-47ef-a566-3a74d6acc3d6 None None] Hash Ring loaded. 4 active nodes. 0 offline nodes {{(pid=104228) _load_hash_ring /opt/stack/neutron/neutron/common/ovn/hash_ring_manager.py:102}}
Apr 25 16:23:55.933992 np0000170202 devstack@neutron-api.service[104228]: DEBUG neutron.plugins.ml2.drivers.ovn.mech_driver.ovsdb.ovsdb_monitor [None req-09aa3f16-c485-47ef-a566-3a74d6acc3d6 None None] Hash Ring: Node d4a02c47375b543d83e3916db7eef249 (host: np0000170202) handling event "create" for row 97ea7c46-5e42-43b5-8577-bc1e59675152 (table: Port_Group) {{(pid=104228) notify /opt/stack/neutron/neutron/plugins/ml2/drivers/ovn/mech_driver/ovsdb/ovsdb_monitor.py:914}}
Apr 25 16:23:55.934046 np0000170202 devstack@neutron-api.service[104226]: DEBUG neutron.plugins.ml2.drivers.ovn.mech_driver.ovsdb.ovsdb_monitor [None req-8fed5d7a-77bf-4e81-8427-91451e32daca None None] Hash Ring: Node e64ffbd03ba95ef7849a38ef7402c1da (host: np0000170202) handling event "create" for row e9045d09-fd26-4df1-901b-f65a9a296a69 (table: ACL) {{(pid=104226) notify /opt/stack/neutron/neutron/plugins/ml2/drivers/ovn/mech_driver/ovsdb/ovsdb_monitor.py:914}}
Apr 25 16:23:55.935397 np0000170202 devstack@neutron-api.service[104225]: DEBUG neutron.common.ovn.hash_ring_manager [None req-baefbe39-2f10-4737-8832-f536f934af45 None None] Hash Ring loaded. 4 active nodes. 0 offline nodes {{(pid=104225) _load_hash_ring /opt/stack/neutron/neutron/common/ovn/hash_ring_manager.py:102}}
Apr 25 16:23:55.935836 np0000170202 devstack@neutron-api.service[104225]: DEBUG neutron.plugins.ml2.drivers.ovn.mech_driver.ovsdb.ovsdb_monitor [None req-baefbe39-2f10-4737-8832-f536f934af45 None None] Hash Ring: Node 5bbe308e08345235b576daa5f8810704 (host: np0000170202) handling event "create" for row 69061d06-451e-4bf2-b61b-59292f54bff4 (table: ACL) {{(pid=104225) notify /opt/stack/neutron/neutron/plugins/ml2/drivers/ovn/mech_driver/ovsdb/ovsdb_monitor.py:914}}
Apr 25 16:23:55.935836 np0000170202 devstack@neutron-api.service[104225]: DEBUG neutron.plugins.ml2.drivers.ovn.mech_driver.ovsdb.ovsdb_monitor [None req-baefbe39-2f10-4737-8832-f536f934af45 None None] Hash Ring: Node 5bbe308e08345235b576daa5f8810704 (host: np0000170202) handling event "create" for row 8880d800-787f-4558-8519-f37f6ffb36f5 (table: ACL) {{(pid=104225) notify /opt/stack/neutron/neutron/plugins/ml2/drivers/ovn/mech_driver/ovsdb/ovsdb_monitor.py:914}}
Apr 25 16:23:55.952507 np0000170202 devstack@neutron-api.service[104227]: INFO neutron.db.ovn_revision_numbers_db [None req-17884041-c312-4f7b-9ab4-7c9e9dae3933 admin admin] Successfully bumped revision number for resource ce39c307-2c2e-4e6e-a6f3-c0b0599efec1 (type: security_groups) to 1
Apr 25 16:23:55.966201 np0000170202 devstack@neutron-api.service[104227]: INFO neutron.db.ovn_revision_numbers_db [None req-17884041-c312-4f7b-9ab4-7c9e9dae3933 admin admin] Successfully bumped revision number for resource 37cb255b-8687-4a9a-8b6b-f1c0ade6e3a5 (type: security_group_rules) to 0
Apr 25 16:23:55.979272 np0000170202 devstack@neutron-api.service[104227]: INFO neutron.db.ovn_revision_numbers_db [None req-17884041-c312-4f7b-9ab4-7c9e9dae3933 admin admin] Successfully bumped revision number for resource 8af4bc06-0649-4ce5-9d6e-6cae70371f1e (type: security_group_rules) to 0
Apr 25 16:23:55.993296 np0000170202 devstack@neutron-api.service[104227]: INFO neutron.db.ovn_revision_numbers_db [None req-17884041-c312-4f7b-9ab4-7c9e9dae3933 admin admin] Successfully bumped revision number for resource cef5fcf1-aee3-422d-a67e-f3e6617d29cf (type: security_group_rules) to 0
Apr 25 16:23:56.009506 np0000170202 devstack@neutron-api.service[104227]: INFO neutron.db.ovn_revision_numbers_db [None req-17884041-c312-4f7b-9ab4-7c9e9dae3933 admin admin] Successfully bumped revision number for resource dfc860c0-49a8-40e7-ad13-03b050f548ea (type: security_group_rules) to 0
Apr 25 16:23:56.036828 np0000170202 devstack@neutron-api.service[104227]: DEBUG neutron.api.rpc.handlers.resources_rpc [None req-17884041-c312-4f7b-9ab4-7c9e9dae3933 admin admin] Pushing event updated for resources: {'SecurityGroup': ['ID=ce39c307-2c2e-4e6e-a6f3-c0b0599efec1,revision_number=1']} {{(pid=104227) push /opt/stack/neutron/neutron/api/rpc/handlers/resources_rpc.py:237}}
Apr 25 16:23:56.041839 np0000170202 devstack@neutron-api.service[104227]: DEBUG ovsdbapp.backend.ovs_idl.transaction [None req-e8aeccef-cd79-46a5-ac46-ed3ea963123e None None] Running txn n=1 command(idx=0): CheckLivenessCommand(_result=None) {{(pid=104227) do_commit /opt/stack/data/venv/lib/python3.12/site-packages/ovsdbapp/backend/ovs_idl/transaction.py:89}}
Apr 25 16:23:56.047487 np0000170202 devstack@neutron-api.service[104227]: DEBUG neutron.plugins.ml2.drivers.ovn.mech_driver.ovsdb.ovsdb_monitor [None req-e8aeccef-cd79-46a5-ac46-ed3ea963123e None None] Hash Ring: Node ce0df9988521572297f9dc3a925862f1 (host: np0000170202) handling event "update" for row 7a664055-e0fc-414b-bcb8-3f80351c59a9 (table: NB_Global) {{(pid=104227) notify /opt/stack/neutron/neutron/plugins/ml2/drivers/ovn/mech_driver/ovsdb/ovsdb_monitor.py:914}}
Apr 25 16:23:56.050655 np0000170202 devstack@neutron-api.service[104227]: DEBUG neutron.api.rpc.callbacks.version_manager [None req-17884041-c312-4f7b-9ab4-7c9e9dae3933 admin admin] Tracked resource versions report:
Apr 25 16:23:56.050655 np0000170202 devstack@neutron-api.service[104227]: pushed versions:
Apr 25 16:23:56.050655 np0000170202 devstack@neutron-api.service[104227]: { 'AddressGroup': {'1.2'},
Apr 25 16:23:56.050655 np0000170202 devstack@neutron-api.service[104227]: 'Agent': {'1.1'},
Apr 25 16:23:56.050655 np0000170202 devstack@neutron-api.service[104227]: 'ConntrackHelper': {'1.0'},
Apr 25 16:23:56.050655 np0000170202 devstack@neutron-api.service[104227]: 'LocalIPAssociation': {'1.0'},
Apr 25 16:23:56.050655 np0000170202 devstack@neutron-api.service[104227]: 'Log': {'1.0'},
Apr 25 16:23:56.050655 np0000170202 devstack@neutron-api.service[104227]: 'NDPProxy': {'1.0'},
Apr 25 16:23:56.050655 np0000170202 devstack@neutron-api.service[104227]: 'Network': {'1.2'},
Apr 25 16:23:56.050655 np0000170202 devstack@neutron-api.service[104227]: 'Port': {'1.10'},
Apr 25 16:23:56.050655 np0000170202 devstack@neutron-api.service[104227]: 'PortForwarding': {'1.3'},
Apr 25 16:23:56.050655 np0000170202 devstack@neutron-api.service[104227]: 'QosPolicy': {'1.10'},
Apr 25 16:23:56.050655 np0000170202 devstack@neutron-api.service[104227]: 'SecurityGroup': {'1.6'},
Apr 25 16:23:56.050655 np0000170202 devstack@neutron-api.service[104227]: 'SecurityGroupRule': {'1.3'},
Apr 25 16:23:56.050655 np0000170202 devstack@neutron-api.service[104227]: 'SubPort': {'1.0'},
Apr 25 16:23:56.050655 np0000170202 devstack@neutron-api.service[104227]: 'Subnet': {'1.2'},
Apr 25 16:23:56.050655 np0000170202 devstack@neutron-api.service[104227]: 'Trunk': {'1.1'}}
Apr 25 16:23:56.050655 np0000170202 devstack@neutron-api.service[104227]: consumer versions:
Apr 25 16:23:56.050655 np0000170202 devstack@neutron-api.service[104227]: { OVN Neutron agent@np0000170202: {},
Apr 25 16:23:56.050655 np0000170202 devstack@neutron-api.service[104227]: OVN Controller Gateway agent@np0000170202: {}}
Apr 25 16:23:56.050655 np0000170202 devstack@neutron-api.service[104227]: {{(pid=104227) report /opt/stack/neutron/neutron/api/rpc/callbacks/version_manager.py:183}}
Apr 25 16:23:56.053991 np0000170202 devstack@neutron-api.service[104227]: DEBUG neutron.plugins.ml2.drivers.ovn.mech_driver.ovsdb.ovsdb_monitor [None req-e8aeccef-cd79-46a5-ac46-ed3ea963123e None None] Hash Ring: Node ce0df9988521572297f9dc3a925862f1 (host: np0000170202) handling event "update" for row 7a664055-e0fc-414b-bcb8-3f80351c59a9 (table: NB_Global) {{(pid=104227) notify /opt/stack/neutron/neutron/plugins/ml2/drivers/ovn/mech_driver/ovsdb/ovsdb_monitor.py:914}}
Apr 25 16:23:56.056251 np0000170202 devstack@neutron-api.service[104227]: DEBUG neutron.plugins.ml2.drivers.ovn.mech_driver.ovsdb.ovsdb_monitor [None req-e8aeccef-cd79-46a5-ac46-ed3ea963123e None None] Hash Ring: Node ce0df9988521572297f9dc3a925862f1 (host: np0000170202) handling event "update" for row 7a664055-e0fc-414b-bcb8-3f80351c59a9 (table: NB_Global) {{(pid=104227) notify /opt/stack/neutron/neutron/plugins/ml2/drivers/ovn/mech_driver/ovsdb/ovsdb_monitor.py:914}}
Apr 25 16:23:56.056765 np0000170202 devstack@neutron-api.service[104226]: DEBUG neutron.plugins.ml2.drivers.ovn.mech_driver.ovsdb.ovsdb_monitor [None req-9db376d1-22b8-4568-862c-3b1897967024 None None] ChassisAgentWriteEvent : Matched Chassis_Private, update, None None {{(pid=104226) matches /opt/stack/neutron/neutron/plugins/ml2/drivers/ovn/mech_driver/ovsdb/ovsdb_monitor.py:64}}
Apr 25 16:23:56.057401 np0000170202 devstack@neutron-api.service[104228]: DEBUG neutron.plugins.ml2.drivers.ovn.mech_driver.ovsdb.ovsdb_monitor [None req-ffe35f79-78ae-4261-8cc8-077500199ff0 None None] ChassisAgentWriteEvent : Matched Chassis_Private, update, None None {{(pid=104228) matches /opt/stack/neutron/neutron/plugins/ml2/drivers/ovn/mech_driver/ovsdb/ovsdb_monitor.py:64}}
Apr 25 16:23:56.057815 np0000170202 devstack@neutron-api.service[104225]: DEBUG neutron.plugins.ml2.drivers.ovn.mech_driver.ovsdb.ovsdb_monitor [None req-fdd024ec-4355-40d4-902d-b94afda41fe9 None None] ChassisAgentWriteEvent : Matched Chassis_Private, update, None None {{(pid=104225) matches /opt/stack/neutron/neutron/plugins/ml2/drivers/ovn/mech_driver/ovsdb/ovsdb_monitor.py:64}}
Apr 25 16:23:56.059314 np0000170202 devstack@neutron-api.service[104227]: DEBUG neutron.plugins.ml2.drivers.ovn.mech_driver.ovsdb.ovsdb_monitor [None req-12052406-1ae7-4f94-b300-bb2cf6a4c536 None None] ChassisAgentWriteEvent : Matched Chassis_Private, update, None None {{(pid=104227) matches /opt/stack/neutron/neutron/plugins/ml2/drivers/ovn/mech_driver/ovsdb/ovsdb_monitor.py:64}}
Apr 25 16:23:56.064618 np0000170202 devstack@neutron-api.service[104228]: DEBUG neutron.common.ovn.hash_ring_manager [None req-ffe35f79-78ae-4261-8cc8-077500199ff0 None None] Hash Ring loaded. 4 active nodes. 0 offline nodes {{(pid=104228) _load_hash_ring /opt/stack/neutron/neutron/common/ovn/hash_ring_manager.py:102}}
Apr 25 16:23:56.065981 np0000170202 devstack@neutron-api.service[104227]: DEBUG neutron.plugins.ml2.drivers.ovn.mech_driver.ovsdb.ovsdb_monitor [None req-e8aeccef-cd79-46a5-ac46-ed3ea963123e None None] Hash Ring: Node ce0df9988521572297f9dc3a925862f1 (host: np0000170202) handling event "update" for row 7a664055-e0fc-414b-bcb8-3f80351c59a9 (table: NB_Global) {{(pid=104227) notify /opt/stack/neutron/neutron/plugins/ml2/drivers/ovn/mech_driver/ovsdb/ovsdb_monitor.py:914}}
Apr 25 16:23:56.066030 np0000170202 devstack@neutron-api.service[104226]: DEBUG neutron.common.ovn.hash_ring_manager [None req-9db376d1-22b8-4568-862c-3b1897967024 None None] Hash Ring loaded. 4 active nodes. 0 offline nodes {{(pid=104226) _load_hash_ring /opt/stack/neutron/neutron/common/ovn/hash_ring_manager.py:102}}
Apr 25 16:23:56.066258 np0000170202 devstack@neutron-api.service[104226]: DEBUG neutron.plugins.ml2.drivers.ovn.mech_driver.ovsdb.ovsdb_monitor [None req-9db376d1-22b8-4568-862c-3b1897967024 None None] Hash Ring: Node e64ffbd03ba95ef7849a38ef7402c1da (host: np0000170202) handling event "update" for row a6263860-9f6f-47a9-a902-badc3cb06598 (table: Chassis_Private) {{(pid=104226) notify /opt/stack/neutron/neutron/plugins/ml2/drivers/ovn/mech_driver/ovsdb/ovsdb_monitor.py:914}}
Apr 25 16:23:56.066638 np0000170202 devstack@neutron-api.service[104225]: DEBUG neutron.common.ovn.hash_ring_manager [None req-fdd024ec-4355-40d4-902d-b94afda41fe9 None None] Hash Ring loaded. 4 active nodes. 0 offline nodes {{(pid=104225) _load_hash_ring /opt/stack/neutron/neutron/common/ovn/hash_ring_manager.py:102}}
Apr 25 16:23:56.069822 np0000170202 devstack@neutron-api.service[104227]: DEBUG neutron.common.ovn.hash_ring_manager [None req-12052406-1ae7-4f94-b300-bb2cf6a4c536 None None] Hash Ring loaded. 4 active nodes. 0 offline nodes {{(pid=104227) _load_hash_ring /opt/stack/neutron/neutron/common/ovn/hash_ring_manager.py:102}}
Apr 25 16:23:56.099100 np0000170202 devstack@neutron-api.service[104227]: DEBUG neutron.plugins.ml2.drivers.helpers [None req-17884041-c312-4f7b-9ab4-7c9e9dae3933 admin admin] geneve segment allocate from pool success with {'geneve_vni': 27921} {{(pid=104227) allocate_partially_specified_segment /opt/stack/neutron/neutron/plugins/ml2/drivers/helpers.py:142}}
Apr 25 16:23:56.108538 np0000170202 devstack@neutron-api.service[104227]: DEBUG neutron_lib.callbacks.manager [None req-17884041-c312-4f7b-9ab4-7c9e9dae3933 admin admin] Publish callbacks ['neutron.services.segments.db._add_segment_host_mapping_for_segment-8636372965196', 'neutron.plugins.ml2.plugin.Ml2Plugin._handle_segment_change-1963995'] for segment (78862893-e1ca-494e-88dd-79d3e5dce9b6), precommit_create {{(pid=104227) _notify_loop /opt/stack/data/venv/lib/python3.12/site-packages/neutron_lib/callbacks/manager.py:184}}
Apr 25 16:23:56.108691 np0000170202 devstack@neutron-api.service[104227]: INFO neutron.db.segments_db [None req-17884041-c312-4f7b-9ab4-7c9e9dae3933 admin admin] Added segment 78862893-e1ca-494e-88dd-79d3e5dce9b6 of type geneve for network 3a207e33-f826-4b33-b960-f7b5b2e15bcb
Apr 25 16:23:56.122971 np0000170202 devstack@neutron-api.service[104227]: DEBUG neutron_lib.callbacks.manager [None req-17884041-c312-4f7b-9ab4-7c9e9dae3933 admin admin] Publish callbacks ['neutron.services.auto_allocate.db._ensure_external_network_default_value_callback-8636370971822'] for network (3a207e33-f826-4b33-b960-f7b5b2e15bcb), precommit_create {{(pid=104227) _notify_loop /opt/stack/data/venv/lib/python3.12/site-packages/neutron_lib/callbacks/manager.py:184}}
Apr 25 16:23:56.134637 np0000170202 devstack@neutron-api.service[104227]: DEBUG neutron.plugins.ml2.drivers.ovn.mech_driver.mech_driver [None req-17884041-c312-4f7b-9ab4-7c9e9dae3933 admin admin] Validating network segment with type geneve, segmentation ID 27921, physical network None {{(pid=104227) _validate_network_segments /opt/stack/neutron/neutron/plugins/ml2/drivers/ovn/mech_driver/mech_driver.py:641}}
Apr 25 16:23:56.134835 np0000170202 devstack@neutron-api.service[104227]: DEBUG neutron.db.ovn_revision_numbers_db [None req-17884041-c312-4f7b-9ab4-7c9e9dae3933 admin admin] create_initial_revision uuid=3a207e33-f826-4b33-b960-f7b5b2e15bcb, type=networks, rev=-1 {{(pid=104227) create_initial_revision /opt/stack/neutron/neutron/db/ovn_revision_numbers_db.py:98}}
Apr 25 16:23:56.144446 np0000170202 devstack@neutron-api.service[104227]: DEBUG neutron_lib.callbacks.manager [None req-17884041-c312-4f7b-9ab4-7c9e9dae3933 admin admin] Publish callbacks ['neutron.plugins.ml2.ovo_rpc._ObjectChangeHandler.handle_event-2348098'] for network (3a207e33-f826-4b33-b960-f7b5b2e15bcb), after_create {{(pid=104227) _notify_loop /opt/stack/data/venv/lib/python3.12/site-packages/neutron_lib/callbacks/manager.py:184}}
Apr 25 16:23:56.161658 np0000170202 devstack@neutron-api.service[104227]: DEBUG neutron.api.rpc.handlers.resources_rpc [None req-17884041-c312-4f7b-9ab4-7c9e9dae3933 admin admin] Pushing event updated for resources: {'Network': ['ID=3a207e33-f826-4b33-b960-f7b5b2e15bcb,revision_number=1']} {{(pid=104227) push /opt/stack/neutron/neutron/api/rpc/handlers/resources_rpc.py:237}}
Apr 25 16:23:56.171196 np0000170202 devstack@neutron-api.service[104227]: DEBUG ovsdbapp.backend.ovs_idl.transaction [None req-e8aeccef-cd79-46a5-ac46-ed3ea963123e None None] Running txn n=1 command(idx=0): AddNetworkCommand(_result=None, network_uuid=3a207e33-f826-4b33-b960-f7b5b2e15bcb, may_exist=True, columns={'external_ids': {'neutron:network_name': 'admin_net', 'neutron:mtu': '1372', 'neutron:revision_number': '1', 'neutron:availability_zone_hints': '', 'neutron:provnet-network-type': 'geneve'}, 'other_config': {'mcast_snoop': 'false', 'mcast_flood_unregistered': 'false', 'vlan-passthru': 'false'}}) {{(pid=104227) do_commit /opt/stack/data/venv/lib/python3.12/site-packages/ovsdbapp/backend/ovs_idl/transaction.py:89}}
Apr 25 16:23:56.179256 np0000170202 devstack@neutron-api.service[104226]: DEBUG neutron.plugins.ml2.drivers.ovn.mech_driver.ovsdb.ovsdb_monitor [None req-8fed5d7a-77bf-4e81-8427-91451e32daca None None] Hash Ring: Node e64ffbd03ba95ef7849a38ef7402c1da (host: np0000170202) handling event "create" for row 3a207e33-f826-4b33-b960-f7b5b2e15bcb (table: Logical_Switch) {{(pid=104226) notify /opt/stack/neutron/neutron/plugins/ml2/drivers/ovn/mech_driver/ovsdb/ovsdb_monitor.py:914}}
Apr 25 16:23:56.181432 np0000170202 devstack@neutron-api.service[104226]: DEBUG neutron.plugins.ml2.drivers.ovn.mech_driver.ovsdb.ovsdb_monitor [None req-9db376d1-22b8-4568-862c-3b1897967024 None None] Hash Ring: Node e64ffbd03ba95ef7849a38ef7402c1da (host: np0000170202) handling event "create" for row 429c5696-b4f3-4bb8-af22-779397cdafe3 (table: Datapath_Binding) {{(pid=104226) notify /opt/stack/neutron/neutron/plugins/ml2/drivers/ovn/mech_driver/ovsdb/ovsdb_monitor.py:914}}
Apr 25 16:23:56.203393 np0000170202 devstack@neutron-api.service[104227]: INFO neutron.db.ovn_revision_numbers_db [None req-17884041-c312-4f7b-9ab4-7c9e9dae3933 admin admin] Successfully bumped revision number for resource 3a207e33-f826-4b33-b960-f7b5b2e15bcb (type: networks) to 1
Apr 25 16:23:56.217998 np0000170202 devstack@neutron-api.service[104227]: DEBUG neutron_lib.callbacks.manager [None req-17884041-c312-4f7b-9ab4-7c9e9dae3933 admin admin] Publish callbacks ['neutron.plugins.ml2.plugin.SecurityGroupDbMixin._ensure_default_security_group_handler-77851'] for port (None), before_create {{(pid=104227) _notify_loop /opt/stack/data/venv/lib/python3.12/site-packages/neutron_lib/callbacks/manager.py:184}}
