Apr 24 19:14:48.823686 np0000170089 nova-scheduler[109509]: DEBUG cotyledon.oslo_config_glue [-] vnc.server_listen = 127.0.0.1 {{(pid=109509) log_opt_values /opt/stack/data/venv/lib/python3.12/site-packages/oslo_config/cfg.py:3006}}
Apr 24 19:14:48.823686 np0000170089 nova-scheduler[109509]: DEBUG cotyledon.oslo_config_glue [-] vnc.server_proxyclient_address = 127.0.0.1 {{(pid=109509) log_opt_values /opt/stack/data/venv/lib/python3.12/site-packages/oslo_config/cfg.py:3006}}
Apr 24 19:14:48.824067 np0000170089 nova-scheduler[109509]: DEBUG cotyledon.oslo_config_glue [-] vnc.vencrypt_ca_certs = None {{(pid=109509) log_opt_values /opt/stack/data/venv/lib/python3.12/site-packages/oslo_config/cfg.py:3006}}
Apr 24 19:14:48.824067 np0000170089 nova-scheduler[109509]: DEBUG cotyledon.oslo_config_glue [-] vnc.vencrypt_client_cert = None {{(pid=109509) log_opt_values /opt/stack/data/venv/lib/python3.12/site-packages/oslo_config/cfg.py:3006}}
Apr 24 19:14:48.824067 np0000170089 nova-scheduler[109509]: DEBUG cotyledon.oslo_config_glue [-] vnc.vencrypt_client_key = None {{(pid=109509) log_opt_values /opt/stack/data/venv/lib/python3.12/site-packages/oslo_config/cfg.py:3006}}
Apr 24 19:14:48.824175 np0000170089 nova-scheduler[109493]: DEBUG nova.service [None req-783fb212-71c2-487f-8e17-faff7307a27e None None] Creating RPC server for service: nova-scheduler on topic: scheduler {{(pid=109493) start /opt/stack/nova/nova/service.py:195}}
Apr 24 19:14:48.824325 np0000170089 nova-scheduler[109509]: DEBUG cotyledon.oslo_config_glue [-] workarounds.disable_compute_service_check_for_ffu = False {{(pid=109509) log_opt_values /opt/stack/data/venv/lib/python3.12/site-packages/oslo_config/cfg.py:3006}}
Apr 24 19:14:48.824325 np0000170089 nova-scheduler[109509]: DEBUG cotyledon.oslo_config_glue [-] workarounds.disable_deep_image_inspection = False {{(pid=109509) log_opt_values /opt/stack/data/venv/lib/python3.12/site-packages/oslo_config/cfg.py:3006}}
Apr 24 19:14:48.824325 np0000170089 nova-scheduler[109509]: DEBUG cotyledon.oslo_config_glue [-] workarounds.disable_fallback_pcpu_query = False {{(pid=109509) log_opt_values /opt/stack/data/venv/lib/python3.12/site-packages/oslo_config/cfg.py:3006}}
Apr 24 19:14:48.824412 np0000170089 nova-scheduler[109502]: INFO dbcounter [None req-57110703-3593-4ed1-8bd5-99427e86013b None None] Registered counter for database nova_cell0
Apr 24 19:14:48.824437 np0000170089 nova-scheduler[109509]: DEBUG cotyledon.oslo_config_glue [-] workarounds.disable_group_policy_check_upcall = False {{(pid=109509) log_opt_values /opt/stack/data/venv/lib/python3.12/site-packages/oslo_config/cfg.py:3006}}
Apr 24 19:14:48.824437 np0000170089 nova-scheduler[109509]: DEBUG cotyledon.oslo_config_glue [-] workarounds.disable_libvirt_livesnapshot = False {{(pid=109509) log_opt_values /opt/stack/data/venv/lib/python3.12/site-packages/oslo_config/cfg.py:3006}}
Apr 24 19:14:48.824437 np0000170089 nova-scheduler[109509]: DEBUG cotyledon.oslo_config_glue [-] workarounds.disable_rootwrap = False {{(pid=109509) log_opt_values /opt/stack/data/venv/lib/python3.12/site-packages/oslo_config/cfg.py:3006}}
Apr 24 19:14:48.824437 np0000170089 nova-scheduler[109509]: DEBUG cotyledon.oslo_config_glue [-] workarounds.enable_numa_live_migration = False {{(pid=109509) log_opt_values /opt/stack/data/venv/lib/python3.12/site-packages/oslo_config/cfg.py:3006}}
Apr 24 19:14:48.824437 np0000170089 nova-scheduler[109509]: DEBUG cotyledon.oslo_config_glue [-] workarounds.enable_qemu_monitor_announce_self = False {{(pid=109509) log_opt_values /opt/stack/data/venv/lib/python3.12/site-packages/oslo_config/cfg.py:3006}}
Apr 24 19:14:48.824437 np0000170089 nova-scheduler[109509]: DEBUG cotyledon.oslo_config_glue [-] workarounds.ensure_libvirt_rbd_instance_dir_cleanup = False {{(pid=109509) log_opt_values /opt/stack/data/venv/lib/python3.12/site-packages/oslo_config/cfg.py:3006}}
Apr 24 19:14:48.824437 np0000170089 nova-scheduler[109509]: DEBUG cotyledon.oslo_config_glue [-] workarounds.handle_virt_lifecycle_events = True {{(pid=109509) log_opt_values /opt/stack/data/venv/lib/python3.12/site-packages/oslo_config/cfg.py:3006}}
Apr 24 19:14:48.824437 np0000170089 nova-scheduler[109509]: DEBUG cotyledon.oslo_config_glue [-] workarounds.libvirt_disable_apic = False {{(pid=109509) log_opt_values /opt/stack/data/venv/lib/python3.12/site-packages/oslo_config/cfg.py:3006}}
Apr 24 19:14:48.824437 np0000170089 nova-scheduler[109509]: DEBUG cotyledon.oslo_config_glue [-] workarounds.never_download_image_if_on_rbd = False {{(pid=109509) log_opt_values /opt/stack/data/venv/lib/python3.12/site-packages/oslo_config/cfg.py:3006}}
Apr 24 19:14:48.824745 np0000170089 nova-scheduler[109509]: DEBUG cotyledon.oslo_config_glue [-] workarounds.qemu_monitor_announce_self_count = 3 {{(pid=109509) log_opt_values /opt/stack/data/venv/lib/python3.12/site-packages/oslo_config/cfg.py:3006}}
Apr 24 19:14:48.824745 np0000170089 nova-scheduler[109509]: DEBUG cotyledon.oslo_config_glue [-] workarounds.qemu_monitor_announce_self_interval = 1 {{(pid=109509) log_opt_values /opt/stack/data/venv/lib/python3.12/site-packages/oslo_config/cfg.py:3006}}
Apr 24 19:14:48.824745 np0000170089 nova-scheduler[109509]: DEBUG cotyledon.oslo_config_glue [-] workarounds.reserve_disk_resource_for_image_cache = False {{(pid=109509) log_opt_values /opt/stack/data/venv/lib/python3.12/site-packages/oslo_config/cfg.py:3006}}
Apr 24 19:14:48.824745 np0000170089 nova-scheduler[109509]: DEBUG cotyledon.oslo_config_glue [-] workarounds.skip_cpu_compare_at_startup = False {{(pid=109509) log_opt_values /opt/stack/data/venv/lib/python3.12/site-packages/oslo_config/cfg.py:3006}}
Apr 24 19:14:48.824745 np0000170089 nova-scheduler[109509]: DEBUG cotyledon.oslo_config_glue [-] workarounds.skip_cpu_compare_on_dest = False {{(pid=109509) log_opt_values /opt/stack/data/venv/lib/python3.12/site-packages/oslo_config/cfg.py:3006}}
Apr 24 19:14:48.824745 np0000170089 nova-scheduler[109509]: DEBUG cotyledon.oslo_config_glue [-] workarounds.skip_hypervisor_version_check_on_lm = False {{(pid=109509) log_opt_values /opt/stack/data/venv/lib/python3.12/site-packages/oslo_config/cfg.py:3006}}
Apr 24 19:14:48.824745 np0000170089 nova-scheduler[109509]: DEBUG cotyledon.oslo_config_glue [-] workarounds.skip_reserve_in_use_ironic_nodes = False {{(pid=109509) log_opt_values /opt/stack/data/venv/lib/python3.12/site-packages/oslo_config/cfg.py:3006}}
Apr 24 19:14:48.824745 np0000170089 nova-scheduler[109509]: DEBUG cotyledon.oslo_config_glue [-] workarounds.unified_limits_count_pcpu_as_vcpu = False {{(pid=109509) log_opt_values /opt/stack/data/venv/lib/python3.12/site-packages/oslo_config/cfg.py:3006}}
Apr 24 19:14:48.824934 np0000170089 nova-scheduler[109509]: DEBUG cotyledon.oslo_config_glue [-] workarounds.wait_for_vif_plugged_event_during_hard_reboot = [] {{(pid=109509) log_opt_values /opt/stack/data/venv/lib/python3.12/site-packages/oslo_config/cfg.py:3006}}
Apr 24 19:14:48.824934 np0000170089 nova-scheduler[109509]: DEBUG cotyledon.oslo_config_glue [-] wsgi.api_paste_config = /etc/nova/api-paste.ini {{(pid=109509) log_opt_values /opt/stack/data/venv/lib/python3.12/site-packages/oslo_config/cfg.py:3006}}
Apr 24 19:14:48.824934 np0000170089 nova-scheduler[109509]: DEBUG cotyledon.oslo_config_glue [-] wsgi.secure_proxy_ssl_header = None {{(pid=109509) log_opt_values /opt/stack/data/venv/lib/python3.12/site-packages/oslo_config/cfg.py:3006}}
Apr 24 19:14:48.824934 np0000170089 nova-scheduler[109509]: DEBUG cotyledon.oslo_config_glue [-] zvm.ca_file = None {{(pid=109509) log_opt_values /opt/stack/data/venv/lib/python3.12/site-packages/oslo_config/cfg.py:3006}}
Apr 24 19:14:48.824934 np0000170089 nova-scheduler[109509]: DEBUG cotyledon.oslo_config_glue [-] zvm.cloud_connector_url = None {{(pid=109509) log_opt_values /opt/stack/data/venv/lib/python3.12/site-packages/oslo_config/cfg.py:3006}}
Apr 24 19:14:48.824934 np0000170089 nova-scheduler[109509]: DEBUG cotyledon.oslo_config_glue [-] zvm.image_tmp_path = /opt/stack/data/nova/images {{(pid=109509) log_opt_values /opt/stack/data/venv/lib/python3.12/site-packages/oslo_config/cfg.py:3006}}
Apr 24 19:14:48.824934 np0000170089 nova-scheduler[109509]: DEBUG cotyledon.oslo_config_glue [-] zvm.reachable_timeout = 300 {{(pid=109509) log_opt_values /opt/stack/data/venv/lib/python3.12/site-packages/oslo_config/cfg.py:3006}}
Apr 24 19:14:48.824934 np0000170089 nova-scheduler[109509]: DEBUG cotyledon.oslo_config_glue [-] oslo_versionedobjects.fatal_exception_format_errors = False {{(pid=109509) log_opt_values /opt/stack/data/venv/lib/python3.12/site-packages/oslo_config/cfg.py:3006}}
Apr 24 19:14:48.824934 np0000170089 nova-scheduler[109509]: DEBUG cotyledon.oslo_config_glue [-] oslo_middleware.http_basic_auth_user_file = /etc/htpasswd {{(pid=109509) log_opt_values /opt/stack/data/venv/lib/python3.12/site-packages/oslo_config/cfg.py:3006}}
Apr 24 19:14:48.825164 np0000170089 nova-scheduler[109509]: DEBUG cotyledon.oslo_config_glue [-] oslo_messaging_metrics.metrics_buffer_size = 1000 {{(pid=109509) log_opt_values /opt/stack/data/venv/lib/python3.12/site-packages/oslo_config/cfg.py:3006}}
Apr 24 19:14:48.825164 np0000170089 nova-scheduler[109509]: DEBUG cotyledon.oslo_config_glue [-] oslo_messaging_metrics.metrics_enabled = False {{(pid=109509) log_opt_values /opt/stack/data/venv/lib/python3.12/site-packages/oslo_config/cfg.py:3006}}
Apr 24 19:14:48.825164 np0000170089 nova-scheduler[109509]: DEBUG cotyledon.oslo_config_glue [-] oslo_messaging_metrics.metrics_process_name = {{(pid=109509) log_opt_values /opt/stack/data/venv/lib/python3.12/site-packages/oslo_config/cfg.py:3006}}
Apr 24 19:14:48.825164 np0000170089 nova-scheduler[109509]: DEBUG cotyledon.oslo_config_glue [-] oslo_messaging_metrics.metrics_socket_file = /var/tmp/metrics_collector.sock {{(pid=109509) log_opt_values /opt/stack/data/venv/lib/python3.12/site-packages/oslo_config/cfg.py:3006}}
Apr 24 19:14:48.825164 np0000170089 nova-scheduler[109509]: DEBUG cotyledon.oslo_config_glue [-] oslo_messaging_metrics.metrics_thread_stop_timeout = 10 {{(pid=109509) log_opt_values /opt/stack/data/venv/lib/python3.12/site-packages/oslo_config/cfg.py:3006}}
Apr 24 19:14:48.825164 np0000170089 nova-scheduler[109509]: DEBUG cotyledon.oslo_config_glue [-] profiler.connection_string = messaging:// {{(pid=109509) log_opt_values /opt/stack/data/venv/lib/python3.12/site-packages/oslo_config/cfg.py:3006}}
Apr 24 19:14:48.825164 np0000170089 nova-scheduler[109509]: DEBUG cotyledon.oslo_config_glue [-] profiler.enabled = False {{(pid=109509) log_opt_values /opt/stack/data/venv/lib/python3.12/site-packages/oslo_config/cfg.py:3006}}
Apr 24 19:14:48.825164 np0000170089 nova-scheduler[109509]: DEBUG cotyledon.oslo_config_glue [-] profiler.es_doc_type = notification {{(pid=109509) log_opt_values /opt/stack/data/venv/lib/python3.12/site-packages/oslo_config/cfg.py:3006}}
Apr 24 19:14:48.825164 np0000170089 nova-scheduler[109509]: DEBUG cotyledon.oslo_config_glue [-] profiler.es_scroll_size = 10000 {{(pid=109509) log_opt_values /opt/stack/data/venv/lib/python3.12/site-packages/oslo_config/cfg.py:3006}}
Apr 24 19:14:48.825379 np0000170089 nova-scheduler[109509]: DEBUG cotyledon.oslo_config_glue [-] profiler.es_scroll_time = 2m {{(pid=109509) log_opt_values /opt/stack/data/venv/lib/python3.12/site-packages/oslo_config/cfg.py:3006}}
Apr 24 19:14:48.825379 np0000170089 nova-scheduler[109509]: DEBUG cotyledon.oslo_config_glue [-] profiler.filter_error_trace = False {{(pid=109509) log_opt_values /opt/stack/data/venv/lib/python3.12/site-packages/oslo_config/cfg.py:3006}}
Apr 24 19:14:48.825379 np0000170089 nova-scheduler[109509]: DEBUG cotyledon.oslo_config_glue [-] profiler.hmac_keys = **** {{(pid=109509) log_opt_values /opt/stack/data/venv/lib/python3.12/site-packages/oslo_config/cfg.py:3006}}
Apr 24 19:14:48.825379 np0000170089 nova-scheduler[109509]: DEBUG cotyledon.oslo_config_glue [-] profiler.sentinel_service_name = mymaster {{(pid=109509) log_opt_values /opt/stack/data/venv/lib/python3.12/site-packages/oslo_config/cfg.py:3006}}
Apr 24 19:14:48.825379 np0000170089 nova-scheduler[109509]: DEBUG cotyledon.oslo_config_glue [-] profiler.socket_timeout = 0.1 {{(pid=109509) log_opt_values /opt/stack/data/venv/lib/python3.12/site-packages/oslo_config/cfg.py:3006}}
Apr 24 19:14:48.825379 np0000170089 nova-scheduler[109509]: DEBUG cotyledon.oslo_config_glue [-] profiler.trace_requests = False {{(pid=109509) log_opt_values /opt/stack/data/venv/lib/python3.12/site-packages/oslo_config/cfg.py:3006}}
Apr 24 19:14:48.825379 np0000170089 nova-scheduler[109509]: DEBUG cotyledon.oslo_config_glue [-] profiler.trace_sqlalchemy = False {{(pid=109509) log_opt_values /opt/stack/data/venv/lib/python3.12/site-packages/oslo_config/cfg.py:3006}}
Apr 24 19:14:48.825379 np0000170089 nova-scheduler[109509]: DEBUG cotyledon.oslo_config_glue [-] profiler_jaeger.process_tags = {} {{(pid=109509) log_opt_values /opt/stack/data/venv/lib/python3.12/site-packages/oslo_config/cfg.py:3006}}
Apr 24 19:14:48.825379 np0000170089 nova-scheduler[109509]: DEBUG cotyledon.oslo_config_glue [-] profiler_jaeger.service_name_prefix = None {{(pid=109509) log_opt_values /opt/stack/data/venv/lib/python3.12/site-packages/oslo_config/cfg.py:3006}}
Apr 24 19:14:48.825584 np0000170089 nova-scheduler[109509]: DEBUG cotyledon.oslo_config_glue [-] profiler_otlp.service_name_prefix = None {{(pid=109509) log_opt_values /opt/stack/data/venv/lib/python3.12/site-packages/oslo_config/cfg.py:3006}}
Apr 24 19:14:48.825584 np0000170089 nova-scheduler[109509]: DEBUG cotyledon.oslo_config_glue [-] oslo_messaging_rabbit.amqp_auto_delete = False {{(pid=109509) log_opt_values /opt/stack/data/venv/lib/python3.12/site-packages/oslo_config/cfg.py:3006}}
Apr 24 19:14:48.825584 np0000170089 nova-scheduler[109509]: DEBUG cotyledon.oslo_config_glue [-] oslo_messaging_rabbit.amqp_durable_queues = False {{(pid=109509) log_opt_values /opt/stack/data/venv/lib/python3.12/site-packages/oslo_config/cfg.py:3006}}
Apr 24 19:14:48.825584 np0000170089 nova-scheduler[109509]: DEBUG cotyledon.oslo_config_glue [-] oslo_messaging_rabbit.conn_pool_min_size = 2 {{(pid=109509) log_opt_values /opt/stack/data/venv/lib/python3.12/site-packages/oslo_config/cfg.py:3006}}
Apr 24 19:14:48.825584 np0000170089 nova-scheduler[109509]: DEBUG cotyledon.oslo_config_glue [-] oslo_messaging_rabbit.conn_pool_ttl = 1200 {{(pid=109509) log_opt_values /opt/stack/data/venv/lib/python3.12/site-packages/oslo_config/cfg.py:3006}}
Apr 24 19:14:48.825584 np0000170089 nova-scheduler[109509]: DEBUG cotyledon.oslo_config_glue [-] oslo_messaging_rabbit.direct_mandatory_flag = True {{(pid=109509) log_opt_values /opt/stack/data/venv/lib/python3.12/site-packages/oslo_config/cfg.py:3006}}
Apr 24 19:14:48.825584 np0000170089 nova-scheduler[109509]: DEBUG cotyledon.oslo_config_glue [-] oslo_messaging_rabbit.enable_cancel_on_failover = False {{(pid=109509) log_opt_values /opt/stack/data/venv/lib/python3.12/site-packages/oslo_config/cfg.py:3006}}
Apr 24 19:14:48.825584 np0000170089 nova-scheduler[109509]: DEBUG cotyledon.oslo_config_glue [-] oslo_messaging_rabbit.heartbeat_in_pthread = False {{(pid=109509) log_opt_values /opt/stack/data/venv/lib/python3.12/site-packages/oslo_config/cfg.py:3006}}
Apr 24 19:14:48.825584 np0000170089 nova-scheduler[109509]: DEBUG cotyledon.oslo_config_glue [-] oslo_messaging_rabbit.heartbeat_rate = 3 {{(pid=109509) log_opt_values /opt/stack/data/venv/lib/python3.12/site-packages/oslo_config/cfg.py:3006}}
Apr 24 19:14:48.825799 np0000170089 nova-scheduler[109509]: DEBUG cotyledon.oslo_config_glue [-] oslo_messaging_rabbit.heartbeat_timeout_threshold = 60 {{(pid=109509) log_opt_values /opt/stack/data/venv/lib/python3.12/site-packages/oslo_config/cfg.py:3006}}
Apr 24 19:14:48.825799 np0000170089 nova-scheduler[109509]: DEBUG cotyledon.oslo_config_glue [-] oslo_messaging_rabbit.hostname = np0000170089 {{(pid=109509) log_opt_values /opt/stack/data/venv/lib/python3.12/site-packages/oslo_config/cfg.py:3006}}
Apr 24 19:14:48.825799 np0000170089 nova-scheduler[109509]: DEBUG cotyledon.oslo_config_glue [-] oslo_messaging_rabbit.kombu_compression = None {{(pid=109509) log_opt_values /opt/stack/data/venv/lib/python3.12/site-packages/oslo_config/cfg.py:3006}}
Apr 24 19:14:48.825799 np0000170089 nova-scheduler[109509]: DEBUG cotyledon.oslo_config_glue [-] oslo_messaging_rabbit.kombu_failover_strategy = round-robin {{(pid=109509) log_opt_values /opt/stack/data/venv/lib/python3.12/site-packages/oslo_config/cfg.py:3006}}
Apr 24 19:14:48.825799 np0000170089 nova-scheduler[109509]: DEBUG cotyledon.oslo_config_glue [-] oslo_messaging_rabbit.kombu_missing_consumer_retry_timeout = 60 {{(pid=109509) log_opt_values /opt/stack/data/venv/lib/python3.12/site-packages/oslo_config/cfg.py:3006}}
Apr 24 19:14:48.825799 np0000170089 nova-scheduler[109509]: DEBUG cotyledon.oslo_config_glue [-] oslo_messaging_rabbit.kombu_reconnect_delay = 1.0 {{(pid=109509) log_opt_values /opt/stack/data/venv/lib/python3.12/site-packages/oslo_config/cfg.py:3006}}
Apr 24 19:14:48.825799 np0000170089 nova-scheduler[109509]: DEBUG cotyledon.oslo_config_glue [-] oslo_messaging_rabbit.kombu_reconnect_splay = 0.0 {{(pid=109509) log_opt_values /opt/stack/data/venv/lib/python3.12/site-packages/oslo_config/cfg.py:3006}}
Apr 24 19:14:48.825799 np0000170089 nova-scheduler[109509]: DEBUG cotyledon.oslo_config_glue [-] oslo_messaging_rabbit.processname = nova-scheduler {{(pid=109509) log_opt_values /opt/stack/data/venv/lib/python3.12/site-packages/oslo_config/cfg.py:3006}}
Apr 24 19:14:48.825983 np0000170089 nova-scheduler[109509]: DEBUG cotyledon.oslo_config_glue [-] oslo_messaging_rabbit.rabbit_ha_queues = False {{(pid=109509) log_opt_values /opt/stack/data/venv/lib/python3.12/site-packages/oslo_config/cfg.py:3006}}
Apr 24 19:14:48.825983 np0000170089 nova-scheduler[109509]: DEBUG cotyledon.oslo_config_glue [-] oslo_messaging_rabbit.rabbit_interval_max = 30 {{(pid=109509) log_opt_values /opt/stack/data/venv/lib/python3.12/site-packages/oslo_config/cfg.py:3006}}
Apr 24 19:14:48.825983 np0000170089 nova-scheduler[109509]: DEBUG cotyledon.oslo_config_glue [-] oslo_messaging_rabbit.rabbit_login_method = AMQPLAIN {{(pid=109509) log_opt_values /opt/stack/data/venv/lib/python3.12/site-packages/oslo_config/cfg.py:3006}}
Apr 24 19:14:48.825983 np0000170089 nova-scheduler[109509]: DEBUG cotyledon.oslo_config_glue [-] oslo_messaging_rabbit.rabbit_qos_prefetch_count = 0 {{(pid=109509) log_opt_values /opt/stack/data/venv/lib/python3.12/site-packages/oslo_config/cfg.py:3006}}
Apr 24 19:14:48.825983 np0000170089 nova-scheduler[109509]: DEBUG cotyledon.oslo_config_glue [-] oslo_messaging_rabbit.rabbit_quorum_delivery_limit = 0 {{(pid=109509) log_opt_values /opt/stack/data/venv/lib/python3.12/site-packages/oslo_config/cfg.py:3006}}
Apr 24 19:14:48.825983 np0000170089 nova-scheduler[109509]: DEBUG cotyledon.oslo_config_glue [-] oslo_messaging_rabbit.rabbit_quorum_max_memory_bytes = 0 {{(pid=109509) log_opt_values /opt/stack/data/venv/lib/python3.12/site-packages/oslo_config/cfg.py:3006}}
Apr 24 19:14:48.825983 np0000170089 nova-scheduler[109509]: DEBUG cotyledon.oslo_config_glue [-] oslo_messaging_rabbit.rabbit_quorum_max_memory_length = 0 {{(pid=109509) log_opt_values /opt/stack/data/venv/lib/python3.12/site-packages/oslo_config/cfg.py:3006}}
Apr 24 19:14:48.825983 np0000170089 nova-scheduler[109509]: DEBUG cotyledon.oslo_config_glue [-] oslo_messaging_rabbit.rabbit_quorum_queue = False {{(pid=109509) log_opt_values /opt/stack/data/venv/lib/python3.12/site-packages/oslo_config/cfg.py:3006}}
Apr 24 19:14:48.826189 np0000170089 nova-scheduler[109509]: DEBUG cotyledon.oslo_config_glue [-] oslo_messaging_rabbit.rabbit_retry_backoff = 2 {{(pid=109509) log_opt_values /opt/stack/data/venv/lib/python3.12/site-packages/oslo_config/cfg.py:3006}}
Apr 24 19:14:48.826189 np0000170089 nova-scheduler[109509]: DEBUG cotyledon.oslo_config_glue [-] oslo_messaging_rabbit.rabbit_retry_interval = 1 {{(pid=109509) log_opt_values /opt/stack/data/venv/lib/python3.12/site-packages/oslo_config/cfg.py:3006}}
Apr 24 19:14:48.826189 np0000170089 nova-scheduler[109509]: DEBUG cotyledon.oslo_config_glue [-] oslo_messaging_rabbit.rabbit_stream_fanout = False {{(pid=109509) log_opt_values /opt/stack/data/venv/lib/python3.12/site-packages/oslo_config/cfg.py:3006}}
Apr 24 19:14:48.826189 np0000170089 nova-scheduler[109509]: DEBUG cotyledon.oslo_config_glue [-] oslo_messaging_rabbit.rabbit_transient_queues_ttl = 1800 {{(pid=109509) log_opt_values /opt/stack/data/venv/lib/python3.12/site-packages/oslo_config/cfg.py:3006}}
Apr 24 19:14:48.826189 np0000170089 nova-scheduler[109509]: DEBUG cotyledon.oslo_config_glue [-] oslo_messaging_rabbit.rabbit_transient_quorum_queue = False {{(pid=109509) log_opt_values /opt/stack/data/venv/lib/python3.12/site-packages/oslo_config/cfg.py:3006}}
Apr 24 19:14:48.826189 np0000170089 nova-scheduler[109509]: DEBUG cotyledon.oslo_config_glue [-] oslo_messaging_rabbit.rpc_conn_pool_size = 30 {{(pid=109509) log_opt_values /opt/stack/data/venv/lib/python3.12/site-packages/oslo_config/cfg.py:3006}}
Apr 24 19:14:48.826189 np0000170089 nova-scheduler[109509]: DEBUG cotyledon.oslo_config_glue [-] oslo_messaging_rabbit.ssl = False {{(pid=109509) log_opt_values /opt/stack/data/venv/lib/python3.12/site-packages/oslo_config/cfg.py:3006}}
Apr 24 19:14:48.826189 np0000170089 nova-scheduler[109509]: DEBUG cotyledon.oslo_config_glue [-] oslo_messaging_rabbit.ssl_ca_file = {{(pid=109509) log_opt_values /opt/stack/data/venv/lib/python3.12/site-packages/oslo_config/cfg.py:3006}}
Apr 24 19:14:48.826189 np0000170089 nova-scheduler[109509]: DEBUG cotyledon.oslo_config_glue [-] oslo_messaging_rabbit.ssl_cert_file = {{(pid=109509) log_opt_values /opt/stack/data/venv/lib/python3.12/site-packages/oslo_config/cfg.py:3006}}
Apr 24 19:14:48.826468 np0000170089 nova-scheduler[109509]: DEBUG cotyledon.oslo_config_glue [-] oslo_messaging_rabbit.ssl_enforce_fips_mode = False {{(pid=109509) log_opt_values /opt/stack/data/venv/lib/python3.12/site-packages/oslo_config/cfg.py:3006}}
Apr 24 19:14:48.826468 np0000170089 nova-scheduler[109509]: DEBUG cotyledon.oslo_config_glue [-] oslo_messaging_rabbit.ssl_key_file = {{(pid=109509) log_opt_values /opt/stack/data/venv/lib/python3.12/site-packages/oslo_config/cfg.py:3006}}
Apr 24 19:14:48.826468 np0000170089 nova-scheduler[109509]: DEBUG cotyledon.oslo_config_glue [-] oslo_messaging_rabbit.ssl_version = {{(pid=109509) log_opt_values /opt/stack/data/venv/lib/python3.12/site-packages/oslo_config/cfg.py:3006}}
Apr 24 19:14:48.826468 np0000170089 nova-scheduler[109509]: DEBUG cotyledon.oslo_config_glue [-] oslo_messaging_rabbit.use_queue_manager = False {{(pid=109509) log_opt_values /opt/stack/data/venv/lib/python3.12/site-packages/oslo_config/cfg.py:3006}}
Apr 24 19:14:48.826468 np0000170089 nova-scheduler[109509]: DEBUG cotyledon.oslo_config_glue [-] oslo_messaging_notifications.driver = ['messagingv2'] {{(pid=109509) log_opt_values /opt/stack/data/venv/lib/python3.12/site-packages/oslo_config/cfg.py:3006}}
Apr 24 19:14:48.826468 np0000170089 nova-scheduler[109509]: DEBUG cotyledon.oslo_config_glue [-] oslo_messaging_notifications.retry = -1 {{(pid=109509) log_opt_values /opt/stack/data/venv/lib/python3.12/site-packages/oslo_config/cfg.py:3006}}
Apr 24 19:14:48.826468 np0000170089 nova-scheduler[109509]: DEBUG cotyledon.oslo_config_glue [-] oslo_messaging_notifications.topics = ['notifications'] {{(pid=109509) log_opt_values /opt/stack/data/venv/lib/python3.12/site-packages/oslo_config/cfg.py:3006}}
Apr 24 19:14:48.826468 np0000170089 nova-scheduler[109509]: DEBUG cotyledon.oslo_config_glue [-] oslo_messaging_notifications.transport_url = **** {{(pid=109509) log_opt_values /opt/stack/data/venv/lib/python3.12/site-packages/oslo_config/cfg.py:3006}}
Apr 24 19:14:48.826468 np0000170089 nova-scheduler[109509]: DEBUG cotyledon.oslo_config_glue [-] oslo_limit.auth_section = None {{(pid=109509) log_opt_values /opt/stack/data/venv/lib/python3.12/site-packages/oslo_config/cfg.py:3006}}
Apr 24 19:14:48.826672 np0000170089 nova-scheduler[109509]: DEBUG cotyledon.oslo_config_glue [-] oslo_limit.auth_type = None {{(pid=109509) log_opt_values /opt/stack/data/venv/lib/python3.12/site-packages/oslo_config/cfg.py:3006}}
Apr 24 19:14:48.826672 np0000170089 nova-scheduler[109509]: DEBUG cotyledon.oslo_config_glue [-] oslo_limit.cafile = None {{(pid=109509) log_opt_values /opt/stack/data/venv/lib/python3.12/site-packages/oslo_config/cfg.py:3006}}
Apr 24 19:14:48.826672 np0000170089 nova-scheduler[109509]: DEBUG cotyledon.oslo_config_glue [-] oslo_limit.certfile = None {{(pid=109509) log_opt_values /opt/stack/data/venv/lib/python3.12/site-packages/oslo_config/cfg.py:3006}}
Apr 24 19:14:48.826672 np0000170089 nova-scheduler[109509]: DEBUG cotyledon.oslo_config_glue [-] oslo_limit.collect_timing = False {{(pid=109509) log_opt_values /opt/stack/data/venv/lib/python3.12/site-packages/oslo_config/cfg.py:3006}}
Apr 24 19:14:48.826672 np0000170089 nova-scheduler[109509]: DEBUG cotyledon.oslo_config_glue [-] oslo_limit.connect_retries = None {{(pid=109509) log_opt_values /opt/stack/data/venv/lib/python3.12/site-packages/oslo_config/cfg.py:3006}}
Apr 24 19:14:48.826672 np0000170089 nova-scheduler[109509]: DEBUG cotyledon.oslo_config_glue [-] oslo_limit.connect_retry_delay = None {{(pid=109509) log_opt_values /opt/stack/data/venv/lib/python3.12/site-packages/oslo_config/cfg.py:3006}}
Apr 24 19:14:48.826672 np0000170089 nova-scheduler[109509]: DEBUG cotyledon.oslo_config_glue [-] oslo_limit.endpoint_id = None {{(pid=109509) log_opt_values /opt/stack/data/venv/lib/python3.12/site-packages/oslo_config/cfg.py:3006}}
Apr 24 19:14:48.826672 np0000170089 nova-scheduler[109509]: DEBUG cotyledon.oslo_config_glue [-] oslo_limit.endpoint_interface = public {{(pid=109509) log_opt_values /opt/stack/data/venv/lib/python3.12/site-packages/oslo_config/cfg.py:3006}}
Apr 24 19:14:48.826672 np0000170089 nova-scheduler[109509]: DEBUG cotyledon.oslo_config_glue [-] oslo_limit.endpoint_override = None {{(pid=109509) log_opt_values /opt/stack/data/venv/lib/python3.12/site-packages/oslo_config/cfg.py:3006}}
Apr 24 19:14:48.826895 np0000170089 nova-scheduler[109509]: DEBUG cotyledon.oslo_config_glue [-] oslo_limit.endpoint_region_name = None {{(pid=109509) log_opt_values /opt/stack/data/venv/lib/python3.12/site-packages/oslo_config/cfg.py:3006}}
Apr 24 19:14:48.826895 np0000170089 nova-scheduler[109509]: DEBUG cotyledon.oslo_config_glue [-] oslo_limit.endpoint_service_name = None {{(pid=109509) log_opt_values /opt/stack/data/venv/lib/python3.12/site-packages/oslo_config/cfg.py:3006}}
Apr 24 19:14:48.826895 np0000170089 nova-scheduler[109509]: DEBUG cotyledon.oslo_config_glue [-] oslo_limit.endpoint_service_type = None {{(pid=109509) log_opt_values /opt/stack/data/venv/lib/python3.12/site-packages/oslo_config/cfg.py:3006}}
Apr 24 19:14:48.826895 np0000170089 nova-scheduler[109509]: DEBUG cotyledon.oslo_config_glue [-] oslo_limit.insecure = False {{(pid=109509) log_opt_values /opt/stack/data/venv/lib/python3.12/site-packages/oslo_config/cfg.py:3006}}
Apr 24 19:14:48.826895 np0000170089 nova-scheduler[109509]: DEBUG cotyledon.oslo_config_glue [-] oslo_limit.keyfile = None {{(pid=109509) log_opt_values /opt/stack/data/venv/lib/python3.12/site-packages/oslo_config/cfg.py:3006}}
Apr 24 19:14:48.826895 np0000170089 nova-scheduler[109509]: DEBUG cotyledon.oslo_config_glue [-] oslo_limit.max_version = None {{(pid=109509) log_opt_values /opt/stack/data/venv/lib/python3.12/site-packages/oslo_config/cfg.py:3006}}
Apr 24 19:14:48.826895 np0000170089 nova-scheduler[109509]: DEBUG cotyledon.oslo_config_glue [-] oslo_limit.min_version = None {{(pid=109509) log_opt_values /opt/stack/data/venv/lib/python3.12/site-packages/oslo_config/cfg.py:3006}}
Apr 24 19:14:48.826895 np0000170089 nova-scheduler[109509]: DEBUG cotyledon.oslo_config_glue [-] oslo_limit.region_name = None {{(pid=109509) log_opt_values /opt/stack/data/venv/lib/python3.12/site-packages/oslo_config/cfg.py:3006}}
Apr 24 19:14:48.826895 np0000170089 nova-scheduler[109509]: DEBUG cotyledon.oslo_config_glue [-] oslo_limit.retriable_status_codes = None {{(pid=109509) log_opt_values /opt/stack/data/venv/lib/python3.12/site-packages/oslo_config/cfg.py:3006}}
Apr 24 19:14:48.827147 np0000170089 nova-scheduler[109509]: DEBUG cotyledon.oslo_config_glue [-] oslo_limit.service_name = None {{(pid=109509) log_opt_values /opt/stack/data/venv/lib/python3.12/site-packages/oslo_config/cfg.py:3006}}
Apr 24 19:14:48.827147 np0000170089 nova-scheduler[109509]: DEBUG cotyledon.oslo_config_glue [-] oslo_limit.service_type = None {{(pid=109509) log_opt_values /opt/stack/data/venv/lib/python3.12/site-packages/oslo_config/cfg.py:3006}}
Apr 24 19:14:48.827147 np0000170089 nova-scheduler[109509]: DEBUG cotyledon.oslo_config_glue [-] oslo_limit.split_loggers = False {{(pid=109509) log_opt_values /opt/stack/data/venv/lib/python3.12/site-packages/oslo_config/cfg.py:3006}}
Apr 24 19:14:48.827147 np0000170089 nova-scheduler[109509]: DEBUG cotyledon.oslo_config_glue [-] oslo_limit.status_code_retries = None {{(pid=109509) log_opt_values /opt/stack/data/venv/lib/python3.12/site-packages/oslo_config/cfg.py:3006}}
Apr 24 19:14:48.827147 np0000170089 nova-scheduler[109509]: DEBUG cotyledon.oslo_config_glue [-] oslo_limit.status_code_retry_delay = None {{(pid=109509) log_opt_values /opt/stack/data/venv/lib/python3.12/site-packages/oslo_config/cfg.py:3006}}
Apr 24 19:14:48.827147 np0000170089 nova-scheduler[109509]: DEBUG cotyledon.oslo_config_glue [-] oslo_limit.timeout = None {{(pid=109509) log_opt_values /opt/stack/data/venv/lib/python3.12/site-packages/oslo_config/cfg.py:3006}}
Apr 24 19:14:48.827147 np0000170089 nova-scheduler[109509]: DEBUG cotyledon.oslo_config_glue [-] oslo_limit.valid_interfaces = None {{(pid=109509) log_opt_values /opt/stack/data/venv/lib/python3.12/site-packages/oslo_config/cfg.py:3006}}
Apr 24 19:14:48.827147 np0000170089 nova-scheduler[109509]: DEBUG cotyledon.oslo_config_glue [-] oslo_limit.version = None {{(pid=109509) log_opt_values /opt/stack/data/venv/lib/python3.12/site-packages/oslo_config/cfg.py:3006}}
Apr 24 19:14:48.827147 np0000170089 nova-scheduler[109509]: DEBUG cotyledon.oslo_config_glue [-] oslo_reports.file_event_handler = None {{(pid=109509) log_opt_values /opt/stack/data/venv/lib/python3.12/site-packages/oslo_config/cfg.py:3006}}
Apr 24 19:14:48.827367 np0000170089 nova-scheduler[109509]: DEBUG cotyledon.oslo_config_glue [-] oslo_reports.file_event_handler_interval = 1 {{(pid=109509) log_opt_values /opt/stack/data/venv/lib/python3.12/site-packages/oslo_config/cfg.py:3006}}
Apr 24 19:14:48.827367 np0000170089 nova-scheduler[109509]: DEBUG cotyledon.oslo_config_glue [-] oslo_reports.log_dir = None {{(pid=109509) log_opt_values /opt/stack/data/venv/lib/python3.12/site-packages/oslo_config/cfg.py:3006}}
Apr 24 19:14:48.827367 np0000170089 nova-scheduler[109509]: DEBUG cotyledon.oslo_config_glue [-] ******************************************************************************** {{(pid=109509) log_opt_values /opt/stack/data/venv/lib/python3.12/site-packages/oslo_config/cfg.py:3013}}
Apr 24 19:14:48.827367 np0000170089 nova-scheduler[109509]: DEBUG cotyledon._service_worker [-] Run service ServiceWrapper(3) [109509] {{(pid=109509) wait_forever /opt/stack/data/venv/lib/python3.12/site-packages/cotyledon/_service_worker.py:218}}
Apr 24 19:14:48.827367 np0000170089 nova-scheduler[109509]: INFO nova.service [-] Starting scheduler node (version 33.1.0)
Apr 24 19:14:48.827488 np0000170089 nova-scheduler[109502]: DEBUG oslo_db.sqlalchemy.engines [None req-57110703-3593-4ed1-8bd5-99427e86013b None None] MySQL server mode set to STRICT_TRANS_TABLES,STRICT_ALL_TABLES,NO_ZERO_IN_DATE,NO_ZERO_DATE,ERROR_FOR_DIVISION_BY_ZERO,TRADITIONAL,NO_ENGINE_SUBSTITUTION {{(pid=109502) _check_effective_sql_mode /opt/stack/data/venv/lib/python3.12/site-packages/oslo_db/sqlalchemy/engines.py:325}}
Apr 24 19:14:48.827518 np0000170089 nova-scheduler[109509]: INFO dbcounter [None req-3f3859b4-9878-4904-8961-e8c023f0437c None None] Registered counter for database nova_cell0
Apr 24 19:14:48.827545 np0000170089 nova-scheduler[109502]: DEBUG dbcounter [-] [109502] Writer thread running {{(pid=109502) stat_writer /opt/stack/data/venv/lib/python3.12/site-packages/dbcounter.py:102}}
Apr 24 19:14:48.827545 np0000170089 nova-scheduler[109502]: DEBUG nova.service [None req-57110703-3593-4ed1-8bd5-99427e86013b None None] Creating RPC server for service: nova-scheduler on topic: scheduler {{(pid=109502) start /opt/stack/nova/nova/service.py:195}}
Apr 24 19:14:48.827597 np0000170089 nova-scheduler[109509]: DEBUG oslo_db.sqlalchemy.engines [None req-3f3859b4-9878-4904-8961-e8c023f0437c None None] MySQL server mode set to STRICT_TRANS_TABLES,STRICT_ALL_TABLES,NO_ZERO_IN_DATE,NO_ZERO_DATE,ERROR_FOR_DIVISION_BY_ZERO,TRADITIONAL,NO_ENGINE_SUBSTITUTION {{(pid=109509) _check_effective_sql_mode /opt/stack/data/venv/lib/python3.12/site-packages/oslo_db/sqlalchemy/engines.py:325}}
Apr 24 19:14:48.827627 np0000170089 nova-scheduler[109486]: DEBUG nova.service [None req-1e7f96a3-1687-4ca8-83c2-ebda7fa9a74f None None] Join ServiceGroup membership for this service scheduler {{(pid=109486) start /opt/stack/nova/nova/service.py:221}}
Apr 24 19:14:48.827627 np0000170089 nova-scheduler[109486]: DEBUG nova.servicegroup.drivers.db [None req-1e7f96a3-1687-4ca8-83c2-ebda7fa9a74f None None] DB_Driver: join new ServiceGroup member np0000170089 to the scheduler group, service = {{(pid=109486) join /opt/stack/nova/nova/servicegroup/drivers/db.py:44}}
Apr 24 19:14:48.827678 np0000170089 nova-scheduler[109493]: DEBUG nova.service [None req-783fb212-71c2-487f-8e17-faff7307a27e None None] Join ServiceGroup membership for this service scheduler {{(pid=109493) start /opt/stack/nova/nova/service.py:221}}
Apr 24 19:14:48.827678 np0000170089 nova-scheduler[109493]: DEBUG nova.servicegroup.drivers.db [None req-783fb212-71c2-487f-8e17-faff7307a27e None None] DB_Driver: join new ServiceGroup member np0000170089 to the scheduler group, service = {{(pid=109493) join /opt/stack/nova/nova/servicegroup/drivers/db.py:44}}
Apr 24 19:14:48.830621 np0000170089 nova-scheduler[109509]: DEBUG dbcounter [-] [109509] Writer thread running {{(pid=109509) stat_writer /opt/stack/data/venv/lib/python3.12/site-packages/dbcounter.py:102}}
Apr 24 19:14:48.833814 np0000170089 nova-scheduler[109509]: DEBUG nova.service [None req-3f3859b4-9878-4904-8961-e8c023f0437c None None] Creating RPC server for service: nova-scheduler on topic: scheduler {{(pid=109509) start /opt/stack/nova/nova/service.py:195}}
Apr 24 19:14:48.839315 np0000170089 nova-scheduler[109502]: DEBUG nova.service [None req-57110703-3593-4ed1-8bd5-99427e86013b None None] Join ServiceGroup membership for this service scheduler {{(pid=109502) start /opt/stack/nova/nova/service.py:221}}
Apr 24 19:14:48.839479 np0000170089 nova-scheduler[109502]: DEBUG nova.servicegroup.drivers.db [None req-57110703-3593-4ed1-8bd5-99427e86013b None None] DB_Driver: join new ServiceGroup member np0000170089 to the scheduler group, service = {{(pid=109502) join /opt/stack/nova/nova/servicegroup/drivers/db.py:44}}
Apr 24 19:14:48.854139 np0000170089 nova-scheduler[109509]: DEBUG nova.service [None req-3f3859b4-9878-4904-8961-e8c023f0437c None None] Join ServiceGroup membership for this service scheduler {{(pid=109509) start /opt/stack/nova/nova/service.py:221}}
Apr 24 19:14:48.854374 np0000170089 nova-scheduler[109509]: DEBUG nova.servicegroup.drivers.db [None req-3f3859b4-9878-4904-8961-e8c023f0437c None None] DB_Driver: join new ServiceGroup member np0000170089 to the scheduler group, service = {{(pid=109509) join /opt/stack/nova/nova/servicegroup/drivers/db.py:44}}
Apr 24 19:14:53.849762 np0000170089 nova-scheduler[109486]: DEBUG oslo.service.backend._threading.loopingcall [-] Fixed interval looping call 'nova.servicegroup.drivers.db.DbDriver._report_state' sleeping for 119.98 seconds {{(pid=109486) _run_loop /opt/stack/data/venv/lib/python3.12/site-packages/oslo_service/backend/_threading/loopingcall.py:125}}
Apr 24 19:14:53.850620 np0000170089 nova-scheduler[109493]: DEBUG oslo.service.backend._threading.loopingcall [-] Fixed interval looping call 'nova.servicegroup.drivers.db.DbDriver._report_state' sleeping for 119.97 seconds {{(pid=109493) _run_loop /opt/stack/data/venv/lib/python3.12/site-packages/oslo_service/backend/_threading/loopingcall.py:125}}
Apr 24 19:14:53.853218 np0000170089 nova-scheduler[109502]: DEBUG oslo.service.backend._threading.loopingcall [-] Fixed interval looping call 'nova.servicegroup.drivers.db.DbDriver._report_state' sleeping for 119.99 seconds {{(pid=109502) _run_loop /opt/stack/data/venv/lib/python3.12/site-packages/oslo_service/backend/_threading/loopingcall.py:125}}
Apr 24 19:14:53.869439 np0000170089 nova-scheduler[109509]: DEBUG oslo.service.backend._threading.loopingcall [-] Fixed interval looping call 'nova.servicegroup.drivers.db.DbDriver._report_state' sleeping for 119.99 seconds {{(pid=109509) _run_loop /opt/stack/data/venv/lib/python3.12/site-packages/oslo_service/backend/_threading/loopingcall.py:125}}
Apr 24 19:14:57.462751 np0000170089 nova-scheduler[108727]: DEBUG dbcounter [-] [108727] Writing DB stats nova_api:SELECT=3 {{(pid=108727) stat_writer /opt/stack/data/venv/lib/python3.12/site-packages/dbcounter.py:115}}
Apr 24 19:14:57.564353 np0000170089 nova-scheduler[108727]: DEBUG dbcounter [-] [108727] Writing DB stats nova_cell0:SELECT=1 {{(pid=108727) stat_writer /opt/stack/data/venv/lib/python3.12/site-packages/dbcounter.py:115}}
Apr 24 19:14:57.569388 np0000170089 nova-scheduler[108727]: DEBUG dbcounter [-] [108727] Writing DB stats nova_cell1:SELECT=1 {{(pid=108727) stat_writer /opt/stack/data/venv/lib/python3.12/site-packages/dbcounter.py:115}}
Apr 24 19:14:58.841608 np0000170089 nova-scheduler[109502]: DEBUG oslo.service.backend._threading.loopingcall [None req-0f9098ef-84b1-4419-8d3a-488693c18f79 None None] Dynamic interval looping call 'nova.service.Service.periodic_tasks' sleeping for 60.00 seconds {{(pid=109502) _run_loop /opt/stack/data/venv/lib/python3.12/site-packages/oslo_service/backend/_threading/loopingcall.py:125}}
Apr 24 19:15:03.840253 np0000170089 nova-scheduler[109486]: DEBUG dbcounter [-] [109486] Writing DB stats nova_cell0:SELECT=4,nova_cell0:INSERT=1,nova_cell0:UPDATE=1 {{(pid=109486) stat_writer /opt/stack/data/venv/lib/python3.12/site-packages/dbcounter.py:115}}
Apr 24 19:15:03.844722 np0000170089 nova-scheduler[109493]: DEBUG dbcounter [-] [109493] Writing DB stats nova_cell0:SELECT=3,nova_cell0:UPDATE=1 {{(pid=109493) stat_writer /opt/stack/data/venv/lib/python3.12/site-packages/dbcounter.py:115}}
Apr 24 19:15:03.850273 np0000170089 nova-scheduler[109502]: DEBUG dbcounter [-] [109502] Writing DB stats nova_cell0:SELECT=3 {{(pid=109502) stat_writer /opt/stack/data/venv/lib/python3.12/site-packages/dbcounter.py:115}}
Apr 24 19:15:03.867511 np0000170089 nova-scheduler[109509]: DEBUG dbcounter [-] [109509] Writing DB stats nova_cell0:SELECT=3 {{(pid=109509) stat_writer /opt/stack/data/venv/lib/python3.12/site-packages/dbcounter.py:115}}
Apr 24 19:15:05.825516 np0000170089 nova-scheduler[109493]: DEBUG oslo.service.backend._threading.loopingcall [None req-e8e0be4c-8388-420a-84b6-82b6d91dd34e None None] Dynamic interval looping call 'nova.service.Service.periodic_tasks' sleeping for 60.00 seconds {{(pid=109493) _run_loop /opt/stack/data/venv/lib/python3.12/site-packages/oslo_service/backend/_threading/loopingcall.py:125}}
Apr 24 19:15:13.827072 np0000170089 nova-scheduler[109486]: DEBUG oslo.service.backend._threading.loopingcall [None req-4841ebf9-0ba3-4f60-8e70-766fbfa30bda None None] Dynamic interval looping call 'nova.service.Service.periodic_tasks' sleeping for 60.00 seconds {{(pid=109486) _run_loop /opt/stack/data/venv/lib/python3.12/site-packages/oslo_service/backend/_threading/loopingcall.py:125}}
Apr 24 19:15:14.856998 np0000170089 nova-scheduler[109509]: DEBUG oslo.service.backend._threading.loopingcall [None req-f70b7886-5a5d-4949-be9a-3ea59e2bb25b None None] Dynamic interval looping call 'nova.service.Service.periodic_tasks' sleeping for 60.00 seconds {{(pid=109509) _run_loop /opt/stack/data/venv/lib/python3.12/site-packages/oslo_service/backend/_threading/loopingcall.py:125}}
Apr 24 19:15:58.842385 np0000170089 nova-scheduler[109502]: DEBUG oslo.service.backend._threading.loopingcall [None req-0f9098ef-84b1-4419-8d3a-488693c18f79 None None] Dynamic interval looping call 'nova.service.Service.periodic_tasks' sleeping for 60.00 seconds {{(pid=109502) _run_loop /opt/stack/data/venv/lib/python3.12/site-packages/oslo_service/backend/_threading/loopingcall.py:125}}
Apr 24 19:16:05.826424 np0000170089 nova-scheduler[109493]: DEBUG oslo.service.backend._threading.loopingcall [None req-e8e0be4c-8388-420a-84b6-82b6d91dd34e None None] Dynamic interval looping call 'nova.service.Service.periodic_tasks' sleeping for 60.00 seconds {{(pid=109493) _run_loop /opt/stack/data/venv/lib/python3.12/site-packages/oslo_service/backend/_threading/loopingcall.py:125}}
Apr 24 19:16:13.827919 np0000170089 nova-scheduler[109486]: DEBUG oslo.service.backend._threading.loopingcall [None req-4841ebf9-0ba3-4f60-8e70-766fbfa30bda None None] Dynamic interval looping call 'nova.service.Service.periodic_tasks' sleeping for 60.00 seconds {{(pid=109486) _run_loop /opt/stack/data/venv/lib/python3.12/site-packages/oslo_service/backend/_threading/loopingcall.py:125}}
Apr 24 19:16:14.857671 np0000170089 nova-scheduler[109509]: DEBUG oslo.service.backend._threading.loopingcall [None req-f70b7886-5a5d-4949-be9a-3ea59e2bb25b None None] Dynamic interval looping call 'nova.service.Service.periodic_tasks' sleeping for 60.00 seconds {{(pid=109509) _run_loop /opt/stack/data/venv/lib/python3.12/site-packages/oslo_service/backend/_threading/loopingcall.py:125}}
Apr 24 19:16:53.834257 np0000170089 nova-scheduler[109493]: DEBUG oslo.service.backend._threading.loopingcall [-] Fixed interval looping call 'nova.servicegroup.drivers.db.DbDriver._report_state' sleeping for 119.99 seconds {{(pid=109493) _run_loop /opt/stack/data/venv/lib/python3.12/site-packages/oslo_service/backend/_threading/loopingcall.py:125}}
Apr 24 19:16:53.834910 np0000170089 nova-scheduler[109486]: DEBUG oslo.service.backend._threading.loopingcall [-] Fixed interval looping call 'nova.servicegroup.drivers.db.DbDriver._report_state' sleeping for 120.00 seconds {{(pid=109486) _run_loop /opt/stack/data/venv/lib/python3.12/site-packages/oslo_service/backend/_threading/loopingcall.py:125}}
Apr 24 19:16:53.849064 np0000170089 nova-scheduler[109502]: DEBUG oslo.service.backend._threading.loopingcall [-] Fixed interval looping call 'nova.servicegroup.drivers.db.DbDriver._report_state' sleeping for 119.99 seconds {{(pid=109502) _run_loop /opt/stack/data/venv/lib/python3.12/site-packages/oslo_service/backend/_threading/loopingcall.py:125}}
Apr 24 19:16:53.864482 np0000170089 nova-scheduler[109509]: DEBUG oslo.service.backend._threading.loopingcall [-] Fixed interval looping call 'nova.servicegroup.drivers.db.DbDriver._report_state' sleeping for 120.00 seconds {{(pid=109509) _run_loop /opt/stack/data/venv/lib/python3.12/site-packages/oslo_service/backend/_threading/loopingcall.py:125}}
Apr 24 19:16:58.843163 np0000170089 nova-scheduler[109502]: DEBUG oslo.service.backend._threading.loopingcall [None req-0f9098ef-84b1-4419-8d3a-488693c18f79 None None] Dynamic interval looping call 'nova.service.Service.periodic_tasks' sleeping for 60.00 seconds {{(pid=109502) _run_loop /opt/stack/data/venv/lib/python3.12/site-packages/oslo_service/backend/_threading/loopingcall.py:125}}
Apr 24 19:17:03.826965 np0000170089 nova-scheduler[109493]: DEBUG dbcounter [-] [109493] Writing DB stats nova_cell0:SELECT=1,nova_cell0:UPDATE=1 {{(pid=109493) stat_writer /opt/stack/data/venv/lib/python3.12/site-packages/dbcounter.py:115}}
Apr 24 19:17:03.833577 np0000170089 nova-scheduler[109486]: DEBUG dbcounter [-] [109486] Writing DB stats nova_cell0:SELECT=1,nova_cell0:UPDATE=1 {{(pid=109486) stat_writer /opt/stack/data/venv/lib/python3.12/site-packages/dbcounter.py:115}}
Apr 24 19:17:03.846611 np0000170089 nova-scheduler[109502]: DEBUG dbcounter [-] [109502] Writing DB stats nova_cell0:SELECT=1 {{(pid=109502) stat_writer /opt/stack/data/venv/lib/python3.12/site-packages/dbcounter.py:115}}
Apr 24 19:17:03.862577 np0000170089 nova-scheduler[109509]: DEBUG dbcounter [-] [109509] Writing DB stats nova_cell0:SELECT=1 {{(pid=109509) stat_writer /opt/stack/data/venv/lib/python3.12/site-packages/dbcounter.py:115}}
Apr 24 19:17:05.827567 np0000170089 nova-scheduler[109493]: DEBUG oslo.service.backend._threading.loopingcall [None req-e8e0be4c-8388-420a-84b6-82b6d91dd34e None None] Dynamic interval looping call 'nova.service.Service.periodic_tasks' sleeping for 60.00 seconds {{(pid=109493) _run_loop /opt/stack/data/venv/lib/python3.12/site-packages/oslo_service/backend/_threading/loopingcall.py:125}}
Apr 24 19:17:13.828658 np0000170089 nova-scheduler[109486]: DEBUG oslo.service.backend._threading.loopingcall [None req-4841ebf9-0ba3-4f60-8e70-766fbfa30bda None None] Dynamic interval looping call 'nova.service.Service.periodic_tasks' sleeping for 60.00 seconds {{(pid=109486) _run_loop /opt/stack/data/venv/lib/python3.12/site-packages/oslo_service/backend/_threading/loopingcall.py:125}}
Apr 24 19:17:14.858515 np0000170089 nova-scheduler[109509]: DEBUG oslo.service.backend._threading.loopingcall [None req-f70b7886-5a5d-4949-be9a-3ea59e2bb25b None None] Dynamic interval looping call 'nova.service.Service.periodic_tasks' sleeping for 60.00 seconds {{(pid=109509) _run_loop /opt/stack/data/venv/lib/python3.12/site-packages/oslo_service/backend/_threading/loopingcall.py:125}}
Apr 24 19:17:58.844270 np0000170089 nova-scheduler[109502]: DEBUG oslo.service.backend._threading.loopingcall [None req-0f9098ef-84b1-4419-8d3a-488693c18f79 None None] Dynamic interval looping call 'nova.service.Service.periodic_tasks' sleeping for 60.00 seconds {{(pid=109502) _run_loop /opt/stack/data/venv/lib/python3.12/site-packages/oslo_service/backend/_threading/loopingcall.py:125}}
Apr 24 19:18:05.828442 np0000170089 nova-scheduler[109493]: DEBUG oslo.service.backend._threading.loopingcall [None req-e8e0be4c-8388-420a-84b6-82b6d91dd34e None None] Dynamic interval looping call 'nova.service.Service.periodic_tasks' sleeping for 60.00 seconds {{(pid=109493) _run_loop /opt/stack/data/venv/lib/python3.12/site-packages/oslo_service/backend/_threading/loopingcall.py:125}}
Apr 24 19:18:13.829516 np0000170089 nova-scheduler[109486]: DEBUG oslo.service.backend._threading.loopingcall [None req-4841ebf9-0ba3-4f60-8e70-766fbfa30bda None None] Dynamic interval looping call 'nova.service.Service.periodic_tasks' sleeping for 60.00 seconds {{(pid=109486) _run_loop /opt/stack/data/venv/lib/python3.12/site-packages/oslo_service/backend/_threading/loopingcall.py:125}}
Apr 24 19:18:14.859375 np0000170089 nova-scheduler[109509]: DEBUG oslo.service.backend._threading.loopingcall [None req-f70b7886-5a5d-4949-be9a-3ea59e2bb25b None None] Dynamic interval looping call 'nova.service.Service.periodic_tasks' sleeping for 60.00 seconds {{(pid=109509) _run_loop /opt/stack/data/venv/lib/python3.12/site-packages/oslo_service/backend/_threading/loopingcall.py:125}}
Apr 24 19:18:53.836646 np0000170089 nova-scheduler[109493]: DEBUG oslo.service.backend._threading.loopingcall [-] Fixed interval looping call 'nova.servicegroup.drivers.db.DbDriver._report_state' sleeping for 119.99 seconds {{(pid=109493) _run_loop /opt/stack/data/venv/lib/python3.12/site-packages/oslo_service/backend/_threading/loopingcall.py:125}}
Apr 24 19:18:53.839403 np0000170089 nova-scheduler[109486]: DEBUG oslo.service.backend._threading.loopingcall [-] Fixed interval looping call 'nova.servicegroup.drivers.db.DbDriver._report_state' sleeping for 120.00 seconds {{(pid=109486) _run_loop /opt/stack/data/venv/lib/python3.12/site-packages/oslo_service/backend/_threading/loopingcall.py:125}}
Apr 24 19:18:53.844753 np0000170089 nova-scheduler[109502]: DEBUG oslo.service.backend._threading.loopingcall [-] Fixed interval looping call 'nova.servicegroup.drivers.db.DbDriver._report_state' sleeping for 119.99 seconds {{(pid=109502) _run_loop /opt/stack/data/venv/lib/python3.12/site-packages/oslo_service/backend/_threading/loopingcall.py:125}}
Apr 24 19:18:53.870357 np0000170089 nova-scheduler[109509]: DEBUG oslo.service.backend._threading.loopingcall [-] Fixed interval looping call 'nova.servicegroup.drivers.db.DbDriver._report_state' sleeping for 119.99 seconds {{(pid=109509) _run_loop /opt/stack/data/venv/lib/python3.12/site-packages/oslo_service/backend/_threading/loopingcall.py:125}}
Apr 24 19:18:58.845708 np0000170089 nova-scheduler[109502]: DEBUG oslo.service.backend._threading.loopingcall [None req-0f9098ef-84b1-4419-8d3a-488693c18f79 None None] Dynamic interval looping call 'nova.service.Service.periodic_tasks' sleeping for 60.00 seconds {{(pid=109502) _run_loop /opt/stack/data/venv/lib/python3.12/site-packages/oslo_service/backend/_threading/loopingcall.py:125}}
Apr 24 19:19:03.829148 np0000170089 nova-scheduler[109493]: DEBUG dbcounter [-] [109493] Writing DB stats nova_cell0:SELECT=1,nova_cell0:UPDATE=1 {{(pid=109493) stat_writer /opt/stack/data/venv/lib/python3.12/site-packages/dbcounter.py:115}}
Apr 24 19:19:03.837443 np0000170089 nova-scheduler[109486]: DEBUG dbcounter [-] [109486] Writing DB stats nova_cell0:SELECT=1 {{(pid=109486) stat_writer /opt/stack/data/venv/lib/python3.12/site-packages/dbcounter.py:115}}
Apr 24 19:19:03.841366 np0000170089 nova-scheduler[109502]: DEBUG dbcounter [-] [109502] Writing DB stats nova_cell0:SELECT=1 {{(pid=109502) stat_writer /opt/stack/data/venv/lib/python3.12/site-packages/dbcounter.py:115}}
