2026-05-14 08:06:23.744 7 INFO neutron.api.extensions [None req-31cade4a-0b90-481b-8450-247bdc1fa8ec - - - - - -] Loaded extension: floating-ip-port-forwarding-detail
2026-05-14 08:06:23.744 8 INFO neutron.quota.resource_registry [None req-1d8f5842-57d1-4e3d-9837-c875d147c4a2 - - - - - -] Creating instance of CountableResource for resource:ikepolicy
2026-05-14 08:06:23.745 8 INFO neutron.quota.resource_registry [None req-1d8f5842-57d1-4e3d-9837-c875d147c4a2 - - - - - -] Creating instance of CountableResource for resource:ipsecpolicy
2026-05-14 08:06:23.745 7 INFO neutron.api.extensions [None req-31cade4a-0b90-481b-8450-247bdc1fa8ec - - - - - -] Extension floating-ip-port-forwarding-port-ranges not supported by any of loaded plugins
2026-05-14 08:06:23.745 8 INFO neutron.quota.resource_registry [None req-1d8f5842-57d1-4e3d-9837-c875d147c4a2 - - - - - -] Creating instance of CountableResource for resource:endpoint_group
2026-05-14 08:06:23.745 7 INFO neutron.api.extensions [None req-31cade4a-0b90-481b-8450-247bdc1fa8ec - - - - - -] Loaded extension: fip-port-details
2026-05-14 08:06:23.745 8 INFO neutron.quota.resource_registry [None req-1d8f5842-57d1-4e3d-9837-c875d147c4a2 - - - - - -] Creating instance of CountableResource for resource:vpnservice
2026-05-14 08:06:23.746 8 INFO neutron.quota.resource_registry [None req-1d8f5842-57d1-4e3d-9837-c875d147c4a2 - - - - - -] Creating instance of CountableResource for resource:ipsec_site_connection
2026-05-14 08:06:23.746 7 INFO neutron.api.extensions [None req-31cade4a-0b90-481b-8450-247bdc1fa8ec - - - - - -] Loaded extension: flavors
2026-05-14 08:06:23.746 8 INFO neutron.quota.resource_registry [None req-1d8f5842-57d1-4e3d-9837-c875d147c4a2 - - - - - -] Creating instance of CountableResource for resource:ipsecpolicy
2026-05-14 08:06:23.746 8 WARNING neutron.quota.resource_registry [None req-1d8f5842-57d1-4e3d-9837-c875d147c4a2 - - - - - -] ipsecpolicy is already registered
2026-05-14 08:06:23.747 8 INFO neutron.quota.resource_registry [None req-1d8f5842-57d1-4e3d-9837-c875d147c4a2 - - - - - -] Creating instance of CountableResource for resource:ikepolicy
2026-05-14 08:06:23.747 8 WARNING neutron.quota.resource_registry [None req-1d8f5842-57d1-4e3d-9837-c875d147c4a2 - - - - - -] ikepolicy is already registered
2026-05-14 08:06:23.747 7 INFO neutron.api.extensions [None req-31cade4a-0b90-481b-8450-247bdc1fa8ec - - - - - -] Extension floating-ip-port-forwarding not supported by any of loaded plugins
2026-05-14 08:06:23.748 7 INFO neutron.api.extensions [None req-31cade4a-0b90-481b-8450-247bdc1fa8ec - - - - - -] Loaded extension: floatingip-pools
2026-05-14 08:06:23.748 8 WARNING neutron.api.api_common [None req-1d8f5842-57d1-4e3d-9837-c875d147c4a2 - - - - - -] The plugin class builtins.NoneType should inherit from ``ServicePluginBase`` or ``NeutronDbPluginV2``. This class needs to be refactored. Please report a Launchpad bug in https://bugs.launchpad.net/neutron.
2026-05-14 08:06:23.748 8 WARNING neutron.api.api_common [None req-1d8f5842-57d1-4e3d-9837-c875d147c4a2 - - - - - -] The plugin class builtins.NoneType should inherit from ``ServicePluginBase`` or ``NeutronDbPluginV2``. This class needs to be refactored. Please report a Launchpad bug in https://bugs.launchpad.net/neutron.
2026-05-14 08:06:23.748 7 INFO neutron.api.extensions [None req-31cade4a-0b90-481b-8450-247bdc1fa8ec - - - - - -] Loaded extension: ip_allocation
2026-05-14 08:06:23.749 8 WARNING neutron.api.api_common [None req-1d8f5842-57d1-4e3d-9837-c875d147c4a2 - - - - - -] The plugin class builtins.NoneType should inherit from ``ServicePluginBase`` or ``NeutronDbPluginV2``. This class needs to be refactored. Please report a Launchpad bug in https://bugs.launchpad.net/neutron.
2026-05-14 08:06:23.749 7 INFO neutron.api.extensions [None req-31cade4a-0b90-481b-8450-247bdc1fa8ec - - - - - -] Extension ip-substring-filtering not supported by any of loaded plugins
2026-05-14 08:06:23.749 8 WARNING neutron.api.api_common [None req-1d8f5842-57d1-4e3d-9837-c875d147c4a2 - - - - - -] The plugin class neutron.db.servicetype_db.ServiceTypeManager should inherit from ``ServicePluginBase`` or ``NeutronDbPluginV2``. This class needs to be refactored. Please report a Launchpad bug in https://bugs.launchpad.net/neutron.
2026-05-14 08:06:23.749 8 WARNING neutron.api.api_common [None req-1d8f5842-57d1-4e3d-9837-c875d147c4a2 - - - - - -] The plugin class builtins.NoneType should inherit from ``ServicePluginBase`` or ``NeutronDbPluginV2``. This class needs to be refactored. Please report a Launchpad bug in https://bugs.launchpad.net/neutron.
2026-05-14 08:06:23.749 8 WARNING neutron.api.api_common [None req-1d8f5842-57d1-4e3d-9837-c875d147c4a2 - - - - - -] The plugin class builtins.NoneType should inherit from ``ServicePluginBase`` or ``NeutronDbPluginV2``. This class needs to be refactored. Please report a Launchpad bug in https://bugs.launchpad.net/neutron.
2026-05-14 08:06:23.749 8 WARNING neutron.api.api_common [None req-1d8f5842-57d1-4e3d-9837-c875d147c4a2 - - - - - -] The plugin class builtins.NoneType should inherit from ``ServicePluginBase`` or ``NeutronDbPluginV2``. This class needs to be refactored. Please report a Launchpad bug in https://bugs.launchpad.net/neutron.
2026-05-14 08:06:23.749 7 INFO neutron.api.extensions [None req-31cade4a-0b90-481b-8450-247bdc1fa8ec - - - - - -] Loaded extension: l2_adjacency
2026-05-14 08:06:23.749 8 WARNING neutron.api.api_common [None req-1d8f5842-57d1-4e3d-9837-c875d147c4a2 - - - - - -] The plugin class builtins.NoneType should inherit from ``ServicePluginBase`` or ``NeutronDbPluginV2``. This class needs to be refactored. Please report a Launchpad bug in https://bugs.launchpad.net/neutron.
2026-05-14 08:06:23.749 8 WARNING neutron.api.api_common [None req-1d8f5842-57d1-4e3d-9837-c875d147c4a2 - - - - - -] The plugin class builtins.NoneType should inherit from ``ServicePluginBase`` or ``NeutronDbPluginV2``. This class needs to be refactored. Please report a Launchpad bug in https://bugs.launchpad.net/neutron.
2026-05-14 08:06:23.749 8 WARNING neutron.api.api_common [None req-1d8f5842-57d1-4e3d-9837-c875d147c4a2 - - - - - -] The plugin class builtins.NoneType should inherit from ``ServicePluginBase`` or ``NeutronDbPluginV2``. This class needs to be refactored. Please report a Launchpad bug in https://bugs.launchpad.net/neutron.
2026-05-14 08:06:23.750 8 WARNING neutron.api.api_common [None req-1d8f5842-57d1-4e3d-9837-c875d147c4a2 - - - - - -] The plugin class builtins.NoneType should inherit from ``ServicePluginBase`` or ``NeutronDbPluginV2``. This class needs to be refactored. Please report a Launchpad bug in https://bugs.launchpad.net/neutron.
2026-05-14 08:06:23.750 8 WARNING neutron.api.api_common [None req-1d8f5842-57d1-4e3d-9837-c875d147c4a2 - - - - - -] The plugin class builtins.NoneType should inherit from ``ServicePluginBase`` or ``NeutronDbPluginV2``. This class needs to be refactored. Please report a Launchpad bug in https://bugs.launchpad.net/neutron.
2026-05-14 08:06:23.750 8 WARNING neutron.api.api_common [None req-1d8f5842-57d1-4e3d-9837-c875d147c4a2 - - - - - -] The plugin class builtins.NoneType should inherit from ``ServicePluginBase`` or ``NeutronDbPluginV2``. This class needs to be refactored. Please report a Launchpad bug in https://bugs.launchpad.net/neutron.
2026-05-14 08:06:23.750 8 WARNING neutron.api.api_common [None req-1d8f5842-57d1-4e3d-9837-c875d147c4a2 - - - - - -] The plugin class builtins.NoneType should inherit from ``ServicePluginBase`` or ``NeutronDbPluginV2``. This class needs to be refactored. Please report a Launchpad bug in https://bugs.launchpad.net/neutron.
2026-05-14 08:06:23.750 8 WARNING neutron.api.api_common [None req-1d8f5842-57d1-4e3d-9837-c875d147c4a2 - - - - - -] The plugin class builtins.NoneType should inherit from ``ServicePluginBase`` or ``NeutronDbPluginV2``. This class needs to be refactored. Please report a Launchpad bug in https://bugs.launchpad.net/neutron.
2026-05-14 08:06:23.750 8 WARNING neutron.api.api_common [None req-1d8f5842-57d1-4e3d-9837-c875d147c4a2 - - - - - -] The plugin class builtins.NoneType should inherit from ``ServicePluginBase`` or ``NeutronDbPluginV2``. This class needs to be refactored. Please report a Launchpad bug in https://bugs.launchpad.net/neutron.
2026-05-14 08:06:23.750 7 INFO neutron.api.extensions [None req-31cade4a-0b90-481b-8450-247bdc1fa8ec - - - - - -] Loaded extension: router
2026-05-14 08:06:23.752 7 INFO neutron.api.extensions [None req-31cade4a-0b90-481b-8450-247bdc1fa8ec - - - - - -] Extension l3-conntrack-helper not supported by any of loaded plugins
2026-05-14 08:06:23.753 7 INFO neutron.api.extensions [None req-31cade4a-0b90-481b-8450-247bdc1fa8ec - - - - - -] Loaded extension: enable-default-route-bfd
2026-05-14 08:06:23.753 8 INFO neutron.quota.resource_registry [None req-1d8f5842-57d1-4e3d-9837-c875d147c4a2 - - - - - -] Creating instance of TrackedResource for resource:router
2026-05-14 08:06:23.753 8 WARNING neutron.quota.resource_registry [None req-1d8f5842-57d1-4e3d-9837-c875d147c4a2 - - - - - -] router is already registered
2026-05-14 08:06:23.753 7 INFO neutron.api.extensions [None req-31cade4a-0b90-481b-8450-247bdc1fa8ec - - - - - -] Loaded extension: enable-default-route-ecmp
2026-05-14 08:06:23.753 8 INFO neutron.quota.resource_registry [None req-1d8f5842-57d1-4e3d-9837-c875d147c4a2 - - - - - -] Creating instance of TrackedResource for resource:floatingip
2026-05-14 08:06:23.754 8 WARNING neutron.quota.resource_registry [None req-1d8f5842-57d1-4e3d-9837-c875d147c4a2 - - - - - -] floatingip is already registered
2026-05-14 08:06:23.754 7 INFO neutron.api.extensions [None req-31cade4a-0b90-481b-8450-247bdc1fa8ec - - - - - -] Loaded extension: ext-gw-mode
2026-05-14 08:06:23.755 7 INFO neutron.api.extensions [None req-31cade4a-0b90-481b-8450-247bdc1fa8ec - - - - - -] Loaded extension: l3-ha
2026-05-14 08:06:23.755 7 INFO neutron.api.extensions [None req-31cade4a-0b90-481b-8450-247bdc1fa8ec - - - - - -] Extension l3-ext-ndp-proxy not supported by any of loaded plugins
2026-05-14 08:06:23.756 7 INFO neutron.api.extensions [None req-31cade4a-0b90-481b-8450-247bdc1fa8ec - - - - - -] Loaded extension: external-gateway-multihoming
2026-05-14 08:06:23.757 7 INFO neutron.api.extensions [None req-31cade4a-0b90-481b-8450-247bdc1fa8ec - - - - - -] Loaded extension: l3-flavors
2026-05-14 08:06:23.758 7 INFO neutron.api.extensions [None req-31cade4a-0b90-481b-8450-247bdc1fa8ec - - - - - -] Extension l3-ndp-proxy not supported by any of loaded plugins
2026-05-14 08:06:23.758 8 INFO neutron.quota.resource_registry [None req-1d8f5842-57d1-4e3d-9837-c875d147c4a2 - - - - - -] Creating instance of CountableResource for resource:rbac_policy
2026-05-14 08:06:23.758 8 WARNING neutron.quota.resource_registry [None req-1d8f5842-57d1-4e3d-9837-c875d147c4a2 - - - - - -] rbac_policy is already registered
2026-05-14 08:06:23.758 7 INFO neutron.api.extensions [None req-31cade4a-0b90-481b-8450-247bdc1fa8ec - - - - - -] Extension l3-port-ip-change-not-allowed not supported by any of loaded plugins
2026-05-14 08:06:23.758 8 INFO neutron.quota.resource_registry [None req-1d8f5842-57d1-4e3d-9837-c875d147c4a2 - - - - - -] Creating instance of TrackedResource for resource:security_group
2026-05-14 08:06:23.759 8 WARNING neutron.quota.resource_registry [None req-1d8f5842-57d1-4e3d-9837-c875d147c4a2 - - - - - -] security_group is already registered
2026-05-14 08:06:23.759 8 INFO neutron.quota.resource_registry [None req-1d8f5842-57d1-4e3d-9837-c875d147c4a2 - - - - - -] Creating instance of TrackedResource for resource:security_group_rule
2026-05-14 08:06:23.759 8 WARNING neutron.quota.resource_registry [None req-1d8f5842-57d1-4e3d-9837-c875d147c4a2 - - - - - -] security_group_rule is already registered
2026-05-14 08:06:23.760 8 WARNING neutron.api.api_common [None req-1d8f5842-57d1-4e3d-9837-c875d147c4a2 - - - - - -] The plugin class neutron.db.servicetype_db.ServiceTypeManager should inherit from ``ServicePluginBase`` or ``NeutronDbPluginV2``. This class needs to be refactored. Please report a Launchpad bug in https://bugs.launchpad.net/neutron.
2026-05-14 08:06:23.760 8 INFO neutron.quota.resource_registry [None req-1d8f5842-57d1-4e3d-9837-c875d147c4a2 - - - - - -] Creating instance of TrackedResource for resource:subnetpool
2026-05-14 08:06:23.760 8 WARNING neutron.quota.resource_registry [None req-1d8f5842-57d1-4e3d-9837-c875d147c4a2 - - - - - -] subnetpool is already registered
2026-05-14 08:06:23.760 8 INFO neutron.quota.resource_registry [None req-1d8f5842-57d1-4e3d-9837-c875d147c4a2 - - - - - -] Creating instance of CountableResource for resource:trunk
2026-05-14 08:06:23.761 8 WARNING neutron.quota.resource_registry [None req-1d8f5842-57d1-4e3d-9837-c875d147c4a2 - - - - - -] trunk is already registered
2026-05-14 08:06:23.761 7 INFO neutron.api.extensions [None req-31cade4a-0b90-481b-8450-247bdc1fa8ec - - - - - -] Extension l3_agent_scheduler not supported by any of loaded plugins
2026-05-14 08:06:23.761 8 INFO neutron.quota.resource_registry [None req-1d8f5842-57d1-4e3d-9837-c875d147c4a2 - - - - - -] Creating instance of CountableResource for resource:ikepolicy
2026-05-14 08:06:23.761 8 WARNING neutron.quota.resource_registry [None req-1d8f5842-57d1-4e3d-9837-c875d147c4a2 - - - - - -] ikepolicy is already registered
2026-05-14 08:06:23.762 8 INFO neutron.quota.resource_registry [None req-1d8f5842-57d1-4e3d-9837-c875d147c4a2 - - - - - -] Creating instance of CountableResource for resource:ipsecpolicy
2026-05-14 08:06:23.762 8 WARNING neutron.quota.resource_registry [None req-1d8f5842-57d1-4e3d-9837-c875d147c4a2 - - - - - -] ipsecpolicy is already registered
2026-05-14 08:06:23.762 7 INFO neutron.api.extensions [None req-31cade4a-0b90-481b-8450-247bdc1fa8ec - - - - - -] Extension local_ip not supported by any of loaded plugins
2026-05-14 08:06:23.762 8 INFO neutron.quota.resource_registry [None req-1d8f5842-57d1-4e3d-9837-c875d147c4a2 - - - - - -] Creating instance of CountableResource for resource:endpoint_group
2026-05-14 08:06:23.762 8 WARNING neutron.quota.resource_registry [None req-1d8f5842-57d1-4e3d-9837-c875d147c4a2 - - - - - -] endpoint_group is already registered
2026-05-14 08:06:23.763 8 INFO neutron.quota.resource_registry [None req-1d8f5842-57d1-4e3d-9837-c875d147c4a2 - - - - - -] Creating instance of CountableResource for resource:vpnservice
2026-05-14 08:06:23.763 8 WARNING neutron.quota.resource_registry [None req-1d8f5842-57d1-4e3d-9837-c875d147c4a2 - - - - - -] vpnservice is already registered
2026-05-14 08:06:23.763 8 INFO neutron.quota.resource_registry [None req-1d8f5842-57d1-4e3d-9837-c875d147c4a2 - - - - - -] Creating instance of CountableResource for resource:ipsec_site_connection
2026-05-14 08:06:23.763 8 WARNING neutron.quota.resource_registry [None req-1d8f5842-57d1-4e3d-9837-c875d147c4a2 - - - - - -] ipsec_site_connection is already registered
2026-05-14 08:06:23.763 7 INFO neutron.api.extensions [None req-31cade4a-0b90-481b-8450-247bdc1fa8ec - - - - - -] Loaded extension: logging
2026-05-14 08:06:23.764 8 INFO neutron.quota.resource_registry [None req-1d8f5842-57d1-4e3d-9837-c875d147c4a2 - - - - - -] Creating instance of CountableResource for resource:ipsecpolicy
2026-05-14 08:06:23.764 8 WARNING neutron.quota.resource_registry [None req-1d8f5842-57d1-4e3d-9837-c875d147c4a2 - - - - - -] ipsecpolicy is already registered
2026-05-14 08:06:23.764 8 INFO neutron.quota.resource_registry [None req-1d8f5842-57d1-4e3d-9837-c875d147c4a2 - - - - - -] Creating instance of CountableResource for resource:ikepolicy
2026-05-14 08:06:23.764 8 WARNING neutron.quota.resource_registry [None req-1d8f5842-57d1-4e3d-9837-c875d147c4a2 - - - - - -] ikepolicy is already registered
2026-05-14 08:06:23.766 7 INFO neutron.api.extensions [None req-31cade4a-0b90-481b-8450-247bdc1fa8ec - - - - - -] Extension metering not supported by any of loaded plugins
2026-05-14 08:06:23.768 7 INFO neutron.api.extensions [None req-31cade4a-0b90-481b-8450-247bdc1fa8ec - - - - - -] Extension metering_source_and_destination_fields not supported by any of loaded plugins
2026-05-14 08:06:23.769 7 INFO neutron.api.extensions [None req-31cade4a-0b90-481b-8450-247bdc1fa8ec - - - - - -] Loaded extension: multi-provider
2026-05-14 08:06:23.770 7 INFO neutron.api.extensions [None req-31cade4a-0b90-481b-8450-247bdc1fa8ec - - - - - -] Loaded extension: net-mtu
2026-05-14 08:06:23.771 7 INFO neutron.api.extensions [None req-31cade4a-0b90-481b-8450-247bdc1fa8ec - - - - - -] Loaded extension: net-mtu-writable
2026-05-14 08:06:23.773 7 INFO neutron.api.extensions [None req-31cade4a-0b90-481b-8450-247bdc1fa8ec - - - - - -] Loaded extension: network_availability_zone
2026-05-14 08:06:23.774 7 INFO neutron.api.extensions [None req-31cade4a-0b90-481b-8450-247bdc1fa8ec - - - - - -] Extension network_ha not supported by any of loaded plugins
2026-05-14 08:06:23.775 7 INFO neutron.api.extensions [None req-31cade4a-0b90-481b-8450-247bdc1fa8ec - - - - - -] Loaded extension: network-ip-availability
2026-05-14 08:06:23.775 7 INFO neutron.api.extensions [None req-31cade4a-0b90-481b-8450-247bdc1fa8ec - - - - - -] Loaded extension: network-ip-availability-details
2026-05-14 08:06:23.777 7 INFO neutron.api.extensions [None req-31cade4a-0b90-481b-8450-247bdc1fa8ec - - - - - -] Extension network-segment-range not supported by any of loaded plugins
2026-05-14 08:06:23.778 7 INFO neutron.api.extensions [None req-31cade4a-0b90-481b-8450-247bdc1fa8ec - - - - - -] Loaded extension: pagination
2026-05-14 08:06:23.778 7 INFO neutron.api.extensions [None req-31cade4a-0b90-481b-8450-247bdc1fa8ec - - - - - -] Loaded extension: port-device-profile
2026-05-14 08:06:23.779 7 INFO neutron.api.extensions [None req-31cade4a-0b90-481b-8450-247bdc1fa8ec - - - - - -] Extension port-hardware-offload-type not supported by any of loaded plugins
2026-05-14 08:06:23.780 7 INFO neutron.api.extensions [None req-31cade4a-0b90-481b-8450-247bdc1fa8ec - - - - - -] Extension port-hint-ovs-tx-steering not supported by any of loaded plugins
2026-05-14 08:06:23.781 7 INFO neutron.api.extensions [None req-31cade4a-0b90-481b-8450-247bdc1fa8ec - - - - - -] Extension port-hints not supported by any of loaded plugins
2026-05-14 08:06:23.781 7 INFO neutron.api.extensions [None req-31cade4a-0b90-481b-8450-247bdc1fa8ec - - - - - -] Extension port-mac-override not supported by any of loaded plugins
2026-05-14 08:06:23.782 7 INFO neutron.api.extensions [None req-31cade4a-0b90-481b-8450-247bdc1fa8ec - - - - - -] Loaded extension: port-mac-address-regenerate
2026-05-14 08:06:23.783 7 INFO neutron.api.extensions [None req-31cade4a-0b90-481b-8450-247bdc1fa8ec - - - - - -] Loaded extension: port-numa-affinity-policy
2026-05-14 08:06:23.783 7 INFO neutron.api.extensions [None req-31cade4a-0b90-481b-8450-247bdc1fa8ec - - - - - -] Loaded extension: port-numa-affinity-policy-socket
2026-05-14 08:06:23.784 7 INFO neutron.api.extensions [None req-31cade4a-0b90-481b-8450-247bdc1fa8ec - - - - - -] Loaded extension: port-resource-request
2026-05-14 08:06:23.785 7 INFO neutron.api.extensions [None req-31cade4a-0b90-481b-8450-247bdc1fa8ec - - - - - -] Loaded extension: port-resource-request-groups
2026-05-14 08:06:23.785 7 INFO neutron.api.extensions [None req-31cade4a-0b90-481b-8450-247bdc1fa8ec - - - - - -] Extension port-trusted-vif not supported by any of loaded plugins
2026-05-14 08:06:23.786 7 INFO neutron.api.extensions [None req-31cade4a-0b90-481b-8450-247bdc1fa8ec - - - - - -] Loaded extension: binding
2026-05-14 08:06:23.787 7 INFO neutron.api.extensions [None req-31cade4a-0b90-481b-8450-247bdc1fa8ec - - - - - -] Loaded extension: binding-extended
2026-05-14 08:06:23.787 7 INFO neutron.api.extensions [None req-31cade4a-0b90-481b-8450-247bdc1fa8ec - - - - - -] Loaded extension: port-security
2026-05-14 08:06:23.788 7 INFO neutron.api.extensions [None req-31cade4a-0b90-481b-8450-247bdc1fa8ec - - - - - -] Loaded extension: project-id
2026-05-14 08:06:23.788 7 INFO neutron.api.extensions [None req-31cade4a-0b90-481b-8450-247bdc1fa8ec - - - - - -] Loaded extension: provider
2026-05-14 08:06:23.789 7 INFO neutron.api.extensions [None req-31cade4a-0b90-481b-8450-247bdc1fa8ec - - - - - -] Loaded extension: qinq
2026-05-14 08:06:23.791 7 INFO neutron.api.extensions [None req-31cade4a-0b90-481b-8450-247bdc1fa8ec - - - - - -] Loaded extension: qos
2026-05-14 08:06:23.792 7 INFO neutron.api.extensions [None req-31cade4a-0b90-481b-8450-247bdc1fa8ec - - - - - -] Loaded extension: qos-bw-limit-direction
2026-05-14 08:06:23.792 7 INFO neutron.api.extensions [None req-31cade4a-0b90-481b-8450-247bdc1fa8ec - - - - - -] Loaded extension: qos-bw-minimum-ingress
2026-05-14 08:06:23.793 7 INFO neutron.api.extensions [None req-31cade4a-0b90-481b-8450-247bdc1fa8ec - - - - - -] Loaded extension: qos-default
2026-05-14 08:06:23.793 7 INFO neutron.api.extensions [None req-31cade4a-0b90-481b-8450-247bdc1fa8ec - - - - - -] Loaded extension: qos-fip
2026-05-14 08:06:23.794 7 INFO neutron.api.extensions [None req-31cade4a-0b90-481b-8450-247bdc1fa8ec - - - - - -] Extension qos-fip-network-policy not supported by any of loaded plugins
2026-05-14 08:06:23.794 7 INFO neutron.api.extensions [None req-31cade4a-0b90-481b-8450-247bdc1fa8ec - - - - - -] Loaded extension: qos-gateway-ip
2026-05-14 08:06:23.795 7 INFO neutron.api.extensions [None req-31cade4a-0b90-481b-8450-247bdc1fa8ec - - - - - -] Loaded extension: qos-port-network-policy
2026-05-14 08:06:23.795 7 INFO neutron.api.extensions [None req-31cade4a-0b90-481b-8450-247bdc1fa8ec - - - - - -] Loaded extension: qos-pps-minimum
2026-05-14 08:06:23.796 7 INFO neutron.api.extensions [None req-31cade4a-0b90-481b-8450-247bdc1fa8ec - - - - - -] Loaded extension: qos-pps-minimum-rule-alias
2026-05-14 08:06:23.797 7 INFO neutron.api.extensions [None req-31cade4a-0b90-481b-8450-247bdc1fa8ec - - - - - -] Loaded extension: qos-pps
2026-05-14 08:06:23.797 7 INFO neutron.api.extensions [None req-31cade4a-0b90-481b-8450-247bdc1fa8ec - - - - - -] Loaded extension: qos-rule-type-details
2026-05-14 08:06:23.798 7 INFO neutron.api.extensions [None req-31cade4a-0b90-481b-8450-247bdc1fa8ec - - - - - -] Loaded extension: qos-rule-type-filter
2026-05-14 08:06:23.798 7 INFO neutron.api.extensions [None req-31cade4a-0b90-481b-8450-247bdc1fa8ec - - - - - -] Loaded extension: qos-rules-alias
2026-05-14 08:06:23.799 7 INFO neutron.api.extensions [None req-31cade4a-0b90-481b-8450-247bdc1fa8ec - - - - - -] Loaded extension: quota-check-limit
2026-05-14 08:06:23.799 7 INFO neutron.api.extensions [None req-31cade4a-0b90-481b-8450-247bdc1fa8ec - - - - - -] Loaded extension: quota-check-limit-default
2026-05-14 08:06:23.801 8 WARNING keystonemiddleware._common.config [None req-1d8f5842-57d1-4e3d-9837-c875d147c4a2 - - - - - -] The option "audit_map_file" is not known to keystonemiddleware
2026-05-14 08:06:23.802 7 INFO neutron.api.extensions [None req-31cade4a-0b90-481b-8450-247bdc1fa8ec - - - - - -] Loaded extension: quotas
2026-05-14 08:06:23.803 7 INFO neutron.api.extensions [None req-31cade4a-0b90-481b-8450-247bdc1fa8ec - - - - - -] Loaded extension: quota_details
2026-05-14 08:06:23.804 7 INFO neutron.api.extensions [None req-31cade4a-0b90-481b-8450-247bdc1fa8ec - - - - - -] Loaded extension: rbac-policies
2026-05-14 08:06:23.805 7 INFO neutron.api.extensions [None req-31cade4a-0b90-481b-8450-247bdc1fa8ec - - - - - -] Extension rbac-address-group not supported by any of loaded plugins
2026-05-14 08:06:23.805 7 INFO neutron.api.extensions [None req-31cade4a-0b90-481b-8450-247bdc1fa8ec - - - - - -] Loaded extension: rbac-address-scope
2026-05-14 08:06:23.806 7 INFO neutron.api.extensions [None req-31cade4a-0b90-481b-8450-247bdc1fa8ec - - - - - -] Loaded extension: rbac-security-groups
2026-05-14 08:06:23.806 7 INFO neutron.api.extensions [None req-31cade4a-0b90-481b-8450-247bdc1fa8ec - - - - - -] Extension rbac-subnetpool not supported by any of loaded plugins
2026-05-14 08:06:23.807 7 INFO neutron.api.extensions [None req-31cade4a-0b90-481b-8450-247bdc1fa8ec - - - - - -] Loaded extension: revision-if-match
2026-05-14 08:06:23.807 7 INFO neutron.api.extensions [None req-31cade4a-0b90-481b-8450-247bdc1fa8ec - - - - - -] Loaded extension: standard-attr-revisions
2026-05-14 08:06:23.808 8 WARNING oslo_config.cfg [None req-1d8f5842-57d1-4e3d-9837-c875d147c4a2 - - - - - -] Deprecated: Option "auth_uri" from group "keystone_authtoken" is deprecated. Use option "www_authenticate_uri" from group "keystone_authtoken".
2026-05-14 08:06:23.808 7 INFO neutron.api.extensions [None req-31cade4a-0b90-481b-8450-247bdc1fa8ec - - - - - -] Loaded extension: router_availability_zone
2026-05-14 08:06:23.808 7 INFO neutron.api.extensions [None req-31cade4a-0b90-481b-8450-247bdc1fa8ec - - - - - -] Loaded extension: router-enable-snat
2026-05-14 08:06:23.809 7 INFO neutron.api.extensions [None req-31cade4a-0b90-481b-8450-247bdc1fa8ec - - - - - -] Extension router-service-type not supported by any of loaded plugins
2026-05-14 08:06:23.811 7 INFO neutron.api.extensions [None req-31cade4a-0b90-481b-8450-247bdc1fa8ec - - - - - -] Loaded extension: security-groups-default-rules
2026-05-14 08:06:23.811 7 INFO neutron.api.extensions [None req-31cade4a-0b90-481b-8450-247bdc1fa8ec - - - - - -] Loaded extension: security-groups-normalized-cidr
2026-05-14 08:06:23.812 7 INFO neutron.api.extensions [None req-31cade4a-0b90-481b-8450-247bdc1fa8ec - - - - - -] Extension port-security-groups-filtering not supported by any of loaded plugins
2026-05-14 08:06:23.812 7 INFO neutron.api.extensions [None req-31cade4a-0b90-481b-8450-247bdc1fa8ec - - - - - -] Loaded extension: security-groups-remote-address-group
2026-05-14 08:06:23.813 7 INFO neutron.api.extensions [None req-31cade4a-0b90-481b-8450-247bdc1fa8ec - - - - - -] Loaded extension: security-groups-rules-belongs-to-default-sg
2026-05-14 08:06:23.813 7 INFO neutron.api.extensions [None req-31cade4a-0b90-481b-8450-247bdc1fa8ec - - - - - -] Loaded extension: security-groups-shared-filtering
2026-05-14 08:06:23.818 7 INFO neutron.api.extensions [None req-31cade4a-0b90-481b-8450-247bdc1fa8ec - - - - - -] Loaded extension: security-group
2026-05-14 08:06:23.819 7 INFO neutron.api.extensions [None req-31cade4a-0b90-481b-8450-247bdc1fa8ec - - - - - -] Loaded extension: segment
2026-05-14 08:06:23.819 7 INFO neutron.api.extensions [None req-31cade4a-0b90-481b-8450-247bdc1fa8ec - - - - - -] Loaded extension: segments-peer-subnet-host-routes
2026-05-14 08:06:23.820 7 INFO neutron.api.extensions [None req-31cade4a-0b90-481b-8450-247bdc1fa8ec - - - - - -] Loaded extension: service-type
2026-05-14 08:06:23.820 7 INFO neutron.api.extensions [None req-31cade4a-0b90-481b-8450-247bdc1fa8ec - - - - - -] Loaded extension: sorting
2026-05-14 08:06:23.821 7 INFO neutron.api.extensions [None req-31cade4a-0b90-481b-8450-247bdc1fa8ec - - - - - -] Loaded extension: standard-attr-segment
2026-05-14 08:06:23.821 7 INFO neutron.api.extensions [None req-31cade4a-0b90-481b-8450-247bdc1fa8ec - - - - - -] Loaded extension: standard-attr-description
2026-05-14 08:06:23.822 7 INFO neutron.api.extensions [None req-31cade4a-0b90-481b-8450-247bdc1fa8ec - - - - - -] Loaded extension: stateful-security-group
2026-05-14 08:06:23.822 7 WARNING neutron.api.extensions [None req-31cade4a-0b90-481b-8450-247bdc1fa8ec - - - - - -] Did not find expected name "Stdattrs_common" in /var/lib/openstack/lib/python3.12/site-packages/neutron/extensions/stdattrs_common.py
2026-05-14 08:06:23.823 7 INFO neutron.api.extensions [None req-31cade4a-0b90-481b-8450-247bdc1fa8ec - - - - - -] Loaded extension: subnet-dns-publish-fixed-ip
2026-05-14 08:06:23.823 7 INFO neutron.api.extensions [None req-31cade4a-0b90-481b-8450-247bdc1fa8ec - - - - - -] Loaded extension: subnet-external-network
2026-05-14 08:06:23.824 7 INFO neutron.api.extensions [None req-31cade4a-0b90-481b-8450-247bdc1fa8ec - - - - - -] Extension subnet_onboard not supported by any of loaded plugins
2026-05-14 08:06:23.824 7 INFO neutron.api.extensions [None req-31cade4a-0b90-481b-8450-247bdc1fa8ec - - - - - -] Loaded extension: subnet-segmentid-writable
2026-05-14 08:06:23.825 7 INFO neutron.api.extensions [None req-31cade4a-0b90-481b-8450-247bdc1fa8ec - - - - - -] Loaded extension: subnet-service-types
2026-05-14 08:06:23.825 7 INFO neutron.api.extensions [None req-31cade4a-0b90-481b-8450-247bdc1fa8ec - - - - - -] Loaded extension: subnet_allocation
2026-05-14 08:06:23.826 7 INFO neutron.api.extensions [None req-31cade4a-0b90-481b-8450-247bdc1fa8ec - - - - - -] Loaded extension: subnetpool-prefix-ops
2026-05-14 08:06:23.827 7 INFO neutron.api.extensions [None req-31cade4a-0b90-481b-8450-247bdc1fa8ec - - - - - -] Loaded extension: tag-creation
2026-05-14 08:06:23.827 7 INFO neutron.api.extensions [None req-31cade4a-0b90-481b-8450-247bdc1fa8ec - - - - - -] Extension tag-ports-during-bulk-creation not supported by any of loaded plugins
2026-05-14 08:06:23.830 8 WARNING neutron.plugins.ml2.drivers.ovn.mech_driver.mech_driver [None req-1d8f5842-57d1-4e3d-9837-c875d147c4a2 - - - - - -] uWSGI must provide a start time using the configuration parameter "start-time %t" in the configuration file
2026-05-14 08:06:23.831 7 INFO neutron.api.extensions [None req-31cade4a-0b90-481b-8450-247bdc1fa8ec - - - - - -] Loaded extension: standard-attr-tag
2026-05-14 08:06:23.832 7 INFO neutron.api.extensions [None req-31cade4a-0b90-481b-8450-247bdc1fa8ec - - - - - -] Loaded extension: standard-attr-timestamp
2026-05-14 08:06:23.832 7 INFO neutron.api.extensions [None req-31cade4a-0b90-481b-8450-247bdc1fa8ec - - - - - -] Loaded extension: trunk
2026-05-14 08:06:23.833 7 INFO neutron.api.extensions [None req-31cade4a-0b90-481b-8450-247bdc1fa8ec - - - - - -] Loaded extension: trunk-details
2026-05-14 08:06:23.833 7 INFO neutron.api.extensions [None req-31cade4a-0b90-481b-8450-247bdc1fa8ec - - - - - -] Extension uplink-status-propagation not supported by any of loaded plugins
2026-05-14 08:06:23.834 7 INFO neutron.api.extensions [None req-31cade4a-0b90-481b-8450-247bdc1fa8ec - - - - - -] Extension uplink-status-propagation-updatable not supported by any of loaded plugins
2026-05-14 08:06:23.834 7 INFO neutron.api.extensions [None req-31cade4a-0b90-481b-8450-247bdc1fa8ec - - - - - -] Loaded extension: vlan-transparent
2026-05-14 08:06:23.835 7 INFO neutron.api.extensions [None req-31cade4a-0b90-481b-8450-247bdc1fa8ec - - - - - -] Loaded extension: vpn-aes-ctr
2026-05-14 08:06:23.838 7 INFO neutron.api.extensions [None req-31cade4a-0b90-481b-8450-247bdc1fa8ec - - - - - -] Loaded extension: vpn-agent-scheduler
2026-05-14 08:06:23.839 7 INFO neutron.api.extensions [None req-31cade4a-0b90-481b-8450-247bdc1fa8ec - - - - - -] Loaded extension: vpn-endpoint-groups
2026-05-14 08:06:23.840 7 INFO neutron.api.extensions [None req-31cade4a-0b90-481b-8450-247bdc1fa8ec - - - - - -] Loaded extension: vpn-flavors
2026-05-14 08:06:23.841 7 INFO neutron.api.extensions [None req-31cade4a-0b90-481b-8450-247bdc1fa8ec - - - - - -] Loaded extension: vpnaas
2026-05-14 08:06:23.843 7 INFO neutron.api.extensions [None req-31cade4a-0b90-481b-8450-247bdc1fa8ec - - - - - -] Loaded extension: taas
2026-05-14 08:06:23.844 7 INFO neutron.api.extensions [None req-31cade4a-0b90-481b-8450-247bdc1fa8ec - - - - - -] Loaded extension: tap-mirror
2026-05-14 08:06:23.844 8 INFO neutron.db.ovn_hash_ring_db [None req-1d8f5842-57d1-4e3d-9837-c875d147c4a2 - - - - - -] Nodes from host "neutron-server-767d9c5bb5-vrblp" and group "mechanism_driver" removed from the Hash Ring created at
2026-05-14 08:06:23+00:00
2026-05-14 08:06:23.844 7 INFO neutron.api.extensions [None req-31cade4a-0b90-481b-8450-247bdc1fa8ec - - - - - -] Loaded extension: tap-mirror-both-direction
2026-05-14 08:06:23.845 7 INFO neutron.api.extensions [None req-31cade4a-0b90-481b-8450-247bdc1fa8ec - - - - - -] Loaded extension: taas-vlan-filter
2026-05-14 08:06:23.846 8 INFO neutron.db.ovn_hash_ring_db [None req-1d8f5842-57d1-4e3d-9837-c875d147c4a2 - - - - - -] Node 199881948ee65d46a72a6cd709655444 from host "neutron-server-767d9c5bb5-vrblp" and group "mechanism_driver" added to the Hash Ring
2026-05-14 08:06:23.847 7 INFO neutron.quota.resource_registry [None req-31cade4a-0b90-481b-8450-247bdc1fa8ec - - - - - -] Creating instance of TrackedResource for resource:network
2026-05-14 08:06:23.848 7 INFO neutron.quota.resource_registry [None req-31cade4a-0b90-481b-8450-247bdc1fa8ec - - - - - -] Creating instance of TrackedResource for resource:subnet
2026-05-14 08:06:23.848 7 INFO neutron.quota.resource_registry [None req-31cade4a-0b90-481b-8450-247bdc1fa8ec - - - - - -] Creating instance of TrackedResource for resource:subnetpool
2026-05-14 08:06:23.848 7 INFO neutron.quota.resource_registry [None req-31cade4a-0b90-481b-8450-247bdc1fa8ec - - - - - -] Creating instance of TrackedResource for resource:port
2026-05-14 08:06:23.851 7 INFO neutron.quota.resource_registry [None req-31cade4a-0b90-481b-8450-247bdc1fa8ec - - - - - -] Creating instance of TrackedResource for resource:router
2026-05-14 08:06:23.852 7 INFO neutron.quota.resource_registry [None req-31cade4a-0b90-481b-8450-247bdc1fa8ec - - - - - -] Creating instance of TrackedResource for resource:floatingip
2026-05-14 08:06:23.853 8 INFO neutron.plugins.ml2.drivers.ovn.mech_driver.mech_driver [None req-1d8f5842-57d1-4e3d-9837-c875d147c4a2 - - - - - -] Hash Ring probing thread for node 199881948ee65d46a72a6cd709655444 has started
2026-05-14 08:06:23.854 8 INFO neutron.plugins.ml2.drivers.ovn.mech_driver.ovsdb.impl_idl_ovn [None req-1d8f5842-57d1-4e3d-9837-c875d147c4a2 - - - - - -] Getting OvsdbNbOvnIdl for WorkerService with retry
2026-05-14 08:06:23.856 7 INFO neutron.quota.resource_registry [None req-31cade4a-0b90-481b-8450-247bdc1fa8ec - - - - - -] Creating instance of CountableResource for resource:rbac_policy
2026-05-14 08:06:23.857 7 INFO neutron.quota.resource_registry [None req-31cade4a-0b90-481b-8450-247bdc1fa8ec - - - - - -] Creating instance of TrackedResource for resource:security_group
2026-05-14 08:06:23.857 7 INFO neutron.quota.resource_registry [None req-31cade4a-0b90-481b-8450-247bdc1fa8ec - - - - - -] Creating instance of TrackedResource for resource:security_group_rule
2026-05-14 08:06:23.858 7 WARNING neutron.api.api_common [None req-31cade4a-0b90-481b-8450-247bdc1fa8ec - - - - - -] The plugin class neutron.db.servicetype_db.ServiceTypeManager should inherit from ``ServicePluginBase`` or ``NeutronDbPluginV2``. This class needs to be refactored. Please report a Launchpad bug in https://bugs.launchpad.net/neutron.
2026-05-14 08:06:23.858 7 INFO neutron.quota.resource_registry [None req-31cade4a-0b90-481b-8450-247bdc1fa8ec - - - - - -] Creating instance of TrackedResource for resource:subnetpool
2026-05-14 08:06:23.859 7 WARNING neutron.quota.resource_registry [None req-31cade4a-0b90-481b-8450-247bdc1fa8ec - - - - - -] subnetpool is already registered
2026-05-14 08:06:23.859 7 INFO neutron.quota.resource_registry [None req-31cade4a-0b90-481b-8450-247bdc1fa8ec - - - - - -] Creating instance of CountableResource for resource:trunk
2026-05-14 08:06:23.859 7 INFO neutron.quota.resource_registry [None req-31cade4a-0b90-481b-8450-247bdc1fa8ec - - - - - -] Creating instance of CountableResource for resource:ikepolicy
2026-05-14 08:06:23.860 7 INFO neutron.quota.resource_registry [None req-31cade4a-0b90-481b-8450-247bdc1fa8ec - - - - - -] Creating instance of CountableResource for resource:ipsecpolicy
2026-05-14 08:06:23.860 7 INFO neutron.quota.resource_registry [None req-31cade4a-0b90-481b-8450-247bdc1fa8ec - - - - - -] Creating instance of CountableResource for resource:endpoint_group
2026-05-14 08:06:23.861 7 INFO neutron.quota.resource_registry [None req-31cade4a-0b90-481b-8450-247bdc1fa8ec - - - - - -] Creating instance of CountableResource for resource:vpnservice
2026-05-14 08:06:23.861 7 INFO neutron.quota.resource_registry [None req-31cade4a-0b90-481b-8450-247bdc1fa8ec - - - - - -] Creating instance of CountableResource for resource:ipsec_site_connection
2026-05-14 08:06:23.861 7 INFO neutron.quota.resource_registry [None req-31cade4a-0b90-481b-8450-247bdc1fa8ec - - - - - -] Creating instance of CountableResource for resource:ipsecpolicy
2026-05-14 08:06:23.862 7 WARNING neutron.quota.resource_registry [None req-31cade4a-0b90-481b-8450-247bdc1fa8ec - - - - - -] ipsecpolicy is already registered
2026-05-14 08:06:23.862 7 INFO neutron.quota.resource_registry [None req-31cade4a-0b90-481b-8450-247bdc1fa8ec - - - - - -] Creating instance of CountableResource for resource:ikepolicy
2026-05-14 08:06:23.862 7 WARNING neutron.quota.resource_registry [None req-31cade4a-0b90-481b-8450-247bdc1fa8ec - - - - - -] ikepolicy is already registered
2026-05-14 08:06:23.863 7 WARNING neutron.api.api_common [None req-31cade4a-0b90-481b-8450-247bdc1fa8ec - - - - - -] The plugin class builtins.NoneType should inherit from ``ServicePluginBase`` or ``NeutronDbPluginV2``. This class needs to be refactored. Please report a Launchpad bug in https://bugs.launchpad.net/neutron.
2026-05-14 08:06:23.863 7 WARNING neutron.api.api_common [None req-31cade4a-0b90-481b-8450-247bdc1fa8ec - - - - - -] The plugin class builtins.NoneType should inherit from ``ServicePluginBase`` or ``NeutronDbPluginV2``. This class needs to be refactored. Please report a Launchpad bug in https://bugs.launchpad.net/neutron.
2026-05-14 08:06:23.864 7 WARNING neutron.api.api_common [None req-31cade4a-0b90-481b-8450-247bdc1fa8ec - - - - - -] The plugin class builtins.NoneType should inherit from ``ServicePluginBase`` or ``NeutronDbPluginV2``. This class needs to be refactored. Please report a Launchpad bug in https://bugs.launchpad.net/neutron.
2026-05-14 08:06:23.864 7 WARNING neutron.api.api_common [None req-31cade4a-0b90-481b-8450-247bdc1fa8ec - - - - - -] The plugin class neutron.db.servicetype_db.ServiceTypeManager should inherit from ``ServicePluginBase`` or ``NeutronDbPluginV2``. This class needs to be refactored. Please report a Launchpad bug in https://bugs.launchpad.net/neutron.
2026-05-14 08:06:23.864 7 WARNING neutron.api.api_common [None req-31cade4a-0b90-481b-8450-247bdc1fa8ec - - - - - -] The plugin class builtins.NoneType should inherit from ``ServicePluginBase`` or ``NeutronDbPluginV2``. This class needs to be refactored. Please report a Launchpad bug in https://bugs.launchpad.net/neutron.
2026-05-14 08:06:23.864 7 WARNING neutron.api.api_common [None req-31cade4a-0b90-481b-8450-247bdc1fa8ec - - - - - -] The plugin class builtins.NoneType should inherit from ``ServicePluginBase`` or ``NeutronDbPluginV2``. This class needs to be refactored. Please report a Launchpad bug in https://bugs.launchpad.net/neutron.
2026-05-14 08:06:23.864 7 WARNING neutron.api.api_common [None req-31cade4a-0b90-481b-8450-247bdc1fa8ec - - - - - -] The plugin class builtins.NoneType should inherit from ``ServicePluginBase`` or ``NeutronDbPluginV2``. This class needs to be refactored. Please report a Launchpad bug in https://bugs.launchpad.net/neutron.
2026-05-14 08:06:23.865 7 WARNING neutron.api.api_common [None req-31cade4a-0b90-481b-8450-247bdc1fa8ec - - - - - -] The plugin class builtins.NoneType should inherit from ``ServicePluginBase`` or ``NeutronDbPluginV2``. This class needs to be refactored. Please report a Launchpad bug in https://bugs.launchpad.net/neutron.
2026-05-14 08:06:23.865 7 WARNING neutron.api.api_common [None req-31cade4a-0b90-481b-8450-247bdc1fa8ec - - - - - -] The plugin class builtins.NoneType should inherit from ``ServicePluginBase`` or ``NeutronDbPluginV2``. This class needs to be refactored. Please report a Launchpad bug in https://bugs.launchpad.net/neutron.
2026-05-14 08:06:23.865 7 WARNING neutron.api.api_common [None req-31cade4a-0b90-481b-8450-247bdc1fa8ec - - - - - -] The plugin class builtins.NoneType should inherit from ``ServicePluginBase`` or ``NeutronDbPluginV2``. This class needs to be refactored. Please report a Launchpad bug in https://bugs.launchpad.net/neutron.
2026-05-14 08:06:23.865 7 WARNING neutron.api.api_common [None req-31cade4a-0b90-481b-8450-247bdc1fa8ec - - - - - -] The plugin class builtins.NoneType should inherit from ``ServicePluginBase`` or ``NeutronDbPluginV2``. This class needs to be refactored. Please report a Launchpad bug in https://bugs.launchpad.net/neutron.
2026-05-14 08:06:23.865 7 WARNING neutron.api.api_common [None req-31cade4a-0b90-481b-8450-247bdc1fa8ec - - - - - -] The plugin class builtins.NoneType should inherit from ``ServicePluginBase`` or ``NeutronDbPluginV2``. This class needs to be refactored. Please report a Launchpad bug in https://bugs.launchpad.net/neutron.
2026-05-14 08:06:23.865 7 WARNING neutron.api.api_common [None req-31cade4a-0b90-481b-8450-247bdc1fa8ec - - - - - -] The plugin class builtins.NoneType should inherit from ``ServicePluginBase`` or ``NeutronDbPluginV2``. This class needs to be refactored. Please report a Launchpad bug in https://bugs.launchpad.net/neutron.
2026-05-14 08:06:23.865 7 WARNING neutron.api.api_common [None req-31cade4a-0b90-481b-8450-247bdc1fa8ec - - - - - -] The plugin class builtins.NoneType should inherit from ``ServicePluginBase`` or ``NeutronDbPluginV2``. This class needs to be refactored. Please report a Launchpad bug in https://bugs.launchpad.net/neutron.
2026-05-14 08:06:23.865 7 WARNING neutron.api.api_common [None req-31cade4a-0b90-481b-8450-247bdc1fa8ec - - - - - -] The plugin class builtins.NoneType should inherit from ``ServicePluginBase`` or ``NeutronDbPluginV2``. This class needs to be refactored. Please report a Launchpad bug in https://bugs.launchpad.net/neutron.
2026-05-14 08:06:23.866 7 WARNING neutron.api.api_common [None req-31cade4a-0b90-481b-8450-247bdc1fa8ec - - - - - -] The plugin class builtins.NoneType should inherit from ``ServicePluginBase`` or ``NeutronDbPluginV2``. This class needs to be refactored. Please report a Launchpad bug in https://bugs.launchpad.net/neutron.
2026-05-14 08:06:23.868 7 INFO neutron.quota.resource_registry [None req-31cade4a-0b90-481b-8450-247bdc1fa8ec - - - - - -] Creating instance of TrackedResource for resource:router
2026-05-14 08:06:23.869 7 WARNING neutron.quota.resource_registry [None req-31cade4a-0b90-481b-8450-247bdc1fa8ec - - - - - -] router is already registered
2026-05-14 08:06:23.869 7 INFO neutron.quota.resource_registry [None req-31cade4a-0b90-481b-8450-247bdc1fa8ec - - - - - -] Creating instance of TrackedResource for resource:floatingip
2026-05-14 08:06:23.869 7 WARNING neutron.quota.resource_registry [None req-31cade4a-0b90-481b-8450-247bdc1fa8ec - - - - - -] floatingip is already registered
2026-05-14 08:06:23.873 7 INFO neutron.quota.resource_registry [None req-31cade4a-0b90-481b-8450-247bdc1fa8ec - - - - - -] Creating instance of CountableResource for resource:rbac_policy
2026-05-14 08:06:23.873 7 WARNING neutron.quota.resource_registry [None req-31cade4a-0b90-481b-8450-247bdc1fa8ec - - - - - -] rbac_policy is already registered
2026-05-14 08:06:23.874 7 INFO neutron.quota.resource_registry [None req-31cade4a-0b90-481b-8450-247bdc1fa8ec - - - - - -] Creating instance of TrackedResource for resource:security_group
2026-05-14 08:06:23.874 7 WARNING neutron.quota.resource_registry [None req-31cade4a-0b90-481b-8450-247bdc1fa8ec - - - - - -] security_group is already registered
2026-05-14 08:06:23.874 7 INFO neutron.quota.resource_registry [None req-31cade4a-0b90-481b-8450-247bdc1fa8ec - - - - - -] Creating instance of TrackedResource for resource:security_group_rule
2026-05-14 08:06:23.874 7 WARNING neutron.quota.resource_registry [None req-31cade4a-0b90-481b-8450-247bdc1fa8ec - - - - - -] security_group_rule is already registered
2026-05-14 08:06:23.875 7 WARNING neutron.api.api_common [None req-31cade4a-0b90-481b-8450-247bdc1fa8ec - - - - - -] The plugin class neutron.db.servicetype_db.ServiceTypeManager should inherit from ``ServicePluginBase`` or ``NeutronDbPluginV2``. This class needs to be refactored. Please report a Launchpad bug in https://bugs.launchpad.net/neutron.
2026-05-14 08:06:23.875 7 INFO neutron.quota.resource_registry [None req-31cade4a-0b90-481b-8450-247bdc1fa8ec - - - - - -] Creating instance of TrackedResource for resource:subnetpool
2026-05-14 08:06:23.875 7 WARNING neutron.quota.resource_registry [None req-31cade4a-0b90-481b-8450-247bdc1fa8ec - - - - - -] subnetpool is already registered
2026-05-14 08:06:23.876 7 INFO neutron.quota.resource_registry [None req-31cade4a-0b90-481b-8450-247bdc1fa8ec - - - - - -] Creating instance of CountableResource for resource:trunk
2026-05-14 08:06:23.876 7 WARNING neutron.quota.resource_registry [None req-31cade4a-0b90-481b-8450-247bdc1fa8ec - - - - - -] trunk is already registered
2026-05-14 08:06:23.876 7 INFO neutron.quota.resource_registry [None req-31cade4a-0b90-481b-8450-247bdc1fa8ec - - - - - -] Creating instance of CountableResource for resource:ikepolicy
2026-05-14 08:06:23.877 7 WARNING neutron.quota.resource_registry [None req-31cade4a-0b90-481b-8450-247bdc1fa8ec - - - - - -] ikepolicy is already registered
2026-05-14 08:06:23.877 7 INFO neutron.quota.resource_registry [None req-31cade4a-0b90-481b-8450-247bdc1fa8ec - - - - - -] Creating instance of CountableResource for resource:ipsecpolicy
2026-05-14 08:06:23.877 7 WARNING neutron.quota.resource_registry [None req-31cade4a-0b90-481b-8450-247bdc1fa8ec - - - - - -] ipsecpolicy is already registered
2026-05-14 08:06:23.877 7 INFO neutron.quota.resource_registry [None req-31cade4a-0b90-481b-8450-247bdc1fa8ec - - - - - -] Creating instance of CountableResource for resource:endpoint_group
2026-05-14 08:06:23.878 7 WARNING neutron.quota.resource_registry [None req-31cade4a-0b90-481b-8450-247bdc1fa8ec - - - - - -] endpoint_group is already registered
2026-05-14 08:06:23.878 7 INFO neutron.quota.resource_registry [None req-31cade4a-0b90-481b-8450-247bdc1fa8ec - - - - - -] Creating instance of CountableResource for resource:vpnservice
2026-05-14 08:06:23.878 7 WARNING neutron.quota.resource_registry [None req-31cade4a-0b90-481b-8450-247bdc1fa8ec - - - - - -] vpnservice is already registered
2026-05-14 08:06:23.878 7 INFO neutron.quota.resource_registry [None req-31cade4a-0b90-481b-8450-247bdc1fa8ec - - - - - -] Creating instance of CountableResource for resource:ipsec_site_connection
2026-05-14 08:06:23.878 7 WARNING neutron.quota.resource_registry [None req-31cade4a-0b90-481b-8450-247bdc1fa8ec - - - - - -] ipsec_site_connection is already registered
2026-05-14 08:06:23.879 7 INFO neutron.quota.resource_registry [None req-31cade4a-0b90-481b-8450-247bdc1fa8ec - - - - - -] Creating instance of CountableResource for resource:ipsecpolicy
2026-05-14 08:06:23.879 7 WARNING neutron.quota.resource_registry [None req-31cade4a-0b90-481b-8450-247bdc1fa8ec - - - - - -] ipsecpolicy is already registered
2026-05-14 08:06:23.879 7 INFO neutron.quota.resource_registry [None req-31cade4a-0b90-481b-8450-247bdc1fa8ec - - - - - -] Creating instance of CountableResource for resource:ikepolicy
2026-05-14 08:06:23.879 7 WARNING neutron.quota.resource_registry [None req-31cade4a-0b90-481b-8450-247bdc1fa8ec - - - - - -] ikepolicy is already registered
2026-05-14 08:06:23.886 8 INFO ovsdbapp.backend.ovs_idl.vlog [None req-1d8f5842-57d1-4e3d-9837-c875d147c4a2 - - - - - -] tcp:10.106.41.239:6641: connecting...
2026-05-14 08:06:23.886 8 INFO ovsdbapp.backend.ovs_idl.vlog [None req-1d8f5842-57d1-4e3d-9837-c875d147c4a2 - - - - - -] tcp:10.106.41.239:6641: connected
2026-05-14 08:06:23.917 7 WARNING keystonemiddleware._common.config [None req-31cade4a-0b90-481b-8450-247bdc1fa8ec - - - - - -] The option "audit_map_file" is not known to keystonemiddleware
2026-05-14 08:06:23.923 7 WARNING oslo_config.cfg [None req-31cade4a-0b90-481b-8450-247bdc1fa8ec - - - - - -] Deprecated: Option "auth_uri" from group "keystone_authtoken" is deprecated. Use option "www_authenticate_uri" from group "keystone_authtoken".
2026-05-14 08:06:23.943 7 WARNING neutron.plugins.ml2.drivers.ovn.mech_driver.mech_driver [None req-31cade4a-0b90-481b-8450-247bdc1fa8ec - - - - - -] uWSGI must provide a start time using the configuration parameter "start-time %t" in the configuration file
2026-05-14 08:06:23.959 7 INFO neutron.db.ovn_hash_ring_db [None req-31cade4a-0b90-481b-8450-247bdc1fa8ec - - - - - -] Nodes from host "neutron-server-767d9c5bb5-vrblp" and group "mechanism_driver" removed from the Hash Ring created at
2026-05-14 08:06:23+00:00
2026-05-14 08:06:23.961 7 INFO neutron.db.ovn_hash_ring_db [None req-31cade4a-0b90-481b-8450-247bdc1fa8ec - - - - - -] Node 56f3a6ab324b5885925589a15ac374a1 from host "neutron-server-767d9c5bb5-vrblp" and group "mechanism_driver" added to the Hash Ring
2026-05-14 08:06:23.962 8 INFO neutron.plugins.ml2.drivers.ovn.mech_driver.ovsdb.impl_idl_ovn [None req-1d8f5842-57d1-4e3d-9837-c875d147c4a2 - - - - - -] Getting OvsdbSbOvnIdl for WorkerService with retry
2026-05-14 08:06:23.970 7 INFO neutron.plugins.ml2.drivers.ovn.mech_driver.mech_driver [None req-31cade4a-0b90-481b-8450-247bdc1fa8ec - - - - - -] Hash Ring probing thread for node 56f3a6ab324b5885925589a15ac374a1 has started
2026-05-14 08:06:23.971 7 INFO neutron.plugins.ml2.drivers.ovn.mech_driver.ovsdb.impl_idl_ovn [None req-31cade4a-0b90-481b-8450-247bdc1fa8ec - - - - - -] Getting OvsdbNbOvnIdl for WorkerService with retry
2026-05-14 08:06:23.985 8 INFO ovsdbapp.backend.ovs_idl.vlog [None req-1d8f5842-57d1-4e3d-9837-c875d147c4a2 - - - - - -] tcp:10.98.131.49:6642: connecting...
2026-05-14 08:06:23.986 8 INFO ovsdbapp.backend.ovs_idl.vlog [None req-1d8f5842-57d1-4e3d-9837-c875d147c4a2 - - - - - -] tcp:10.98.131.49:6642: connected
2026-05-14 08:06:24.003 7 INFO ovsdbapp.backend.ovs_idl.vlog [None req-31cade4a-0b90-481b-8450-247bdc1fa8ec - - - - - -] tcp:10.106.41.239:6641: connecting...
