2026-05-14 08:41:50.692 8 WARNING neutron.scheduler.dhcp_agent_scheduler [None req-e70ed318-ee32-4ccb-843e-bdc78438340d 971c90fc9313463588e3c7c48e082f38 504e25ff2dcf468a9d19cd3c1864f87f - - default default] No more DHCP agents
2026-05-14 08:41:50.696 8 WARNING neutron.api.rpc.agentnotifiers.dhcp_rpc_agent_api [None req-e70ed318-ee32-4ccb-843e-bdc78438340d 971c90fc9313463588e3c7c48e082f38 504e25ff2dcf468a9d19cd3c1864f87f - - default default] Unable to schedule network b2600983-d0bf-4f8f-895d-272915a2dbd4: no agents available; will retry on subsequent port and subnet creation events.
2026-05-14 08:41:50.752 7 INFO neutron.db.ovn_revision_numbers_db [None req-1ca94a4d-362a-4bd7-ae2e-7bcb967034a2 fb1b436fc3994c46994a5c0cb04704ce c3e731a8432d429b9c6fd42871d19c8a - - default default] Successfully bumped revision number for resource 1420a75e-fe06-4d80-a5d2-52f8e6846257 (type: ports) to 1
2026-05-14 08:41:50.753 8 INFO neutron.db.ovn_revision_numbers_db [None req-e70ed318-ee32-4ccb-843e-bdc78438340d 971c90fc9313463588e3c7c48e082f38 504e25ff2dcf468a9d19cd3c1864f87f - - default default] Successfully bumped revision number for resource 098a1740-1789-4667-a071-f8a706869f8c (type: subnets) to 0 [pid: 7|app: 0|req: 704/1402] 10.0.0.157 () {34 vars in 671 bytes} [Thu May 14 08:41:50 2026] POST /v2.0/networks => generated 780 bytes in 687 msecs (HTTP/1.1 201) 4 headers in 162 bytes (1 switches on core 0)
2026-05-14 08:41:50.804 8 WARNING neutron.scheduler.dhcp_agent_scheduler [None req-e70ed318-ee32-4ccb-843e-bdc78438340d 971c90fc9313463588e3c7c48e082f38 504e25ff2dcf468a9d19cd3c1864f87f - - default default] No more DHCP agents
2026-05-14 08:41:50.806 8 WARNING neutron.api.rpc.agentnotifiers.dhcp_rpc_agent_api [None req-e70ed318-ee32-4ccb-843e-bdc78438340d 971c90fc9313463588e3c7c48e082f38 504e25ff2dcf468a9d19cd3c1864f87f - - default default] Unable to schedule network 1c7ba215-8c7c-4751-b6ec-6b9c8f999dbc: no agents available; will retry on subsequent port and subnet creation events.
2026-05-14 08:41:50.834 8 INFO neutron.db.ovn_revision_numbers_db [None req-e70ed318-ee32-4ccb-843e-bdc78438340d 971c90fc9313463588e3c7c48e082f38 504e25ff2dcf468a9d19cd3c1864f87f - - default default] Successfully bumped revision number for resource 8ac56867-a3bf-4141-9b37-8b9839d22f79 (type: subnets) to 0 [pid: 8|app: 0|req: 699/1403] 10.0.0.157 () {34 vars in 669 bytes} [Thu May 14 08:41:49 2026] POST /v2.0/subnets => generated 1324 bytes in 1492 msecs (HTTP/1.1 201) 4 headers in 163 bytes (1 switches on core 0) [pid: 8|app: 0|req: 700/1404] 10.0.0.157 () {32 vars in 678 bytes} [Thu May 14 08:41:50 2026] GET /v2.0/ports?not-tags-any=blue => generated 6008 bytes in 116 msecs (HTTP/1.1 200) 4 headers in 158 bytes (1 switches on core 0)
2026-05-14 08:41:51.058 7 INFO neutron_taas.services.taas.taas_plugin [None req-e84aed62-3f9f-47d0-8d05-9f9c4a0ec594 fb1b436fc3994c46994a5c0cb04704ce c3e731a8432d429b9c6fd42871d19c8a - - default default] TaaS: Handle Delete Port: 7cff1a51-5fb9-4b3c-8892-19d2e3519268
2026-05-14 08:41:51.060 7 INFO neutron_taas.services.taas.tap_mirror_plugin [None req-e84aed62-3f9f-47d0-8d05-9f9c4a0ec594 fb1b436fc3994c46994a5c0cb04704ce c3e731a8432d429b9c6fd42871d19c8a - - default default] Tap Mirror: Handle Delete Port: 7cff1a51-5fb9-4b3c-8892-19d2e3519268
2026-05-14 08:41:51.083 8 WARNING neutron.scheduler.dhcp_agent_scheduler [None req-5b6a63b2-0f63-42d5-82c4-b7f724fc802b fb1b436fc3994c46994a5c0cb04704ce c3e731a8432d429b9c6fd42871d19c8a - - default default] No more DHCP agents
2026-05-14 08:41:51.084 8 WARNING neutron.api.rpc.agentnotifiers.dhcp_rpc_agent_api [None req-5b6a63b2-0f63-42d5-82c4-b7f724fc802b fb1b436fc3994c46994a5c0cb04704ce c3e731a8432d429b9c6fd42871d19c8a - - default default] Unable to schedule network b50bea7d-70a8-4a39-8d3a-98a759cd1b82: no agents available; will retry on subsequent port and subnet creation events. [pid: 7|app: 0|req: 705/1405] 10.0.0.157 () {32 vars in 724 bytes} [Thu May 14 08:41:50 2026] DELETE /v2.0/routers/9ebc8710-7f60-4aa1-af9c-f406b5ce2667 => generated 0 bytes in 680 msecs (HTTP/1.1 204) 2 headers in 112 bytes (1 switches on core 0) [pid: 7|app: 0|req: 706/1406] 10.0.0.157 () {32 vars in 647 bytes} [Thu May 14 08:41:51 2026] GET /v2.0/subnets => generated 1960 bytes in 37 msecs (HTTP/1.1 200) 4 headers in 158 bytes (1 switches on core 0)
2026-05-14 08:41:51.562 8 INFO neutron.db.ovn_revision_numbers_db [None req-5b6a63b2-0f63-42d5-82c4-b7f724fc802b fb1b436fc3994c46994a5c0cb04704ce c3e731a8432d429b9c6fd42871d19c8a - - default default] Successfully bumped revision number for resource 1420a75e-fe06-4d80-a5d2-52f8e6846257 (type: ports) to 2
2026-05-14 08:41:51.593 8 INFO neutron.db.ovn_revision_numbers_db [None req-5b6a63b2-0f63-42d5-82c4-b7f724fc802b fb1b436fc3994c46994a5c0cb04704ce c3e731a8432d429b9c6fd42871d19c8a - - default default] Successfully bumped revision number for resource 2a52e04c-01fa-454b-a72d-96ff3f1ffc03 (type: subnets) to 0 [pid: 7|app: 0|req: 707/1407] 10.0.0.157 () {32 vars in 690 bytes} [Thu May 14 08:41:51 2026] GET /v2.0/ports?not-tags-any=red%2Cblue => generated 5268 bytes in 104 msecs (HTTP/1.1 200) 4 headers in 158 bytes (1 switches on core 0) [pid: 8|app: 0|req: 701/1410] 10.0.0.157 () {34 vars in 669 bytes} [Thu May 14 08:41:50 2026] POST /v2.0/subnets => generated 687 bytes in 644 msecs (HTTP/1.1 201) 4 headers in 162 bytes (1 switches on core 0) [pid: 8|app: 0|req: 702/1411] 10.0.0.157 () {32 vars in 724 bytes} [Thu May 14 08:41:51 2026] DELETE /v2.0/subnets/098a1740-1789-4667-a071-f8a706869f8c => generated 0 bytes in 119 msecs (HTTP/1.1 204) 3 headers in 131 bytes (1 switches on core 0) [pid: 7|app: 0|req: 710/1412] 10.0.0.157 () {32 vars in 724 bytes} [Thu May 14 08:41:51 2026] DELETE /v2.0/subnets/aec78127-8548-47f7-bd59-1bf36d7a2c95 => generated 0 bytes in 168 msecs (HTTP/1.1 204) 3 headers in 131 bytes (1 switches on core 0)
2026-05-14 08:41:51.841 8 INFO neutron_taas.services.taas.taas_plugin [None req-f1a0beb1-3141-42cf-985c-578ab3799f45 d6de02614dcc401e9f8ac82e40e8d376 2b077740fdc3473f86dbda70cb22e81e - - default default] TaaS: Handle Delete Port: 80439896-dce5-480e-a608-56abe5723954
2026-05-14 08:41:51.844 8 INFO neutron_taas.services.taas.tap_mirror_plugin [None req-f1a0beb1-3141-42cf-985c-578ab3799f45 d6de02614dcc401e9f8ac82e40e8d376 2b077740fdc3473f86dbda70cb22e81e - - default default] Tap Mirror: Handle Delete Port: 80439896-dce5-480e-a608-56abe5723954 [pid: 8|app: 0|req: 703/1413] 10.0.0.157 () {32 vars in 720 bytes} [Thu May 14 08:41:51 2026] DELETE /v2.0/ports/80439896-dce5-480e-a608-56abe5723954 => generated 0 bytes in 229 msecs (HTTP/1.1 204) 3 headers in 131 bytes (1 switches on core 0) [pid: 8|app: 0|req: 704/1414] 10.0.0.157 () {32 vars in 724 bytes} [Thu May 14 08:41:51 2026] DELETE /v2.0/subnets/8ac56867-a3bf-4141-9b37-8b9839d22f79 => generated 0 bytes in 130 msecs (HTTP/1.1 204) 3 headers in 131 bytes (1 switches on core 0)
2026-05-14 08:41:52.187 7 WARNING neutron.scheduler.dhcp_agent_scheduler [None req-102659ca-6b6e-46e9-924e-81527f5248a3 fb1b436fc3994c46994a5c0cb04704ce c3e731a8432d429b9c6fd42871d19c8a - - default default] No more DHCP agents
2026-05-14 08:41:52.189 7 WARNING neutron.api.rpc.agentnotifiers.dhcp_rpc_agent_api [None req-102659ca-6b6e-46e9-924e-81527f5248a3 fb1b436fc3994c46994a5c0cb04704ce c3e731a8432d429b9c6fd42871d19c8a - - default default] Unable to schedule network f5be4f78-0905-4811-9c92-1f0c9830fbe3: no agents available; will retry on subsequent port and subnet creation events.
2026-05-14 08:41:52.202 8 INFO neutron_taas.services.taas.taas_plugin [None req-571407e4-cc08-400e-95d3-02d6e9a1eb31 fb1b436fc3994c46994a5c0cb04704ce c3e731a8432d429b9c6fd42871d19c8a - - default default] TaaS: Handle Delete Port: 8cd1c900-e6ab-4b32-83c0-42312ac66448
2026-05-14 08:41:52.205 8 INFO neutron_taas.services.taas.tap_mirror_plugin [None req-571407e4-cc08-400e-95d3-02d6e9a1eb31 fb1b436fc3994c46994a5c0cb04704ce c3e731a8432d429b9c6fd42871d19c8a - - default default] Tap Mirror: Handle Delete Port: 8cd1c900-e6ab-4b32-83c0-42312ac66448
2026-05-14 08:41:52.339 7 INFO neutron.db.ovn_revision_numbers_db [None req-102659ca-6b6e-46e9-924e-81527f5248a3 fb1b436fc3994c46994a5c0cb04704ce c3e731a8432d429b9c6fd42871d19c8a - - default default] Successfully bumped revision number for resource c4dbee2e-be48-44c0-b7c6-7edcb02f566d (type: ports) to 1
2026-05-14 08:41:52.393 8 INFO neutron.services.segments.plugin [-] Segment 57f15a20-0108-4b78-9628-e02bd9400700 resource provider aggregate not found
2026-05-14 08:41:52.397 8 INFO neutron.services.segments.plugin [-] Segment 57f15a20-0108-4b78-9628-e02bd9400700 resource provider aggregate not found
2026-05-14 08:41:52.412 8 INFO neutron.services.segments.plugin [-] Segment 57f15a20-0108-4b78-9628-e02bd9400700 resource provider not found; error: Placement Client Error (4xx): {"errors": [{"status": 404, "title": "Not Found", "detail": "The resource could not be found.\n\n No resource provider with uuid 57f15a20-0108-4b78-9628-e02bd9400700 found for delete ", "request_id": "req-b1c54628-17be-4cb3-812b-ef2482a282ac"}]}
2026-05-14 08:41:52.415 8 INFO neutron.services.segments.plugin [-] Segment 57f15a20-0108-4b78-9628-e02bd9400700 resource provider not found; error: Placement Client Error (4xx): {"errors": [{"status": 404, "title": "Not Found", "detail": "The resource could not be found.\n\n No resource provider with uuid 57f15a20-0108-4b78-9628-e02bd9400700 found for delete ", "request_id": "req-85c4807c-a6d3-438d-a57d-99d6b8195faf"}]} [pid: 8|app: 0|req: 705/1415] 10.0.0.157 () {32 vars in 726 bytes} [Thu May 14 08:41:52 2026] DELETE /v2.0/networks/6c42b0f6-5a24-4132-bf98-2b53a24e7210 => generated 0 bytes in 369 msecs (HTTP/1.1 204) 3 headers in 131 bytes (1 switches on core 0)
2026-05-14 08:41:52.578 8 INFO neutron_taas.services.taas.taas_plugin [None req-f5874123-889f-4ef7-bd80-bb1252692355 d6de02614dcc401e9f8ac82e40e8d376 2b077740fdc3473f86dbda70cb22e81e - - default default] TaaS: Handle Delete Port: 5a5b8f44-4807-453f-bd7e-c898644fffed
2026-05-14 08:41:52.581 8 INFO neutron_taas.services.taas.tap_mirror_plugin [None req-f5874123-889f-4ef7-bd80-bb1252692355 d6de02614dcc401e9f8ac82e40e8d376 2b077740fdc3473f86dbda70cb22e81e - - default default] Tap Mirror: Handle Delete Port: 5a5b8f44-4807-453f-bd7e-c898644fffed [pid: 8|app: 0|req: 706/1416] 10.0.0.157 () {32 vars in 720 bytes} [Thu May 14 08:41:52 2026] DELETE /v2.0/ports/5a5b8f44-4807-453f-bd7e-c898644fffed => generated 0 bytes in 225 msecs (HTTP/1.1 204) 3 headers in 131 bytes (1 switches on core 0) [pid: 8|app: 0|req: 707/1417] 10.0.0.157 () {32 vars in 647 bytes} [Thu May 14 08:41:52 2026] GET /v2.0/subnets => generated 649 bytes in 37 msecs (HTTP/1.1 200) 4 headers in 157 bytes (1 switches on core 0)
2026-05-14 08:41:52.730 8 WARNING neutron.db.securitygroups_db [None req-a7139589-3be3-4516-be71-73fee64a5bff fb1b436fc3994c46994a5c0cb04704ce c3e731a8432d429b9c6fd42871d19c8a - - default default] project_id key not found in filters, using tenant_id instead. This support has been deprecated and will be removed in a future release. [pid: 8|app: 0|req: 708/1418] 10.0.0.157 () {32 vars in 774 bytes} [Thu May 14 08:41:52 2026] GET /v2.0/security-groups?tenant_id=d76ba0ddf8ab4753852c91ffa8238a27&name=default => generated 2925 bytes in 20 msecs (HTTP/1.1 200) 4 headers in 158 bytes (1 switches on core 0)
2026-05-14 08:41:52.851 8 INFO neutron_taas.services.taas.taas_plugin [None req-2deb562f-727c-4fad-84c9-2a7b658b2692 d6de02614dcc401e9f8ac82e40e8d376 2b077740fdc3473f86dbda70cb22e81e - - default default] TaaS: Handle Delete Port: 7855bc7d-079c-46da-9c71-ab6fade7346c
2026-05-14 08:41:52.854 8 INFO neutron_taas.services.taas.tap_mirror_plugin [None req-2deb562f-727c-4fad-84c9-2a7b658b2692 d6de02614dcc401e9f8ac82e40e8d376 2b077740fdc3473f86dbda70cb22e81e - - default default] Tap Mirror: Handle Delete Port: 7855bc7d-079c-46da-9c71-ab6fade7346c
2026-05-14 08:41:52.979 8 INFO neutron.plugins.ml2.drivers.ovn.mech_driver.ovsdb.ovsdb_monitor [None req-a8070f08-bc29-415d-b4fc-afd47722e222 - - - - - -] Router ff72b774-3308-475a-bbdf-dc66a0b97d43 is bound to host instance [pid: 8|app: 0|req: 709/1419] 10.0.0.157 () {32 vars in 720 bytes} [Thu May 14 08:41:52 2026] DELETE /v2.0/ports/7855bc7d-079c-46da-9c71-ab6fade7346c => generated 0 bytes in 241 msecs (HTTP/1.1 204) 3 headers in 131 bytes (1 switches on core 0)
2026-05-14 08:41:53.011 7 INFO neutron.db.ovn_revision_numbers_db [None req-102659ca-6b6e-46e9-924e-81527f5248a3 fb1b436fc3994c46994a5c0cb04704ce c3e731a8432d429b9c6fd42871d19c8a - - default default] Successfully bumped revision number for resource c4dbee2e-be48-44c0-b7c6-7edcb02f566d (type: router_ports) to 1
2026-05-14 08:41:53.064 7 INFO neutron.db.ovn_revision_numbers_db [None req-102659ca-6b6e-46e9-924e-81527f5248a3 fb1b436fc3994c46994a5c0cb04704ce c3e731a8432d429b9c6fd42871d19c8a - - default default] Successfully bumped revision number for resource ff72b774-3308-475a-bbdf-dc66a0b97d43 (type: routers) to 2 [pid: 7|app: 0|req: 711/1420] 10.0.0.157 () {34 vars in 669 bytes} [Thu May 14 08:41:51 2026] POST /v2.0/routers => generated 986 bytes in 1298 msecs (HTTP/1.1 201) 4 headers in 162 bytes (1 switches on core 0) [pid: 7|app: 0|req: 712/1421] 10.0.0.157 () {32 vars in 740 bytes} [Thu May 14 08:41:53 2026] DELETE /v2.0/security-groups/20c896b5-ae8a-4df5-a61c-2d20be6609e7 => generated 0 bytes in 176 msecs (HTTP/1.1 204) 2 headers in 112 bytes (1 switches on core 0)
2026-05-14 08:41:53.274 8 INFO neutron_taas.services.taas.taas_plugin [None req-c2398392-d0f8-40de-b4d9-8a5537771d05 971c90fc9313463588e3c7c48e082f38 504e25ff2dcf468a9d19cd3c1864f87f - - default default] TaaS: Handle Delete Port: 7d5a0126-4830-4c21-8fb6-badfea549226
2026-05-14 08:41:53.282 8 INFO neutron_taas.services.taas.tap_mirror_plugin [None req-c2398392-d0f8-40de-b4d9-8a5537771d05 971c90fc9313463588e3c7c48e082f38 504e25ff2dcf468a9d19cd3c1864f87f - - default default] Tap Mirror: Handle Delete Port: 7d5a0126-4830-4c21-8fb6-badfea549226
2026-05-14 08:41:53.396 7 INFO neutron_taas.services.taas.taas_plugin [None req-23a6e30c-e43d-4977-9509-5b328f1a1fa4 d6de02614dcc401e9f8ac82e40e8d376 2b077740fdc3473f86dbda70cb22e81e - - default default] TaaS: Handle Delete Port: 8434e554-5a09-4ddb-9d65-e0a04c425e23
2026-05-14 08:41:53.404 7 INFO neutron_taas.services.taas.tap_mirror_plugin [None req-23a6e30c-e43d-4977-9509-5b328f1a1fa4 d6de02614dcc401e9f8ac82e40e8d376 2b077740fdc3473f86dbda70cb22e81e - - default default] Tap Mirror: Handle Delete Port: 8434e554-5a09-4ddb-9d65-e0a04c425e23 [pid: 7|app: 0|req: 713/1422] 10.0.0.157 () {32 vars in 720 bytes} [Thu May 14 08:41:53 2026] DELETE /v2.0/ports/8434e554-5a09-4ddb-9d65-e0a04c425e23 => generated 0 bytes in 328 msecs (HTTP/1.1 204) 3 headers in 131 bytes (1 switches on core 0) [pid: 8|app: 0|req: 710/1423] 10.0.0.157 () {32 vars in 726 bytes} [Thu May 14 08:41:52 2026] DELETE /v2.0/networks/1c7ba215-8c7c-4751-b6ec-6b9c8f999dbc => generated 0 bytes in 800 msecs (HTTP/1.1 204) 3 headers in 131 bytes (1 switches on core 0)
2026-05-14 08:41:54.031 8 INFO neutron_taas.services.taas.taas_plugin [None req-8f937a54-d8db-41af-953f-cc1319e298da d6de02614dcc401e9f8ac82e40e8d376 2b077740fdc3473f86dbda70cb22e81e - - default default] TaaS: Handle Delete Port: c3143480-918b-4e9a-b902-a67de5c7dbfb
2026-05-14 08:41:54.040 8 INFO neutron_taas.services.taas.tap_mirror_plugin [None req-8f937a54-d8db-41af-953f-cc1319e298da d6de02614dcc401e9f8ac82e40e8d376 2b077740fdc3473f86dbda70cb22e81e - - default default] Tap Mirror: Handle Delete Port: c3143480-918b-4e9a-b902-a67de5c7dbfb
2026-05-14 08:41:54.105 7 WARNING neutron.scheduler.dhcp_agent_scheduler [None req-678ba753-f9e5-4fdd-b0b0-e66fe92766eb fb1b436fc3994c46994a5c0cb04704ce c3e731a8432d429b9c6fd42871d19c8a - - default default] No more DHCP agents
2026-05-14 08:41:54.106 7 WARNING neutron.api.rpc.agentnotifiers.dhcp_rpc_agent_api [None req-678ba753-f9e5-4fdd-b0b0-e66fe92766eb fb1b436fc3994c46994a5c0cb04704ce c3e731a8432d429b9c6fd42871d19c8a - - default default] Unable to schedule network b50bea7d-70a8-4a39-8d3a-98a759cd1b82: no agents available; will retry on subsequent port and subnet creation events.
2026-05-14 08:41:54.247 7 INFO neutron.plugins.ml2.drivers.ovn.mech_driver.mech_driver [None req-047f71c9-4268-45e8-9af9-0defcbccd83d - - - - - -] OVN reports status down for port: 3154c3f0-f2f5-4497-af06-9da5d170695e
2026-05-14 08:41:54.344 7 INFO neutron.db.ovn_revision_numbers_db [None req-678ba753-f9e5-4fdd-b0b0-e66fe92766eb fb1b436fc3994c46994a5c0cb04704ce c3e731a8432d429b9c6fd42871d19c8a - - default default] Successfully bumped revision number for resource 3154c3f0-f2f5-4497-af06-9da5d170695e (type: ports) to 1 [pid: 8|app: 0|req: 711/1424] 10.0.0.157 () {32 vars in 720 bytes} [Thu May 14 08:41:53 2026] DELETE /v2.0/ports/c3143480-918b-4e9a-b902-a67de5c7dbfb => generated 0 bytes in 561 msecs (HTTP/1.1 204) 3 headers in 131 bytes (1 switches on core 0)
2026-05-14 08:41:54.444 8 INFO neutron.services.segments.plugin [-] Segment 5f94471d-4750-4410-8117-7bd532f84e14 resource provider aggregate not found
2026-05-14 08:41:54.453 8 INFO neutron.services.segments.plugin [-] Segment 5f94471d-4750-4410-8117-7bd532f84e14 resource provider aggregate not found
2026-05-14 08:41:54.472 8 INFO neutron.services.segments.plugin [-] Segment 5f94471d-4750-4410-8117-7bd532f84e14 resource provider not found; error: Placement Client Error (4xx): {"errors": [{"status": 404, "title": "Not Found", "detail": "The resource could not be found.\n\n No resource provider with uuid 5f94471d-4750-4410-8117-7bd532f84e14 found for delete ", "request_id": "req-f8b201fb-0144-4dfc-a1a7-dc0f737a5153"}]}
2026-05-14 08:41:54.487 8 INFO neutron.services.segments.plugin [-] Segment 5f94471d-4750-4410-8117-7bd532f84e14 resource provider not found; error: Placement Client Error (4xx): {"errors": [{"status": 404, "title": "Not Found", "detail": "The resource could not be found.\n\n No resource provider with uuid 5f94471d-4750-4410-8117-7bd532f84e14 found for delete ", "request_id": "req-4f4f3dd6-ed0d-41c7-bef3-cb6b2e462092"}]}
2026-05-14 08:41:54.696 8 INFO neutron_taas.services.taas.taas_plugin [None req-31381a02-76ef-4b6e-adb0-5ae16d547015 971c90fc9313463588e3c7c48e082f38 504e25ff2dcf468a9d19cd3c1864f87f - - default default] TaaS: Handle Delete Port: 9c8d1969-5463-4252-ad35-74b4cb63285f
2026-05-14 08:41:54.708 8 INFO neutron_taas.services.taas.tap_mirror_plugin [None req-31381a02-76ef-4b6e-adb0-5ae16d547015 971c90fc9313463588e3c7c48e082f38 504e25ff2dcf468a9d19cd3c1864f87f - - default default] Tap Mirror: Handle Delete Port: 9c8d1969-5463-4252-ad35-74b4cb63285f
2026-05-14 08:41:54.759 8 INFO neutron.db.ovn_revision_numbers_db [None req-3753e89c-1d37-4d13-b494-3d5d1a037d61 - - - - - -] Successfully bumped revision number for resource c4dbee2e-be48-44c0-b7c6-7edcb02f566d (type: ports) to 4
2026-05-14 08:41:55.094 7 INFO neutron.plugins.ml2.drivers.ovn.mech_driver.mech_driver [None req-047f71c9-4268-45e8-9af9-0defcbccd83d - - - - - -] OVN reports status up for port: 3154c3f0-f2f5-4497-af06-9da5d170695e [pid: 8|app: 0|req: 712/1425] 10.0.0.157 () {32 vars in 726 bytes} [Thu May 14 08:41:54 2026] DELETE /v2.0/networks/b2600983-d0bf-4f8f-895d-272915a2dbd4 => generated 0 bytes in 773 msecs (HTTP/1.1 204) 3 headers in 131 bytes (1 switches on core 0)
2026-05-14 08:41:55.132 7 INFO neutron.plugins.ml2.plugin [None req-047f71c9-4268-45e8-9af9-0defcbccd83d - - - - - -] Attempt 1 to provision port 3154c3f0-f2f5-4497-af06-9da5d170695e
2026-05-14 08:41:55.256 7 WARNING neutron.scheduler.dhcp_agent_scheduler [None req-678ba753-f9e5-4fdd-b0b0-e66fe92766eb fb1b436fc3994c46994a5c0cb04704ce c3e731a8432d429b9c6fd42871d19c8a - - default default] No more DHCP agents
2026-05-14 08:41:55.259 7 WARNING neutron.api.rpc.agentnotifiers.dhcp_rpc_agent_api [None req-678ba753-f9e5-4fdd-b0b0-e66fe92766eb fb1b436fc3994c46994a5c0cb04704ce c3e731a8432d429b9c6fd42871d19c8a - - default default] Unable to schedule network b50bea7d-70a8-4a39-8d3a-98a759cd1b82: no agents available; will retry on subsequent port and subnet creation events.
2026-05-14 08:41:55.385 8 INFO neutron_taas.services.taas.taas_plugin [None req-995a7df9-b303-4778-a589-44d758e554dd d6de02614dcc401e9f8ac82e40e8d376 2b077740fdc3473f86dbda70cb22e81e - - default default] TaaS: Handle Delete Port: 328b6f9c-14f1-4e91-a310-16fbd51d9be3
2026-05-14 08:41:55.391 8 INFO neutron_taas.services.taas.tap_mirror_plugin [None req-995a7df9-b303-4778-a589-44d758e554dd d6de02614dcc401e9f8ac82e40e8d376 2b077740fdc3473f86dbda70cb22e81e - - default default] Tap Mirror: Handle Delete Port: 328b6f9c-14f1-4e91-a310-16fbd51d9be3
2026-05-14 08:41:55.475 8 INFO neutron.db.ovn_revision_numbers_db [None req-3753e89c-1d37-4d13-b494-3d5d1a037d61 - - - - - -] Successfully bumped revision number for resource c4dbee2e-be48-44c0-b7c6-7edcb02f566d (type: ports) to 5 [pid: 8|app: 0|req: 713/1426] 10.0.0.157 () {32 vars in 726 bytes} [Thu May 14 08:41:55 2026] DELETE /v2.0/networks/61b45faf-ecc3-4b05-a3f9-639941cf5810 => generated 0 bytes in 560 msecs (HTTP/1.1 204) 3 headers in 131 bytes (1 switches on core 0)
2026-05-14 08:41:55.803 8 INFO neutron_taas.services.taas.taas_plugin [None req-86943ac3-66c3-4712-9d9b-63d867664ec5 971c90fc9313463588e3c7c48e082f38 504e25ff2dcf468a9d19cd3c1864f87f - - default default] TaaS: Handle Delete Port: 95e2953d-2d5d-4675-a639-4d0d5d1dce4e
2026-05-14 08:41:55.806 8 INFO neutron_taas.services.taas.tap_mirror_plugin [None req-86943ac3-66c3-4712-9d9b-63d867664ec5 971c90fc9313463588e3c7c48e082f38 504e25ff2dcf468a9d19cd3c1864f87f - - default default] Tap Mirror: Handle Delete Port: 95e2953d-2d5d-4675-a639-4d0d5d1dce4e
2026-05-14 08:41:55.862 7 INFO neutron.db.ovn_revision_numbers_db [None req-047f71c9-4268-45e8-9af9-0defcbccd83d - - - - - -] Successfully bumped revision number for resource 3154c3f0-f2f5-4497-af06-9da5d170695e (type: ports) to 2 [pid: 8|app: 0|req: 714/1427] 10.0.0.157 () {32 vars in 726 bytes} [Thu May 14 08:41:55 2026] DELETE /v2.0/networks/4d5be2e6-0559-4ae2-a1f9-5f472eb5acd4 => generated 0 bytes in 359 msecs (HTTP/1.1 204) 3 headers in 131 bytes (1 switches on core 0)
2026-05-14 08:41:56.152 7 INFO neutron.db.ovn_revision_numbers_db [None req-678ba753-f9e5-4fdd-b0b0-e66fe92766eb fb1b436fc3994c46994a5c0cb04704ce c3e731a8432d429b9c6fd42871d19c8a - - default default] Successfully bumped revision number for resource 3154c3f0-f2f5-4497-af06-9da5d170695e (type: router_ports) to 1 [pid: 7|app: 0|req: 714/1428] 10.0.0.157 () {34 vars in 783 bytes} [Thu May 14 08:41:53 2026] PUT /v2.0/routers/ff72b774-3308-475a-bbdf-dc66a0b97d43/add_router_interface => generated 310 bytes in 2571 msecs (HTTP/1.1 200) 4 headers in 157 bytes (1 switches on core 0)
2026-05-14 08:41:56.275 7 INFO neutron_taas.services.taas.taas_plugin [None req-9619aff6-793d-4a82-8f60-2d204a5706c2 d6de02614dcc401e9f8ac82e40e8d376 2b077740fdc3473f86dbda70cb22e81e - - default default] TaaS: Handle Delete Port: 7083b64f-83ec-494e-9f0f-d27fd6bcaeb0
2026-05-14 08:41:56.281 7 INFO neutron_taas.services.taas.tap_mirror_plugin [None req-9619aff6-793d-4a82-8f60-2d204a5706c2 d6de02614dcc401e9f8ac82e40e8d376 2b077740fdc3473f86dbda70cb22e81e - - default default] Tap Mirror: Handle Delete Port: 7083b64f-83ec-494e-9f0f-d27fd6bcaeb0
2026-05-14 08:41:56.281 8 WARNING neutron.plugins.ml2.drivers.ovn.mech_driver.ovsdb.ovn_client [None req-d19c7ee3-5b44-4078-8048-2fde7ad99ac0 - - - - - -] No hosting information found for port c2c92fe6-06ab-469d-92ed-1871c01cdc72: RuntimeError: No hosting information found for port c2c92fe6-06ab-469d-92ed-1871c01cdc72
2026-05-14 08:41:56.329 8 INFO neutron.common.ovn.utils [None req-d19c7ee3-5b44-4078-8048-2fde7ad99ac0 - - - - - -] HA Chassis Group neutron-79adbbfe-7b4e-4385-b67e-4459d00e4667 synchronized; highest priority chassis 75f0e84d-ac3d-4c03-8d5e-0335d463036c
2026-05-14 08:41:56.343 8 INFO neutron.db.ovn_revision_numbers_db [None req-0b9f641c-2939-4984-9221-6969e38377c3 fb1b436fc3994c46994a5c0cb04704ce c3e731a8432d429b9c6fd42871d19c8a - - default default] Successfully bumped revision number for resource d0430889-61e8-4354-96bb-0dd4d891f26c (type: security_groups) to 1
2026-05-14 08:41:56.361 8 INFO neutron.db.ovn_revision_numbers_db [None req-0b9f641c-2939-4984-9221-6969e38377c3 fb1b436fc3994c46994a5c0cb04704ce c3e731a8432d429b9c6fd42871d19c8a - - default default] Successfully bumped revision number for resource 22676ebd-e77e-4e92-90f1-489c3b338a65 (type: security_group_rules) to 0
2026-05-14 08:41:56.376 8 INFO neutron.db.ovn_revision_numbers_db [None req-0b9f641c-2939-4984-9221-6969e38377c3 fb1b436fc3994c46994a5c0cb04704ce c3e731a8432d429b9c6fd42871d19c8a - - default default] Successfully bumped revision number for resource b078cc2f-bea4-4948-95b5-a556e5b4caef (type: security_group_rules) to 0
2026-05-14 08:41:56.393 8 INFO neutron.db.ovn_revision_numbers_db [None req-0b9f641c-2939-4984-9221-6969e38377c3 fb1b436fc3994c46994a5c0cb04704ce c3e731a8432d429b9c6fd42871d19c8a - - default default] Successfully bumped revision number for resource b74e3cf5-8158-4b60-8ebe-3679764b6d0c (type: security_group_rules) to 0
2026-05-14 08:41:56.416 8 INFO neutron.db.ovn_revision_numbers_db [None req-0b9f641c-2939-4984-9221-6969e38377c3 fb1b436fc3994c46994a5c0cb04704ce c3e731a8432d429b9c6fd42871d19c8a - - default default] Successfully bumped revision number for resource e32ace25-d43e-4b61-84e3-16b19b8baa88 (type: security_group_rules) to 0
2026-05-14 08:41:56.448 8 INFO neutron.db.ovn_revision_numbers_db [None req-d19c7ee3-5b44-4078-8048-2fde7ad99ac0 - - - - - -] Successfully bumped revision number for resource c2c92fe6-06ab-469d-92ed-1871c01cdc72 (type: router_ports) to 2
2026-05-14 08:41:56.486 8 INFO neutron.plugins.ml2.drivers.ovn.mech_driver.mech_driver [None req-d19c7ee3-5b44-4078-8048-2fde7ad99ac0 - - - - - -] OVN reports status down for port: c4dbee2e-be48-44c0-b7c6-7edcb02f566d
2026-05-14 08:41:56.493 8 INFO neutron.services.segments.plugin [-] Segment aea82f6d-a804-4d9a-afd3-c885d693382d resource provider aggregate not found
2026-05-14 08:41:56.508 7 INFO neutron.services.segments.plugin [-] Segment e9310875-598a-4a2a-aecd-977832bfe237 resource provider aggregate not found
2026-05-14 08:41:56.511 8 INFO neutron.services.segments.plugin [-] Segment aea82f6d-a804-4d9a-afd3-c885d693382d resource provider not found; error: Placement Client Error (4xx): {"errors": [{"status": 404, "title": "Not Found", "detail": "The resource could not be found.\n\n No resource provider with uuid aea82f6d-a804-4d9a-afd3-c885d693382d found for delete ", "request_id": "req-f56de3c3-2778-4ebd-b70a-1323eb9192eb"}]}
2026-05-14 08:41:56.509 7 INFO neutron.services.segments.plugin [-] Segment e9310875-598a-4a2a-aecd-977832bfe237 resource provider aggregate not found
2026-05-14 08:41:56.517 8 INFO neutron.services.segments.plugin [-] Segment aea82f6d-a804-4d9a-afd3-c885d693382d resource provider aggregate not found
2026-05-14 08:41:56.525 8 INFO neutron.services.segments.plugin [-] Segment 6235857e-89c5-49b8-80a0-204f682b65ef resource provider aggregate not found
2026-05-14 08:41:56.527 8 INFO neutron.db.segments_db [None req-0b9f641c-2939-4984-9221-6969e38377c3 fb1b436fc3994c46994a5c0cb04704ce c3e731a8432d429b9c6fd42871d19c8a - - default default] Added segment 0c3f45c0-0951-4e11-8857-4e90eb24d97f of type geneve for network bcd77390-a69a-474d-8376-19a2f4eadad6
2026-05-14 08:41:56.539 7 INFO neutron.services.segments.plugin [-] Segment e9310875-598a-4a2a-aecd-977832bfe237 resource provider not found; error: Placement Client Error (4xx): {"errors": [{"status": 404, "title": "Not Found", "detail": "The resource could not be found.\n\n No resource provider with uuid e9310875-598a-4a2a-aecd-977832bfe237 found for delete ", "request_id": "req-218b64d6-aab6-4af0-ba77-2bbe0e84052b"}]}
2026-05-14 08:41:56.541 7 INFO neutron.services.segments.plugin [-] Segment e9310875-598a-4a2a-aecd-977832bfe237 resource provider not found; error: Placement Client Error (4xx): {"errors": [{"status": 404, "title": "Not Found", "detail": "The resource could not be found.\n\n No resource provider with uuid e9310875-598a-4a2a-aecd-977832bfe237 found for delete ", "request_id": "req-b8d1316d-035c-47af-ade1-923be3c1a5f2"}]}
2026-05-14 08:41:56.548 8 INFO neutron.services.segments.plugin [-] Segment 6235857e-89c5-49b8-80a0-204f682b65ef resource provider not found; error: Placement Client Error (4xx): {"errors": [{"status": 404, "title": "Not Found", "detail": "The resource could not be found.\n\n No resource provider with uuid 6235857e-89c5-49b8-80a0-204f682b65ef found for delete ", "request_id": "req-dda2f9ff-0d38-4444-a646-097ed7bde4f2"}]}
2026-05-14 08:41:56.559 8 INFO neutron.services.segments.plugin [-] Segment aea82f6d-a804-4d9a-afd3-c885d693382d resource provider not found; error: Placement Client Error (4xx): {"errors": [{"status": 404, "title": "Not Found", "detail": "The resource could not be found.\n\n No resource provider with uuid aea82f6d-a804-4d9a-afd3-c885d693382d found for delete ", "request_id": "req-1a8830fa-f7e3-46e9-808c-b92ca18748dd"}]}
2026-05-14 08:41:56.561 8 INFO neutron.services.segments.plugin [-] Segment 182d6cc8-6271-49d7-8640-fe4977659b33 resource provider aggregate not found [pid: 7|app: 0|req: 715/1429] 10.0.0.157 () {32 vars in 726 bytes} [Thu May 14 08:41:56 2026] DELETE /v2.0/networks/d58232de-c09c-45fa-b7ff-7cd38b9c366f => generated 0 bytes in 418 msecs (HTTP/1.1 204) 3 headers in 131 bytes (1 switches on core 0)
2026-05-14 08:41:56.577 8 INFO neutron.services.segments.plugin [-] Segment 182d6cc8-6271-49d7-8640-fe4977659b33 resource provider not found; error: Placement Client Error (4xx): {"errors": [{"status": 404, "title": "Not Found", "detail": "The resource could not be found.\n\n No resource provider with uuid 182d6cc8-6271-49d7-8640-fe4977659b33 found for delete ", "request_id": "req-183378e8-c95d-4857-9f70-f1c8866c2b8d"}]}
2026-05-14 08:41:56.596 8 INFO neutron.services.segments.plugin [-] Segment 6235857e-89c5-49b8-80a0-204f682b65ef resource provider aggregate not found
2026-05-14 08:41:56.625 8 INFO neutron.services.segments.plugin [-] Segment 6235857e-89c5-49b8-80a0-204f682b65ef resource provider not found; error: Placement Client Error (4xx): {"errors": [{"status": 404, "title": "Not Found", "detail": "The resource could not be found.\n\n No resource provider with uuid 6235857e-89c5-49b8-80a0-204f682b65ef found for delete ", "request_id": "req-29b5717a-9194-4f1d-9bd5-9022e1ddf02e"}]}
2026-05-14 08:41:56.644 8 INFO neutron.services.segments.plugin [-] Segment 182d6cc8-6271-49d7-8640-fe4977659b33 resource provider aggregate not found
2026-05-14 08:41:56.665 8 INFO neutron.services.segments.plugin [-] Segment 182d6cc8-6271-49d7-8640-fe4977659b33 resource provider not found; error: Placement Client Error (4xx): {"errors": [{"status": 404, "title": "Not Found", "detail": "The resource could not be found.\n\n No resource provider with uuid 182d6cc8-6271-49d7-8640-fe4977659b33 found for delete ", "request_id": "req-1a218268-701a-4097-af28-969d3b9c6cbb"}]}
2026-05-14 08:41:56.706 7 INFO neutron_taas.services.taas.taas_plugin [None req-5cad9640-464b-4a03-9ced-afa9eefaa519 971c90fc9313463588e3c7c48e082f38 504e25ff2dcf468a9d19cd3c1864f87f - - default default] TaaS: Handle Delete Port: da03fb0d-b9ce-4502-8727-dc86f4e64aba
2026-05-14 08:41:56.709 7 INFO neutron_taas.services.taas.tap_mirror_plugin [None req-5cad9640-464b-4a03-9ced-afa9eefaa519 971c90fc9313463588e3c7c48e082f38 504e25ff2dcf468a9d19cd3c1864f87f - - default default] Tap Mirror: Handle Delete Port: da03fb0d-b9ce-4502-8727-dc86f4e64aba
2026-05-14 08:41:56.724 8 INFO neutron.db.ovn_revision_numbers_db [None req-0b9f641c-2939-4984-9221-6969e38377c3 fb1b436fc3994c46994a5c0cb04704ce c3e731a8432d429b9c6fd42871d19c8a - - default default] Successfully bumped revision number for resource bcd77390-a69a-474d-8376-19a2f4eadad6 (type: networks) to 1 [pid: 7|app: 0|req: 716/1430] 10.0.0.157 () {32 vars in 726 bytes} [Thu May 14 08:41:56 2026] DELETE /v2.0/networks/de696d8e-bfe9-49af-9125-c954474b7af7 => generated 0 bytes in 346 msecs (HTTP/1.1 204) 3 headers in 131 bytes (1 switches on core 0)
2026-05-14 08:41:56.991 8 WARNING neutron.scheduler.dhcp_agent_scheduler [None req-0b9f641c-2939-4984-9221-6969e38377c3 fb1b436fc3994c46994a5c0cb04704ce c3e731a8432d429b9c6fd42871d19c8a - - default default] No more DHCP agents
2026-05-14 08:41:56.993 8 WARNING neutron.api.rpc.agentnotifiers.dhcp_rpc_agent_api [None req-0b9f641c-2939-4984-9221-6969e38377c3 fb1b436fc3994c46994a5c0cb04704ce c3e731a8432d429b9c6fd42871d19c8a - - default default] Unable to schedule network bcd77390-a69a-474d-8376-19a2f4eadad6: no agents available; will retry on subsequent port and subnet creation events.
2026-05-14 08:41:56.995 8 INFO neutron.db.ovn_revision_numbers_db [None req-d19c7ee3-5b44-4078-8048-2fde7ad99ac0 - - - - - -] Successfully bumped revision number for resource c4dbee2e-be48-44c0-b7c6-7edcb02f566d (type: ports) to 6
2026-05-14 08:41:57.043 7 INFO neutron_taas.services.taas.taas_plugin [None req-208724de-a82d-46e4-88df-a32b8b65b677 d6de02614dcc401e9f8ac82e40e8d376 2b077740fdc3473f86dbda70cb22e81e - - default default] TaaS: Handle Delete Port: 3682d79f-f5e1-4e6e-a34d-e7969dce677f
2026-05-14 08:41:57.051 7 INFO neutron_taas.services.taas.tap_mirror_plugin [None req-208724de-a82d-46e4-88df-a32b8b65b677 d6de02614dcc401e9f8ac82e40e8d376 2b077740fdc3473f86dbda70cb22e81e - - default default] Tap Mirror: Handle Delete Port: 3682d79f-f5e1-4e6e-a34d-e7969dce677f
2026-05-14 08:41:57.143 8 INFO neutron.db.ovn_revision_numbers_db [None req-0b9f641c-2939-4984-9221-6969e38377c3 fb1b436fc3994c46994a5c0cb04704ce c3e731a8432d429b9c6fd42871d19c8a - - default default] Successfully bumped revision number for resource 5d325a6e-6731-4f7e-9f10-6e376f89b334 (type: ports) to 1
2026-05-14 08:41:57.181 8 WARNING neutron.plugins.ml2.drivers.ovn.mech_driver.ovsdb.ovn_client [None req-2c6b38a9-92ef-40bf-808b-94abe3c55b2d - - - - - -] Logical_Switch_Port c4dbee2e-be48-44c0-b7c6-7edcb02f566d host information not removed, the port state is up [pid: 8|app: 0|req: 715/1431] 10.0.0.157 () {34 vars in 671 bytes} [Thu May 14 08:41:56 2026] POST /v2.0/networks => generated 785 bytes in 1142 msecs (HTTP/1.1 201) 4 headers in 162 bytes (1 switches on core 0)
2026-05-14 08:41:57.233 8 INFO neutron.common.ovn.utils [None req-2c6b38a9-92ef-40bf-808b-94abe3c55b2d - - - - - -] HA Chassis Group neutron-b50bea7d-70a8-4a39-8d3a-98a759cd1b82 synchronized; highest priority chassis 75f0e84d-ac3d-4c03-8d5e-0335d463036c
2026-05-14 08:41:57.252 8 INFO neutron.plugins.ml2.drivers.ovn.mech_driver.mech_driver [None req-2c6b38a9-92ef-40bf-808b-94abe3c55b2d - - - - - -] OVN reports status up for port: c4dbee2e-be48-44c0-b7c6-7edcb02f566d
2026-05-14 08:41:57.280 8 INFO neutron.plugins.ml2.plugin [None req-2c6b38a9-92ef-40bf-808b-94abe3c55b2d - - - - - -] Attempt 1 to provision port c4dbee2e-be48-44c0-b7c6-7edcb02f566d [pid: 7|app: 0|req: 717/1432] 10.0.0.157 () {32 vars in 726 bytes} [Thu May 14 08:41:56 2026] DELETE /v2.0/networks/d9c4a9e8-753d-4cac-bd6b-1067f7fca071 => generated 0 bytes in 371 msecs (HTTP/1.1 204) 3 headers in 131 bytes (1 switches on core 0)
2026-05-14 08:41:57.390 8 INFO neutron.db.ovn_revision_numbers_db [None req-57510dc7-1eb1-4108-9566-5e250eadad03 7495bc074ee34c21b5a29b9b7b0a6dc8 968ad718db384898b1fada14a21cbeea - - default default] Successfully bumped revision number for resource 2e3ed409-ddf8-4d29-bf20-1c73d926fb4a (type: security_groups) to 1
2026-05-14 08:41:57.417 8 INFO neutron.db.ovn_revision_numbers_db [None req-57510dc7-1eb1-4108-9566-5e250eadad03 7495bc074ee34c21b5a29b9b7b0a6dc8 968ad718db384898b1fada14a21cbeea - - default default] Successfully bumped revision number for resource 33be0e65-a1d0-48f9-a4b6-4dc93e771b42 (type: security_group_rules) to 0
2026-05-14 08:41:57.430 7 WARNING neutron.scheduler.dhcp_agent_scheduler [None req-45e2a710-2d7b-4b67-bc08-97b2ee3de1b6 fb1b436fc3994c46994a5c0cb04704ce c3e731a8432d429b9c6fd42871d19c8a - - default default] No more DHCP agents
2026-05-14 08:41:57.431 7 WARNING neutron.api.rpc.agentnotifiers.dhcp_rpc_agent_api [None req-45e2a710-2d7b-4b67-bc08-97b2ee3de1b6 fb1b436fc3994c46994a5c0cb04704ce c3e731a8432d429b9c6fd42871d19c8a - - default default] Unable to schedule network bcd77390-a69a-474d-8376-19a2f4eadad6: no agents available; will retry on subsequent port and subnet creation events.
2026-05-14 08:41:57.446 8 INFO neutron.db.ovn_revision_numbers_db [None req-57510dc7-1eb1-4108-9566-5e250eadad03 7495bc074ee34c21b5a29b9b7b0a6dc8 968ad718db384898b1fada14a21cbeea - - default default] Successfully bumped revision number for resource bff5f9d7-fd5e-4ee1-939a-0cc922659910 (type: security_group_rules) to 0 [pid: 8|app: 0|req: 716/1433] 10.0.0.157 () {34 vars in 685 bytes} [Thu May 14 08:41:57 2026] POST /v2.0/security-groups => generated 1675 bytes in 324 msecs (HTTP/1.1 201) 4 headers in 163 bytes (1 switches on core 0)
2026-05-14 08:41:57.727 8 INFO neutron_taas.services.taas.taas_plugin [None req-b75ce184-8477-4614-b19e-2af177b81a87 d6de02614dcc401e9f8ac82e40e8d376 2b077740fdc3473f86dbda70cb22e81e - - default default] TaaS: Handle Delete Port: 91153de9-7e00-4f97-9195-2a8582952837
2026-05-14 08:41:57.733 8 INFO neutron_taas.services.taas.tap_mirror_plugin [None req-b75ce184-8477-4614-b19e-2af177b81a87 d6de02614dcc401e9f8ac82e40e8d376 2b077740fdc3473f86dbda70cb22e81e - - default default] Tap Mirror: Handle Delete Port: 91153de9-7e00-4f97-9195-2a8582952837
2026-05-14 08:41:57.927 8 INFO neutron.db.ovn_revision_numbers_db [None req-2c6b38a9-92ef-40bf-808b-94abe3c55b2d - - - - - -] Successfully bumped revision number for resource c4dbee2e-be48-44c0-b7c6-7edcb02f566d (type: ports) to 7
2026-05-14 08:41:57.929 7 INFO neutron.db.ovn_revision_numbers_db [None req-45e2a710-2d7b-4b67-bc08-97b2ee3de1b6 fb1b436fc3994c46994a5c0cb04704ce c3e731a8432d429b9c6fd42871d19c8a - - default default] Successfully bumped revision number for resource 5d325a6e-6731-4f7e-9f10-6e376f89b334 (type: ports) to 2
2026-05-14 08:41:57.963 7 INFO neutron.db.ovn_revision_numbers_db [None req-45e2a710-2d7b-4b67-bc08-97b2ee3de1b6 fb1b436fc3994c46994a5c0cb04704ce c3e731a8432d429b9c6fd42871d19c8a - - default default] Successfully bumped revision number for resource 57198b65-a4b2-4af6-bfe2-c0ed213eeadf (type: subnets) to 0 [pid: 7|app: 0|req: 718/1434] 10.0.0.157 () {34 vars in 669 bytes} [Thu May 14 08:41:57 2026] POST /v2.0/subnets => generated 691 bytes in 685 msecs (HTTP/1.1 201) 4 headers in 162 bytes (1 switches on core 0)
2026-05-14 08:41:58.084 7 WARNING neutron.db.securitygroups_db [None req-38f3a138-1403-48dc-acdb-742522f91d66 fb1b436fc3994c46994a5c0cb04704ce c3e731a8432d429b9c6fd42871d19c8a - - default default] project_id key not found in filters, using tenant_id instead. This support has been deprecated and will be removed in a future release. [pid: 8|app: 0|req: 717/1435] 10.0.0.157 () {32 vars in 726 bytes} [Thu May 14 08:41:57 2026] DELETE /v2.0/networks/02112539-0a62-4574-ae95-9eff2bdf8b9d => generated 0 bytes in 592 msecs (HTTP/1.1 204) 3 headers in 131 bytes (1 switches on core 0) [pid: 7|app: 0|req: 719/1436] 10.0.0.157 () {32 vars in 774 bytes} [Thu May 14 08:41:57 2026] GET /v2.0/security-groups?tenant_id=504e25ff2dcf468a9d19cd3c1864f87f&name=default => generated 2925 bytes in 126 msecs (HTTP/1.1 200) 4 headers in 158 bytes (1 switches on core 0)
2026-05-14 08:41:58.209 8 INFO neutron.db.ovn_revision_numbers_db [None req-260d1d27-9fd3-4561-b956-f66aca787de9 7495bc074ee34c21b5a29b9b7b0a6dc8 968ad718db384898b1fada14a21cbeea - - default default] Successfully bumped revision number for resource 719141c5-645f-4ebd-b30d-2468b16c6340 (type: security_group_rules) to 0 [pid: 8|app: 0|req: 718/1437] 10.0.0.157 () {34 vars in 695 bytes} [Thu May 14 08:41:58 2026] POST /v2.0/security-group-rules => generated 597 bytes in 137 msecs (HTTP/1.1 201) 4 headers in 162 bytes (1 switches on core 0)
2026-05-14 08:41:58.357 8 INFO neutron_taas.services.taas.taas_plugin [None req-7171c725-59fc-4c6c-ab7d-1e5d931e3594 d6de02614dcc401e9f8ac82e40e8d376 2b077740fdc3473f86dbda70cb22e81e - - default default] TaaS: Handle Delete Port: abc513af-9324-4817-8d0d-426bd2499450
2026-05-14 08:41:58.360 8 INFO neutron_taas.services.taas.tap_mirror_plugin [None req-7171c725-59fc-4c6c-ab7d-1e5d931e3594 d6de02614dcc401e9f8ac82e40e8d376 2b077740fdc3473f86dbda70cb22e81e - - default default] Tap Mirror: Handle Delete Port: abc513af-9324-4817-8d0d-426bd2499450
2026-05-14 08:41:58.535 7 WARNING neutron.scheduler.dhcp_agent_scheduler [None req-c9ea32e2-dbcf-4ec0-8244-852594856829 fb1b436fc3994c46994a5c0cb04704ce c3e731a8432d429b9c6fd42871d19c8a - - default default] No more DHCP agents
2026-05-14 08:41:58.536 7 WARNING neutron.api.rpc.agentnotifiers.dhcp_rpc_agent_api [None req-c9ea32e2-dbcf-4ec0-8244-852594856829 fb1b436fc3994c46994a5c0cb04704ce c3e731a8432d429b9c6fd42871d19c8a - - default default] Unable to schedule network f5be4f78-0905-4811-9c92-1f0c9830fbe3: no agents available; will retry on subsequent port and subnet creation events.
2026-05-14 08:41:58.567 7 INFO neutron.services.segments.plugin [-] Segment 56e9681c-8e03-4563-911f-d86e471ad6f3 resource provider aggregate not found
2026-05-14 08:41:58.571 7 INFO neutron.services.segments.plugin [-] Segment 56e9681c-8e03-4563-911f-d86e471ad6f3 resource provider aggregate not found
2026-05-14 08:41:58.587 7 INFO neutron.services.segments.plugin [-] Segment 56e9681c-8e03-4563-911f-d86e471ad6f3 resource provider not found; error: Placement Client Error (4xx): {"errors": [{"status": 404, "title": "Not Found", "detail": "The resource could not be found.\n\n No resource provider with uuid 56e9681c-8e03-4563-911f-d86e471ad6f3 found for delete ", "request_id": "req-07cb3d50-5346-449a-a3d1-da3ea70818c3"}]}
2026-05-14 08:41:58.593 7 INFO neutron.services.segments.plugin [-] Segment 56e9681c-8e03-4563-911f-d86e471ad6f3 resource provider not found; error: Placement Client Error (4xx): {"errors": [{"status": 404, "title": "Not Found", "detail": "The resource could not be found.\n\n No resource provider with uuid 56e9681c-8e03-4563-911f-d86e471ad6f3 found for delete ", "request_id": "req-007c077d-2543-4e9e-a996-1d50aec3d213"}]}
2026-05-14 08:41:58.598 8 INFO neutron.services.segments.plugin [-] Segment cbb65969-4285-43fb-8326-e7569ce5549b resource provider aggregate not found [pid: 8|app: 0|req: 719/1438] 10.0.0.157 () {32 vars in 726 bytes} [Thu May 14 08:41:58 2026] DELETE /v2.0/networks/f2fc7260-bee7-4593-8628-bf85ed37b3b0 => generated 0 bytes in 359 msecs (HTTP/1.1 204) 3 headers in 131 bytes (1 switches on core 0)
2026-05-14 08:41:58.616 7 INFO neutron.services.segments.plugin [-] Segment 2f9ef904-8f00-4dc2-9f7a-f9f757935b8a resource provider aggregate not found
2026-05-14 08:41:58.625 7 INFO neutron.services.segments.plugin [-] Segment 2f9ef904-8f00-4dc2-9f7a-f9f757935b8a resource provider aggregate not found
2026-05-14 08:41:58.628 8 INFO neutron.services.segments.plugin [-] Segment cbb65969-4285-43fb-8326-e7569ce5549b resource provider not found; error: Placement Client Error (4xx): {"errors": [{"status": 404, "title": "Not Found", "detail": "The resource could not be found.\n\n No resource provider with uuid cbb65969-4285-43fb-8326-e7569ce5549b found for delete ", "request_id": "req-6655cc6d-a491-47a0-96e9-83f11460f26a"}]}
2026-05-14 08:41:58.632 7 INFO neutron.services.segments.plugin [-] Segment 2f9ef904-8f00-4dc2-9f7a-f9f757935b8a resource provider not found; error: Placement Client Error (4xx): {"errors": [{"status": 404, "title": "Not Found", "detail": "The resource could not be found.\n\n No resource provider with uuid 2f9ef904-8f00-4dc2-9f7a-f9f757935b8a found for delete ", "request_id": "req-cd12de0a-b6ff-443b-a22e-727e4daead1e"}]}
2026-05-14 08:41:58.641 7 INFO neutron.services.segments.plugin [-] Segment 2f9ef904-8f00-4dc2-9f7a-f9f757935b8a resource provider not found; error: Placement Client Error (4xx): {"errors": [{"status": 404, "title": "Not Found", "detail": "The resource could not be found.\n\n No resource provider with uuid 2f9ef904-8f00-4dc2-9f7a-f9f757935b8a found for delete ", "request_id": "req-96a28990-2706-43d2-980f-86b524cf36ed"}]}
2026-05-14 08:41:58.644 8 INFO neutron.services.segments.plugin [-] Segment 556bc30e-aa97-4522-be0b-de7e89e72400 resource provider aggregate not found
2026-05-14 08:41:58.660 8 INFO neutron.services.segments.plugin [-] Segment 556bc30e-aa97-4522-be0b-de7e89e72400 resource provider not found; error: Placement Client Error (4xx): {"errors": [{"status": 404, "title": "Not Found", "detail": "The resource could not be found.\n\n No resource provider with uuid 556bc30e-aa97-4522-be0b-de7e89e72400 found for delete ", "request_id": "req-215728b6-496d-473b-befc-54888b445211"}]}
2026-05-14 08:41:58.685 8 INFO neutron.services.segments.plugin [-] Segment cbb65969-4285-43fb-8326-e7569ce5549b resource provider aggregate not found
2026-05-14 08:41:58.716 8 INFO neutron.services.segments.plugin [-] Segment cbb65969-4285-43fb-8326-e7569ce5549b resource provider not found; error: Placement Client Error (4xx): {"errors": [{"status": 404, "title": "Not Found", "detail": "The resource could not be found.\n\n No resource provider with uuid cbb65969-4285-43fb-8326-e7569ce5549b found for delete ", "request_id": "req-b70ecb6d-406c-4af4-afd0-8a38c55d3e96"}]}
2026-05-14 08:41:58.732 8 INFO neutron.services.segments.plugin [-] Segment 556bc30e-aa97-4522-be0b-de7e89e72400 resource provider aggregate not found
2026-05-14 08:41:58.750 7 INFO neutron.db.ovn_revision_numbers_db [None req-c9ea32e2-dbcf-4ec0-8244-852594856829 fb1b436fc3994c46994a5c0cb04704ce c3e731a8432d429b9c6fd42871d19c8a - - default default] Successfully bumped revision number for resource 580fe3ce-066e-467a-9db4-5a0ed9cb7bbb (type: ports) to 1
2026-05-14 08:41:58.751 8 INFO neutron.services.segments.plugin [-] Segment 556bc30e-aa97-4522-be0b-de7e89e72400 resource provider not found; error: Placement Client Error (4xx): {"errors": [{"status": 404, "title": "Not Found", "detail": "The resource could not be found.\n\n No resource provider with uuid 556bc30e-aa97-4522-be0b-de7e89e72400 found for delete ", "request_id": "req-1ecaefac-0d53-4583-af9b-e67cbe4a1e91"}]} [pid: 8|app: 0|req: 720/1439] 10.0.0.157 () {32 vars in 740 bytes} [Thu May 14 08:41:58 2026] DELETE /v2.0/security-groups/4cf7cef4-b80b-4938-8bf5-31895bd8c3bf => generated 0 bytes in 230 msecs (HTTP/1.1 204) 2 headers in 112 bytes (1 switches on core 0)
2026-05-14 08:41:58.922 8 INFO neutron.db.ovn_revision_numbers_db [None req-749f2af8-0c12-4d2d-afce-214957c6c1e0 7495bc074ee34c21b5a29b9b7b0a6dc8 968ad718db384898b1fada14a21cbeea - - default default] Successfully bumped revision number for resource 1d645e26-4386-4a58-9ace-031b856e0802 (type: security_group_rules) to 0 [pid: 8|app: 0|req: 721/1440] 10.0.0.157 () {34 vars in 695 bytes} [Thu May 14 08:41:58 2026] POST /v2.0/security-group-rules => generated 596 bytes in 131 msecs (HTTP/1.1 201) 4 headers in 162 bytes (1 switches on core 0)
2026-05-14 08:41:59.086 8 INFO neutron.db.ovn_revision_numbers_db [None req-f3137047-5765-4b9a-95da-10a2c9c27bf3 7495bc074ee34c21b5a29b9b7b0a6dc8 968ad718db384898b1fada14a21cbeea - - default default] Successfully bumped revision number for resource f17f1ce7-d98d-48de-95dc-670febb68650 (type: security_group_rules) to 0 [pid: 8|app: 0|req: 722/1441] 10.0.0.157 () {34 vars in 695 bytes} [Thu May 14 08:41:58 2026] POST /v2.0/security-group-rules => generated 602 bytes in 162 msecs (HTTP/1.1 201) 4 headers in 162 bytes (1 switches on core 0)
2026-05-14 08:41:59.256 8 INFO neutron.db.ovn_revision_numbers_db [None req-52cac728-2ac9-4c6a-8fce-ad1a94e1a177 7495bc074ee34c21b5a29b9b7b0a6dc8 968ad718db384898b1fada14a21cbeea - - default default] Successfully bumped revision number for resource 5b0fa604-7aa9-495e-b0f8-e0ac3651b490 (type: security_group_rules) to 0 [pid: 8|app: 0|req: 723/1442] 10.0.0.157 () {34 vars in 695 bytes} [Thu May 14 08:41:59 2026] POST /v2.0/security-group-rules => generated 601 bytes in 154 msecs (HTTP/1.1 201) 4 headers in 162 bytes (1 switches on core 0)
2026-05-14 08:41:59.327 8 INFO neutron.db.securitygroups_db [None req-810e8817-1819-45c8-8b6c-36962fa75378 7495bc074ee34c21b5a29b9b7b0a6dc8 968ad718db384898b1fada14a21cbeea - - default default] Project 968ad718db384898b1fada14a21cbeea added a security group rule with legacy IPv6 ICMP protocol name icmp, ipv6-icmp should be used instead. It was automatically converted.
2026-05-14 08:41:59.406 8 INFO neutron.db.ovn_revision_numbers_db [None req-810e8817-1819-45c8-8b6c-36962fa75378 7495bc074ee34c21b5a29b9b7b0a6dc8 968ad718db384898b1fada14a21cbeea - - default default] Successfully bumped revision number for resource b8f64b95-c66f-4584-95c4-e5a173d3f424 (type: security_group_rules) to 0 [pid: 8|app: 0|req: 724/1443] 10.0.0.157 () {34 vars in 695 bytes} [Thu May 14 08:41:59 2026] POST /v2.0/security-group-rules => generated 607 bytes in 138 msecs (HTTP/1.1 201) 4 headers in 162 bytes (1 switches on core 0)
2026-05-14 08:41:59.530 8 WARNING neutron.db.securitygroups_db [None req-48948349-211e-4bb1-b9eb-7cdc09819004 fb1b436fc3994c46994a5c0cb04704ce c3e731a8432d429b9c6fd42871d19c8a - - default default] project_id key not found in filters, using tenant_id instead. This support has been deprecated and will be removed in a future release.
2026-05-14 08:41:59.651 8 INFO neutron.db.ovn_revision_numbers_db [None req-48948349-211e-4bb1-b9eb-7cdc09819004 fb1b436fc3994c46994a5c0cb04704ce c3e731a8432d429b9c6fd42871d19c8a - - default default] Successfully bumped revision number for resource bbab26f2-5db1-403e-89c1-d86e45d40db7 (type: security_groups) to 1
