2026-05-14 08:41:59.661 8 INFO neutron.db.ovn_revision_numbers_db [None req-48948349-211e-4bb1-b9eb-7cdc09819004 fb1b436fc3994c46994a5c0cb04704ce c3e731a8432d429b9c6fd42871d19c8a - - default default] Successfully bumped revision number for resource 510cd561-1f0a-495f-a85f-33efd3f58559 (type: security_group_rules) to 0
2026-05-14 08:41:59.678 8 INFO neutron.db.ovn_revision_numbers_db [None req-48948349-211e-4bb1-b9eb-7cdc09819004 fb1b436fc3994c46994a5c0cb04704ce c3e731a8432d429b9c6fd42871d19c8a - - default default] Successfully bumped revision number for resource 71068cf9-92d0-43a8-a479-e1308e24056f (type: security_group_rules) to 0
2026-05-14 08:41:59.688 8 INFO neutron.db.ovn_revision_numbers_db [None req-48948349-211e-4bb1-b9eb-7cdc09819004 fb1b436fc3994c46994a5c0cb04704ce c3e731a8432d429b9c6fd42871d19c8a - - default default] Successfully bumped revision number for resource 8d504045-f69b-450c-a31f-ea7d791e8c3a (type: security_group_rules) to 0
2026-05-14 08:41:59.699 8 INFO neutron.db.ovn_revision_numbers_db [None req-48948349-211e-4bb1-b9eb-7cdc09819004 fb1b436fc3994c46994a5c0cb04704ce c3e731a8432d429b9c6fd42871d19c8a - - default default] Successfully bumped revision number for resource b6c9cbe8-96cb-47ca-9d51-9fa1e44a5c40 (type: security_group_rules) to 0 [pid: 8|app: 0|req: 725/1444] 10.0.0.157 () {32 vars in 774 bytes} [Thu May 14 08:41:59 2026] GET /v2.0/security-groups?tenant_id=1425b961ae7a44cca1378899f8fac117&name=default => generated 2925 bytes in 310 msecs (HTTP/1.1 200) 4 headers in 158 bytes (1 switches on core 0)
2026-05-14 08:41:59.772 8 INFO neutron.db.securitygroups_db [None req-c0ae9bba-518d-489a-9f80-883b0c1c9960 7495bc074ee34c21b5a29b9b7b0a6dc8 968ad718db384898b1fada14a21cbeea - - default default] Project 968ad718db384898b1fada14a21cbeea added a security group rule with legacy IPv6 ICMP protocol name icmp, ipv6-icmp should be used instead. It was automatically converted.
2026-05-14 08:41:59.862 8 INFO neutron.db.ovn_revision_numbers_db [None req-c0ae9bba-518d-489a-9f80-883b0c1c9960 7495bc074ee34c21b5a29b9b7b0a6dc8 968ad718db384898b1fada14a21cbeea - - default default] Successfully bumped revision number for resource 5197b65a-749c-44fa-9cba-e52470306ebe (type: security_group_rules) to 0 [pid: 8|app: 0|req: 726/1445] 10.0.0.157 () {34 vars in 695 bytes} [Thu May 14 08:41:59 2026] POST /v2.0/security-group-rules => generated 606 bytes in 148 msecs (HTTP/1.1 201) 4 headers in 162 bytes (1 switches on core 0) [pid: 8|app: 0|req: 727/1446] 10.0.0.157 () {32 vars in 740 bytes} [Thu May 14 08:41:59 2026] DELETE /v2.0/security-groups/bbab26f2-5db1-403e-89c1-d86e45d40db7 => generated 0 bytes in 196 msecs (HTTP/1.1 204) 2 headers in 112 bytes (1 switches on core 0)
2026-05-14 08:42:00.211 8 WARNING neutron.db.securitygroups_db [None req-a28ab432-12c8-4c98-b08f-0ae1c7202e3a fb1b436fc3994c46994a5c0cb04704ce c3e731a8432d429b9c6fd42871d19c8a - - default default] project_id key not found in filters, using tenant_id instead. This support has been deprecated and will be removed in a future release.
2026-05-14 08:42:00.303 7 INFO neutron.plugins.ml2.drivers.ovn.mech_driver.ovsdb.ovsdb_monitor [None req-370aa046-9f23-466e-b423-d07c6888f9ce - - - - - -] Router 94d7a37a-17bf-4b00-980e-80b42f150a5d is bound to host instance
2026-05-14 08:42:00.390 7 INFO neutron.db.ovn_revision_numbers_db [None req-c9ea32e2-dbcf-4ec0-8244-852594856829 fb1b436fc3994c46994a5c0cb04704ce c3e731a8432d429b9c6fd42871d19c8a - - default default] Successfully bumped revision number for resource 580fe3ce-066e-467a-9db4-5a0ed9cb7bbb (type: router_ports) to 1
2026-05-14 08:42:00.396 8 INFO neutron.db.ovn_revision_numbers_db [None req-a28ab432-12c8-4c98-b08f-0ae1c7202e3a fb1b436fc3994c46994a5c0cb04704ce c3e731a8432d429b9c6fd42871d19c8a - - default default] Successfully bumped revision number for resource 77507f83-71b2-4ff4-9d06-472644ee95c0 (type: security_groups) to 1
2026-05-14 08:42:00.411 8 INFO neutron.db.ovn_revision_numbers_db [None req-a28ab432-12c8-4c98-b08f-0ae1c7202e3a fb1b436fc3994c46994a5c0cb04704ce c3e731a8432d429b9c6fd42871d19c8a - - default default] Successfully bumped revision number for resource 5dded38e-c92d-45ac-bb48-d9778c3f7b4b (type: security_group_rules) to 0
2026-05-14 08:42:00.423 8 INFO neutron.db.ovn_revision_numbers_db [None req-a28ab432-12c8-4c98-b08f-0ae1c7202e3a fb1b436fc3994c46994a5c0cb04704ce c3e731a8432d429b9c6fd42871d19c8a - - default default] Successfully bumped revision number for resource 774aab38-489c-40d3-a53c-57a196ce7994 (type: security_group_rules) to 0
2026-05-14 08:42:00.434 8 INFO neutron.db.ovn_revision_numbers_db [None req-a28ab432-12c8-4c98-b08f-0ae1c7202e3a fb1b436fc3994c46994a5c0cb04704ce c3e731a8432d429b9c6fd42871d19c8a - - default default] Successfully bumped revision number for resource b0d0339e-a276-47aa-88b8-f2765dccd142 (type: security_group_rules) to 0
2026-05-14 08:42:00.451 8 INFO neutron.db.ovn_revision_numbers_db [None req-a28ab432-12c8-4c98-b08f-0ae1c7202e3a fb1b436fc3994c46994a5c0cb04704ce c3e731a8432d429b9c6fd42871d19c8a - - default default] Successfully bumped revision number for resource c55c83e7-f47e-441c-ab89-bbcaec3647a1 (type: security_group_rules) to 0 [pid: 8|app: 0|req: 728/1447] 10.0.0.157 () {32 vars in 774 bytes} [Thu May 14 08:42:00 2026] GET /v2.0/security-groups?tenant_id=c8b82b131d8141fe93ae75cb59ca152e&name=default => generated 2925 bytes in 279 msecs (HTTP/1.1 200) 4 headers in 158 bytes (1 switches on core 0)
2026-05-14 08:42:00.546 7 INFO neutron.db.ovn_revision_numbers_db [None req-c9ea32e2-dbcf-4ec0-8244-852594856829 fb1b436fc3994c46994a5c0cb04704ce c3e731a8432d429b9c6fd42871d19c8a - - default default] Successfully bumped revision number for resource 94d7a37a-17bf-4b00-980e-80b42f150a5d (type: routers) to 2 [pid: 7|app: 0|req: 720/1448] 10.0.0.157 () {34 vars in 669 bytes} [Thu May 14 08:41:58 2026] POST /v2.0/routers => generated 990 bytes in 2478 msecs (HTTP/1.1 201) 4 headers in 162 bytes (1 switches on core 0)
2026-05-14 08:42:00.592 8 INFO neutron.db.ovn_revision_numbers_db [None req-2c4fda62-d753-4d43-a559-b4e587aab30f 7495bc074ee34c21b5a29b9b7b0a6dc8 968ad718db384898b1fada14a21cbeea - - default default] Successfully bumped revision number for resource 9a67edc7-7512-45ef-848b-f7ce2beb3ef9 (type: security_groups) to 1
2026-05-14 08:42:00.605 8 INFO neutron.db.ovn_revision_numbers_db [None req-2c4fda62-d753-4d43-a559-b4e587aab30f 7495bc074ee34c21b5a29b9b7b0a6dc8 968ad718db384898b1fada14a21cbeea - - default default] Successfully bumped revision number for resource 3e6c18a6-cc99-42f1-8eef-bef397d5d593 (type: security_group_rules) to 0
2026-05-14 08:42:00.615 8 INFO neutron.db.ovn_revision_numbers_db [None req-2c4fda62-d753-4d43-a559-b4e587aab30f 7495bc074ee34c21b5a29b9b7b0a6dc8 968ad718db384898b1fada14a21cbeea - - default default] Successfully bumped revision number for resource fe575a05-78d3-4ad1-9834-cd4b73ef9bfd (type: security_group_rules) to 0 [pid: 8|app: 0|req: 729/1449] 10.0.0.157 () {34 vars in 685 bytes} [Thu May 14 08:42:00 2026] POST /v2.0/security-groups => generated 1660 bytes in 173 msecs (HTTP/1.1 201) 4 headers in 163 bytes (1 switches on core 0)
2026-05-14 08:42:00.856 7 WARNING neutron.plugins.ml2.drivers.ovn.mech_driver.ovsdb.ovn_client [None req-2b4f37d9-202c-4795-8bcb-4451dc3898e4 - - - - - -] No hosting information found for port 3154c3f0-f2f5-4497-af06-9da5d170695e: RuntimeError: No hosting information found for port 3154c3f0-f2f5-4497-af06-9da5d170695e
2026-05-14 08:42:00.947 7 INFO neutron.common.ovn.utils [None req-2b4f37d9-202c-4795-8bcb-4451dc3898e4 - - - - - -] HA Chassis Group neutron-b50bea7d-70a8-4a39-8d3a-98a759cd1b82 synchronized; highest priority chassis 75f0e84d-ac3d-4c03-8d5e-0335d463036c [pid: 7|app: 0|req: 721/1450] 10.0.0.157 () {32 vars in 740 bytes} [Thu May 14 08:42:00 2026] DELETE /v2.0/security-groups/77507f83-71b2-4ff4-9d06-472644ee95c0 => generated 0 bytes in 429 msecs (HTTP/1.1 204) 2 headers in 112 bytes (1 switches on core 0)
2026-05-14 08:42:01.120 8 WARNING neutron.scheduler.dhcp_agent_scheduler [None req-813fb3dc-c4e5-43ce-9dfb-40771edafdfe fb1b436fc3994c46994a5c0cb04704ce c3e731a8432d429b9c6fd42871d19c8a - - default default] No more DHCP agents
2026-05-14 08:42:01.121 8 WARNING neutron.api.rpc.agentnotifiers.dhcp_rpc_agent_api [None req-813fb3dc-c4e5-43ce-9dfb-40771edafdfe fb1b436fc3994c46994a5c0cb04704ce c3e731a8432d429b9c6fd42871d19c8a - - default default] Unable to schedule network bcd77390-a69a-474d-8376-19a2f4eadad6: no agents available; will retry on subsequent port and subnet creation events.
2026-05-14 08:42:01.196 7 INFO neutron.db.ovn_revision_numbers_db [None req-2b4f37d9-202c-4795-8bcb-4451dc3898e4 - - - - - -] Successfully bumped revision number for resource 3154c3f0-f2f5-4497-af06-9da5d170695e (type: router_ports) to 2
2026-05-14 08:42:01.196 7 INFO neutron.plugins.ml2.drivers.ovn.mech_driver.mech_driver [None req-2b4f37d9-202c-4795-8bcb-4451dc3898e4 - - - - - -] OVN reports status down for port: 5d325a6e-6731-4f7e-9f10-6e376f89b334
2026-05-14 08:42:01.261 8 INFO neutron.plugins.ml2.drivers.ovn.mech_driver.mech_driver [None req-a80cc01b-32a5-44c0-9b08-ffcf82aa0900 - - - - - -] OVN reports status down for port: 8eb0b543-7a26-427d-aaf6-b7197f8f1146
2026-05-14 08:42:01.318 8 INFO neutron.db.ovn_revision_numbers_db [None req-813fb3dc-c4e5-43ce-9dfb-40771edafdfe fb1b436fc3994c46994a5c0cb04704ce c3e731a8432d429b9c6fd42871d19c8a - - default default] Successfully bumped revision number for resource 8eb0b543-7a26-427d-aaf6-b7197f8f1146 (type: ports) to 1
2026-05-14 08:42:01.368 7 INFO neutron.db.ovn_revision_numbers_db [None req-e88db649-110a-4b79-a5af-7b258d176d24 7495bc074ee34c21b5a29b9b7b0a6dc8 968ad718db384898b1fada14a21cbeea - - default default] Successfully bumped revision number for resource 0a6a0637-87bf-4dff-93b7-62ea40b477a5 (type: security_group_rules) to 0
2026-05-14 08:42:01.429 7 INFO neutron.plugins.ml2.drivers.ovn.mech_driver.mech_driver [None req-2b4f37d9-202c-4795-8bcb-4451dc3898e4 - - - - - -] OVN reports status down for port: 580fe3ce-066e-467a-9db4-5a0ed9cb7bbb [pid: 7|app: 0|req: 722/1451] 10.0.0.157 () {34 vars in 695 bytes} [Thu May 14 08:42:01 2026] POST /v2.0/security-group-rules => generated 597 bytes in 446 msecs (HTTP/1.1 201) 4 headers in 162 bytes (1 switches on core 0)
2026-05-14 08:42:01.535 7 WARNING neutron.plugins.ml2.drivers.ovn.mech_driver.ovsdb.ovn_client [None req-2b4f37d9-202c-4795-8bcb-4451dc3898e4 - - - - - -] Logical_Switch_Port 580fe3ce-066e-467a-9db4-5a0ed9cb7bbb host information not removed, the port state is up
2026-05-14 08:42:01.535 7 INFO neutron.plugins.ml2.drivers.ovn.mech_driver.mech_driver [None req-2b4f37d9-202c-4795-8bcb-4451dc3898e4 - - - - - -] OVN reports status up for port: 580fe3ce-066e-467a-9db4-5a0ed9cb7bbb
2026-05-14 08:42:01.555 7 INFO neutron.plugins.ml2.plugin [None req-2b4f37d9-202c-4795-8bcb-4451dc3898e4 - - - - - -] Attempt 1 to provision port 580fe3ce-066e-467a-9db4-5a0ed9cb7bbb
2026-05-14 08:42:01.902 8 INFO neutron.plugins.ml2.drivers.ovn.mech_driver.mech_driver [None req-a80cc01b-32a5-44c0-9b08-ffcf82aa0900 - - - - - -] OVN reports status up for port: 8eb0b543-7a26-427d-aaf6-b7197f8f1146
2026-05-14 08:42:01.931 7 INFO neutron.db.ovn_revision_numbers_db [None req-8cf0f8e1-0fae-49b5-9d11-ad1520a922a6 995b284c5445439f865c196bbb07fd48 66d5104afbd24f7ab5731f8aad30c356 - - default default] Successfully bumped revision number for resource ee314a75-a7ac-4a52-ac7f-75de4513e0b2 (type: security_groups) to 1
2026-05-14 08:42:01.947 8 INFO neutron.plugins.ml2.plugin [None req-a80cc01b-32a5-44c0-9b08-ffcf82aa0900 - - - - - -] Attempt 1 to provision port 8eb0b543-7a26-427d-aaf6-b7197f8f1146
2026-05-14 08:42:01.959 7 INFO neutron.db.ovn_revision_numbers_db [None req-8cf0f8e1-0fae-49b5-9d11-ad1520a922a6 995b284c5445439f865c196bbb07fd48 66d5104afbd24f7ab5731f8aad30c356 - - default default] Successfully bumped revision number for resource 6a0d9fce-da8a-42a3-a5b2-061762cea9f0 (type: security_group_rules) to 0
2026-05-14 08:42:01.987 7 INFO neutron.db.ovn_revision_numbers_db [None req-8cf0f8e1-0fae-49b5-9d11-ad1520a922a6 995b284c5445439f865c196bbb07fd48 66d5104afbd24f7ab5731f8aad30c356 - - default default] Successfully bumped revision number for resource 8a109cac-7070-4bd0-9ea6-f3b59e70759a (type: security_group_rules) to 0
2026-05-14 08:42:02.007 7 INFO neutron.db.ovn_revision_numbers_db [None req-8cf0f8e1-0fae-49b5-9d11-ad1520a922a6 995b284c5445439f865c196bbb07fd48 66d5104afbd24f7ab5731f8aad30c356 - - default default] Successfully bumped revision number for resource 9590be46-83dd-4fc7-a60d-37067582c0c9 (type: security_group_rules) to 0
2026-05-14 08:42:02.026 7 INFO neutron.db.ovn_revision_numbers_db [None req-8cf0f8e1-0fae-49b5-9d11-ad1520a922a6 995b284c5445439f865c196bbb07fd48 66d5104afbd24f7ab5731f8aad30c356 - - default default] Successfully bumped revision number for resource b32afb1e-8a5e-4b62-8c8b-d173218849b7 (type: security_group_rules) to 0
2026-05-14 08:42:02.076 8 WARNING neutron.scheduler.dhcp_agent_scheduler [None req-813fb3dc-c4e5-43ce-9dfb-40771edafdfe fb1b436fc3994c46994a5c0cb04704ce c3e731a8432d429b9c6fd42871d19c8a - - default default] No more DHCP agents
2026-05-14 08:42:02.079 8 WARNING neutron.api.rpc.agentnotifiers.dhcp_rpc_agent_api [None req-813fb3dc-c4e5-43ce-9dfb-40771edafdfe fb1b436fc3994c46994a5c0cb04704ce c3e731a8432d429b9c6fd42871d19c8a - - default default] Unable to schedule network bcd77390-a69a-474d-8376-19a2f4eadad6: no agents available; will retry on subsequent port and subnet creation events.
2026-05-14 08:42:02.113 7 INFO neutron.db.ovn_revision_numbers_db [None req-313bdd7b-c234-4029-aab1-f0c54d7ea747 - - - - - -] Successfully bumped revision number for resource 580fe3ce-066e-467a-9db4-5a0ed9cb7bbb (type: ports) to 4
2026-05-14 08:42:02.192 7 INFO neutron.db.segments_db [None req-8cf0f8e1-0fae-49b5-9d11-ad1520a922a6 995b284c5445439f865c196bbb07fd48 66d5104afbd24f7ab5731f8aad30c356 - - default default] Added segment 34096c48-f691-49d7-a625-04c8268fbfa1 of type geneve for network 1be8052a-d408-458d-8d23-89ef112ca763
2026-05-14 08:42:02.344 7 INFO neutron.db.segments_db [None req-8cf0f8e1-0fae-49b5-9d11-ad1520a922a6 995b284c5445439f865c196bbb07fd48 66d5104afbd24f7ab5731f8aad30c356 - - default default] Added segment 6edff242-2af8-4438-a679-08750893fab7 of type geneve for network b62d3667-cd0f-42cf-8be3-4d4dc3cdd97b
2026-05-14 08:42:02.592 7 INFO neutron.db.ovn_revision_numbers_db [None req-8cf0f8e1-0fae-49b5-9d11-ad1520a922a6 995b284c5445439f865c196bbb07fd48 66d5104afbd24f7ab5731f8aad30c356 - - default default] Successfully bumped revision number for resource 1be8052a-d408-458d-8d23-89ef112ca763 (type: networks) to 1
2026-05-14 08:42:02.707 7 INFO neutron.db.ovn_revision_numbers_db [None req-313bdd7b-c234-4029-aab1-f0c54d7ea747 - - - - - -] Successfully bumped revision number for resource 580fe3ce-066e-467a-9db4-5a0ed9cb7bbb (type: ports) to 5
2026-05-14 08:42:02.714 8 INFO neutron.db.ovn_revision_numbers_db [None req-a80cc01b-32a5-44c0-9b08-ffcf82aa0900 - - - - - -] Successfully bumped revision number for resource 8eb0b543-7a26-427d-aaf6-b7197f8f1146 (type: ports) to 2
2026-05-14 08:42:02.970 7 WARNING neutron.scheduler.dhcp_agent_scheduler [None req-8cf0f8e1-0fae-49b5-9d11-ad1520a922a6 995b284c5445439f865c196bbb07fd48 66d5104afbd24f7ab5731f8aad30c356 - - default default] No more DHCP agents
2026-05-14 08:42:02.973 7 WARNING neutron.api.rpc.agentnotifiers.dhcp_rpc_agent_api [None req-8cf0f8e1-0fae-49b5-9d11-ad1520a922a6 995b284c5445439f865c196bbb07fd48 66d5104afbd24f7ab5731f8aad30c356 - - default default] Unable to schedule network 1be8052a-d408-458d-8d23-89ef112ca763: no agents available; will retry on subsequent port and subnet creation events.
2026-05-14 08:42:02.990 7 INFO neutron.common.ovn.utils [None req-2b4f37d9-202c-4795-8bcb-4451dc3898e4 - - - - - -] HA Chassis Group neutron-bcd77390-a69a-474d-8376-19a2f4eadad6 synchronized; highest priority chassis 75f0e84d-ac3d-4c03-8d5e-0335d463036c
2026-05-14 08:42:03.008 8 INFO neutron.db.ovn_revision_numbers_db [None req-813fb3dc-c4e5-43ce-9dfb-40771edafdfe fb1b436fc3994c46994a5c0cb04704ce c3e731a8432d429b9c6fd42871d19c8a - - default default] Successfully bumped revision number for resource 8eb0b543-7a26-427d-aaf6-b7197f8f1146 (type: router_ports) to 1 [pid: 8|app: 0|req: 730/1452] 10.0.0.157 () {34 vars in 783 bytes} [Thu May 14 08:42:00 2026] PUT /v2.0/routers/94d7a37a-17bf-4b00-980e-80b42f150a5d/add_router_interface => generated 310 bytes in 2357 msecs (HTTP/1.1 200) 4 headers in 157 bytes (1 switches on core 0)
2026-05-14 08:42:03.019 8 WARNING neutron.db.securitygroups_db [None req-4fd1b66b-cdc4-49fa-ac25-d429c6dd3bb2 fb1b436fc3994c46994a5c0cb04704ce c3e731a8432d429b9c6fd42871d19c8a - - default default] project_id key not found in filters, using tenant_id instead. This support has been deprecated and will be removed in a future release.
2026-05-14 08:42:03.050 7 INFO neutron.plugins.ml2.drivers.ovn.mech_driver.mech_driver [None req-2b4f37d9-202c-4795-8bcb-4451dc3898e4 - - - - - -] OVN reports status down for port: 1904dc32-ab48-45d6-b208-60c8b5eb140e [pid: 8|app: 0|req: 731/1453] 10.0.0.157 () {32 vars in 774 bytes} [Thu May 14 08:42:03 2026] GET /v2.0/security-groups?tenant_id=2b077740fdc3473f86dbda70cb22e81e&name=default => generated 2925 bytes in 45 msecs (HTTP/1.1 200) 4 headers in 158 bytes (1 switches on core 0)
2026-05-14 08:42:03.115 7 INFO neutron.db.ovn_revision_numbers_db [None req-8cf0f8e1-0fae-49b5-9d11-ad1520a922a6 995b284c5445439f865c196bbb07fd48 66d5104afbd24f7ab5731f8aad30c356 - - default default] Successfully bumped revision number for resource 1904dc32-ab48-45d6-b208-60c8b5eb140e (type: ports) to 1
2026-05-14 08:42:03.171 8 INFO neutron.db.ovn_revision_numbers_db [None req-28f31a80-fd43-40e6-86dd-f274a42f5203 7495bc074ee34c21b5a29b9b7b0a6dc8 968ad718db384898b1fada14a21cbeea - - default default] Successfully bumped revision number for resource 4b37f525-9ae5-43d2-a848-28620120ccdd (type: security_group_rules) to 0 [pid: 8|app: 0|req: 732/1454] 10.0.0.157 () {34 vars in 695 bytes} [Thu May 14 08:42:03 2026] POST /v2.0/security-group-rules => generated 602 bytes in 148 msecs (HTTP/1.1 201) 4 headers in 162 bytes (1 switches on core 0)
2026-05-14 08:42:03.210 7 INFO neutron.db.ovn_revision_numbers_db [None req-8cf0f8e1-0fae-49b5-9d11-ad1520a922a6 995b284c5445439f865c196bbb07fd48 66d5104afbd24f7ab5731f8aad30c356 - - default default] Successfully bumped revision number for resource b62d3667-cd0f-42cf-8be3-4d4dc3cdd97b (type: networks) to 1 [pid: 8|app: 0|req: 733/1455] 10.0.0.157 () {32 vars in 740 bytes} [Thu May 14 08:42:03 2026] DELETE /v2.0/security-groups/2282bd02-1248-4fb3-86a7-a3ef510cc618 => generated 0 bytes in 175 msecs (HTTP/1.1 204) 2 headers in 112 bytes (1 switches on core 0)
2026-05-14 08:42:03.394 7 WARNING neutron.scheduler.dhcp_agent_scheduler [None req-8cf0f8e1-0fae-49b5-9d11-ad1520a922a6 995b284c5445439f865c196bbb07fd48 66d5104afbd24f7ab5731f8aad30c356 - - default default] No more DHCP agents
2026-05-14 08:42:03.395 7 WARNING neutron.api.rpc.agentnotifiers.dhcp_rpc_agent_api [None req-8cf0f8e1-0fae-49b5-9d11-ad1520a922a6 995b284c5445439f865c196bbb07fd48 66d5104afbd24f7ab5731f8aad30c356 - - default default] Unable to schedule network b62d3667-cd0f-42cf-8be3-4d4dc3cdd97b: no agents available; will retry on subsequent port and subnet creation events.
2026-05-14 08:42:03.455 7 INFO neutron.plugins.ml2.drivers.ovn.mech_driver.mech_driver [None req-2b4f37d9-202c-4795-8bcb-4451dc3898e4 - - - - - -] OVN reports status down for port: 138ab45f-f8d9-4955-9667-a85bfc3703e0
2026-05-14 08:42:03.522 7 INFO neutron.db.ovn_revision_numbers_db [None req-8cf0f8e1-0fae-49b5-9d11-ad1520a922a6 995b284c5445439f865c196bbb07fd48 66d5104afbd24f7ab5731f8aad30c356 - - default default] Successfully bumped revision number for resource 138ab45f-f8d9-4955-9667-a85bfc3703e0 (type: ports) to 1 [pid: 7|app: 0|req: 723/1456] 10.0.0.157 () {34 vars in 670 bytes} [Thu May 14 08:42:01 2026] POST /v2.0/networks => generated 1322 bytes in 2113 msecs (HTTP/1.1 201) 4 headers in 163 bytes (1 switches on core 0)
2026-05-14 08:42:03.613 8 WARNING neutron.scheduler.dhcp_agent_scheduler [None req-91ba7936-1fd2-4e85-a26b-f1420ed391f0 7495bc074ee34c21b5a29b9b7b0a6dc8 968ad718db384898b1fada14a21cbeea - - default default] No more DHCP agents
2026-05-14 08:42:03.614 8 WARNING neutron.api.rpc.agentnotifiers.dhcp_rpc_agent_api [None req-91ba7936-1fd2-4e85-a26b-f1420ed391f0 7495bc074ee34c21b5a29b9b7b0a6dc8 968ad718db384898b1fada14a21cbeea - - default default] Unable to schedule network f5be4f78-0905-4811-9c92-1f0c9830fbe3: no agents available; will retry on subsequent port and subnet creation events.
2026-05-14 08:42:03.710 7 INFO neutron.db.ovn_revision_numbers_db [None req-4bc4df73-bd65-44ad-9e05-e937175c1816 aeadcd1b6a0447b69e4d2e675edef5dc 41b0d0c2448d491eb3106c09f9c954a2 - - default default] Successfully bumped revision number for resource 6439d36c-4478-49d7-abc8-f94ac5f6435e (type: security_groups) to 1
2026-05-14 08:42:03.720 7 INFO neutron.db.ovn_revision_numbers_db [None req-4bc4df73-bd65-44ad-9e05-e937175c1816 aeadcd1b6a0447b69e4d2e675edef5dc 41b0d0c2448d491eb3106c09f9c954a2 - - default default] Successfully bumped revision number for resource 5d82d708-14dd-402a-a173-1019939358c9 (type: security_group_rules) to 0
2026-05-14 08:42:03.732 7 INFO neutron.db.ovn_revision_numbers_db [None req-4bc4df73-bd65-44ad-9e05-e937175c1816 aeadcd1b6a0447b69e4d2e675edef5dc 41b0d0c2448d491eb3106c09f9c954a2 - - default default] Successfully bumped revision number for resource 6fdf9b12-03e5-4c86-bb7f-f15387fc9e75 (type: security_group_rules) to 0 [pid: 7|app: 0|req: 724/1457] 10.0.0.157 () {34 vars in 685 bytes} [Thu May 14 08:42:03 2026] POST /v2.0/security-groups => generated 1660 bytes in 194 msecs (HTTP/1.1 201) 4 headers in 163 bytes (1 switches on core 0) [pid: 7|app: 0|req: 725/1458] 10.0.0.157 () {32 vars in 649 bytes} [Thu May 14 08:42:03 2026] GET /v2.0/networks => generated 1971 bytes in 60 msecs (HTTP/1.1 200) 4 headers in 158 bytes (1 switches on core 0) [pid: 8|app: 0|req: 734/1459] 10.0.0.157 () {34 vars in 676 bytes} [Thu May 14 08:42:03 2026] POST /v2.0/floatingips => generated 552 bytes in 496 msecs (HTTP/1.1 201) 4 headers in 162 bytes (1 switches on core 0)
2026-05-14 08:42:03.951 7 INFO neutron.db.ovn_revision_numbers_db [None req-520a6257-8369-4144-913a-b554dcf761fc aeadcd1b6a0447b69e4d2e675edef5dc 41b0d0c2448d491eb3106c09f9c954a2 - - default default] Successfully bumped revision number for resource 38ceeb97-b240-489f-a697-0de980c3d149 (type: security_group_rules) to 0 [pid: 7|app: 0|req: 726/1460] 10.0.0.157 () {34 vars in 695 bytes} [Thu May 14 08:42:03 2026] POST /v2.0/security-group-rules => generated 597 bytes in 156 msecs (HTTP/1.1 201) 4 headers in 162 bytes (1 switches on core 0)
2026-05-14 08:42:03.993 7 WARNING neutron.db.securitygroups_db [req-cec5ca87-9249-4b19-a4d3-2ce47655cafa req-febcfb64-b73d-4e95-b4b1-9bb09e321955 7495bc074ee34c21b5a29b9b7b0a6dc8 968ad718db384898b1fada14a21cbeea - - default default] project_id key not found in filters, using tenant_id instead. This support has been deprecated and will be removed in a future release.
2026-05-14 08:42:03.995 8 INFO neutron_taas.services.taas.taas_plugin [None req-d8687072-441a-4b67-afe3-f14f69c64d4b 995b284c5445439f865c196bbb07fd48 66d5104afbd24f7ab5731f8aad30c356 - - default default] TaaS: Handle Delete Port: 1904dc32-ab48-45d6-b208-60c8b5eb140e
2026-05-14 08:42:03.999 8 INFO neutron_taas.services.taas.tap_mirror_plugin [None req-d8687072-441a-4b67-afe3-f14f69c64d4b 995b284c5445439f865c196bbb07fd48 66d5104afbd24f7ab5731f8aad30c356 - - default default] Tap Mirror: Handle Delete Port: 1904dc32-ab48-45d6-b208-60c8b5eb140e [pid: 7|app: 0|req: 727/1461] 10.0.0.129 () {34 vars in 1100 bytes} [Thu May 14 08:42:03 2026] GET /v2.0/security-groups?name=tempest-secgroup-smoke-1309095682&fields=id&tenant_id=968ad718db384898b1fada14a21cbeea => generated 69 bytes in 32 msecs (HTTP/1.1 200) 4 headers in 156 bytes (1 switches on core 0)
2026-05-14 08:42:04.153 7 INFO neutron.db.ovn_revision_numbers_db [None req-18096afe-446b-4d4c-a59f-f729e2db938b aeadcd1b6a0447b69e4d2e675edef5dc 41b0d0c2448d491eb3106c09f9c954a2 - - default default] Successfully bumped revision number for resource 30abd765-14e3-47ca-bc8e-e256bb31a568 (type: security_group_rules) to 0
2026-05-14 08:42:04.172 8 INFO neutron.services.segments.plugin [-] Segment 34096c48-f691-49d7-a625-04c8268fbfa1 resource provider aggregate not found
2026-05-14 08:42:04.177 8 INFO neutron.services.segments.plugin [-] Segment 34096c48-f691-49d7-a625-04c8268fbfa1 resource provider aggregate not found [pid: 7|app: 0|req: 728/1462] 10.0.0.157 () {34 vars in 695 bytes} [Thu May 14 08:42:04 2026] POST /v2.0/security-group-rules => generated 602 bytes in 162 msecs (HTTP/1.1 201) 4 headers in 162 bytes (1 switches on core 0)
2026-05-14 08:42:04.192 7 WARNING neutron.db.securitygroups_db [req-cec5ca87-9249-4b19-a4d3-2ce47655cafa req-b466c0fa-0197-470d-85b1-c471b977c25d 7495bc074ee34c21b5a29b9b7b0a6dc8 968ad718db384898b1fada14a21cbeea - - default default] project_id key not found in filters, using tenant_id instead. This support has been deprecated and will be removed in a future release.
2026-05-14 08:42:04.195 8 INFO neutron.services.segments.plugin [-] Segment 34096c48-f691-49d7-a625-04c8268fbfa1 resource provider not found; error: Placement Client Error (4xx): {"errors": [{"status": 404, "title": "Not Found", "detail": "The resource could not be found.\n\n No resource provider with uuid 34096c48-f691-49d7-a625-04c8268fbfa1 found for delete ", "request_id": "req-0977b3fa-e541-4db6-ac8b-6cd6c3155da1"}]}
2026-05-14 08:42:04.199 8 INFO neutron.services.segments.plugin [-] Segment 34096c48-f691-49d7-a625-04c8268fbfa1 resource provider not found; error: Placement Client Error (4xx): {"errors": [{"status": 404, "title": "Not Found", "detail": "The resource could not be found.\n\n No resource provider with uuid 34096c48-f691-49d7-a625-04c8268fbfa1 found for delete ", "request_id": "req-a1135985-86a7-4fd1-9ecd-f50e9aa55916"}]} [pid: 8|app: 0|req: 735/1463] 10.0.0.157 () {32 vars in 726 bytes} [Thu May 14 08:42:03 2026] DELETE /v2.0/networks/1be8052a-d408-458d-8d23-89ef112ca763 => generated 0 bytes in 332 msecs (HTTP/1.1 204) 3 headers in 131 bytes (1 switches on core 0) [pid: 7|app: 0|req: 729/1464] 10.0.0.129 () {34 vars in 1098 bytes} [Thu May 14 08:42:04 2026] GET /v2.0/security-groups?name=tempest-securitygroup--268132458&fields=id&tenant_id=968ad718db384898b1fada14a21cbeea => generated 69 bytes in 38 msecs (HTTP/1.1 200) 4 headers in 156 bytes (1 switches on core 0)
2026-05-14 08:42:04.351 7 INFO neutron_taas.services.taas.taas_plugin [None req-6dbaadca-6a94-452b-8114-679a6a05fd0d 995b284c5445439f865c196bbb07fd48 66d5104afbd24f7ab5731f8aad30c356 - - default default] TaaS: Handle Delete Port: 138ab45f-f8d9-4955-9667-a85bfc3703e0
2026-05-14 08:42:04.354 7 INFO neutron_taas.services.taas.tap_mirror_plugin [None req-6dbaadca-6a94-452b-8114-679a6a05fd0d 995b284c5445439f865c196bbb07fd48 66d5104afbd24f7ab5731f8aad30c356 - - default default] Tap Mirror: Handle Delete Port: 138ab45f-f8d9-4955-9667-a85bfc3703e0
2026-05-14 08:42:04.423 8 WARNING neutron.scheduler.dhcp_agent_scheduler [None req-e61d0513-24cf-4ef8-ad92-5eb6a4386c82 aeadcd1b6a0447b69e4d2e675edef5dc 41b0d0c2448d491eb3106c09f9c954a2 - - default default] No more DHCP agents
2026-05-14 08:42:04.425 8 WARNING neutron.api.rpc.agentnotifiers.dhcp_rpc_agent_api [None req-e61d0513-24cf-4ef8-ad92-5eb6a4386c82 aeadcd1b6a0447b69e4d2e675edef5dc 41b0d0c2448d491eb3106c09f9c954a2 - - default default] Unable to schedule network f5be4f78-0905-4811-9c92-1f0c9830fbe3: no agents available; will retry on subsequent port and subnet creation events.
2026-05-14 08:42:04.545 7 INFO neutron.services.segments.plugin [-] Segment 6edff242-2af8-4438-a679-08750893fab7 resource provider aggregate not found
2026-05-14 08:42:04.552 7 INFO neutron.services.segments.plugin [-] Segment 6edff242-2af8-4438-a679-08750893fab7 resource provider aggregate not found
2026-05-14 08:42:04.569 7 INFO neutron.services.segments.plugin [-] Segment 6edff242-2af8-4438-a679-08750893fab7 resource provider not found; error: Placement Client Error (4xx): {"errors": [{"status": 404, "title": "Not Found", "detail": "The resource could not be found.\n\n No resource provider with uuid 6edff242-2af8-4438-a679-08750893fab7 found for delete ", "request_id": "req-9678a5e5-98a3-4c76-9d11-4513431f1294"}]}
2026-05-14 08:42:04.574 7 INFO neutron.services.segments.plugin [-] Segment 6edff242-2af8-4438-a679-08750893fab7 resource provider not found; error: Placement Client Error (4xx): {"errors": [{"status": 404, "title": "Not Found", "detail": "The resource could not be found.\n\n No resource provider with uuid 6edff242-2af8-4438-a679-08750893fab7 found for delete ", "request_id": "req-d80c3c12-8530-47e6-8898-0cb4fe4b7125"}]} [pid: 7|app: 0|req: 730/1465] 10.0.0.157 () {32 vars in 726 bytes} [Thu May 14 08:42:04 2026] DELETE /v2.0/networks/b62d3667-cd0f-42cf-8be3-4d4dc3cdd97b => generated 0 bytes in 389 msecs (HTTP/1.1 204) 3 headers in 131 bytes (1 switches on core 0) [pid: 7|app: 0|req: 731/1466] 10.0.0.129 () {34 vars in 982 bytes} [Thu May 14 08:42:04 2026] GET /v2.0/networks?id=79adbbfe-7b4e-4385-b67e-4459d00e4667 => generated 711 bytes in 53 msecs (HTTP/1.1 200) 4 headers in 157 bytes (1 switches on core 0) [pid: 7|app: 0|req: 732/1467] 10.0.0.157 () {32 vars in 649 bytes} [Thu May 14 08:42:04 2026] GET /v2.0/networks => generated 689 bytes in 57 msecs (HTTP/1.1 200) 4 headers in 157 bytes (1 switches on core 0) [pid: 7|app: 0|req: 733/1468] 10.0.0.129 () {34 vars in 965 bytes} [Thu May 14 08:42:04 2026] GET /v2.0/quotas/968ad718db384898b1fada14a21cbeea => generated 292 bytes in 8 msecs (HTTP/1.1 200) 4 headers in 157 bytes (1 switches on core 0) [pid: 8|app: 0|req: 736/1469] 10.0.0.157 () {34 vars in 676 bytes} [Thu May 14 08:42:04 2026] POST /v2.0/floatingips => generated 552 bytes in 532 msecs (HTTP/1.1 201) 4 headers in 162 bytes (1 switches on core 0) [pid: 8|app: 0|req: 737/1470] 10.0.0.129 () {34 vars in 1002 bytes} [Thu May 14 08:42:04 2026] GET /v2.0/ports?tenant_id=968ad718db384898b1fada14a21cbeea&fields=id => generated 103 bytes in 65 msecs (HTTP/1.1 200) 4 headers in 157 bytes (1 switches on core 0)
2026-05-14 08:42:04.814 7 INFO neutron.db.segments_db [None req-ee30342c-eb8c-4139-9e12-e5a62ae83a8d 995b284c5445439f865c196bbb07fd48 66d5104afbd24f7ab5731f8aad30c356 - - default default] Added segment 724941c5-c423-4dd4-b032-437327c89135 of type geneve for network 5f410147-4d42-41c1-8163-fa37d695da17
2026-05-14 08:42:04.925 7 INFO neutron.db.ovn_revision_numbers_db [None req-ee30342c-eb8c-4139-9e12-e5a62ae83a8d 995b284c5445439f865c196bbb07fd48 66d5104afbd24f7ab5731f8aad30c356 - - default default] Successfully bumped revision number for resource 5f410147-4d42-41c1-8163-fa37d695da17 (type: networks) to 1
2026-05-14 08:42:05.086 7 WARNING neutron.scheduler.dhcp_agent_scheduler [None req-ee30342c-eb8c-4139-9e12-e5a62ae83a8d 995b284c5445439f865c196bbb07fd48 66d5104afbd24f7ab5731f8aad30c356 - - default default] No more DHCP agents
2026-05-14 08:42:05.087 7 WARNING neutron.api.rpc.agentnotifiers.dhcp_rpc_agent_api [None req-ee30342c-eb8c-4139-9e12-e5a62ae83a8d 995b284c5445439f865c196bbb07fd48 66d5104afbd24f7ab5731f8aad30c356 - - default default] Unable to schedule network 5f410147-4d42-41c1-8163-fa37d695da17: no agents available; will retry on subsequent port and subnet creation events.
2026-05-14 08:42:05.145 7 INFO neutron.plugins.ml2.drivers.ovn.mech_driver.mech_driver [None req-2b4f37d9-202c-4795-8bcb-4451dc3898e4 - - - - - -] OVN reports status down for port: fd811cc2-dbed-4beb-a69a-d21ab9a64855
2026-05-14 08:42:05.194 8 WARNING neutron.db.securitygroups_db [req-33bac004-faf4-4bda-9165-dc38743315ea req-6fef0d02-023e-4c7b-8a7c-38bc27c653a8 aeadcd1b6a0447b69e4d2e675edef5dc 41b0d0c2448d491eb3106c09f9c954a2 - - default default] project_id key not found in filters, using tenant_id instead. This support has been deprecated and will be removed in a future release.
2026-05-14 08:42:05.215 7 INFO neutron.db.ovn_revision_numbers_db [None req-ee30342c-eb8c-4139-9e12-e5a62ae83a8d 995b284c5445439f865c196bbb07fd48 66d5104afbd24f7ab5731f8aad30c356 - - default default] Successfully bumped revision number for resource fd811cc2-dbed-4beb-a69a-d21ab9a64855 (type: ports) to 1 [pid: 8|app: 0|req: 738/1471] 10.0.0.129 () {34 vars in 1098 bytes} [Thu May 14 08:42:05 2026] GET /v2.0/security-groups?name=tempest-securitygroup--789972187&fields=id&tenant_id=41b0d0c2448d491eb3106c09f9c954a2 => generated 69 bytes in 34 msecs (HTTP/1.1 200) 4 headers in 156 bytes (1 switches on core 0) [pid: 7|app: 0|req: 734/1472] 10.0.0.157 () {34 vars in 670 bytes} [Thu May 14 08:42:04 2026] POST /v2.0/networks => generated 687 bytes in 523 msecs (HTTP/1.1 201) 4 headers in 162 bytes (1 switches on core 0) [pid: 7|app: 0|req: 735/1473] 10.0.0.129 () {34 vars in 982 bytes} [Thu May 14 08:42:05 2026] GET /v2.0/networks?id=bcd77390-a69a-474d-8376-19a2f4eadad6 => generated 714 bytes in 79 msecs (HTTP/1.1 200) 4 headers in 157 bytes (1 switches on core 0) [pid: 8|app: 0|req: 739/1474] 10.0.0.129 () {34 vars in 907 bytes} [Thu May 14 08:42:05 2026] GET /v2.0/extensions => generated 21706 bytes in 115 msecs (HTTP/1.1 200) 4 headers in 159 bytes (1 switches on core 0) [pid: 8|app: 0|req: 740/1475] 10.0.0.129 () {34 vars in 965 bytes} [Thu May 14 08:42:05 2026] GET /v2.0/quotas/41b0d0c2448d491eb3106c09f9c954a2 => generated 292 bytes in 15 msecs (HTTP/1.1 200) 4 headers in 157 bytes (1 switches on core 0) [pid: 8|app: 0|req: 741/1476] 10.0.0.129 () {34 vars in 1008 bytes} [Thu May 14 08:42:05 2026] GET /v2.0/networks/79adbbfe-7b4e-4385-b67e-4459d00e4667?fields=segments => generated 14 bytes in 48 msecs (HTTP/1.1 200) 4 headers in 156 bytes (1 switches on core 0)
2026-05-14 08:42:05.440 7 INFO neutron.db.segments_db [None req-7d3261f3-be8e-48b2-9376-70edda43160b 995b284c5445439f865c196bbb07fd48 66d5104afbd24f7ab5731f8aad30c356 - - default default] Added segment f26f57f5-5978-41f3-89b6-1197f9fd94d9 of type geneve for network 6d31c49f-41ec-491f-aa08-0b551addce78 [pid: 8|app: 0|req: 742/1477] 10.0.0.129 () {34 vars in 1002 bytes} [Thu May 14 08:42:05 2026] GET /v2.0/ports?tenant_id=41b0d0c2448d491eb3106c09f9c954a2&fields=id => generated 103 bytes in 85 msecs (HTTP/1.1 200) 4 headers in 157 bytes (1 switches on core 0)
2026-05-14 08:42:05.550 7 INFO neutron.db.ovn_revision_numbers_db [None req-7d3261f3-be8e-48b2-9376-70edda43160b 995b284c5445439f865c196bbb07fd48 66d5104afbd24f7ab5731f8aad30c356 - - default default] Successfully bumped revision number for resource 6d31c49f-41ec-491f-aa08-0b551addce78 (type: networks) to 1 [pid: 8|app: 0|req: 743/1478] 10.0.0.129 () {34 vars in 1108 bytes} [Thu May 14 08:42:05 2026] GET /v2.0/networks/79adbbfe-7b4e-4385-b67e-4459d00e4667?fields=provider%3Aphysical_network&fields=provider%3Anetwork_type => generated 79 bytes in 61 msecs (HTTP/1.1 200) 4 headers in 156 bytes (1 switches on core 0) [pid: 8|app: 0|req: 744/1479] 10.0.0.129 () {34 vars in 1008 bytes} [Thu May 14 08:42:05 2026] GET /v2.0/networks/bcd77390-a69a-474d-8376-19a2f4eadad6?fields=segments => generated 14 bytes in 36 msecs (HTTP/1.1 200) 4 headers in 156 bytes (1 switches on core 0) [pid: 8|app: 0|req: 745/1480] 10.0.0.129 () {34 vars in 1108 bytes} [Thu May 14 08:42:05 2026] GET /v2.0/networks/bcd77390-a69a-474d-8376-19a2f4eadad6?fields=provider%3Aphysical_network&fields=provider%3Anetwork_type => generated 79 bytes in 39 msecs (HTTP/1.1 200) 4 headers in 156 bytes (1 switches on core 0)
2026-05-14 08:42:05.727 7 WARNING neutron.scheduler.dhcp_agent_scheduler [None req-7d3261f3-be8e-48b2-9376-70edda43160b 995b284c5445439f865c196bbb07fd48 66d5104afbd24f7ab5731f8aad30c356 - - default default] No more DHCP agents
2026-05-14 08:42:05.729 7 WARNING neutron.api.rpc.agentnotifiers.dhcp_rpc_agent_api [None req-7d3261f3-be8e-48b2-9376-70edda43160b 995b284c5445439f865c196bbb07fd48 66d5104afbd24f7ab5731f8aad30c356 - - default default] Unable to schedule network 6d31c49f-41ec-491f-aa08-0b551addce78: no agents available; will retry on subsequent port and subnet creation events. [pid: 8|app: 0|req: 746/1481] 10.0.0.129 () {34 vars in 990 bytes} [Thu May 14 08:42:05 2026] GET /v2.0/ports?device_id=4bf6c192-db30-4010-aee4-dd576ab99b3f => generated 12 bytes in 18 msecs (HTTP/1.1 200) 4 headers in 156 bytes (1 switches on core 0) [pid: 8|app: 0|req: 747/1482] 10.0.0.129 () {34 vars in 990 bytes} [Thu May 14 08:42:05 2026] GET /v2.0/ports?device_id=72a91236-50cc-4517-9424-1939096badfb => generated 12 bytes in 61 msecs (HTTP/1.1 200) 4 headers in 156 bytes (1 switches on core 0)
2026-05-14 08:42:05.833 7 INFO neutron.db.ovn_revision_numbers_db [None req-7d3261f3-be8e-48b2-9376-70edda43160b 995b284c5445439f865c196bbb07fd48 66d5104afbd24f7ab5731f8aad30c356 - - default default] Successfully bumped revision number for resource 108dfb0d-fa90-43bb-a0bc-a0d7f42ce364 (type: ports) to 1 [pid: 7|app: 0|req: 736/1483] 10.0.0.157 () {34 vars in 670 bytes} [Thu May 14 08:42:05 2026] POST /v2.0/networks => generated 688 bytes in 523 msecs (HTTP/1.1 201) 4 headers in 162 bytes (1 switches on core 0)
2026-05-14 08:42:06.250 8 WARNING neutron.scheduler.dhcp_agent_scheduler [None req-0422101b-9f2a-4e43-aa62-e03fa0562871 995b284c5445439f865c196bbb07fd48 66d5104afbd24f7ab5731f8aad30c356 - - default default] No more DHCP agents
2026-05-14 08:42:06.251 8 WARNING neutron.api.rpc.agentnotifiers.dhcp_rpc_agent_api [None req-0422101b-9f2a-4e43-aa62-e03fa0562871 995b284c5445439f865c196bbb07fd48 66d5104afbd24f7ab5731f8aad30c356 - - default default] Unable to schedule network 5f410147-4d42-41c1-8163-fa37d695da17: no agents available; will retry on subsequent port and subnet creation events.
2026-05-14 08:42:06.326 7 INFO neutron.plugins.ml2.drivers.ovn.mech_driver.mech_driver [None req-2b4f37d9-202c-4795-8bcb-4451dc3898e4 - - - - - -] OVN reports status down for port: c722408a-dee1-46b9-8542-f59bf76a8a46
2026-05-14 08:42:06.389 8 INFO neutron.db.ovn_revision_numbers_db [None req-0422101b-9f2a-4e43-aa62-e03fa0562871 995b284c5445439f865c196bbb07fd48 66d5104afbd24f7ab5731f8aad30c356 - - default default] Successfully bumped revision number for resource c722408a-dee1-46b9-8542-f59bf76a8a46 (type: ports) to 1
2026-05-14 08:42:06.453 8 WARNING neutron.scheduler.dhcp_agent_scheduler [None req-0422101b-9f2a-4e43-aa62-e03fa0562871 995b284c5445439f865c196bbb07fd48 66d5104afbd24f7ab5731f8aad30c356 - - default default] No more DHCP agents
2026-05-14 08:42:06.455 8 WARNING neutron.api.rpc.agentnotifiers.dhcp_rpc_agent_api [None req-0422101b-9f2a-4e43-aa62-e03fa0562871 995b284c5445439f865c196bbb07fd48 66d5104afbd24f7ab5731f8aad30c356 - - default default] Unable to schedule network 6d31c49f-41ec-491f-aa08-0b551addce78: no agents available; will retry on subsequent port and subnet creation events.
2026-05-14 08:42:06.521 7 INFO neutron.plugins.ml2.drivers.ovn.mech_driver.mech_driver [None req-2b4f37d9-202c-4795-8bcb-4451dc3898e4 - - - - - -] OVN reports status down for port: 53da1db0-0dbb-4a4d-84b3-cfec6ab8ebb8
2026-05-14 08:42:06.565 8 INFO neutron.db.ovn_revision_numbers_db [None req-0422101b-9f2a-4e43-aa62-e03fa0562871 995b284c5445439f865c196bbb07fd48 66d5104afbd24f7ab5731f8aad30c356 - - default default] Successfully bumped revision number for resource 53da1db0-0dbb-4a4d-84b3-cfec6ab8ebb8 (type: ports) to 1 [pid: 8|app: 0|req: 748/1486] 10.0.0.157 () {34 vars in 665 bytes} [Thu May 14 08:42:05 2026] POST /v2.0/ports => generated 1506 bytes in 785 msecs (HTTP/1.1 201) 4 headers in 163 bytes (1 switches on core 0) [pid: 7|app: 0|req: 739/1487] 10.0.0.157 () {32 vars in 643 bytes} [Thu May 14 08:42:06 2026] GET /v2.0/ports => generated 3018 bytes in 102 msecs (HTTP/1.1 200) 4 headers in 158 bytes (1 switches on core 0) /var/lib/openstack/lib/python3.12/site-packages/pycadf/identifier.py:70: UserWarning: Invalid uuid: neutron. To ensure interoperability, identifiers should be a valid uuid. warnings.warn(('Invalid uuid: %s. To ensure interoperability, ' [pid: 7|app: 0|req: 740/1488] 10.0.0.129 () {34 vars in 990 bytes} [Thu May 14 08:42:06 2026] GET /v2.0/ports?device_id=4bf6c192-db30-4010-aee4-dd576ab99b3f => generated 12 bytes in 34 msecs (HTTP/1.1 200) 4 headers in 156 bytes (1 switches on core 0) [pid: 7|app: 0|req: 741/1489] 10.0.0.129 () {34 vars in 990 bytes} [Thu May 14 08:42:06 2026] GET /v2.0/ports?device_id=72a91236-50cc-4517-9424-1939096badfb => generated 12 bytes in 20 msecs (HTTP/1.1 200) 4 headers in 156 bytes (1 switches on core 0)
2026-05-14 08:42:06.940 8 INFO neutron_taas.services.taas.taas_plugin [None req-fa8211c4-d08a-442c-b428-cee25a690837 995b284c5445439f865c196bbb07fd48 66d5104afbd24f7ab5731f8aad30c356 - - default default] TaaS: Handle Delete Port: c722408a-dee1-46b9-8542-f59bf76a8a46
2026-05-14 08:42:06.944 8 INFO neutron_taas.services.taas.tap_mirror_plugin [None req-fa8211c4-d08a-442c-b428-cee25a690837 995b284c5445439f865c196bbb07fd48 66d5104afbd24f7ab5731f8aad30c356 - - default default] Tap Mirror: Handle Delete Port: c722408a-dee1-46b9-8542-f59bf76a8a46 [pid: 8|app: 0|req: 749/1490] 10.0.0.157 () {32 vars in 720 bytes} [Thu May 14 08:42:06 2026] DELETE /v2.0/ports/c722408a-dee1-46b9-8542-f59bf76a8a46 => generated 0 bytes in 296 msecs (HTTP/1.1 204) 3 headers in 131 bytes (1 switches on core 0)
2026-05-14 08:42:07.179 7 INFO neutron_taas.services.taas.taas_plugin [None req-f28e2df4-c930-43ef-b6da-920210c5ff51 995b284c5445439f865c196bbb07fd48 66d5104afbd24f7ab5731f8aad30c356 - - default default] TaaS: Handle Delete Port: 53da1db0-0dbb-4a4d-84b3-cfec6ab8ebb8
2026-05-14 08:42:07.182 7 INFO neutron_taas.services.taas.tap_mirror_plugin [None req-f28e2df4-c930-43ef-b6da-920210c5ff51 995b284c5445439f865c196bbb07fd48 66d5104afbd24f7ab5731f8aad30c356 - - default default] Tap Mirror: Handle Delete Port: 53da1db0-0dbb-4a4d-84b3-cfec6ab8ebb8 [pid: 7|app: 0|req: 742/1491] 10.0.0.157 () {32 vars in 720 bytes} [Thu May 14 08:42:07 2026] DELETE /v2.0/ports/53da1db0-0dbb-4a4d-84b3-cfec6ab8ebb8 => generated 0 bytes in 239 msecs (HTTP/1.1 204) 3 headers in 131 bytes (1 switches on core 0) [pid: 8|app: 0|req: 750/1492] 10.0.0.157 () {32 vars in 643 bytes} [Thu May 14 08:42:07 2026] GET /v2.0/ports => generated 1523 bytes in 35 msecs (HTTP/1.1 200) 4 headers in 158 bytes (1 switches on core 0)
2026-05-14 08:42:07.440 7 INFO neutron.db.segments_db [None req-6b8dfb1e-d6e1-4c92-84f2-10ad84fb1508 995b284c5445439f865c196bbb07fd48 66d5104afbd24f7ab5731f8aad30c356 - - default default] Added segment 60b63434-7471-4c0e-b494-8254d580dcdf of type geneve for network 9ad63efd-9305-40ad-bb5d-92f305b5f635
2026-05-14 08:42:07.591 7 INFO neutron.db.ovn_revision_numbers_db [None req-6b8dfb1e-d6e1-4c92-84f2-10ad84fb1508 995b284c5445439f865c196bbb07fd48 66d5104afbd24f7ab5731f8aad30c356 - - default default] Successfully bumped revision number for resource 9ad63efd-9305-40ad-bb5d-92f305b5f635 (type: networks) to 1 [pid: 8|app: 0|req: 751/1493] 10.0.0.157 () {34 vars in 678 bytes} [Thu May 14 08:42:07 2026] POST /v2.0/qos/policies => generated 359 bytes in 246 msecs (HTTP/1.1 201) 4 headers in 162 bytes (1 switches on core 0) [pid: 8|app: 0|req: 752/1494] 10.0.0.157 () {34 vars in 678 bytes} [Thu May 14 08:42:07 2026] POST /v2.0/qos/policies => generated 359 bytes in 34 msecs (HTTP/1.1 201) 4 headers in 162 bytes (1 switches on core 0) [pid: 8|app: 0|req: 753/1495] 10.0.0.157 () {34 vars in 678 bytes} [Thu May 14 08:42:07 2026] POST /v2.0/qos/policies => generated 359 bytes in 38 msecs (HTTP/1.1 201) 4 headers in 162 bytes (1 switches on core 0) [pid: 8|app: 0|req: 754/1496] 10.0.0.157 () {34 vars in 678 bytes} [Thu May 14 08:42:07 2026] POST /v2.0/qos/policies => generated 359 bytes in 56 msecs (HTTP/1.1 201) 4 headers in 162 bytes (1 switches on core 0)
2026-05-14 08:42:07.796 7 WARNING neutron.scheduler.dhcp_agent_scheduler [None req-6b8dfb1e-d6e1-4c92-84f2-10ad84fb1508 995b284c5445439f865c196bbb07fd48 66d5104afbd24f7ab5731f8aad30c356 - - default default] No more DHCP agents
2026-05-14 08:42:07.798 7 WARNING neutron.api.rpc.agentnotifiers.dhcp_rpc_agent_api [None req-6b8dfb1e-d6e1-4c92-84f2-10ad84fb1508 995b284c5445439f865c196bbb07fd48 66d5104afbd24f7ab5731f8aad30c356 - - default default] Unable to schedule network 9ad63efd-9305-40ad-bb5d-92f305b5f635: no agents available; will retry on subsequent port and subnet creation events. [pid: 8|app: 0|req: 755/1497] 10.0.0.157 () {34 vars in 678 bytes} [Thu May 14 08:42:07 2026] POST /v2.0/qos/policies => generated 359 bytes in 36 msecs (HTTP/1.1 201) 4 headers in 162 bytes (1 switches on core 0)
2026-05-14 08:42:07.852 7 INFO neutron.plugins.ml2.drivers.ovn.mech_driver.mech_driver [None req-2b4f37d9-202c-4795-8bcb-4451dc3898e4 - - - - - -] OVN reports status down for port: 3b914c0b-c59d-461d-8f88-5cd7948f711a
2026-05-14 08:42:07.867 8 WARNING tagging [None req-18756018-78fd-40ae-a6f2-b485bee6a32d 89fda16fb8ec4303b94b8e5e5bb6bc14 54881d0a310f445abbadd5cc9560b5f0 - - default default] project_id key not found in request, using tenant_id instead. This support has been deprecated and will be removed in a future release. [pid: 8|app: 0|req: 756/1498] 10.0.0.157 () {34 vars in 753 bytes} [Thu May 14 08:42:07 2026] PUT /v2.0/policies/4d449a7b-070c-4759-8560-fab9f398460b/tags => generated 17 bytes in 72 msecs (HTTP/1.1 200) 4 headers in 156 bytes (1 switches on core 0)
2026-05-14 08:42:07.911 7 INFO neutron.db.ovn_revision_numbers_db [None req-6b8dfb1e-d6e1-4c92-84f2-10ad84fb1508 995b284c5445439f865c196bbb07fd48 66d5104afbd24f7ab5731f8aad30c356 - - default default] Successfully bumped revision number for resource 3b914c0b-c59d-461d-8f88-5cd7948f711a (type: ports) to 1
2026-05-14 08:42:07.920 8 WARNING tagging [None req-e2d00c30-397a-436e-ad12-f509540b5f8d 89fda16fb8ec4303b94b8e5e5bb6bc14 54881d0a310f445abbadd5cc9560b5f0 - - default default] project_id key not found in request, using tenant_id instead. This support has been deprecated and will be removed in a future release. [pid: 8|app: 0|req: 757/1499] 10.0.0.157 () {34 vars in 753 bytes} [Thu May 14 08:42:07 2026] PUT /v2.0/policies/b067f6e1-524e-4817-a486-e9923b633d3b/tags => generated 25 bytes in 67 msecs (HTTP/1.1 200) 4 headers in 156 bytes (1 switches on core 0) [pid: 7|app: 0|req: 743/1500] 10.0.0.157 () {34 vars in 670 bytes} [Thu May 14 08:42:07 2026] POST /v2.0/networks => generated 688 bytes in 633 msecs (HTTP/1.1 201) 4 headers in 162 bytes (1 switches on core 0)
2026-05-14 08:42:07.987 8 WARNING neutron.plugins.ml2.drivers.ovn.mech_driver.ovsdb.ovn_client [None req-1aca23cf-07cf-4b37-8316-56cc4c8958a6 - - - - - -] No hosting information found for port 8eb0b543-7a26-427d-aaf6-b7197f8f1146: RuntimeError: No hosting information found for port 8eb0b543-7a26-427d-aaf6-b7197f8f1146 [pid: 7|app: 0|req: 744/1501] 10.0.0.129 () {34 vars in 990 bytes} [Thu May 14 08:42:07 2026] GET /v2.0/ports?device_id=4bf6c192-db30-4010-aee4-dd576ab99b3f => generated 12 bytes in 18 msecs (HTTP/1.1 200) 4 headers in 156 bytes (1 switches on core 0) [pid: 7|app: 0|req: 745/1502] 10.0.0.129 () {34 vars in 990 bytes} [Thu May 14 08:42:07 2026] GET /v2.0/ports?device_id=72a91236-50cc-4517-9424-1939096badfb => generated 12 bytes in 16 msecs (HTTP/1.1 200) 4 headers in 156 bytes (1 switches on core 0)
2026-05-14 08:42:08.029 8 WARNING tagging [None req-9e9bdb00-71bf-43db-939f-6a50511d0973 89fda16fb8ec4303b94b8e5e5bb6bc14 54881d0a310f445abbadd5cc9560b5f0 - - default default] project_id key not found in request, using tenant_id instead. This support has been deprecated and will be removed in a future release. [pid: 8|app: 0|req: 758/1503] 10.0.0.157 () {34 vars in 753 bytes} [Thu May 14 08:42:07 2026] PUT /v2.0/policies/fd31d305-7792-4ab1-b1dd-d2c37260bc5d/tags => generated 34 bytes in 104 msecs (HTTP/1.1 200) 4 headers in 156 bytes (1 switches on core 0)
2026-05-14 08:42:08.096 8 INFO neutron.db.ovn_revision_numbers_db [None req-1aca23cf-07cf-4b37-8316-56cc4c8958a6 - - - - - -] Successfully bumped revision number for resource 8eb0b543-7a26-427d-aaf6-b7197f8f1146 (type: router_ports) to 2
2026-05-14 08:42:08.097 8 INFO neutron.plugins.ml2.drivers.ovn.mech_driver.mech_driver [None req-1aca23cf-07cf-4b37-8316-56cc4c8958a6 - - - - - -] OVN reports status down for port: 108dfb0d-fa90-43bb-a0bc-a0d7f42ce364
2026-05-14 08:42:08.123 8 WARNING tagging [None req-7eac8b4f-f7ce-4c4f-bc3f-79e25ae682fb 89fda16fb8ec4303b94b8e5e5bb6bc14 54881d0a310f445abbadd5cc9560b5f0 - - default default] project_id key not found in request, using tenant_id instead. This support has been deprecated and will be removed in a future release.
2026-05-14 08:42:08.124 7 INFO neutron.db.segments_db [None req-3aef50b7-8d88-41da-951e-9c1fd91ed076 995b284c5445439f865c196bbb07fd48 66d5104afbd24f7ab5731f8aad30c356 - - default default] Added segment d4eb5c2e-f1cf-44e3-af70-08bb80ba9ee5 of type geneve for network aa3a8de1-1c3f-4d69-bf31-8296b1779360 [pid: 8|app: 0|req: 759/1504] 10.0.0.157 () {34 vars in 753 bytes} [Thu May 14 08:42:08 2026] PUT /v2.0/policies/8071aba9-15e2-46d0-b345-7b742344dbf0/tags => generated 19 bytes in 78 msecs (HTTP/1.1 200) 4 headers in 156 bytes (1 switches on core 0)
2026-05-14 08:42:08.239 7 INFO neutron.db.ovn_revision_numbers_db [None req-3aef50b7-8d88-41da-951e-9c1fd91ed076 995b284c5445439f865c196bbb07fd48 66d5104afbd24f7ab5731f8aad30c356 - - default default] Successfully bumped revision number for resource aa3a8de1-1c3f-4d69-bf31-8296b1779360 (type: networks) to 1
2026-05-14 08:42:08.440 7 WARNING neutron.scheduler.dhcp_agent_scheduler [None req-3aef50b7-8d88-41da-951e-9c1fd91ed076 995b284c5445439f865c196bbb07fd48 66d5104afbd24f7ab5731f8aad30c356 - - default default] No more DHCP agents
