2026-05-14 08:44:05.136 8 INFO neutron.db.ovn_revision_numbers_db [None req-3b71773b-3fb0-4339-a51f-9efc8ce2785a - - - - - -] Successfully bumped revision number for resource 435a92d8-067d-4b53-bb89-95e8c0661bc7 (type: ports) to 5
2026-05-14 08:44:05.136 7 INFO neutron.plugins.ml2.drivers.ovn.mech_driver.mech_driver [None req-20201a04-c4a5-4d10-aa43-a5e287cc6d21 - - - - - -] OVN reports status down for port: 82b41a18-a8ed-475a-b6fd-b345d657b6e8
2026-05-14 08:44:05.261 7 INFO neutron.plugins.ml2.drivers.ovn.mech_driver.mech_driver [None req-20201a04-c4a5-4d10-aa43-a5e287cc6d21 - - - - - -] OVN reports status down for port: 42eb27f6-45c8-42a1-921d-b344b777fdb6
2026-05-14 08:44:05.622 8 INFO neutron.plugins.ml2.drivers.ovn.mech_driver.mech_driver [None req-63c249f9-6eaa-4376-87e8-c6b7727d8001 - - - - - -] OVN reports status down for port: 6676707f-e206-4793-b41f-23ffd609cb39
2026-05-14 08:44:05.678 8 WARNING neutron.plugins.ml2.drivers.ovn.mech_driver.ovsdb.ovn_client [None req-63c249f9-6eaa-4376-87e8-c6b7727d8001 - - - - - -] Logical_Switch_Port 6676707f-e206-4793-b41f-23ffd609cb39 host information not removed, the port state is up
2026-05-14 08:44:05.678 8 INFO neutron.plugins.ml2.drivers.ovn.mech_driver.mech_driver [None req-63c249f9-6eaa-4376-87e8-c6b7727d8001 - - - - - -] OVN reports status up for port: 6676707f-e206-4793-b41f-23ffd609cb39
2026-05-14 08:44:05.700 8 INFO neutron.plugins.ml2.plugin [None req-63c249f9-6eaa-4376-87e8-c6b7727d8001 - - - - - -] Attempt 1 to provision port 6676707f-e206-4793-b41f-23ffd609cb39
2026-05-14 08:44:05.710 7 INFO neutron.plugins.ml2.drivers.ovn.mech_driver.mech_driver [None req-20201a04-c4a5-4d10-aa43-a5e287cc6d21 - - - - - -] OVN reports status up for port: 42eb27f6-45c8-42a1-921d-b344b777fdb6
2026-05-14 08:44:05.737 7 INFO neutron.plugins.ml2.plugin [None req-20201a04-c4a5-4d10-aa43-a5e287cc6d21 - - - - - -] Attempt 1 to provision port 42eb27f6-45c8-42a1-921d-b344b777fdb6
2026-05-14 08:44:05.860 7 WARNING neutron.scheduler.dhcp_agent_scheduler [None req-c10c73ec-1c76-4ae3-be8c-c4880707d989 2a1f1641e78043e6b8f2a3cd5c6bc307 b857ba35ab7d4adfaf5dbf28561b55df - - default default] No more DHCP agents
2026-05-14 08:44:05.863 7 WARNING neutron.api.rpc.agentnotifiers.dhcp_rpc_agent_api [None req-c10c73ec-1c76-4ae3-be8c-c4880707d989 2a1f1641e78043e6b8f2a3cd5c6bc307 b857ba35ab7d4adfaf5dbf28561b55df - - default default] Unable to schedule network 564e2e30-6a5b-444c-8c93-b09ec652cd92: no agents available; will retry on subsequent port and subnet creation events. [pid: 8|app: 0|req: 1194/2319] 10.0.0.157 () {32 vars in 717 bytes} [Thu May 14 08:44:05 2026] GET /v2.0/ports/6676707f-e206-4793-b41f-23ffd609cb39 => generated 947 bytes in 82 msecs (HTTP/1.1 200) 4 headers in 157 bytes (1 switches on core 0)
2026-05-14 08:44:06.182 8 INFO neutron.db.ovn_revision_numbers_db [None req-63c249f9-6eaa-4376-87e8-c6b7727d8001 - - - - - -] Successfully bumped revision number for resource 6676707f-e206-4793-b41f-23ffd609cb39 (type: ports) to 2
2026-05-14 08:44:06.413 7 INFO neutron.db.ovn_revision_numbers_db [None req-20201a04-c4a5-4d10-aa43-a5e287cc6d21 - - - - - -] Successfully bumped revision number for resource 42eb27f6-45c8-42a1-921d-b344b777fdb6 (type: ports) to 2
2026-05-14 08:44:06.454 8 INFO neutron_taas.services.taas.taas_plugin [None req-d73acbbb-dcb7-44ca-9d02-8f896ad77698 60b136fec3064255a5069b6d9b271138 6eb464a8650a431ca05b77623fb2f1f4 - - default default] TaaS: Handle Delete Port: 6676707f-e206-4793-b41f-23ffd609cb39
2026-05-14 08:44:06.458 8 INFO neutron_taas.services.taas.tap_mirror_plugin [None req-d73acbbb-dcb7-44ca-9d02-8f896ad77698 60b136fec3064255a5069b6d9b271138 6eb464a8650a431ca05b77623fb2f1f4 - - default default] Tap Mirror: Handle Delete Port: 6676707f-e206-4793-b41f-23ffd609cb39
2026-05-14 08:44:06.631 7 INFO neutron.db.ovn_revision_numbers_db [None req-c10c73ec-1c76-4ae3-be8c-c4880707d989 2a1f1641e78043e6b8f2a3cd5c6bc307 b857ba35ab7d4adfaf5dbf28561b55df - - default default] Successfully bumped revision number for resource 42eb27f6-45c8-42a1-921d-b344b777fdb6 (type: router_ports) to 1 [pid: 7|app: 0|req: 1126/2320] 10.0.0.157 () {34 vars in 783 bytes} [Thu May 14 08:44:03 2026] PUT /v2.0/routers/e8055c8a-c213-45bb-a6cc-c7cc256dfb0b/add_router_interface => generated 310 bytes in 3580 msecs (HTTP/1.1 200) 4 headers in 157 bytes (1 switches on core 0) [pid: 8|app: 0|req: 1195/2323] 10.0.0.157 () {34 vars in 789 bytes} [Thu May 14 08:44:05 2026] PUT /v2.0/routers/fc3fdd42-6563-4858-8a75-e81f6c337c39/remove_router_interface => generated 310 bytes in 744 msecs (HTTP/1.1 200) 4 headers in 157 bytes (1 switches on core 0) /var/lib/openstack/lib/python3.12/site-packages/pycadf/identifier.py:70: UserWarning: Invalid uuid: neutron. To ensure interoperability, identifiers should be a valid uuid. warnings.warn(('Invalid uuid: %s. To ensure interoperability, ' [pid: 8|app: 0|req: 1196/2324] 10.0.0.157 () {32 vars in 736 bytes} [Thu May 14 08:44:06 2026] GET /v2.0/ports?device_id=fc3fdd42-6563-4858-8a75-e81f6c337c39 => generated 12 bytes in 24 msecs (HTTP/1.1 200) 4 headers in 156 bytes (1 switches on core 0) [pid: 8|app: 0|req: 1197/2325] 10.0.0.157 () {32 vars in 724 bytes} [Thu May 14 08:44:06 2026] DELETE /v2.0/routers/fc3fdd42-6563-4858-8a75-e81f6c337c39 => generated 0 bytes in 167 msecs (HTTP/1.1 204) 2 headers in 112 bytes (1 switches on core 0) [pid: 8|app: 0|req: 1198/2326] 10.0.0.157 () {32 vars in 724 bytes} [Thu May 14 08:44:06 2026] DELETE /v2.0/subnets/40ec6097-dd1e-411e-8b72-1f49a26d5bc5 => generated 0 bytes in 140 msecs (HTTP/1.1 204) 3 headers in 131 bytes (1 switches on core 0)
2026-05-14 08:44:07.145 7 WARNING neutron.scheduler.dhcp_agent_scheduler [None req-652f9324-aee5-4be9-b34b-53df8d548129 2a1f1641e78043e6b8f2a3cd5c6bc307 b857ba35ab7d4adfaf5dbf28561b55df - - default default] No more DHCP agents
2026-05-14 08:44:07.147 7 WARNING neutron.api.rpc.agentnotifiers.dhcp_rpc_agent_api [None req-652f9324-aee5-4be9-b34b-53df8d548129 2a1f1641e78043e6b8f2a3cd5c6bc307 b857ba35ab7d4adfaf5dbf28561b55df - - default default] Unable to schedule network c9cbe3a1-f1e3-4c81-8425-c017981080d9: no agents available; will retry on subsequent port and subnet creation events.
2026-05-14 08:44:07.186 8 INFO neutron_taas.services.taas.taas_plugin [None req-d9af39d6-2a04-45bb-91a0-66d72b44c187 60b136fec3064255a5069b6d9b271138 6eb464a8650a431ca05b77623fb2f1f4 - - default default] TaaS: Handle Delete Port: 82b41a18-a8ed-475a-b6fd-b345d657b6e8
2026-05-14 08:44:07.189 8 INFO neutron_taas.services.taas.tap_mirror_plugin [None req-d9af39d6-2a04-45bb-91a0-66d72b44c187 60b136fec3064255a5069b6d9b271138 6eb464a8650a431ca05b77623fb2f1f4 - - default default] Tap Mirror: Handle Delete Port: 82b41a18-a8ed-475a-b6fd-b345d657b6e8
2026-05-14 08:44:07.272 7 INFO neutron.db.ovn_revision_numbers_db [None req-652f9324-aee5-4be9-b34b-53df8d548129 2a1f1641e78043e6b8f2a3cd5c6bc307 b857ba35ab7d4adfaf5dbf28561b55df - - default default] Successfully bumped revision number for resource 6e89a960-b4a1-46dc-97fd-1ab6066c1965 (type: ports) to 1
2026-05-14 08:44:07.407 8 INFO neutron.services.segments.plugin [-] Segment f94a1791-d6cd-443a-923f-501f5103345e resource provider aggregate not found
2026-05-14 08:44:07.411 8 INFO neutron.services.segments.plugin [-] Segment f94a1791-d6cd-443a-923f-501f5103345e resource provider aggregate not found
2026-05-14 08:44:07.432 8 INFO neutron.services.segments.plugin [-] Segment f94a1791-d6cd-443a-923f-501f5103345e resource provider not found; error: Placement Client Error (4xx): {"errors": [{"status": 404, "title": "Not Found", "detail": "The resource could not be found.\n\n No resource provider with uuid f94a1791-d6cd-443a-923f-501f5103345e found for delete ", "request_id": "req-dbeab689-cd04-4c42-9bb4-8c2a1d0f05dd"}]}
2026-05-14 08:44:07.436 8 INFO neutron.services.segments.plugin [-] Segment f94a1791-d6cd-443a-923f-501f5103345e resource provider not found; error: Placement Client Error (4xx): {"errors": [{"status": 404, "title": "Not Found", "detail": "The resource could not be found.\n\n No resource provider with uuid f94a1791-d6cd-443a-923f-501f5103345e found for delete ", "request_id": "req-e35cd1ca-6980-4cb5-a404-0b53f7813e77"}]} [pid: 8|app: 0|req: 1199/2327] 10.0.0.157 () {32 vars in 726 bytes} [Thu May 14 08:44:07 2026] DELETE /v2.0/networks/12f6d741-d9d0-4258-854d-e3b1d10b6bb1 => generated 0 bytes in 376 msecs (HTTP/1.1 204) 3 headers in 131 bytes (1 switches on core 0)
2026-05-14 08:44:07.891 8 WARNING neutron.scheduler.dhcp_agent_scheduler [None req-5a358266-d8b6-45cd-8c9c-fe5864ba4d46 60b136fec3064255a5069b6d9b271138 6eb464a8650a431ca05b77623fb2f1f4 - - default default] No more DHCP agents
2026-05-14 08:44:07.892 8 WARNING neutron.api.rpc.agentnotifiers.dhcp_rpc_agent_api [None req-5a358266-d8b6-45cd-8c9c-fe5864ba4d46 60b136fec3064255a5069b6d9b271138 6eb464a8650a431ca05b77623fb2f1f4 - - default default] Unable to schedule network f5be4f78-0905-4811-9c92-1f0c9830fbe3: no agents available; will retry on subsequent port and subnet creation events.
2026-05-14 08:44:08.051 8 INFO neutron.db.ovn_revision_numbers_db [None req-5a358266-d8b6-45cd-8c9c-fe5864ba4d46 60b136fec3064255a5069b6d9b271138 6eb464a8650a431ca05b77623fb2f1f4 - - default default] Successfully bumped revision number for resource 054ca7a5-6783-4529-93b0-2745eef2d20f (type: ports) to 1
2026-05-14 08:44:08.091 7 WARNING neutron.scheduler.dhcp_agent_scheduler [None req-652f9324-aee5-4be9-b34b-53df8d548129 2a1f1641e78043e6b8f2a3cd5c6bc307 b857ba35ab7d4adfaf5dbf28561b55df - - default default] No more DHCP agents
2026-05-14 08:44:08.093 7 WARNING neutron.api.rpc.agentnotifiers.dhcp_rpc_agent_api [None req-652f9324-aee5-4be9-b34b-53df8d548129 2a1f1641e78043e6b8f2a3cd5c6bc307 b857ba35ab7d4adfaf5dbf28561b55df - - default default] Unable to schedule network c9cbe3a1-f1e3-4c81-8425-c017981080d9: no agents available; will retry on subsequent port and subnet creation events.
2026-05-14 08:44:08.460 7 INFO neutron.db.ovn_revision_numbers_db [None req-652f9324-aee5-4be9-b34b-53df8d548129 2a1f1641e78043e6b8f2a3cd5c6bc307 b857ba35ab7d4adfaf5dbf28561b55df - - default default] Successfully bumped revision number for resource 6e89a960-b4a1-46dc-97fd-1ab6066c1965 (type: router_ports) to 1 [pid: 7|app: 0|req: 1129/2328] 10.0.0.157 () {34 vars in 783 bytes} [Thu May 14 08:44:06 2026] PUT /v2.0/routers/e8055c8a-c213-45bb-a6cc-c7cc256dfb0b/add_router_interface => generated 310 bytes in 1828 msecs (HTTP/1.1 200) 4 headers in 157 bytes (1 switches on core 0)
2026-05-14 08:44:08.800 8 INFO neutron.db.ovn_revision_numbers_db [None req-5a358266-d8b6-45cd-8c9c-fe5864ba4d46 60b136fec3064255a5069b6d9b271138 6eb464a8650a431ca05b77623fb2f1f4 - - default default] Successfully bumped revision number for resource 054ca7a5-6783-4529-93b0-2745eef2d20f (type: router_ports) to 1
2026-05-14 08:44:08.892 8 INFO neutron.db.ovn_revision_numbers_db [None req-5a358266-d8b6-45cd-8c9c-fe5864ba4d46 60b136fec3064255a5069b6d9b271138 6eb464a8650a431ca05b77623fb2f1f4 - - default default] Successfully bumped revision number for resource 849eda2f-17d2-4610-a7d0-ef0867a71470 (type: routers) to 2 [pid: 8|app: 0|req: 1200/2329] 10.0.0.157 () {34 vars in 669 bytes} [Thu May 14 08:44:07 2026] POST /v2.0/routers => generated 971 bytes in 1449 msecs (HTTP/1.1 201) 4 headers in 162 bytes (1 switches on core 0) [pid: 8|app: 0|req: 1201/2330] 10.0.0.157 () {32 vars in 721 bytes} [Thu May 14 08:44:08 2026] GET /v2.0/routers/849eda2f-17d2-4610-a7d0-ef0867a71470 => generated 977 bytes in 70 msecs (HTTP/1.1 200) 4 headers in 157 bytes (1 switches on core 0)
2026-05-14 08:44:09.042 7 WARNING neutron.scheduler.dhcp_agent_scheduler [None req-7e9b3174-da93-4952-8417-428af389cc3c 2a1f1641e78043e6b8f2a3cd5c6bc307 b857ba35ab7d4adfaf5dbf28561b55df - - default default] No more DHCP agents
2026-05-14 08:44:09.044 7 WARNING neutron.api.rpc.agentnotifiers.dhcp_rpc_agent_api [None req-7e9b3174-da93-4952-8417-428af389cc3c 2a1f1641e78043e6b8f2a3cd5c6bc307 b857ba35ab7d4adfaf5dbf28561b55df - - default default] Unable to schedule network 636fd2db-9366-4c13-8167-21ed69730f86: no agents available; will retry on subsequent port and subnet creation events. [pid: 8|app: 0|req: 1202/2331] 10.0.0.157 () {32 vars in 647 bytes} [Thu May 14 08:44:09 2026] GET /v2.0/routers => generated 980 bytes in 75 msecs (HTTP/1.1 200) 4 headers in 157 bytes (1 switches on core 0)
2026-05-14 08:44:09.195 7 INFO neutron.db.ovn_revision_numbers_db [None req-7e9b3174-da93-4952-8417-428af389cc3c 2a1f1641e78043e6b8f2a3cd5c6bc307 b857ba35ab7d4adfaf5dbf28561b55df - - default default] Successfully bumped revision number for resource 92022966-5ac8-4ae3-8c79-0fa3982cc717 (type: ports) to 1
2026-05-14 08:44:09.488 8 INFO neutron.db.ovn_revision_numbers_db [None req-08f88066-3566-4153-90da-dc2d630e73b4 60b136fec3064255a5069b6d9b271138 6eb464a8650a431ca05b77623fb2f1f4 - - default default] Successfully bumped revision number for resource 849eda2f-17d2-4610-a7d0-ef0867a71470 (type: routers) to 3 [pid: 8|app: 0|req: 1203/2332] 10.0.0.157 () {34 vars in 741 bytes} [Thu May 14 08:44:09 2026] PUT /v2.0/routers/849eda2f-17d2-4610-a7d0-ef0867a71470 => generated 984 bytes in 409 msecs (HTTP/1.1 200) 4 headers in 157 bytes (1 switches on core 0) [pid: 8|app: 0|req: 1204/2333] 10.0.0.157 () {32 vars in 721 bytes} [Thu May 14 08:44:09 2026] GET /v2.0/routers/849eda2f-17d2-4610-a7d0-ef0867a71470 => generated 984 bytes in 61 msecs (HTTP/1.1 200) 4 headers in 157 bytes (1 switches on core 0) [pid: 8|app: 0|req: 1205/2334] 10.0.0.157 () {32 vars in 736 bytes} [Thu May 14 08:44:09 2026] GET /v2.0/ports?device_id=849eda2f-17d2-4610-a7d0-ef0867a71470 => generated 12 bytes in 24 msecs (HTTP/1.1 200) 4 headers in 156 bytes (1 switches on core 0)
2026-05-14 08:44:09.913 7 WARNING neutron.scheduler.dhcp_agent_scheduler [None req-7e9b3174-da93-4952-8417-428af389cc3c 2a1f1641e78043e6b8f2a3cd5c6bc307 b857ba35ab7d4adfaf5dbf28561b55df - - default default] No more DHCP agents
2026-05-14 08:44:09.914 7 WARNING neutron.api.rpc.agentnotifiers.dhcp_rpc_agent_api [None req-7e9b3174-da93-4952-8417-428af389cc3c 2a1f1641e78043e6b8f2a3cd5c6bc307 b857ba35ab7d4adfaf5dbf28561b55df - - default default] Unable to schedule network 636fd2db-9366-4c13-8167-21ed69730f86: no agents available; will retry on subsequent port and subnet creation events.
2026-05-14 08:44:10.256 7 INFO neutron.db.ovn_revision_numbers_db [None req-7e9b3174-da93-4952-8417-428af389cc3c 2a1f1641e78043e6b8f2a3cd5c6bc307 b857ba35ab7d4adfaf5dbf28561b55df - - default default] Successfully bumped revision number for resource 92022966-5ac8-4ae3-8c79-0fa3982cc717 (type: router_ports) to 1 [pid: 7|app: 0|req: 1130/2335] 10.0.0.157 () {34 vars in 783 bytes} [Thu May 14 08:44:08 2026] PUT /v2.0/routers/e8055c8a-c213-45bb-a6cc-c7cc256dfb0b/add_router_interface => generated 310 bytes in 1787 msecs (HTTP/1.1 200) 4 headers in 157 bytes (1 switches on core 0)
2026-05-14 08:44:10.463 7 INFO neutron.db.ovn_revision_numbers_db [None req-78eb78e0-05ea-4732-b0c9-b999ea94a33c 2a1f1641e78043e6b8f2a3cd5c6bc307 b857ba35ab7d4adfaf5dbf28561b55df - - default default] Successfully bumped revision number for resource 1d18ae66-75d3-4962-9811-a5befc0a648a (type: security_groups) to 1
2026-05-14 08:44:10.474 7 INFO neutron.db.ovn_revision_numbers_db [None req-78eb78e0-05ea-4732-b0c9-b999ea94a33c 2a1f1641e78043e6b8f2a3cd5c6bc307 b857ba35ab7d4adfaf5dbf28561b55df - - default default] Successfully bumped revision number for resource 4c8dbd2e-f913-43d5-8c25-beebfe2f4d17 (type: security_group_rules) to 0
2026-05-14 08:44:10.485 7 INFO neutron.db.ovn_revision_numbers_db [None req-78eb78e0-05ea-4732-b0c9-b999ea94a33c 2a1f1641e78043e6b8f2a3cd5c6bc307 b857ba35ab7d4adfaf5dbf28561b55df - - default default] Successfully bumped revision number for resource 7a8d880e-b431-4c5d-ad67-8fa060d60bc5 (type: security_group_rules) to 0 [pid: 7|app: 0|req: 1131/2336] 10.0.0.157 () {34 vars in 684 bytes} [Thu May 14 08:44:10 2026] POST /v2.0/security-groups => generated 1629 bytes in 196 msecs (HTTP/1.1 201) 4 headers in 163 bytes (1 switches on core 0)
2026-05-14 08:44:10.666 7 INFO neutron.db.ovn_revision_numbers_db [None req-792148f1-68d1-4368-8cb1-8f49203dfff1 2a1f1641e78043e6b8f2a3cd5c6bc307 b857ba35ab7d4adfaf5dbf28561b55df - - default default] Successfully bumped revision number for resource 026afba9-e96a-4f98-8a1a-b9e2618bbf91 (type: security_group_rules) to 0 [pid: 7|app: 0|req: 1132/2337] 10.0.0.157 () {34 vars in 695 bytes} [Thu May 14 08:44:10 2026] POST /v2.0/security-group-rules => generated 597 bytes in 177 msecs (HTTP/1.1 201) 4 headers in 162 bytes (1 switches on core 0)
2026-05-14 08:44:10.810 7 INFO neutron.db.ovn_revision_numbers_db [None req-1bb0f593-33fd-465b-8800-3eb450b6c59b 2a1f1641e78043e6b8f2a3cd5c6bc307 b857ba35ab7d4adfaf5dbf28561b55df - - default default] Successfully bumped revision number for resource e4f64817-dfa5-42e2-b4ac-7b7952ae7404 (type: security_group_rules) to 0
2026-05-14 08:44:10.811 8 INFO neutron_taas.services.taas.taas_plugin [None req-daa1fe4c-bc32-4cc3-b34f-db957036261b 60b136fec3064255a5069b6d9b271138 6eb464a8650a431ca05b77623fb2f1f4 - - default default] TaaS: Handle Delete Port: 054ca7a5-6783-4529-93b0-2745eef2d20f
2026-05-14 08:44:10.814 8 INFO neutron_taas.services.taas.tap_mirror_plugin [None req-daa1fe4c-bc32-4cc3-b34f-db957036261b 60b136fec3064255a5069b6d9b271138 6eb464a8650a431ca05b77623fb2f1f4 - - default default] Tap Mirror: Handle Delete Port: 054ca7a5-6783-4529-93b0-2745eef2d20f [pid: 7|app: 0|req: 1133/2338] 10.0.0.157 () {34 vars in 695 bytes} [Thu May 14 08:44:10 2026] POST /v2.0/security-group-rules => generated 597 bytes in 127 msecs (HTTP/1.1 201) 4 headers in 162 bytes (1 switches on core 0)
2026-05-14 08:44:10.952 7 INFO neutron.db.ovn_revision_numbers_db [None req-7ac6c7ff-f686-4477-8f2c-a0357e23eb5d 2a1f1641e78043e6b8f2a3cd5c6bc307 b857ba35ab7d4adfaf5dbf28561b55df - - default default] Successfully bumped revision number for resource c15e16a0-15b2-4c9d-b792-399e553dc524 (type: security_group_rules) to 0 [pid: 7|app: 0|req: 1134/2339] 10.0.0.157 () {34 vars in 695 bytes} [Thu May 14 08:44:10 2026] POST /v2.0/security-group-rules => generated 599 bytes in 145 msecs (HTTP/1.1 201) 4 headers in 162 bytes (1 switches on core 0)
2026-05-14 08:44:11.111 7 INFO neutron.db.ovn_revision_numbers_db [None req-05f026ab-228f-4580-b38d-d302631c92e4 2a1f1641e78043e6b8f2a3cd5c6bc307 b857ba35ab7d4adfaf5dbf28561b55df - - default default] Successfully bumped revision number for resource 0fa3ed70-15b8-47d2-8dd0-2b01f2c3cf70 (type: security_group_rules) to 0 [pid: 7|app: 0|req: 1135/2340] 10.0.0.157 () {34 vars in 695 bytes} [Thu May 14 08:44:10 2026] POST /v2.0/security-group-rules => generated 601 bytes in 153 msecs (HTTP/1.1 201) 4 headers in 162 bytes (1 switches on core 0) [pid: 8|app: 0|req: 1206/2341] 10.0.0.157 () {32 vars in 724 bytes} [Thu May 14 08:44:09 2026] DELETE /v2.0/routers/849eda2f-17d2-4610-a7d0-ef0867a71470 => generated 0 bytes in 1561 msecs (HTTP/1.1 204) 2 headers in 112 bytes (1 switches on core 0) [pid: 8|app: 0|req: 1207/2342] 10.0.0.157 () {32 vars in 736 bytes} [Thu May 14 08:44:11 2026] GET /v2.0/ports?device_id=849eda2f-17d2-4610-a7d0-ef0867a71470 => generated 12 bytes in 19 msecs (HTTP/1.1 200) 4 headers in 156 bytes (1 switches on core 0)
2026-05-14 08:44:11.200 8 INFO neutron.api.v2.resource [None req-9e4bd722-13bf-4638-a4d8-6819157c44f8 60b136fec3064255a5069b6d9b271138 6eb464a8650a431ca05b77623fb2f1f4 - - default default] delete failed (client error): The resource could not be found. [pid: 8|app: 0|req: 1208/2343] 10.0.0.157 () {32 vars in 724 bytes} [Thu May 14 08:44:11 2026] DELETE /v2.0/routers/849eda2f-17d2-4610-a7d0-ef0867a71470 => generated 135 bytes in 16 msecs (HTTP/1.1 404) 4 headers in 164 bytes (1 switches on core 0) [pid: 8|app: 0|req: 1209/2344] 10.0.0.157 () {32 vars in 736 bytes} [Thu May 14 08:44:11 2026] GET /v2.0/ports?device_id=fc3fdd42-6563-4858-8a75-e81f6c337c39 => generated 12 bytes in 14 msecs (HTTP/1.1 200) 4 headers in 156 bytes (1 switches on core 0)
2026-05-14 08:44:11.240 8 INFO neutron.api.v2.resource [None req-61365d13-7b32-432f-b453-75cdac09f0a5 60b136fec3064255a5069b6d9b271138 6eb464a8650a431ca05b77623fb2f1f4 - - default default] delete failed (client error): The resource could not be found. [pid: 8|app: 0|req: 1210/2345] 10.0.0.157 () {32 vars in 724 bytes} [Thu May 14 08:44:11 2026] DELETE /v2.0/routers/fc3fdd42-6563-4858-8a75-e81f6c337c39 => generated 135 bytes in 16 msecs (HTTP/1.1 404) 4 headers in 164 bytes (1 switches on core 0)
2026-05-14 08:44:11.257 8 INFO neutron.pecan_wsgi.hooks.translation [None req-7307061b-3f49-4e06-8006-ccf872ba71b2 60b136fec3064255a5069b6d9b271138 6eb464a8650a431ca05b77623fb2f1f4 - - default default] DELETE failed (client error): The resource could not be found. [pid: 8|app: 0|req: 1211/2346] 10.0.0.157 () {32 vars in 724 bytes} [Thu May 14 08:44:11 2026] DELETE /v2.0/subnets/40ec6097-dd1e-411e-8b72-1f49a26d5bc5 => generated 136 bytes in 13 msecs (HTTP/1.1 404) 4 headers in 164 bytes (1 switches on core 0) [pid: 8|app: 0|req: 1212/2347] 10.0.0.157 () {32 vars in 736 bytes} [Thu May 14 08:44:11 2026] GET /v2.0/ports?device_id=7954460d-b386-4406-a39f-0a77756286ba => generated 12 bytes in 14 msecs (HTTP/1.1 200) 4 headers in 156 bytes (1 switches on core 0)
2026-05-14 08:44:11.281 7 INFO neutron.db.ovn_revision_numbers_db [None req-855e5355-68ad-45ac-b742-f88060078a41 2a1f1641e78043e6b8f2a3cd5c6bc307 b857ba35ab7d4adfaf5dbf28561b55df - - default default] Successfully bumped revision number for resource 5d0d2a25-d84b-441f-96de-e446360f1624 (type: security_group_rules) to 0
2026-05-14 08:44:11.312 8 INFO neutron.api.v2.resource [None req-bbeb5282-bf42-477b-80a1-176f6762d1ed 60b136fec3064255a5069b6d9b271138 6eb464a8650a431ca05b77623fb2f1f4 - - default default] delete failed (client error): The resource could not be found. [pid: 8|app: 0|req: 1213/2348] 10.0.0.157 () {32 vars in 724 bytes} [Thu May 14 08:44:11 2026] DELETE /v2.0/routers/7954460d-b386-4406-a39f-0a77756286ba => generated 135 bytes in 29 msecs (HTTP/1.1 404) 4 headers in 164 bytes (1 switches on core 0) [pid: 7|app: 0|req: 1136/2349] 10.0.0.157 () {34 vars in 695 bytes} [Thu May 14 08:44:11 2026] POST /v2.0/security-group-rules => generated 601 bytes in 160 msecs (HTTP/1.1 201) 4 headers in 162 bytes (1 switches on core 0)
2026-05-14 08:44:11.327 8 INFO neutron.pecan_wsgi.hooks.translation [None req-63c727c9-b877-4e96-a134-b6e64acd57bc 60b136fec3064255a5069b6d9b271138 6eb464a8650a431ca05b77623fb2f1f4 - - default default] DELETE failed (client error): The resource could not be found. [pid: 8|app: 0|req: 1214/2350] 10.0.0.157 () {32 vars in 724 bytes} [Thu May 14 08:44:11 2026] DELETE /v2.0/subnets/d53f16f3-be84-47d4-8231-d8b409736ad9 => generated 136 bytes in 13 msecs (HTTP/1.1 404) 4 headers in 164 bytes (1 switches on core 0) [pid: 8|app: 0|req: 1215/2351] 10.0.0.157 () {32 vars in 736 bytes} [Thu May 14 08:44:11 2026] GET /v2.0/ports?device_id=d7bb867d-51cd-4581-9063-7d77f9c59cef => generated 12 bytes in 16 msecs (HTTP/1.1 200) 4 headers in 156 bytes (1 switches on core 0)
2026-05-14 08:44:11.370 8 INFO neutron.api.v2.resource [None req-b0aca0ab-4f1d-4558-a6cf-2334f791094f 60b136fec3064255a5069b6d9b271138 6eb464a8650a431ca05b77623fb2f1f4 - - default default] delete failed (client error): The resource could not be found. [pid: 8|app: 0|req: 1216/2352] 10.0.0.157 () {32 vars in 724 bytes} [Thu May 14 08:44:11 2026] DELETE /v2.0/routers/d7bb867d-51cd-4581-9063-7d77f9c59cef => generated 135 bytes in 17 msecs (HTTP/1.1 404) 4 headers in 164 bytes (1 switches on core 0)
2026-05-14 08:44:11.388 8 INFO neutron.pecan_wsgi.hooks.translation [None req-583d8ce3-eb6f-44d7-a292-0c03ab54b4f3 60b136fec3064255a5069b6d9b271138 6eb464a8650a431ca05b77623fb2f1f4 - - default default] DELETE failed (client error): The resource could not be found. [pid: 8|app: 0|req: 1217/2353] 10.0.0.157 () {32 vars in 724 bytes} [Thu May 14 08:44:11 2026] DELETE /v2.0/subnets/cec3c92f-b81e-4a65-9fbf-0c1f641b3b43 => generated 136 bytes in 15 msecs (HTTP/1.1 404) 4 headers in 164 bytes (1 switches on core 0)
2026-05-14 08:44:11.407 8 INFO neutron.pecan_wsgi.hooks.translation [None req-80a25fe0-4d51-43ec-86f4-19e2559ce419 60b136fec3064255a5069b6d9b271138 6eb464a8650a431ca05b77623fb2f1f4 - - default default] DELETE failed (client error): The resource could not be found. [pid: 8|app: 0|req: 1218/2354] 10.0.0.157 () {32 vars in 724 bytes} [Thu May 14 08:44:11 2026] DELETE /v2.0/subnets/78cf9103-6e8d-4880-840a-ae21af1c9b9c => generated 136 bytes in 13 msecs (HTTP/1.1 404) 4 headers in 164 bytes (1 switches on core 0)
2026-05-14 08:44:11.442 7 INFO neutron.db.ovn_revision_numbers_db [None req-75eff234-86cc-41a5-b909-8d8e9540378b 2a1f1641e78043e6b8f2a3cd5c6bc307 b857ba35ab7d4adfaf5dbf28561b55df - - default default] Successfully bumped revision number for resource a4d8ae4d-1477-45e0-8bb8-19b469accb98 (type: security_group_rules) to 0 [pid: 7|app: 0|req: 1137/2355] 10.0.0.157 () {34 vars in 695 bytes} [Thu May 14 08:44:11 2026] POST /v2.0/security-group-rules => generated 597 bytes in 158 msecs (HTTP/1.1 201) 4 headers in 162 bytes (1 switches on core 0)
2026-05-14 08:44:11.597 8 INFO neutron.db.ovn_revision_numbers_db [None req-c38004ec-00f4-4061-a87f-1a04ae6fda3b 2a1f1641e78043e6b8f2a3cd5c6bc307 b857ba35ab7d4adfaf5dbf28561b55df - - default default] Successfully bumped revision number for resource e5d9201f-c2cd-4a32-b607-f9ab6d87a1c1 (type: security_group_rules) to 0
2026-05-14 08:44:11.616 7 WARNING neutron.plugins.ml2.drivers.ovn.mech_driver.ovsdb.ovn_client [None req-7ac2f8f9-ed86-4ecf-87d6-dd1ac9a15b1e - - - - - -] No hosting information found for port 42eb27f6-45c8-42a1-921d-b344b777fdb6: RuntimeError: No hosting information found for port 42eb27f6-45c8-42a1-921d-b344b777fdb6 [pid: 8|app: 0|req: 1219/2356] 10.0.0.157 () {34 vars in 695 bytes} [Thu May 14 08:44:11 2026] POST /v2.0/security-group-rules => generated 597 bytes in 148 msecs (HTTP/1.1 201) 4 headers in 162 bytes (1 switches on core 0)
2026-05-14 08:44:11.664 7 INFO neutron.common.ovn.utils [None req-7ac2f8f9-ed86-4ecf-87d6-dd1ac9a15b1e - - - - - -] HA Chassis Group neutron-564e2e30-6a5b-444c-8c93-b09ec652cd92 synchronized; highest priority chassis 75f0e84d-ac3d-4c03-8d5e-0335d463036c
2026-05-14 08:44:11.685 8 WARNING neutron.plugins.ml2.drivers.ovn.mech_driver.ovsdb.ovn_client [None req-f49337ef-accc-4feb-add9-db88f3b7c725 - - - - - -] No port found with ID 6676707f-e206-4793-b41f-23ffd609cb39: RuntimeError: No port found with ID 6676707f-e206-4793-b41f-23ffd609cb39
2026-05-14 08:44:11.708 8 INFO neutron.plugins.ml2.drivers.ovn.mech_driver.mech_driver [None req-f49337ef-accc-4feb-add9-db88f3b7c725 - - - - - -] OVN reports status down for port: 6e89a960-b4a1-46dc-97fd-1ab6066c1965
2026-05-14 08:44:11.757 8 WARNING neutron.plugins.ml2.drivers.ovn.mech_driver.ovsdb.ovn_client [None req-f49337ef-accc-4feb-add9-db88f3b7c725 - - - - - -] Logical_Switch_Port 6e89a960-b4a1-46dc-97fd-1ab6066c1965 host information not removed, the port state is up
2026-05-14 08:44:11.758 8 INFO neutron.plugins.ml2.drivers.ovn.mech_driver.mech_driver [None req-f49337ef-accc-4feb-add9-db88f3b7c725 - - - - - -] OVN reports status up for port: 6e89a960-b4a1-46dc-97fd-1ab6066c1965
2026-05-14 08:44:11.777 8 INFO neutron.plugins.ml2.plugin [None req-f49337ef-accc-4feb-add9-db88f3b7c725 - - - - - -] Attempt 1 to provision port 6e89a960-b4a1-46dc-97fd-1ab6066c1965
2026-05-14 08:44:11.834 7 INFO neutron.db.ovn_revision_numbers_db [None req-7ac2f8f9-ed86-4ecf-87d6-dd1ac9a15b1e - - - - - -] Successfully bumped revision number for resource 42eb27f6-45c8-42a1-921d-b344b777fdb6 (type: router_ports) to 2
2026-05-14 08:44:11.846 7 INFO neutron.plugins.ml2.drivers.ovn.mech_driver.mech_driver [None req-7ac2f8f9-ed86-4ecf-87d6-dd1ac9a15b1e - - - - - -] OVN reports status down for port: 054ca7a5-6783-4529-93b0-2745eef2d20f
2026-05-14 08:44:11.860 7 INFO neutron.plugins.ml2.drivers.ovn.mech_driver.mech_driver [None req-7ac2f8f9-ed86-4ecf-87d6-dd1ac9a15b1e - - - - - -] OVN reports status up for port: 054ca7a5-6783-4529-93b0-2745eef2d20f
2026-05-14 08:44:11.865 7 INFO neutron.db.ovn_revision_numbers_db [None req-5bd62c84-3f27-45b2-a750-9e521a3c2f7a 2a1f1641e78043e6b8f2a3cd5c6bc307 b857ba35ab7d4adfaf5dbf28561b55df - - default default] Successfully bumped revision number for resource b5fe6582-7eec-4b7c-a607-7f2b3bfa042a (type: security_group_rules) to 0
2026-05-14 08:44:11.913 7 INFO neutron.common.ovn.utils [None req-7ac2f8f9-ed86-4ecf-87d6-dd1ac9a15b1e - - - - - -] HA Chassis Group neutron-636fd2db-9366-4c13-8167-21ed69730f86 synchronized; highest priority chassis 75f0e84d-ac3d-4c03-8d5e-0335d463036c [pid: 7|app: 0|req: 1138/2357] 10.0.0.157 () {34 vars in 695 bytes} [Thu May 14 08:44:11 2026] POST /v2.0/security-group-rules => generated 597 bytes in 291 msecs (HTTP/1.1 201) 4 headers in 162 bytes (1 switches on core 0)
2026-05-14 08:44:12.020 8 WARNING neutron.db.securitygroups_db [None req-6255198f-5468-46f6-ac1a-8529388ffcf0 fb1b436fc3994c46994a5c0cb04704ce c3e731a8432d429b9c6fd42871d19c8a - - default default] project_id key not found in filters, using tenant_id instead. This support has been deprecated and will be removed in a future release.
2026-05-14 08:44:12.043 7 INFO neutron.db.ovn_revision_numbers_db [None req-1af99e70-784e-4b0a-bae9-df1a2a725f77 2a1f1641e78043e6b8f2a3cd5c6bc307 b857ba35ab7d4adfaf5dbf28561b55df - - default default] Successfully bumped revision number for resource 500d5593-dbc4-4544-8786-250a4a08f7d5 (type: security_group_rules) to 0 [pid: 7|app: 0|req: 1139/2358] 10.0.0.157 () {34 vars in 695 bytes} [Thu May 14 08:44:11 2026] POST /v2.0/security-group-rules => generated 599 bytes in 154 msecs (HTTP/1.1 201) 4 headers in 162 bytes (1 switches on core 0) [pid: 8|app: 0|req: 1220/2359] 10.0.0.157 () {32 vars in 774 bytes} [Thu May 14 08:44:11 2026] GET /v2.0/security-groups?tenant_id=6eb464a8650a431ca05b77623fb2f1f4&name=default => generated 2925 bytes in 194 msecs (HTTP/1.1 200) 4 headers in 158 bytes (1 switches on core 0)
2026-05-14 08:44:12.222 7 INFO neutron.db.ovn_revision_numbers_db [None req-93a21c0e-338a-40f2-b363-f1bd0076b480 2a1f1641e78043e6b8f2a3cd5c6bc307 b857ba35ab7d4adfaf5dbf28561b55df - - default default] Successfully bumped revision number for resource 5fdf6b3c-b2e3-4f6e-a9f6-78b93f0123c3 (type: security_group_rules) to 0 [pid: 7|app: 0|req: 1140/2360] 10.0.0.157 () {34 vars in 695 bytes} [Thu May 14 08:44:12 2026] POST /v2.0/security-group-rules => generated 601 bytes in 181 msecs (HTTP/1.1 201) 4 headers in 162 bytes (1 switches on core 0)
2026-05-14 08:44:12.327 8 INFO neutron.db.ovn_revision_numbers_db [None req-f49337ef-accc-4feb-add9-db88f3b7c725 - - - - - -] Successfully bumped revision number for resource 6e89a960-b4a1-46dc-97fd-1ab6066c1965 (type: ports) to 2
2026-05-14 08:44:12.422 7 INFO neutron.db.ovn_revision_numbers_db [None req-41b4606e-2b25-46af-8cef-1c9d836bc50a 2a1f1641e78043e6b8f2a3cd5c6bc307 b857ba35ab7d4adfaf5dbf28561b55df - - default default] Successfully bumped revision number for resource aa89ebd9-73da-49d4-a1ca-5e243421a253 (type: security_group_rules) to 0 [pid: 8|app: 0|req: 1221/2361] 10.0.0.157 () {32 vars in 740 bytes} [Thu May 14 08:44:12 2026] DELETE /v2.0/security-groups/92858999-714e-4310-91ef-63744109fb2f => generated 0 bytes in 350 msecs (HTTP/1.1 204) 2 headers in 112 bytes (1 switches on core 0) [pid: 7|app: 0|req: 1141/2362] 10.0.0.157 () {34 vars in 695 bytes} [Thu May 14 08:44:12 2026] POST /v2.0/security-group-rules => generated 597 bytes in 179 msecs (HTTP/1.1 201) 4 headers in 162 bytes (1 switches on core 0)
2026-05-14 08:44:12.627 8 WARNING neutron.db.securitygroups_db [req-4707a3b4-2e04-450e-87da-a2f7a076d52b req-4515a5b6-a01e-4d95-8660-9ecad1c9d450 2a1f1641e78043e6b8f2a3cd5c6bc307 b857ba35ab7d4adfaf5dbf28561b55df - - default default] project_id key not found in filters, using tenant_id instead. This support has been deprecated and will be removed in a future release. [pid: 8|app: 0|req: 1222/2363] 10.0.0.129 () {34 vars in 1094 bytes} [Thu May 14 08:44:12 2026] GET /v2.0/security-groups?name=tempest-lb_member_SG-528503786&fields=id&tenant_id=b857ba35ab7d4adfaf5dbf28561b55df => generated 69 bytes in 40 msecs (HTTP/1.1 200) 4 headers in 156 bytes (1 switches on core 0) [pid: 7|app: 0|req: 1142/2364] 10.0.0.129 () {34 vars in 982 bytes} [Thu May 14 08:44:12 2026] GET /v2.0/networks?id=c9cbe3a1-f1e3-4c81-8425-c017981080d9 => generated 742 bytes in 51 msecs (HTTP/1.1 200) 4 headers in 157 bytes (1 switches on core 0) [pid: 8|app: 0|req: 1223/2365] 10.0.0.129 () {34 vars in 965 bytes} [Thu May 14 08:44:12 2026] GET /v2.0/quotas/b857ba35ab7d4adfaf5dbf28561b55df => generated 292 bytes in 15 msecs (HTTP/1.1 200) 4 headers in 157 bytes (1 switches on core 0) [pid: 7|app: 0|req: 1143/2366] 10.0.0.129 () {34 vars in 1002 bytes} [Thu May 14 08:44:12 2026] GET /v2.0/ports?tenant_id=b857ba35ab7d4adfaf5dbf28561b55df&fields=id => generated 287 bytes in 164 msecs (HTTP/1.1 200) 4 headers in 157 bytes (1 switches on core 0) [pid: 8|app: 0|req: 1224/2367] 10.0.0.129 () {34 vars in 1008 bytes} [Thu May 14 08:44:12 2026] GET /v2.0/networks/c9cbe3a1-f1e3-4c81-8425-c017981080d9?fields=segments => generated 14 bytes in 42 msecs (HTTP/1.1 200) 4 headers in 156 bytes (1 switches on core 0) [pid: 7|app: 0|req: 1144/2368] 10.0.0.129 () {34 vars in 1108 bytes} [Thu May 14 08:44:12 2026] GET /v2.0/networks/c9cbe3a1-f1e3-4c81-8425-c017981080d9?fields=provider%3Aphysical_network&fields=provider%3Anetwork_type => generated 79 bytes in 34 msecs (HTTP/1.1 200) 4 headers in 156 bytes (1 switches on core 0) [pid: 8|app: 0|req: 1225/2369] 10.0.0.129 () {34 vars in 990 bytes} [Thu May 14 08:44:13 2026] GET /v2.0/ports?device_id=ac8e6ab6-2c10-430c-8438-2c565f600783 => generated 12 bytes in 20 msecs (HTTP/1.1 200) 4 headers in 156 bytes (1 switches on core 0) [pid: 8|app: 0|req: 1226/2370] 10.0.0.249 () {28 vars in 583 bytes} [Thu May 14 08:44:14 2026] GET /v2.0/routers => generated 987 bytes in 120 msecs (HTTP/1.1 200) 4 headers in 157 bytes (1 switches on core 0)
2026-05-14 08:44:14.323 7 INFO neutron.db.ovn_revision_numbers_db [None req-bc13887a-a63e-4721-8e56-b106a19e9593 09c8f58f7b3b414c90ef29256c60fe64 8e3f271eff934cc6814bf3f2e376334f - - default default] Successfully bumped revision number for resource 661a0813-cc78-4d2c-93dc-0640e74d1496 (type: security_groups) to 1 [pid: 8|app: 0|req: 1227/2371] 10.0.0.249 () {28 vars in 624 bytes} [Thu May 14 08:44:14 2026] GET /v2.0/agents?binary=ovn-controller => generated 416 bytes in 20 msecs (HTTP/1.1 200) 4 headers in 157 bytes (1 switches on core 0)
2026-05-14 08:44:14.346 7 INFO neutron.db.ovn_revision_numbers_db [None req-bc13887a-a63e-4721-8e56-b106a19e9593 09c8f58f7b3b414c90ef29256c60fe64 8e3f271eff934cc6814bf3f2e376334f - - default default] Successfully bumped revision number for resource 1de49bb2-0a64-4aa3-b647-6b7d427efeda (type: security_group_rules) to 0
2026-05-14 08:44:14.365 7 INFO neutron.db.ovn_revision_numbers_db [None req-bc13887a-a63e-4721-8e56-b106a19e9593 09c8f58f7b3b414c90ef29256c60fe64 8e3f271eff934cc6814bf3f2e376334f - - default default] Successfully bumped revision number for resource 53d28cee-dd13-4c4c-8f69-c039963dd2db (type: security_group_rules) to 0
2026-05-14 08:44:14.378 7 INFO neutron.db.ovn_revision_numbers_db [None req-bc13887a-a63e-4721-8e56-b106a19e9593 09c8f58f7b3b414c90ef29256c60fe64 8e3f271eff934cc6814bf3f2e376334f - - default default] Successfully bumped revision number for resource 5ceec92f-3c19-44e3-b206-ba02e0f39c17 (type: security_group_rules) to 0
2026-05-14 08:44:14.390 7 INFO neutron.db.ovn_revision_numbers_db [None req-bc13887a-a63e-4721-8e56-b106a19e9593 09c8f58f7b3b414c90ef29256c60fe64 8e3f271eff934cc6814bf3f2e376334f - - default default] Successfully bumped revision number for resource e51649a3-06ad-49dc-95af-565f812a3e94 (type: security_group_rules) to 0 [pid: 8|app: 0|req: 1228/2372] 10.0.0.249 () {28 vars in 579 bytes} [Thu May 14 08:44:14 2026] GET /v2.0/ports => generated 12631 bytes in 79 msecs (HTTP/1.1 200) 4 headers in 159 bytes (1 switches on core 0) [pid: 8|app: 0|req: 1229/2373] 10.0.0.249 () {28 vars in 619 bytes} [Thu May 14 08:44:14 2026] GET /v2.0/network-ip-availabilities => generated 5532 bytes in 23 msecs (HTTP/1.1 200) 4 headers in 158 bytes (1 switches on core 0)
2026-05-14 08:44:14.465 7 INFO neutron.db.segments_db [None req-bc13887a-a63e-4721-8e56-b106a19e9593 09c8f58f7b3b414c90ef29256c60fe64 8e3f271eff934cc6814bf3f2e376334f - - default default] Added segment 29a27fc1-ae1c-4f05-adb2-c3c2e431651c of type geneve for network b0938bd2-3da2-4154-921e-961decb076ee [pid: 8|app: 0|req: 1230/2374] 10.0.0.249 () {28 vars in 591 bytes} [Thu May 14 08:44:14 2026] GET /v2.0/floatingips => generated 19 bytes in 16 msecs (HTTP/1.1 200) 4 headers in 156 bytes (1 switches on core 0) [pid: 8|app: 0|req: 1231/2375] 10.0.0.249 () {28 vars in 585 bytes} [Thu May 14 08:44:14 2026] GET /v2.0/networks => generated 4773 bytes in 65 msecs (HTTP/1.1 200) 4 headers in 158 bytes (1 switches on core 0)
2026-05-14 08:44:14.567 7 INFO neutron.db.ovn_revision_numbers_db [None req-bc13887a-a63e-4721-8e56-b106a19e9593 09c8f58f7b3b414c90ef29256c60fe64 8e3f271eff934cc6814bf3f2e376334f - - default default] Successfully bumped revision number for resource b0938bd2-3da2-4154-921e-961decb076ee (type: networks) to 1 [pid: 8|app: 0|req: 1232/2376] 10.0.0.249 () {28 vars in 599 bytes} [Thu May 14 08:44:14 2026] GET /v2.0/security-groups => generated 31560 bytes in 52 msecs (HTTP/1.1 200) 4 headers in 159 bytes (1 switches on core 0) [pid: 8|app: 0|req: 1233/2377] 10.0.0.249 () {28 vars in 583 bytes} [Thu May 14 08:44:14 2026] GET /v2.0/subnets => generated 5512 bytes in 48 msecs (HTTP/1.1 200) 4 headers in 158 bytes (1 switches on core 0) [pid: 8|app: 0|req: 1234/2378] 10.0.0.249 () {28 vars in 581 bytes} [Thu May 14 08:44:14 2026] GET /v2.0/agents => generated 1214 bytes in 10 msecs (HTTP/1.1 200) 4 headers in 158 bytes (1 switches on core 0) [pid: 8|app: 0|req: 1235/2379] 10.0.0.249 () {28 vars in 583 bytes} [Thu May 14 08:44:14 2026] GET /v2.0/subnets => generated 5512 bytes in 47 msecs (HTTP/1.1 200) 4 headers in 158 bytes (1 switches on core 0) [pid: 8|app: 0|req: 1236/2380] 10.0.0.249 () {28 vars in 591 bytes} [Thu May 14 08:44:14 2026] GET /v2.0/subnetpools => generated 19 bytes in 11 msecs (HTTP/1.1 200) 4 headers in 156 bytes (1 switches on core 0)
2026-05-14 08:44:14.773 7 WARNING neutron.scheduler.dhcp_agent_scheduler [None req-bc13887a-a63e-4721-8e56-b106a19e9593 09c8f58f7b3b414c90ef29256c60fe64 8e3f271eff934cc6814bf3f2e376334f - - default default] No more DHCP agents
2026-05-14 08:44:14.775 7 WARNING neutron.api.rpc.agentnotifiers.dhcp_rpc_agent_api [None req-bc13887a-a63e-4721-8e56-b106a19e9593 09c8f58f7b3b414c90ef29256c60fe64 8e3f271eff934cc6814bf3f2e376334f - - default default] Unable to schedule network b0938bd2-3da2-4154-921e-961decb076ee: no agents available; will retry on subsequent port and subnet creation events.
2026-05-14 08:44:14.852 7 INFO neutron.db.ovn_revision_numbers_db [None req-bc13887a-a63e-4721-8e56-b106a19e9593 09c8f58f7b3b414c90ef29256c60fe64 8e3f271eff934cc6814bf3f2e376334f - - default default] Successfully bumped revision number for resource 3359f380-23ee-4a39-97b2-03514da1e297 (type: ports) to 1 [pid: 7|app: 0|req: 1145/2381] 10.0.0.157 () {34 vars in 670 bytes} [Thu May 14 08:44:14 2026] POST /v2.0/networks => generated 667 bytes in 797 msecs (HTTP/1.1 201) 4 headers in 162 bytes (1 switches on core 0)
2026-05-14 08:44:14.965 8 INFO neutron.db.segments_db [None req-225bbad9-0c0d-4f70-81d8-25e502f1e091 09c8f58f7b3b414c90ef29256c60fe64 8e3f271eff934cc6814bf3f2e376334f - - default default] Added segment 12b60c9c-3212-4fdd-9a19-8d449ef4be5b of type geneve for network 8d9a3899-b0c6-4621-b0cb-07b78a1ebb73
2026-05-14 08:44:15.098 8 INFO neutron.db.ovn_revision_numbers_db [None req-225bbad9-0c0d-4f70-81d8-25e502f1e091 09c8f58f7b3b414c90ef29256c60fe64 8e3f271eff934cc6814bf3f2e376334f - - default default] Successfully bumped revision number for resource 8d9a3899-b0c6-4621-b0cb-07b78a1ebb73 (type: networks) to 1
2026-05-14 08:44:15.275 8 WARNING neutron.scheduler.dhcp_agent_scheduler [None req-225bbad9-0c0d-4f70-81d8-25e502f1e091 09c8f58f7b3b414c90ef29256c60fe64 8e3f271eff934cc6814bf3f2e376334f - - default default] No more DHCP agents
2026-05-14 08:44:15.276 8 WARNING neutron.api.rpc.agentnotifiers.dhcp_rpc_agent_api [None req-225bbad9-0c0d-4f70-81d8-25e502f1e091 09c8f58f7b3b414c90ef29256c60fe64 8e3f271eff934cc6814bf3f2e376334f - - default default] Unable to schedule network 8d9a3899-b0c6-4621-b0cb-07b78a1ebb73: no agents available; will retry on subsequent port and subnet creation events.
2026-05-14 08:44:15.360 8 INFO neutron.db.ovn_revision_numbers_db [None req-225bbad9-0c0d-4f70-81d8-25e502f1e091 09c8f58f7b3b414c90ef29256c60fe64 8e3f271eff934cc6814bf3f2e376334f - - default default] Successfully bumped revision number for resource 1ec850b0-3472-4aa7-b795-a0414d60cf49 (type: ports) to 1 [pid: 8|app: 0|req: 1237/2382] 10.0.0.157 () {34 vars in 670 bytes} [Thu May 14 08:44:14 2026] POST /v2.0/networks => generated 667 bytes in 502 msecs (HTTP/1.1 201) 4 headers in 162 bytes (1 switches on core 0)
2026-05-14 08:44:15.561 7 WARNING neutron.scheduler.dhcp_agent_scheduler [None req-b31b63fa-17ab-4c10-b059-ff170633abe7 09c8f58f7b3b414c90ef29256c60fe64 8e3f271eff934cc6814bf3f2e376334f - - default default] No more DHCP agents
2026-05-14 08:44:15.562 7 WARNING neutron.api.rpc.agentnotifiers.dhcp_rpc_agent_api [None req-b31b63fa-17ab-4c10-b059-ff170633abe7 09c8f58f7b3b414c90ef29256c60fe64 8e3f271eff934cc6814bf3f2e376334f - - default default] Unable to schedule network b0938bd2-3da2-4154-921e-961decb076ee: no agents available; will retry on subsequent port and subnet creation events.
2026-05-14 08:44:15.987 7 INFO neutron.db.ovn_revision_numbers_db [None req-b31b63fa-17ab-4c10-b059-ff170633abe7 09c8f58f7b3b414c90ef29256c60fe64 8e3f271eff934cc6814bf3f2e376334f - - default default] Successfully bumped revision number for resource 3359f380-23ee-4a39-97b2-03514da1e297 (type: ports) to 2
2026-05-14 08:44:16.015 7 INFO neutron.db.ovn_revision_numbers_db [None req-b31b63fa-17ab-4c10-b059-ff170633abe7 09c8f58f7b3b414c90ef29256c60fe64 8e3f271eff934cc6814bf3f2e376334f - - default default] Successfully bumped revision number for resource 23aba6cb-a2ed-4c17-b542-975dec84f436 (type: subnets) to 0 [pid: 7|app: 0|req: 1146/2383] 10.0.0.157 () {34 vars in 669 bytes} [Thu May 14 08:44:15 2026] POST /v2.0/subnets => generated 626 bytes in 647 msecs (HTTP/1.1 201) 4 headers in 162 bytes (1 switches on core 0)
2026-05-14 08:44:16.221 8 WARNING neutron.scheduler.dhcp_agent_scheduler [None req-9380885f-9460-4f71-a99c-c03b4ccb0249 09c8f58f7b3b414c90ef29256c60fe64 8e3f271eff934cc6814bf3f2e376334f - - default default] No more DHCP agents
2026-05-14 08:44:16.237 8 WARNING neutron.api.rpc.agentnotifiers.dhcp_rpc_agent_api [None req-9380885f-9460-4f71-a99c-c03b4ccb0249 09c8f58f7b3b414c90ef29256c60fe64 8e3f271eff934cc6814bf3f2e376334f - - default default] Unable to schedule network 8d9a3899-b0c6-4621-b0cb-07b78a1ebb73: no agents available; will retry on subsequent port and subnet creation events.
2026-05-14 08:44:16.669 8 INFO neutron.db.ovn_revision_numbers_db [None req-9380885f-9460-4f71-a99c-c03b4ccb0249 09c8f58f7b3b414c90ef29256c60fe64 8e3f271eff934cc6814bf3f2e376334f - - default default] Successfully bumped revision number for resource 1ec850b0-3472-4aa7-b795-a0414d60cf49 (type: ports) to 2
2026-05-14 08:44:16.699 8 INFO neutron.db.ovn_revision_numbers_db [None req-9380885f-9460-4f71-a99c-c03b4ccb0249 09c8f58f7b3b414c90ef29256c60fe64 8e3f271eff934cc6814bf3f2e376334f - - default default] Successfully bumped revision number for resource 5b32fab0-6572-4b48-879f-301ffef46a8d (type: subnets) to 0 [pid: 8|app: 0|req: 1238/2384] 10.0.0.157 () {34 vars in 669 bytes} [Thu May 14 08:44:16 2026] POST /v2.0/subnets => generated 626 bytes in 679 msecs (HTTP/1.1 201) 4 headers in 162 bytes (1 switches on core 0)
2026-05-14 08:44:16.825 7 INFO neutron.db.ovn_revision_numbers_db [None req-342f939b-30a7-4a0c-85b7-03dd23e775e6 09c8f58f7b3b414c90ef29256c60fe64 8e3f271eff934cc6814bf3f2e376334f - - default default] Successfully bumped revision number for resource c3cf1643-1d6e-44db-b5c3-c1f70c7b2930 (type: routers) to 1 [pid: 7|app: 0|req: 1147/2385] 10.0.0.157 () {34 vars in 669 bytes} [Thu May 14 08:44:16 2026] POST /v2.0/routers => generated 624 bytes in 117 msecs (HTTP/1.1 201) 4 headers in 162 bytes (1 switches on core 0)
2026-05-14 08:44:17.176 8 WARNING neutron.scheduler.dhcp_agent_scheduler [None req-7b17c970-2af1-4ade-8d0b-4a52420ec538 09c8f58f7b3b414c90ef29256c60fe64 8e3f271eff934cc6814bf3f2e376334f - - default default] No more DHCP agents
2026-05-14 08:44:17.178 8 WARNING neutron.api.rpc.agentnotifiers.dhcp_rpc_agent_api [None req-7b17c970-2af1-4ade-8d0b-4a52420ec538 09c8f58f7b3b414c90ef29256c60fe64 8e3f271eff934cc6814bf3f2e376334f - - default default] Unable to schedule network b0938bd2-3da2-4154-921e-961decb076ee: no agents available; will retry on subsequent port and subnet creation events.
2026-05-14 08:44:17.291 7 INFO neutron.plugins.ml2.drivers.ovn.mech_driver.mech_driver [None req-7ac2f8f9-ed86-4ecf-87d6-dd1ac9a15b1e - - - - - -] OVN reports status down for port: 38b0ee9c-97f8-4164-8e9f-48cf1710f9f1
2026-05-14 08:44:17.319 8 INFO neutron.db.ovn_revision_numbers_db [None req-7b17c970-2af1-4ade-8d0b-4a52420ec538 09c8f58f7b3b414c90ef29256c60fe64 8e3f271eff934cc6814bf3f2e376334f - - default default] Successfully bumped revision number for resource 38b0ee9c-97f8-4164-8e9f-48cf1710f9f1 (type: ports) to 1 [pid: 7|app: 0|req: 1148/2386] 199.204.45.35 () {34 vars in 985 bytes} [Thu May 14 08:44:17 2026] GET /v2.0/networks?id=c9cbe3a1-f1e3-4c81-8425-c017981080d9 => generated 742 bytes in 41 msecs (HTTP/1.1 200) 4 headers in 157 bytes (1 switches on core 0)
2026-05-14 08:44:17.414 7 WARNING neutron.db.securitygroups_db [req-4707a3b4-2e04-450e-87da-a2f7a076d52b req-ed98fbe3-0a6e-4899-8d79-a60be2580814 2a1f1641e78043e6b8f2a3cd5c6bc307 b857ba35ab7d4adfaf5dbf28561b55df - - default default] project_id key not found in filters, using tenant_id instead. This support has been deprecated and will be removed in a future release.
2026-05-14 08:44:17.430 8 WARNING neutron.plugins.ml2.drivers.ovn.mech_driver.ovsdb.ovn_client [None req-e65bb744-d1de-457f-a31b-60e42afb928e - - - - - -] No hosting information found for port 6e89a960-b4a1-46dc-97fd-1ab6066c1965: RuntimeError: No hosting information found for port 6e89a960-b4a1-46dc-97fd-1ab6066c1965 [pid: 7|app: 0|req: 1149/2387] 199.204.45.35 () {34 vars in 1049 bytes} [Thu May 14 08:44:17 2026] GET /v2.0/security-groups?fields=id&fields=name&tenant_id=b857ba35ab7d4adfaf5dbf28561b55df => generated 178 bytes in 35 msecs (HTTP/1.1 200) 4 headers in 157 bytes (1 switches on core 0)
2026-05-14 08:44:17.496 8 INFO neutron.common.ovn.utils [None req-e65bb744-d1de-457f-a31b-60e42afb928e - - - - - -] HA Chassis Group neutron-c9cbe3a1-f1e3-4c81-8425-c017981080d9 synchronized; highest priority chassis 75f0e84d-ac3d-4c03-8d5e-0335d463036c
2026-05-14 08:44:17.703 8 INFO neutron.db.ovn_revision_numbers_db [None req-e65bb744-d1de-457f-a31b-60e42afb928e - - - - - -] Successfully bumped revision number for resource 6e89a960-b4a1-46dc-97fd-1ab6066c1965 (type: router_ports) to 2
2026-05-14 08:44:17.704 8 INFO neutron.plugins.ml2.drivers.ovn.mech_driver.mech_driver [None req-e65bb744-d1de-457f-a31b-60e42afb928e - - - - - -] OVN reports status down for port: 92022966-5ac8-4ae3-8c79-0fa3982cc717
2026-05-14 08:44:17.736 7 WARNING neutron.scheduler.dhcp_agent_scheduler [req-4707a3b4-2e04-450e-87da-a2f7a076d52b req-8ee20743-400a-4536-92d3-262cf307d1bc 2a1f1641e78043e6b8f2a3cd5c6bc307 b857ba35ab7d4adfaf5dbf28561b55df - - default default] No more DHCP agents
2026-05-14 08:44:17.737 7 WARNING neutron.api.rpc.agentnotifiers.dhcp_rpc_agent_api [req-4707a3b4-2e04-450e-87da-a2f7a076d52b req-8ee20743-400a-4536-92d3-262cf307d1bc 2a1f1641e78043e6b8f2a3cd5c6bc307 b857ba35ab7d4adfaf5dbf28561b55df - - default default] Unable to schedule network c9cbe3a1-f1e3-4c81-8425-c017981080d9: no agents available; will retry on subsequent port and subnet creation events.
2026-05-14 08:44:17.822 8 WARNING neutron.plugins.ml2.drivers.ovn.mech_driver.ovsdb.ovn_client [None req-e65bb744-d1de-457f-a31b-60e42afb928e - - - - - -] Logical_Switch_Port 92022966-5ac8-4ae3-8c79-0fa3982cc717 host information not removed, the port state is up
2026-05-14 08:44:17.823 8 INFO neutron.plugins.ml2.drivers.ovn.mech_driver.mech_driver [None req-e65bb744-d1de-457f-a31b-60e42afb928e - - - - - -] OVN reports status up for port: 92022966-5ac8-4ae3-8c79-0fa3982cc717
2026-05-14 08:44:17.843 8 INFO neutron.plugins.ml2.plugin [None req-e65bb744-d1de-457f-a31b-60e42afb928e - - - - - -] Attempt 1 to provision port 92022966-5ac8-4ae3-8c79-0fa3982cc717
2026-05-14 08:44:17.893 7 INFO neutron.db.ovn_revision_numbers_db [req-4707a3b4-2e04-450e-87da-a2f7a076d52b req-8ee20743-400a-4536-92d3-262cf307d1bc 2a1f1641e78043e6b8f2a3cd5c6bc307 b857ba35ab7d4adfaf5dbf28561b55df - - default default] Successfully bumped revision number for resource 2296902e-a7f1-4bd8-81bf-b8ee1db94b2c (type: ports) to 1 [pid: 7|app: 0|req: 1150/2388] 199.204.45.35 () {38 vars in 954 bytes} [Thu May 14 08:44:17 2026] POST /v2.0/ports => generated 1175 bytes in 498 msecs (HTTP/1.1 201) 4 headers in 163 bytes (1 switches on core 0) /var/lib/openstack/lib/python3.12/site-packages/pycadf/identifier.py:70: UserWarning: Invalid uuid: neutron. To ensure interoperability, identifiers should be a valid uuid. warnings.warn(('Invalid uuid: %s. To ensure interoperability, '
