2026-05-14 08:41:05.418 8 INFO neutron.db.ovn_revision_numbers_db [None req-49d970db-ff7e-4f13-9089-7ec59b0c467f fb1b436fc3994c46994a5c0cb04704ce c3e731a8432d429b9c6fd42871d19c8a - - default default] Successfully bumped revision number for resource 7cd71205-304e-44a4-bfc7-7e664d913662 (type: security_group_rules) to 0
2026-05-14 08:41:05.428 8 INFO neutron.db.ovn_revision_numbers_db [None req-49d970db-ff7e-4f13-9089-7ec59b0c467f fb1b436fc3994c46994a5c0cb04704ce c3e731a8432d429b9c6fd42871d19c8a - - default default] Successfully bumped revision number for resource 910ba4c5-9db3-4b47-9da5-3969f77c95c1 (type: security_group_rules) to 0
2026-05-14 08:41:05.439 8 INFO neutron.db.ovn_revision_numbers_db [None req-49d970db-ff7e-4f13-9089-7ec59b0c467f fb1b436fc3994c46994a5c0cb04704ce c3e731a8432d429b9c6fd42871d19c8a - - default default] Successfully bumped revision number for resource fe6e5a74-0868-493d-b7fe-89dcf6476205 (type: security_group_rules) to 0 [pid: 8|app: 0|req: 565/1118] 10.0.0.157 () {32 vars in 774 bytes} [Thu May 14 08:41:05 2026] GET /v2.0/security-groups?tenant_id=41f895a131f74ac2a9b26725d3b8feb0&name=default => generated 2925 bytes in 401 msecs (HTTP/1.1 200) 4 headers in 158 bytes (1 switches on core 0) [pid: 8|app: 0|req: 566/1119] 10.0.0.129 () {34 vars in 1040 bytes} [Thu May 14 08:41:05 2026] GET /v2.0/security-groups?id=b014d07f-dd23-4bee-809b-b94e2f9bae7f&fields=id&fields=name => generated 88 bytes in 26 msecs (HTTP/1.1 200) 4 headers in 156 bytes (1 switches on core 0)
2026-05-14 08:41:05.541 7 INFO neutron.services.segments.plugin [-] Segment 96de8b13-7e83-40db-a5a4-f4376284e723 resource provider aggregate not found
2026-05-14 08:41:05.547 7 INFO neutron.services.segments.plugin [-] Segment 96de8b13-7e83-40db-a5a4-f4376284e723 resource provider aggregate not found
2026-05-14 08:41:05.567 7 INFO neutron.services.segments.plugin [-] Segment 96de8b13-7e83-40db-a5a4-f4376284e723 resource provider not found; error: Placement Client Error (4xx): {"errors": [{"status": 404, "title": "Not Found", "detail": "The resource could not be found.\n\n No resource provider with uuid 96de8b13-7e83-40db-a5a4-f4376284e723 found for delete ", "request_id": "req-6d6f1042-bbd0-4a3a-bd73-07647886ce39"}]}
2026-05-14 08:41:05.571 7 INFO neutron.services.segments.plugin [-] Segment 96de8b13-7e83-40db-a5a4-f4376284e723 resource provider not found; error: Placement Client Error (4xx): {"errors": [{"status": 404, "title": "Not Found", "detail": "The resource could not be found.\n\n No resource provider with uuid 96de8b13-7e83-40db-a5a4-f4376284e723 found for delete ", "request_id": "req-8bd9dccc-9e78-4c10-a9ff-b792c992d635"}]} [pid: 7|app: 0|req: 554/1120] 10.0.0.157 () {32 vars in 726 bytes} [Thu May 14 08:41:05 2026] DELETE /v2.0/networks/af018c87-8c01-424e-b522-cc6884728760 => generated 0 bytes in 349 msecs (HTTP/1.1 204) 3 headers in 131 bytes (1 switches on core 0) [pid: 8|app: 0|req: 567/1121] 10.0.0.157 () {32 vars in 740 bytes} [Thu May 14 08:41:05 2026] DELETE /v2.0/security-groups/00d9194b-4e1a-47eb-b4ee-2d7f01b12930 => generated 0 bytes in 189 msecs (HTTP/1.1 204) 2 headers in 112 bytes (1 switches on core 0)
2026-05-14 08:41:05.715 7 WARNING neutron.db.securitygroups_db [None req-464292eb-da9d-4770-b8fc-1b42cace408d fb1b436fc3994c46994a5c0cb04704ce c3e731a8432d429b9c6fd42871d19c8a - - default default] project_id key not found in filters, using tenant_id instead. This support has been deprecated and will be removed in a future release. [pid: 7|app: 0|req: 555/1122] 10.0.0.157 () {32 vars in 774 bytes} [Thu May 14 08:41:05 2026] GET /v2.0/security-groups?tenant_id=45a7735c39f548cba6f6a4c095c716b6&name=default => generated 2925 bytes in 36 msecs (HTTP/1.1 200) 4 headers in 158 bytes (1 switches on core 0)
2026-05-14 08:41:05.972 8 INFO neutron.plugins.ml2.drivers.ovn.mech_driver.mech_driver [None req-5f0b50aa-932c-4a6b-9a45-7fb38ff4df16 - - - - - -] OVN reports status up for port: 8348a7b6-311a-4f91-ad2d-0108ba80588d
2026-05-14 08:41:05.989 8 INFO neutron.plugins.ml2.plugin [None req-5f0b50aa-932c-4a6b-9a45-7fb38ff4df16 - - - - - -] Attempt 1 to provision port 8348a7b6-311a-4f91-ad2d-0108ba80588d [pid: 8|app: 0|req: 568/1123] 10.0.0.157 () {32 vars in 740 bytes} [Thu May 14 08:41:05 2026] DELETE /v2.0/security-groups/9000058e-9f3b-4925-b513-478546453275 => generated 0 bytes in 280 msecs (HTTP/1.1 204) 2 headers in 112 bytes (1 switches on core 0)
2026-05-14 08:41:06.135 8 INFO neutron.notifiers.nova [-] Nova event matching ['req-61a2b1ca-17c3-440d-baf1-daa99069f3ee'] response: {'server_uuid': '44cd9361-6a1f-43d7-b9cc-0b28a4e4d72f', 'name': 'network-vif-plugged', 'status': 'completed', 'tag': '8348a7b6-311a-4f91-ad2d-0108ba80588d', 'code': 200}
2026-05-14 08:41:06.303 8 INFO neutron.db.ovn_revision_numbers_db [None req-5f0b50aa-932c-4a6b-9a45-7fb38ff4df16 - - - - - -] Successfully bumped revision number for resource 8348a7b6-311a-4f91-ad2d-0108ba80588d (type: ports) to 5 /var/lib/openstack/lib/python3.12/site-packages/pycadf/identifier.py:70: UserWarning: Invalid uuid: neutron. To ensure interoperability, identifiers should be a valid uuid. warnings.warn(('Invalid uuid: %s. To ensure interoperability, ' [pid: 8|app: 0|req: 570/1126] 10.0.0.129 () {34 vars in 990 bytes} [Thu May 14 08:41:06 2026] GET /v2.0/ports?device_id=44cd9361-6a1f-43d7-b9cc-0b28a4e4d72f => generated 975 bytes in 69 msecs (HTTP/1.1 200) 4 headers in 157 bytes (1 switches on core 0) [pid: 7|app: 0|req: 557/1127] 10.0.0.129 () {34 vars in 1040 bytes} [Thu May 14 08:41:06 2026] GET /v2.0/security-groups?id=b014d07f-dd23-4bee-809b-b94e2f9bae7f&fields=id&fields=name => generated 88 bytes in 39 msecs (HTTP/1.1 200) 4 headers in 156 bytes (1 switches on core 0) [pid: 7|app: 0|req: 558/1128] 10.0.0.129 () {34 vars in 990 bytes} [Thu May 14 08:41:07 2026] GET /v2.0/ports?device_id=44cd9361-6a1f-43d7-b9cc-0b28a4e4d72f => generated 975 bytes in 74 msecs (HTTP/1.1 200) 4 headers in 157 bytes (1 switches on core 0) [pid: 7|app: 0|req: 559/1129] 10.0.0.129 () {34 vars in 1040 bytes} [Thu May 14 08:41:07 2026] GET /v2.0/security-groups?id=b014d07f-dd23-4bee-809b-b94e2f9bae7f&fields=id&fields=name => generated 88 bytes in 30 msecs (HTTP/1.1 200) 4 headers in 156 bytes (1 switches on core 0)
2026-05-14 08:41:07.962 8 INFO neutron.db.ovn_revision_numbers_db [None req-50cb128a-3436-443c-ba64-17d53a4059cb afa8464c20914872b2c01d1a253ae34c b2ac0537650e4e97a5ccb1a8bba22dfd - - default default] Successfully bumped revision number for resource ba565be1-38bc-406b-bca1-7327e3e0011d (type: security_groups) to 1
2026-05-14 08:41:07.974 8 INFO neutron.db.ovn_revision_numbers_db [None req-50cb128a-3436-443c-ba64-17d53a4059cb afa8464c20914872b2c01d1a253ae34c b2ac0537650e4e97a5ccb1a8bba22dfd - - default default] Successfully bumped revision number for resource 0a82fa2c-7b31-48bf-a232-3975f35e4a3f (type: security_group_rules) to 0
2026-05-14 08:41:07.987 8 INFO neutron.db.ovn_revision_numbers_db [None req-50cb128a-3436-443c-ba64-17d53a4059cb afa8464c20914872b2c01d1a253ae34c b2ac0537650e4e97a5ccb1a8bba22dfd - - default default] Successfully bumped revision number for resource 52af690e-b40a-4b26-a7d3-0dd081d5bcba (type: security_group_rules) to 0
2026-05-14 08:41:07.999 8 INFO neutron.db.ovn_revision_numbers_db [None req-50cb128a-3436-443c-ba64-17d53a4059cb afa8464c20914872b2c01d1a253ae34c b2ac0537650e4e97a5ccb1a8bba22dfd - - default default] Successfully bumped revision number for resource 5d7a2076-71ce-4f19-b18e-4b12de24ba21 (type: security_group_rules) to 0
2026-05-14 08:41:08.010 8 INFO neutron.db.ovn_revision_numbers_db [None req-50cb128a-3436-443c-ba64-17d53a4059cb afa8464c20914872b2c01d1a253ae34c b2ac0537650e4e97a5ccb1a8bba22dfd - - default default] Successfully bumped revision number for resource 770cf1d0-073d-47bb-a166-303fb9e24f9a (type: security_group_rules) to 0
2026-05-14 08:41:08.085 8 INFO neutron.db.segments_db [None req-50cb128a-3436-443c-ba64-17d53a4059cb afa8464c20914872b2c01d1a253ae34c b2ac0537650e4e97a5ccb1a8bba22dfd - - default default] Added segment b656fedb-7c4e-4b02-850d-b1a208765896 of type geneve for network a67b80bc-d38f-4848-9da6-f0a0b0141bda
2026-05-14 08:41:08.182 8 INFO neutron.notifiers.nova [-] Nova event matching ['req-2b322842-5e11-4427-9445-b46eccb02826'] response: {'server_uuid': '44cd9361-6a1f-43d7-b9cc-0b28a4e4d72f', 'name': 'network-vif-plugged', 'status': 'completed', 'tag': '8348a7b6-311a-4f91-ad2d-0108ba80588d', 'code': 200}
2026-05-14 08:41:08.214 8 INFO neutron.db.ovn_revision_numbers_db [None req-50cb128a-3436-443c-ba64-17d53a4059cb afa8464c20914872b2c01d1a253ae34c b2ac0537650e4e97a5ccb1a8bba22dfd - - default default] Successfully bumped revision number for resource a67b80bc-d38f-4848-9da6-f0a0b0141bda (type: networks) to 1
2026-05-14 08:41:08.424 7 INFO neutron.db.ovn_revision_numbers_db [None req-40a56ac7-0261-4f83-a6b9-75a4eccf4c64 fb1b436fc3994c46994a5c0cb04704ce c3e731a8432d429b9c6fd42871d19c8a - - default default] Successfully bumped revision number for resource 20c896b5-ae8a-4df5-a61c-2d20be6609e7 (type: security_groups) to 1
2026-05-14 08:41:08.439 7 INFO neutron.db.ovn_revision_numbers_db [None req-40a56ac7-0261-4f83-a6b9-75a4eccf4c64 fb1b436fc3994c46994a5c0cb04704ce c3e731a8432d429b9c6fd42871d19c8a - - default default] Successfully bumped revision number for resource 2e794721-71f2-4bb7-a775-85bcc8063dda (type: security_group_rules) to 0
2026-05-14 08:41:08.452 7 INFO neutron.db.ovn_revision_numbers_db [None req-40a56ac7-0261-4f83-a6b9-75a4eccf4c64 fb1b436fc3994c46994a5c0cb04704ce c3e731a8432d429b9c6fd42871d19c8a - - default default] Successfully bumped revision number for resource 9436a16e-2c72-40a5-8c8a-3892a7ac76a7 (type: security_group_rules) to 0
2026-05-14 08:41:08.456 8 WARNING neutron.scheduler.dhcp_agent_scheduler [None req-50cb128a-3436-443c-ba64-17d53a4059cb afa8464c20914872b2c01d1a253ae34c b2ac0537650e4e97a5ccb1a8bba22dfd - - default default] No more DHCP agents
2026-05-14 08:41:08.457 8 WARNING neutron.api.rpc.agentnotifiers.dhcp_rpc_agent_api [None req-50cb128a-3436-443c-ba64-17d53a4059cb afa8464c20914872b2c01d1a253ae34c b2ac0537650e4e97a5ccb1a8bba22dfd - - default default] Unable to schedule network a67b80bc-d38f-4848-9da6-f0a0b0141bda: no agents available; will retry on subsequent port and subnet creation events.
2026-05-14 08:41:08.465 7 INFO neutron.db.ovn_revision_numbers_db [None req-40a56ac7-0261-4f83-a6b9-75a4eccf4c64 fb1b436fc3994c46994a5c0cb04704ce c3e731a8432d429b9c6fd42871d19c8a - - default default] Successfully bumped revision number for resource cbffb594-50be-4d75-9ec5-c80fb9fcee13 (type: security_group_rules) to 0
2026-05-14 08:41:08.480 7 INFO neutron.db.ovn_revision_numbers_db [None req-40a56ac7-0261-4f83-a6b9-75a4eccf4c64 fb1b436fc3994c46994a5c0cb04704ce c3e731a8432d429b9c6fd42871d19c8a - - default default] Successfully bumped revision number for resource fcc813a0-1732-43a2-9114-b41f1bdc92df (type: security_group_rules) to 0
2026-05-14 08:41:08.519 8 INFO neutron.plugins.ml2.drivers.ovn.mech_driver.mech_driver [None req-6a31f9fb-70be-4df4-b42f-b7cf29edcc42 - - - - - -] OVN reports status down for port: 35d85e42-6e59-431b-85f8-17e385cd6d33
2026-05-14 08:41:08.581 7 INFO neutron.db.segments_db [None req-40a56ac7-0261-4f83-a6b9-75a4eccf4c64 fb1b436fc3994c46994a5c0cb04704ce c3e731a8432d429b9c6fd42871d19c8a - - default default] Added segment 57f15a20-0108-4b78-9628-e02bd9400700 of type geneve for network 6c42b0f6-5a24-4132-bf98-2b53a24e7210
2026-05-14 08:41:08.584 8 INFO neutron.db.ovn_revision_numbers_db [None req-50cb128a-3436-443c-ba64-17d53a4059cb afa8464c20914872b2c01d1a253ae34c b2ac0537650e4e97a5ccb1a8bba22dfd - - default default] Successfully bumped revision number for resource 35d85e42-6e59-431b-85f8-17e385cd6d33 (type: ports) to 1 [pid: 8|app: 0|req: 571/1130] 10.0.0.157 () {34 vars in 670 bytes} [Thu May 14 08:41:07 2026] POST /v2.0/networks => generated 682 bytes in 1093 msecs (HTTP/1.1 201) 4 headers in 162 bytes (1 switches on core 0)
2026-05-14 08:41:08.734 7 INFO neutron.db.ovn_revision_numbers_db [None req-40a56ac7-0261-4f83-a6b9-75a4eccf4c64 fb1b436fc3994c46994a5c0cb04704ce c3e731a8432d429b9c6fd42871d19c8a - - default default] Successfully bumped revision number for resource 6c42b0f6-5a24-4132-bf98-2b53a24e7210 (type: networks) to 1
2026-05-14 08:41:08.851 8 WARNING neutron.db.securitygroups_db [None req-e01a178b-c1ae-4ca7-8eaf-e227de0a5626 fb1b436fc3994c46994a5c0cb04704ce c3e731a8432d429b9c6fd42871d19c8a - - default default] project_id key not found in filters, using tenant_id instead. This support has been deprecated and will be removed in a future release.
2026-05-14 08:41:08.909 7 WARNING neutron.scheduler.dhcp_agent_scheduler [None req-40a56ac7-0261-4f83-a6b9-75a4eccf4c64 fb1b436fc3994c46994a5c0cb04704ce c3e731a8432d429b9c6fd42871d19c8a - - default default] No more DHCP agents
2026-05-14 08:41:08.911 7 WARNING neutron.api.rpc.agentnotifiers.dhcp_rpc_agent_api [None req-40a56ac7-0261-4f83-a6b9-75a4eccf4c64 fb1b436fc3994c46994a5c0cb04704ce c3e731a8432d429b9c6fd42871d19c8a - - default default] Unable to schedule network 6c42b0f6-5a24-4132-bf98-2b53a24e7210: no agents available; will retry on subsequent port and subnet creation events.
2026-05-14 08:41:08.994 8 INFO neutron.plugins.ml2.drivers.ovn.mech_driver.mech_driver [None req-6a31f9fb-70be-4df4-b42f-b7cf29edcc42 - - - - - -] OVN reports status down for port: 8cd1c900-e6ab-4b32-83c0-42312ac66448
2026-05-14 08:41:09.019 7 INFO neutron.db.ovn_revision_numbers_db [None req-40a56ac7-0261-4f83-a6b9-75a4eccf4c64 fb1b436fc3994c46994a5c0cb04704ce c3e731a8432d429b9c6fd42871d19c8a - - default default] Successfully bumped revision number for resource 8cd1c900-e6ab-4b32-83c0-42312ac66448 (type: ports) to 1
2026-05-14 08:41:09.039 8 INFO neutron.db.ovn_revision_numbers_db [None req-e01a178b-c1ae-4ca7-8eaf-e227de0a5626 fb1b436fc3994c46994a5c0cb04704ce c3e731a8432d429b9c6fd42871d19c8a - - default default] Successfully bumped revision number for resource 0dc54372-5741-4879-a071-3344ba8b979b (type: security_groups) to 1 [pid: 7|app: 0|req: 560/1131] 10.0.0.157 () {34 vars in 671 bytes} [Thu May 14 08:41:08 2026] POST /v2.0/networks => generated 782 bytes in 1046 msecs (HTTP/1.1 201) 4 headers in 162 bytes (1 switches on core 0)
2026-05-14 08:41:09.062 8 INFO neutron.db.ovn_revision_numbers_db [None req-e01a178b-c1ae-4ca7-8eaf-e227de0a5626 fb1b436fc3994c46994a5c0cb04704ce c3e731a8432d429b9c6fd42871d19c8a - - default default] Successfully bumped revision number for resource 71218b33-d89c-456f-ad51-fdde95cb9787 (type: security_group_rules) to 0
2026-05-14 08:41:09.088 8 INFO neutron.db.ovn_revision_numbers_db [None req-e01a178b-c1ae-4ca7-8eaf-e227de0a5626 fb1b436fc3994c46994a5c0cb04704ce c3e731a8432d429b9c6fd42871d19c8a - - default default] Successfully bumped revision number for resource 743c7c34-d085-4f93-bfe1-02c0b3208ebe (type: security_group_rules) to 0
2026-05-14 08:41:09.127 8 INFO neutron.db.ovn_revision_numbers_db [None req-e01a178b-c1ae-4ca7-8eaf-e227de0a5626 fb1b436fc3994c46994a5c0cb04704ce c3e731a8432d429b9c6fd42871d19c8a - - default default] Successfully bumped revision number for resource 87e39b0c-1e7a-472c-b59a-4cdc1aa7d658 (type: security_group_rules) to 0
2026-05-14 08:41:09.142 8 INFO neutron.db.ovn_revision_numbers_db [None req-e01a178b-c1ae-4ca7-8eaf-e227de0a5626 fb1b436fc3994c46994a5c0cb04704ce c3e731a8432d429b9c6fd42871d19c8a - - default default] Successfully bumped revision number for resource 8db5e2c2-5677-4e18-89a4-b5188188f648 (type: security_group_rules) to 0 [pid: 8|app: 0|req: 572/1132] 10.0.0.157 () {32 vars in 774 bytes} [Thu May 14 08:41:08 2026] GET /v2.0/security-groups?tenant_id=1106333f2acd49eda957031e7f8df27f&name=default => generated 2925 bytes in 547 msecs (HTTP/1.1 200) 4 headers in 158 bytes (1 switches on core 0) [pid: 8|app: 0|req: 573/1133] 10.0.0.129 () {34 vars in 990 bytes} [Thu May 14 08:41:09 2026] GET /v2.0/ports?device_id=44cd9361-6a1f-43d7-b9cc-0b28a4e4d72f => generated 975 bytes in 53 msecs (HTTP/1.1 200) 4 headers in 157 bytes (1 switches on core 0)
2026-05-14 08:41:09.263 7 WARNING neutron.scheduler.dhcp_agent_scheduler [None req-ab5211b3-0771-4b23-8946-4eda8e8892f3 afa8464c20914872b2c01d1a253ae34c b2ac0537650e4e97a5ccb1a8bba22dfd - - default default] No more DHCP agents
2026-05-14 08:41:09.264 7 WARNING neutron.api.rpc.agentnotifiers.dhcp_rpc_agent_api [None req-ab5211b3-0771-4b23-8946-4eda8e8892f3 afa8464c20914872b2c01d1a253ae34c b2ac0537650e4e97a5ccb1a8bba22dfd - - default default] Unable to schedule network a67b80bc-d38f-4848-9da6-f0a0b0141bda: no agents available; will retry on subsequent port and subnet creation events.
2026-05-14 08:41:09.407 8 WARNING neutron.scheduler.dhcp_agent_scheduler [None req-3170f8a9-0545-45e3-93d0-ba1bbae4c924 fb1b436fc3994c46994a5c0cb04704ce c3e731a8432d429b9c6fd42871d19c8a - - default default] No more DHCP agents
2026-05-14 08:41:09.408 8 WARNING neutron.api.rpc.agentnotifiers.dhcp_rpc_agent_api [None req-3170f8a9-0545-45e3-93d0-ba1bbae4c924 fb1b436fc3994c46994a5c0cb04704ce c3e731a8432d429b9c6fd42871d19c8a - - default default] Unable to schedule network 6c42b0f6-5a24-4132-bf98-2b53a24e7210: no agents available; will retry on subsequent port and subnet creation events.
2026-05-14 08:41:09.702 7 INFO neutron.db.ovn_revision_numbers_db [None req-ab5211b3-0771-4b23-8946-4eda8e8892f3 afa8464c20914872b2c01d1a253ae34c b2ac0537650e4e97a5ccb1a8bba22dfd - - default default] Successfully bumped revision number for resource 35d85e42-6e59-431b-85f8-17e385cd6d33 (type: ports) to 2
2026-05-14 08:41:09.759 7 INFO neutron.db.ovn_revision_numbers_db [None req-ab5211b3-0771-4b23-8946-4eda8e8892f3 afa8464c20914872b2c01d1a253ae34c b2ac0537650e4e97a5ccb1a8bba22dfd - - default default] Successfully bumped revision number for resource 0ad7141f-2002-4d8e-a6af-a22c7c75bbd9 (type: subnets) to 0 [pid: 7|app: 0|req: 561/1134] 10.0.0.157 () {34 vars in 669 bytes} [Thu May 14 08:41:09 2026] POST /v2.0/subnets => generated 641 bytes in 738 msecs (HTTP/1.1 201) 4 headers in 162 bytes (1 switches on core 0)
2026-05-14 08:41:09.881 8 INFO neutron.db.ovn_revision_numbers_db [None req-3170f8a9-0545-45e3-93d0-ba1bbae4c924 fb1b436fc3994c46994a5c0cb04704ce c3e731a8432d429b9c6fd42871d19c8a - - default default] Successfully bumped revision number for resource 8cd1c900-e6ab-4b32-83c0-42312ac66448 (type: ports) to 2
2026-05-14 08:41:09.920 8 INFO neutron.db.ovn_revision_numbers_db [None req-3170f8a9-0545-45e3-93d0-ba1bbae4c924 fb1b436fc3994c46994a5c0cb04704ce c3e731a8432d429b9c6fd42871d19c8a - - default default] Successfully bumped revision number for resource aec78127-8548-47f7-bd59-1bf36d7a2c95 (type: subnets) to 0 [pid: 8|app: 0|req: 574/1135] 10.0.0.157 () {34 vars in 669 bytes} [Thu May 14 08:41:09 2026] POST /v2.0/subnets => generated 689 bytes in 709 msecs (HTTP/1.1 201) 4 headers in 162 bytes (1 switches on core 0) [pid: 8|app: 0|req: 575/1136] 10.0.0.129 () {34 vars in 1040 bytes} [Thu May 14 08:41:09 2026] GET /v2.0/security-groups?id=b014d07f-dd23-4bee-809b-b94e2f9bae7f&fields=id&fields=name => generated 88 bytes in 39 msecs (HTTP/1.1 200) 4 headers in 156 bytes (1 switches on core 0) [pid: 7|app: 0|req: 562/1137] 10.0.0.157 () {32 vars in 740 bytes} [Thu May 14 08:41:09 2026] DELETE /v2.0/security-groups/0dc54372-5741-4879-a071-3344ba8b979b => generated 0 bytes in 232 msecs (HTTP/1.1 204) 2 headers in 112 bytes (1 switches on core 0)
2026-05-14 08:41:10.088 8 INFO neutron.db.segments_db [None req-48f9f53d-aebb-4f3e-81db-a58bb4dbfb98 afa8464c20914872b2c01d1a253ae34c b2ac0537650e4e97a5ccb1a8bba22dfd - - default default] Added segment 6c6ec697-e2ed-4bcf-8e18-0ee70e71b815 of type geneve for network a76d7185-37b6-4613-a7dd-4a9d6111d883
2026-05-14 08:41:10.215 8 INFO neutron.db.ovn_revision_numbers_db [None req-48f9f53d-aebb-4f3e-81db-a58bb4dbfb98 afa8464c20914872b2c01d1a253ae34c b2ac0537650e4e97a5ccb1a8bba22dfd - - default default] Successfully bumped revision number for resource a76d7185-37b6-4613-a7dd-4a9d6111d883 (type: networks) to 1
2026-05-14 08:41:10.369 8 WARNING neutron.scheduler.dhcp_agent_scheduler [None req-48f9f53d-aebb-4f3e-81db-a58bb4dbfb98 afa8464c20914872b2c01d1a253ae34c b2ac0537650e4e97a5ccb1a8bba22dfd - - default default] No more DHCP agents
2026-05-14 08:41:10.370 8 WARNING neutron.api.rpc.agentnotifiers.dhcp_rpc_agent_api [None req-48f9f53d-aebb-4f3e-81db-a58bb4dbfb98 afa8464c20914872b2c01d1a253ae34c b2ac0537650e4e97a5ccb1a8bba22dfd - - default default] Unable to schedule network a76d7185-37b6-4613-a7dd-4a9d6111d883: no agents available; will retry on subsequent port and subnet creation events.
2026-05-14 08:41:10.442 7 INFO neutron.plugins.ml2.drivers.ovn.mech_driver.mech_driver [None req-02adeeb4-5c14-4175-8f74-657d63ea89a5 - - - - - -] OVN reports status down for port: 211239c2-911b-4b29-be53-b549777ddd28
2026-05-14 08:41:10.466 8 INFO neutron.db.ovn_revision_numbers_db [None req-48f9f53d-aebb-4f3e-81db-a58bb4dbfb98 afa8464c20914872b2c01d1a253ae34c b2ac0537650e4e97a5ccb1a8bba22dfd - - default default] Successfully bumped revision number for resource 211239c2-911b-4b29-be53-b549777ddd28 (type: ports) to 1 [pid: 8|app: 0|req: 576/1138] 10.0.0.157 () {34 vars in 670 bytes} [Thu May 14 08:41:09 2026] POST /v2.0/networks => generated 681 bytes in 511 msecs (HTTP/1.1 201) 4 headers in 162 bytes (1 switches on core 0)
2026-05-14 08:41:10.499 8 WARNING neutron.db.securitygroups_db [None req-382121dd-9322-4ad7-b992-db102e68d27d fb1b436fc3994c46994a5c0cb04704ce c3e731a8432d429b9c6fd42871d19c8a - - default default] project_id key not found in filters, using tenant_id instead. This support has been deprecated and will be removed in a future release.
2026-05-14 08:41:10.565 7 WARNING neutron.scheduler.dhcp_agent_scheduler [None req-6c95aca8-0fa5-40ba-b637-20f132bfc471 fb1b436fc3994c46994a5c0cb04704ce c3e731a8432d429b9c6fd42871d19c8a - - default default] No more DHCP agents
2026-05-14 08:41:10.567 7 WARNING neutron.api.rpc.agentnotifiers.dhcp_rpc_agent_api [None req-6c95aca8-0fa5-40ba-b637-20f132bfc471 fb1b436fc3994c46994a5c0cb04704ce c3e731a8432d429b9c6fd42871d19c8a - - default default] Unable to schedule network f5be4f78-0905-4811-9c92-1f0c9830fbe3: no agents available; will retry on subsequent port and subnet creation events.
2026-05-14 08:41:10.637 8 INFO neutron.db.ovn_revision_numbers_db [None req-382121dd-9322-4ad7-b992-db102e68d27d fb1b436fc3994c46994a5c0cb04704ce c3e731a8432d429b9c6fd42871d19c8a - - default default] Successfully bumped revision number for resource b60c9dab-d9c3-4122-9ecc-2c711932ba1d (type: security_groups) to 1
2026-05-14 08:41:10.668 8 INFO neutron.db.ovn_revision_numbers_db [None req-382121dd-9322-4ad7-b992-db102e68d27d fb1b436fc3994c46994a5c0cb04704ce c3e731a8432d429b9c6fd42871d19c8a - - default default] Successfully bumped revision number for resource 3e5a3d95-32d7-4402-be4d-c36c9b7a7154 (type: security_group_rules) to 0
2026-05-14 08:41:10.683 8 INFO neutron.db.ovn_revision_numbers_db [None req-382121dd-9322-4ad7-b992-db102e68d27d fb1b436fc3994c46994a5c0cb04704ce c3e731a8432d429b9c6fd42871d19c8a - - default default] Successfully bumped revision number for resource 6a7b1865-2194-474b-be63-4c36c1402763 (type: security_group_rules) to 0
2026-05-14 08:41:10.699 8 INFO neutron.db.ovn_revision_numbers_db [None req-382121dd-9322-4ad7-b992-db102e68d27d fb1b436fc3994c46994a5c0cb04704ce c3e731a8432d429b9c6fd42871d19c8a - - default default] Successfully bumped revision number for resource cbaf9adf-8797-43aa-b599-8c1da1d69d16 (type: security_group_rules) to 0
2026-05-14 08:41:10.710 8 INFO neutron.db.ovn_revision_numbers_db [None req-382121dd-9322-4ad7-b992-db102e68d27d fb1b436fc3994c46994a5c0cb04704ce c3e731a8432d429b9c6fd42871d19c8a - - default default] Successfully bumped revision number for resource ef266ad6-4f55-4145-a671-a0e5b15845ea (type: security_group_rules) to 0
2026-05-14 08:41:10.741 8 INFO neutron.plugins.ml2.drivers.ovn.mech_driver.mech_driver [None req-6a31f9fb-70be-4df4-b42f-b7cf29edcc42 - - - - - -] OVN reports status down for port: 7cff1a51-5fb9-4b3c-8892-19d2e3519268
2026-05-14 08:41:10.780 7 INFO neutron.db.ovn_revision_numbers_db [None req-6c95aca8-0fa5-40ba-b637-20f132bfc471 fb1b436fc3994c46994a5c0cb04704ce c3e731a8432d429b9c6fd42871d19c8a - - default default] Successfully bumped revision number for resource 7cff1a51-5fb9-4b3c-8892-19d2e3519268 (type: ports) to 1 [pid: 8|app: 0|req: 577/1139] 10.0.0.157 () {32 vars in 774 bytes} [Thu May 14 08:41:10 2026] GET /v2.0/security-groups?tenant_id=c1919f1bd35f42bca348ca27294e16e1&name=default => generated 2925 bytes in 297 msecs (HTTP/1.1 200) 4 headers in 158 bytes (1 switches on core 0)
2026-05-14 08:41:10.959 8 INFO neutron.db.ovn_revision_numbers_db [None req-08c26dcf-eaff-45c8-a852-865d31728512 afa8464c20914872b2c01d1a253ae34c b2ac0537650e4e97a5ccb1a8bba22dfd - - default default] Successfully bumped revision number for resource a76d7185-37b6-4613-a7dd-4a9d6111d883 (type: networks) to 2 [pid: 8|app: 0|req: 578/1140] 10.0.0.157 () {34 vars in 743 bytes} [Thu May 14 08:41:10 2026] PUT /v2.0/networks/a76d7185-37b6-4613-a7dd-4a9d6111d883 => generated 636 bytes in 174 msecs (HTTP/1.1 200) 4 headers in 157 bytes (1 switches on core 0) [pid: 8|app: 0|req: 579/1141] 10.0.0.157 () {32 vars in 740 bytes} [Thu May 14 08:41:10 2026] DELETE /v2.0/security-groups/b60c9dab-d9c3-4122-9ecc-2c711932ba1d => generated 0 bytes in 170 msecs (HTTP/1.1 204) 2 headers in 112 bytes (1 switches on core 0)
2026-05-14 08:41:11.358 8 WARNING neutron.scheduler.dhcp_agent_scheduler [None req-74880387-0b78-4857-801b-4a6c6e95457a afa8464c20914872b2c01d1a253ae34c b2ac0537650e4e97a5ccb1a8bba22dfd - - default default] No more DHCP agents
2026-05-14 08:41:11.359 8 WARNING neutron.api.rpc.agentnotifiers.dhcp_rpc_agent_api [None req-74880387-0b78-4857-801b-4a6c6e95457a afa8464c20914872b2c01d1a253ae34c b2ac0537650e4e97a5ccb1a8bba22dfd - - default default] Unable to schedule network a76d7185-37b6-4613-a7dd-4a9d6111d883: no agents available; will retry on subsequent port and subnet creation events.
2026-05-14 08:41:11.478 7 INFO neutron.db.ovn_revision_numbers_db [None req-6c95aca8-0fa5-40ba-b637-20f132bfc471 fb1b436fc3994c46994a5c0cb04704ce c3e731a8432d429b9c6fd42871d19c8a - - default default] Successfully bumped revision number for resource 7cff1a51-5fb9-4b3c-8892-19d2e3519268 (type: router_ports) to 1
2026-05-14 08:41:11.507 8 INFO neutron.plugins.ml2.drivers.ovn.mech_driver.ovsdb.ovsdb_monitor [None req-6bc1c338-a166-4468-9d78-5d72f8630f9f - - - - - -] Router 9ebc8710-7f60-4aa1-af9c-f406b5ce2667 is bound to host instance
2026-05-14 08:41:11.532 7 INFO neutron.db.ovn_revision_numbers_db [None req-6c95aca8-0fa5-40ba-b637-20f132bfc471 fb1b436fc3994c46994a5c0cb04704ce c3e731a8432d429b9c6fd42871d19c8a - - default default] Successfully bumped revision number for resource 9ebc8710-7f60-4aa1-af9c-f406b5ce2667 (type: routers) to 2 [pid: 7|app: 0|req: 563/1142] 10.0.0.157 () {34 vars in 669 bytes} [Thu May 14 08:41:10 2026] POST /v2.0/routers => generated 988 bytes in 1528 msecs (HTTP/1.1 201) 4 headers in 162 bytes (1 switches on core 0)
2026-05-14 08:41:11.556 8 INFO neutron.plugins.ml2.drivers.ovn.mech_driver.mech_driver [None req-6a31f9fb-70be-4df4-b42f-b7cf29edcc42 - - - - - -] OVN reports status up for port: 7cff1a51-5fb9-4b3c-8892-19d2e3519268 [pid: 7|app: 0|req: 564/1143] 10.0.0.129 () {34 vars in 990 bytes} [Thu May 14 08:41:11 2026] GET /v2.0/ports?device_id=44cd9361-6a1f-43d7-b9cc-0b28a4e4d72f => generated 975 bytes in 41 msecs (HTTP/1.1 200) 4 headers in 157 bytes (1 switches on core 0)
2026-05-14 08:41:11.607 8 INFO neutron.plugins.ml2.plugin [None req-6a31f9fb-70be-4df4-b42f-b7cf29edcc42 - - - - - -] Attempt 1 to provision port 7cff1a51-5fb9-4b3c-8892-19d2e3519268
2026-05-14 08:41:11.999 7 WARNING neutron.scheduler.dhcp_agent_scheduler [None req-78f82dfc-9516-4d42-a5e0-11ebe48781b9 fb1b436fc3994c46994a5c0cb04704ce c3e731a8432d429b9c6fd42871d19c8a - - default default] No more DHCP agents
2026-05-14 08:41:12.000 7 WARNING neutron.api.rpc.agentnotifiers.dhcp_rpc_agent_api [None req-78f82dfc-9516-4d42-a5e0-11ebe48781b9 fb1b436fc3994c46994a5c0cb04704ce c3e731a8432d429b9c6fd42871d19c8a - - default default] Unable to schedule network 6c42b0f6-5a24-4132-bf98-2b53a24e7210: no agents available; will retry on subsequent port and subnet creation events.
2026-05-14 08:41:12.167 7 INFO neutron.db.ovn_revision_numbers_db [None req-78f82dfc-9516-4d42-a5e0-11ebe48781b9 fb1b436fc3994c46994a5c0cb04704ce c3e731a8432d429b9c6fd42871d19c8a - - default default] Successfully bumped revision number for resource 2a10d61e-eb8c-4dac-b64e-871a0c6aa668 (type: ports) to 1
2026-05-14 08:41:12.513 8 INFO neutron.db.ovn_revision_numbers_db [None req-74880387-0b78-4857-801b-4a6c6e95457a afa8464c20914872b2c01d1a253ae34c b2ac0537650e4e97a5ccb1a8bba22dfd - - default default] Successfully bumped revision number for resource 211239c2-911b-4b29-be53-b549777ddd28 (type: ports) to 2
2026-05-14 08:41:12.596 8 INFO neutron.db.ovn_revision_numbers_db [None req-74880387-0b78-4857-801b-4a6c6e95457a afa8464c20914872b2c01d1a253ae34c b2ac0537650e4e97a5ccb1a8bba22dfd - - default default] Successfully bumped revision number for resource cd244cd4-6f45-400d-b269-f9c32425d68b (type: subnets) to 0 [pid: 8|app: 0|req: 580/1144] 10.0.0.157 () {34 vars in 669 bytes} [Thu May 14 08:41:11 2026] POST /v2.0/subnets => generated 626 bytes in 1488 msecs (HTTP/1.1 201) 4 headers in 162 bytes (1 switches on core 0) [pid: 8|app: 0|req: 581/1145] 10.0.0.129 () {34 vars in 1040 bytes} [Thu May 14 08:41:12 2026] GET /v2.0/security-groups?id=b014d07f-dd23-4bee-809b-b94e2f9bae7f&fields=id&fields=name => generated 88 bytes in 68 msecs (HTTP/1.1 200) 4 headers in 156 bytes (1 switches on core 0)
2026-05-14 08:41:12.902 7 WARNING neutron.scheduler.dhcp_agent_scheduler [None req-78f82dfc-9516-4d42-a5e0-11ebe48781b9 fb1b436fc3994c46994a5c0cb04704ce c3e731a8432d429b9c6fd42871d19c8a - - default default] No more DHCP agents
2026-05-14 08:41:12.904 7 WARNING neutron.api.rpc.agentnotifiers.dhcp_rpc_agent_api [None req-78f82dfc-9516-4d42-a5e0-11ebe48781b9 fb1b436fc3994c46994a5c0cb04704ce c3e731a8432d429b9c6fd42871d19c8a - - default default] Unable to schedule network 6c42b0f6-5a24-4132-bf98-2b53a24e7210: no agents available; will retry on subsequent port and subnet creation events.
2026-05-14 08:41:13.296 8 INFO neutron.db.ovn_revision_numbers_db [None req-ccf4ed81-1d63-4af8-b526-62c027414763 afa8464c20914872b2c01d1a253ae34c b2ac0537650e4e97a5ccb1a8bba22dfd - - default default] Successfully bumped revision number for resource cd244cd4-6f45-400d-b269-f9c32425d68b (type: subnets) to 1
2026-05-14 08:41:13.329 8 INFO neutron.db.ovn_revision_numbers_db [None req-1deeaf68-44bd-45c7-bc41-078276b76e12 - - - - - -] Successfully bumped revision number for resource 7cff1a51-5fb9-4b3c-8892-19d2e3519268 (type: ports) to 4 [pid: 8|app: 0|req: 582/1146] 10.0.0.157 () {34 vars in 741 bytes} [Thu May 14 08:41:12 2026] PUT /v2.0/subnets/cd244cd4-6f45-400d-b269-f9c32425d68b => generated 636 bytes in 642 msecs (HTTP/1.1 200) 4 headers in 157 bytes (1 switches on core 0)
2026-05-14 08:41:13.348 7 INFO neutron.db.ovn_revision_numbers_db [None req-78f82dfc-9516-4d42-a5e0-11ebe48781b9 fb1b436fc3994c46994a5c0cb04704ce c3e731a8432d429b9c6fd42871d19c8a - - default default] Successfully bumped revision number for resource 2a10d61e-eb8c-4dac-b64e-871a0c6aa668 (type: router_ports) to 1 [pid: 7|app: 0|req: 565/1147] 10.0.0.157 () {34 vars in 783 bytes} [Thu May 14 08:41:11 2026] PUT /v2.0/routers/9ebc8710-7f60-4aa1-af9c-f406b5ce2667/add_router_interface => generated 310 bytes in 1763 msecs (HTTP/1.1 200) 4 headers in 157 bytes (1 switches on core 0) [pid: 7|app: 0|req: 566/1148] 199.204.45.35 () {34 vars in 993 bytes} [Thu May 14 08:41:13 2026] GET /v2.0/ports?device_id=44cd9361-6a1f-43d7-b9cc-0b28a4e4d72f => generated 975 bytes in 60 msecs (HTTP/1.1 200) 4 headers in 157 bytes (1 switches on core 0)
2026-05-14 08:41:13.680 8 INFO neutron_taas.services.taas.taas_plugin [None req-6f526279-66fb-40bb-8387-38abeb013115 afa8464c20914872b2c01d1a253ae34c b2ac0537650e4e97a5ccb1a8bba22dfd - - default default] TaaS: Handle Delete Port: 211239c2-911b-4b29-be53-b549777ddd28
2026-05-14 08:41:13.684 8 INFO neutron_taas.services.taas.tap_mirror_plugin [None req-6f526279-66fb-40bb-8387-38abeb013115 afa8464c20914872b2c01d1a253ae34c b2ac0537650e4e97a5ccb1a8bba22dfd - - default default] Tap Mirror: Handle Delete Port: 211239c2-911b-4b29-be53-b549777ddd28
2026-05-14 08:41:13.787 7 INFO neutron_taas.services.taas.taas_plugin [req-7b5be181-1d54-4edd-bdbf-f72687ded464 req-0c239e3c-f5f0-406b-a024-c27f9381a1f1 c6993c7677cd4f9cae6b2f4cfcc218fd e7e412d99c7042fba40534b925b11a92 - - default default] TaaS: Handle Delete Port: 8348a7b6-311a-4f91-ad2d-0108ba80588d
2026-05-14 08:41:13.791 7 INFO neutron_taas.services.taas.tap_mirror_plugin [req-7b5be181-1d54-4edd-bdbf-f72687ded464 req-0c239e3c-f5f0-406b-a024-c27f9381a1f1 c6993c7677cd4f9cae6b2f4cfcc218fd e7e412d99c7042fba40534b925b11a92 - - default default] Tap Mirror: Handle Delete Port: 8348a7b6-311a-4f91-ad2d-0108ba80588d [pid: 7|app: 0|req: 567/1149] 199.204.45.35 () {36 vars in 996 bytes} [Thu May 14 08:41:13 2026] DELETE /v2.0/ports/8348a7b6-311a-4f91-ad2d-0108ba80588d => generated 0 bytes in 274 msecs (HTTP/1.1 204) 3 headers in 131 bytes (1 switches on core 0) [pid: 7|app: 0|req: 568/1150] 10.0.0.129 () {34 vars in 990 bytes} [Thu May 14 08:41:13 2026] GET /v2.0/ports?device_id=44cd9361-6a1f-43d7-b9cc-0b28a4e4d72f => generated 12 bytes in 21 msecs (HTTP/1.1 200) 4 headers in 156 bytes (1 switches on core 0)
2026-05-14 08:41:13.960 7 INFO neutron.notifiers.nova [-] Nova event matching ['req-0ecd40d1-3a6b-47d5-b00b-6001aae0824d'] response: {'server_uuid': '44cd9361-6a1f-43d7-b9cc-0b28a4e4d72f', 'name': 'network-vif-deleted', 'tag': '8348a7b6-311a-4f91-ad2d-0108ba80588d', 'status': 'completed', 'code': 200}
2026-05-14 08:41:14.119 7 INFO neutron.db.ovn_revision_numbers_db [None req-3c20dd7e-209b-4d1a-9faa-edf00c0cd1f8 df96ea02df4149c79885d1eac4232618 d76ba0ddf8ab4753852c91ffa8238a27 - - default default] Successfully bumped revision number for resource a5eb8a1e-a23a-4627-850c-828a1697c6d0 (type: security_groups) to 1
2026-05-14 08:41:14.125 8 INFO neutron.db.ovn_revision_numbers_db [None req-1deeaf68-44bd-45c7-bc41-078276b76e12 - - - - - -] Successfully bumped revision number for resource 7cff1a51-5fb9-4b3c-8892-19d2e3519268 (type: ports) to 5
2026-05-14 08:41:14.134 7 INFO neutron.db.ovn_revision_numbers_db [None req-3c20dd7e-209b-4d1a-9faa-edf00c0cd1f8 df96ea02df4149c79885d1eac4232618 d76ba0ddf8ab4753852c91ffa8238a27 - - default default] Successfully bumped revision number for resource 383ba52c-6ce7-4e5c-893f-35a326a8911a (type: security_group_rules) to 0
2026-05-14 08:41:14.153 7 INFO neutron.db.ovn_revision_numbers_db [None req-3c20dd7e-209b-4d1a-9faa-edf00c0cd1f8 df96ea02df4149c79885d1eac4232618 d76ba0ddf8ab4753852c91ffa8238a27 - - default default] Successfully bumped revision number for resource 91abdeb6-997e-4b8a-a97d-d07ea31c84cd (type: security_group_rules) to 0 [pid: 7|app: 0|req: 569/1151] 10.0.0.157 () {34 vars in 685 bytes} [Thu May 14 08:41:13 2026] POST /v2.0/security-groups => generated 1660 bytes in 241 msecs (HTTP/1.1 201) 4 headers in 163 bytes (1 switches on core 0)
2026-05-14 08:41:14.337 7 INFO neutron.db.ovn_revision_numbers_db [None req-0d981ea3-cd11-4811-9495-15ccab917989 df96ea02df4149c79885d1eac4232618 d76ba0ddf8ab4753852c91ffa8238a27 - - default default] Successfully bumped revision number for resource 9a0d15bc-de83-4920-a7fd-aabb18860620 (type: security_group_rules) to 0
2026-05-14 08:41:14.367 8 INFO neutron.plugins.ml2.drivers.ovn.mech_driver.mech_driver [None req-6a31f9fb-70be-4df4-b42f-b7cf29edcc42 - - - - - -] OVN reports status down for port: 2a10d61e-eb8c-4dac-b64e-871a0c6aa668 [pid: 7|app: 0|req: 570/1152] 10.0.0.157 () {34 vars in 695 bytes} [Thu May 14 08:41:14 2026] POST /v2.0/security-group-rules => generated 597 bytes in 175 msecs (HTTP/1.1 201) 4 headers in 162 bytes (1 switches on core 0)
2026-05-14 08:41:14.408 8 INFO neutron.services.segments.plugin [-] Segment 6c6ec697-e2ed-4bcf-8e18-0ee70e71b815 resource provider aggregate not found
2026-05-14 08:41:14.418 8 INFO neutron.services.segments.plugin [-] Segment 6c6ec697-e2ed-4bcf-8e18-0ee70e71b815 resource provider aggregate not found
2026-05-14 08:41:14.433 8 INFO neutron.services.segments.plugin [-] Segment 6c6ec697-e2ed-4bcf-8e18-0ee70e71b815 resource provider not found; error: Placement Client Error (4xx): {"errors": [{"status": 404, "title": "Not Found", "detail": "The resource could not be found.\n\n No resource provider with uuid 6c6ec697-e2ed-4bcf-8e18-0ee70e71b815 found for delete ", "request_id": "req-253a2099-f8ef-4df8-90c7-0e46a7a3774e"}]}
2026-05-14 08:41:14.443 8 INFO neutron.services.segments.plugin [-] Segment 6c6ec697-e2ed-4bcf-8e18-0ee70e71b815 resource provider not found; error: Placement Client Error (4xx): {"errors": [{"status": 404, "title": "Not Found", "detail": "The resource could not be found.\n\n No resource provider with uuid 6c6ec697-e2ed-4bcf-8e18-0ee70e71b815 found for delete ", "request_id": "req-27f3fb01-ac94-406b-ac6c-da26ec6e2489"}]}
2026-05-14 08:41:14.503 8 WARNING neutron.plugins.ml2.drivers.ovn.mech_driver.ovsdb.ovn_client [None req-6a31f9fb-70be-4df4-b42f-b7cf29edcc42 - - - - - -] Logical_Switch_Port 2a10d61e-eb8c-4dac-b64e-871a0c6aa668 host information not removed, the port state is up
2026-05-14 08:41:14.503 8 INFO neutron.plugins.ml2.drivers.ovn.mech_driver.mech_driver [None req-6a31f9fb-70be-4df4-b42f-b7cf29edcc42 - - - - - -] OVN reports status down for port: 8348a7b6-311a-4f91-ad2d-0108ba80588d
2026-05-14 08:41:14.516 8 INFO neutron.plugins.ml2.drivers.ovn.mech_driver.mech_driver [None req-6a31f9fb-70be-4df4-b42f-b7cf29edcc42 - - - - - -] OVN reports status up for port: 2a10d61e-eb8c-4dac-b64e-871a0c6aa668 [pid: 7|app: 0|req: 571/1153] 10.0.0.249 () {28 vars in 591 bytes} [Thu May 14 08:41:14 2026] GET /v2.0/floatingips => generated 19 bytes in 142 msecs (HTTP/1.1 200) 4 headers in 156 bytes (1 switches on core 0)
2026-05-14 08:41:14.537 8 INFO neutron.plugins.ml2.plugin [None req-6a31f9fb-70be-4df4-b42f-b7cf29edcc42 - - - - - -] Attempt 1 to provision port 2a10d61e-eb8c-4dac-b64e-871a0c6aa668 [pid: 8|app: 0|req: 583/1154] 10.0.0.157 () {32 vars in 726 bytes} [Thu May 14 08:41:13 2026] DELETE /v2.0/networks/a76d7185-37b6-4613-a7dd-4a9d6111d883 => generated 0 bytes in 1196 msecs (HTTP/1.1 204) 3 headers in 131 bytes (1 switches on core 0)
2026-05-14 08:41:14.649 7 INFO neutron.db.ovn_revision_numbers_db [None req-61b82feb-1507-4f3a-882a-0f9fb50f4fa8 df96ea02df4149c79885d1eac4232618 d76ba0ddf8ab4753852c91ffa8238a27 - - default default] Successfully bumped revision number for resource 0e4564ab-498f-4929-88f1-2e473e0b8065 (type: security_group_rules) to 0 [pid: 8|app: 0|req: 584/1155] 10.0.0.249 () {28 vars in 585 bytes} [Thu May 14 08:41:14 2026] GET /v2.0/networks => generated 4674 bytes in 127 msecs (HTTP/1.1 200) 4 headers in 158 bytes (1 switches on core 0) [pid: 7|app: 0|req: 572/1156] 10.0.0.157 () {34 vars in 695 bytes} [Thu May 14 08:41:14 2026] POST /v2.0/security-group-rules => generated 602 bytes in 172 msecs (HTTP/1.1 201) 4 headers in 162 bytes (1 switches on core 0)
2026-05-14 08:41:14.692 8 INFO neutron.pecan_wsgi.hooks.translation [None req-93967709-18dc-442b-a6ee-37ffdb64d8fe afa8464c20914872b2c01d1a253ae34c b2ac0537650e4e97a5ccb1a8bba22dfd - - default default] DELETE failed (client error): The resource could not be found. [pid: 8|app: 0|req: 585/1157] 10.0.0.157 () {32 vars in 726 bytes} [Thu May 14 08:41:14 2026] DELETE /v2.0/networks/a76d7185-37b6-4613-a7dd-4a9d6111d883 => generated 138 bytes in 29 msecs (HTTP/1.1 404) 4 headers in 164 bytes (1 switches on core 0) [pid: 7|app: 0|req: 573/1158] 10.0.0.249 () {28 vars in 583 bytes} [Thu May 14 08:41:14 2026] GET /v2.0/subnets => generated 3313 bytes in 34 msecs (HTTP/1.1 200) 4 headers in 158 bytes (1 switches on core 0) [pid: 7|app: 0|req: 574/1159] 10.0.0.157 () {32 vars in 694 bytes} [Thu May 14 08:41:14 2026] GET /v2.0/networks?router%3Aexternal=True => generated 689 bytes in 37 msecs (HTTP/1.1 200) 4 headers in 157 bytes (1 switches on core 0) [pid: 7|app: 0|req: 575/1160] 10.0.0.249 () {28 vars in 581 bytes} [Thu May 14 08:41:14 2026] GET /v2.0/agents => generated 1214 bytes in 28 msecs (HTTP/1.1 200) 4 headers in 158 bytes (1 switches on core 0) [pid: 7|app: 0|req: 576/1161] 10.0.0.157 () {32 vars in 742 bytes} [Thu May 14 08:41:14 2026] GET /v2.0/subnets?network_id=f5be4f78-0905-4811-9c92-1f0c9830fbe3 => generated 649 bytes in 25 msecs (HTTP/1.1 200) 4 headers in 157 bytes (1 switches on core 0) [pid: 7|app: 0|req: 577/1162] 10.0.0.249 () {28 vars in 579 bytes} [Thu May 14 08:41:14 2026] GET /v2.0/ports => generated 12782 bytes in 63 msecs (HTTP/1.1 200) 4 headers in 159 bytes (1 switches on core 0) [pid: 7|app: 0|req: 578/1163] 10.0.0.157 () {32 vars in 653 bytes} [Thu May 14 08:41:14 2026] GET /v2.0/extensions => generated 21706 bytes in 4 msecs (HTTP/1.1 200) 4 headers in 159 bytes (1 switches on core 0) [pid: 7|app: 0|req: 579/1164] 10.0.0.157 () {32 vars in 649 bytes} [Thu May 14 08:41:14 2026] GET /v2.0/networks => generated 1385 bytes in 50 msecs (HTTP/1.1 200) 4 headers in 158 bytes (1 switches on core 0) [pid: 7|app: 0|req: 580/1165] 10.0.0.249 () {28 vars in 583 bytes} [Thu May 14 08:41:14 2026] GET /v2.0/subnets => generated 3313 bytes in 33 msecs (HTTP/1.1 200) 4 headers in 158 bytes (1 switches on core 0) [pid: 7|app: 0|req: 581/1166] 10.0.0.157 () {32 vars in 647 bytes} [Thu May 14 08:41:14 2026] GET /v2.0/subnets => generated 1280 bytes in 23 msecs (HTTP/1.1 200) 4 headers in 158 bytes (1 switches on core 0) [pid: 7|app: 0|req: 582/1167] 10.0.0.249 () {28 vars in 591 bytes} [Thu May 14 08:41:15 2026] GET /v2.0/subnetpools => generated 19 bytes in 8 msecs (HTTP/1.1 200) 4 headers in 156 bytes (1 switches on core 0) [pid: 7|app: 0|req: 583/1168] 10.0.0.157 () {32 vars in 723 bytes} [Thu May 14 08:41:15 2026] GET /v2.0/networks/a67b80bc-d38f-4848-9da6-f0a0b0141bda => generated 707 bytes in 36 msecs (HTTP/1.1 200) 4 headers in 157 bytes (1 switches on core 0) [pid: 7|app: 0|req: 584/1169] 10.0.0.249 () {28 vars in 599 bytes} [Thu May 14 08:41:15 2026] GET /v2.0/security-groups => generated 28978 bytes in 31 msecs (HTTP/1.1 200) 4 headers in 159 bytes (1 switches on core 0) [pid: 7|app: 0|req: 585/1170] 10.0.0.129 () {34 vars in 990 bytes} [Thu May 14 08:41:15 2026] GET /v2.0/ports?device_id=44cd9361-6a1f-43d7-b9cc-0b28a4e4d72f => generated 12 bytes in 20 msecs (HTTP/1.1 200) 4 headers in 156 bytes (1 switches on core 0) [pid: 7|app: 0|req: 586/1171] 10.0.0.157 () {32 vars in 721 bytes} [Thu May 14 08:41:15 2026] GET /v2.0/subnets/0ad7141f-2002-4d8e-a6af-a22c7c75bbd9 => generated 641 bytes in 22 msecs (HTTP/1.1 200) 4 headers in 157 bytes (1 switches on core 0)
2026-05-14 08:41:15.153 8 WARNING neutron.scheduler.dhcp_agent_scheduler [None req-fd4b2db6-c824-4e4c-998b-a341d121a024 df96ea02df4149c79885d1eac4232618 d76ba0ddf8ab4753852c91ffa8238a27 - - default default] No more DHCP agents
2026-05-14 08:41:15.159 8 WARNING neutron.api.rpc.agentnotifiers.dhcp_rpc_agent_api [None req-fd4b2db6-c824-4e4c-998b-a341d121a024 df96ea02df4149c79885d1eac4232618 d76ba0ddf8ab4753852c91ffa8238a27 - - default default] Unable to schedule network f5be4f78-0905-4811-9c92-1f0c9830fbe3: no agents available; will retry on subsequent port and subnet creation events. [pid: 7|app: 0|req: 587/1172] 10.0.0.249 () {28 vars in 583 bytes} [Thu May 14 08:41:15 2026] GET /v2.0/routers => generated 1979 bytes in 65 msecs (HTTP/1.1 200) 4 headers in 158 bytes (1 switches on core 0)
2026-05-14 08:41:15.196 7 INFO neutron.pecan_wsgi.hooks.translation [None req-a0ae391d-41a7-4ee0-9de8-bd7fa70be4bb afa8464c20914872b2c01d1a253ae34c b2ac0537650e4e97a5ccb1a8bba22dfd - - default default] DELETE failed (client error): The resource could not be found. [pid: 7|app: 0|req: 588/1173] 10.0.0.157 () {32 vars in 724 bytes} [Thu May 14 08:41:15 2026] DELETE /v2.0/subnets/cd244cd4-6f45-400d-b269-f9c32425d68b => generated 136 bytes in 12 msecs (HTTP/1.1 404) 4 headers in 164 bytes (1 switches on core 0) [pid: 7|app: 0|req: 589/1174] 10.0.0.249 () {28 vars in 624 bytes} [Thu May 14 08:41:15 2026] GET /v2.0/agents?binary=ovn-controller => generated 416 bytes in 10 msecs (HTTP/1.1 200) 4 headers in 157 bytes (1 switches on core 0)
2026-05-14 08:41:15.218 7 INFO neutron.pecan_wsgi.hooks.translation [None req-1a7d5236-7a1f-4634-ae71-34d93ea0e288 afa8464c20914872b2c01d1a253ae34c b2ac0537650e4e97a5ccb1a8bba22dfd - - default default] DELETE failed (client error): The resource could not be found. [pid: 7|app: 0|req: 590/1175] 10.0.0.157 () {32 vars in 726 bytes} [Thu May 14 08:41:15 2026] DELETE /v2.0/networks/a76d7185-37b6-4613-a7dd-4a9d6111d883 => generated 138 bytes in 11 msecs (HTTP/1.1 404) 4 headers in 164 bytes (1 switches on core 0) [pid: 7|app: 0|req: 591/1176] 10.0.0.249 () {28 vars in 619 bytes} [Thu May 14 08:41:15 2026] GET /v2.0/network-ip-availabilities => generated 4148 bytes in 17 msecs (HTTP/1.1 200) 4 headers in 158 bytes (1 switches on core 0)
2026-05-14 08:41:15.305 8 INFO neutron.db.ovn_revision_numbers_db [None req-6a31f9fb-70be-4df4-b42f-b7cf29edcc42 - - - - - -] Successfully bumped revision number for resource 2a10d61e-eb8c-4dac-b64e-871a0c6aa668 (type: ports) to 2 [pid: 7|app: 0|req: 592/1177] 10.0.0.157 () {32 vars in 724 bytes} [Thu May 14 08:41:15 2026] DELETE /v2.0/subnets/0ad7141f-2002-4d8e-a6af-a22c7c75bbd9 => generated 0 bytes in 159 msecs (HTTP/1.1 204) 3 headers in 131 bytes (1 switches on core 0)
2026-05-14 08:41:15.523 7 INFO neutron_taas.services.taas.taas_plugin [None req-c1f5c2fc-47f1-4789-93c5-2870ebc1ef38 afa8464c20914872b2c01d1a253ae34c b2ac0537650e4e97a5ccb1a8bba22dfd - - default default] TaaS: Handle Delete Port: 35d85e42-6e59-431b-85f8-17e385cd6d33
2026-05-14 08:41:15.525 7 INFO neutron_taas.services.taas.tap_mirror_plugin [None req-c1f5c2fc-47f1-4789-93c5-2870ebc1ef38 afa8464c20914872b2c01d1a253ae34c b2ac0537650e4e97a5ccb1a8bba22dfd - - default default] Tap Mirror: Handle Delete Port: 35d85e42-6e59-431b-85f8-17e385cd6d33 [pid: 8|app: 0|req: 586/1178] 10.0.0.157 () {34 vars in 676 bytes} [Thu May 14 08:41:14 2026] POST /v2.0/floatingips => generated 552 bytes in 900 msecs (HTTP/1.1 201) 4 headers in 162 bytes (1 switches on core 0)
2026-05-14 08:41:15.689 7 INFO neutron.services.segments.plugin [-] Segment b656fedb-7c4e-4b02-850d-b1a208765896 resource provider aggregate not found
2026-05-14 08:41:15.694 7 INFO neutron.services.segments.plugin [-] Segment b656fedb-7c4e-4b02-850d-b1a208765896 resource provider aggregate not found
2026-05-14 08:41:15.717 7 INFO neutron.services.segments.plugin [-] Segment b656fedb-7c4e-4b02-850d-b1a208765896 resource provider not found; error: Placement Client Error (4xx): {"errors": [{"status": 404, "title": "Not Found", "detail": "The resource could not be found.\n\n No resource provider with uuid b656fedb-7c4e-4b02-850d-b1a208765896 found for delete ", "request_id": "req-a14900b4-273d-46f6-8218-b80b40f721d5"}]}
2026-05-14 08:41:15.718 7 INFO neutron.services.segments.plugin [-] Segment b656fedb-7c4e-4b02-850d-b1a208765896 resource provider not found; error: Placement Client Error (4xx): {"errors": [{"status": 404, "title": "Not Found", "detail": "The resource could not be found.\n\n No resource provider with uuid b656fedb-7c4e-4b02-850d-b1a208765896 found for delete ", "request_id": "req-28238019-f734-41a5-b9c1-c3f590097f78"}]} [pid: 7|app: 0|req: 593/1179] 10.0.0.157 () {32 vars in 726 bytes} [Thu May 14 08:41:15 2026] DELETE /v2.0/networks/a67b80bc-d38f-4848-9da6-f0a0b0141bda => generated 0 bytes in 322 msecs (HTTP/1.1 204) 3 headers in 131 bytes (1 switches on core 0)
