2026-05-14 08:41:41.626 8 INFO neutron_taas.services.taas.tap_mirror_plugin [None req-9b498841-0c73-4772-9b19-d2024c67ec16 971c90fc9313463588e3c7c48e082f38 504e25ff2dcf468a9d19cd3c1864f87f - - default default] Tap Mirror: Handle Delete Port: 16a73870-da3d-4c26-bb62-dde7314297d4
2026-05-14 08:41:41.657 7 INFO neutron.db.ovn_revision_numbers_db [None req-f6b3571a-6ed4-4cdb-aa44-8175d7e5a9f1 d6de02614dcc401e9f8ac82e40e8d376 2b077740fdc3473f86dbda70cb22e81e - - default default] Successfully bumped revision number for resource 3682d79f-f5e1-4e6e-a34d-e7969dce677f (type: ports) to 1 [pid: 7|app: 0|req: 683/1355] 10.0.0.157 () {34 vars in 670 bytes} [Thu May 14 08:41:41 2026] POST /v2.0/networks => generated 670 bytes in 577 msecs (HTTP/1.1 201) 4 headers in 162 bytes (1 switches on core 0) [pid: 7|app: 0|req: 684/1356] 199.204.45.35 () {34 vars in 985 bytes} [Thu May 14 08:41:41 2026] GET /v2.0/networks?id=6c42b0f6-5a24-4132-bf98-2b53a24e7210 => generated 810 bytes in 65 msecs (HTTP/1.1 200) 4 headers in 157 bytes (1 switches on core 0)
2026-05-14 08:41:41.784 8 INFO neutron.services.segments.plugin [-] Segment 552993a5-9fe0-43e0-9d15-a20907b93332 resource provider aggregate not found
2026-05-14 08:41:41.786 8 INFO neutron.services.segments.plugin [-] Segment 552993a5-9fe0-43e0-9d15-a20907b93332 resource provider aggregate not found [pid: 7|app: 0|req: 685/1357] 199.204.45.35 () {34 vars in 993 bytes} [Thu May 14 08:41:41 2026] GET /v2.0/ports?device_id=1a6e4099-98b8-41bd-a7b8-bf58d886d236 => generated 969 bytes in 37 msecs (HTTP/1.1 200) 4 headers in 157 bytes (1 switches on core 0)
2026-05-14 08:41:41.802 8 INFO neutron.services.segments.plugin [-] Segment 552993a5-9fe0-43e0-9d15-a20907b93332 resource provider not found; error: Placement Client Error (4xx): {"errors": [{"status": 404, "title": "Not Found", "detail": "The resource could not be found.\n\n No resource provider with uuid 552993a5-9fe0-43e0-9d15-a20907b93332 found for delete ", "request_id": "req-2039b907-2eb1-4037-8216-4d383eb12c6b"}]}
2026-05-14 08:41:41.811 8 INFO neutron.services.segments.plugin [-] Segment 552993a5-9fe0-43e0-9d15-a20907b93332 resource provider not found; error: Placement Client Error (4xx): {"errors": [{"status": 404, "title": "Not Found", "detail": "The resource could not be found.\n\n No resource provider with uuid 552993a5-9fe0-43e0-9d15-a20907b93332 found for delete ", "request_id": "req-bae5f793-c6b0-4d8a-a4e7-929099c0d747"}]} [pid: 8|app: 0|req: 673/1358] 10.0.0.157 () {32 vars in 726 bytes} [Thu May 14 08:41:41 2026] DELETE /v2.0/networks/1d63efc9-cb44-4e09-b252-247a34dc761e => generated 0 bytes in 316 msecs (HTTP/1.1 204) 3 headers in 131 bytes (1 switches on core 0) [pid: 8|app: 0|req: 674/1359] 199.204.45.35 () {34 vars in 1057 bytes} [Thu May 14 08:41:41 2026] GET /v2.0/floatingips?fixed_ip_address=10.100.0.4&port_id=ab92cac7-9d7c-4b2d-ad81-a085a651675e => generated 858 bytes in 54 msecs (HTTP/1.1 200) 4 headers in 157 bytes (1 switches on core 0)
2026-05-14 08:41:42.043 7 WARNING neutron.scheduler.dhcp_agent_scheduler [None req-98896b01-4c50-4a12-843d-71a36293b0e6 d6de02614dcc401e9f8ac82e40e8d376 2b077740fdc3473f86dbda70cb22e81e - - default default] No more DHCP agents
2026-05-14 08:41:42.045 7 WARNING neutron.api.rpc.agentnotifiers.dhcp_rpc_agent_api [None req-98896b01-4c50-4a12-843d-71a36293b0e6 d6de02614dcc401e9f8ac82e40e8d376 2b077740fdc3473f86dbda70cb22e81e - - default default] Unable to schedule network d9c4a9e8-753d-4cac-bd6b-1067f7fca071: no agents available; will retry on subsequent port and subnet creation events.
2026-05-14 08:41:42.046 8 INFO neutron_taas.services.taas.taas_plugin [req-b2c1c8ed-840a-4218-91c3-2b381adf0a0c req-a1a45658-95ae-460b-9223-20a0c5e00314 df96ea02df4149c79885d1eac4232618 d76ba0ddf8ab4753852c91ffa8238a27 - - default default] TaaS: Handle Delete Port: ab92cac7-9d7c-4b2d-ad81-a085a651675e
2026-05-14 08:41:42.049 8 INFO neutron_taas.services.taas.tap_mirror_plugin [req-b2c1c8ed-840a-4218-91c3-2b381adf0a0c req-a1a45658-95ae-460b-9223-20a0c5e00314 df96ea02df4149c79885d1eac4232618 d76ba0ddf8ab4753852c91ffa8238a27 - - default default] Tap Mirror: Handle Delete Port: ab92cac7-9d7c-4b2d-ad81-a085a651675e
2026-05-14 08:41:42.116 7 INFO neutron.plugins.ml2.drivers.ovn.mech_driver.mech_driver [None req-047f71c9-4268-45e8-9af9-0defcbccd83d - - - - - -] OVN reports status down for port: 7855bc7d-079c-46da-9c71-ab6fade7346c
2026-05-14 08:41:42.188 7 INFO neutron.db.ovn_revision_numbers_db [None req-98896b01-4c50-4a12-843d-71a36293b0e6 d6de02614dcc401e9f8ac82e40e8d376 2b077740fdc3473f86dbda70cb22e81e - - default default] Successfully bumped revision number for resource 7855bc7d-079c-46da-9c71-ab6fade7346c (type: ports) to 1
2026-05-14 08:41:42.235 8 INFO neutron.db.l3_db [req-b2c1c8ed-840a-4218-91c3-2b381adf0a0c req-a1a45658-95ae-460b-9223-20a0c5e00314 df96ea02df4149c79885d1eac4232618 d76ba0ddf8ab4753852c91ffa8238a27 - - default default] Floating IP a329b20e-e816-4495-a1dc-91fb75ee557f disassociated. External IP: 10.96.250.217, port: ab92cac7-9d7c-4b2d-ad81-a085a651675e. [pid: 7|app: 0|req: 686/1360] 10.0.0.157 () {34 vars in 664 bytes} [Thu May 14 08:41:41 2026] POST /v2.0/ports => generated 743 bytes in 509 msecs (HTTP/1.1 201) 4 headers in 162 bytes (1 switches on core 0) /var/lib/openstack/lib/python3.12/site-packages/pycadf/identifier.py:70: UserWarning: Invalid uuid: neutron. To ensure interoperability, identifiers should be a valid uuid. warnings.warn(('Invalid uuid: %s. To ensure interoperability, ' [pid: 8|app: 0|req: 675/1361] 199.204.45.35 () {36 vars in 996 bytes} [Thu May 14 08:41:41 2026] DELETE /v2.0/ports/ab92cac7-9d7c-4b2d-ad81-a085a651675e => generated 0 bytes in 474 msecs (HTTP/1.1 204) 3 headers in 131 bytes (1 switches on core 0) [pid: 8|app: 0|req: 676/1362] 199.204.45.35 () {34 vars in 983 bytes} [Thu May 14 08:41:42 2026] GET /v2.0/subnets?id=aec78127-8548-47f7-bd59-1bf36d7a2c95 => generated 692 bytes in 32 msecs (HTTP/1.1 200) 4 headers in 157 bytes (1 switches on core 0)
2026-05-14 08:41:42.394 8 INFO neutron.notifiers.nova [-] Nova event matching ['req-66f5ca74-42b6-4879-b325-9c1638979002'] response: {'server_uuid': '1a6e4099-98b8-41bd-a7b8-bf58d886d236', 'name': 'network-vif-deleted', 'tag': 'ab92cac7-9d7c-4b2d-ad81-a085a651675e', 'status': 'completed', 'code': 200}
2026-05-14 08:41:42.442 7 INFO neutron_taas.services.taas.taas_plugin [None req-23729196-7cea-4000-8db5-5f3494746395 971c90fc9313463588e3c7c48e082f38 504e25ff2dcf468a9d19cd3c1864f87f - - default default] TaaS: Handle Delete Port: 7c28e424-0e62-4525-8f18-0702cdfd1102
2026-05-14 08:41:42.444 7 INFO neutron_taas.services.taas.tap_mirror_plugin [None req-23729196-7cea-4000-8db5-5f3494746395 971c90fc9313463588e3c7c48e082f38 504e25ff2dcf468a9d19cd3c1864f87f - - default default] Tap Mirror: Handle Delete Port: 7c28e424-0e62-4525-8f18-0702cdfd1102
2026-05-14 08:41:42.489 8 INFO neutron.db.segments_db [None req-8666b0e7-9cb2-453a-a8ba-c176c8841eb3 d6de02614dcc401e9f8ac82e40e8d376 2b077740fdc3473f86dbda70cb22e81e - - default default] Added segment cbb65969-4285-43fb-8326-e7569ce5549b of type geneve for network 02112539-0a62-4574-ae95-9eff2bdf8b9d
2026-05-14 08:41:42.600 7 INFO neutron.services.segments.plugin [-] Segment 037ede5e-6cb7-44ec-afc5-10cf052da072 resource provider aggregate not found
2026-05-14 08:41:42.601 8 INFO neutron.db.ovn_revision_numbers_db [None req-8666b0e7-9cb2-453a-a8ba-c176c8841eb3 d6de02614dcc401e9f8ac82e40e8d376 2b077740fdc3473f86dbda70cb22e81e - - default default] Successfully bumped revision number for resource 02112539-0a62-4574-ae95-9eff2bdf8b9d (type: networks) to 1
2026-05-14 08:41:42.607 7 INFO neutron.services.segments.plugin [-] Segment 037ede5e-6cb7-44ec-afc5-10cf052da072 resource provider aggregate not found
2026-05-14 08:41:42.624 7 INFO neutron.services.segments.plugin [-] Segment 037ede5e-6cb7-44ec-afc5-10cf052da072 resource provider not found; error: Placement Client Error (4xx): {"errors": [{"status": 404, "title": "Not Found", "detail": "The resource could not be found.\n\n No resource provider with uuid 037ede5e-6cb7-44ec-afc5-10cf052da072 found for delete ", "request_id": "req-7999f91b-b85d-4cab-8afd-8b9fb003382d"}]}
2026-05-14 08:41:42.625 7 INFO neutron.services.segments.plugin [-] Segment 037ede5e-6cb7-44ec-afc5-10cf052da072 resource provider not found; error: Placement Client Error (4xx): {"errors": [{"status": 404, "title": "Not Found", "detail": "The resource could not be found.\n\n No resource provider with uuid 037ede5e-6cb7-44ec-afc5-10cf052da072 found for delete ", "request_id": "req-20603ed8-d237-410e-bf42-0e9274ae85ca"}]} [pid: 7|app: 0|req: 687/1363] 10.0.0.157 () {32 vars in 726 bytes} [Thu May 14 08:41:42 2026] DELETE /v2.0/networks/4e625b0f-094d-448b-a066-fc51a9736453 => generated 0 bytes in 359 msecs (HTTP/1.1 204) 3 headers in 131 bytes (1 switches on core 0) [pid: 7|app: 0|req: 688/1364] 199.204.45.35 () {34 vars in 1051 bytes} [Thu May 14 08:41:42 2026] GET /v2.0/ports?network_id=6c42b0f6-5a24-4132-bf98-2b53a24e7210&device_owner=network%3Adhcp => generated 12 bytes in 21 msecs (HTTP/1.1 200) 4 headers in 156 bytes (1 switches on core 0) [pid: 7|app: 0|req: 689/1365] 10.0.0.129 () {34 vars in 990 bytes} [Thu May 14 08:41:42 2026] GET /v2.0/ports?device_id=1a6e4099-98b8-41bd-a7b8-bf58d886d236 => generated 12 bytes in 14 msecs (HTTP/1.1 200) 4 headers in 156 bytes (1 switches on core 0) [pid: 7|app: 0|req: 690/1366] 10.0.0.157 () {32 vars in 649 bytes} [Thu May 14 08:41:42 2026] GET /v2.0/networks => generated 689 bytes in 45 msecs (HTTP/1.1 200) 4 headers in 157 bytes (1 switches on core 0) [pid: 7|app: 0|req: 691/1367] 199.204.45.35 () {34 vars in 1011 bytes} [Thu May 14 08:41:42 2026] GET /v2.0/networks/6c42b0f6-5a24-4132-bf98-2b53a24e7210?fields=segments => generated 14 bytes in 35 msecs (HTTP/1.1 200) 4 headers in 156 bytes (1 switches on core 0)
2026-05-14 08:41:42.793 8 WARNING neutron.scheduler.dhcp_agent_scheduler [None req-8666b0e7-9cb2-453a-a8ba-c176c8841eb3 d6de02614dcc401e9f8ac82e40e8d376 2b077740fdc3473f86dbda70cb22e81e - - default default] No more DHCP agents
2026-05-14 08:41:42.796 8 WARNING neutron.api.rpc.agentnotifiers.dhcp_rpc_agent_api [None req-8666b0e7-9cb2-453a-a8ba-c176c8841eb3 d6de02614dcc401e9f8ac82e40e8d376 2b077740fdc3473f86dbda70cb22e81e - - default default] Unable to schedule network 02112539-0a62-4574-ae95-9eff2bdf8b9d: no agents available; will retry on subsequent port and subnet creation events.
2026-05-14 08:41:42.850 8 INFO neutron.plugins.ml2.drivers.ovn.mech_driver.mech_driver [None req-27817534-4daa-4bbf-b8c2-c30dfefde058 - - - - - -] OVN reports status down for port: 91153de9-7e00-4f97-9195-2a8582952837
2026-05-14 08:41:42.854 7 INFO neutron.notifiers.nova [-] Nova event matching ['req-198aa19f-9621-4874-9eb0-7c0be0147b4e'] response: {'server_uuid': '1a6e4099-98b8-41bd-a7b8-bf58d886d236', 'name': 'network-vif-unplugged', 'status': 'completed', 'tag': 'ab92cac7-9d7c-4b2d-ad81-a085a651675e', 'code': 200}
2026-05-14 08:41:42.887 7 INFO neutron.db.segments_db [None req-0206b06c-f46c-41a5-ac9d-ba26e260fbcd 971c90fc9313463588e3c7c48e082f38 504e25ff2dcf468a9d19cd3c1864f87f - - default default] Added segment 56e9681c-8e03-4563-911f-d86e471ad6f3 of type geneve for network de696d8e-bfe9-49af-9125-c954474b7af7
2026-05-14 08:41:42.903 8 INFO neutron.db.ovn_revision_numbers_db [None req-8666b0e7-9cb2-453a-a8ba-c176c8841eb3 d6de02614dcc401e9f8ac82e40e8d376 2b077740fdc3473f86dbda70cb22e81e - - default default] Successfully bumped revision number for resource 91153de9-7e00-4f97-9195-2a8582952837 (type: ports) to 1 [pid: 8|app: 0|req: 677/1368] 10.0.0.157 () {34 vars in 670 bytes} [Thu May 14 08:41:42 2026] POST /v2.0/networks => generated 670 bytes in 558 msecs (HTTP/1.1 201) 4 headers in 162 bytes (1 switches on core 0)
2026-05-14 08:41:42.985 7 INFO neutron.db.ovn_revision_numbers_db [None req-0206b06c-f46c-41a5-ac9d-ba26e260fbcd 971c90fc9313463588e3c7c48e082f38 504e25ff2dcf468a9d19cd3c1864f87f - - default default] Successfully bumped revision number for resource de696d8e-bfe9-49af-9125-c954474b7af7 (type: networks) to 1 [pid: 8|app: 0|req: 678/1369] 199.204.45.35 () {34 vars in 1111 bytes} [Thu May 14 08:41:42 2026] GET /v2.0/networks/6c42b0f6-5a24-4132-bf98-2b53a24e7210?fields=provider%3Aphysical_network&fields=provider%3Anetwork_type => generated 79 bytes in 53 msecs (HTTP/1.1 200) 4 headers in 156 bytes (1 switches on core 0)
2026-05-14 08:41:43.134 7 WARNING neutron.scheduler.dhcp_agent_scheduler [None req-0206b06c-f46c-41a5-ac9d-ba26e260fbcd 971c90fc9313463588e3c7c48e082f38 504e25ff2dcf468a9d19cd3c1864f87f - - default default] No more DHCP agents
2026-05-14 08:41:43.135 7 WARNING neutron.api.rpc.agentnotifiers.dhcp_rpc_agent_api [None req-0206b06c-f46c-41a5-ac9d-ba26e260fbcd 971c90fc9313463588e3c7c48e082f38 504e25ff2dcf468a9d19cd3c1864f87f - - default default] Unable to schedule network de696d8e-bfe9-49af-9125-c954474b7af7: no agents available; will retry on subsequent port and subnet creation events.
2026-05-14 08:41:43.185 7 INFO neutron.plugins.ml2.drivers.ovn.mech_driver.mech_driver [None req-047f71c9-4268-45e8-9af9-0defcbccd83d - - - - - -] OVN reports status down for port: da03fb0d-b9ce-4502-8727-dc86f4e64aba
2026-05-14 08:41:43.223 8 WARNING neutron.scheduler.dhcp_agent_scheduler [None req-94246112-3068-4a94-879d-b3d36361de02 d6de02614dcc401e9f8ac82e40e8d376 2b077740fdc3473f86dbda70cb22e81e - - default default] No more DHCP agents
2026-05-14 08:41:43.225 8 WARNING neutron.api.rpc.agentnotifiers.dhcp_rpc_agent_api [None req-94246112-3068-4a94-879d-b3d36361de02 d6de02614dcc401e9f8ac82e40e8d376 2b077740fdc3473f86dbda70cb22e81e - - default default] Unable to schedule network 02112539-0a62-4574-ae95-9eff2bdf8b9d: no agents available; will retry on subsequent port and subnet creation events.
2026-05-14 08:41:43.251 7 INFO neutron.db.ovn_revision_numbers_db [None req-0206b06c-f46c-41a5-ac9d-ba26e260fbcd 971c90fc9313463588e3c7c48e082f38 504e25ff2dcf468a9d19cd3c1864f87f - - default default] Successfully bumped revision number for resource da03fb0d-b9ce-4502-8727-dc86f4e64aba (type: ports) to 1
2026-05-14 08:41:43.303 8 INFO neutron.db.ovn_revision_numbers_db [None req-94246112-3068-4a94-879d-b3d36361de02 d6de02614dcc401e9f8ac82e40e8d376 2b077740fdc3473f86dbda70cb22e81e - - default default] Successfully bumped revision number for resource 8434e554-5a09-4ddb-9d65-e0a04c425e23 (type: ports) to 1 [pid: 7|app: 0|req: 692/1370] 10.0.0.157 () {34 vars in 670 bytes} [Thu May 14 08:41:42 2026] POST /v2.0/networks => generated 692 bytes in 549 msecs (HTTP/1.1 201) 4 headers in 162 bytes (1 switches on core 0)
2026-05-14 08:41:43.344 7 INFO neutron.plugins.ml2.drivers.ovn.mech_driver.mech_driver [None req-047f71c9-4268-45e8-9af9-0defcbccd83d - - - - - -] OVN reports status down for port: 8434e554-5a09-4ddb-9d65-e0a04c425e23 [pid: 8|app: 0|req: 679/1371] 10.0.0.157 () {34 vars in 664 bytes} [Thu May 14 08:41:43 2026] POST /v2.0/ports => generated 743 bytes in 346 msecs (HTTP/1.1 201) 4 headers in 162 bytes (1 switches on core 0) /var/lib/openstack/lib/python3.12/site-packages/pycadf/identifier.py:70: UserWarning: Invalid uuid: neutron. To ensure interoperability, identifiers should be a valid uuid. warnings.warn(('Invalid uuid: %s. To ensure interoperability, '
2026-05-14 08:41:43.430 8 INFO neutron.db.segments_db [None req-d8d1529e-0bed-4d6a-9db6-9deb8dfe93d9 971c90fc9313463588e3c7c48e082f38 504e25ff2dcf468a9d19cd3c1864f87f - - default default] Added segment 182d6cc8-6271-49d7-8640-fe4977659b33 of type geneve for network 4d5be2e6-0559-4ae2-a1f9-5f472eb5acd4
2026-05-14 08:41:43.540 8 INFO neutron.db.ovn_revision_numbers_db [None req-d8d1529e-0bed-4d6a-9db6-9deb8dfe93d9 971c90fc9313463588e3c7c48e082f38 504e25ff2dcf468a9d19cd3c1864f87f - - default default] Successfully bumped revision number for resource 4d5be2e6-0559-4ae2-a1f9-5f472eb5acd4 (type: networks) to 1
2026-05-14 08:41:43.657 7 INFO neutron.db.ovn_revision_numbers_db [None req-21b09658-2d35-4088-8b59-e80f6d3f182b fb1b436fc3994c46994a5c0cb04704ce c3e731a8432d429b9c6fd42871d19c8a - - default default] Successfully bumped revision number for resource d10011fb-fe83-460c-a03e-1c840fa9edd3 (type: security_groups) to 1
2026-05-14 08:41:43.669 7 INFO neutron.db.ovn_revision_numbers_db [None req-21b09658-2d35-4088-8b59-e80f6d3f182b fb1b436fc3994c46994a5c0cb04704ce c3e731a8432d429b9c6fd42871d19c8a - - default default] Successfully bumped revision number for resource 657c60d2-5d27-4070-8004-2d8f1b1c11c6 (type: security_group_rules) to 0
2026-05-14 08:41:43.681 7 INFO neutron.db.ovn_revision_numbers_db [None req-21b09658-2d35-4088-8b59-e80f6d3f182b fb1b436fc3994c46994a5c0cb04704ce c3e731a8432d429b9c6fd42871d19c8a - - default default] Successfully bumped revision number for resource 75c012cb-0ca8-45e1-913c-9b35a081eb88 (type: security_group_rules) to 0
2026-05-14 08:41:43.690 8 WARNING neutron.scheduler.dhcp_agent_scheduler [None req-d8d1529e-0bed-4d6a-9db6-9deb8dfe93d9 971c90fc9313463588e3c7c48e082f38 504e25ff2dcf468a9d19cd3c1864f87f - - default default] No more DHCP agents
2026-05-14 08:41:43.691 8 WARNING neutron.api.rpc.agentnotifiers.dhcp_rpc_agent_api [None req-d8d1529e-0bed-4d6a-9db6-9deb8dfe93d9 971c90fc9313463588e3c7c48e082f38 504e25ff2dcf468a9d19cd3c1864f87f - - default default] Unable to schedule network 4d5be2e6-0559-4ae2-a1f9-5f472eb5acd4: no agents available; will retry on subsequent port and subnet creation events.
2026-05-14 08:41:43.692 7 INFO neutron.db.ovn_revision_numbers_db [None req-21b09658-2d35-4088-8b59-e80f6d3f182b fb1b436fc3994c46994a5c0cb04704ce c3e731a8432d429b9c6fd42871d19c8a - - default default] Successfully bumped revision number for resource 914ba492-8240-4100-9ce8-0c74a7d3f7ae (type: security_group_rules) to 0
2026-05-14 08:41:43.704 7 INFO neutron.db.ovn_revision_numbers_db [None req-21b09658-2d35-4088-8b59-e80f6d3f182b fb1b436fc3994c46994a5c0cb04704ce c3e731a8432d429b9c6fd42871d19c8a - - default default] Successfully bumped revision number for resource c264675b-93d8-4f71-b806-f3a98d4b2ce8 (type: security_group_rules) to 0
2026-05-14 08:41:43.751 7 INFO neutron.plugins.ml2.drivers.ovn.mech_driver.mech_driver [None req-047f71c9-4268-45e8-9af9-0defcbccd83d - - - - - -] OVN reports status down for port: 95e2953d-2d5d-4675-a639-4d0d5d1dce4e
2026-05-14 08:41:43.768 8 INFO neutron.db.ovn_revision_numbers_db [None req-d8d1529e-0bed-4d6a-9db6-9deb8dfe93d9 971c90fc9313463588e3c7c48e082f38 504e25ff2dcf468a9d19cd3c1864f87f - - default default] Successfully bumped revision number for resource 95e2953d-2d5d-4675-a639-4d0d5d1dce4e (type: ports) to 1 [pid: 8|app: 0|req: 680/1372] 10.0.0.157 () {34 vars in 670 bytes} [Thu May 14 08:41:43 2026] POST /v2.0/networks => generated 692 bytes in 445 msecs (HTTP/1.1 201) 4 headers in 162 bytes (1 switches on core 0)
2026-05-14 08:41:43.830 7 INFO neutron.db.segments_db [None req-21b09658-2d35-4088-8b59-e80f6d3f182b fb1b436fc3994c46994a5c0cb04704ce c3e731a8432d429b9c6fd42871d19c8a - - default default] Added segment 4cc4d745-bd15-4af7-99b2-8a3d5808a6fe of type geneve for network 79adbbfe-7b4e-4385-b67e-4459d00e4667
2026-05-14 08:41:43.873 8 INFO neutron.db.segments_db [None req-6473dc66-b8c4-4e1e-9674-cbd95481f9cd d6de02614dcc401e9f8ac82e40e8d376 2b077740fdc3473f86dbda70cb22e81e - - default default] Added segment 556bc30e-aa97-4522-be0b-de7e89e72400 of type geneve for network f2fc7260-bee7-4593-8628-bf85ed37b3b0
2026-05-14 08:41:43.955 7 INFO neutron.db.ovn_revision_numbers_db [None req-21b09658-2d35-4088-8b59-e80f6d3f182b fb1b436fc3994c46994a5c0cb04704ce c3e731a8432d429b9c6fd42871d19c8a - - default default] Successfully bumped revision number for resource 79adbbfe-7b4e-4385-b67e-4459d00e4667 (type: networks) to 1
2026-05-14 08:41:43.992 8 INFO neutron.db.ovn_revision_numbers_db [None req-6473dc66-b8c4-4e1e-9674-cbd95481f9cd d6de02614dcc401e9f8ac82e40e8d376 2b077740fdc3473f86dbda70cb22e81e - - default default] Successfully bumped revision number for resource f2fc7260-bee7-4593-8628-bf85ed37b3b0 (type: networks) to 1
2026-05-14 08:41:44.103 7 WARNING neutron.scheduler.dhcp_agent_scheduler [None req-21b09658-2d35-4088-8b59-e80f6d3f182b fb1b436fc3994c46994a5c0cb04704ce c3e731a8432d429b9c6fd42871d19c8a - - default default] No more DHCP agents
2026-05-14 08:41:44.105 7 WARNING neutron.api.rpc.agentnotifiers.dhcp_rpc_agent_api [None req-21b09658-2d35-4088-8b59-e80f6d3f182b fb1b436fc3994c46994a5c0cb04704ce c3e731a8432d429b9c6fd42871d19c8a - - default default] Unable to schedule network 79adbbfe-7b4e-4385-b67e-4459d00e4667: no agents available; will retry on subsequent port and subnet creation events.
2026-05-14 08:41:44.157 7 INFO neutron.plugins.ml2.drivers.ovn.mech_driver.mech_driver [None req-047f71c9-4268-45e8-9af9-0defcbccd83d - - - - - -] OVN reports status down for port: 4cef7d97-9f8e-4971-82f4-12afcf17a028
2026-05-14 08:41:44.164 8 WARNING neutron.scheduler.dhcp_agent_scheduler [None req-6473dc66-b8c4-4e1e-9674-cbd95481f9cd d6de02614dcc401e9f8ac82e40e8d376 2b077740fdc3473f86dbda70cb22e81e - - default default] No more DHCP agents
2026-05-14 08:41:44.165 8 WARNING neutron.api.rpc.agentnotifiers.dhcp_rpc_agent_api [None req-6473dc66-b8c4-4e1e-9674-cbd95481f9cd d6de02614dcc401e9f8ac82e40e8d376 2b077740fdc3473f86dbda70cb22e81e - - default default] Unable to schedule network f2fc7260-bee7-4593-8628-bf85ed37b3b0: no agents available; will retry on subsequent port and subnet creation events.
2026-05-14 08:41:44.230 8 INFO neutron.plugins.ml2.drivers.ovn.mech_driver.mech_driver [None req-27817534-4daa-4bbf-b8c2-c30dfefde058 - - - - - -] OVN reports status down for port: abc513af-9324-4817-8d0d-426bd2499450
2026-05-14 08:41:44.233 7 INFO neutron.db.ovn_revision_numbers_db [None req-21b09658-2d35-4088-8b59-e80f6d3f182b fb1b436fc3994c46994a5c0cb04704ce c3e731a8432d429b9c6fd42871d19c8a - - default default] Successfully bumped revision number for resource 4cef7d97-9f8e-4971-82f4-12afcf17a028 (type: ports) to 1 [pid: 7|app: 0|req: 693/1373] 10.0.0.157 () {34 vars in 671 bytes} [Thu May 14 08:41:43 2026] POST /v2.0/networks => generated 781 bytes in 952 msecs (HTTP/1.1 201) 4 headers in 162 bytes (1 switches on core 0)
2026-05-14 08:41:44.291 8 INFO neutron.db.ovn_revision_numbers_db [None req-6473dc66-b8c4-4e1e-9674-cbd95481f9cd d6de02614dcc401e9f8ac82e40e8d376 2b077740fdc3473f86dbda70cb22e81e - - default default] Successfully bumped revision number for resource abc513af-9324-4817-8d0d-426bd2499450 (type: ports) to 1 [pid: 7|app: 0|req: 694/1374] 10.0.0.129 () {34 vars in 990 bytes} [Thu May 14 08:41:44 2026] GET /v2.0/ports?device_id=1a6e4099-98b8-41bd-a7b8-bf58d886d236 => generated 12 bytes in 20 msecs (HTTP/1.1 200) 4 headers in 156 bytes (1 switches on core 0) [pid: 8|app: 0|req: 681/1375] 10.0.0.157 () {34 vars in 670 bytes} [Thu May 14 08:41:43 2026] POST /v2.0/networks => generated 670 bytes in 545 msecs (HTTP/1.1 201) 4 headers in 162 bytes (1 switches on core 0)
2026-05-14 08:41:44.477 8 WARNING neutron.scheduler.dhcp_agent_scheduler [None req-ef9bd16d-3eae-4d86-a9df-e3d953d0e5b2 fb1b436fc3994c46994a5c0cb04704ce c3e731a8432d429b9c6fd42871d19c8a - - default default] No more DHCP agents
2026-05-14 08:41:44.478 8 WARNING neutron.api.rpc.agentnotifiers.dhcp_rpc_agent_api [None req-ef9bd16d-3eae-4d86-a9df-e3d953d0e5b2 fb1b436fc3994c46994a5c0cb04704ce c3e731a8432d429b9c6fd42871d19c8a - - default default] Unable to schedule network 79adbbfe-7b4e-4385-b67e-4459d00e4667: no agents available; will retry on subsequent port and subnet creation events.
2026-05-14 08:41:44.893 7 WARNING neutron.scheduler.dhcp_agent_scheduler [None req-b03fff0f-2db7-4970-8fe9-73158a4f29b7 971c90fc9313463588e3c7c48e082f38 504e25ff2dcf468a9d19cd3c1864f87f - - default default] No more DHCP agents
2026-05-14 08:41:44.897 7 WARNING neutron.api.rpc.agentnotifiers.dhcp_rpc_agent_api [None req-b03fff0f-2db7-4970-8fe9-73158a4f29b7 971c90fc9313463588e3c7c48e082f38 504e25ff2dcf468a9d19cd3c1864f87f - - default default] Unable to schedule network de696d8e-bfe9-49af-9125-c954474b7af7: no agents available; will retry on subsequent port and subnet creation events.
2026-05-14 08:41:44.954 7 INFO neutron.plugins.ml2.drivers.ovn.mech_driver.mech_driver [None req-047f71c9-4268-45e8-9af9-0defcbccd83d - - - - - -] OVN reports status down for port: 138e2551-78f7-4a76-a8a7-c32f8d64cdee
2026-05-14 08:41:45.011 7 INFO neutron.db.ovn_revision_numbers_db [None req-b03fff0f-2db7-4970-8fe9-73158a4f29b7 971c90fc9313463588e3c7c48e082f38 504e25ff2dcf468a9d19cd3c1864f87f - - default default] Successfully bumped revision number for resource 138e2551-78f7-4a76-a8a7-c32f8d64cdee (type: ports) to 1
2026-05-14 08:41:45.061 8 INFO neutron.db.ovn_revision_numbers_db [None req-ef9bd16d-3eae-4d86-a9df-e3d953d0e5b2 fb1b436fc3994c46994a5c0cb04704ce c3e731a8432d429b9c6fd42871d19c8a - - default default] Successfully bumped revision number for resource 4cef7d97-9f8e-4971-82f4-12afcf17a028 (type: ports) to 2
2026-05-14 08:41:45.094 8 INFO neutron.db.ovn_revision_numbers_db [None req-ef9bd16d-3eae-4d86-a9df-e3d953d0e5b2 fb1b436fc3994c46994a5c0cb04704ce c3e731a8432d429b9c6fd42871d19c8a - - default default] Successfully bumped revision number for resource 227846ec-79ec-45c9-9fd6-5d15310d61dd (type: subnets) to 0
2026-05-14 08:41:45.103 7 WARNING neutron.scheduler.dhcp_agent_scheduler [None req-b03fff0f-2db7-4970-8fe9-73158a4f29b7 971c90fc9313463588e3c7c48e082f38 504e25ff2dcf468a9d19cd3c1864f87f - - default default] No more DHCP agents
2026-05-14 08:41:45.104 7 WARNING neutron.api.rpc.agentnotifiers.dhcp_rpc_agent_api [None req-b03fff0f-2db7-4970-8fe9-73158a4f29b7 971c90fc9313463588e3c7c48e082f38 504e25ff2dcf468a9d19cd3c1864f87f - - default default] Unable to schedule network 4d5be2e6-0559-4ae2-a1f9-5f472eb5acd4: no agents available; will retry on subsequent port and subnet creation events. [pid: 8|app: 0|req: 682/1376] 10.0.0.157 () {34 vars in 669 bytes} [Thu May 14 08:41:44 2026] POST /v2.0/subnets => generated 688 bytes in 770 msecs (HTTP/1.1 201) 4 headers in 162 bytes (1 switches on core 0)
2026-05-14 08:41:45.161 7 INFO neutron.plugins.ml2.drivers.ovn.mech_driver.mech_driver [None req-047f71c9-4268-45e8-9af9-0defcbccd83d - - - - - -] OVN reports status down for port: 9a874a1c-f697-4304-bd8a-fd934bf2e782
2026-05-14 08:41:45.220 7 INFO neutron.db.ovn_revision_numbers_db [None req-b03fff0f-2db7-4970-8fe9-73158a4f29b7 971c90fc9313463588e3c7c48e082f38 504e25ff2dcf468a9d19cd3c1864f87f - - default default] Successfully bumped revision number for resource 9a874a1c-f697-4304-bd8a-fd934bf2e782 (type: ports) to 1 [pid: 7|app: 0|req: 695/1377] 10.0.0.157 () {34 vars in 665 bytes} [Thu May 14 08:41:44 2026] POST /v2.0/ports => generated 1505 bytes in 1014 msecs (HTTP/1.1 201) 4 headers in 163 bytes (1 switches on core 0)
2026-05-14 08:41:45.323 8 WARNING neutron.scheduler.dhcp_agent_scheduler [None req-73bdf924-15d8-4687-8d3a-bf968383cbde d6de02614dcc401e9f8ac82e40e8d376 2b077740fdc3473f86dbda70cb22e81e - - default default] No more DHCP agents
2026-05-14 08:41:45.324 8 WARNING neutron.api.rpc.agentnotifiers.dhcp_rpc_agent_api [None req-73bdf924-15d8-4687-8d3a-bf968383cbde d6de02614dcc401e9f8ac82e40e8d376 2b077740fdc3473f86dbda70cb22e81e - - default default] Unable to schedule network f2fc7260-bee7-4593-8628-bf85ed37b3b0: no agents available; will retry on subsequent port and subnet creation events. /var/lib/openstack/lib/python3.12/site-packages/pycadf/identifier.py:70: UserWarning: Invalid uuid: neutron. To ensure interoperability, identifiers should be a valid uuid. warnings.warn(('Invalid uuid: %s. To ensure interoperability, '
2026-05-14 08:41:45.378 8 INFO neutron.plugins.ml2.drivers.ovn.mech_driver.mech_driver [None req-27817534-4daa-4bbf-b8c2-c30dfefde058 - - - - - -] OVN reports status down for port: c3143480-918b-4e9a-b902-a67de5c7dbfb
2026-05-14 08:41:45.430 8 INFO neutron.db.ovn_revision_numbers_db [None req-73bdf924-15d8-4687-8d3a-bf968383cbde d6de02614dcc401e9f8ac82e40e8d376 2b077740fdc3473f86dbda70cb22e81e - - default default] Successfully bumped revision number for resource c3143480-918b-4e9a-b902-a67de5c7dbfb (type: ports) to 1 [pid: 8|app: 0|req: 683/1378] 10.0.0.157 () {34 vars in 664 bytes} [Thu May 14 08:41:45 2026] POST /v2.0/ports => generated 743 bytes in 389 msecs (HTTP/1.1 201) 4 headers in 162 bytes (1 switches on core 0) /var/lib/openstack/lib/python3.12/site-packages/pycadf/identifier.py:70: UserWarning: Invalid uuid: neutron. To ensure interoperability, identifiers should be a valid uuid. warnings.warn(('Invalid uuid: %s. To ensure interoperability, ' [pid: 8|app: 0|req: 684/1379] 10.0.0.157 () {32 vars in 643 bytes} [Thu May 14 08:41:45 2026] GET /v2.0/ports => generated 3017 bytes in 120 msecs (HTTP/1.1 200) 4 headers in 158 bytes (1 switches on core 0) [pid: 8|app: 0|req: 685/1380] 10.0.0.129 () {34 vars in 990 bytes} [Thu May 14 08:41:45 2026] GET /v2.0/ports?device_id=1a6e4099-98b8-41bd-a7b8-bf58d886d236 => generated 12 bytes in 14 msecs (HTTP/1.1 200) 4 headers in 156 bytes (1 switches on core 0) [pid: 8|app: 0|req: 686/1381] 10.0.0.157 () {34 vars in 747 bytes} [Thu May 14 08:41:45 2026] PUT /v2.0/ports/80439896-dce5-480e-a608-56abe5723954/tags => generated 17 bytes in 72 msecs (HTTP/1.1 200) 4 headers in 156 bytes (1 switches on core 0) /var/lib/openstack/lib/python3.12/site-packages/pycadf/identifier.py:70: UserWarning: Invalid uuid: neutron. To ensure interoperability, identifiers should be a valid uuid. warnings.warn(('Invalid uuid: %s. To ensure interoperability, '
2026-05-14 08:41:45.713 7 WARNING neutron.scheduler.dhcp_agent_scheduler [None req-275e6c5b-1406-4bf8-9aa1-15d4ed723def fb1b436fc3994c46994a5c0cb04704ce c3e731a8432d429b9c6fd42871d19c8a - - default default] No more DHCP agents
2026-05-14 08:41:45.714 7 WARNING neutron.api.rpc.agentnotifiers.dhcp_rpc_agent_api [None req-275e6c5b-1406-4bf8-9aa1-15d4ed723def fb1b436fc3994c46994a5c0cb04704ce c3e731a8432d429b9c6fd42871d19c8a - - default default] Unable to schedule network f5be4f78-0905-4811-9c92-1f0c9830fbe3: no agents available; will retry on subsequent port and subnet creation events.
2026-05-14 08:41:45.819 8 INFO neutron.plugins.ml2.drivers.ovn.mech_driver.mech_driver [None req-27817534-4daa-4bbf-b8c2-c30dfefde058 - - - - - -] OVN reports status down for port: 79c3aa24-15cb-426e-b845-1743e1c6a6ff
2026-05-14 08:41:45.852 7 INFO neutron.db.ovn_revision_numbers_db [None req-275e6c5b-1406-4bf8-9aa1-15d4ed723def fb1b436fc3994c46994a5c0cb04704ce c3e731a8432d429b9c6fd42871d19c8a - - default default] Successfully bumped revision number for resource 79c3aa24-15cb-426e-b845-1743e1c6a6ff (type: ports) to 1
2026-05-14 08:41:45.860 8 INFO neutron_taas.services.taas.taas_plugin [None req-eb49e3f6-72b0-4c88-a17d-28a7a463abdc 971c90fc9313463588e3c7c48e082f38 504e25ff2dcf468a9d19cd3c1864f87f - - default default] TaaS: Handle Delete Port: 138e2551-78f7-4a76-a8a7-c32f8d64cdee
2026-05-14 08:41:45.865 8 INFO neutron_taas.services.taas.tap_mirror_plugin [None req-eb49e3f6-72b0-4c88-a17d-28a7a463abdc 971c90fc9313463588e3c7c48e082f38 504e25ff2dcf468a9d19cd3c1864f87f - - default default] Tap Mirror: Handle Delete Port: 138e2551-78f7-4a76-a8a7-c32f8d64cdee [pid: 8|app: 0|req: 687/1382] 10.0.0.157 () {32 vars in 720 bytes} [Thu May 14 08:41:45 2026] DELETE /v2.0/ports/138e2551-78f7-4a76-a8a7-c32f8d64cdee => generated 0 bytes in 305 msecs (HTTP/1.1 204) 3 headers in 131 bytes (1 switches on core 0) [pid: 8|app: 0|req: 688/1383] 10.0.0.157 () {34 vars in 747 bytes} [Thu May 14 08:41:46 2026] PUT /v2.0/ports/5a5b8f44-4807-453f-bd7e-c898644fffed/tags => generated 25 bytes in 61 msecs (HTTP/1.1 200) 4 headers in 156 bytes (1 switches on core 0) /var/lib/openstack/lib/python3.12/site-packages/pycadf/identifier.py:70: UserWarning: Invalid uuid: neutron. To ensure interoperability, identifiers should be a valid uuid. warnings.warn(('Invalid uuid: %s. To ensure interoperability, '
2026-05-14 08:41:46.200 8 INFO neutron_taas.services.taas.taas_plugin [None req-f8a3f04a-a05a-4447-880d-d12514a14bbc 971c90fc9313463588e3c7c48e082f38 504e25ff2dcf468a9d19cd3c1864f87f - - default default] TaaS: Handle Delete Port: 9a874a1c-f697-4304-bd8a-fd934bf2e782
2026-05-14 08:41:46.203 8 INFO neutron_taas.services.taas.tap_mirror_plugin [None req-f8a3f04a-a05a-4447-880d-d12514a14bbc 971c90fc9313463588e3c7c48e082f38 504e25ff2dcf468a9d19cd3c1864f87f - - default default] Tap Mirror: Handle Delete Port: 9a874a1c-f697-4304-bd8a-fd934bf2e782 [pid: 8|app: 0|req: 689/1384] 10.0.0.157 () {32 vars in 720 bytes} [Thu May 14 08:41:46 2026] DELETE /v2.0/ports/9a874a1c-f697-4304-bd8a-fd934bf2e782 => generated 0 bytes in 268 msecs (HTTP/1.1 204) 3 headers in 131 bytes (1 switches on core 0) [pid: 8|app: 0|req: 690/1385] 10.0.0.157 () {34 vars in 747 bytes} [Thu May 14 08:41:46 2026] PUT /v2.0/ports/7855bc7d-079c-46da-9c71-ab6fade7346c/tags => generated 34 bytes in 61 msecs (HTTP/1.1 200) 4 headers in 156 bytes (1 switches on core 0) /var/lib/openstack/lib/python3.12/site-packages/pycadf/identifier.py:70: UserWarning: Invalid uuid: neutron. To ensure interoperability, identifiers should be a valid uuid. warnings.warn(('Invalid uuid: %s. To ensure interoperability, ' [pid: 8|app: 0|req: 691/1386] 10.0.0.157 () {32 vars in 643 bytes} [Thu May 14 08:41:46 2026] GET /v2.0/ports => generated 1523 bytes in 31 msecs (HTTP/1.1 200) 4 headers in 158 bytes (1 switches on core 0)
2026-05-14 08:41:46.567 8 INFO neutron.plugins.ml2.drivers.ovn.mech_driver.ovsdb.ovsdb_monitor [None req-1deeaf68-44bd-45c7-bc41-078276b76e12 - - - - - -] Router fee56145-afb6-4689-af23-269dfdccd9c6 is bound to host instance
2026-05-14 08:41:46.595 8 INFO neutron.plugins.ml2.drivers.ovn.mech_driver.mech_driver [None req-27817534-4daa-4bbf-b8c2-c30dfefde058 - - - - - -] OVN reports status up for port: 79c3aa24-15cb-426e-b845-1743e1c6a6ff
2026-05-14 08:41:46.606 7 INFO neutron.db.ovn_revision_numbers_db [None req-275e6c5b-1406-4bf8-9aa1-15d4ed723def fb1b436fc3994c46994a5c0cb04704ce c3e731a8432d429b9c6fd42871d19c8a - - default default] Successfully bumped revision number for resource 79c3aa24-15cb-426e-b845-1743e1c6a6ff (type: router_ports) to 1 [pid: 8|app: 0|req: 692/1387] 10.0.0.157 () {34 vars in 747 bytes} [Thu May 14 08:41:46 2026] PUT /v2.0/ports/8434e554-5a09-4ddb-9d65-e0a04c425e23/tags => generated 19 bytes in 177 msecs (HTTP/1.1 200) 4 headers in 156 bytes (1 switches on core 0) /var/lib/openstack/lib/python3.12/site-packages/pycadf/identifier.py:70: UserWarning: Invalid uuid: neutron. To ensure interoperability, identifiers should be a valid uuid. warnings.warn(('Invalid uuid: %s. To ensure interoperability, '
2026-05-14 08:41:46.625 8 INFO neutron.plugins.ml2.plugin [None req-27817534-4daa-4bbf-b8c2-c30dfefde058 - - - - - -] Attempt 1 to provision port 79c3aa24-15cb-426e-b845-1743e1c6a6ff
2026-05-14 08:41:46.662 7 INFO neutron.db.ovn_revision_numbers_db [None req-275e6c5b-1406-4bf8-9aa1-15d4ed723def fb1b436fc3994c46994a5c0cb04704ce c3e731a8432d429b9c6fd42871d19c8a - - default default] Successfully bumped revision number for resource fee56145-afb6-4689-af23-269dfdccd9c6 (type: routers) to 2 [pid: 7|app: 0|req: 696/1388] 10.0.0.157 () {34 vars in 669 bytes} [Thu May 14 08:41:45 2026] POST /v2.0/routers => generated 987 bytes in 1354 msecs (HTTP/1.1 201) 4 headers in 162 bytes (1 switches on core 0) [pid: 7|app: 0|req: 697/1389] 10.0.0.157 () {32 vars in 660 bytes} [Thu May 14 08:41:46 2026] GET /v2.0/ports?tags=red => generated 2253 bytes in 109 msecs (HTTP/1.1 200) 4 headers in 158 bytes (1 switches on core 0)
2026-05-14 08:41:46.791 8 INFO neutron.db.segments_db [None req-195a02dc-801e-4237-b85e-cdc005247a26 971c90fc9313463588e3c7c48e082f38 504e25ff2dcf468a9d19cd3c1864f87f - - default default] Added segment aea82f6d-a804-4d9a-afd3-c885d693382d of type geneve for network b2600983-d0bf-4f8f-895d-272915a2dbd4
2026-05-14 08:41:46.969 8 INFO neutron.db.ovn_revision_numbers_db [None req-195a02dc-801e-4237-b85e-cdc005247a26 971c90fc9313463588e3c7c48e082f38 504e25ff2dcf468a9d19cd3c1864f87f - - default default] Successfully bumped revision number for resource b2600983-d0bf-4f8f-895d-272915a2dbd4 (type: networks) to 1
2026-05-14 08:41:47.186 7 WARNING neutron.scheduler.dhcp_agent_scheduler [None req-2ec62c7f-4921-4267-afb6-09c7bd4cbd40 fb1b436fc3994c46994a5c0cb04704ce c3e731a8432d429b9c6fd42871d19c8a - - default default] No more DHCP agents
2026-05-14 08:41:47.187 7 WARNING neutron.api.rpc.agentnotifiers.dhcp_rpc_agent_api [None req-2ec62c7f-4921-4267-afb6-09c7bd4cbd40 fb1b436fc3994c46994a5c0cb04704ce c3e731a8432d429b9c6fd42871d19c8a - - default default] Unable to schedule network 79adbbfe-7b4e-4385-b67e-4459d00e4667: no agents available; will retry on subsequent port and subnet creation events.
2026-05-14 08:41:47.250 8 WARNING neutron.scheduler.dhcp_agent_scheduler [None req-195a02dc-801e-4237-b85e-cdc005247a26 971c90fc9313463588e3c7c48e082f38 504e25ff2dcf468a9d19cd3c1864f87f - - default default] No more DHCP agents
2026-05-14 08:41:47.252 8 WARNING neutron.api.rpc.agentnotifiers.dhcp_rpc_agent_api [None req-195a02dc-801e-4237-b85e-cdc005247a26 971c90fc9313463588e3c7c48e082f38 504e25ff2dcf468a9d19cd3c1864f87f - - default default] Unable to schedule network b2600983-d0bf-4f8f-895d-272915a2dbd4: no agents available; will retry on subsequent port and subnet creation events.
2026-05-14 08:41:47.323 7 INFO neutron.db.ovn_revision_numbers_db [None req-2ec62c7f-4921-4267-afb6-09c7bd4cbd40 fb1b436fc3994c46994a5c0cb04704ce c3e731a8432d429b9c6fd42871d19c8a - - default default] Successfully bumped revision number for resource c2c92fe6-06ab-469d-92ed-1871c01cdc72 (type: ports) to 1
2026-05-14 08:41:47.377 7 INFO neutron.plugins.ml2.drivers.ovn.mech_driver.mech_driver [None req-047f71c9-4268-45e8-9af9-0defcbccd83d - - - - - -] OVN reports status down for port: 9c8d1969-5463-4252-ad35-74b4cb63285f
2026-05-14 08:41:47.417 8 INFO neutron.db.ovn_revision_numbers_db [None req-195a02dc-801e-4237-b85e-cdc005247a26 971c90fc9313463588e3c7c48e082f38 504e25ff2dcf468a9d19cd3c1864f87f - - default default] Successfully bumped revision number for resource 9c8d1969-5463-4252-ad35-74b4cb63285f (type: ports) to 1 [pid: 8|app: 0|req: 693/1390] 10.0.0.157 () {34 vars in 670 bytes} [Thu May 14 08:41:46 2026] POST /v2.0/networks => generated 691 bytes in 857 msecs (HTTP/1.1 201) 4 headers in 162 bytes (1 switches on core 0) [pid: 8|app: 0|req: 694/1391] 10.0.0.157 () {32 vars in 740 bytes} [Thu May 14 08:41:47 2026] DELETE /v2.0/security-groups/a5eb8a1e-a23a-4627-850c-828a1697c6d0 => generated 0 bytes in 283 msecs (HTTP/1.1 204) 2 headers in 112 bytes (1 switches on core 0) [pid: 8|app: 0|req: 695/1392] 10.0.0.157 () {32 vars in 674 bytes} [Thu May 14 08:41:47 2026] GET /v2.0/ports?tags=red%2Cblue => generated 1513 bytes in 214 msecs (HTTP/1.1 200) 4 headers in 158 bytes (1 switches on core 0)
2026-05-14 08:41:48.027 7 WARNING neutron.scheduler.dhcp_agent_scheduler [None req-2ec62c7f-4921-4267-afb6-09c7bd4cbd40 fb1b436fc3994c46994a5c0cb04704ce c3e731a8432d429b9c6fd42871d19c8a - - default default] No more DHCP agents
2026-05-14 08:41:48.029 7 WARNING neutron.api.rpc.agentnotifiers.dhcp_rpc_agent_api [None req-2ec62c7f-4921-4267-afb6-09c7bd4cbd40 fb1b436fc3994c46994a5c0cb04704ce c3e731a8432d429b9c6fd42871d19c8a - - default default] Unable to schedule network 79adbbfe-7b4e-4385-b67e-4459d00e4667: no agents available; will retry on subsequent port and subnet creation events.
2026-05-14 08:41:48.094 8 INFO neutron.db.ovn_revision_numbers_db [None req-a8070f08-bc29-415d-b4fc-afd47722e222 - - - - - -] Successfully bumped revision number for resource 79c3aa24-15cb-426e-b845-1743e1c6a6ff (type: ports) to 4
2026-05-14 08:41:48.127 8 INFO neutron.db.segments_db [None req-c88358ca-add4-4ab1-8a93-81e4e9e19540 971c90fc9313463588e3c7c48e082f38 504e25ff2dcf468a9d19cd3c1864f87f - - default default] Added segment 5f94471d-4750-4410-8117-7bd532f84e14 of type geneve for network 1c7ba215-8c7c-4751-b6ec-6b9c8f999dbc
2026-05-14 08:41:48.353 8 INFO neutron.db.ovn_revision_numbers_db [None req-c88358ca-add4-4ab1-8a93-81e4e9e19540 971c90fc9313463588e3c7c48e082f38 504e25ff2dcf468a9d19cd3c1864f87f - - default default] Successfully bumped revision number for resource 1c7ba215-8c7c-4751-b6ec-6b9c8f999dbc (type: networks) to 1
2026-05-14 08:41:48.541 7 INFO neutron.db.ovn_revision_numbers_db [None req-2ec62c7f-4921-4267-afb6-09c7bd4cbd40 fb1b436fc3994c46994a5c0cb04704ce c3e731a8432d429b9c6fd42871d19c8a - - default default] Successfully bumped revision number for resource c2c92fe6-06ab-469d-92ed-1871c01cdc72 (type: router_ports) to 1 [pid: 7|app: 0|req: 698/1393] 10.0.0.157 () {34 vars in 783 bytes} [Thu May 14 08:41:46 2026] PUT /v2.0/routers/fee56145-afb6-4689-af23-269dfdccd9c6/add_router_interface => generated 310 bytes in 1759 msecs (HTTP/1.1 200) 4 headers in 157 bytes (1 switches on core 0)
2026-05-14 08:41:48.559 7 INFO neutron.api.v2.resource [None req-e7de20c8-c2e1-4b33-a6ea-9e77275d6b15 df96ea02df4149c79885d1eac4232618 d76ba0ddf8ab4753852c91ffa8238a27 - - default default] show failed (client error): The resource could not be found. [pid: 7|app: 0|req: 699/1394] 10.0.0.157 () {32 vars in 737 bytes} [Thu May 14 08:41:48 2026] GET /v2.0/security-groups/a5eb8a1e-a23a-4627-850c-828a1697c6d0 => generated 146 bytes in 12 msecs (HTTP/1.1 404) 4 headers in 164 bytes (1 switches on core 0) [pid: 7|app: 0|req: 700/1395] 10.0.0.157 () {32 vars in 670 bytes} [Thu May 14 08:41:48 2026] GET /v2.0/ports?tags-any=blue => generated 1513 bytes in 101 msecs (HTTP/1.1 200) 4 headers in 158 bytes (1 switches on core 0)
2026-05-14 08:41:48.687 8 WARNING neutron.scheduler.dhcp_agent_scheduler [None req-c88358ca-add4-4ab1-8a93-81e4e9e19540 971c90fc9313463588e3c7c48e082f38 504e25ff2dcf468a9d19cd3c1864f87f - - default default] No more DHCP agents
2026-05-14 08:41:48.689 8 WARNING neutron.api.rpc.agentnotifiers.dhcp_rpc_agent_api [None req-c88358ca-add4-4ab1-8a93-81e4e9e19540 971c90fc9313463588e3c7c48e082f38 504e25ff2dcf468a9d19cd3c1864f87f - - default default] Unable to schedule network 1c7ba215-8c7c-4751-b6ec-6b9c8f999dbc: no agents available; will retry on subsequent port and subnet creation events.
2026-05-14 08:41:48.802 7 INFO neutron.plugins.ml2.drivers.ovn.mech_driver.mech_driver [None req-047f71c9-4268-45e8-9af9-0defcbccd83d - - - - - -] OVN reports status down for port: 7d5a0126-4830-4c21-8fb6-badfea549226
2026-05-14 08:41:48.824 8 INFO neutron.db.ovn_revision_numbers_db [None req-c88358ca-add4-4ab1-8a93-81e4e9e19540 971c90fc9313463588e3c7c48e082f38 504e25ff2dcf468a9d19cd3c1864f87f - - default default] Successfully bumped revision number for resource 7d5a0126-4830-4c21-8fb6-badfea549226 (type: ports) to 1
2026-05-14 08:41:48.842 7 INFO neutron_taas.services.taas.taas_plugin [None req-bb2b620b-023b-4311-a490-0786363e085c df96ea02df4149c79885d1eac4232618 d76ba0ddf8ab4753852c91ffa8238a27 - - default default] TaaS: Handle Delete Port: bb568e3e-0456-4931-862c-b185c2dd3b7c
2026-05-14 08:41:48.847 7 INFO neutron_taas.services.taas.tap_mirror_plugin [None req-bb2b620b-023b-4311-a490-0786363e085c df96ea02df4149c79885d1eac4232618 d76ba0ddf8ab4753852c91ffa8238a27 - - default default] Tap Mirror: Handle Delete Port: bb568e3e-0456-4931-862c-b185c2dd3b7c
2026-05-14 08:41:48.884 8 INFO neutron.plugins.ml2.drivers.ovn.mech_driver.mech_driver [None req-27817534-4daa-4bbf-b8c2-c30dfefde058 - - - - - -] OVN reports status down for port: c2c92fe6-06ab-469d-92ed-1871c01cdc72 [pid: 8|app: 0|req: 696/1396] 10.0.0.157 () {34 vars in 670 bytes} [Thu May 14 08:41:47 2026] POST /v2.0/networks => generated 692 bytes in 919 msecs (HTTP/1.1 201) 4 headers in 162 bytes (1 switches on core 0)
2026-05-14 08:41:48.891 8 INFO neutron.db.ovn_revision_numbers_db [None req-a8070f08-bc29-415d-b4fc-afd47722e222 - - - - - -] Successfully bumped revision number for resource 79c3aa24-15cb-426e-b845-1743e1c6a6ff (type: ports) to 5 [pid: 7|app: 0|req: 701/1397] 10.0.0.157 () {32 vars in 732 bytes} [Thu May 14 08:41:48 2026] DELETE /v2.0/floatingips/a329b20e-e816-4495-a1dc-91fb75ee557f => generated 0 bytes in 370 msecs (HTTP/1.1 204) 2 headers in 112 bytes (1 switches on core 0)
2026-05-14 08:41:49.043 8 WARNING neutron.plugins.ml2.drivers.ovn.mech_driver.ovsdb.ovn_client [None req-27817534-4daa-4bbf-b8c2-c30dfefde058 - - - - - -] Logical_Switch_Port c2c92fe6-06ab-469d-92ed-1871c01cdc72 host information not removed, the port state is up
2026-05-14 08:41:49.045 8 INFO neutron.plugins.ml2.drivers.ovn.mech_driver.mech_driver [None req-27817534-4daa-4bbf-b8c2-c30dfefde058 - - - - - -] OVN reports status up for port: c2c92fe6-06ab-469d-92ed-1871c01cdc72
2026-05-14 08:41:49.075 8 INFO neutron.plugins.ml2.plugin [None req-27817534-4daa-4bbf-b8c2-c30dfefde058 - - - - - -] Attempt 1 to provision port c2c92fe6-06ab-469d-92ed-1871c01cdc72 [pid: 8|app: 0|req: 697/1398] 10.0.0.157 () {32 vars in 682 bytes} [Thu May 14 08:41:48 2026] GET /v2.0/ports?tags-any=red%2Cblue => generated 2253 bytes in 264 msecs (HTTP/1.1 200) 4 headers in 158 bytes (1 switches on core 0)
2026-05-14 08:41:49.309 7 INFO neutron_taas.services.taas.taas_plugin [None req-058dd9a2-d830-44b5-b47f-ab915db3f61c fb1b436fc3994c46994a5c0cb04704ce c3e731a8432d429b9c6fd42871d19c8a - - default default] TaaS: Handle Delete Port: 2a10d61e-eb8c-4dac-b64e-871a0c6aa668
2026-05-14 08:41:49.312 7 INFO neutron_taas.services.taas.tap_mirror_plugin [None req-058dd9a2-d830-44b5-b47f-ab915db3f61c fb1b436fc3994c46994a5c0cb04704ce c3e731a8432d429b9c6fd42871d19c8a - - default default] Tap Mirror: Handle Delete Port: 2a10d61e-eb8c-4dac-b64e-871a0c6aa668 [pid: 8|app: 0|req: 698/1399] 10.0.0.157 () {32 vars in 668 bytes} [Thu May 14 08:41:49 2026] GET /v2.0/ports?not-tags=red => generated 5268 bytes in 199 msecs (HTTP/1.1 200) 4 headers in 158 bytes (1 switches on core 0) [pid: 7|app: 0|req: 702/1400] 10.0.0.157 () {34 vars in 789 bytes} [Thu May 14 08:41:49 2026] PUT /v2.0/routers/9ebc8710-7f60-4aa1-af9c-f406b5ce2667/remove_router_interface => generated 310 bytes in 893 msecs (HTTP/1.1 200) 4 headers in 157 bytes (1 switches on core 0) /var/lib/openstack/lib/python3.12/site-packages/pycadf/identifier.py:70: UserWarning: Invalid uuid: neutron. To ensure interoperability, identifiers should be a valid uuid. warnings.warn(('Invalid uuid: %s. To ensure interoperability, ' [pid: 7|app: 0|req: 703/1401] 10.0.0.157 () {32 vars in 682 bytes} [Thu May 14 08:41:49 2026] GET /v2.0/ports?not-tags=red%2Cblue => generated 6008 bytes in 169 msecs (HTTP/1.1 200) 4 headers in 158 bytes (1 switches on core 0)
2026-05-14 08:41:50.238 7 INFO neutron.db.ovn_revision_numbers_db [None req-1ca94a4d-362a-4bd7-ae2e-7bcb967034a2 fb1b436fc3994c46994a5c0cb04704ce c3e731a8432d429b9c6fd42871d19c8a - - default default] Successfully bumped revision number for resource 4d5fceef-0008-47bf-95d3-fb41d4303dd6 (type: security_groups) to 1
2026-05-14 08:41:50.250 7 INFO neutron.db.ovn_revision_numbers_db [None req-1ca94a4d-362a-4bd7-ae2e-7bcb967034a2 fb1b436fc3994c46994a5c0cb04704ce c3e731a8432d429b9c6fd42871d19c8a - - default default] Successfully bumped revision number for resource 033a98ad-0193-4bea-9d49-372cd57f9534 (type: security_group_rules) to 0
2026-05-14 08:41:50.265 7 INFO neutron.db.ovn_revision_numbers_db [None req-1ca94a4d-362a-4bd7-ae2e-7bcb967034a2 fb1b436fc3994c46994a5c0cb04704ce c3e731a8432d429b9c6fd42871d19c8a - - default default] Successfully bumped revision number for resource 0ef2ab67-6dfb-4c01-9820-e789fb275273 (type: security_group_rules) to 0
2026-05-14 08:41:50.276 7 INFO neutron.db.ovn_revision_numbers_db [None req-1ca94a4d-362a-4bd7-ae2e-7bcb967034a2 fb1b436fc3994c46994a5c0cb04704ce c3e731a8432d429b9c6fd42871d19c8a - - default default] Successfully bumped revision number for resource c71e87c2-9129-4cc1-88ec-85bd5b15532a (type: security_group_rules) to 0
2026-05-14 08:41:50.288 7 INFO neutron.db.ovn_revision_numbers_db [None req-1ca94a4d-362a-4bd7-ae2e-7bcb967034a2 fb1b436fc3994c46994a5c0cb04704ce c3e731a8432d429b9c6fd42871d19c8a - - default default] Successfully bumped revision number for resource d4ac4a59-433c-48f6-b630-9dde7edba0d7 (type: security_group_rules) to 0
2026-05-14 08:41:50.360 7 INFO neutron.db.segments_db [None req-1ca94a4d-362a-4bd7-ae2e-7bcb967034a2 fb1b436fc3994c46994a5c0cb04704ce c3e731a8432d429b9c6fd42871d19c8a - - default default] Added segment 92ac7331-2cac-4870-9383-e893dc5971db of type geneve for network b50bea7d-70a8-4a39-8d3a-98a759cd1b82
2026-05-14 08:41:50.468 7 INFO neutron.db.ovn_revision_numbers_db [None req-1ca94a4d-362a-4bd7-ae2e-7bcb967034a2 fb1b436fc3994c46994a5c0cb04704ce c3e731a8432d429b9c6fd42871d19c8a - - default default] Successfully bumped revision number for resource b50bea7d-70a8-4a39-8d3a-98a759cd1b82 (type: networks) to 1
2026-05-14 08:41:50.623 7 WARNING neutron.scheduler.dhcp_agent_scheduler [None req-1ca94a4d-362a-4bd7-ae2e-7bcb967034a2 fb1b436fc3994c46994a5c0cb04704ce c3e731a8432d429b9c6fd42871d19c8a - - default default] No more DHCP agents
2026-05-14 08:41:50.624 7 WARNING neutron.api.rpc.agentnotifiers.dhcp_rpc_agent_api [None req-1ca94a4d-362a-4bd7-ae2e-7bcb967034a2 fb1b436fc3994c46994a5c0cb04704ce c3e731a8432d429b9c6fd42871d19c8a - - default default] Unable to schedule network b50bea7d-70a8-4a39-8d3a-98a759cd1b82: no agents available; will retry on subsequent port and subnet creation events.
2026-05-14 08:41:50.636 8 INFO neutron.db.ovn_revision_numbers_db [None req-27817534-4daa-4bbf-b8c2-c30dfefde058 - - - - - -] Successfully bumped revision number for resource c2c92fe6-06ab-469d-92ed-1871c01cdc72 (type: ports) to 2
2026-05-14 08:41:50.688 7 INFO neutron.plugins.ml2.drivers.ovn.mech_driver.mech_driver [None req-047f71c9-4268-45e8-9af9-0defcbccd83d - - - - - -] OVN reports status down for port: 1420a75e-fe06-4d80-a5d2-52f8e6846257
