Apr 02 05:45:12.128329 np0000162702 systemd[1]: Starting devstack@n-api-meta.service - Devstack devstack@n-api-meta.service...
Apr 02 05:45:12.140583 np0000162702 devstack@n-api-meta.service[107466]: [uWSGI] getting INI configuration from /etc/nova/nova-metadata-uwsgi.ini
Apr 02 05:45:12.141139 np0000162702 devstack@n-api-meta.service[107466]: open("./http_plugin.so"): No such file or directory [core/utils.c line 3709]
Apr 02 05:45:12.141139 np0000162702 devstack@n-api-meta.service[107466]: !!! UNABLE to load uWSGI plugin: ./http_plugin.so: cannot open shared object file: No such file or directory !!!
Apr 02 05:45:12.141139 np0000162702 devstack@n-api-meta.service[107466]: open("./python3_plugin.so"): No such file or directory [core/utils.c line 3709]
Apr 02 05:45:12.141139 np0000162702 devstack@n-api-meta.service[107466]: !!! UNABLE to load uWSGI plugin: ./python3_plugin.so: cannot open shared object file: No such file or directory !!!
Apr 02 05:45:12.141139 np0000162702 devstack@n-api-meta.service[107466]: *** Starting uWSGI 2.0.31 (64bit) on [Thu Apr 2 05:45:12 2026] ***
Apr 02 05:45:12.141139 np0000162702 devstack@n-api-meta.service[107466]: compiled with version: 13.3.0 on 02 April 2026 05:34:41
Apr 02 05:45:12.141139 np0000162702 devstack@n-api-meta.service[107466]: os: Linux-6.8.0-107-generic #107-Ubuntu SMP PREEMPT_DYNAMIC Fri Mar 13 19:51:50 UTC 2026
Apr 02 05:45:12.141139 np0000162702 devstack@n-api-meta.service[107466]: nodename: np0000162702
Apr 02 05:45:12.141139 np0000162702 devstack@n-api-meta.service[107466]: machine: x86_64
Apr 02 05:45:12.141139 np0000162702 devstack@n-api-meta.service[107466]: clock source: unix
Apr 02 05:45:12.141139 np0000162702 devstack@n-api-meta.service[107466]: pcre jit disabled
Apr 02 05:45:12.141139 np0000162702 devstack@n-api-meta.service[107466]: detected number of CPU cores: 16
Apr 02 05:45:12.141139 np0000162702 devstack@n-api-meta.service[107466]: current working directory: /
Apr 02 05:45:12.141139 np0000162702 devstack@n-api-meta.service[107466]: detected binary path: /opt/stack/data/venv/bin/uwsgi
Apr 02 05:45:12.141139 np0000162702 devstack@n-api-meta.service[107466]: your processes number limit is 256917
Apr 02 05:45:12.141139 np0000162702 devstack@n-api-meta.service[107466]: your memory page size is 4096 bytes
Apr 02 05:45:12.141139 np0000162702 devstack@n-api-meta.service[107466]: detected max file descriptor number: 2048
Apr 02 05:45:12.141139 np0000162702 devstack@n-api-meta.service[107466]: lock engine: pthread robust mutexes
Apr 02 05:45:12.141139 np0000162702 devstack@n-api-meta.service[107466]: thunder lock: enabled
Apr 02 05:45:12.142101 np0000162702 devstack@n-api-meta.service[107466]: uWSGI http bound on 0.0.0.0:8775 fd 5
Apr 02 05:45:12.142101 np0000162702 devstack@n-api-meta.service[107466]: uwsgi socket 0 bound to TCP address 127.0.0.1:38353 (port auto-assigned) fd 4
Apr 02 05:45:12.142101 np0000162702 devstack@n-api-meta.service[107466]: Python version: 3.12.3 (main, Mar 3 2026, 12:15:18) [GCC 13.3.0]
Apr 02 05:45:12.142101 np0000162702 devstack@n-api-meta.service[107466]: PEP 405 virtualenv detected: /opt/stack/data/venv
Apr 02 05:45:12.142101 np0000162702 devstack@n-api-meta.service[107466]: Set PythonHome to /opt/stack/data/venv
Apr 02 05:45:12.180279 np0000162702 devstack@n-api-meta.service[107466]: Python main interpreter initialized at 0x7038cd0a3668
Apr 02 05:45:12.180279 np0000162702 devstack@n-api-meta.service[107466]: python threads support enabled
Apr 02 05:45:12.180279 np0000162702 devstack@n-api-meta.service[107466]: your server socket listen backlog is limited to 100 connections
Apr 02 05:45:12.180279 np0000162702 devstack@n-api-meta.service[107466]: your mercy for graceful operations on workers is 80 seconds
Apr 02 05:45:12.180800 np0000162702 devstack@n-api-meta.service[107466]: mapped 671795 bytes (656 KB) for 4 cores
Apr 02 05:45:12.180950 np0000162702 devstack@n-api-meta.service[107466]: *** Operational MODE: preforking ***
Apr 02 05:45:12.181189 np0000162702 devstack@n-api-meta.service[107466]: *** uWSGI is running in multiple interpreter mode ***
Apr 02 05:45:12.181189 np0000162702 devstack@n-api-meta.service[107466]: spawned uWSGI master process (pid: 107466)
Apr 02 05:45:12.181355 np0000162702 systemd[1]: Started devstack@n-api-meta.service - Devstack devstack@n-api-meta.service.
Apr 02 05:45:12.181919 np0000162702 devstack@n-api-meta.service[107466]: spawned uWSGI worker 1 (pid: 107467, cores: 1)
Apr 02 05:45:12.182344 np0000162702 devstack@n-api-meta.service[107466]: spawned uWSGI worker 2 (pid: 107468, cores: 1)
Apr 02 05:45:12.182828 np0000162702 devstack@n-api-meta.service[107466]: spawned uWSGI worker 3 (pid: 107469, cores: 1)
Apr 02 05:45:12.183420 np0000162702 devstack@n-api-meta.service[107466]: spawned uWSGI worker 4 (pid: 107470, cores: 1)
Apr 02 05:45:12.183896 np0000162702 devstack@n-api-meta.service[107466]: spawned uWSGI http 1 (pid: 107471)
Apr 02 05:45:12.183896 np0000162702 devstack@n-api-meta.service[107466]: running "unix_signal:15 gracefully_kill_them_all" (master-start)...
Apr 02 05:45:12.538931 np0000162702 devstack@n-api-meta.service[107468]: Service is starting with native threading. This is currently experimental. Do not use it in production without first testing it in pre-production.
Apr 02 05:45:12.552018 np0000162702 devstack@n-api-meta.service[107470]: Service is starting with native threading. This is currently experimental. Do not use it in production without first testing it in pre-production.
Apr 02 05:45:12.552775 np0000162702 devstack@n-api-meta.service[107469]: Service is starting with native threading. This is currently experimental. Do not use it in production without first testing it in pre-production.
Apr 02 05:45:12.560740 np0000162702 devstack@n-api-meta.service[107467]: Service is starting with native threading. This is currently experimental. Do not use it in production without first testing it in pre-production.
Apr 02 05:45:13.989608 np0000162702 devstack@n-api-meta.service[107469]: INFO dbcounter [None req-8a7efb11-a1b1-4c58-863e-c7250997c927 None None] Registered counter for database nova_api
Apr 02 05:45:13.996528 np0000162702 devstack@n-api-meta.service[107468]: INFO dbcounter [None req-6458946e-9d3b-418f-882c-9661bfeb7ed7 None None] Registered counter for database nova_api
Apr 02 05:45:14.003977 np0000162702 devstack@n-api-meta.service[107469]: DEBUG oslo_db.sqlalchemy.engines [None req-8a7efb11-a1b1-4c58-863e-c7250997c927 None None] MySQL server mode set to STRICT_TRANS_TABLES,STRICT_ALL_TABLES,NO_ZERO_IN_DATE,NO_ZERO_DATE,ERROR_FOR_DIVISION_BY_ZERO,TRADITIONAL,NO_ENGINE_SUBSTITUTION {{(pid=107469) _check_effective_sql_mode /opt/stack/data/venv/lib/python3.12/site-packages/oslo_db/sqlalchemy/engines.py:325}}
Apr 02 05:45:14.011315 np0000162702 devstack@n-api-meta.service[107468]: DEBUG oslo_db.sqlalchemy.engines [None req-6458946e-9d3b-418f-882c-9661bfeb7ed7 None None] MySQL server mode set to STRICT_TRANS_TABLES,STRICT_ALL_TABLES,NO_ZERO_IN_DATE,NO_ZERO_DATE,ERROR_FOR_DIVISION_BY_ZERO,TRADITIONAL,NO_ENGINE_SUBSTITUTION {{(pid=107468) _check_effective_sql_mode /opt/stack/data/venv/lib/python3.12/site-packages/oslo_db/sqlalchemy/engines.py:325}}
Apr 02 05:45:14.022501 np0000162702 devstack@n-api-meta.service[107470]: INFO dbcounter [None req-889ed101-0f4b-4081-b826-03d8df7765c0 None None] Registered counter for database nova_api
Apr 02 05:45:14.036759 np0000162702 devstack@n-api-meta.service[107469]: DEBUG dbcounter [-] [107469] Writer thread running {{(pid=107469) stat_writer /opt/stack/data/venv/lib/python3.12/site-packages/dbcounter.py:102}}
Apr 02 05:45:14.038903 np0000162702 devstack@n-api-meta.service[107469]: DEBUG nova.context [None req-8a7efb11-a1b1-4c58-863e-c7250997c927 None None] Found 2 cells: 00000000-0000-0000-0000-000000000000(cell0),93b4aa1b-4359-4c51-8a09-054e37970dac(cell1) {{(pid=107469) load_cells /opt/stack/nova/nova/context.py:509}}
Apr 02 05:45:14.039116 np0000162702 devstack@n-api-meta.service[107469]: INFO nova.utils [None req-8a7efb11-a1b1-4c58-863e-c7250997c927 None None] The cell worker thread pool MainProcess.cell_worker is initialized
Apr 02 05:45:14.040051 np0000162702 devstack@n-api-meta.service[107470]: DEBUG oslo_db.sqlalchemy.engines [None req-889ed101-0f4b-4081-b826-03d8df7765c0 None None] MySQL server mode set to STRICT_TRANS_TABLES,STRICT_ALL_TABLES,NO_ZERO_IN_DATE,NO_ZERO_DATE,ERROR_FOR_DIVISION_BY_ZERO,TRADITIONAL,NO_ENGINE_SUBSTITUTION {{(pid=107470) _check_effective_sql_mode /opt/stack/data/venv/lib/python3.12/site-packages/oslo_db/sqlalchemy/engines.py:325}}
Apr 02 05:45:14.040897 np0000162702 devstack@n-api-meta.service[107469]: DEBUG oslo_concurrency.lockutils [None req-8a7efb11-a1b1-4c58-863e-c7250997c927 None None] Acquiring lock "00000000-0000-0000-0000-000000000000" by "nova.context.set_target_cell..get_or_set_cached_cell_and_set_connections" {{(pid=107469) inner /opt/stack/data/venv/lib/python3.12/site-packages/oslo_concurrency/lockutils.py:506}}
Apr 02 05:45:14.040994 np0000162702 devstack@n-api-meta.service[107469]: DEBUG oslo_concurrency.lockutils [None req-8a7efb11-a1b1-4c58-863e-c7250997c927 None None] Lock "00000000-0000-0000-0000-000000000000" acquired by "nova.context.set_target_cell..get_or_set_cached_cell_and_set_connections" :: waited 0.000s {{(pid=107469) inner /opt/stack/data/venv/lib/python3.12/site-packages/oslo_concurrency/lockutils.py:519}}
Apr 02 05:45:14.041358 np0000162702 devstack@n-api-meta.service[107469]: DEBUG oslo_concurrency.lockutils [None req-8a7efb11-a1b1-4c58-863e-c7250997c927 None None] Lock "00000000-0000-0000-0000-000000000000" "released" by "nova.context.set_target_cell..get_or_set_cached_cell_and_set_connections" :: held 0.000s {{(pid=107469) inner /opt/stack/data/venv/lib/python3.12/site-packages/oslo_concurrency/lockutils.py:538}}
Apr 02 05:45:14.042120 np0000162702 devstack@n-api-meta.service[107469]: DEBUG oslo_concurrency.lockutils [None req-8a7efb11-a1b1-4c58-863e-c7250997c927 None None] Acquiring lock "93b4aa1b-4359-4c51-8a09-054e37970dac" by "nova.context.set_target_cell..get_or_set_cached_cell_and_set_connections" {{(pid=107469) inner /opt/stack/data/venv/lib/python3.12/site-packages/oslo_concurrency/lockutils.py:506}}
Apr 02 05:45:14.042256 np0000162702 devstack@n-api-meta.service[107469]: DEBUG oslo_concurrency.lockutils [None req-8a7efb11-a1b1-4c58-863e-c7250997c927 None None] Lock "93b4aa1b-4359-4c51-8a09-054e37970dac" acquired by "nova.context.set_target_cell..get_or_set_cached_cell_and_set_connections" :: waited 0.000s {{(pid=107469) inner /opt/stack/data/venv/lib/python3.12/site-packages/oslo_concurrency/lockutils.py:519}}
Apr 02 05:45:14.043075 np0000162702 devstack@n-api-meta.service[107469]: DEBUG oslo_concurrency.lockutils [None req-8a7efb11-a1b1-4c58-863e-c7250997c927 None None] Lock "93b4aa1b-4359-4c51-8a09-054e37970dac" "released" by "nova.context.set_target_cell..get_or_set_cached_cell_and_set_connections" :: held 0.001s {{(pid=107469) inner /opt/stack/data/venv/lib/python3.12/site-packages/oslo_concurrency/lockutils.py:538}}
Apr 02 05:45:14.046080 np0000162702 devstack@n-api-meta.service[107469]: INFO dbcounter [None req-8a7efb11-a1b1-4c58-863e-c7250997c927 None None] Registered counter for database nova_cell0
Apr 02 05:45:14.047108 np0000162702 devstack@n-api-meta.service[107468]: DEBUG dbcounter [-] [107468] Writer thread running {{(pid=107468) stat_writer /opt/stack/data/venv/lib/python3.12/site-packages/dbcounter.py:102}}
Apr 02 05:45:14.049656 np0000162702 devstack@n-api-meta.service[107468]: DEBUG nova.context [None req-6458946e-9d3b-418f-882c-9661bfeb7ed7 None None] Found 2 cells: 00000000-0000-0000-0000-000000000000(cell0),93b4aa1b-4359-4c51-8a09-054e37970dac(cell1) {{(pid=107468) load_cells /opt/stack/nova/nova/context.py:509}}
Apr 02 05:45:14.049951 np0000162702 devstack@n-api-meta.service[107468]: INFO nova.utils [None req-6458946e-9d3b-418f-882c-9661bfeb7ed7 None None] The cell worker thread pool MainProcess.cell_worker is initialized
Apr 02 05:45:14.051579 np0000162702 devstack@n-api-meta.service[107469]: INFO dbcounter [None req-8a7efb11-a1b1-4c58-863e-c7250997c927 None None] Registered counter for database nova_cell1
Apr 02 05:45:14.052105 np0000162702 devstack@n-api-meta.service[107468]: DEBUG oslo_concurrency.lockutils [None req-6458946e-9d3b-418f-882c-9661bfeb7ed7 None None] Acquiring lock "00000000-0000-0000-0000-000000000000" by "nova.context.set_target_cell..get_or_set_cached_cell_and_set_connections" {{(pid=107468) inner /opt/stack/data/venv/lib/python3.12/site-packages/oslo_concurrency/lockutils.py:506}}
Apr 02 05:45:14.052372 np0000162702 devstack@n-api-meta.service[107468]: DEBUG oslo_concurrency.lockutils [None req-6458946e-9d3b-418f-882c-9661bfeb7ed7 None None] Lock "00000000-0000-0000-0000-000000000000" acquired by "nova.context.set_target_cell..get_or_set_cached_cell_and_set_connections" :: waited 0.000s {{(pid=107468) inner /opt/stack/data/venv/lib/python3.12/site-packages/oslo_concurrency/lockutils.py:519}}
Apr 02 05:45:14.052936 np0000162702 devstack@n-api-meta.service[107468]: DEBUG oslo_concurrency.lockutils [None req-6458946e-9d3b-418f-882c-9661bfeb7ed7 None None] Lock "00000000-0000-0000-0000-000000000000" "released" by "nova.context.set_target_cell..get_or_set_cached_cell_and_set_connections" :: held 0.001s {{(pid=107468) inner /opt/stack/data/venv/lib/python3.12/site-packages/oslo_concurrency/lockutils.py:538}}
Apr 02 05:45:14.053800 np0000162702 devstack@n-api-meta.service[107468]: DEBUG oslo_concurrency.lockutils [None req-6458946e-9d3b-418f-882c-9661bfeb7ed7 None None] Acquiring lock "93b4aa1b-4359-4c51-8a09-054e37970dac" by "nova.context.set_target_cell..get_or_set_cached_cell_and_set_connections" {{(pid=107468) inner /opt/stack/data/venv/lib/python3.12/site-packages/oslo_concurrency/lockutils.py:506}}
Apr 02 05:45:14.054057 np0000162702 devstack@n-api-meta.service[107468]: DEBUG oslo_concurrency.lockutils [None req-6458946e-9d3b-418f-882c-9661bfeb7ed7 None None] Lock "93b4aa1b-4359-4c51-8a09-054e37970dac" acquired by "nova.context.set_target_cell..get_or_set_cached_cell_and_set_connections" :: waited 0.000s {{(pid=107468) inner /opt/stack/data/venv/lib/python3.12/site-packages/oslo_concurrency/lockutils.py:519}}
Apr 02 05:45:14.055310 np0000162702 devstack@n-api-meta.service[107468]: DEBUG oslo_concurrency.lockutils [None req-6458946e-9d3b-418f-882c-9661bfeb7ed7 None None] Lock "93b4aa1b-4359-4c51-8a09-054e37970dac" "released" by "nova.context.set_target_cell..get_or_set_cached_cell_and_set_connections" :: held 0.001s {{(pid=107468) inner /opt/stack/data/venv/lib/python3.12/site-packages/oslo_concurrency/lockutils.py:538}}
Apr 02 05:45:14.057498 np0000162702 devstack@n-api-meta.service[107468]: INFO dbcounter [None req-6458946e-9d3b-418f-882c-9661bfeb7ed7 None None] Registered counter for database nova_cell0
Apr 02 05:45:14.060410 np0000162702 devstack@n-api-meta.service[107469]: DEBUG oslo_db.sqlalchemy.engines [None req-8a7efb11-a1b1-4c58-863e-c7250997c927 None None] MySQL server mode set to STRICT_TRANS_TABLES,STRICT_ALL_TABLES,NO_ZERO_IN_DATE,NO_ZERO_DATE,ERROR_FOR_DIVISION_BY_ZERO,TRADITIONAL,NO_ENGINE_SUBSTITUTION {{(pid=107469) _check_effective_sql_mode /opt/stack/data/venv/lib/python3.12/site-packages/oslo_db/sqlalchemy/engines.py:325}}
Apr 02 05:45:14.062228 np0000162702 devstack@n-api-meta.service[107468]: INFO dbcounter [None req-6458946e-9d3b-418f-882c-9661bfeb7ed7 None None] Registered counter for database nova_cell1
Apr 02 05:45:14.068768 np0000162702 devstack@n-api-meta.service[107468]: DEBUG oslo_db.sqlalchemy.engines [None req-6458946e-9d3b-418f-882c-9661bfeb7ed7 None None] MySQL server mode set to STRICT_TRANS_TABLES,STRICT_ALL_TABLES,NO_ZERO_IN_DATE,NO_ZERO_DATE,ERROR_FOR_DIVISION_BY_ZERO,TRADITIONAL,NO_ENGINE_SUBSTITUTION {{(pid=107468) _check_effective_sql_mode /opt/stack/data/venv/lib/python3.12/site-packages/oslo_db/sqlalchemy/engines.py:325}}
Apr 02 05:45:14.071724 np0000162702 devstack@n-api-meta.service[107469]: DEBUG oslo_db.sqlalchemy.engines [None req-8a7efb11-a1b1-4c58-863e-c7250997c927 None None] MySQL server mode set to STRICT_TRANS_TABLES,STRICT_ALL_TABLES,NO_ZERO_IN_DATE,NO_ZERO_DATE,ERROR_FOR_DIVISION_BY_ZERO,TRADITIONAL,NO_ENGINE_SUBSTITUTION {{(pid=107469) _check_effective_sql_mode /opt/stack/data/venv/lib/python3.12/site-packages/oslo_db/sqlalchemy/engines.py:325}}
Apr 02 05:45:14.074751 np0000162702 devstack@n-api-meta.service[107467]: INFO dbcounter [None req-3170233f-4369-4426-9b71-9a6c0ac1c34a None None] Registered counter for database nova_api
Apr 02 05:45:14.077627 np0000162702 devstack@n-api-meta.service[107470]: DEBUG dbcounter [-] [107470] Writer thread running {{(pid=107470) stat_writer /opt/stack/data/venv/lib/python3.12/site-packages/dbcounter.py:102}}
Apr 02 05:45:14.080092 np0000162702 devstack@n-api-meta.service[107470]: DEBUG nova.context [None req-889ed101-0f4b-4081-b826-03d8df7765c0 None None] Found 2 cells: 00000000-0000-0000-0000-000000000000(cell0),93b4aa1b-4359-4c51-8a09-054e37970dac(cell1) {{(pid=107470) load_cells /opt/stack/nova/nova/context.py:509}}
Apr 02 05:45:14.080317 np0000162702 devstack@n-api-meta.service[107470]: INFO nova.utils [None req-889ed101-0f4b-4081-b826-03d8df7765c0 None None] The cell worker thread pool MainProcess.cell_worker is initialized
Apr 02 05:45:14.081411 np0000162702 devstack@n-api-meta.service[107468]: DEBUG oslo_db.sqlalchemy.engines [None req-6458946e-9d3b-418f-882c-9661bfeb7ed7 None None] MySQL server mode set to STRICT_TRANS_TABLES,STRICT_ALL_TABLES,NO_ZERO_IN_DATE,NO_ZERO_DATE,ERROR_FOR_DIVISION_BY_ZERO,TRADITIONAL,NO_ENGINE_SUBSTITUTION {{(pid=107468) _check_effective_sql_mode /opt/stack/data/venv/lib/python3.12/site-packages/oslo_db/sqlalchemy/engines.py:325}}
Apr 02 05:45:14.082206 np0000162702 devstack@n-api-meta.service[107470]: DEBUG oslo_concurrency.lockutils [None req-889ed101-0f4b-4081-b826-03d8df7765c0 None None] Acquiring lock "00000000-0000-0000-0000-000000000000" by "nova.context.set_target_cell..get_or_set_cached_cell_and_set_connections" {{(pid=107470) inner /opt/stack/data/venv/lib/python3.12/site-packages/oslo_concurrency/lockutils.py:506}}
Apr 02 05:45:14.082400 np0000162702 devstack@n-api-meta.service[107470]: DEBUG oslo_concurrency.lockutils [None req-889ed101-0f4b-4081-b826-03d8df7765c0 None None] Lock "00000000-0000-0000-0000-000000000000" acquired by "nova.context.set_target_cell..get_or_set_cached_cell_and_set_connections" :: waited 0.000s {{(pid=107470) inner /opt/stack/data/venv/lib/python3.12/site-packages/oslo_concurrency/lockutils.py:519}}
Apr 02 05:45:14.082756 np0000162702 devstack@n-api-meta.service[107470]: DEBUG oslo_concurrency.lockutils [None req-889ed101-0f4b-4081-b826-03d8df7765c0 None None] Lock "00000000-0000-0000-0000-000000000000" "released" by "nova.context.set_target_cell..get_or_set_cached_cell_and_set_connections" :: held 0.000s {{(pid=107470) inner /opt/stack/data/venv/lib/python3.12/site-packages/oslo_concurrency/lockutils.py:538}}
Apr 02 05:45:14.083400 np0000162702 devstack@n-api-meta.service[107470]: DEBUG oslo_concurrency.lockutils [None req-889ed101-0f4b-4081-b826-03d8df7765c0 None None] Acquiring lock "93b4aa1b-4359-4c51-8a09-054e37970dac" by "nova.context.set_target_cell..get_or_set_cached_cell_and_set_connections" {{(pid=107470) inner /opt/stack/data/venv/lib/python3.12/site-packages/oslo_concurrency/lockutils.py:506}}
Apr 02 05:45:14.083609 np0000162702 devstack@n-api-meta.service[107470]: DEBUG oslo_concurrency.lockutils [None req-889ed101-0f4b-4081-b826-03d8df7765c0 None None] Lock "93b4aa1b-4359-4c51-8a09-054e37970dac" acquired by "nova.context.set_target_cell..get_or_set_cached_cell_and_set_connections" :: waited 0.000s {{(pid=107470) inner /opt/stack/data/venv/lib/python3.12/site-packages/oslo_concurrency/lockutils.py:519}}
Apr 02 05:45:14.084767 np0000162702 devstack@n-api-meta.service[107470]: DEBUG oslo_concurrency.lockutils [None req-889ed101-0f4b-4081-b826-03d8df7765c0 None None] Lock "93b4aa1b-4359-4c51-8a09-054e37970dac" "released" by "nova.context.set_target_cell..get_or_set_cached_cell_and_set_connections" :: held 0.001s {{(pid=107470) inner /opt/stack/data/venv/lib/python3.12/site-packages/oslo_concurrency/lockutils.py:538}}
Apr 02 05:45:14.087386 np0000162702 devstack@n-api-meta.service[107470]: INFO dbcounter [None req-889ed101-0f4b-4081-b826-03d8df7765c0 None None] Registered counter for database nova_cell0
Apr 02 05:45:14.089077 np0000162702 devstack@n-api-meta.service[107467]: DEBUG oslo_db.sqlalchemy.engines [None req-3170233f-4369-4426-9b71-9a6c0ac1c34a None None] MySQL server mode set to STRICT_TRANS_TABLES,STRICT_ALL_TABLES,NO_ZERO_IN_DATE,NO_ZERO_DATE,ERROR_FOR_DIVISION_BY_ZERO,TRADITIONAL,NO_ENGINE_SUBSTITUTION {{(pid=107467) _check_effective_sql_mode /opt/stack/data/venv/lib/python3.12/site-packages/oslo_db/sqlalchemy/engines.py:325}}
Apr 02 05:45:14.092035 np0000162702 devstack@n-api-meta.service[107470]: INFO dbcounter [None req-889ed101-0f4b-4081-b826-03d8df7765c0 None None] Registered counter for database nova_cell1
Apr 02 05:45:14.101546 np0000162702 devstack@n-api-meta.service[107470]: DEBUG oslo_db.sqlalchemy.engines [None req-889ed101-0f4b-4081-b826-03d8df7765c0 None None] MySQL server mode set to STRICT_TRANS_TABLES,STRICT_ALL_TABLES,NO_ZERO_IN_DATE,NO_ZERO_DATE,ERROR_FOR_DIVISION_BY_ZERO,TRADITIONAL,NO_ENGINE_SUBSTITUTION {{(pid=107470) _check_effective_sql_mode /opt/stack/data/venv/lib/python3.12/site-packages/oslo_db/sqlalchemy/engines.py:325}}
Apr 02 05:45:14.118078 np0000162702 devstack@n-api-meta.service[107470]: DEBUG oslo_db.sqlalchemy.engines [None req-889ed101-0f4b-4081-b826-03d8df7765c0 None None] MySQL server mode set to STRICT_TRANS_TABLES,STRICT_ALL_TABLES,NO_ZERO_IN_DATE,NO_ZERO_DATE,ERROR_FOR_DIVISION_BY_ZERO,TRADITIONAL,NO_ENGINE_SUBSTITUTION {{(pid=107470) _check_effective_sql_mode /opt/stack/data/venv/lib/python3.12/site-packages/oslo_db/sqlalchemy/engines.py:325}}
Apr 02 05:45:14.126364 np0000162702 devstack@n-api-meta.service[107467]: DEBUG dbcounter [-] [107467] Writer thread running {{(pid=107467) stat_writer /opt/stack/data/venv/lib/python3.12/site-packages/dbcounter.py:102}}
Apr 02 05:45:14.128687 np0000162702 devstack@n-api-meta.service[107467]: DEBUG nova.context [None req-3170233f-4369-4426-9b71-9a6c0ac1c34a None None] Found 2 cells: 00000000-0000-0000-0000-000000000000(cell0),93b4aa1b-4359-4c51-8a09-054e37970dac(cell1) {{(pid=107467) load_cells /opt/stack/nova/nova/context.py:509}}
Apr 02 05:45:14.128914 np0000162702 devstack@n-api-meta.service[107467]: INFO nova.utils [None req-3170233f-4369-4426-9b71-9a6c0ac1c34a None None] The cell worker thread pool MainProcess.cell_worker is initialized
Apr 02 05:45:14.130850 np0000162702 devstack@n-api-meta.service[107467]: DEBUG oslo_concurrency.lockutils [None req-3170233f-4369-4426-9b71-9a6c0ac1c34a None None] Acquiring lock "00000000-0000-0000-0000-000000000000" by "nova.context.set_target_cell..get_or_set_cached_cell_and_set_connections" {{(pid=107467) inner /opt/stack/data/venv/lib/python3.12/site-packages/oslo_concurrency/lockutils.py:506}}
Apr 02 05:45:14.130992 np0000162702 devstack@n-api-meta.service[107467]: DEBUG oslo_concurrency.lockutils [None req-3170233f-4369-4426-9b71-9a6c0ac1c34a None None] Lock "00000000-0000-0000-0000-000000000000" acquired by "nova.context.set_target_cell..get_or_set_cached_cell_and_set_connections" :: waited 0.000s {{(pid=107467) inner /opt/stack/data/venv/lib/python3.12/site-packages/oslo_concurrency/lockutils.py:519}}
Apr 02 05:45:14.131370 np0000162702 devstack@n-api-meta.service[107467]: DEBUG oslo_concurrency.lockutils [None req-3170233f-4369-4426-9b71-9a6c0ac1c34a None None] Lock "00000000-0000-0000-0000-000000000000" "released" by "nova.context.set_target_cell..get_or_set_cached_cell_and_set_connections" :: held 0.000s {{(pid=107467) inner /opt/stack/data/venv/lib/python3.12/site-packages/oslo_concurrency/lockutils.py:538}}
Apr 02 05:45:14.132203 np0000162702 devstack@n-api-meta.service[107467]: DEBUG oslo_concurrency.lockutils [None req-3170233f-4369-4426-9b71-9a6c0ac1c34a None None] Acquiring lock "93b4aa1b-4359-4c51-8a09-054e37970dac" by "nova.context.set_target_cell..get_or_set_cached_cell_and_set_connections" {{(pid=107467) inner /opt/stack/data/venv/lib/python3.12/site-packages/oslo_concurrency/lockutils.py:506}}
Apr 02 05:45:14.134877 np0000162702 devstack@n-api-meta.service[107467]: DEBUG oslo_concurrency.lockutils [None req-3170233f-4369-4426-9b71-9a6c0ac1c34a None None] Lock "93b4aa1b-4359-4c51-8a09-054e37970dac" acquired by "nova.context.set_target_cell..get_or_set_cached_cell_and_set_connections" :: waited 0.003s {{(pid=107467) inner /opt/stack/data/venv/lib/python3.12/site-packages/oslo_concurrency/lockutils.py:519}}
Apr 02 05:45:14.136101 np0000162702 devstack@n-api-meta.service[107467]: INFO dbcounter [None req-3170233f-4369-4426-9b71-9a6c0ac1c34a None None] Registered counter for database nova_cell0
Apr 02 05:45:14.137474 np0000162702 devstack@n-api-meta.service[107467]: DEBUG oslo_concurrency.lockutils [None req-3170233f-4369-4426-9b71-9a6c0ac1c34a None None] Lock "93b4aa1b-4359-4c51-8a09-054e37970dac" "released" by "nova.context.set_target_cell..get_or_set_cached_cell_and_set_connections" :: held 0.001s {{(pid=107467) inner /opt/stack/data/venv/lib/python3.12/site-packages/oslo_concurrency/lockutils.py:538}}
Apr 02 05:45:14.141322 np0000162702 devstack@n-api-meta.service[107467]: INFO dbcounter [None req-3170233f-4369-4426-9b71-9a6c0ac1c34a None None] Registered counter for database nova_cell1
Apr 02 05:45:14.152177 np0000162702 devstack@n-api-meta.service[107467]: DEBUG oslo_db.sqlalchemy.engines [None req-3170233f-4369-4426-9b71-9a6c0ac1c34a None None] MySQL server mode set to STRICT_TRANS_TABLES,STRICT_ALL_TABLES,NO_ZERO_IN_DATE,NO_ZERO_DATE,ERROR_FOR_DIVISION_BY_ZERO,TRADITIONAL,NO_ENGINE_SUBSTITUTION {{(pid=107467) _check_effective_sql_mode /opt/stack/data/venv/lib/python3.12/site-packages/oslo_db/sqlalchemy/engines.py:325}}
Apr 02 05:45:14.157181 np0000162702 devstack@n-api-meta.service[107469]: DEBUG dbcounter [-] [107469] Writer thread running {{(pid=107469) stat_writer /opt/stack/data/venv/lib/python3.12/site-packages/dbcounter.py:102}}
Apr 02 05:45:14.157746 np0000162702 devstack@n-api-meta.service[107467]: DEBUG oslo_db.sqlalchemy.engines [None req-3170233f-4369-4426-9b71-9a6c0ac1c34a None None] MySQL server mode set to STRICT_TRANS_TABLES,STRICT_ALL_TABLES,NO_ZERO_IN_DATE,NO_ZERO_DATE,ERROR_FOR_DIVISION_BY_ZERO,TRADITIONAL,NO_ENGINE_SUBSTITUTION {{(pid=107467) _check_effective_sql_mode /opt/stack/data/venv/lib/python3.12/site-packages/oslo_db/sqlalchemy/engines.py:325}}
Apr 02 05:45:14.159381 np0000162702 devstack@n-api-meta.service[107469]: DEBUG dbcounter [-] [107469] Writer thread running {{(pid=107469) stat_writer /opt/stack/data/venv/lib/python3.12/site-packages/dbcounter.py:102}}
Apr 02 05:45:14.164765 np0000162702 devstack@n-api-meta.service[107469]: INFO dbcounter [None req-8a7efb11-a1b1-4c58-863e-c7250997c927 None None] Registered counter for database nova_cell0
Apr 02 05:45:14.171620 np0000162702 devstack@n-api-meta.service[107469]: DEBUG oslo_db.sqlalchemy.engines [None req-8a7efb11-a1b1-4c58-863e-c7250997c927 None None] MySQL server mode set to STRICT_TRANS_TABLES,STRICT_ALL_TABLES,NO_ZERO_IN_DATE,NO_ZERO_DATE,ERROR_FOR_DIVISION_BY_ZERO,TRADITIONAL,NO_ENGINE_SUBSTITUTION {{(pid=107469) _check_effective_sql_mode /opt/stack/data/venv/lib/python3.12/site-packages/oslo_db/sqlalchemy/engines.py:325}}
Apr 02 05:45:14.178582 np0000162702 devstack@n-api-meta.service[107468]: DEBUG dbcounter [-] [107468] Writer thread running {{(pid=107468) stat_writer /opt/stack/data/venv/lib/python3.12/site-packages/dbcounter.py:102}}
Apr 02 05:45:14.181949 np0000162702 devstack@n-api-meta.service[107469]: DEBUG dbcounter [-] [107469] Writer thread running {{(pid=107469) stat_writer /opt/stack/data/venv/lib/python3.12/site-packages/dbcounter.py:102}}
Apr 02 05:45:14.185613 np0000162702 devstack@n-api-meta.service[107468]: DEBUG dbcounter [-] [107468] Writer thread running {{(pid=107468) stat_writer /opt/stack/data/venv/lib/python3.12/site-packages/dbcounter.py:102}}
Apr 02 05:45:14.191166 np0000162702 devstack@n-api-meta.service[107468]: INFO dbcounter [None req-6458946e-9d3b-418f-882c-9661bfeb7ed7 None None] Registered counter for database nova_cell0
Apr 02 05:45:14.196012 np0000162702 devstack@n-api-meta.service[107470]: DEBUG dbcounter [-] [107470] Writer thread running {{(pid=107470) stat_writer /opt/stack/data/venv/lib/python3.12/site-packages/dbcounter.py:102}}
Apr 02 05:45:14.203220 np0000162702 devstack@n-api-meta.service[107468]: DEBUG oslo_db.sqlalchemy.engines [None req-6458946e-9d3b-418f-882c-9661bfeb7ed7 None None] MySQL server mode set to STRICT_TRANS_TABLES,STRICT_ALL_TABLES,NO_ZERO_IN_DATE,NO_ZERO_DATE,ERROR_FOR_DIVISION_BY_ZERO,TRADITIONAL,NO_ENGINE_SUBSTITUTION {{(pid=107468) _check_effective_sql_mode /opt/stack/data/venv/lib/python3.12/site-packages/oslo_db/sqlalchemy/engines.py:325}}
Apr 02 05:45:14.203303 np0000162702 devstack@n-api-meta.service[107470]: DEBUG dbcounter [-] [107470] Writer thread running {{(pid=107470) stat_writer /opt/stack/data/venv/lib/python3.12/site-packages/dbcounter.py:102}}
Apr 02 05:45:14.208368 np0000162702 devstack@n-api-meta.service[107470]: INFO dbcounter [None req-889ed101-0f4b-4081-b826-03d8df7765c0 None None] Registered counter for database nova_cell0
Apr 02 05:45:14.212774 np0000162702 devstack@n-api-meta.service[107468]: DEBUG dbcounter [-] [107468] Writer thread running {{(pid=107468) stat_writer /opt/stack/data/venv/lib/python3.12/site-packages/dbcounter.py:102}}
Apr 02 05:45:14.216019 np0000162702 devstack@n-api-meta.service[107470]: DEBUG oslo_db.sqlalchemy.engines [None req-889ed101-0f4b-4081-b826-03d8df7765c0 None None] MySQL server mode set to STRICT_TRANS_TABLES,STRICT_ALL_TABLES,NO_ZERO_IN_DATE,NO_ZERO_DATE,ERROR_FOR_DIVISION_BY_ZERO,TRADITIONAL,NO_ENGINE_SUBSTITUTION {{(pid=107470) _check_effective_sql_mode /opt/stack/data/venv/lib/python3.12/site-packages/oslo_db/sqlalchemy/engines.py:325}}
Apr 02 05:45:14.226179 np0000162702 devstack@n-api-meta.service[107470]: DEBUG dbcounter [-] [107470] Writer thread running {{(pid=107470) stat_writer /opt/stack/data/venv/lib/python3.12/site-packages/dbcounter.py:102}}
Apr 02 05:45:14.233737 np0000162702 devstack@n-api-meta.service[107469]: WARNING nova.api.metadata.handler [None req-8a7efb11-a1b1-4c58-863e-c7250997c927 None None] metadata_proxy_shared_secret is not configured, the metadata information returned by the proxy cannot be trusted
Apr 02 05:45:14.236813 np0000162702 devstack@n-api-meta.service[107469]: DEBUG nova.api.openstack.wsgi_app [None req-8a7efb11-a1b1-4c58-863e-c7250997c927 None None] ******************************************************************************** {{(pid=107469) log_opt_values /opt/stack/data/venv/lib/python3.12/site-packages/oslo_config/cfg.py:2979}}
Apr 02 05:45:14.236989 np0000162702 devstack@n-api-meta.service[107469]: DEBUG nova.api.openstack.wsgi_app [None req-8a7efb11-a1b1-4c58-863e-c7250997c927 None None] Configuration options gathered from: {{(pid=107469) log_opt_values /opt/stack/data/venv/lib/python3.12/site-packages/oslo_config/cfg.py:2980}}
Apr 02 05:45:14.237165 np0000162702 devstack@n-api-meta.service[107469]: DEBUG nova.api.openstack.wsgi_app [None req-8a7efb11-a1b1-4c58-863e-c7250997c927 None None] command line args: [] {{(pid=107469) log_opt_values /opt/stack/data/venv/lib/python3.12/site-packages/oslo_config/cfg.py:2981}}
Apr 02 05:45:14.237381 np0000162702 devstack@n-api-meta.service[107469]: DEBUG nova.api.openstack.wsgi_app [None req-8a7efb11-a1b1-4c58-863e-c7250997c927 None None] config files: ['/etc/nova/api-paste.ini', '/etc/nova/nova.conf'] {{(pid=107469) log_opt_values /opt/stack/data/venv/lib/python3.12/site-packages/oslo_config/cfg.py:2982}}
Apr 02 05:45:14.237538 np0000162702 devstack@n-api-meta.service[107469]: DEBUG nova.api.openstack.wsgi_app [None req-8a7efb11-a1b1-4c58-863e-c7250997c927 None None] ================================================================================ {{(pid=107469) log_opt_values /opt/stack/data/venv/lib/python3.12/site-packages/oslo_config/cfg.py:2987}}
Apr 02 05:45:14.237779 np0000162702 devstack@n-api-meta.service[107469]: DEBUG nova.api.openstack.wsgi_app [None req-8a7efb11-a1b1-4c58-863e-c7250997c927 None None] allow_resize_to_same_host = True {{(pid=107469) log_opt_values /opt/stack/data/venv/lib/python3.12/site-packages/oslo_config/cfg.py:2995}}
Apr 02 05:45:14.238016 np0000162702 devstack@n-api-meta.service[107469]: DEBUG nova.api.openstack.wsgi_app [None req-8a7efb11-a1b1-4c58-863e-c7250997c927 None None] arq_binding_timeout = 300 {{(pid=107469) log_opt_values /opt/stack/data/venv/lib/python3.12/site-packages/oslo_config/cfg.py:2995}}
Apr 02 05:45:14.238296 np0000162702 devstack@n-api-meta.service[107469]: DEBUG nova.api.openstack.wsgi_app [None req-8a7efb11-a1b1-4c58-863e-c7250997c927 None None] block_device_allocate_retries = 60 {{(pid=107469) log_opt_values /opt/stack/data/venv/lib/python3.12/site-packages/oslo_config/cfg.py:2995}}
Apr 02 05:45:14.238508 np0000162702 devstack@n-api-meta.service[107469]: DEBUG nova.api.openstack.wsgi_app [None req-8a7efb11-a1b1-4c58-863e-c7250997c927 None None] block_device_allocate_retries_interval = 3 {{(pid=107469) log_opt_values /opt/stack/data/venv/lib/python3.12/site-packages/oslo_config/cfg.py:2995}}
Apr 02 05:45:14.238700 np0000162702 devstack@n-api-meta.service[107469]: DEBUG nova.api.openstack.wsgi_app [None req-8a7efb11-a1b1-4c58-863e-c7250997c927 None None] cell_worker_thread_pool_size = 5 {{(pid=107469) log_opt_values /opt/stack/data/venv/lib/python3.12/site-packages/oslo_config/cfg.py:2995}}
Apr 02 05:45:14.238923 np0000162702 devstack@n-api-meta.service[107469]: DEBUG nova.api.openstack.wsgi_app [None req-8a7efb11-a1b1-4c58-863e-c7250997c927 None None] cert = self.pem {{(pid=107469) log_opt_values /opt/stack/data/venv/lib/python3.12/site-packages/oslo_config/cfg.py:2995}}
Apr 02 05:45:14.239232 np0000162702 devstack@n-api-meta.service[107469]: DEBUG nova.api.openstack.wsgi_app [None req-8a7efb11-a1b1-4c58-863e-c7250997c927 None None] compute_driver = libvirt.LibvirtDriver {{(pid=107469) log_opt_values /opt/stack/data/venv/lib/python3.12/site-packages/oslo_config/cfg.py:2995}}
Apr 02 05:45:14.239442 np0000162702 devstack@n-api-meta.service[107469]: DEBUG nova.api.openstack.wsgi_app [None req-8a7efb11-a1b1-4c58-863e-c7250997c927 None None] compute_monitors = [] {{(pid=107469) log_opt_values /opt/stack/data/venv/lib/python3.12/site-packages/oslo_config/cfg.py:2995}}
Apr 02 05:45:14.239639 np0000162702 devstack@n-api-meta.service[107469]: DEBUG nova.api.openstack.wsgi_app [None req-8a7efb11-a1b1-4c58-863e-c7250997c927 None None] config_dir = [] {{(pid=107469) log_opt_values /opt/stack/data/venv/lib/python3.12/site-packages/oslo_config/cfg.py:2995}}
Apr 02 05:45:14.239858 np0000162702 devstack@n-api-meta.service[107469]: DEBUG nova.api.openstack.wsgi_app [None req-8a7efb11-a1b1-4c58-863e-c7250997c927 None None] config_drive_format = iso9660 {{(pid=107469) log_opt_values /opt/stack/data/venv/lib/python3.12/site-packages/oslo_config/cfg.py:2995}}
Apr 02 05:45:14.240021 np0000162702 devstack@n-api-meta.service[107469]: DEBUG nova.api.openstack.wsgi_app [None req-8a7efb11-a1b1-4c58-863e-c7250997c927 None None] config_file = ['/etc/nova/api-paste.ini', '/etc/nova/nova.conf'] {{(pid=107469) log_opt_values /opt/stack/data/venv/lib/python3.12/site-packages/oslo_config/cfg.py:2995}}
Apr 02 05:45:14.240223 np0000162702 devstack@n-api-meta.service[107469]: DEBUG nova.api.openstack.wsgi_app [None req-8a7efb11-a1b1-4c58-863e-c7250997c927 None None] config_source = [] {{(pid=107469) log_opt_values /opt/stack/data/venv/lib/python3.12/site-packages/oslo_config/cfg.py:2995}}
Apr 02 05:45:14.240421 np0000162702 devstack@n-api-meta.service[107469]: DEBUG nova.api.openstack.wsgi_app [None req-8a7efb11-a1b1-4c58-863e-c7250997c927 None None] console_host = np0000162702 {{(pid=107469) log_opt_values /opt/stack/data/venv/lib/python3.12/site-packages/oslo_config/cfg.py:2995}}
Apr 02 05:45:14.240621 np0000162702 devstack@n-api-meta.service[107469]: DEBUG nova.api.openstack.wsgi_app [None req-8a7efb11-a1b1-4c58-863e-c7250997c927 None None] control_exchange = nova {{(pid=107469) log_opt_values /opt/stack/data/venv/lib/python3.12/site-packages/oslo_config/cfg.py:2995}}
Apr 02 05:45:14.240825 np0000162702 devstack@n-api-meta.service[107469]: DEBUG nova.api.openstack.wsgi_app [None req-8a7efb11-a1b1-4c58-863e-c7250997c927 None None] cpu_allocation_ratio = None {{(pid=107469) log_opt_values /opt/stack/data/venv/lib/python3.12/site-packages/oslo_config/cfg.py:2995}}
Apr 02 05:45:14.241024 np0000162702 devstack@n-api-meta.service[107469]: DEBUG nova.api.openstack.wsgi_app [None req-8a7efb11-a1b1-4c58-863e-c7250997c927 None None] daemon = False {{(pid=107469) log_opt_values /opt/stack/data/venv/lib/python3.12/site-packages/oslo_config/cfg.py:2995}}
Apr 02 05:45:14.241216 np0000162702 devstack@n-api-meta.service[107469]: DEBUG nova.api.openstack.wsgi_app [None req-8a7efb11-a1b1-4c58-863e-c7250997c927 None None] debug = True {{(pid=107469) log_opt_values /opt/stack/data/venv/lib/python3.12/site-packages/oslo_config/cfg.py:2995}}
Apr 02 05:45:14.241405 np0000162702 devstack@n-api-meta.service[107469]: DEBUG nova.api.openstack.wsgi_app [None req-8a7efb11-a1b1-4c58-863e-c7250997c927 None None] default_access_ip_network_name = None {{(pid=107469) log_opt_values /opt/stack/data/venv/lib/python3.12/site-packages/oslo_config/cfg.py:2995}}
Apr 02 05:45:14.241604 np0000162702 devstack@n-api-meta.service[107469]: DEBUG nova.api.openstack.wsgi_app [None req-8a7efb11-a1b1-4c58-863e-c7250997c927 None None] default_availability_zone = nova {{(pid=107469) log_opt_values /opt/stack/data/venv/lib/python3.12/site-packages/oslo_config/cfg.py:2995}}
Apr 02 05:45:14.241808 np0000162702 devstack@n-api-meta.service[107469]: DEBUG nova.api.openstack.wsgi_app [None req-8a7efb11-a1b1-4c58-863e-c7250997c927 None None] default_ephemeral_format = ext4 {{(pid=107469) log_opt_values /opt/stack/data/venv/lib/python3.12/site-packages/oslo_config/cfg.py:2995}}
Apr 02 05:45:14.242037 np0000162702 devstack@n-api-meta.service[107469]: DEBUG nova.api.openstack.wsgi_app [None req-8a7efb11-a1b1-4c58-863e-c7250997c927 None None] default_green_pool_size = 1000 {{(pid=107469) log_opt_values /opt/stack/data/venv/lib/python3.12/site-packages/oslo_config/cfg.py:2995}}
Apr 02 05:45:14.242356 np0000162702 devstack@n-api-meta.service[107469]: DEBUG nova.api.openstack.wsgi_app [None req-8a7efb11-a1b1-4c58-863e-c7250997c927 None None] default_log_levels = ['amqp=WARN', 'boto=WARN', 'sqlalchemy=WARN', 'suds=INFO', 'oslo.messaging=INFO', 'oslo_messaging=INFO', 'iso8601=WARN', 'requests.packages.urllib3.connectionpool=WARN', 'urllib3.connectionpool=WARN', 'websocket=WARN', 'requests.packages.urllib3.util.retry=WARN', 'urllib3.util.retry=WARN', 'keystonemiddleware=WARN', 'routes.middleware=WARN', 'stevedore=WARN', 'taskflow=WARN', 'keystoneauth=WARN', 'oslo.cache=INFO', 'oslo_policy=INFO', 'dogpile.core.dogpile=INFO', 'glanceclient=WARN', 'oslo.privsep.daemon=INFO'] {{(pid=107469) log_opt_values /opt/stack/data/venv/lib/python3.12/site-packages/oslo_config/cfg.py:2995}}
Apr 02 05:45:14.242547 np0000162702 devstack@n-api-meta.service[107469]: DEBUG nova.api.openstack.wsgi_app [None req-8a7efb11-a1b1-4c58-863e-c7250997c927 None None] default_schedule_zone = None {{(pid=107469) log_opt_values /opt/stack/data/venv/lib/python3.12/site-packages/oslo_config/cfg.py:2995}}
Apr 02 05:45:14.242736 np0000162702 devstack@n-api-meta.service[107469]: DEBUG nova.api.openstack.wsgi_app [None req-8a7efb11-a1b1-4c58-863e-c7250997c927 None None] default_thread_pool_size = 10 {{(pid=107469) log_opt_values /opt/stack/data/venv/lib/python3.12/site-packages/oslo_config/cfg.py:2995}}
Apr 02 05:45:14.242944 np0000162702 devstack@n-api-meta.service[107469]: DEBUG nova.api.openstack.wsgi_app [None req-8a7efb11-a1b1-4c58-863e-c7250997c927 None None] disk_allocation_ratio = None {{(pid=107469) log_opt_values /opt/stack/data/venv/lib/python3.12/site-packages/oslo_config/cfg.py:2995}}
Apr 02 05:45:14.243136 np0000162702 devstack@n-api-meta.service[107469]: DEBUG nova.api.openstack.wsgi_app [None req-8a7efb11-a1b1-4c58-863e-c7250997c927 None None] enable_new_services = True {{(pid=107469) log_opt_values /opt/stack/data/venv/lib/python3.12/site-packages/oslo_config/cfg.py:2995}}
Apr 02 05:45:14.243323 np0000162702 devstack@n-api-meta.service[107469]: DEBUG nova.api.openstack.wsgi_app [None req-8a7efb11-a1b1-4c58-863e-c7250997c927 None None] flat_injected = False {{(pid=107469) log_opt_values /opt/stack/data/venv/lib/python3.12/site-packages/oslo_config/cfg.py:2995}}
Apr 02 05:45:14.243512 np0000162702 devstack@n-api-meta.service[107469]: DEBUG nova.api.openstack.wsgi_app [None req-8a7efb11-a1b1-4c58-863e-c7250997c927 None None] force_config_drive = False {{(pid=107469) log_opt_values /opt/stack/data/venv/lib/python3.12/site-packages/oslo_config/cfg.py:2995}}
Apr 02 05:45:14.243706 np0000162702 devstack@n-api-meta.service[107469]: DEBUG nova.api.openstack.wsgi_app [None req-8a7efb11-a1b1-4c58-863e-c7250997c927 None None] force_raw_images = True {{(pid=107469) log_opt_values /opt/stack/data/venv/lib/python3.12/site-packages/oslo_config/cfg.py:2995}}
Apr 02 05:45:14.243906 np0000162702 devstack@n-api-meta.service[107469]: DEBUG nova.api.openstack.wsgi_app [None req-8a7efb11-a1b1-4c58-863e-c7250997c927 None None] graceful_shutdown_timeout = 5 {{(pid=107469) log_opt_values /opt/stack/data/venv/lib/python3.12/site-packages/oslo_config/cfg.py:2995}}
Apr 02 05:45:14.244045 np0000162702 devstack@n-api-meta.service[107469]: DEBUG nova.api.openstack.wsgi_app [None req-8a7efb11-a1b1-4c58-863e-c7250997c927 None None] heal_instance_info_cache_interval = -1 {{(pid=107469) log_opt_values /opt/stack/data/venv/lib/python3.12/site-packages/oslo_config/cfg.py:2995}}
Apr 02 05:45:14.244222 np0000162702 devstack@n-api-meta.service[107469]: DEBUG nova.api.openstack.wsgi_app [None req-8a7efb11-a1b1-4c58-863e-c7250997c927 None None] host = np0000162702 {{(pid=107469) log_opt_values /opt/stack/data/venv/lib/python3.12/site-packages/oslo_config/cfg.py:2995}}
Apr 02 05:45:14.244359 np0000162702 devstack@n-api-meta.service[107469]: DEBUG nova.api.openstack.wsgi_app [None req-8a7efb11-a1b1-4c58-863e-c7250997c927 None None] initial_cpu_allocation_ratio = 4.0 {{(pid=107469) log_opt_values /opt/stack/data/venv/lib/python3.12/site-packages/oslo_config/cfg.py:2995}}
Apr 02 05:45:14.244489 np0000162702 devstack@n-api-meta.service[107469]: DEBUG nova.api.openstack.wsgi_app [None req-8a7efb11-a1b1-4c58-863e-c7250997c927 None None] initial_disk_allocation_ratio = 1.0 {{(pid=107469) log_opt_values /opt/stack/data/venv/lib/python3.12/site-packages/oslo_config/cfg.py:2995}}
Apr 02 05:45:14.244618 np0000162702 devstack@n-api-meta.service[107469]: DEBUG nova.api.openstack.wsgi_app [None req-8a7efb11-a1b1-4c58-863e-c7250997c927 None None] initial_ram_allocation_ratio = 1.0 {{(pid=107469) log_opt_values /opt/stack/data/venv/lib/python3.12/site-packages/oslo_config/cfg.py:2995}}
Apr 02 05:45:14.244807 np0000162702 devstack@n-api-meta.service[107469]: DEBUG nova.api.openstack.wsgi_app [None req-8a7efb11-a1b1-4c58-863e-c7250997c927 None None] injected_network_template = /opt/stack/nova/nova/virt/interfaces.template {{(pid=107469) log_opt_values /opt/stack/data/venv/lib/python3.12/site-packages/oslo_config/cfg.py:2995}}
Apr 02 05:45:14.244950 np0000162702 devstack@n-api-meta.service[107469]: DEBUG nova.api.openstack.wsgi_app [None req-8a7efb11-a1b1-4c58-863e-c7250997c927 None None] instance_build_timeout = 0 {{(pid=107469) log_opt_values /opt/stack/data/venv/lib/python3.12/site-packages/oslo_config/cfg.py:2995}}
Apr 02 05:45:14.245083 np0000162702 devstack@n-api-meta.service[107469]: DEBUG nova.api.openstack.wsgi_app [None req-8a7efb11-a1b1-4c58-863e-c7250997c927 None None] instance_delete_interval = 300 {{(pid=107469) log_opt_values /opt/stack/data/venv/lib/python3.12/site-packages/oslo_config/cfg.py:2995}}
Apr 02 05:45:14.245216 np0000162702 devstack@n-api-meta.service[107469]: DEBUG nova.api.openstack.wsgi_app [None req-8a7efb11-a1b1-4c58-863e-c7250997c927 None None] instance_format = [instance: %(uuid)s] {{(pid=107469) log_opt_values /opt/stack/data/venv/lib/python3.12/site-packages/oslo_config/cfg.py:2995}}
Apr 02 05:45:14.245350 np0000162702 devstack@n-api-meta.service[107469]: DEBUG nova.api.openstack.wsgi_app [None req-8a7efb11-a1b1-4c58-863e-c7250997c927 None None] instance_name_template = instance-%08x {{(pid=107469) log_opt_values /opt/stack/data/venv/lib/python3.12/site-packages/oslo_config/cfg.py:2995}}
Apr 02 05:45:14.245483 np0000162702 devstack@n-api-meta.service[107469]: DEBUG nova.api.openstack.wsgi_app [None req-8a7efb11-a1b1-4c58-863e-c7250997c927 None None] instance_usage_audit = False {{(pid=107469) log_opt_values /opt/stack/data/venv/lib/python3.12/site-packages/oslo_config/cfg.py:2995}}
Apr 02 05:45:14.245618 np0000162702 devstack@n-api-meta.service[107469]: DEBUG nova.api.openstack.wsgi_app [None req-8a7efb11-a1b1-4c58-863e-c7250997c927 None None] instance_usage_audit_period = month {{(pid=107469) log_opt_values /opt/stack/data/venv/lib/python3.12/site-packages/oslo_config/cfg.py:2995}}
Apr 02 05:45:14.245751 np0000162702 devstack@n-api-meta.service[107469]: DEBUG nova.api.openstack.wsgi_app [None req-8a7efb11-a1b1-4c58-863e-c7250997c927 None None] instance_uuid_format = [instance: %(uuid)s] {{(pid=107469) log_opt_values /opt/stack/data/venv/lib/python3.12/site-packages/oslo_config/cfg.py:2995}}
Apr 02 05:45:14.245992 np0000162702 devstack@n-api-meta.service[107469]: DEBUG nova.api.openstack.wsgi_app [None req-8a7efb11-a1b1-4c58-863e-c7250997c927 None None] instances_path = /opt/stack/data/nova/instances {{(pid=107469) log_opt_values /opt/stack/data/venv/lib/python3.12/site-packages/oslo_config/cfg.py:2995}}
Apr 02 05:45:14.246190 np0000162702 devstack@n-api-meta.service[107469]: DEBUG nova.api.openstack.wsgi_app [None req-8a7efb11-a1b1-4c58-863e-c7250997c927 None None] internal_service_availability_zone = internal {{(pid=107469) log_opt_values /opt/stack/data/venv/lib/python3.12/site-packages/oslo_config/cfg.py:2995}}
Apr 02 05:45:14.246383 np0000162702 devstack@n-api-meta.service[107469]: DEBUG nova.api.openstack.wsgi_app [None req-8a7efb11-a1b1-4c58-863e-c7250997c927 None None] key = None {{(pid=107469) log_opt_values /opt/stack/data/venv/lib/python3.12/site-packages/oslo_config/cfg.py:2995}}
Apr 02 05:45:14.246517 np0000162702 devstack@n-api-meta.service[107469]: DEBUG nova.api.openstack.wsgi_app [None req-8a7efb11-a1b1-4c58-863e-c7250997c927 None None] live_migration_retry_count = 30 {{(pid=107469) log_opt_values /opt/stack/data/venv/lib/python3.12/site-packages/oslo_config/cfg.py:2995}}
Apr 02 05:45:14.246653 np0000162702 devstack@n-api-meta.service[107469]: DEBUG nova.api.openstack.wsgi_app [None req-8a7efb11-a1b1-4c58-863e-c7250997c927 None None] log_color = False {{(pid=107469) log_opt_values /opt/stack/data/venv/lib/python3.12/site-packages/oslo_config/cfg.py:2995}}
Apr 02 05:45:14.246811 np0000162702 devstack@n-api-meta.service[107469]: DEBUG nova.api.openstack.wsgi_app [None req-8a7efb11-a1b1-4c58-863e-c7250997c927 None None] log_config_append = None {{(pid=107469) log_opt_values /opt/stack/data/venv/lib/python3.12/site-packages/oslo_config/cfg.py:2995}}
Apr 02 05:45:14.246945 np0000162702 devstack@n-api-meta.service[107469]: DEBUG nova.api.openstack.wsgi_app [None req-8a7efb11-a1b1-4c58-863e-c7250997c927 None None] log_date_format = %Y-%m-%d %H:%M:%S {{(pid=107469) log_opt_values /opt/stack/data/venv/lib/python3.12/site-packages/oslo_config/cfg.py:2995}}
Apr 02 05:45:14.247069 np0000162702 devstack@n-api-meta.service[107469]: DEBUG nova.api.openstack.wsgi_app [None req-8a7efb11-a1b1-4c58-863e-c7250997c927 None None] log_dir = None {{(pid=107469) log_opt_values /opt/stack/data/venv/lib/python3.12/site-packages/oslo_config/cfg.py:2995}}
Apr 02 05:45:14.247199 np0000162702 devstack@n-api-meta.service[107469]: DEBUG nova.api.openstack.wsgi_app [None req-8a7efb11-a1b1-4c58-863e-c7250997c927 None None] log_file = None {{(pid=107469) log_opt_values /opt/stack/data/venv/lib/python3.12/site-packages/oslo_config/cfg.py:2995}}
Apr 02 05:45:14.247303 np0000162702 devstack@n-api-meta.service[107469]: DEBUG nova.api.openstack.wsgi_app [None req-8a7efb11-a1b1-4c58-863e-c7250997c927 None None] log_options = True {{(pid=107469) log_opt_values /opt/stack/data/venv/lib/python3.12/site-packages/oslo_config/cfg.py:2995}}
Apr 02 05:45:14.247432 np0000162702 devstack@n-api-meta.service[107469]: DEBUG nova.api.openstack.wsgi_app [None req-8a7efb11-a1b1-4c58-863e-c7250997c927 None None] log_rotate_interval = 1 {{(pid=107469) log_opt_values /opt/stack/data/venv/lib/python3.12/site-packages/oslo_config/cfg.py:2995}}
Apr 02 05:45:14.247568 np0000162702 devstack@n-api-meta.service[107469]: DEBUG nova.api.openstack.wsgi_app [None req-8a7efb11-a1b1-4c58-863e-c7250997c927 None None] log_rotate_interval_type = days {{(pid=107469) log_opt_values /opt/stack/data/venv/lib/python3.12/site-packages/oslo_config/cfg.py:2995}}
Apr 02 05:45:14.247701 np0000162702 devstack@n-api-meta.service[107469]: DEBUG nova.api.openstack.wsgi_app [None req-8a7efb11-a1b1-4c58-863e-c7250997c927 None None] log_rotation_type = none {{(pid=107469) log_opt_values /opt/stack/data/venv/lib/python3.12/site-packages/oslo_config/cfg.py:2995}}
