2026-04-14 08:37:43.081 9 WARNING neutron_lib.context [None req-0a58cdd3-bdab-48ee-876c-33c745bbce18 a45375881de54ab0ad983249befcb75f 960b0c9d3576427bb458239b5de5a256 - - default default] Method 'is_advsvc' is deprecated since 2023.2 release (neutron-lib 3.8.0) and will be removed once support for the old RBAC API policies will be removed from Neutron. Please use method 'is_service_role' instead.
2026-04-14 08:37:43.097 10 INFO neutron.api.wsgi [None req-d6ee2a09-d418-4d06-8e9b-4993f2997b80 05a77c6f8d524b96a3791a90e6ba1cc0 df59ee384ac74e6f80a382fcb066ffcd - - default default] 10.0.0.202 "PUT /v2.0/trunks/eedc6c13-1f12-44a8-be8c-48b999a7572b/tags HTTP/1.1" status: 200 len: 210 time: 0.0268872
2026-04-14 08:37:43.131 10 WARNING neutron.plugins.ml2.drivers.ovn.mech_driver.ovsdb.ovn_client [None req-243bddb8-7778-4ca7-8b10-e31e452e9151 - - - - - -] No hosting information found for port f31a8a80-d0de-4b67-90f0-31c5305194d5: RuntimeError: No hosting information found for port f31a8a80-d0de-4b67-90f0-31c5305194d5
2026-04-14 08:37:43.144 9 INFO neutron.api.wsgi [None req-9e5fd8a2-d080-43d5-83f4-5ec03f9714a3 05a77c6f8d524b96a3791a90e6ba1cc0 df59ee384ac74e6f80a382fcb066ffcd - - default default] 10.0.0.202 "PUT /v2.0/trunks/32bbd1a4-d008-4bb0-bdff-a0b470f47db0/tags HTTP/1.1" status: 200 len: 218 time: 0.0428729
2026-04-14 08:37:43.151 9 INFO neutron.api.wsgi [None req-43132f69-44ce-4559-a579-12277346f294 07601a73fb2045239f7cda2d87f53a53 91b9958e240544a9913db126ae768882 - - default default] 10.0.0.202 "DELETE /v2.0/routers/8e8744e6-20f5-4d34-b4ee-38831ec0e34b HTTP/1.1" status: 204 len: 168 time: 0.1704347
2026-04-14 08:37:43.185 9 INFO neutron.api.wsgi [None req-bb053b05-5c0d-4191-b5c3-68980d7a7e2b 07601a73fb2045239f7cda2d87f53a53 91b9958e240544a9913db126ae768882 - - default default] 10.0.0.202 "GET /v2.0/routers/0c65ae36-d958-4fc7-acde-bcf8ba6d1f3a HTTP/1.1" status: 200 len: 770 time: 0.0301750
2026-04-14 08:37:43.195 10 INFO neutron.api.wsgi [None req-88d99d72-a4f3-4bc0-a91c-02eafc9e4abc 05a77c6f8d524b96a3791a90e6ba1cc0 df59ee384ac74e6f80a382fcb066ffcd - - default default] 10.0.0.202 "PUT /v2.0/trunks/60ea2fa3-7e85-4202-a1bf-e67e70547211/tags HTTP/1.1" status: 200 len: 227 time: 0.0453205
2026-04-14 08:37:43.229 10 INFO neutron.db.ovn_revision_numbers_db [None req-243bddb8-7778-4ca7-8b10-e31e452e9151 - - - - - -] Successfully bumped revision number for resource f31a8a80-d0de-4b67-90f0-31c5305194d5 (type: router_ports) to 2
2026-04-14 08:37:43.256 9 INFO neutron.api.wsgi [req-a09f8fce-fa76-4928-b59a-15aa9643fb62 req-2de0f9ae-26ea-4e50-8039-a41feb4a9ea2 aa86403a62c646648cc4dad8d4aed6fc 1dc4b7bf006945539e55b6b1ab360b6a - - default default] 10.0.0.168 "GET /v2.0/ports?device_id=a90167c4-0b05-45f2-a52a-10b2b6da2132 HTTP/1.1" status: 200 len: 210 time: 0.0228739
2026-04-14 08:37:43.270 10 INFO neutron.api.wsgi [None req-29dc25f7-98f3-4f86-b89f-3777c603056d 05a77c6f8d524b96a3791a90e6ba1cc0 df59ee384ac74e6f80a382fcb066ffcd - - default default] 10.0.0.202 "PUT /v2.0/trunks/49ea0f2a-d973-4bfa-aa73-febe50d6f888/tags HTTP/1.1" status: 200 len: 212 time: 0.0656042 /var/lib/openstack/lib/python3.12/site-packages/pycadf/identifier.py:71: UserWarning: Invalid uuid: neutron. To ensure interoperability, identifiers should be a valid uuid. warnings.warn(('Invalid uuid: %s. To ensure interoperability, '
2026-04-14 08:37:43.287 9 INFO neutron.db.ovn_revision_numbers_db [None req-0a58cdd3-bdab-48ee-876c-33c745bbce18 a45375881de54ab0ad983249befcb75f 960b0c9d3576427bb458239b5de5a256 - - default default] Successfully bumped revision number for resource d39c113d-b299-430d-ba56-8a3e554b39de (type: security_group_rules) to 0
2026-04-14 08:37:43.302 10 INFO neutron.api.wsgi [None req-a9cf2cb8-1b37-444b-9591-5db065dc3e86 05a77c6f8d524b96a3791a90e6ba1cc0 df59ee384ac74e6f80a382fcb066ffcd - - default default] 10.0.0.202 "GET /v2.0/trunks?tags=red HTTP/1.1" status: 200 len: 1447 time: 0.0266812
2026-04-14 08:37:43.327 10 INFO neutron.api.wsgi [None req-cd0ab365-7301-4d6f-83fd-bb85e0bca5cd 05a77c6f8d524b96a3791a90e6ba1cc0 df59ee384ac74e6f80a382fcb066ffcd - - default default] 10.0.0.202 "GET /v2.0/trunks?tags=red%2Cblue HTTP/1.1" status: 200 len: 1041 time: 0.0180383
2026-04-14 08:37:43.337 9 INFO neutron.api.wsgi [None req-0a58cdd3-bdab-48ee-876c-33c745bbce18 a45375881de54ab0ad983249befcb75f 960b0c9d3576427bb458239b5de5a256 - - default default] 10.0.0.202 "POST /v2.0/security-group-rules HTTP/1.1" status: 201 len: 796 time: 0.2598648
2026-04-14 08:37:43.348 9 WARNING neutron_lib.context [None req-cfd405b2-4df6-49aa-86a8-6e0a9f439a15 a45375881de54ab0ad983249befcb75f 960b0c9d3576427bb458239b5de5a256 - - default default] Method 'is_advsvc' is deprecated since 2023.2 release (neutron-lib 3.8.0) and will be removed once support for the old RBAC API policies will be removed from Neutron. Please use method 'is_service_role' instead.
2026-04-14 08:37:43.356 10 INFO neutron.api.wsgi [None req-4cf937ee-08fe-42b2-aa73-3112654d540a 05a77c6f8d524b96a3791a90e6ba1cc0 df59ee384ac74e6f80a382fcb066ffcd - - default default] 10.0.0.202 "GET /v2.0/trunks?tags-any=blue HTTP/1.1" status: 200 len: 1041 time: 0.0230486
2026-04-14 08:37:43.383 10 INFO neutron.api.wsgi [None req-4b9173c7-6816-45b3-bfba-d265e7a5fab9 05a77c6f8d524b96a3791a90e6ba1cc0 df59ee384ac74e6f80a382fcb066ffcd - - default default] 10.0.0.202 "GET /v2.0/trunks?tags-any=red%2Cblue HTTP/1.1" status: 200 len: 1447 time: 0.0213158
2026-04-14 08:37:43.406 10 INFO neutron.api.wsgi [None req-77eaae24-602b-4ae0-9016-6b45fccee539 05a77c6f8d524b96a3791a90e6ba1cc0 df59ee384ac74e6f80a382fcb066ffcd - - default default] 10.0.0.202 "GET /v2.0/trunks?not-tags=red HTTP/1.1" status: 200 len: 1013 time: 0.0175984
2026-04-14 08:37:43.433 10 INFO neutron.api.wsgi [None req-e24ccb37-ff47-4bdb-b199-1448d70b7d38 05a77c6f8d524b96a3791a90e6ba1cc0 df59ee384ac74e6f80a382fcb066ffcd - - default default] 10.0.0.202 "GET /v2.0/trunks?not-tags=red%2Cblue HTTP/1.1" status: 200 len: 1419 time: 0.0199580
2026-04-14 08:37:43.435 9 INFO neutron.api.wsgi [None req-29541433-274d-48da-81cb-82d717921ec3 07601a73fb2045239f7cda2d87f53a53 91b9958e240544a9913db126ae768882 - - default default] 10.0.0.202 "PUT /v2.0/routers/0c65ae36-d958-4fc7-acde-bcf8ba6d1f3a HTTP/1.1" status: 200 len: 770 time: 0.2446492
2026-04-14 08:37:43.452 9 INFO neutron.api.wsgi [None req-e7e6334c-872b-498e-985d-9776e0fe0c5c 07601a73fb2045239f7cda2d87f53a53 91b9958e240544a9913db126ae768882 - - default default] 10.0.0.202 "GET /v2.0/ports?device_id=0c65ae36-d958-4fc7-acde-bcf8ba6d1f3a HTTP/1.1" status: 200 len: 205 time: 0.0126009
2026-04-14 08:37:43.466 10 INFO neutron.api.wsgi [None req-7b1579fe-b5a1-476c-b59c-ea60361ca706 05a77c6f8d524b96a3791a90e6ba1cc0 df59ee384ac74e6f80a382fcb066ffcd - - default default] 10.0.0.202 "GET /v2.0/trunks?not-tags-any=blue HTTP/1.1" status: 200 len: 1419 time: 0.0283763
2026-04-14 08:37:43.496 9 INFO neutron.api.wsgi [None req-bf136eeb-48a2-4ca0-a753-ffa3a5f02407 05a77c6f8d524b96a3791a90e6ba1cc0 df59ee384ac74e6f80a382fcb066ffcd - - default default] 10.0.0.202 "GET /v2.0/trunks?not-tags-any=red%2Cblue HTTP/1.1" status: 200 len: 1013 time: 0.0240867
2026-04-14 08:37:43.524 10 INFO neutron.api.wsgi [None req-42e87730-aa67-4503-a380-4f09ad6cae04 05a77c6f8d524b96a3791a90e6ba1cc0 df59ee384ac74e6f80a382fcb066ffcd - - default default] 10.0.0.202 "GET /v2.0/trunks/eedc6c13-1f12-44a8-be8c-48b999a7572b HTTP/1.1" status: 200 len: 608 time: 0.0194464
2026-04-14 08:37:43.807 9 INFO neutron.db.ovn_revision_numbers_db [None req-cfd405b2-4df6-49aa-86a8-6e0a9f439a15 a45375881de54ab0ad983249befcb75f 960b0c9d3576427bb458239b5de5a256 - - default default] Successfully bumped revision number for resource 0a06f1ad-36c5-43f0-8e02-e3974216587a (type: security_group_rules) to 0
2026-04-14 08:37:43.903 9 INFO neutron.api.wsgi [None req-cfd405b2-4df6-49aa-86a8-6e0a9f439a15 a45375881de54ab0ad983249befcb75f 960b0c9d3576427bb458239b5de5a256 - - default default] 10.0.0.202 "POST /v2.0/security-group-rules HTTP/1.1" status: 201 len: 795 time: 0.5584714
2026-04-14 08:37:43.914 10 WARNING neutron_lib.context [None req-7d7ccfee-1622-40a8-b5a8-ebcd90279132 a45375881de54ab0ad983249befcb75f 960b0c9d3576427bb458239b5de5a256 - - default default] Method 'is_advsvc' is deprecated since 2023.2 release (neutron-lib 3.8.0) and will be removed once support for the old RBAC API policies will be removed from Neutron. Please use method 'is_service_role' instead.
2026-04-14 08:37:43.925 9 INFO neutron.api.wsgi [None req-c0e1f3ce-98e4-4613-bc24-425031a651eb 05a77c6f8d524b96a3791a90e6ba1cc0 df59ee384ac74e6f80a382fcb066ffcd - - default default] 10.0.0.202 "GET /v2.0/ports/3879cb2c-c1cf-4c5b-aa89-85da226b3b25 HTTP/1.1" status: 200 len: 1020 time: 0.3947113
2026-04-14 08:37:43.930 9 INFO neutron.api.wsgi [None req-2e7fe863-0a77-45fa-b610-7582d058964f 07601a73fb2045239f7cda2d87f53a53 91b9958e240544a9913db126ae768882 - - default default] 10.0.0.202 "DELETE /v2.0/routers/0c65ae36-d958-4fc7-acde-bcf8ba6d1f3a HTTP/1.1" status: 204 len: 168 time: 0.4722199
2026-04-14 08:37:44.001 9 INFO neutron.api.wsgi [None req-1bba3f6d-a62c-45b1-86f7-0792bcb90b85 05a77c6f8d524b96a3791a90e6ba1cc0 df59ee384ac74e6f80a382fcb066ffcd - - default default] 10.0.0.202 "DELETE /v2.0/trunks/eedc6c13-1f12-44a8-be8c-48b999a7572b HTTP/1.1" status: 204 len: 168 time: 0.0706022
2026-04-14 08:37:44.021 9 INFO neutron.api.wsgi [None req-631571e6-562f-4f07-901b-87a3f4098305 05a77c6f8d524b96a3791a90e6ba1cc0 df59ee384ac74e6f80a382fcb066ffcd - - default default] 10.0.0.202 "GET /v2.0/trunks/32bbd1a4-d008-4bb0-bdff-a0b470f47db0 HTTP/1.1" status: 200 len: 616 time: 0.0142543
2026-04-14 08:37:44.048 10 INFO neutron.db.ovn_revision_numbers_db [None req-7d7ccfee-1622-40a8-b5a8-ebcd90279132 a45375881de54ab0ad983249befcb75f 960b0c9d3576427bb458239b5de5a256 - - default default] Successfully bumped revision number for resource c35a604b-323b-4447-81b8-794c3a8f1c74 (type: security_group_rules) to 0
2026-04-14 08:37:44.091 10 INFO neutron.api.wsgi [None req-7d7ccfee-1622-40a8-b5a8-ebcd90279132 a45375881de54ab0ad983249befcb75f 960b0c9d3576427bb458239b5de5a256 - - default default] 10.0.0.202 "POST /v2.0/security-group-rules HTTP/1.1" status: 201 len: 801 time: 0.1815019
2026-04-14 08:37:44.097 9 INFO neutron.api.wsgi [None req-1c592ba5-f6bb-44bd-88d1-82704450da57 05a77c6f8d524b96a3791a90e6ba1cc0 df59ee384ac74e6f80a382fcb066ffcd - - default default] 10.0.0.202 "GET /v2.0/ports/163deb24-c50a-454f-b0b0-8fea1ad661ea HTTP/1.1" status: 200 len: 1020 time: 0.0716205
2026-04-14 08:37:44.101 10 WARNING neutron_lib.context [None req-05c4e0bf-7698-49e3-8e3b-2260ef69be91 a45375881de54ab0ad983249befcb75f 960b0c9d3576427bb458239b5de5a256 - - default default] Method 'is_advsvc' is deprecated since 2023.2 release (neutron-lib 3.8.0) and will be removed once support for the old RBAC API policies will be removed from Neutron. Please use method 'is_service_role' instead.
2026-04-14 08:37:44.162 9 INFO neutron.api.wsgi [None req-ebfb2b9d-a512-4b40-80c8-d7e74eb9b875 05a77c6f8d524b96a3791a90e6ba1cc0 df59ee384ac74e6f80a382fcb066ffcd - - default default] 10.0.0.202 "DELETE /v2.0/trunks/32bbd1a4-d008-4bb0-bdff-a0b470f47db0 HTTP/1.1" status: 204 len: 168 time: 0.0622430
2026-04-14 08:37:44.182 9 INFO neutron.api.wsgi [None req-fc378a7b-948b-409d-bdc4-9bc8dcb31fa3 05a77c6f8d524b96a3791a90e6ba1cc0 df59ee384ac74e6f80a382fcb066ffcd - - default default] 10.0.0.202 "GET /v2.0/trunks/60ea2fa3-7e85-4202-a1bf-e67e70547211 HTTP/1.1" status: 200 len: 625 time: 0.0146875
2026-04-14 08:37:44.222 10 INFO neutron.db.ovn_revision_numbers_db [None req-05c4e0bf-7698-49e3-8e3b-2260ef69be91 a45375881de54ab0ad983249befcb75f 960b0c9d3576427bb458239b5de5a256 - - default default] Successfully bumped revision number for resource e1055a85-7e22-4419-adac-adc152f9b096 (type: security_group_rules) to 0
2026-04-14 08:37:44.253 10 INFO neutron.api.wsgi [None req-05c4e0bf-7698-49e3-8e3b-2260ef69be91 a45375881de54ab0ad983249befcb75f 960b0c9d3576427bb458239b5de5a256 - - default default] 10.0.0.202 "POST /v2.0/security-group-rules HTTP/1.1" status: 201 len: 800 time: 0.1559410
2026-04-14 08:37:44.256 9 INFO neutron.api.wsgi [None req-d3bbf268-f6be-4648-8695-4d1e4b72c67e 05a77c6f8d524b96a3791a90e6ba1cc0 df59ee384ac74e6f80a382fcb066ffcd - - default default] 10.0.0.202 "GET /v2.0/ports/32673c60-a7dc-471d-9630-5075e88881c5 HTTP/1.1" status: 200 len: 1020 time: 0.0692394
2026-04-14 08:37:44.262 9 WARNING neutron_lib.context [None req-daf4aeeb-b062-48ab-b05c-730a9ebe6f5d a45375881de54ab0ad983249befcb75f 960b0c9d3576427bb458239b5de5a256 - - default default] Method 'is_advsvc' is deprecated since 2023.2 release (neutron-lib 3.8.0) and will be removed once support for the old RBAC API policies will be removed from Neutron. Please use method 'is_service_role' instead.
2026-04-14 08:37:44.291 9 INFO neutron.db.securitygroups_db [None req-daf4aeeb-b062-48ab-b05c-730a9ebe6f5d a45375881de54ab0ad983249befcb75f 960b0c9d3576427bb458239b5de5a256 - - default default] Project 960b0c9d3576427bb458239b5de5a256 added a security group rule with legacy IPv6 ICMP protocol name icmp, ipv6-icmp should be used instead. It was automatically converted.
2026-04-14 08:37:44.338 10 INFO neutron.api.wsgi [req-e434f851-e92f-42f1-8a5a-849e1adb4e71 req-e5ebe229-1620-4a10-a720-268b7fbe9fd8 aa86403a62c646648cc4dad8d4aed6fc 1dc4b7bf006945539e55b6b1ab360b6a - - default default] 10.0.0.168 "GET /v2.0/ports?device_id=a90167c4-0b05-45f2-a52a-10b2b6da2132 HTTP/1.1" status: 200 len: 210 time: 0.0179882
2026-04-14 08:37:44.355 10 INFO neutron.api.wsgi [None req-32f8f932-c090-4164-8e82-01da81f3c024 05a77c6f8d524b96a3791a90e6ba1cc0 df59ee384ac74e6f80a382fcb066ffcd - - default default] 10.0.0.202 "DELETE /v2.0/trunks/60ea2fa3-7e85-4202-a1bf-e67e70547211 HTTP/1.1" status: 204 len: 168 time: 0.0942011
2026-04-14 08:37:44.381 9 INFO neutron.api.wsgi [None req-d5e9022b-bd24-488d-b332-05a0bc1efaf7 05a77c6f8d524b96a3791a90e6ba1cc0 df59ee384ac74e6f80a382fcb066ffcd - - default default] 10.0.0.202 "GET /v2.0/trunks/49ea0f2a-d973-4bfa-aa73-febe50d6f888 HTTP/1.1" status: 200 len: 610 time: 0.0153377
2026-04-14 08:37:44.386 9 INFO neutron.db.ovn_revision_numbers_db [None req-daf4aeeb-b062-48ab-b05c-730a9ebe6f5d a45375881de54ab0ad983249befcb75f 960b0c9d3576427bb458239b5de5a256 - - default default] Successfully bumped revision number for resource c8abe657-e029-4a4a-9366-8b89261c16e2 (type: security_group_rules) to 0
2026-04-14 08:37:44.423 9 INFO neutron.api.wsgi [None req-daf4aeeb-b062-48ab-b05c-730a9ebe6f5d a45375881de54ab0ad983249befcb75f 960b0c9d3576427bb458239b5de5a256 - - default default] 10.0.0.202 "POST /v2.0/security-group-rules HTTP/1.1" status: 201 len: 806 time: 0.1652086
2026-04-14 08:37:44.434 10 WARNING neutron_lib.context [None req-9801838c-08ea-427b-b0c5-6a51b865fa1f a45375881de54ab0ad983249befcb75f 960b0c9d3576427bb458239b5de5a256 - - default default] Method 'is_advsvc' is deprecated since 2023.2 release (neutron-lib 3.8.0) and will be removed once support for the old RBAC API policies will be removed from Neutron. Please use method 'is_service_role' instead.
2026-04-14 08:37:44.460 10 INFO neutron.api.wsgi [None req-5753c04f-e479-4689-8195-c16f76a20183 05a77c6f8d524b96a3791a90e6ba1cc0 df59ee384ac74e6f80a382fcb066ffcd - - default default] 10.0.0.202 "GET /v2.0/ports/847b8be5-c88a-4c91-90ca-85459dc12345 HTTP/1.1" status: 200 len: 1020 time: 0.0720408
2026-04-14 08:37:44.471 10 INFO neutron.db.securitygroups_db [None req-9801838c-08ea-427b-b0c5-6a51b865fa1f a45375881de54ab0ad983249befcb75f 960b0c9d3576427bb458239b5de5a256 - - default default] Project 960b0c9d3576427bb458239b5de5a256 added a security group rule with legacy IPv6 ICMP protocol name icmp, ipv6-icmp should be used instead. It was automatically converted.
2026-04-14 08:37:44.538 10 INFO neutron.api.wsgi [None req-0e347a73-3852-4596-9f49-6e48afe63abb 05a77c6f8d524b96a3791a90e6ba1cc0 df59ee384ac74e6f80a382fcb066ffcd - - default default] 10.0.0.202 "DELETE /v2.0/trunks/49ea0f2a-d973-4bfa-aa73-febe50d6f888 HTTP/1.1" status: 204 len: 168 time: 0.0717719
2026-04-14 08:37:44.559 10 INFO neutron.api.wsgi [None req-550a501c-9815-4f04-ace3-9cc7ded51587 05a77c6f8d524b96a3791a90e6ba1cc0 df59ee384ac74e6f80a382fcb066ffcd - - default default] 10.0.0.202 "GET /v2.0/trunks/6fb6bc64-af2f-4cdc-92ad-1b4b7893c017 HTTP/1.1" status: 200 len: 603 time: 0.0166852
2026-04-14 08:37:44.589 10 INFO neutron.db.ovn_revision_numbers_db [None req-9801838c-08ea-427b-b0c5-6a51b865fa1f a45375881de54ab0ad983249befcb75f 960b0c9d3576427bb458239b5de5a256 - - default default] Successfully bumped revision number for resource dd7473ef-7bc1-4d15-92a5-57369e97192f (type: security_group_rules) to 0
2026-04-14 08:37:44.626 10 INFO neutron.api.wsgi [None req-9801838c-08ea-427b-b0c5-6a51b865fa1f a45375881de54ab0ad983249befcb75f 960b0c9d3576427bb458239b5de5a256 - - default default] 10.0.0.202 "POST /v2.0/security-group-rules HTTP/1.1" status: 201 len: 805 time: 0.1968451
2026-04-14 08:37:44.639 10 INFO neutron.api.wsgi [None req-5417f01e-5d70-4fa6-b4ba-05fa1c38c126 05a77c6f8d524b96a3791a90e6ba1cc0 df59ee384ac74e6f80a382fcb066ffcd - - default default] 10.0.0.202 "GET /v2.0/ports/a52bd673-2ab9-46af-a899-ea578c2ae384 HTTP/1.1" status: 200 len: 1020 time: 0.0757678
2026-04-14 08:37:44.708 10 INFO neutron.api.wsgi [None req-174b8fb4-0108-40ae-a15b-ed52aa84d7f1 05a77c6f8d524b96a3791a90e6ba1cc0 df59ee384ac74e6f80a382fcb066ffcd - - default default] 10.0.0.202 "DELETE /v2.0/trunks/6fb6bc64-af2f-4cdc-92ad-1b4b7893c017 HTTP/1.1" status: 204 len: 168 time: 0.0629957
2026-04-14 08:37:44.973 10 INFO neutron.api.wsgi [None req-52f05049-1432-4a19-85c0-d72137729046 05a77c6f8d524b96a3791a90e6ba1cc0 df59ee384ac74e6f80a382fcb066ffcd - - default default] 10.0.0.202 "DELETE /v2.0/ports/3879cb2c-c1cf-4c5b-aa89-85da226b3b25 HTTP/1.1" status: 204 len: 168 time: 0.2588751
2026-04-14 08:37:45.014 10 INFO neutron.db.ovn_revision_numbers_db [None req-8c45ebe3-e316-4608-88f0-75fbd72f8a6b 2dc33df45b2a495bb518952a8ac0f786 6ab2bef16bef4f52b6b30cc4250f469b - - default default] Successfully bumped revision number for resource 74629e9c-13d8-4cb2-91fc-974c3b4691bf (type: security_groups) to 1
2026-04-14 08:37:45.044 10 INFO neutron.db.ovn_revision_numbers_db [None req-8c45ebe3-e316-4608-88f0-75fbd72f8a6b 2dc33df45b2a495bb518952a8ac0f786 6ab2bef16bef4f52b6b30cc4250f469b - - default default] Successfully bumped revision number for resource 19f029a0-85b9-454a-9d87-3df92fbcbdcd (type: security_group_rules) to 0
2026-04-14 08:37:45.059 10 INFO neutron.db.ovn_revision_numbers_db [None req-8c45ebe3-e316-4608-88f0-75fbd72f8a6b 2dc33df45b2a495bb518952a8ac0f786 6ab2bef16bef4f52b6b30cc4250f469b - - default default] Successfully bumped revision number for resource 50ad6d4b-d40c-42d7-acc9-015707681948 (type: security_group_rules) to 0
2026-04-14 08:37:45.076 10 INFO neutron.api.wsgi [None req-ced7e548-c1af-48ac-88bb-dadd025a1b7d a45375881de54ab0ad983249befcb75f 960b0c9d3576427bb458239b5de5a256 - - default default] 10.0.0.202 "GET /v2.0/networks HTTP/1.1" status: 200 len: 1493 time: 0.0952296
2026-04-14 08:37:45.077 10 INFO neutron.db.ovn_revision_numbers_db [None req-8c45ebe3-e316-4608-88f0-75fbd72f8a6b 2dc33df45b2a495bb518952a8ac0f786 6ab2bef16bef4f52b6b30cc4250f469b - - default default] Successfully bumped revision number for resource 798b1aaf-88c6-4cc8-9e0f-506fa31e4efd (type: security_group_rules) to 0
2026-04-14 08:37:45.094 10 INFO neutron.db.ovn_revision_numbers_db [None req-8c45ebe3-e316-4608-88f0-75fbd72f8a6b 2dc33df45b2a495bb518952a8ac0f786 6ab2bef16bef4f52b6b30cc4250f469b - - default default] Successfully bumped revision number for resource a136fa19-c572-4fc7-8c5b-30ae84d8ae40 (type: security_group_rules) to 0
2026-04-14 08:37:45.134 10 INFO neutron.api.wsgi [None req-8c45ebe3-e316-4608-88f0-75fbd72f8a6b 2dc33df45b2a495bb518952a8ac0f786 6ab2bef16bef4f52b6b30cc4250f469b - - default default] 10.0.0.202 "GET /v2.0/security-groups?tenant_id=91b9958e240544a9913db126ae768882&name=default HTTP/1.1" status: 200 len: 3120 time: 0.4247599
2026-04-14 08:37:45.170 10 INFO neutron.api.wsgi [req-a4c57f14-9e92-4e2d-aaf8-bf4a9aac427d req-05db357e-5567-4a13-8b54-b4b45a56d0af a45375881de54ab0ad983249befcb75f 960b0c9d3576427bb458239b5de5a256 - - default default] 10.0.0.168 "GET /v2.0/security-groups?name=tempest-secgroup-smoke-1048429227&fields=id&tenant_id=960b0c9d3576427bb458239b5de5a256 HTTP/1.1" status: 200 len: 267 time: 0.0315328
2026-04-14 08:37:45.228 10 INFO neutron.api.wsgi [req-a4c57f14-9e92-4e2d-aaf8-bf4a9aac427d req-7706b6bc-44b5-453d-9254-3b983c937c49 a45375881de54ab0ad983249befcb75f 960b0c9d3576427bb458239b5de5a256 - - default default] 10.0.0.168 "GET /v2.0/networks?id=7a713fa7-b9dc-4f72-b159-e0ab199a636c HTTP/1.1" status: 200 len: 860 time: 0.0532448
2026-04-14 08:37:45.229 9 INFO neutron.api.wsgi [None req-d6fe7822-160e-4482-92f0-1beea0d08908 05a77c6f8d524b96a3791a90e6ba1cc0 df59ee384ac74e6f80a382fcb066ffcd - - default default] 10.0.0.202 "DELETE /v2.0/ports/163deb24-c50a-454f-b0b0-8fea1ad661ea HTTP/1.1" status: 204 len: 168 time: 0.2507443
2026-04-14 08:37:45.253 10 INFO neutron.api.wsgi [req-a4c57f14-9e92-4e2d-aaf8-bf4a9aac427d req-963f23df-0f5d-4b4d-8c5c-d36580579564 a45375881de54ab0ad983249befcb75f 960b0c9d3576427bb458239b5de5a256 - - default default] 10.0.0.168 "GET /v2.0/quotas/960b0c9d3576427bb458239b5de5a256 HTTP/1.1" status: 200 len: 491 time: 0.0138354
2026-04-14 08:37:45.359 10 INFO neutron.api.wsgi [req-a4c57f14-9e92-4e2d-aaf8-bf4a9aac427d req-6c7e82c0-e0cb-4140-a2ad-ad4765eafa32 a45375881de54ab0ad983249befcb75f 960b0c9d3576427bb458239b5de5a256 - - default default] 10.0.0.168 "GET /v2.0/ports?tenant_id=960b0c9d3576427bb458239b5de5a256&fields=id HTTP/1.1" status: 200 len: 348 time: 0.1002173
2026-04-14 08:37:45.390 9 INFO neutron.api.wsgi [None req-3671ab37-10b2-4a31-adb1-7398835014fe 2dc33df45b2a495bb518952a8ac0f786 6ab2bef16bef4f52b6b30cc4250f469b - - default default] 10.0.0.202 "DELETE /v2.0/security-groups/74629e9c-13d8-4cb2-91fc-974c3b4691bf HTTP/1.1" status: 204 len: 168 time: 0.2482224
2026-04-14 08:37:45.422 9 INFO neutron.api.wsgi [req-6e1eb3ae-1138-4277-9c7b-06a2400f1b38 req-73e1c330-ba13-480a-976e-32249c6573b3 aa86403a62c646648cc4dad8d4aed6fc 1dc4b7bf006945539e55b6b1ab360b6a - - default default] 10.0.0.168 "GET /v2.0/ports?device_id=a90167c4-0b05-45f2-a52a-10b2b6da2132 HTTP/1.1" status: 200 len: 210 time: 0.0225148
2026-04-14 08:37:45.434 9 INFO neutron.api.wsgi [req-9d1fbfe9-7f62-45b1-ad61-7c9663b2cae6 req-cd1f2bcc-035a-4ddd-9f38-8271fd313224 aa86403a62c646648cc4dad8d4aed6fc 1dc4b7bf006945539e55b6b1ab360b6a - - default default] 199.204.45.78 "GET /v2.0/networks?id=519522b1-e70e-4589-b7db-80bf187d7366 HTTP/1.1" status: 200 len: 872 time: 0.0663676
2026-04-14 08:37:45.442 10 INFO neutron.api.wsgi [req-a4c57f14-9e92-4e2d-aaf8-bf4a9aac427d req-e7a4ed9d-d4a9-48fe-9bf8-a61993d2e595 1d7b2d2c69ff40e8bd9cf43f5fd3632e bd3901792eca4d22b3eaa9bd9526ce90 - - 214d9bc4be274bc68d120ef41c8246ed 214d9bc4be274bc68d120ef41c8246ed] 10.0.0.168 "GET /v2.0/networks/7a713fa7-b9dc-4f72-b159-e0ab199a636c?fields=segments HTTP/1.1" status: 200 len: 212 time: 0.0711915
2026-04-14 08:37:45.445 9 WARNING neutron_lib.context [req-9d1fbfe9-7f62-45b1-ad61-7c9663b2cae6 req-96f9f8ea-a05a-404c-93f9-2c7422367e00 aa86403a62c646648cc4dad8d4aed6fc 1dc4b7bf006945539e55b6b1ab360b6a - - default default] Method 'is_advsvc' is deprecated since 2023.2 release (neutron-lib 3.8.0) and will be removed once support for the old RBAC API policies will be removed from Neutron. Please use method 'is_service_role' instead.
2026-04-14 08:37:45.490 10 INFO neutron.api.wsgi [req-a4c57f14-9e92-4e2d-aaf8-bf4a9aac427d req-c137c827-4815-444a-af18-8c61d73e3aee 1d7b2d2c69ff40e8bd9cf43f5fd3632e bd3901792eca4d22b3eaa9bd9526ce90 - - 214d9bc4be274bc68d120ef41c8246ed 214d9bc4be274bc68d120ef41c8246ed] 10.0.0.168 "GET /v2.0/networks/7a713fa7-b9dc-4f72-b159-e0ab199a636c?fields=provider%3Aphysical_network&fields=provider%3Anetwork_type HTTP/1.1" status: 200 len: 277 time: 0.0421360
2026-04-14 08:37:45.537 10 INFO neutron.api.wsgi [None req-eb95d5ff-7232-4373-9a6d-021313034cb0 05a77c6f8d524b96a3791a90e6ba1cc0 df59ee384ac74e6f80a382fcb066ffcd - - default default] 10.0.0.202 "DELETE /v2.0/ports/32673c60-a7dc-471d-9630-5075e88881c5 HTTP/1.1" status: 204 len: 168 time: 0.3040609
2026-04-14 08:37:45.625 10 INFO neutron.db.ovn_revision_numbers_db [None req-f9f87bb6-c986-4021-b4d6-2dfd7e7bb3a8 2dc33df45b2a495bb518952a8ac0f786 6ab2bef16bef4f52b6b30cc4250f469b - - default default] Successfully bumped revision number for resource 4ac6947f-321b-497a-b4d6-51dca68356ba (type: security_groups) to 1
2026-04-14 08:37:45.627 9 INFO neutron.api.wsgi [req-d9c0be0c-ec65-4707-9c8d-295d0213069f req-85020e44-a498-4869-97bf-e42146174866 a45375881de54ab0ad983249befcb75f 960b0c9d3576427bb458239b5de5a256 - - default default] 10.0.0.168 "GET /v2.0/ports?device_id=113b51e9-984c-4bbd-a4e1-7e145b85d0f5 HTTP/1.1" status: 200 len: 210 time: 0.0331728
2026-04-14 08:37:45.664 10 INFO neutron.db.ovn_revision_numbers_db [None req-f9f87bb6-c986-4021-b4d6-2dfd7e7bb3a8 2dc33df45b2a495bb518952a8ac0f786 6ab2bef16bef4f52b6b30cc4250f469b - - default default] Successfully bumped revision number for resource 1f501b89-f82c-4f29-8386-97ef28872297 (type: security_group_rules) to 0
2026-04-14 08:37:45.703 10 INFO neutron.db.ovn_revision_numbers_db [None req-f9f87bb6-c986-4021-b4d6-2dfd7e7bb3a8 2dc33df45b2a495bb518952a8ac0f786 6ab2bef16bef4f52b6b30cc4250f469b - - default default] Successfully bumped revision number for resource 459c2deb-6c1c-4051-a016-899778467f3f (type: security_group_rules) to 0
2026-04-14 08:37:45.722 10 INFO neutron.db.ovn_revision_numbers_db [None req-f9f87bb6-c986-4021-b4d6-2dfd7e7bb3a8 2dc33df45b2a495bb518952a8ac0f786 6ab2bef16bef4f52b6b30cc4250f469b - - default default] Successfully bumped revision number for resource 6d8ff03d-a8a7-46df-8d75-0d7cdda8c70c (type: security_group_rules) to 0
2026-04-14 08:37:45.739 10 INFO neutron.db.ovn_revision_numbers_db [None req-f9f87bb6-c986-4021-b4d6-2dfd7e7bb3a8 2dc33df45b2a495bb518952a8ac0f786 6ab2bef16bef4f52b6b30cc4250f469b - - default default] Successfully bumped revision number for resource 70fb3928-bc5d-4d76-8634-efb612c73ede (type: security_group_rules) to 0
2026-04-14 08:37:45.785 10 INFO neutron.api.wsgi [None req-f9f87bb6-c986-4021-b4d6-2dfd7e7bb3a8 2dc33df45b2a495bb518952a8ac0f786 6ab2bef16bef4f52b6b30cc4250f469b - - default default] 10.0.0.202 "GET /v2.0/security-groups?tenant_id=8a94dbaacda04683bb80b27a5d6e8838&name=default HTTP/1.1" status: 200 len: 3120 time: 0.2728853 /var/lib/openstack/lib/python3.12/site-packages/pycadf/identifier.py:71: UserWarning: Invalid uuid: neutron. To ensure interoperability, identifiers should be a valid uuid. warnings.warn(('Invalid uuid: %s. To ensure interoperability, '
2026-04-14 08:37:45.862 9 WARNING neutron.scheduler.dhcp_agent_scheduler [req-9d1fbfe9-7f62-45b1-ad61-7c9663b2cae6 req-96f9f8ea-a05a-404c-93f9-2c7422367e00 aa86403a62c646648cc4dad8d4aed6fc 1dc4b7bf006945539e55b6b1ab360b6a - - default default] No more DHCP agents
2026-04-14 08:37:45.865 9 WARNING neutron.api.rpc.agentnotifiers.dhcp_rpc_agent_api [req-9d1fbfe9-7f62-45b1-ad61-7c9663b2cae6 req-96f9f8ea-a05a-404c-93f9-2c7422367e00 aa86403a62c646648cc4dad8d4aed6fc 1dc4b7bf006945539e55b6b1ab360b6a - - default default] Unable to schedule network 519522b1-e70e-4589-b7db-80bf187d7366: no agents available; will retry on subsequent port and subnet creation events.
2026-04-14 08:37:45.943 9 INFO neutron.api.wsgi [None req-dde0e240-e102-4c1e-9ae4-a46fdbe90976 05a77c6f8d524b96a3791a90e6ba1cc0 df59ee384ac74e6f80a382fcb066ffcd - - default default] 10.0.0.202 "DELETE /v2.0/ports/847b8be5-c88a-4c91-90ca-85459dc12345 HTTP/1.1" status: 204 len: 168 time: 0.4005153
2026-04-14 08:37:46.023 9 INFO neutron.db.ovn_revision_numbers_db [req-9d1fbfe9-7f62-45b1-ad61-7c9663b2cae6 req-96f9f8ea-a05a-404c-93f9-2c7422367e00 aa86403a62c646648cc4dad8d4aed6fc 1dc4b7bf006945539e55b6b1ab360b6a - - default default] Successfully bumped revision number for resource 82785450-cbfe-4de3-b896-02f318db701f (type: ports) to 1
2026-04-14 08:37:46.044 9 INFO neutron.api.wsgi [req-9d1fbfe9-7f62-45b1-ad61-7c9663b2cae6 req-96f9f8ea-a05a-404c-93f9-2c7422367e00 aa86403a62c646648cc4dad8d4aed6fc 1dc4b7bf006945539e55b6b1ab360b6a - - default default] 199.204.45.78 "POST /v2.0/ports HTTP/1.1" status: 201 len: 1162 time: 0.6039758 /var/lib/openstack/lib/python3.12/site-packages/pycadf/identifier.py:71: UserWarning: Invalid uuid: neutron. To ensure interoperability, identifiers should be a valid uuid. warnings.warn(('Invalid uuid: %s. To ensure interoperability, '
2026-04-14 08:37:46.056 9 INFO neutron.api.wsgi [None req-7fdf37ba-408d-4355-85fa-f6ee1973d0b4 2dc33df45b2a495bb518952a8ac0f786 6ab2bef16bef4f52b6b30cc4250f469b - - default default] 10.0.0.202 "DELETE /v2.0/security-groups/4ac6947f-321b-497a-b4d6-51dca68356ba HTTP/1.1" status: 204 len: 168 time: 0.2654176
2026-04-14 08:37:46.182 10 INFO neutron.api.wsgi [None req-9a271f14-a2e4-4f56-bee0-1fa6c1948bdf 05a77c6f8d524b96a3791a90e6ba1cc0 df59ee384ac74e6f80a382fcb066ffcd - - default default] 10.0.0.202 "DELETE /v2.0/ports/a52bd673-2ab9-46af-a899-ea578c2ae384 HTTP/1.1" status: 204 len: 168 time: 0.2315054
2026-04-14 08:37:46.318 10 INFO neutron.db.ovn_revision_numbers_db [None req-c1c04da2-da6e-44e1-9567-a2a278958cbc 2dc33df45b2a495bb518952a8ac0f786 6ab2bef16bef4f52b6b30cc4250f469b - - default default] Successfully bumped revision number for resource 0ad81b88-3861-48d4-83e9-f60ccbb19acc (type: security_groups) to 1
2026-04-14 08:37:46.334 10 INFO neutron.db.ovn_revision_numbers_db [None req-c1c04da2-da6e-44e1-9567-a2a278958cbc 2dc33df45b2a495bb518952a8ac0f786 6ab2bef16bef4f52b6b30cc4250f469b - - default default] Successfully bumped revision number for resource 02e36e74-cb49-401e-8241-feca46e182cf (type: security_group_rules) to 0
2026-04-14 08:37:46.350 10 INFO neutron.db.ovn_revision_numbers_db [None req-c1c04da2-da6e-44e1-9567-a2a278958cbc 2dc33df45b2a495bb518952a8ac0f786 6ab2bef16bef4f52b6b30cc4250f469b - - default default] Successfully bumped revision number for resource 44e59b72-6116-430b-9bc2-b0d4954bcf0f (type: security_group_rules) to 0
2026-04-14 08:37:46.369 10 INFO neutron.db.ovn_revision_numbers_db [None req-c1c04da2-da6e-44e1-9567-a2a278958cbc 2dc33df45b2a495bb518952a8ac0f786 6ab2bef16bef4f52b6b30cc4250f469b - - default default] Successfully bumped revision number for resource 5915a5cb-ef54-4037-8740-fad27c48fdad (type: security_group_rules) to 0
2026-04-14 08:37:46.382 10 INFO neutron.db.ovn_revision_numbers_db [None req-c1c04da2-da6e-44e1-9567-a2a278958cbc 2dc33df45b2a495bb518952a8ac0f786 6ab2bef16bef4f52b6b30cc4250f469b - - default default] Successfully bumped revision number for resource 774d83bb-5b3b-4691-a70b-55f3b3082900 (type: security_group_rules) to 0
2026-04-14 08:37:46.421 10 INFO neutron.api.wsgi [None req-c1c04da2-da6e-44e1-9567-a2a278958cbc 2dc33df45b2a495bb518952a8ac0f786 6ab2bef16bef4f52b6b30cc4250f469b - - default default] 10.0.0.202 "GET /v2.0/security-groups?tenant_id=aac8c22707f244d49b6e1bdc14e8b83a&name=default HTTP/1.1" status: 200 len: 3120 time: 0.2204688
2026-04-14 08:37:46.422 9 INFO neutron.db.ovn_revision_numbers_db [req-9d1fbfe9-7f62-45b1-ad61-7c9663b2cae6 req-1015a271-a6c3-4850-8abf-98b962a6a763 1d7b2d2c69ff40e8bd9cf43f5fd3632e bd3901792eca4d22b3eaa9bd9526ce90 - - 214d9bc4be274bc68d120ef41c8246ed 214d9bc4be274bc68d120ef41c8246ed] Successfully bumped revision number for resource 82785450-cbfe-4de3-b896-02f318db701f (type: ports) to 2
2026-04-14 08:37:46.546 10 INFO neutron.services.segments.plugin [-] Segment c89955dc-c2a0-434c-a9cd-4c6a31e43264 resource provider aggregate not found
2026-04-14 08:37:46.551 10 INFO neutron.services.segments.plugin [-] Segment c89955dc-c2a0-434c-a9cd-4c6a31e43264 resource provider aggregate not found
2026-04-14 08:37:46.566 10 INFO neutron.services.segments.plugin [-] Segment c89955dc-c2a0-434c-a9cd-4c6a31e43264 resource provider not found; error: Placement Client Error (4xx): {"errors": [{"status": 404, "title": "Not Found", "detail": "The resource could not be found.\n\n No resource provider with uuid c89955dc-c2a0-434c-a9cd-4c6a31e43264 found for delete ", "request_id": "req-7d12ced0-2a64-4213-8978-52c4d9cf9bf7"}]}
2026-04-14 08:37:46.574 10 INFO neutron.services.segments.plugin [-] Segment c89955dc-c2a0-434c-a9cd-4c6a31e43264 resource provider not found; error: Placement Client Error (4xx): {"errors": [{"status": 404, "title": "Not Found", "detail": "The resource could not be found.\n\n No resource provider with uuid c89955dc-c2a0-434c-a9cd-4c6a31e43264 found for delete ", "request_id": "req-df190464-c23e-4b61-9b46-d90dc3d004fc"}]}
2026-04-14 08:37:46.591 10 INFO neutron.api.wsgi [None req-882126cd-9587-49e6-bae1-7cc099f55435 05a77c6f8d524b96a3791a90e6ba1cc0 df59ee384ac74e6f80a382fcb066ffcd - - default default] 10.0.0.202 "DELETE /v2.0/networks/d23ec09a-61d3-4e5b-9dc5-486ad01d5f44 HTTP/1.1" status: 204 len: 168 time: 0.4040017
2026-04-14 08:37:46.597 10 INFO neutron.api.wsgi [req-9197d168-41fb-4c31-b101-cbdff02abd79 req-fa14d6e8-7135-412a-9d02-9bbcc9c87517 aa86403a62c646648cc4dad8d4aed6fc 1dc4b7bf006945539e55b6b1ab360b6a - - default default] 10.0.0.168 "GET /v2.0/ports?device_id=a90167c4-0b05-45f2-a52a-10b2b6da2132 HTTP/1.1" status: 200 len: 1172 time: 0.1113265 /var/lib/openstack/lib/python3.12/site-packages/pycadf/identifier.py:71: UserWarning: Invalid uuid: neutron. To ensure interoperability, identifiers should be a valid uuid. warnings.warn(('Invalid uuid: %s. To ensure interoperability, '
2026-04-14 08:37:46.644 10 INFO neutron.api.wsgi [req-9197d168-41fb-4c31-b101-cbdff02abd79 req-7fa286d4-2d05-4771-ab0f-50d68e160bc7 aa86403a62c646648cc4dad8d4aed6fc 1dc4b7bf006945539e55b6b1ab360b6a - - default default] 10.0.0.168 "GET /v2.0/security-groups?id=b48df7aa-5535-4dc8-b58d-3d3af16f241c&fields=id&fields=name HTTP/1.1" status: 200 len: 286 time: 0.0411975
2026-04-14 08:37:46.663 9 INFO neutron.db.ovn_revision_numbers_db [req-9d1fbfe9-7f62-45b1-ad61-7c9663b2cae6 req-1015a271-a6c3-4850-8abf-98b962a6a763 1d7b2d2c69ff40e8bd9cf43f5fd3632e bd3901792eca4d22b3eaa9bd9526ce90 - - 214d9bc4be274bc68d120ef41c8246ed 214d9bc4be274bc68d120ef41c8246ed] Successfully bumped revision number for resource 82785450-cbfe-4de3-b896-02f318db701f (type: ports) to 4
2026-04-14 08:37:46.688 9 INFO neutron.api.wsgi [req-9d1fbfe9-7f62-45b1-ad61-7c9663b2cae6 req-1015a271-a6c3-4850-8abf-98b962a6a763 1d7b2d2c69ff40e8bd9cf43f5fd3632e bd3901792eca4d22b3eaa9bd9526ce90 - - 214d9bc4be274bc68d120ef41c8246ed 214d9bc4be274bc68d120ef41c8246ed] 199.204.45.78 "PUT /v2.0/ports/82785450-cbfe-4de3-b896-02f318db701f HTTP/1.1" status: 200 len: 1408 time: 0.6376965
2026-04-14 08:37:46.692 10 INFO neutron.api.wsgi [None req-41830ec2-b5ba-4000-b9bb-a051b998e42a 2dc33df45b2a495bb518952a8ac0f786 6ab2bef16bef4f52b6b30cc4250f469b - - default default] 10.0.0.202 "DELETE /v2.0/security-groups/0ad81b88-3861-48d4-83e9-f60ccbb19acc HTTP/1.1" status: 204 len: 168 time: 0.2676971
2026-04-14 08:37:46.705 9 INFO neutron.api.wsgi [req-64b53fba-4b60-4393-b613-91dc413a7874 req-ea0c2107-82d2-44fd-bd74-2517e1456daa a45375881de54ab0ad983249befcb75f 960b0c9d3576427bb458239b5de5a256 - - default default] 10.0.0.168 "GET /v2.0/ports?device_id=113b51e9-984c-4bbd-a4e1-7e145b85d0f5 HTTP/1.1" status: 200 len: 210 time: 0.0134029
2026-04-14 08:37:46.717 9 INFO neutron.notifiers.nova [-] Nova event matching ['req-cccce49c-c691-4f94-83c7-e78aadf78768'] response: {'name': 'network-changed', 'server_uuid': 'a90167c4-0b05-45f2-a52a-10b2b6da2132', 'tag': '82785450-cbfe-4de3-b896-02f318db701f', 'status': 'completed', 'code': 200}
2026-04-14 08:37:46.914 9 INFO neutron.services.segments.plugin [-] Segment 129c7ee3-0eed-4b45-9be5-fe12bc2d196a resource provider aggregate not found
2026-04-14 08:37:46.918 9 INFO neutron.services.segments.plugin [-] Segment 129c7ee3-0eed-4b45-9be5-fe12bc2d196a resource provider aggregate not found
2026-04-14 08:37:46.936 9 INFO neutron.services.segments.plugin [-] Segment 129c7ee3-0eed-4b45-9be5-fe12bc2d196a resource provider not found; error: Placement Client Error (4xx): {"errors": [{"status": 404, "title": "Not Found", "detail": "The resource could not be found.\n\n No resource provider with uuid 129c7ee3-0eed-4b45-9be5-fe12bc2d196a found for delete ", "request_id": "req-ec04027d-aca0-4240-819b-74e06ff0e547"}]}
2026-04-14 08:37:46.941 9 INFO neutron.services.segments.plugin [-] Segment 129c7ee3-0eed-4b45-9be5-fe12bc2d196a resource provider not found; error: Placement Client Error (4xx): {"errors": [{"status": 404, "title": "Not Found", "detail": "The resource could not be found.\n\n No resource provider with uuid 129c7ee3-0eed-4b45-9be5-fe12bc2d196a found for delete ", "request_id": "req-b5ec974a-1309-4383-95fe-e09cf6ef4f56"}]}
2026-04-14 08:37:46.949 9 INFO neutron.api.wsgi [None req-ebe2490f-5bf7-405d-851e-c69eec81737d 05a77c6f8d524b96a3791a90e6ba1cc0 df59ee384ac74e6f80a382fcb066ffcd - - default default] 10.0.0.202 "DELETE /v2.0/networks/fb256dd5-2bc4-43ac-b602-4931412f7e90 HTTP/1.1" status: 204 len: 168 time: 0.3503773
2026-04-14 08:37:47.267 9 INFO neutron.api.wsgi [req-8ceeb907-fc7b-429b-a08f-0c36308cd660 req-52462978-85eb-4bc5-b8fd-de46bae444e1 1d7b2d2c69ff40e8bd9cf43f5fd3632e bd3901792eca4d22b3eaa9bd9526ce90 - - 214d9bc4be274bc68d120ef41c8246ed 214d9bc4be274bc68d120ef41c8246ed] 199.204.45.78 "GET /v2.0/ports?tenant_id=1dc4b7bf006945539e55b6b1ab360b6a&device_id=a90167c4-0b05-45f2-a52a-10b2b6da2132 HTTP/1.1" status: 200 len: 1411 time: 0.0447457
2026-04-14 08:37:47.272 9 INFO neutron.api.wsgi [None req-96565401-6c53-4381-ae6b-bb6d1ee60a41 05a77c6f8d524b96a3791a90e6ba1cc0 df59ee384ac74e6f80a382fcb066ffcd - - default default] 10.0.0.202 "DELETE /v2.0/networks/f8c19696-b003-4d1e-8c00-e7fd66157400 HTTP/1.1" status: 204 len: 168 time: 0.3177476
2026-04-14 08:37:47.310 9 INFO neutron.api.wsgi [req-8ceeb907-fc7b-429b-a08f-0c36308cd660 req-ef2963e7-2dc0-4df5-870e-18f64373fb6d 1d7b2d2c69ff40e8bd9cf43f5fd3632e bd3901792eca4d22b3eaa9bd9526ce90 - - 214d9bc4be274bc68d120ef41c8246ed 214d9bc4be274bc68d120ef41c8246ed] 199.204.45.78 "GET /v2.0/networks?tenant_id=1dc4b7bf006945539e55b6b1ab360b6a&shared=False HTTP/1.1" status: 200 len: 971 time: 0.0376694
2026-04-14 08:37:47.358 9 INFO neutron.api.wsgi [req-8ceeb907-fc7b-429b-a08f-0c36308cd660 req-f9ae2027-2c3f-4bcc-94b4-d65cc7bf29d8 1d7b2d2c69ff40e8bd9cf43f5fd3632e bd3901792eca4d22b3eaa9bd9526ce90 - - 214d9bc4be274bc68d120ef41c8246ed 214d9bc4be274bc68d120ef41c8246ed] 199.204.45.78 "GET /v2.0/networks?shared=True HTTP/1.1" status: 200 len: 952 time: 0.0434451
2026-04-14 08:37:47.612 10 INFO neutron.api.wsgi [None req-e221a39b-db4f-46ca-89eb-eb9da428c0a7 05a77c6f8d524b96a3791a90e6ba1cc0 df59ee384ac74e6f80a382fcb066ffcd - - default default] 10.0.0.202 "DELETE /v2.0/networks/81f88167-6f93-4ff6-ba1a-a6828e746048 HTTP/1.1" status: 204 len: 168 time: 0.3331184
2026-04-14 08:37:47.793 10 INFO neutron.api.wsgi [req-677e2cfe-f644-4a3c-a601-bea8d6a9e352 req-39126729-6950-4efc-862e-fc2e9ef7cf97 a45375881de54ab0ad983249befcb75f 960b0c9d3576427bb458239b5de5a256 - - default default] 10.0.0.168 "GET /v2.0/ports?device_id=113b51e9-984c-4bbd-a4e1-7e145b85d0f5 HTTP/1.1" status: 200 len: 210 time: 0.0160115
2026-04-14 08:37:47.809 9 INFO neutron.api.wsgi [req-8b8d99d4-206d-4810-8dc8-73ba36d49b4e req-94cb84ea-75cc-4ab9-951c-819f6a828c9d aa86403a62c646648cc4dad8d4aed6fc 1dc4b7bf006945539e55b6b1ab360b6a - - default default] 10.0.0.168 "GET /v2.0/ports?device_id=a90167c4-0b05-45f2-a52a-10b2b6da2132 HTTP/1.1" status: 200 len: 1172 time: 0.0999753
2026-04-14 08:37:47.846 9 INFO neutron.api.wsgi [req-8b8d99d4-206d-4810-8dc8-73ba36d49b4e req-144d0084-10c4-4422-82b9-30e14d4608b8 aa86403a62c646648cc4dad8d4aed6fc 1dc4b7bf006945539e55b6b1ab360b6a - - default default] 10.0.0.168 "GET /v2.0/security-groups?id=b48df7aa-5535-4dc8-b58d-3d3af16f241c&fields=id&fields=name HTTP/1.1" status: 200 len: 286 time: 0.0330641
2026-04-14 08:37:47.949 10 INFO neutron.api.wsgi [None req-6a972dab-007a-42df-b5f7-a99c95eb214d 05a77c6f8d524b96a3791a90e6ba1cc0 df59ee384ac74e6f80a382fcb066ffcd - - default default] 10.0.0.202 "DELETE /v2.0/networks/71e844b0-d713-4cc4-b0b5-8fbdf6a020ca HTTP/1.1" status: 204 len: 168 time: 0.3321264
2026-04-14 08:37:48.404 9 INFO neutron.api.wsgi [req-9d1fbfe9-7f62-45b1-ad61-7c9663b2cae6 req-03198209-362b-44d2-9f3b-5a4cf347e7d3 1d7b2d2c69ff40e8bd9cf43f5fd3632e bd3901792eca4d22b3eaa9bd9526ce90 - - 214d9bc4be274bc68d120ef41c8246ed 214d9bc4be274bc68d120ef41c8246ed] 199.204.45.78 "GET /v2.0/ports?tenant_id=1dc4b7bf006945539e55b6b1ab360b6a&device_id=a90167c4-0b05-45f2-a52a-10b2b6da2132 HTTP/1.1" status: 200 len: 1411 time: 0.0316317
2026-04-14 08:37:48.432 9 INFO neutron.api.wsgi [req-9d1fbfe9-7f62-45b1-ad61-7c9663b2cae6 req-71badd22-85b7-4105-8561-db4ed5218401 1d7b2d2c69ff40e8bd9cf43f5fd3632e bd3901792eca4d22b3eaa9bd9526ce90 - - 214d9bc4be274bc68d120ef41c8246ed 214d9bc4be274bc68d120ef41c8246ed] 199.204.45.78 "GET /v2.0/floatingips?fixed_ip_address=10.100.0.11&port_id=82785450-cbfe-4de3-b896-02f318db701f HTTP/1.1" status: 200 len: 217 time: 0.0219245
2026-04-14 08:37:48.464 9 INFO neutron.api.wsgi [req-9d1fbfe9-7f62-45b1-ad61-7c9663b2cae6 req-5d5d434e-f0ec-43b8-956c-5da310f2f912 1d7b2d2c69ff40e8bd9cf43f5fd3632e bd3901792eca4d22b3eaa9bd9526ce90 - - 214d9bc4be274bc68d120ef41c8246ed 214d9bc4be274bc68d120ef41c8246ed] 199.204.45.78 "GET /v2.0/subnets?id=dc345601-dcfa-4575-9367-55e7f1f064a1 HTTP/1.1" status: 200 len: 890 time: 0.0275354
2026-04-14 08:37:48.488 9 INFO neutron.api.wsgi [req-9d1fbfe9-7f62-45b1-ad61-7c9663b2cae6 req-7a298049-fa13-4827-ab2e-9689fc0b6440 1d7b2d2c69ff40e8bd9cf43f5fd3632e bd3901792eca4d22b3eaa9bd9526ce90 - - 214d9bc4be274bc68d120ef41c8246ed 214d9bc4be274bc68d120ef41c8246ed] 199.204.45.78 "GET /v2.0/ports?network_id=519522b1-e70e-4589-b7db-80bf187d7366&device_owner=network%3Adhcp HTTP/1.1" status: 200 len: 210 time: 0.0203190
2026-04-14 08:37:48.530 9 INFO neutron.api.wsgi [req-9d1fbfe9-7f62-45b1-ad61-7c9663b2cae6 req-b2eb5de3-6a4e-4d9c-a89d-444bdfbe90d1 1d7b2d2c69ff40e8bd9cf43f5fd3632e bd3901792eca4d22b3eaa9bd9526ce90 - - 214d9bc4be274bc68d120ef41c8246ed 214d9bc4be274bc68d120ef41c8246ed] 199.204.45.78 "GET /v2.0/networks/519522b1-e70e-4589-b7db-80bf187d7366?fields=segments HTTP/1.1" status: 200 len: 212 time: 0.0373552
2026-04-14 08:37:48.571 9 INFO neutron.api.wsgi [req-9d1fbfe9-7f62-45b1-ad61-7c9663b2cae6 req-f94558c3-d47d-43b6-ba6d-4c2488ed5e4d 1d7b2d2c69ff40e8bd9cf43f5fd3632e bd3901792eca4d22b3eaa9bd9526ce90 - - 214d9bc4be274bc68d120ef41c8246ed 214d9bc4be274bc68d120ef41c8246ed] 199.204.45.78 "GET /v2.0/networks/519522b1-e70e-4589-b7db-80bf187d7366?fields=provider%3Aphysical_network&fields=provider%3Anetwork_type HTTP/1.1" status: 200 len: 277 time: 0.0380197
2026-04-14 08:37:48.586 10 INFO neutron.services.segments.plugin [-] Segment 6b734cf6-93f3-47ea-b585-5c0a3a202f14 resource provider aggregate not found
2026-04-14 08:37:48.591 10 INFO neutron.services.segments.plugin [-] Segment 6b734cf6-93f3-47ea-b585-5c0a3a202f14 resource provider aggregate not found
2026-04-14 08:37:48.601 10 INFO neutron.services.segments.plugin [-] Segment 6b734cf6-93f3-47ea-b585-5c0a3a202f14 resource provider not found; error: Placement Client Error (4xx): {"errors": [{"status": 404, "title": "Not Found", "detail": "The resource could not be found.\n\n No resource provider with uuid 6b734cf6-93f3-47ea-b585-5c0a3a202f14 found for delete ", "request_id": "req-51000053-bf26-4c55-a1da-b4cde5a78b1d"}]}
2026-04-14 08:37:48.605 10 INFO neutron.services.segments.plugin [-] Segment 6b734cf6-93f3-47ea-b585-5c0a3a202f14 resource provider not found; error: Placement Client Error (4xx): {"errors": [{"status": 404, "title": "Not Found", "detail": "The resource could not be found.\n\n No resource provider with uuid 6b734cf6-93f3-47ea-b585-5c0a3a202f14 found for delete ", "request_id": "req-c22b368f-37ac-4b7f-a86c-123839b92aa3"}]}
2026-04-14 08:37:48.616 10 INFO neutron.services.segments.plugin [-] Segment c874d9f2-6a88-4e80-992f-4b9e3d61fec3 resource provider aggregate not found
2026-04-14 08:37:48.622 10 INFO neutron.services.segments.plugin [-] Segment c874d9f2-6a88-4e80-992f-4b9e3d61fec3 resource provider aggregate not found
2026-04-14 08:37:48.633 10 INFO neutron.services.segments.plugin [-] Segment c874d9f2-6a88-4e80-992f-4b9e3d61fec3 resource provider not found; error: Placement Client Error (4xx): {"errors": [{"status": 404, "title": "Not Found", "detail": "The resource could not be found.\n\n No resource provider with uuid c874d9f2-6a88-4e80-992f-4b9e3d61fec3 found for delete ", "request_id": "req-8182cf51-3e1a-48f3-b11b-49411d2493b5"}]}
2026-04-14 08:37:48.636 10 INFO neutron.services.segments.plugin [-] Segment c874d9f2-6a88-4e80-992f-4b9e3d61fec3 resource provider not found; error: Placement Client Error (4xx): {"errors": [{"status": 404, "title": "Not Found", "detail": "The resource could not be found.\n\n No resource provider with uuid c874d9f2-6a88-4e80-992f-4b9e3d61fec3 found for delete ", "request_id": "req-85dd229c-9336-4009-93dc-0651a1234a3e"}]}
2026-04-14 08:37:48.880 10 INFO neutron.api.wsgi [req-86bbc523-d7f0-4e4e-8f08-5bd2ba9614a7 req-3b404ae5-3a51-41a4-a1eb-bba57166a3aa a45375881de54ab0ad983249befcb75f 960b0c9d3576427bb458239b5de5a256 - - default default] 10.0.0.168 "GET /v2.0/ports?device_id=113b51e9-984c-4bbd-a4e1-7e145b85d0f5 HTTP/1.1" status: 200 len: 210 time: 0.0270765
2026-04-14 08:37:48.904 10 INFO neutron.api.wsgi [None req-5362983e-e26f-4a89-8679-b8ff1287690d 2dc33df45b2a495bb518952a8ac0f786 6ab2bef16bef4f52b6b30cc4250f469b - - default default] 10.0.0.202 "GET /v2.0/security-groups?tenant_id=df59ee384ac74e6f80a382fcb066ffcd&name=default HTTP/1.1" status: 200 len: 3120 time: 0.1993046
2026-04-14 08:37:48.951 9 INFO neutron.api.wsgi [req-13a63696-f9ef-4a61-aaa4-3545955ed61e req-ebba4f6d-3fc2-425b-891e-baa97d652097 aa86403a62c646648cc4dad8d4aed6fc 1dc4b7bf006945539e55b6b1ab360b6a - - default default] 10.0.0.168 "GET /v2.0/ports?device_id=a90167c4-0b05-45f2-a52a-10b2b6da2132 HTTP/1.1" status: 200 len: 1172 time: 0.0370619
2026-04-14 08:37:48.952 9 INFO neutron.services.segments.plugin [-] Segment ac326d01-6b34-410f-8c95-d4541c0a67ba resource provider aggregate not found
2026-04-14 08:37:48.960 9 INFO neutron.services.segments.plugin [-] Segment ac326d01-6b34-410f-8c95-d4541c0a67ba resource provider aggregate not found
2026-04-14 08:37:48.963 9 INFO neutron.services.segments.plugin [-] Segment ac326d01-6b34-410f-8c95-d4541c0a67ba resource provider not found; error: Placement Client Error (4xx): {"errors": [{"status": 404, "title": "Not Found", "detail": "The resource could not be found.\n\n No resource provider with uuid ac326d01-6b34-410f-8c95-d4541c0a67ba found for delete ", "request_id": "req-82cfa409-a265-4c48-b207-028c352dda2a"}]}
2026-04-14 08:37:48.973 9 INFO neutron.services.segments.plugin [-] Segment ac326d01-6b34-410f-8c95-d4541c0a67ba resource provider not found; error: Placement Client Error (4xx): {"errors": [{"status": 404, "title": "Not Found", "detail": "The resource could not be found.\n\n No resource provider with uuid ac326d01-6b34-410f-8c95-d4541c0a67ba found for delete ", "request_id": "req-839c6da1-f3a2-42fd-8a1a-fe17bde8e138"}]}
2026-04-14 08:37:48.987 9 INFO neutron.api.wsgi [req-13a63696-f9ef-4a61-aaa4-3545955ed61e req-4d09472d-5154-4871-8b33-3566007d64bc aa86403a62c646648cc4dad8d4aed6fc 1dc4b7bf006945539e55b6b1ab360b6a - - default default] 10.0.0.168 "GET /v2.0/security-groups?id=b48df7aa-5535-4dc8-b58d-3d3af16f241c&fields=id&fields=name HTTP/1.1" status: 200 len: 286 time: 0.0311816
2026-04-14 08:37:49.121 10 INFO neutron.api.wsgi [None req-9a9b015a-7947-43de-b2aa-b13fe566accb 2dc33df45b2a495bb518952a8ac0f786 6ab2bef16bef4f52b6b30cc4250f469b - - default default] 10.0.0.202 "DELETE /v2.0/security-groups/b1045d4e-81c6-4774-9d85-fd5464da70c4 HTTP/1.1" status: 204 len: 168 time: 0.2117929
2026-04-14 08:37:49.357 9 INFO neutron.db.ovn_revision_numbers_db [None req-c02dff65-588d-4a59-9abd-95a4e3aa10af 2dc33df45b2a495bb518952a8ac0f786 6ab2bef16bef4f52b6b30cc4250f469b - - default default] Successfully bumped revision number for resource bb3e57fc-a1fd-434e-b3ce-6e26887913cf (type: security_groups) to 1
2026-04-14 08:37:49.372 9 INFO neutron.db.ovn_revision_numbers_db [None req-c02dff65-588d-4a59-9abd-95a4e3aa10af 2dc33df45b2a495bb518952a8ac0f786 6ab2bef16bef4f52b6b30cc4250f469b - - default default] Successfully bumped revision number for resource 2b694974-330a-4dfc-a1fd-ba1b89c7b940 (type: security_group_rules) to 0
2026-04-14 08:37:49.387 9 INFO neutron.db.ovn_revision_numbers_db [None req-c02dff65-588d-4a59-9abd-95a4e3aa10af 2dc33df45b2a495bb518952a8ac0f786 6ab2bef16bef4f52b6b30cc4250f469b - - default default] Successfully bumped revision number for resource 8b0057b5-83f0-403a-8ca0-b518de402595 (type: security_group_rules) to 0
2026-04-14 08:37:49.403 9 INFO neutron.db.ovn_revision_numbers_db [None req-c02dff65-588d-4a59-9abd-95a4e3aa10af 2dc33df45b2a495bb518952a8ac0f786 6ab2bef16bef4f52b6b30cc4250f469b - - default default] Successfully bumped revision number for resource bea67df2-f7c8-4bc5-b0af-8a465ebb70dd (type: security_group_rules) to 0
2026-04-14 08:37:49.419 9 INFO neutron.db.ovn_revision_numbers_db [None req-c02dff65-588d-4a59-9abd-95a4e3aa10af 2dc33df45b2a495bb518952a8ac0f786 6ab2bef16bef4f52b6b30cc4250f469b - - default default] Successfully bumped revision number for resource e4f374d9-d59c-4e38-a74b-25830f40b967 (type: security_group_rules) to 0
2026-04-14 08:37:49.455 9 INFO neutron.api.wsgi [None req-c02dff65-588d-4a59-9abd-95a4e3aa10af 2dc33df45b2a495bb518952a8ac0f786 6ab2bef16bef4f52b6b30cc4250f469b - - default default] 10.0.0.202 "GET /v2.0/security-groups?tenant_id=0979309778e048b1a99ad3e4d70fefd0&name=default HTTP/1.1" status: 200 len: 3120 time: 0.2142484
