2026-04-14 08:34:47.437 10 INFO neutron.db.ovn_revision_numbers_db [None req-4c0aa2ab-ded3-4aa8-921e-4fe61b2c839a 21afaf73b50446619cf567d3ae7dbadc 14158813cc4e416d9ab2d485bec25c3f - - default default] Successfully bumped revision number for resource fc1bca1e-db48-4cfa-a58f-cb9696b9f41c (type: security_group_rules) to 0
2026-04-14 08:34:47.469 10 INFO neutron.api.wsgi [None req-4c0aa2ab-ded3-4aa8-921e-4fe61b2c839a 21afaf73b50446619cf567d3ae7dbadc 14158813cc4e416d9ab2d485bec25c3f - - default default] 10.0.0.202 "POST /v2.0/security-group-rules HTTP/1.1" status: 201 len: 796 time: 0.1961825
2026-04-14 08:34:47.478 10 WARNING neutron_lib.context [None req-d5f0e81d-0f9f-4102-ad4a-b301e9a519d8 21afaf73b50446619cf567d3ae7dbadc 14158813cc4e416d9ab2d485bec25c3f - - default default] Method 'is_advsvc' is deprecated since 2023.2 release (neutron-lib 3.8.0) and will be removed once support for the old RBAC API policies will be removed from Neutron. Please use method 'is_service_role' instead.
2026-04-14 08:34:47.486 9 INFO neutron.plugins.ml2.drivers.ovn.mech_driver.ovsdb.commands [None req-339869b4-bfd3-4374-b947-c9533579c09e - - - - - -] Schedule LRP lrp-2293f30e-e174-43fc-86d9-71bd60285560 on gateway 72e73ff6-9657-42a1-af8e-305994722c74 with priority 1
2026-04-14 08:34:47.513 10 INFO neutron.plugins.ml2.drivers.ovn.mech_driver.ovsdb.ovsdb_monitor [-] Router a429e281-daa4-45c8-8f63-61525931ff42 is bound to host instance
2026-04-14 08:34:47.551 9 INFO neutron.db.ovn_revision_numbers_db [None req-7eed177c-8b9e-4f76-a785-ab7f2e97e932 2dc33df45b2a495bb518952a8ac0f786 6ab2bef16bef4f52b6b30cc4250f469b - - default default] Successfully bumped revision number for resource 2293f30e-e174-43fc-86d9-71bd60285560 (type: router_ports) to 1
2026-04-14 08:34:47.621 9 INFO neutron.db.ovn_revision_numbers_db [None req-7eed177c-8b9e-4f76-a785-ab7f2e97e932 2dc33df45b2a495bb518952a8ac0f786 6ab2bef16bef4f52b6b30cc4250f469b - - default default] Successfully bumped revision number for resource a429e281-daa4-45c8-8f63-61525931ff42 (type: routers) to 2
2026-04-14 08:34:47.630 10 INFO neutron.api.wsgi [None req-c9d9d7e0-b9ff-4603-aa87-7b3cbc12720c d2261ed4365f466cb74afd8b845399a7 c5137b4d0b9d433aaa4be19b038df276 - - default default] 10.0.0.202 "POST /v2.0/floatingips HTTP/1.1" status: 201 len: 751 time: 0.5938549
2026-04-14 08:34:47.646 9 INFO neutron.api.wsgi [None req-7eed177c-8b9e-4f76-a785-ab7f2e97e932 2dc33df45b2a495bb518952a8ac0f786 6ab2bef16bef4f52b6b30cc4250f469b - - default default] 10.0.0.202 "POST /v2.0/routers HTTP/1.1" status: 201 len: 1168 time: 2.0040042
2026-04-14 08:34:47.662 10 INFO neutron.db.ovn_revision_numbers_db [None req-d5f0e81d-0f9f-4102-ad4a-b301e9a519d8 21afaf73b50446619cf567d3ae7dbadc 14158813cc4e416d9ab2d485bec25c3f - - default default] Successfully bumped revision number for resource f08ce729-d436-4e42-aea9-64263131cfd0 (type: security_group_rules) to 0
2026-04-14 08:34:47.691 10 INFO neutron.api.wsgi [None req-d5f0e81d-0f9f-4102-ad4a-b301e9a519d8 21afaf73b50446619cf567d3ae7dbadc 14158813cc4e416d9ab2d485bec25c3f - - default default] 10.0.0.202 "POST /v2.0/security-group-rules HTTP/1.1" status: 201 len: 801 time: 0.2162125
2026-04-14 08:34:47.697 9 INFO neutron.api.wsgi [req-e5c594ce-bb5c-41eb-8554-20923417f4df req-29a54594-b156-4c62-9ddf-2e90a1120bc3 b3a68224f767493da47c53af3fe89b1c 1bf670db860e428db953b18c15acf4fd - - default default] 10.0.0.168 "GET /v2.0/security-groups/bd846c8e-c784-46da-bb27-5ccb9d57e6da HTTP/1.1" status: 200 len: 1885 time: 0.0943005
2026-04-14 08:34:47.701 10 WARNING neutron_lib.context [None req-c59de85f-e594-44be-8422-8ff898026b73 21afaf73b50446619cf567d3ae7dbadc 14158813cc4e416d9ab2d485bec25c3f - - default default] Method 'is_advsvc' is deprecated since 2023.2 release (neutron-lib 3.8.0) and will be removed once support for the old RBAC API policies will be removed from Neutron. Please use method 'is_service_role' instead.
2026-04-14 08:34:47.732 9 WARNING neutron_lib.context [req-e5c594ce-bb5c-41eb-8554-20923417f4df req-13ae63bf-59c6-4033-8e28-ae7266323eab b3a68224f767493da47c53af3fe89b1c 1bf670db860e428db953b18c15acf4fd - - default default] Method 'is_advsvc' is deprecated since 2023.2 release (neutron-lib 3.8.0) and will be removed once support for the old RBAC API policies will be removed from Neutron. Please use method 'is_service_role' instead.
2026-04-14 08:34:47.760 9 INFO neutron.db.ovn_revision_numbers_db [None req-0cae181a-9e02-4c89-a64c-c7f4861ee71d - - - - - -] Successfully bumped revision number for resource 5a783237-52ac-4286-909d-0eaf2766a9d6 (type: ports) to 4
2026-04-14 08:34:47.925 9 INFO neutron.db.ovn_revision_numbers_db [req-e5c594ce-bb5c-41eb-8554-20923417f4df req-13ae63bf-59c6-4033-8e28-ae7266323eab b3a68224f767493da47c53af3fe89b1c 1bf670db860e428db953b18c15acf4fd - - default default] Successfully bumped revision number for resource 994c8512-3db6-48ca-b1d3-b546f53922b7 (type: security_group_rules) to 0
2026-04-14 08:34:47.984 9 INFO neutron.api.wsgi [req-e5c594ce-bb5c-41eb-8554-20923417f4df req-13ae63bf-59c6-4033-8e28-ae7266323eab b3a68224f767493da47c53af3fe89b1c 1bf670db860e428db953b18c15acf4fd - - default default] 10.0.0.168 "POST /v2.0/security-group-rules HTTP/1.1" status: 201 len: 818 time: 0.2774031
2026-04-14 08:34:48.017 10 WARNING neutron.scheduler.dhcp_agent_scheduler [None req-c59de85f-e594-44be-8422-8ff898026b73 21afaf73b50446619cf567d3ae7dbadc 14158813cc4e416d9ab2d485bec25c3f - - default default] No more DHCP agents
2026-04-14 08:34:48.019 10 WARNING neutron.api.rpc.agentnotifiers.dhcp_rpc_agent_api [None req-c59de85f-e594-44be-8422-8ff898026b73 21afaf73b50446619cf567d3ae7dbadc 14158813cc4e416d9ab2d485bec25c3f - - default default] Unable to schedule network 4cede13b-f46d-47bd-bf30-693124558b9c: no agents available; will retry on subsequent port and subnet creation events.
2026-04-14 08:34:48.020 9 WARNING neutron_lib.context [req-140ce03b-e376-463d-920a-a3ed31e76fa6 req-87572453-34e8-4f3e-95c5-99d8b8393a64 b3a68224f767493da47c53af3fe89b1c 1bf670db860e428db953b18c15acf4fd - - default default] Method 'is_advsvc' is deprecated since 2023.2 release (neutron-lib 3.8.0) and will be removed once support for the old RBAC API policies will be removed from Neutron. Please use method 'is_service_role' instead.
2026-04-14 08:34:48.053 10 INFO neutron.db.ovn_revision_numbers_db [None req-a4555a21-c6f7-4156-89da-15226cd22db3 - - - - - -] Successfully bumped revision number for resource 2293f30e-e174-43fc-86d9-71bd60285560 (type: ports) to 1
2026-04-14 08:34:48.086 10 INFO neutron.api.wsgi [req-b299c431-54ff-4b8d-a52c-59aed3536a5f req-842021f2-09d7-45ff-bb55-eedcf16d4fee d2261ed4365f466cb74afd8b845399a7 c5137b4d0b9d433aaa4be19b038df276 - - default default] 10.0.0.168 "GET /v2.0/security-groups?name=tempest-securitygroup--200431587&fields=id&tenant_id=c5137b4d0b9d433aaa4be19b038df276 HTTP/1.1" status: 200 len: 267 time: 0.0515687
2026-04-14 08:34:48.176 10 INFO neutron.api.wsgi [req-b299c431-54ff-4b8d-a52c-59aed3536a5f req-c4056715-4f7a-422c-b9db-8252e7e7f920 d2261ed4365f466cb74afd8b845399a7 c5137b4d0b9d433aaa4be19b038df276 - - default default] 10.0.0.168 "GET /v2.0/networks?id=116bafd3-aa79-48ba-9c42-3e0af87b4b92 HTTP/1.1" status: 200 len: 883 time: 0.0819492
2026-04-14 08:34:48.204 10 INFO neutron.api.wsgi [req-b299c431-54ff-4b8d-a52c-59aed3536a5f req-a68a7733-af5e-4682-a53a-1860b0716bef d2261ed4365f466cb74afd8b845399a7 c5137b4d0b9d433aaa4be19b038df276 - - default default] 10.0.0.168 "GET /v2.0/quotas/c5137b4d0b9d433aaa4be19b038df276 HTTP/1.1" status: 200 len: 491 time: 0.0186589
2026-04-14 08:34:48.277 9 INFO neutron.db.ovn_revision_numbers_db [None req-0cae181a-9e02-4c89-a64c-c7f4861ee71d - - - - - -] Successfully bumped revision number for resource 5a783237-52ac-4286-909d-0eaf2766a9d6 (type: ports) to 5
2026-04-14 08:34:48.298 9 INFO neutron.db.ovn_revision_numbers_db [req-140ce03b-e376-463d-920a-a3ed31e76fa6 req-87572453-34e8-4f3e-95c5-99d8b8393a64 b3a68224f767493da47c53af3fe89b1c 1bf670db860e428db953b18c15acf4fd - - default default] Successfully bumped revision number for resource a7e19985-e2ae-420d-8be8-dc177cf975c9 (type: security_groups) to 1
2026-04-14 08:34:48.323 9 INFO neutron.db.ovn_revision_numbers_db [req-140ce03b-e376-463d-920a-a3ed31e76fa6 req-87572453-34e8-4f3e-95c5-99d8b8393a64 b3a68224f767493da47c53af3fe89b1c 1bf670db860e428db953b18c15acf4fd - - default default] Successfully bumped revision number for resource 25c57c2c-7905-44aa-9fd2-d567bc8487c0 (type: security_group_rules) to 0
2026-04-14 08:34:48.341 9 INFO neutron.db.ovn_revision_numbers_db [req-140ce03b-e376-463d-920a-a3ed31e76fa6 req-87572453-34e8-4f3e-95c5-99d8b8393a64 b3a68224f767493da47c53af3fe89b1c 1bf670db860e428db953b18c15acf4fd - - default default] Successfully bumped revision number for resource aa33dc58-13a9-4b3b-8433-994fb3712a66 (type: security_group_rules) to 0
2026-04-14 08:34:48.346 9 WARNING neutron.scheduler.dhcp_agent_scheduler [None req-0c1baaf9-1644-49e5-ab08-e8395c5707de 2dc33df45b2a495bb518952a8ac0f786 6ab2bef16bef4f52b6b30cc4250f469b - - default default] No more DHCP agents
2026-04-14 08:34:48.349 9 WARNING neutron.api.rpc.agentnotifiers.dhcp_rpc_agent_api [None req-0c1baaf9-1644-49e5-ab08-e8395c5707de 2dc33df45b2a495bb518952a8ac0f786 6ab2bef16bef4f52b6b30cc4250f469b - - default default] Unable to schedule network ba1b6c4b-f357-4937-b6ad-41fb9ad6cf76: no agents available; will retry on subsequent port and subnet creation events.
2026-04-14 08:34:48.379 9 INFO neutron.api.wsgi [req-140ce03b-e376-463d-920a-a3ed31e76fa6 req-87572453-34e8-4f3e-95c5-99d8b8393a64 b3a68224f767493da47c53af3fe89b1c 1bf670db860e428db953b18c15acf4fd - - default default] 10.0.0.168 "POST /v2.0/security-groups HTTP/1.1" status: 201 len: 1888 time: 0.3641562
2026-04-14 08:34:48.432 9 INFO neutron.api.wsgi [req-ffe59b6d-b49e-4177-a549-8cd963000b23 req-ab87f78d-5df5-4901-ba01-7d359ab9454f b3a68224f767493da47c53af3fe89b1c 1bf670db860e428db953b18c15acf4fd - - default default] 10.0.0.168 "GET /v2.0/security-groups/a7e19985-e2ae-420d-8be8-dc177cf975c9 HTTP/1.1" status: 200 len: 1883 time: 0.0292978
2026-04-14 08:34:48.448 9 WARNING neutron_lib.context [req-ffe59b6d-b49e-4177-a549-8cd963000b23 req-ba8f3412-00ff-45a1-b7ef-6ef9e25171a8 b3a68224f767493da47c53af3fe89b1c 1bf670db860e428db953b18c15acf4fd - - default default] Method 'is_advsvc' is deprecated since 2023.2 release (neutron-lib 3.8.0) and will be removed once support for the old RBAC API policies will be removed from Neutron. Please use method 'is_service_role' instead.
2026-04-14 08:34:48.482 9 INFO neutron.db.ovn_revision_numbers_db [None req-0c1baaf9-1644-49e5-ab08-e8395c5707de 2dc33df45b2a495bb518952a8ac0f786 6ab2bef16bef4f52b6b30cc4250f469b - - default default] Successfully bumped revision number for resource 139f5afc-eeae-46d3-896d-517be0f63ef7 (type: ports) to 1
2026-04-14 08:34:48.542 10 INFO neutron.plugins.ml2.drivers.ovn.mech_driver.mech_driver [None req-4e95f0e3-370d-4541-bf05-3e186cdd94ed - - - - - -] OVN reports status up for port: 61623dc0-7660-4b12-877d-0075b0e6f94c
2026-04-14 08:34:48.562 10 INFO neutron.plugins.ml2.plugin [None req-4e95f0e3-370d-4541-bf05-3e186cdd94ed - - - - - -] Attempt 1 to provision port 61623dc0-7660-4b12-877d-0075b0e6f94c
2026-04-14 08:34:48.602 10 INFO neutron.api.wsgi [req-b299c431-54ff-4b8d-a52c-59aed3536a5f req-5349c316-1ed6-40d8-abe8-492ca7288751 d2261ed4365f466cb74afd8b845399a7 c5137b4d0b9d433aaa4be19b038df276 - - default default] 10.0.0.168 "GET /v2.0/ports?tenant_id=c5137b4d0b9d433aaa4be19b038df276&fields=id HTTP/1.1" status: 200 len: 302 time: 0.3922868
2026-04-14 08:34:48.614 9 INFO neutron.db.ovn_revision_numbers_db [req-ffe59b6d-b49e-4177-a549-8cd963000b23 req-ba8f3412-00ff-45a1-b7ef-6ef9e25171a8 b3a68224f767493da47c53af3fe89b1c 1bf670db860e428db953b18c15acf4fd - - default default] Successfully bumped revision number for resource 67ab05b4-ca0e-4960-a827-a8d5759e1fd7 (type: security_group_rules) to 0
2026-04-14 08:34:48.649 9 INFO neutron.api.wsgi [req-ffe59b6d-b49e-4177-a549-8cd963000b23 req-ba8f3412-00ff-45a1-b7ef-6ef9e25171a8 b3a68224f767493da47c53af3fe89b1c 1bf670db860e428db953b18c15acf4fd - - default default] 10.0.0.168 "POST /v2.0/security-group-rules HTTP/1.1" status: 201 len: 818 time: 0.2058651
2026-04-14 08:34:48.691 10 INFO neutron.api.wsgi [None req-c59de85f-e594-44be-8422-8ff898026b73 21afaf73b50446619cf567d3ae7dbadc 14158813cc4e416d9ab2d485bec25c3f - - default default] 10.0.0.202 "POST /v2.0/floatingips HTTP/1.1" status: 201 len: 751 time: 0.9940176
2026-04-14 08:34:48.708 9 INFO neutron.api.wsgi [req-56308ad5-de27-49ca-bf5a-f7a8c601db60 req-584334b6-9f59-40d6-b7b2-4d5a486ce55b b3a68224f767493da47c53af3fe89b1c 1bf670db860e428db953b18c15acf4fd - - default default] 10.0.0.168 "GET /v2.0/security-groups/a7e19985-e2ae-420d-8be8-dc177cf975c9 HTTP/1.1" status: 200 len: 2508 time: 0.0336630
2026-04-14 08:34:48.720 9 WARNING neutron_lib.context [req-56308ad5-de27-49ca-bf5a-f7a8c601db60 req-a83ef527-81c7-4f74-b3b0-093709fcfe77 b3a68224f767493da47c53af3fe89b1c 1bf670db860e428db953b18c15acf4fd - - default default] Method 'is_advsvc' is deprecated since 2023.2 release (neutron-lib 3.8.0) and will be removed once support for the old RBAC API policies will be removed from Neutron. Please use method 'is_service_role' instead.
2026-04-14 08:34:48.789 10 INFO neutron.db.ovn_revision_numbers_db [None req-a4555a21-c6f7-4156-89da-15226cd22db3 - - - - - -] Successfully bumped revision number for resource 2293f30e-e174-43fc-86d9-71bd60285560 (type: ports) to 4
2026-04-14 08:34:48.892 9 INFO neutron.db.ovn_revision_numbers_db [req-56308ad5-de27-49ca-bf5a-f7a8c601db60 req-a83ef527-81c7-4f74-b3b0-093709fcfe77 b3a68224f767493da47c53af3fe89b1c 1bf670db860e428db953b18c15acf4fd - - default default] Successfully bumped revision number for resource e5f740b1-1eb4-4be9-8aa2-6270961f5ce5 (type: security_group_rules) to 0
2026-04-14 08:34:48.935 9 INFO neutron.api.wsgi [req-56308ad5-de27-49ca-bf5a-f7a8c601db60 req-a83ef527-81c7-4f74-b3b0-093709fcfe77 b3a68224f767493da47c53af3fe89b1c 1bf670db860e428db953b18c15acf4fd - - default default] 10.0.0.168 "POST /v2.0/security-group-rules HTTP/1.1" status: 201 len: 823 time: 0.2203226
2026-04-14 08:34:48.988 9 INFO neutron.api.wsgi [req-2a3c22cf-68dd-4a3c-a70d-628273b8185f req-670d7a63-1586-4a32-b5e2-4d807bc41067 b3a68224f767493da47c53af3fe89b1c 1bf670db860e428db953b18c15acf4fd - - default default] 10.0.0.168 "GET /v2.0/security-groups/a7e19985-e2ae-420d-8be8-dc177cf975c9 HTTP/1.1" status: 200 len: 3138 time: 0.0296474
2026-04-14 08:34:48.994 10 INFO neutron.api.wsgi [req-b299c431-54ff-4b8d-a52c-59aed3536a5f req-9f55c420-094e-49b3-bff7-2a8c7c0d6997 1d7b2d2c69ff40e8bd9cf43f5fd3632e bd3901792eca4d22b3eaa9bd9526ce90 - - 214d9bc4be274bc68d120ef41c8246ed 214d9bc4be274bc68d120ef41c8246ed] 10.0.0.168 "GET /v2.0/extensions HTTP/1.1" status: 200 len: 19298 time: 0.0400016
2026-04-14 08:34:49.009 10 INFO neutron.db.ovn_revision_numbers_db [None req-4e95f0e3-370d-4541-bf05-3e186cdd94ed - - - - - -] Successfully bumped revision number for resource 61623dc0-7660-4b12-877d-0075b0e6f94c (type: ports) to 2
2026-04-14 08:34:49.033 9 INFO neutron.api.wsgi [req-bb446361-35c7-4aaf-b687-71d9a3eba985 req-dc51b1f8-8028-42ee-bdb4-1f4e33c146d9 b3a68224f767493da47c53af3fe89b1c 1bf670db860e428db953b18c15acf4fd - - default default] 10.0.0.168 "GET /v2.0/security-group-rules/e5f740b1-1eb4-4be9-8aa2-6270961f5ce5 HTTP/1.1" status: 200 len: 815 time: 0.0187573
2026-04-14 08:34:49.069 10 INFO neutron.api.wsgi [req-b299c431-54ff-4b8d-a52c-59aed3536a5f req-745d6fce-c284-48da-bdba-6f3f202dd4c2 1d7b2d2c69ff40e8bd9cf43f5fd3632e bd3901792eca4d22b3eaa9bd9526ce90 - - 214d9bc4be274bc68d120ef41c8246ed 214d9bc4be274bc68d120ef41c8246ed] 10.0.0.168 "GET /v2.0/networks/116bafd3-aa79-48ba-9c42-3e0af87b4b92?fields=segments HTTP/1.1" status: 200 len: 212 time: 0.0680850
2026-04-14 08:34:49.069 9 INFO neutron.api.wsgi [req-bb446361-35c7-4aaf-b687-71d9a3eba985 req-0a80afb2-3ae1-44d7-a86b-f62713ffe28b b3a68224f767493da47c53af3fe89b1c 1bf670db860e428db953b18c15acf4fd - - default default] 10.0.0.168 "GET /v2.0/security-groups/a7e19985-e2ae-420d-8be8-dc177cf975c9 HTTP/1.1" status: 200 len: 3138 time: 0.0304499
2026-04-14 08:34:49.107 9 INFO neutron.db.ovn_revision_numbers_db [None req-0c1baaf9-1644-49e5-ab08-e8395c5707de 2dc33df45b2a495bb518952a8ac0f786 6ab2bef16bef4f52b6b30cc4250f469b - - default default] Successfully bumped revision number for resource 139f5afc-eeae-46d3-896d-517be0f63ef7 (type: ports) to 1
2026-04-14 08:34:49.135 10 INFO neutron.api.wsgi [req-b299c431-54ff-4b8d-a52c-59aed3536a5f req-97a3f72f-e651-45d1-88e7-db95cde436db 1d7b2d2c69ff40e8bd9cf43f5fd3632e bd3901792eca4d22b3eaa9bd9526ce90 - - 214d9bc4be274bc68d120ef41c8246ed 214d9bc4be274bc68d120ef41c8246ed] 10.0.0.168 "GET /v2.0/networks/116bafd3-aa79-48ba-9c42-3e0af87b4b92?fields=provider%3Aphysical_network&fields=provider%3Anetwork_type HTTP/1.1" status: 200 len: 277 time: 0.0543859
2026-04-14 08:34:49.170 9 WARNING neutron.scheduler.dhcp_agent_scheduler [None req-0c1baaf9-1644-49e5-ab08-e8395c5707de 2dc33df45b2a495bb518952a8ac0f786 6ab2bef16bef4f52b6b30cc4250f469b - - default default] No more DHCP agents
2026-04-14 08:34:49.170 9 WARNING neutron.api.rpc.agentnotifiers.dhcp_rpc_agent_api [None req-0c1baaf9-1644-49e5-ab08-e8395c5707de 2dc33df45b2a495bb518952a8ac0f786 6ab2bef16bef4f52b6b30cc4250f469b - - default default] Unable to schedule network ba1b6c4b-f357-4937-b6ad-41fb9ad6cf76: no agents available; will retry on subsequent port and subnet creation events.
2026-04-14 08:34:49.179 10 INFO neutron.db.ovn_revision_numbers_db [None req-a4555a21-c6f7-4156-89da-15226cd22db3 - - - - - -] Successfully bumped revision number for resource 2293f30e-e174-43fc-86d9-71bd60285560 (type: ports) to 5
2026-04-14 08:34:49.227 9 INFO neutron.api.wsgi [req-bb446361-35c7-4aaf-b687-71d9a3eba985 req-d10858c5-78e4-40b1-a380-444a01a3f22f b3a68224f767493da47c53af3fe89b1c 1bf670db860e428db953b18c15acf4fd - - default default] 10.0.0.168 "DELETE /v2.0/security-group-rules/e5f740b1-1eb4-4be9-8aa2-6270961f5ce5 HTTP/1.1" status: 204 len: 173 time: 0.1510732
2026-04-14 08:34:49.271 9 INFO neutron.api.wsgi [req-6df0dc89-3caa-47b5-a2e0-f1d578aea8ea req-c14d5479-5387-499f-8f8e-fea9a23d4c89 b3a68224f767493da47c53af3fe89b1c 1bf670db860e428db953b18c15acf4fd - - default default] 10.0.0.168 "GET /v2.0/security-groups/a7e19985-e2ae-420d-8be8-dc177cf975c9 HTTP/1.1" status: 200 len: 2508 time: 0.0259070
2026-04-14 08:34:49.350 10 INFO neutron.api.wsgi [req-ef0dfd41-4100-4597-a80e-f06495dc4052 req-c615b769-4001-48ac-b7f9-45f971c38d6b d2261ed4365f466cb74afd8b845399a7 c5137b4d0b9d433aaa4be19b038df276 - - default default] 10.0.0.168 "GET /v2.0/ports?device_id=d10f5e69-2cb1-4f15-92bf-4a8f574de286 HTTP/1.1" status: 200 len: 210 time: 0.0381389
2026-04-14 08:34:49.412 9 INFO neutron.api.wsgi [req-6df0dc89-3caa-47b5-a2e0-f1d578aea8ea req-de8ca90c-5f18-469d-90a0-858ae0453e19 b3a68224f767493da47c53af3fe89b1c 1bf670db860e428db953b18c15acf4fd - - default default] 10.0.0.168 "DELETE /v2.0/security-groups/a7e19985-e2ae-420d-8be8-dc177cf975c9 HTTP/1.1" status: 204 len: 173 time: 0.1362481
2026-04-14 08:34:49.457 10 INFO neutron.api.wsgi [req-f18451ca-8281-463a-9fcf-c2e8b8fe871f req-e0dbbc4e-b7a6-4fbc-828f-2274fda7b45f b3a68224f767493da47c53af3fe89b1c 1bf670db860e428db953b18c15acf4fd - - default default] 10.0.0.168 "GET /v2.0/security-groups/bd846c8e-c784-46da-bb27-5ccb9d57e6da HTTP/1.1" status: 200 len: 2510 time: 0.0252612
2026-04-14 08:34:49.586 10 INFO neutron.api.wsgi [req-f18451ca-8281-463a-9fcf-c2e8b8fe871f req-c134aae2-4a6e-4767-9892-83dfc62bdf5f b3a68224f767493da47c53af3fe89b1c 1bf670db860e428db953b18c15acf4fd - - default default] 10.0.0.168 "DELETE /v2.0/security-groups/bd846c8e-c784-46da-bb27-5ccb9d57e6da HTTP/1.1" status: 204 len: 173 time: 0.1237233
2026-04-14 08:34:49.902 9 INFO neutron.db.ovn_revision_numbers_db [None req-0c1baaf9-1644-49e5-ab08-e8395c5707de 2dc33df45b2a495bb518952a8ac0f786 6ab2bef16bef4f52b6b30cc4250f469b - - default default] Successfully bumped revision number for resource 139f5afc-eeae-46d3-896d-517be0f63ef7 (type: router_ports) to 1
2026-04-14 08:34:49.907 9 INFO neutron.api.wsgi [None req-0c1baaf9-1644-49e5-ab08-e8395c5707de 2dc33df45b2a495bb518952a8ac0f786 6ab2bef16bef4f52b6b30cc4250f469b - - default default] 10.0.0.202 "PUT /v2.0/routers/a429e281-daa4-45c8-8f63-61525931ff42/add_router_interface HTTP/1.1" status: 200 len: 503 time: 2.2537973
2026-04-14 08:34:50.360 9 WARNING neutron_lib.context [None req-3ebf3215-f22e-4e57-bbfc-3e65d6bce761 5429734d8d44497f9a746d5ba726942a 08f77063cf2746318b7dbe13f8a22310 - - default default] Method 'is_advsvc' is deprecated since 2023.2 release (neutron-lib 3.8.0) and will be removed once support for the old RBAC API policies will be removed from Neutron. Please use method 'is_service_role' instead.
2026-04-14 08:34:50.476 9 INFO neutron.db.ovn_revision_numbers_db [None req-3ebf3215-f22e-4e57-bbfc-3e65d6bce761 5429734d8d44497f9a746d5ba726942a 08f77063cf2746318b7dbe13f8a22310 - - default default] Successfully bumped revision number for resource 0e6b629c-4a7e-4f05-ae7d-8f994aaaa63f (type: security_groups) to 1
2026-04-14 08:34:50.478 10 INFO neutron.api.wsgi [req-29e6a47f-0e42-4458-9207-60e0d9b99001 req-0d54e72a-a6e0-4e50-999b-28005b75f927 d2261ed4365f466cb74afd8b845399a7 c5137b4d0b9d433aaa4be19b038df276 - - default default] 10.0.0.168 "GET /v2.0/ports?device_id=d10f5e69-2cb1-4f15-92bf-4a8f574de286 HTTP/1.1" status: 200 len: 210 time: 0.0187004
2026-04-14 08:34:50.488 9 INFO neutron.db.ovn_revision_numbers_db [None req-3ebf3215-f22e-4e57-bbfc-3e65d6bce761 5429734d8d44497f9a746d5ba726942a 08f77063cf2746318b7dbe13f8a22310 - - default default] Successfully bumped revision number for resource 6c4cf795-1e02-4bcd-b867-68ccdd5ebc00 (type: security_group_rules) to 0
2026-04-14 08:34:50.499 9 INFO neutron.db.ovn_revision_numbers_db [None req-3ebf3215-f22e-4e57-bbfc-3e65d6bce761 5429734d8d44497f9a746d5ba726942a 08f77063cf2746318b7dbe13f8a22310 - - default default] Successfully bumped revision number for resource 856b2ce4-3920-473f-b8cc-d89c45648233 (type: security_group_rules) to 0
2026-04-14 08:34:50.528 9 INFO neutron.api.wsgi [None req-3ebf3215-f22e-4e57-bbfc-3e65d6bce761 5429734d8d44497f9a746d5ba726942a 08f77063cf2746318b7dbe13f8a22310 - - default default] 10.0.0.202 "POST /v2.0/security-groups HTTP/1.1" status: 201 len: 1860 time: 0.1749392
2026-04-14 08:34:50.537 9 WARNING neutron_lib.context [None req-eb1ed4af-d816-4566-8bcb-beefbbc8cadf 5429734d8d44497f9a746d5ba726942a 08f77063cf2746318b7dbe13f8a22310 - - default default] Method 'is_advsvc' is deprecated since 2023.2 release (neutron-lib 3.8.0) and will be removed once support for the old RBAC API policies will be removed from Neutron. Please use method 'is_service_role' instead.
2026-04-14 08:34:50.685 9 INFO neutron.db.ovn_revision_numbers_db [None req-eb1ed4af-d816-4566-8bcb-beefbbc8cadf 5429734d8d44497f9a746d5ba726942a 08f77063cf2746318b7dbe13f8a22310 - - default default] Successfully bumped revision number for resource 696127af-cbb7-46fd-bdf3-ce080f954f8f (type: security_group_rules) to 0
2026-04-14 08:34:50.716 9 INFO neutron.api.wsgi [None req-eb1ed4af-d816-4566-8bcb-beefbbc8cadf 5429734d8d44497f9a746d5ba726942a 08f77063cf2746318b7dbe13f8a22310 - - default default] 10.0.0.202 "POST /v2.0/security-group-rules HTTP/1.1" status: 201 len: 796 time: 0.1821463
2026-04-14 08:34:50.725 10 WARNING neutron_lib.context [None req-97469b24-bf00-4d21-b08c-43d19818e1de 5429734d8d44497f9a746d5ba726942a 08f77063cf2746318b7dbe13f8a22310 - - default default] Method 'is_advsvc' is deprecated since 2023.2 release (neutron-lib 3.8.0) and will be removed once support for the old RBAC API policies will be removed from Neutron. Please use method 'is_service_role' instead.
2026-04-14 08:34:50.882 10 INFO neutron.db.ovn_revision_numbers_db [None req-97469b24-bf00-4d21-b08c-43d19818e1de 5429734d8d44497f9a746d5ba726942a 08f77063cf2746318b7dbe13f8a22310 - - default default] Successfully bumped revision number for resource 8ebd8238-fbb9-4fee-918e-1177acecf955 (type: security_group_rules) to 0
2026-04-14 08:34:50.917 10 INFO neutron.api.wsgi [None req-97469b24-bf00-4d21-b08c-43d19818e1de 5429734d8d44497f9a746d5ba726942a 08f77063cf2746318b7dbe13f8a22310 - - default default] 10.0.0.202 "POST /v2.0/security-group-rules HTTP/1.1" status: 201 len: 801 time: 0.1964417
2026-04-14 08:34:50.927 10 WARNING neutron_lib.context [None req-ffbf8956-562c-439e-832a-e95a6de2c3a7 5429734d8d44497f9a746d5ba726942a 08f77063cf2746318b7dbe13f8a22310 - - default default] Method 'is_advsvc' is deprecated since 2023.2 release (neutron-lib 3.8.0) and will be removed once support for the old RBAC API policies will be removed from Neutron. Please use method 'is_service_role' instead.
2026-04-14 08:34:50.986 10 INFO neutron.api.wsgi [None req-f403d2a9-17d7-4c76-8073-42bc4867da2b 2dc33df45b2a495bb518952a8ac0f786 6ab2bef16bef4f52b6b30cc4250f469b - - default default] 10.0.0.202 "PUT /v2.0/routers/268dd04c-9174-4463-b729-08dd13cae4e7/remove_router_interface HTTP/1.1" status: 200 len: 503 time: 1.3905034
2026-04-14 08:34:51.173 10 WARNING neutron.scheduler.dhcp_agent_scheduler [None req-ffbf8956-562c-439e-832a-e95a6de2c3a7 5429734d8d44497f9a746d5ba726942a 08f77063cf2746318b7dbe13f8a22310 - - default default] No more DHCP agents
2026-04-14 08:34:51.174 10 WARNING neutron.api.rpc.agentnotifiers.dhcp_rpc_agent_api [None req-ffbf8956-562c-439e-832a-e95a6de2c3a7 5429734d8d44497f9a746d5ba726942a 08f77063cf2746318b7dbe13f8a22310 - - default default] Unable to schedule network 4cede13b-f46d-47bd-bf30-693124558b9c: no agents available; will retry on subsequent port and subnet creation events.
2026-04-14 08:34:51.375 10 INFO neutron.api.wsgi [None req-ffbf8956-562c-439e-832a-e95a6de2c3a7 5429734d8d44497f9a746d5ba726942a 08f77063cf2746318b7dbe13f8a22310 - - default default] 10.0.0.202 "POST /v2.0/floatingips HTTP/1.1" status: 201 len: 751 time: 0.4536145
2026-04-14 08:34:51.643 9 INFO neutron.api.wsgi [req-783f7e63-1694-4a11-9251-9956d9d333fe req-7ba68c94-3297-40c4-8cd2-3b1373d75868 d2261ed4365f466cb74afd8b845399a7 c5137b4d0b9d433aaa4be19b038df276 - - default default] 10.0.0.168 "GET /v2.0/ports?device_id=d10f5e69-2cb1-4f15-92bf-4a8f574de286 HTTP/1.1" status: 200 len: 210 time: 0.0345759
2026-04-14 08:34:51.693 9 INFO neutron.api.wsgi [None req-fd206e48-c0a8-4509-9693-ee63619cd44d 2dc33df45b2a495bb518952a8ac0f786 6ab2bef16bef4f52b6b30cc4250f469b - - default default] 10.0.0.202 "DELETE /v2.0/routers/268dd04c-9174-4463-b729-08dd13cae4e7 HTTP/1.1" status: 204 len: 168 time: 0.6980076 /var/lib/openstack/lib/python3.12/site-packages/pycadf/identifier.py:71: UserWarning: Invalid uuid: neutron. To ensure interoperability, identifiers should be a valid uuid. warnings.warn(('Invalid uuid: %s. To ensure interoperability, '
2026-04-14 08:34:51.768 10 INFO neutron.api.wsgi [req-82e5c153-06ac-4355-accb-6570b3ae314a req-2d5e7a93-b00d-484f-95a0-1b9d1b80a7f1 5429734d8d44497f9a746d5ba726942a 08f77063cf2746318b7dbe13f8a22310 - - default default] 10.0.0.168 "GET /v2.0/security-groups?name=tempest-securitygroup--1533562350&fields=id&tenant_id=08f77063cf2746318b7dbe13f8a22310 HTTP/1.1" status: 200 len: 267 time: 0.0352643
2026-04-14 08:34:51.814 10 INFO neutron.api.wsgi [req-82e5c153-06ac-4355-accb-6570b3ae314a req-b33d81c6-6ce1-4de9-ac57-f1dd7ddfff84 5429734d8d44497f9a746d5ba726942a 08f77063cf2746318b7dbe13f8a22310 - - default default] 10.0.0.168 "GET /v2.0/networks?id=ba1b6c4b-f357-4937-b6ad-41fb9ad6cf76 HTTP/1.1" status: 200 len: 875 time: 0.0399451
2026-04-14 08:34:51.836 10 INFO neutron.api.wsgi [req-82e5c153-06ac-4355-accb-6570b3ae314a req-c9f0c146-a949-4858-bc97-1598f44000ac 5429734d8d44497f9a746d5ba726942a 08f77063cf2746318b7dbe13f8a22310 - - default default] 10.0.0.168 "GET /v2.0/quotas/08f77063cf2746318b7dbe13f8a22310 HTTP/1.1" status: 200 len: 491 time: 0.0145087
2026-04-14 08:34:51.912 10 INFO neutron.api.wsgi [req-82e5c153-06ac-4355-accb-6570b3ae314a req-a6b7e095-1c66-460a-93d7-637825c5d9be 5429734d8d44497f9a746d5ba726942a 08f77063cf2746318b7dbe13f8a22310 - - default default] 10.0.0.168 "GET /v2.0/ports?tenant_id=08f77063cf2746318b7dbe13f8a22310&fields=id HTTP/1.1" status: 200 len: 302 time: 0.0697773
2026-04-14 08:34:51.964 10 INFO neutron.api.wsgi [req-82e5c153-06ac-4355-accb-6570b3ae314a req-e3048bfa-5061-4597-80c2-ec22eede081f 1d7b2d2c69ff40e8bd9cf43f5fd3632e bd3901792eca4d22b3eaa9bd9526ce90 - - 214d9bc4be274bc68d120ef41c8246ed 214d9bc4be274bc68d120ef41c8246ed] 10.0.0.168 "GET /v2.0/networks/ba1b6c4b-f357-4937-b6ad-41fb9ad6cf76?fields=segments HTTP/1.1" status: 200 len: 212 time: 0.0402057
2026-04-14 08:34:52.000 10 INFO neutron.api.wsgi [req-82e5c153-06ac-4355-accb-6570b3ae314a req-4abe98fb-bcb7-4562-bd2d-f1fe3a9ef0f8 1d7b2d2c69ff40e8bd9cf43f5fd3632e bd3901792eca4d22b3eaa9bd9526ce90 - - 214d9bc4be274bc68d120ef41c8246ed 214d9bc4be274bc68d120ef41c8246ed] 10.0.0.168 "GET /v2.0/networks/ba1b6c4b-f357-4937-b6ad-41fb9ad6cf76?fields=provider%3Aphysical_network&fields=provider%3Anetwork_type HTTP/1.1" status: 200 len: 277 time: 0.0322978
2026-04-14 08:34:52.046 9 WARNING neutron.plugins.ml2.drivers.ovn.mech_driver.ovsdb.ovn_client [None req-cbb2e94a-abe9-47dd-98ca-32151065cfe6 - - - - - -] No hosting information found for port edc3a4e2-92b5-48f7-b664-082be7677a8b: RuntimeError: No hosting information found for port edc3a4e2-92b5-48f7-b664-082be7677a8b
2026-04-14 08:34:52.047 9 INFO neutron.plugins.ml2.drivers.ovn.mech_driver.mech_driver [None req-cbb2e94a-abe9-47dd-98ca-32151065cfe6 - - - - - -] OVN reports status up for port: 4607d79e-5457-41f5-96bb-1de4bac11bcd
2026-04-14 08:34:52.109 9 INFO neutron.api.wsgi [None req-850629e4-690a-45ee-a6f9-65531aec1258 2dc33df45b2a495bb518952a8ac0f786 6ab2bef16bef4f52b6b30cc4250f469b - - default default] 10.0.0.202 "DELETE /v2.0/subnets/00c92e4f-1d66-452f-a508-45904bba2c41 HTTP/1.1" status: 204 len: 168 time: 0.4110374
2026-04-14 08:34:52.125 9 INFO neutron.api.wsgi [req-fb814cbc-c458-4160-877b-405f3e98e1d6 req-d887c8b5-d360-4ddc-8331-9fbe93e6ab9f 5429734d8d44497f9a746d5ba726942a 08f77063cf2746318b7dbe13f8a22310 - - default default] 10.0.0.168 "GET /v2.0/ports?device_id=6ffadffa-be0c-4a4a-b4eb-f04de5884258 HTTP/1.1" status: 200 len: 210 time: 0.0204821
2026-04-14 08:34:52.148 9 INFO neutron.db.ovn_revision_numbers_db [None req-cbb2e94a-abe9-47dd-98ca-32151065cfe6 - - - - - -] Successfully bumped revision number for resource edc3a4e2-92b5-48f7-b664-082be7677a8b (type: router_ports) to 2
2026-04-14 08:34:52.195 9 INFO neutron.plugins.ml2.drivers.ovn.mech_driver.mech_driver [None req-cbb2e94a-abe9-47dd-98ca-32151065cfe6 - - - - - -] OVN reports status up for port: 2293f30e-e174-43fc-86d9-71bd60285560
2026-04-14 08:34:52.205 9 INFO neutron.plugins.ml2.plugin [None req-cbb2e94a-abe9-47dd-98ca-32151065cfe6 - - - - - -] Attempt 1 to provision port 2293f30e-e174-43fc-86d9-71bd60285560
2026-04-14 08:34:52.475 9 INFO neutron.api.wsgi [None req-e6b0b012-5b20-462a-9968-81ee271c0286 2dc33df45b2a495bb518952a8ac0f786 6ab2bef16bef4f52b6b30cc4250f469b - - default default] 10.0.0.202 "DELETE /v2.0/networks/ad4bb81c-1faa-45d2-bda6-3ff8e30070ab HTTP/1.1" status: 204 len: 168 time: 0.3612123
2026-04-14 08:34:52.683 10 INFO neutron.api.wsgi [None req-e52adef2-8b2a-421b-b621-6e46c06cf6a1 2dc33df45b2a495bb518952a8ac0f786 6ab2bef16bef4f52b6b30cc4250f469b - - default default] 10.0.0.202 "GET /v2.0/security-groups?tenant_id=1bf670db860e428db953b18c15acf4fd&name=default HTTP/1.1" status: 200 len: 3116 time: 0.0527782
2026-04-14 08:34:52.727 10 INFO neutron.api.wsgi [req-741c2b6c-4248-4ae5-a46b-9c125948dec1 req-21ab1a64-f772-45b9-8ea7-a4b2e4d61170 d2261ed4365f466cb74afd8b845399a7 c5137b4d0b9d433aaa4be19b038df276 - - default default] 10.0.0.168 "GET /v2.0/ports?device_id=d10f5e69-2cb1-4f15-92bf-4a8f574de286 HTTP/1.1" status: 200 len: 210 time: 0.0192902
2026-04-14 08:34:52.903 10 INFO neutron.api.wsgi [None req-18211537-608f-44db-8942-7f6e0f864e13 2dc33df45b2a495bb518952a8ac0f786 6ab2bef16bef4f52b6b30cc4250f469b - - default default] 10.0.0.202 "DELETE /v2.0/security-groups/ee47ebc8-b8f3-4e16-8e5c-c51b12eedcb0 HTTP/1.1" status: 204 len: 168 time: 0.2132683
2026-04-14 08:34:52.918 9 INFO neutron.services.segments.plugin [-] Segment bdfdfcf1-9a89-45aa-8aca-792bbe42c439 resource provider aggregate not found
2026-04-14 08:34:52.930 9 INFO neutron.services.segments.plugin [-] Segment bdfdfcf1-9a89-45aa-8aca-792bbe42c439 resource provider not found; error: Placement Client Error (4xx): {"errors": [{"status": 404, "title": "Not Found", "detail": "The resource could not be found.\n\n No resource provider with uuid bdfdfcf1-9a89-45aa-8aca-792bbe42c439 found for delete ", "request_id": "req-213b38d6-5846-4f0c-bc10-e789e637c7a8"}]}
2026-04-14 08:34:52.953 9 INFO neutron.services.segments.plugin [-] Segment bdfdfcf1-9a89-45aa-8aca-792bbe42c439 resource provider aggregate not found
2026-04-14 08:34:52.970 9 INFO neutron.services.segments.plugin [-] Segment bdfdfcf1-9a89-45aa-8aca-792bbe42c439 resource provider not found; error: Placement Client Error (4xx): {"errors": [{"status": 404, "title": "Not Found", "detail": "The resource could not be found.\n\n No resource provider with uuid bdfdfcf1-9a89-45aa-8aca-792bbe42c439 found for delete ", "request_id": "req-9eea282c-514b-4b08-8a07-2bb7fc11c5da"}]}
2026-04-14 08:34:53.204 9 INFO neutron.api.wsgi [req-36000f97-4155-4d2c-b7af-331fead7bdf8 req-c1aaa892-7e91-4b01-976e-b520f3232c48 5429734d8d44497f9a746d5ba726942a 08f77063cf2746318b7dbe13f8a22310 - - default default] 10.0.0.168 "GET /v2.0/ports?device_id=6ffadffa-be0c-4a4a-b4eb-f04de5884258 HTTP/1.1" status: 200 len: 210 time: 0.0137446
2026-04-14 08:34:53.421 10 INFO neutron.api.wsgi [req-6ffe81c2-3c50-490b-8303-ff5104a6bace req-b7774d92-7a5f-412a-8ee9-46a4e155fa06 21afaf73b50446619cf567d3ae7dbadc 14158813cc4e416d9ab2d485bec25c3f - - default default] 10.0.0.168 "GET /v2.0/security-groups?name=tempest-securitygroup--545658096&fields=id&tenant_id=14158813cc4e416d9ab2d485bec25c3f HTTP/1.1" status: 200 len: 267 time: 0.0374243
2026-04-14 08:34:53.466 10 INFO neutron.api.wsgi [req-6ffe81c2-3c50-490b-8303-ff5104a6bace req-5fc402cb-e816-48f1-9cec-8837ef33e7bc 21afaf73b50446619cf567d3ae7dbadc 14158813cc4e416d9ab2d485bec25c3f - - default default] 10.0.0.168 "GET /v2.0/networks?id=761f3509-f1a0-4e30-bb90-85816dc2da07 HTTP/1.1" status: 200 len: 879 time: 0.0380926
2026-04-14 08:34:53.484 10 INFO neutron.api.wsgi [req-6ffe81c2-3c50-490b-8303-ff5104a6bace req-cbec613f-965e-4911-bc17-4a73de39f2ad 21afaf73b50446619cf567d3ae7dbadc 14158813cc4e416d9ab2d485bec25c3f - - default default] 10.0.0.168 "GET /v2.0/quotas/14158813cc4e416d9ab2d485bec25c3f HTTP/1.1" status: 200 len: 491 time: 0.0110626
2026-04-14 08:34:53.579 10 INFO neutron.api.wsgi [req-6ffe81c2-3c50-490b-8303-ff5104a6bace req-fb1c8e29-1834-4977-99f4-0517350335ed 21afaf73b50446619cf567d3ae7dbadc 14158813cc4e416d9ab2d485bec25c3f - - default default] 10.0.0.168 "GET /v2.0/ports?tenant_id=14158813cc4e416d9ab2d485bec25c3f&fields=id HTTP/1.1" status: 200 len: 302 time: 0.0877681
2026-04-14 08:34:53.638 10 INFO neutron.api.wsgi [req-6ffe81c2-3c50-490b-8303-ff5104a6bace req-120bcefd-6baf-4625-8749-cf7f83c2c113 1d7b2d2c69ff40e8bd9cf43f5fd3632e bd3901792eca4d22b3eaa9bd9526ce90 - - 214d9bc4be274bc68d120ef41c8246ed 214d9bc4be274bc68d120ef41c8246ed] 10.0.0.168 "GET /v2.0/networks/761f3509-f1a0-4e30-bb90-85816dc2da07?fields=segments HTTP/1.1" status: 200 len: 212 time: 0.0440364
2026-04-14 08:34:53.705 10 INFO neutron.api.wsgi [req-6ffe81c2-3c50-490b-8303-ff5104a6bace req-47768b16-0657-4605-9d47-3ccd9d0b7f37 1d7b2d2c69ff40e8bd9cf43f5fd3632e bd3901792eca4d22b3eaa9bd9526ce90 - - 214d9bc4be274bc68d120ef41c8246ed 214d9bc4be274bc68d120ef41c8246ed] 10.0.0.168 "GET /v2.0/networks/761f3509-f1a0-4e30-bb90-85816dc2da07?fields=provider%3Aphysical_network&fields=provider%3Anetwork_type HTTP/1.1" status: 200 len: 277 time: 0.0596857
2026-04-14 08:34:53.816 9 INFO neutron.api.wsgi [req-1890fcbe-ed5d-4c3b-90d2-a50b29353bbc req-a9e8b3bf-3cc1-4ead-942d-41164e783334 d2261ed4365f466cb74afd8b845399a7 c5137b4d0b9d433aaa4be19b038df276 - - default default] 10.0.0.168 "GET /v2.0/ports?device_id=d10f5e69-2cb1-4f15-92bf-4a8f574de286 HTTP/1.1" status: 200 len: 210 time: 0.0228264
2026-04-14 08:34:53.989 9 INFO neutron.api.wsgi [req-136e9459-bf53-4b23-875b-7de0a5388c1f req-f7067e35-3919-490c-b882-9caab8aa11b0 21afaf73b50446619cf567d3ae7dbadc 14158813cc4e416d9ab2d485bec25c3f - - default default] 10.0.0.168 "GET /v2.0/ports?device_id=91d10d4f-f2bc-4d15-b2b1-fa91701bbaa9 HTTP/1.1" status: 200 len: 210 time: 0.0290282
2026-04-14 08:34:54.287 10 INFO neutron.api.wsgi [req-a3ef60e4-f820-4a34-80ac-08af4acb0cea req-a233f863-b776-4b03-97b6-9b6b8e92f85a 5429734d8d44497f9a746d5ba726942a 08f77063cf2746318b7dbe13f8a22310 - - default default] 10.0.0.168 "GET /v2.0/ports?device_id=6ffadffa-be0c-4a4a-b4eb-f04de5884258 HTTP/1.1" status: 200 len: 210 time: 0.0212471
2026-04-14 08:34:54.399 9 INFO neutron.api.wsgi [req-b299c431-54ff-4b8d-a52c-59aed3536a5f req-99a2b3e2-1691-42df-89aa-32e1a2f2e744 d2261ed4365f466cb74afd8b845399a7 c5137b4d0b9d433aaa4be19b038df276 - - default default] 199.204.45.78 "GET /v2.0/networks?id=116bafd3-aa79-48ba-9c42-3e0af87b4b92 HTTP/1.1" status: 200 len: 883 time: 0.2304046
2026-04-14 08:34:54.462 9 INFO neutron.api.wsgi [req-b299c431-54ff-4b8d-a52c-59aed3536a5f req-13d15964-28f5-4563-b608-4d46c7df8638 d2261ed4365f466cb74afd8b845399a7 c5137b4d0b9d433aaa4be19b038df276 - - default default] 199.204.45.78 "GET /v2.0/security-groups?fields=id&fields=name&tenant_id=c5137b4d0b9d433aaa4be19b038df276 HTTP/1.1" status: 200 len: 379 time: 0.0463564
2026-04-14 08:34:54.471 9 WARNING neutron_lib.context [req-b299c431-54ff-4b8d-a52c-59aed3536a5f req-c0fc330a-c658-432a-8cdc-f668bf57b892 d2261ed4365f466cb74afd8b845399a7 c5137b4d0b9d433aaa4be19b038df276 - - default default] Method 'is_advsvc' is deprecated since 2023.2 release (neutron-lib 3.8.0) and will be removed once support for the old RBAC API policies will be removed from Neutron. Please use method 'is_service_role' instead.
2026-04-14 08:34:54.749 10 WARNING neutron.plugins.ml2.drivers.ovn.mech_driver.ovsdb.ovn_client [None req-aec17778-57d2-48c1-9748-28e93b4afb70 - - - - - -] No hosting information found for port 61623dc0-7660-4b12-877d-0075b0e6f94c: RuntimeError: No hosting information found for port 61623dc0-7660-4b12-877d-0075b0e6f94c
2026-04-14 08:34:54.803 9 WARNING neutron.scheduler.dhcp_agent_scheduler [req-b299c431-54ff-4b8d-a52c-59aed3536a5f req-c0fc330a-c658-432a-8cdc-f668bf57b892 d2261ed4365f466cb74afd8b845399a7 c5137b4d0b9d433aaa4be19b038df276 - - default default] No more DHCP agents
2026-04-14 08:34:54.805 9 WARNING neutron.api.rpc.agentnotifiers.dhcp_rpc_agent_api [req-b299c431-54ff-4b8d-a52c-59aed3536a5f req-c0fc330a-c658-432a-8cdc-f668bf57b892 d2261ed4365f466cb74afd8b845399a7 c5137b4d0b9d433aaa4be19b038df276 - - default default] Unable to schedule network 116bafd3-aa79-48ba-9c42-3e0af87b4b92: no agents available; will retry on subsequent port and subnet creation events.
2026-04-14 08:34:54.863 10 INFO neutron.db.ovn_revision_numbers_db [None req-aec17778-57d2-48c1-9748-28e93b4afb70 - - - - - -] Successfully bumped revision number for resource 61623dc0-7660-4b12-877d-0075b0e6f94c (type: router_ports) to 2
2026-04-14 08:34:54.946 9 INFO neutron.db.ovn_revision_numbers_db [req-b299c431-54ff-4b8d-a52c-59aed3536a5f req-c0fc330a-c658-432a-8cdc-f668bf57b892 d2261ed4365f466cb74afd8b845399a7 c5137b4d0b9d433aaa4be19b038df276 - - default default] Successfully bumped revision number for resource e69b2fe1-4316-4f9f-a4fb-a1f68c5210da (type: ports) to 1
2026-04-14 08:34:54.955 10 INFO neutron.plugins.ml2.drivers.ovn.mech_driver.mech_driver [None req-aec17778-57d2-48c1-9748-28e93b4afb70 - - - - - -] OVN reports status up for port: 139f5afc-eeae-46d3-896d-517be0f63ef7
2026-04-14 08:34:54.969 10 INFO neutron.plugins.ml2.plugin [None req-aec17778-57d2-48c1-9748-28e93b4afb70 - - - - - -] Attempt 1 to provision port 139f5afc-eeae-46d3-896d-517be0f63ef7
2026-04-14 08:34:54.969 9 INFO neutron.api.wsgi [req-b299c431-54ff-4b8d-a52c-59aed3536a5f req-c0fc330a-c658-432a-8cdc-f668bf57b892 d2261ed4365f466cb74afd8b845399a7 c5137b4d0b9d433aaa4be19b038df276 - - default default] 199.204.45.78 "POST /v2.0/ports HTTP/1.1" status: 201 len: 1158 time: 0.5023122 /var/lib/openstack/lib/python3.12/site-packages/pycadf/identifier.py:71: UserWarning: Invalid uuid: neutron. To ensure interoperability, identifiers should be a valid uuid. warnings.warn(('Invalid uuid: %s. To ensure interoperability, '
2026-04-14 08:34:54.993 10 INFO neutron.db.ovn_revision_numbers_db [None req-0ba5a0da-10ca-431f-8478-3a7cdcec0295 2dc33df45b2a495bb518952a8ac0f786 6ab2bef16bef4f52b6b30cc4250f469b - - default default] Successfully bumped revision number for resource 43b8f536-e28c-4351-97a7-6c4deabb1b5f (type: security_groups) to 1
2026-04-14 08:34:54.994 9 INFO neutron.api.wsgi [req-b299c431-54ff-4b8d-a52c-59aed3536a5f req-30defb79-2891-4ebd-a7d2-70dd15af4bba d2261ed4365f466cb74afd8b845399a7 c5137b4d0b9d433aaa4be19b038df276 - - default default] 199.204.45.78 "GET /v2.0/extensions HTTP/1.1" status: 200 len: 19298 time: 0.0122945
2026-04-14 08:34:54.999 10 INFO neutron.api.wsgi [req-94eef715-da76-4b90-861c-14032b0a1b07 req-a49a773f-c136-4bae-911a-fecc4e3fcc28 d2261ed4365f466cb74afd8b845399a7 c5137b4d0b9d433aaa4be19b038df276 - - default default] 10.0.0.168 "GET /v2.0/ports?device_id=d10f5e69-2cb1-4f15-92bf-4a8f574de286 HTTP/1.1" status: 200 len: 1156 time: 0.1227064
2026-04-14 08:34:55.021 10 INFO neutron.db.ovn_revision_numbers_db [None req-0ba5a0da-10ca-431f-8478-3a7cdcec0295 2dc33df45b2a495bb518952a8ac0f786 6ab2bef16bef4f52b6b30cc4250f469b - - default default] Successfully bumped revision number for resource 10c0f0be-d36c-4d79-b0fb-cfdeb66c17c3 (type: security_group_rules) to 0
2026-04-14 08:34:55.046 10 INFO neutron.db.ovn_revision_numbers_db [None req-0ba5a0da-10ca-431f-8478-3a7cdcec0295 2dc33df45b2a495bb518952a8ac0f786 6ab2bef16bef4f52b6b30cc4250f469b - - default default] Successfully bumped revision number for resource 40aa73ed-51e1-4b3f-ac65-83c5ce0fbd65 (type: security_group_rules) to 0
2026-04-14 08:34:55.051 10 INFO neutron.api.wsgi [req-94eef715-da76-4b90-861c-14032b0a1b07 req-dc42fe8d-3531-45f8-b4c4-6bc643862d7c d2261ed4365f466cb74afd8b845399a7 c5137b4d0b9d433aaa4be19b038df276 - - default default] 10.0.0.168 "GET /v2.0/security-groups?id=ff5c4130-aa5c-4367-af16-8a4c13e33dc1&fields=id&fields=name HTTP/1.1" status: 200 len: 312 time: 0.0441613
2026-04-14 08:34:55.065 10 INFO neutron.db.ovn_revision_numbers_db [None req-0ba5a0da-10ca-431f-8478-3a7cdcec0295 2dc33df45b2a495bb518952a8ac0f786 6ab2bef16bef4f52b6b30cc4250f469b - - default default] Successfully bumped revision number for resource d2ed15a9-5d31-44d1-ab13-df9da9aa9cda (type: security_group_rules) to 0
2026-04-14 08:34:55.072 9 INFO neutron.api.wsgi [req-2f43b29a-d72e-40e5-bf3e-608e3ddd7b8b req-74c0a17f-45d0-4e9f-8df2-77cad69767f8 21afaf73b50446619cf567d3ae7dbadc 14158813cc4e416d9ab2d485bec25c3f - - default default] 10.0.0.168 "GET /v2.0/ports?device_id=91d10d4f-f2bc-4d15-b2b1-fa91701bbaa9 HTTP/1.1" status: 200 len: 210 time: 0.0175619
2026-04-14 08:34:55.080 10 INFO neutron.db.ovn_revision_numbers_db [None req-0ba5a0da-10ca-431f-8478-3a7cdcec0295 2dc33df45b2a495bb518952a8ac0f786 6ab2bef16bef4f52b6b30cc4250f469b - - default default] Successfully bumped revision number for resource e4d2c9e9-e1dc-4aa0-900e-55dbf6149938 (type: security_group_rules) to 0
2026-04-14 08:34:55.167 10 INFO neutron.db.segments_db [None req-0ba5a0da-10ca-431f-8478-3a7cdcec0295 2dc33df45b2a495bb518952a8ac0f786 6ab2bef16bef4f52b6b30cc4250f469b - - default default] Added segment 25cae945-5c4d-43e9-9a70-0eaf9f0e4a88 of type geneve for network 44e7dae5-7888-4674-85c5-eabcd9beb87d
2026-04-14 08:34:55.296 10 INFO neutron.db.ovn_revision_numbers_db [None req-0ba5a0da-10ca-431f-8478-3a7cdcec0295 2dc33df45b2a495bb518952a8ac0f786 6ab2bef16bef4f52b6b30cc4250f469b - - default default] Successfully bumped revision number for resource 44e7dae5-7888-4674-85c5-eabcd9beb87d (type: networks) to 1
2026-04-14 08:34:55.378 10 INFO neutron.api.wsgi [req-730d748b-d04d-4cdf-bbae-ce23176ff333 req-e34e2e05-9664-462f-8cd2-137959e38a17 5429734d8d44497f9a746d5ba726942a 08f77063cf2746318b7dbe13f8a22310 - - default default] 10.0.0.168 "GET /v2.0/ports?device_id=6ffadffa-be0c-4a4a-b4eb-f04de5884258 HTTP/1.1" status: 200 len: 210 time: 0.0180829
2026-04-14 08:34:55.418 10 INFO neutron.db.ovn_revision_numbers_db [None req-aec17778-57d2-48c1-9748-28e93b4afb70 - - - - - -] Successfully bumped revision number for resource 139f5afc-eeae-46d3-896d-517be0f63ef7 (type: ports) to 2
2026-04-14 08:34:55.463 10 WARNING neutron.scheduler.dhcp_agent_scheduler [None req-0ba5a0da-10ca-431f-8478-3a7cdcec0295 2dc33df45b2a495bb518952a8ac0f786 6ab2bef16bef4f52b6b30cc4250f469b - - default default] No more DHCP agents
2026-04-14 08:34:55.464 10 WARNING neutron.api.rpc.agentnotifiers.dhcp_rpc_agent_api [None req-0ba5a0da-10ca-431f-8478-3a7cdcec0295 2dc33df45b2a495bb518952a8ac0f786 6ab2bef16bef4f52b6b30cc4250f469b - - default default] Unable to schedule network 44e7dae5-7888-4674-85c5-eabcd9beb87d: no agents available; will retry on subsequent port and subnet creation events.
2026-04-14 08:34:55.518 10 INFO neutron.db.ovn_revision_numbers_db [None req-0ba5a0da-10ca-431f-8478-3a7cdcec0295 2dc33df45b2a495bb518952a8ac0f786 6ab2bef16bef4f52b6b30cc4250f469b - - default default] Successfully bumped revision number for resource 24ba8352-dbda-401e-bf5a-3fa3e447249e (type: ports) to 1
2026-04-14 08:34:55.536 10 INFO neutron.api.wsgi [None req-0ba5a0da-10ca-431f-8478-3a7cdcec0295 2dc33df45b2a495bb518952a8ac0f786 6ab2bef16bef4f52b6b30cc4250f469b - - default default] 10.0.0.202 "POST /v2.0/networks HTTP/1.1" status: 201 len: 947 time: 0.8506074
2026-04-14 08:34:55.667 10 WARNING neutron.scheduler.dhcp_agent_scheduler [None req-352148c2-dbef-40e9-bd4c-4745b9245db5 2dc33df45b2a495bb518952a8ac0f786 6ab2bef16bef4f52b6b30cc4250f469b - - default default] No more DHCP agents
2026-04-14 08:34:55.668 10 WARNING neutron.api.rpc.agentnotifiers.dhcp_rpc_agent_api [None req-352148c2-dbef-40e9-bd4c-4745b9245db5 2dc33df45b2a495bb518952a8ac0f786 6ab2bef16bef4f52b6b30cc4250f469b - - default default] Unable to schedule network 44e7dae5-7888-4674-85c5-eabcd9beb87d: no agents available; will retry on subsequent port and subnet creation events.
2026-04-14 08:34:55.749 9 INFO neutron.db.ovn_revision_numbers_db [req-b299c431-54ff-4b8d-a52c-59aed3536a5f req-5ea05486-50fd-437c-8046-65090c91c442 1d7b2d2c69ff40e8bd9cf43f5fd3632e bd3901792eca4d22b3eaa9bd9526ce90 - - 214d9bc4be274bc68d120ef41c8246ed 214d9bc4be274bc68d120ef41c8246ed] Successfully bumped revision number for resource e69b2fe1-4316-4f9f-a4fb-a1f68c5210da (type: ports) to 2
2026-04-14 08:34:56.007 9 INFO neutron.db.ovn_revision_numbers_db [req-b299c431-54ff-4b8d-a52c-59aed3536a5f req-5ea05486-50fd-437c-8046-65090c91c442 1d7b2d2c69ff40e8bd9cf43f5fd3632e bd3901792eca4d22b3eaa9bd9526ce90 - - 214d9bc4be274bc68d120ef41c8246ed 214d9bc4be274bc68d120ef41c8246ed] Successfully bumped revision number for resource e69b2fe1-4316-4f9f-a4fb-a1f68c5210da (type: ports) to 4
2026-04-14 08:34:56.026 9 INFO neutron.api.wsgi [req-b299c431-54ff-4b8d-a52c-59aed3536a5f req-5ea05486-50fd-437c-8046-65090c91c442 1d7b2d2c69ff40e8bd9cf43f5fd3632e bd3901792eca4d22b3eaa9bd9526ce90 - - 214d9bc4be274bc68d120ef41c8246ed 214d9bc4be274bc68d120ef41c8246ed] 199.204.45.78 "PUT /v2.0/ports/e69b2fe1-4316-4f9f-a4fb-a1f68c5210da HTTP/1.1" status: 200 len: 1404 time: 0.7144001
2026-04-14 08:34:56.033 10 INFO neutron.db.ovn_revision_numbers_db [None req-6bd8cae7-138a-4b9d-81b0-f9cd70fc124b - - - - - -] Successfully bumped revision number for resource 24ba8352-dbda-401e-bf5a-3fa3e447249e (type: ports) to 2
2026-04-14 08:34:56.061 10 INFO neutron.db.ovn_revision_numbers_db [None req-6bd8cae7-138a-4b9d-81b0-f9cd70fc124b - - - - - -] Successfully bumped revision number for resource 307bd2da-1f70-43b2-a515-d33e70b76ff6 (type: subnets) to 0
2026-04-14 08:34:56.080 10 INFO neutron.api.wsgi [None req-352148c2-dbef-40e9-bd4c-4745b9245db5 2dc33df45b2a495bb518952a8ac0f786 6ab2bef16bef4f52b6b30cc4250f469b - - default default] 10.0.0.202 "POST /v2.0/subnets HTTP/1.1" status: 201 len: 891 time: 0.5401564 /var/lib/openstack/lib/python3.12/site-packages/pycadf/identifier.py:71: UserWarning: Invalid uuid: neutron. To ensure interoperability, identifiers should be a valid uuid. warnings.warn(('Invalid uuid: %s. To ensure interoperability, '
2026-04-14 08:34:56.166 10 INFO neutron.api.wsgi [req-4b50bcd5-a8ae-4635-9f0f-d0510ec57eac req-c2d40de7-3f2a-4dd2-81aa-efe2d488c4b0 21afaf73b50446619cf567d3ae7dbadc 14158813cc4e416d9ab2d485bec25c3f - - default default] 10.0.0.168 "GET /v2.0/ports?device_id=91d10d4f-f2bc-4d15-b2b1-fa91701bbaa9 HTTP/1.1" status: 200 len: 210 time: 0.0185087
2026-04-14 08:34:56.216 9 INFO neutron.api.wsgi [req-747222d6-6141-4752-ae89-d64fac7f8d5b req-091f3e8b-404a-4b0e-a4a6-eae8734f9813 d2261ed4365f466cb74afd8b845399a7 c5137b4d0b9d433aaa4be19b038df276 - - default default] 10.0.0.168 "GET /v2.0/ports?device_id=d10f5e69-2cb1-4f15-92bf-4a8f574de286 HTTP/1.1" status: 200 len: 1168 time: 0.0997779
2026-04-14 08:34:56.265 9 INFO neutron.api.wsgi [req-747222d6-6141-4752-ae89-d64fac7f8d5b req-9646855a-b26f-4aa3-b7b5-8431c0bde7f3 d2261ed4365f466cb74afd8b845399a7 c5137b4d0b9d433aaa4be19b038df276 - - default default] 10.0.0.168 "GET /v2.0/security-groups?id=ff5c4130-aa5c-4367-af16-8a4c13e33dc1&fields=id&fields=name HTTP/1.1" status: 200 len: 312 time: 0.0440476
