2026-04-14 08:36:39.011 10 INFO neutron.api.wsgi [None req-2399ae3e-7ef0-4db8-8929-eb3ee1d74bc8 dcdf34210f374c70a32032d4fe03a7c0 084505d802de4947ae3b9faeb1f8e484 - - default default] 10.0.0.202 "PUT /v2.0/ports/77cfc7e5-67a6-4f14-8ed9-ed5ec8c71146 HTTP/1.1" status: 200 len: 946 time: 0.3441670 /var/lib/openstack/lib/python3.12/site-packages/pycadf/identifier.py:71: UserWarning: Invalid uuid: neutron. To ensure interoperability, identifiers should be a valid uuid. warnings.warn(('Invalid uuid: %s. To ensure interoperability, '
2026-04-14 08:36:39.026 10 INFO neutron.api.wsgi [None req-9b3529ba-594c-4c09-a09a-e40d26eb2f1c 2dc33df45b2a495bb518952a8ac0f786 6ab2bef16bef4f52b6b30cc4250f469b - - default default] 10.0.0.202 "DELETE /v2.0/security-groups/1bd5c2a9-69a6-4287-89e0-639ca1c182ca HTTP/1.1" status: 204 len: 168 time: 0.3082192
2026-04-14 08:36:39.026 9 INFO neutron.plugins.ml2.drivers.ovn.mech_driver.ovsdb.commands [None req-339869b4-bfd3-4374-b947-c9533579c09e - - - - - -] Schedule LRP lrp-ded1238f-623f-47a2-8ef0-3c01fa518560 on gateway 72e73ff6-9657-42a1-af8e-305994722c74 with priority 1
2026-04-14 08:36:39.050 9 INFO neutron.plugins.ml2.drivers.ovn.mech_driver.ovsdb.ovsdb_monitor [None req-6f63006a-0d40-4a71-9223-259ead526504 - - - - - -] Router 8d362b5f-8318-41f4-b000-dbfcf6a77cf0 is bound to host instance
2026-04-14 08:36:39.063 9 INFO neutron.plugins.ml2.drivers.ovn.mech_driver.mech_driver [None req-555c4366-9dfe-4c14-a341-1cabecda73cb - - - - - -] OVN reports status up for port: ded1238f-623f-47a2-8ef0-3c01fa518560
2026-04-14 08:36:39.072 9 INFO neutron.plugins.ml2.plugin [None req-555c4366-9dfe-4c14-a341-1cabecda73cb - - - - - -] Attempt 1 to provision port ded1238f-623f-47a2-8ef0-3c01fa518560
2026-04-14 08:36:39.073 9 INFO neutron.db.ovn_revision_numbers_db [None req-3dafa9ef-6232-48a0-b544-01a47c330819 2dc33df45b2a495bb518952a8ac0f786 6ab2bef16bef4f52b6b30cc4250f469b - - default default] Successfully bumped revision number for resource ded1238f-623f-47a2-8ef0-3c01fa518560 (type: router_ports) to 1
2026-04-14 08:36:39.159 9 INFO neutron.db.ovn_revision_numbers_db [None req-3dafa9ef-6232-48a0-b544-01a47c330819 2dc33df45b2a495bb518952a8ac0f786 6ab2bef16bef4f52b6b30cc4250f469b - - default default] Successfully bumped revision number for resource 8d362b5f-8318-41f4-b000-dbfcf6a77cf0 (type: routers) to 2
2026-04-14 08:36:39.178 9 INFO neutron.api.wsgi [None req-3dafa9ef-6232-48a0-b544-01a47c330819 2dc33df45b2a495bb518952a8ac0f786 6ab2bef16bef4f52b6b30cc4250f469b - - default default] 10.0.0.202 "POST /v2.0/routers HTTP/1.1" status: 201 len: 1164 time: 1.4604778
2026-04-14 08:36:39.293 10 INFO neutron.api.wsgi [None req-14381848-5244-4c2a-829a-b371e06f1e1b dcdf34210f374c70a32032d4fe03a7c0 084505d802de4947ae3b9faeb1f8e484 - - default default] 10.0.0.202 "DELETE /v2.0/ports/77cfc7e5-67a6-4f14-8ed9-ed5ec8c71146 HTTP/1.1" status: 204 len: 168 time: 0.2763608
2026-04-14 08:36:39.333 10 INFO neutron.api.wsgi [None req-cc97faa3-a7c8-497d-88a4-c1af08841dfa dcdf34210f374c70a32032d4fe03a7c0 084505d802de4947ae3b9faeb1f8e484 - - default default] 10.0.0.202 "GET /v2.0/ports HTTP/1.1" status: 200 len: 1729 time: 0.0340292
2026-04-14 08:36:39.350 10 INFO neutron.pecan_wsgi.hooks.translation [None req-374fabaf-895d-433c-a9af-55939449128c dcdf34210f374c70a32032d4fe03a7c0 084505d802de4947ae3b9faeb1f8e484 - - default default] GET failed (client error): The resource could not be found.
2026-04-14 08:36:39.351 10 INFO neutron.api.wsgi [None req-374fabaf-895d-433c-a9af-55939449128c dcdf34210f374c70a32032d4fe03a7c0 084505d802de4947ae3b9faeb1f8e484 - - default default] 10.0.0.202 "GET /v2.0/ports/77cfc7e5-67a6-4f14-8ed9-ed5ec8c71146 HTTP/1.1" status: 404 len: 333 time: 0.0125952
2026-04-14 08:36:39.389 10 INFO neutron.api.wsgi [None req-6c2e598e-eff0-4507-9ce3-baef2a2d64c7 dcdf34210f374c70a32032d4fe03a7c0 084505d802de4947ae3b9faeb1f8e484 - - default default] 10.0.0.202 "GET /v2.0/ports HTTP/1.1" status: 200 len: 1729 time: 0.0333149
2026-04-14 08:36:39.425 10 INFO neutron.api.wsgi [None req-e4e3121d-bfe9-48b3-a3fa-cc591ee0116e dcdf34210f374c70a32032d4fe03a7c0 084505d802de4947ae3b9faeb1f8e484 - - default default] 10.0.0.202 "GET /v2.0/ports/b5547e2c-2ec1-47c3-bb29-a0fc2e9677af HTTP/1.1" status: 200 len: 969 time: 0.0309446
2026-04-14 08:36:39.446 10 INFO neutron.pecan_wsgi.hooks.translation [None req-77e5289e-c205-4a67-b340-1f2f5e1c6681 dcdf34210f374c70a32032d4fe03a7c0 084505d802de4947ae3b9faeb1f8e484 - - default default] DELETE failed (client error): The resource could not be found.
2026-04-14 08:36:39.448 10 INFO neutron.api.wsgi [None req-77e5289e-c205-4a67-b340-1f2f5e1c6681 dcdf34210f374c70a32032d4fe03a7c0 084505d802de4947ae3b9faeb1f8e484 - - default default] 10.0.0.202 "DELETE /v2.0/ports/0022b6c4-367e-4340-abda-3e3dc6fb9a8a HTTP/1.1" status: 404 len: 333 time: 0.0161221
2026-04-14 08:36:39.460 10 INFO neutron.pecan_wsgi.hooks.translation [None req-07266571-e52b-4e18-982f-0f8d8f888213 dcdf34210f374c70a32032d4fe03a7c0 084505d802de4947ae3b9faeb1f8e484 - - default default] DELETE failed (client error): The resource could not be found.
2026-04-14 08:36:39.462 10 INFO neutron.api.wsgi [None req-07266571-e52b-4e18-982f-0f8d8f888213 dcdf34210f374c70a32032d4fe03a7c0 084505d802de4947ae3b9faeb1f8e484 - - default default] 10.0.0.202 "DELETE /v2.0/subnets/1446e6ea-d359-4fe1-af30-b0aec44f66af HTTP/1.1" status: 404 len: 337 time: 0.0101819
2026-04-14 08:36:39.478 9 INFO neutron.pecan_wsgi.hooks.translation [None req-ae6c467a-44eb-4559-9cfc-231959e5fcaa dcdf34210f374c70a32032d4fe03a7c0 084505d802de4947ae3b9faeb1f8e484 - - default default] DELETE failed (client error): The resource could not be found.
2026-04-14 08:36:39.480 9 INFO neutron.api.wsgi [None req-ae6c467a-44eb-4559-9cfc-231959e5fcaa dcdf34210f374c70a32032d4fe03a7c0 084505d802de4947ae3b9faeb1f8e484 - - default default] 10.0.0.202 "DELETE /v2.0/subnets/65bc84b8-00c8-41cc-b74b-7704f3c2feb5 HTTP/1.1" status: 404 len: 337 time: 0.0136061
2026-04-14 08:36:39.634 10 WARNING neutron.scheduler.dhcp_agent_scheduler [None req-db869913-ad34-4015-a7fe-431b1a2f8873 2dc33df45b2a495bb518952a8ac0f786 6ab2bef16bef4f52b6b30cc4250f469b - - default default] No more DHCP agents
2026-04-14 08:36:39.636 10 WARNING neutron.api.rpc.agentnotifiers.dhcp_rpc_agent_api [None req-db869913-ad34-4015-a7fe-431b1a2f8873 2dc33df45b2a495bb518952a8ac0f786 6ab2bef16bef4f52b6b30cc4250f469b - - default default] Unable to schedule network 2c3f2a14-7fc8-41e0-a8d9-6876dc1900ca: no agents available; will retry on subsequent port and subnet creation events.
2026-04-14 08:36:39.708 9 INFO neutron.db.ovn_revision_numbers_db [None req-b871a273-1550-4a53-8cc0-3f18caffa6f9 - - - - - -] Successfully bumped revision number for resource ded1238f-623f-47a2-8ef0-3c01fa518560 (type: ports) to 1
2026-04-14 08:36:39.743 10 INFO neutron.db.ovn_revision_numbers_db [None req-db869913-ad34-4015-a7fe-431b1a2f8873 2dc33df45b2a495bb518952a8ac0f786 6ab2bef16bef4f52b6b30cc4250f469b - - default default] Successfully bumped revision number for resource 0831a8ce-d46f-498d-89d8-28ae90313d4b (type: ports) to 1
2026-04-14 08:36:39.804 10 WARNING neutron.plugins.ml2.drivers.ovn.mech_driver.ovsdb.ovn_client [None req-5a8425ff-78f7-4e97-b7da-238d8cd40ffe - - - - - -] No port found with ID 72f4acb5-9449-49e2-8e53-ada1d907c4f1: RuntimeError: No port found with ID 72f4acb5-9449-49e2-8e53-ada1d907c4f1
2026-04-14 08:36:39.812 10 INFO neutron.plugins.ml2.drivers.ovn.mech_driver.mech_driver [None req-5a8425ff-78f7-4e97-b7da-238d8cd40ffe - - - - - -] OVN reports status up for port: 4aefe13c-a153-4adf-8fbe-c7878e8c9346
2026-04-14 08:36:39.967 9 INFO neutron.api.wsgi [None req-b1846b4f-315d-44a8-ba71-83b3af1619b3 dcdf34210f374c70a32032d4fe03a7c0 084505d802de4947ae3b9faeb1f8e484 - - default default] 10.0.0.202 "DELETE /v2.0/ports/b5547e2c-2ec1-47c3-bb29-a0fc2e9677af HTTP/1.1" status: 204 len: 168 time: 0.4816940
2026-04-14 08:36:40.022 10 INFO neutron.plugins.ml2.plugin [None req-5a8425ff-78f7-4e97-b7da-238d8cd40ffe - - - - - -] Attempt 1 to provision port 4aefe13c-a153-4adf-8fbe-c7878e8c9346
2026-04-14 08:36:40.045 9 INFO neutron.api.wsgi [None req-e9f4bcf5-df0d-4faa-ad9d-d1cdca837690 0bb9c47b1972481b9250d0b05f50dbf9 522abf851a7746c6b337296071ae5d39 - - default default] 10.0.0.202 "GET /v2.0/ports/4aefe13c-a153-4adf-8fbe-c7878e8c9346 HTTP/1.1" status: 200 len: 1139 time: 0.0347137
2026-04-14 08:36:40.101 9 INFO neutron.db.ovn_revision_numbers_db [None req-b871a273-1550-4a53-8cc0-3f18caffa6f9 - - - - - -] Successfully bumped revision number for resource ded1238f-623f-47a2-8ef0-3c01fa518560 (type: ports) to 4
2026-04-14 08:36:40.340 9 INFO neutron.services.segments.plugin [-] Segment 8d05913d-af8a-4b4b-828c-bf4b68943a04 resource provider aggregate not found
2026-04-14 08:36:40.343 9 INFO neutron.services.segments.plugin [-] Segment 8d05913d-af8a-4b4b-828c-bf4b68943a04 resource provider aggregate not found
2026-04-14 08:36:40.353 9 INFO neutron.services.segments.plugin [-] Segment 8d05913d-af8a-4b4b-828c-bf4b68943a04 resource provider not found; error: Placement Client Error (4xx): {"errors": [{"status": 404, "title": "Not Found", "detail": "The resource could not be found.\n\n No resource provider with uuid 8d05913d-af8a-4b4b-828c-bf4b68943a04 found for delete ", "request_id": "req-e78f8456-be8f-4b2b-a5a8-ae4b865fc85c"}]}
2026-04-14 08:36:40.361 9 INFO neutron.services.segments.plugin [-] Segment 8d05913d-af8a-4b4b-828c-bf4b68943a04 resource provider not found; error: Placement Client Error (4xx): {"errors": [{"status": 404, "title": "Not Found", "detail": "The resource could not be found.\n\n No resource provider with uuid 8d05913d-af8a-4b4b-828c-bf4b68943a04 found for delete ", "request_id": "req-babe2040-cb2c-4a5b-81cd-374fc34a66b1"}]}
2026-04-14 08:36:40.401 9 INFO neutron.api.wsgi [None req-ed238e30-0ee9-4b3d-ac22-bfdc042912a8 dcdf34210f374c70a32032d4fe03a7c0 084505d802de4947ae3b9faeb1f8e484 - - default default] 10.0.0.202 "DELETE /v2.0/networks/47fc7613-8b1d-470b-ac98-667abd4a4277 HTTP/1.1" status: 204 len: 168 time: 0.4297783
2026-04-14 08:36:40.452 10 INFO neutron.db.ovn_revision_numbers_db [None req-5a8425ff-78f7-4e97-b7da-238d8cd40ffe - - - - - -] Successfully bumped revision number for resource 4aefe13c-a153-4adf-8fbe-c7878e8c9346 (type: ports) to 2
2026-04-14 08:36:40.470 9 INFO neutron.db.ovn_revision_numbers_db [None req-b871a273-1550-4a53-8cc0-3f18caffa6f9 - - - - - -] Successfully bumped revision number for resource ded1238f-623f-47a2-8ef0-3c01fa518560 (type: ports) to 5
2026-04-14 08:36:40.602 10 INFO neutron.db.ovn_revision_numbers_db [None req-db869913-ad34-4015-a7fe-431b1a2f8873 2dc33df45b2a495bb518952a8ac0f786 6ab2bef16bef4f52b6b30cc4250f469b - - default default] Successfully bumped revision number for resource 0831a8ce-d46f-498d-89d8-28ae90313d4b (type: ports) to 1
2026-04-14 08:36:40.654 10 WARNING neutron.scheduler.dhcp_agent_scheduler [None req-db869913-ad34-4015-a7fe-431b1a2f8873 2dc33df45b2a495bb518952a8ac0f786 6ab2bef16bef4f52b6b30cc4250f469b - - default default] No more DHCP agents
2026-04-14 08:36:40.655 10 WARNING neutron.api.rpc.agentnotifiers.dhcp_rpc_agent_api [None req-db869913-ad34-4015-a7fe-431b1a2f8873 2dc33df45b2a495bb518952a8ac0f786 6ab2bef16bef4f52b6b30cc4250f469b - - default default] Unable to schedule network 2c3f2a14-7fc8-41e0-a8d9-6876dc1900ca: no agents available; will retry on subsequent port and subnet creation events.
2026-04-14 08:36:41.068 10 INFO neutron.api.wsgi [None req-7243c62d-7d99-40a3-ba26-7b54cc7f31a5 2dc33df45b2a495bb518952a8ac0f786 6ab2bef16bef4f52b6b30cc4250f469b - - default default] 10.0.0.202 "GET /v2.0/security-groups?tenant_id=084505d802de4947ae3b9faeb1f8e484&name=default HTTP/1.1" status: 200 len: 3120 time: 0.2032936
2026-04-14 08:36:41.083 10 INFO neutron.api.wsgi [None req-3bc60dca-5894-4455-8a98-0dccbf2117c9 0bb9c47b1972481b9250d0b05f50dbf9 522abf851a7746c6b337296071ae5d39 - - default default] 10.0.0.202 "GET /v2.0/ports/4aefe13c-a153-4adf-8fbe-c7878e8c9346 HTTP/1.1" status: 200 len: 1141 time: 0.0325022
2026-04-14 08:36:41.128 10 INFO neutron.db.ovn_revision_numbers_db [None req-db869913-ad34-4015-a7fe-431b1a2f8873 2dc33df45b2a495bb518952a8ac0f786 6ab2bef16bef4f52b6b30cc4250f469b - - default default] Successfully bumped revision number for resource 0831a8ce-d46f-498d-89d8-28ae90313d4b (type: router_ports) to 1
2026-04-14 08:36:41.132 10 INFO neutron.api.wsgi [None req-db869913-ad34-4015-a7fe-431b1a2f8873 2dc33df45b2a495bb518952a8ac0f786 6ab2bef16bef4f52b6b30cc4250f469b - - default default] 10.0.0.202 "PUT /v2.0/routers/8d362b5f-8318-41f4-b000-dbfcf6a77cf0/add_router_interface HTTP/1.1" status: 200 len: 503 time: 1.9488554
2026-04-14 08:36:41.330 9 INFO neutron.api.wsgi [None req-92beaa53-9cb2-4639-a0e4-7b6ff39ea312 2dc33df45b2a495bb518952a8ac0f786 6ab2bef16bef4f52b6b30cc4250f469b - - default default] 10.0.0.202 "DELETE /v2.0/security-groups/6bc3dd20-06e6-44a5-997f-25de0b1faf0b HTTP/1.1" status: 204 len: 168 time: 0.2562871
2026-04-14 08:36:41.553 10 INFO neutron.api.wsgi [None req-d6e0d241-f1a0-449f-849b-cd1ee85f6296 0bb9c47b1972481b9250d0b05f50dbf9 522abf851a7746c6b337296071ae5d39 - - default default] 10.0.0.202 "PUT /v2.0/routers/3a5daa46-8c13-4093-b2da-b99de2a01a7c/remove_router_interface HTTP/1.1" status: 200 len: 503 time: 0.4651673
2026-04-14 08:36:41.575 9 INFO neutron.api.wsgi [None req-f363574e-3822-43eb-b40b-5e4f9a87803e 0bb9c47b1972481b9250d0b05f50dbf9 522abf851a7746c6b337296071ae5d39 - - default default] 10.0.0.202 "GET /v2.0/ports?device_id=3a5daa46-8c13-4093-b2da-b99de2a01a7c HTTP/1.1" status: 200 len: 205 time: 0.0173912
2026-04-14 08:36:41.711 10 INFO neutron.api.wsgi [-] 10.0.0.241 "GET / HTTP/1.1" status: 200 len: 246 time: 0.0032160
2026-04-14 08:36:41.713 10 INFO neutron.api.wsgi [-] 10.0.0.241 "GET / HTTP/1.1" status: 200 len: 246 time: 0.0013406
2026-04-14 08:36:41.764 9 INFO neutron.api.wsgi [None req-19851ebb-2f51-495d-bc02-38ceb070f40f 0bb9c47b1972481b9250d0b05f50dbf9 522abf851a7746c6b337296071ae5d39 - - default default] 10.0.0.202 "DELETE /v2.0/routers/3a5daa46-8c13-4093-b2da-b99de2a01a7c HTTP/1.1" status: 204 len: 168 time: 0.1853096
2026-04-14 08:36:41.899 9 INFO neutron.api.wsgi [None req-8665ac33-5b90-46b3-86d5-aea16d891b91 0bb9c47b1972481b9250d0b05f50dbf9 522abf851a7746c6b337296071ae5d39 - - default default] 10.0.0.202 "DELETE /v2.0/subnets/eb9135cc-7605-4091-9f4a-514b683929a8 HTTP/1.1" status: 204 len: 168 time: 0.1275258
2026-04-14 08:36:42.203 9 INFO neutron.api.wsgi [None req-661e8465-eea7-46b7-a5b0-7bb171f2060b 0bb9c47b1972481b9250d0b05f50dbf9 522abf851a7746c6b337296071ae5d39 - - default default] 10.0.0.202 "DELETE /v2.0/networks/fca638e8-155d-4e56-afa1-09d3492af68d HTTP/1.1" status: 204 len: 168 time: 0.2993858 /var/lib/openstack/lib/python3.12/site-packages/pycadf/identifier.py:71: UserWarning: Invalid uuid: neutron. To ensure interoperability, identifiers should be a valid uuid. warnings.warn(('Invalid uuid: %s. To ensure interoperability, '
2026-04-14 08:36:42.214 9 WARNING neutron_lib.context [None req-76b335d8-1cf5-4fd2-a254-5d4eb8147666 0bb9c47b1972481b9250d0b05f50dbf9 522abf851a7746c6b337296071ae5d39 - - default default] Method 'is_advsvc' is deprecated since 2023.2 release (neutron-lib 3.8.0) and will be removed once support for the old RBAC API policies will be removed from Neutron. Please use method 'is_service_role' instead.
2026-04-14 08:36:42.353 10 INFO neutron.db.ovn_revision_numbers_db [None req-2836cfb8-62bb-4756-8a68-b07815d7538d 2dc33df45b2a495bb518952a8ac0f786 6ab2bef16bef4f52b6b30cc4250f469b - - default default] Successfully bumped revision number for resource a26c4578-73b5-457b-b68c-681f0e323fa7 (type: security_groups) to 1
2026-04-14 08:36:42.364 10 INFO neutron.db.ovn_revision_numbers_db [None req-2836cfb8-62bb-4756-8a68-b07815d7538d 2dc33df45b2a495bb518952a8ac0f786 6ab2bef16bef4f52b6b30cc4250f469b - - default default] Successfully bumped revision number for resource 3889ef16-815d-4292-bd06-3fce9f4ca414 (type: security_group_rules) to 0
2026-04-14 08:36:42.369 9 INFO neutron.services.segments.plugin [-] Segment 61c42cf4-2bc0-41f1-bf4a-f1cc147d54a3 resource provider aggregate not found
2026-04-14 08:36:42.380 10 INFO neutron.db.ovn_revision_numbers_db [None req-2836cfb8-62bb-4756-8a68-b07815d7538d 2dc33df45b2a495bb518952a8ac0f786 6ab2bef16bef4f52b6b30cc4250f469b - - default default] Successfully bumped revision number for resource 67f95ac2-e21b-4cf0-83fc-5c5e7d999430 (type: security_group_rules) to 0
2026-04-14 08:36:42.382 9 INFO neutron.services.segments.plugin [-] Segment 61c42cf4-2bc0-41f1-bf4a-f1cc147d54a3 resource provider aggregate not found
2026-04-14 08:36:42.390 9 INFO neutron.services.segments.plugin [-] Segment 61c42cf4-2bc0-41f1-bf4a-f1cc147d54a3 resource provider not found; error: Placement Client Error (4xx): {"errors": [{"status": 404, "title": "Not Found", "detail": "The resource could not be found.\n\n No resource provider with uuid 61c42cf4-2bc0-41f1-bf4a-f1cc147d54a3 found for delete ", "request_id": "req-d1099a5e-88f7-4d80-a54d-656de7c76ae0"}]}
2026-04-14 08:36:42.398 10 INFO neutron.db.ovn_revision_numbers_db [None req-2836cfb8-62bb-4756-8a68-b07815d7538d 2dc33df45b2a495bb518952a8ac0f786 6ab2bef16bef4f52b6b30cc4250f469b - - default default] Successfully bumped revision number for resource 9b4a6f30-bbd3-4534-b417-b5e018acb75c (type: security_group_rules) to 0
2026-04-14 08:36:42.401 9 INFO neutron.services.segments.plugin [-] Segment 61c42cf4-2bc0-41f1-bf4a-f1cc147d54a3 resource provider not found; error: Placement Client Error (4xx): {"errors": [{"status": 404, "title": "Not Found", "detail": "The resource could not be found.\n\n No resource provider with uuid 61c42cf4-2bc0-41f1-bf4a-f1cc147d54a3 found for delete ", "request_id": "req-922c14f7-f150-4f07-bd4f-d7a040675c5a"}]}
2026-04-14 08:36:42.412 10 INFO neutron.db.ovn_revision_numbers_db [None req-2836cfb8-62bb-4756-8a68-b07815d7538d 2dc33df45b2a495bb518952a8ac0f786 6ab2bef16bef4f52b6b30cc4250f469b - - default default] Successfully bumped revision number for resource c17bc88e-6867-4efe-82df-4dcb89c6a34b (type: security_group_rules) to 0
2026-04-14 08:36:42.476 10 INFO neutron.db.segments_db [None req-2836cfb8-62bb-4756-8a68-b07815d7538d 2dc33df45b2a495bb518952a8ac0f786 6ab2bef16bef4f52b6b30cc4250f469b - - default default] Added segment 8b3fcad2-a440-4821-b530-5212ebccb51e of type geneve for network 7d824db7-259b-4619-a6ae-fc8d8ac9afcb
2026-04-14 08:36:42.587 10 INFO neutron.db.ovn_revision_numbers_db [None req-2836cfb8-62bb-4756-8a68-b07815d7538d 2dc33df45b2a495bb518952a8ac0f786 6ab2bef16bef4f52b6b30cc4250f469b - - default default] Successfully bumped revision number for resource 7d824db7-259b-4619-a6ae-fc8d8ac9afcb (type: networks) to 1
2026-04-14 08:36:42.592 9 WARNING neutron.scheduler.dhcp_agent_scheduler [None req-76b335d8-1cf5-4fd2-a254-5d4eb8147666 0bb9c47b1972481b9250d0b05f50dbf9 522abf851a7746c6b337296071ae5d39 - - default default] No more DHCP agents
2026-04-14 08:36:42.593 9 WARNING neutron.api.rpc.agentnotifiers.dhcp_rpc_agent_api [None req-76b335d8-1cf5-4fd2-a254-5d4eb8147666 0bb9c47b1972481b9250d0b05f50dbf9 522abf851a7746c6b337296071ae5d39 - - default default] Unable to schedule network 4cede13b-f46d-47bd-bf30-693124558b9c: no agents available; will retry on subsequent port and subnet creation events.
2026-04-14 08:36:42.714 9 INFO neutron.db.ovn_revision_numbers_db [None req-76b335d8-1cf5-4fd2-a254-5d4eb8147666 0bb9c47b1972481b9250d0b05f50dbf9 522abf851a7746c6b337296071ae5d39 - - default default] Successfully bumped revision number for resource 93f54390-3bb8-41a8-859f-0324070edd58 (type: ports) to 1
2026-04-14 08:36:42.747 10 WARNING neutron.scheduler.dhcp_agent_scheduler [None req-2836cfb8-62bb-4756-8a68-b07815d7538d 2dc33df45b2a495bb518952a8ac0f786 6ab2bef16bef4f52b6b30cc4250f469b - - default default] No more DHCP agents
2026-04-14 08:36:42.748 10 WARNING neutron.api.rpc.agentnotifiers.dhcp_rpc_agent_api [None req-2836cfb8-62bb-4756-8a68-b07815d7538d 2dc33df45b2a495bb518952a8ac0f786 6ab2bef16bef4f52b6b30cc4250f469b - - default default] Unable to schedule network 7d824db7-259b-4619-a6ae-fc8d8ac9afcb: no agents available; will retry on subsequent port and subnet creation events.
2026-04-14 08:36:42.809 10 INFO neutron.db.ovn_revision_numbers_db [None req-2836cfb8-62bb-4756-8a68-b07815d7538d 2dc33df45b2a495bb518952a8ac0f786 6ab2bef16bef4f52b6b30cc4250f469b - - default default] Successfully bumped revision number for resource fdc7bde0-d3b3-427a-bef3-9e2ba6377789 (type: ports) to 1
2026-04-14 08:36:42.830 10 INFO neutron.api.wsgi [None req-2836cfb8-62bb-4756-8a68-b07815d7538d 2dc33df45b2a495bb518952a8ac0f786 6ab2bef16bef4f52b6b30cc4250f469b - - default default] 10.0.0.202 "POST /v2.0/networks HTTP/1.1" status: 201 len: 943 time: 0.6196458
2026-04-14 08:36:42.983 10 WARNING neutron.scheduler.dhcp_agent_scheduler [None req-8ccd4cbd-554e-4e38-ab46-1ad51f56959e 2dc33df45b2a495bb518952a8ac0f786 6ab2bef16bef4f52b6b30cc4250f469b - - default default] No more DHCP agents
2026-04-14 08:36:42.985 10 WARNING neutron.api.rpc.agentnotifiers.dhcp_rpc_agent_api [None req-8ccd4cbd-554e-4e38-ab46-1ad51f56959e 2dc33df45b2a495bb518952a8ac0f786 6ab2bef16bef4f52b6b30cc4250f469b - - default default] Unable to schedule network 7d824db7-259b-4619-a6ae-fc8d8ac9afcb: no agents available; will retry on subsequent port and subnet creation events.
2026-04-14 08:36:43.160 10 INFO neutron.db.ovn_revision_numbers_db [None req-2529cbc3-3a89-4e86-b2a9-9c24231da540 2dc33df45b2a495bb518952a8ac0f786 6ab2bef16bef4f52b6b30cc4250f469b - - default default] Successfully bumped revision number for resource 1aaaec1e-3c62-439e-8f60-437a90f5ef30 (type: security_groups) to 1
2026-04-14 08:36:43.181 10 INFO neutron.db.ovn_revision_numbers_db [None req-2529cbc3-3a89-4e86-b2a9-9c24231da540 2dc33df45b2a495bb518952a8ac0f786 6ab2bef16bef4f52b6b30cc4250f469b - - default default] Successfully bumped revision number for resource 9f014e59-7e0b-4634-b096-38bf94f7334e (type: security_group_rules) to 0
2026-04-14 08:36:43.194 10 INFO neutron.api.wsgi [-] 10.0.0.202 "GET / HTTP/1.1" status: 200 len: 279 time: 0.0012059
2026-04-14 08:36:43.198 10 INFO neutron.db.ovn_revision_numbers_db [None req-2529cbc3-3a89-4e86-b2a9-9c24231da540 2dc33df45b2a495bb518952a8ac0f786 6ab2bef16bef4f52b6b30cc4250f469b - - default default] Successfully bumped revision number for resource c186c214-2f3d-4500-bd99-535374011653 (type: security_group_rules) to 0
2026-04-14 08:36:43.217 10 INFO neutron.db.ovn_revision_numbers_db [None req-2529cbc3-3a89-4e86-b2a9-9c24231da540 2dc33df45b2a495bb518952a8ac0f786 6ab2bef16bef4f52b6b30cc4250f469b - - default default] Successfully bumped revision number for resource c613e65f-22b4-4fee-a3dc-3e4e6bd05035 (type: security_group_rules) to 0
2026-04-14 08:36:43.243 10 INFO neutron.db.ovn_revision_numbers_db [None req-2529cbc3-3a89-4e86-b2a9-9c24231da540 2dc33df45b2a495bb518952a8ac0f786 6ab2bef16bef4f52b6b30cc4250f469b - - default default] Successfully bumped revision number for resource f96d42d5-517e-4f8f-8e21-c4890ab59d15 (type: security_group_rules) to 0
2026-04-14 08:36:43.276 10 INFO neutron.api.wsgi [None req-2529cbc3-3a89-4e86-b2a9-9c24231da540 2dc33df45b2a495bb518952a8ac0f786 6ab2bef16bef4f52b6b30cc4250f469b - - default default] 10.0.0.202 "GET /v2.0/security-groups?tenant_id=2c89e6efa56841e28e68ffeb6b0d6306&name=default HTTP/1.1" status: 200 len: 3120 time: 0.4711349
2026-04-14 08:36:43.307 10 INFO neutron.api.wsgi [None req-9838ae75-5f0e-40a7-8042-d57d10ac8fb5 30384c80f716428fafea80ce3fc5ed4d 903d9ea7870f40a481cdf46632d2d1c7 - - default default] 10.0.0.202 "GET /v2.0/ HTTP/1.1" status: 200 len: 826 time: 0.1071067
2026-04-14 08:36:43.311 9 INFO neutron.plugins.ml2.drivers.ovn.mech_driver.ovsdb.commands [None req-339869b4-bfd3-4374-b947-c9533579c09e - - - - - -] Schedule LRP lrp-93f54390-3bb8-41a8-859f-0324070edd58 on gateway 72e73ff6-9657-42a1-af8e-305994722c74 with priority 1
2026-04-14 08:36:43.322 9 INFO neutron.plugins.ml2.drivers.ovn.mech_driver.mech_driver [None req-555c4366-9dfe-4c14-a341-1cabecda73cb - - - - - -] OVN reports status up for port: 93f54390-3bb8-41a8-859f-0324070edd58
2026-04-14 08:36:43.336 9 INFO neutron.plugins.ml2.plugin [None req-555c4366-9dfe-4c14-a341-1cabecda73cb - - - - - -] Attempt 1 to provision port 93f54390-3bb8-41a8-859f-0324070edd58
2026-04-14 08:36:43.358 9 INFO neutron.db.ovn_revision_numbers_db [None req-76b335d8-1cf5-4fd2-a254-5d4eb8147666 0bb9c47b1972481b9250d0b05f50dbf9 522abf851a7746c6b337296071ae5d39 - - default default] Successfully bumped revision number for resource 93f54390-3bb8-41a8-859f-0324070edd58 (type: router_ports) to 1
2026-04-14 08:36:43.441 9 INFO neutron.db.ovn_revision_numbers_db [None req-76b335d8-1cf5-4fd2-a254-5d4eb8147666 0bb9c47b1972481b9250d0b05f50dbf9 522abf851a7746c6b337296071ae5d39 - - default default] Successfully bumped revision number for resource fb22b057-9ffa-4207-b6a9-0f95cb2ad8b1 (type: routers) to 2
2026-04-14 08:36:43.443 10 INFO neutron.db.ovn_revision_numbers_db [None req-e50c2187-2439-4687-9921-8198479b482c - - - - - -] Successfully bumped revision number for resource fdc7bde0-d3b3-427a-bef3-9e2ba6377789 (type: ports) to 2
2026-04-14 08:36:43.462 9 INFO neutron.api.wsgi [None req-76b335d8-1cf5-4fd2-a254-5d4eb8147666 0bb9c47b1972481b9250d0b05f50dbf9 522abf851a7746c6b337296071ae5d39 - - default default] 10.0.0.202 "POST /v2.0/routers HTTP/1.1" status: 201 len: 1150 time: 1.2527843
2026-04-14 08:36:43.477 10 INFO neutron.db.ovn_revision_numbers_db [None req-e50c2187-2439-4687-9921-8198479b482c - - - - - -] Successfully bumped revision number for resource 2b056c8c-eb2d-4f2b-acb6-65d932452b56 (type: subnets) to 0
2026-04-14 08:36:43.490 10 INFO neutron.api.wsgi [None req-8ccd4cbd-554e-4e38-ab46-1ad51f56959e 2dc33df45b2a495bb518952a8ac0f786 6ab2bef16bef4f52b6b30cc4250f469b - - default default] 10.0.0.202 "POST /v2.0/subnets HTTP/1.1" status: 201 len: 887 time: 0.6502988
2026-04-14 08:36:43.517 10 INFO neutron.api.wsgi [None req-88fe8faf-b38b-446f-9ff1-c673c9a704dc 2dc33df45b2a495bb518952a8ac0f786 6ab2bef16bef4f52b6b30cc4250f469b - - default default] 10.0.0.202 "DELETE /v2.0/security-groups/1aaaec1e-3c62-439e-8f60-437a90f5ef30 HTTP/1.1" status: 204 len: 168 time: 0.2357574
2026-04-14 08:36:43.540 9 INFO neutron.api.wsgi [None req-10af671e-0e34-4fb8-bc2a-eb77dc493e23 0bb9c47b1972481b9250d0b05f50dbf9 522abf851a7746c6b337296071ae5d39 - - default default] 10.0.0.202 "GET /v2.0/routers/fb22b057-9ffa-4207-b6a9-0f95cb2ad8b1 HTTP/1.1" status: 200 len: 1151 time: 0.0723021
2026-04-14 08:36:43.612 10 INFO neutron.api.wsgi [None req-944396b0-d031-4ef1-987b-c379a7666d12 0bb9c47b1972481b9250d0b05f50dbf9 522abf851a7746c6b337296071ae5d39 - - default default] 10.0.0.202 "GET /v2.0/routers HTTP/1.1" status: 200 len: 1154 time: 0.0681169
2026-04-14 08:36:43.865 9 INFO neutron.db.ovn_revision_numbers_db [None req-35bd0eb9-0adf-45b9-9aab-08336c0055dc 2dc33df45b2a495bb518952a8ac0f786 6ab2bef16bef4f52b6b30cc4250f469b - - default default] Successfully bumped revision number for resource a4134752-dd80-42d0-b74e-52f50b208613 (type: security_groups) to 1
2026-04-14 08:36:43.890 9 INFO neutron.db.ovn_revision_numbers_db [None req-35bd0eb9-0adf-45b9-9aab-08336c0055dc 2dc33df45b2a495bb518952a8ac0f786 6ab2bef16bef4f52b6b30cc4250f469b - - default default] Successfully bumped revision number for resource 64eafe25-654b-4aa7-a1d5-96e369a66ac7 (type: security_group_rules) to 0
2026-04-14 08:36:43.906 9 WARNING neutron.scheduler.dhcp_agent_scheduler [None req-ca62a611-5ace-4ada-aaad-f4e5b02fa371 2dc33df45b2a495bb518952a8ac0f786 6ab2bef16bef4f52b6b30cc4250f469b - - default default] No more DHCP agents
2026-04-14 08:36:43.906 9 INFO neutron.db.ovn_revision_numbers_db [None req-35bd0eb9-0adf-45b9-9aab-08336c0055dc 2dc33df45b2a495bb518952a8ac0f786 6ab2bef16bef4f52b6b30cc4250f469b - - default default] Successfully bumped revision number for resource d81d798e-f3a5-4fca-b18f-ed97bd96d47b (type: security_group_rules) to 0
2026-04-14 08:36:43.907 9 WARNING neutron.api.rpc.agentnotifiers.dhcp_rpc_agent_api [None req-ca62a611-5ace-4ada-aaad-f4e5b02fa371 2dc33df45b2a495bb518952a8ac0f786 6ab2bef16bef4f52b6b30cc4250f469b - - default default] Unable to schedule network 4cede13b-f46d-47bd-bf30-693124558b9c: no agents available; will retry on subsequent port and subnet creation events.
2026-04-14 08:36:43.921 9 INFO neutron.db.ovn_revision_numbers_db [None req-35bd0eb9-0adf-45b9-9aab-08336c0055dc 2dc33df45b2a495bb518952a8ac0f786 6ab2bef16bef4f52b6b30cc4250f469b - - default default] Successfully bumped revision number for resource e1dad6e3-5931-4d1f-8a49-7c07d1ed83f1 (type: security_group_rules) to 0
2026-04-14 08:36:43.938 9 INFO neutron.db.ovn_revision_numbers_db [None req-35bd0eb9-0adf-45b9-9aab-08336c0055dc 2dc33df45b2a495bb518952a8ac0f786 6ab2bef16bef4f52b6b30cc4250f469b - - default default] Successfully bumped revision number for resource e356a062-45a1-497f-82d8-105b8ccd54cd (type: security_group_rules) to 0
2026-04-14 08:36:43.977 10 INFO neutron.db.ovn_revision_numbers_db [None req-498bc32d-8826-4010-872b-70b4604fa69b 2dc33df45b2a495bb518952a8ac0f786 6ab2bef16bef4f52b6b30cc4250f469b - - default default] Successfully bumped revision number for resource ff87a4d4-a701-4839-b9f7-92be4b8512ff (type: security_groups) to 1
2026-04-14 08:36:43.980 9 INFO neutron.api.wsgi [None req-35bd0eb9-0adf-45b9-9aab-08336c0055dc 2dc33df45b2a495bb518952a8ac0f786 6ab2bef16bef4f52b6b30cc4250f469b - - default default] 10.0.0.202 "GET /v2.0/security-groups?tenant_id=8a4d3929251b4e899c8c1f1b46714437&name=default HTTP/1.1" status: 200 len: 3120 time: 0.2536879
2026-04-14 08:36:43.990 10 INFO neutron.db.ovn_revision_numbers_db [None req-498bc32d-8826-4010-872b-70b4604fa69b 2dc33df45b2a495bb518952a8ac0f786 6ab2bef16bef4f52b6b30cc4250f469b - - default default] Successfully bumped revision number for resource 92c701d0-3dd2-4260-b2fc-b74d74b03c6a (type: security_group_rules) to 0
2026-04-14 08:36:44.004 10 INFO neutron.db.ovn_revision_numbers_db [None req-498bc32d-8826-4010-872b-70b4604fa69b 2dc33df45b2a495bb518952a8ac0f786 6ab2bef16bef4f52b6b30cc4250f469b - - default default] Successfully bumped revision number for resource acc27267-b210-4ac2-a59f-f67858ebf21e (type: security_group_rules) to 0
2026-04-14 08:36:44.028 10 INFO neutron.db.ovn_revision_numbers_db [None req-498bc32d-8826-4010-872b-70b4604fa69b 2dc33df45b2a495bb518952a8ac0f786 6ab2bef16bef4f52b6b30cc4250f469b - - default default] Successfully bumped revision number for resource c872d414-e22f-4436-b045-92e6ce822ceb (type: security_group_rules) to 0
2026-04-14 08:36:44.057 10 INFO neutron.db.ovn_revision_numbers_db [None req-498bc32d-8826-4010-872b-70b4604fa69b 2dc33df45b2a495bb518952a8ac0f786 6ab2bef16bef4f52b6b30cc4250f469b - - default default] Successfully bumped revision number for resource e51e7f56-42e3-476b-910c-0412def99a50 (type: security_group_rules) to 0
2026-04-14 08:36:44.059 10 INFO neutron.db.ovn_revision_numbers_db [None req-502cf398-4fb6-4820-a9eb-232fd7bb0ac4 0bb9c47b1972481b9250d0b05f50dbf9 522abf851a7746c6b337296071ae5d39 - - default default] Successfully bumped revision number for resource fb22b057-9ffa-4207-b6a9-0f95cb2ad8b1 (type: routers) to 3
2026-04-14 08:36:44.062 9 INFO neutron.db.ovn_revision_numbers_db [None req-ca62a611-5ace-4ada-aaad-f4e5b02fa371 2dc33df45b2a495bb518952a8ac0f786 6ab2bef16bef4f52b6b30cc4250f469b - - default default] Successfully bumped revision number for resource c44ebff4-ae54-4f5d-8c04-30c10bfaf76d (type: ports) to 1
2026-04-14 08:36:44.063 10 INFO neutron.api.wsgi [None req-502cf398-4fb6-4820-a9eb-232fd7bb0ac4 0bb9c47b1972481b9250d0b05f50dbf9 522abf851a7746c6b337296071ae5d39 - - default default] 10.0.0.202 "PUT /v2.0/routers/fb22b057-9ffa-4207-b6a9-0f95cb2ad8b1 HTTP/1.1" status: 200 len: 1158 time: 0.4461558
2026-04-14 08:36:44.099 10 INFO neutron.api.wsgi [None req-498bc32d-8826-4010-872b-70b4604fa69b 2dc33df45b2a495bb518952a8ac0f786 6ab2bef16bef4f52b6b30cc4250f469b - - default default] 10.0.0.202 "GET /v2.0/security-groups?tenant_id=903d9ea7870f40a481cdf46632d2d1c7&name=default HTTP/1.1" status: 200 len: 3120 time: 0.3477290
2026-04-14 08:36:44.161 9 INFO neutron.api.wsgi [None req-6d2c5da1-6ee2-4de7-bace-9c50ca7453a8 0bb9c47b1972481b9250d0b05f50dbf9 522abf851a7746c6b337296071ae5d39 - - default default] 10.0.0.202 "GET /v2.0/routers/fb22b057-9ffa-4207-b6a9-0f95cb2ad8b1 HTTP/1.1" status: 200 len: 1158 time: 0.0930185
2026-04-14 08:36:44.185 10 INFO neutron.api.wsgi [None req-234a799c-aca7-4bf3-903e-9b2d3be5600c 0bb9c47b1972481b9250d0b05f50dbf9 522abf851a7746c6b337296071ae5d39 - - default default] 10.0.0.202 "GET /v2.0/ports?device_id=fb22b057-9ffa-4207-b6a9-0f95cb2ad8b1 HTTP/1.1" status: 200 len: 205 time: 0.0178349
2026-04-14 08:36:44.305 10 INFO neutron.api.wsgi [None req-7c00af4a-6db6-4c53-8c9d-a97ffea91269 2dc33df45b2a495bb518952a8ac0f786 6ab2bef16bef4f52b6b30cc4250f469b - - default default] 10.0.0.202 "DELETE /v2.0/security-groups/ff87a4d4-a701-4839-b9f7-92be4b8512ff HTTP/1.1" status: 204 len: 168 time: 0.2012389
2026-04-14 08:36:44.310 9 INFO neutron.api.wsgi [None req-7b7c3ab5-db6e-41d1-b0be-9283dcf22686 2dc33df45b2a495bb518952a8ac0f786 6ab2bef16bef4f52b6b30cc4250f469b - - default default] 10.0.0.202 "DELETE /v2.0/security-groups/a4134752-dd80-42d0-b74e-52f50b208613 HTTP/1.1" status: 204 len: 168 time: 0.3238595
2026-04-14 08:36:44.728 9 INFO neutron.plugins.ml2.drivers.ovn.mech_driver.ovsdb.commands [None req-339869b4-bfd3-4374-b947-c9533579c09e - - - - - -] Schedule LRP lrp-c44ebff4-ae54-4f5d-8c04-30c10bfaf76d on gateway 72e73ff6-9657-42a1-af8e-305994722c74 with priority 1
2026-04-14 08:36:44.769 9 INFO neutron.plugins.ml2.drivers.ovn.mech_driver.ovsdb.ovsdb_monitor [None req-b871a273-1550-4a53-8cc0-3f18caffa6f9 - - - - - -] Router 41048d3e-b056-46ff-b80e-33e96981419f is bound to host instance
2026-04-14 08:36:44.804 9 INFO neutron.db.ovn_revision_numbers_db [None req-ca62a611-5ace-4ada-aaad-f4e5b02fa371 2dc33df45b2a495bb518952a8ac0f786 6ab2bef16bef4f52b6b30cc4250f469b - - default default] Successfully bumped revision number for resource c44ebff4-ae54-4f5d-8c04-30c10bfaf76d (type: router_ports) to 1
2026-04-14 08:36:44.912 9 INFO neutron.db.ovn_revision_numbers_db [None req-ca62a611-5ace-4ada-aaad-f4e5b02fa371 2dc33df45b2a495bb518952a8ac0f786 6ab2bef16bef4f52b6b30cc4250f469b - - default default] Successfully bumped revision number for resource 41048d3e-b056-46ff-b80e-33e96981419f (type: routers) to 2
2026-04-14 08:36:44.930 9 INFO neutron.api.wsgi [None req-ca62a611-5ace-4ada-aaad-f4e5b02fa371 2dc33df45b2a495bb518952a8ac0f786 6ab2bef16bef4f52b6b30cc4250f469b - - default default] 10.0.0.202 "POST /v2.0/routers HTTP/1.1" status: 201 len: 1165 time: 1.4351599
2026-04-14 08:36:44.946 9 INFO neutron.api.wsgi [None req-b0cad128-b4ca-4062-ac9c-1a7a9b958f0d 0bb9c47b1972481b9250d0b05f50dbf9 522abf851a7746c6b337296071ae5d39 - - default default] 10.0.0.202 "DELETE /v2.0/routers/fb22b057-9ffa-4207-b6a9-0f95cb2ad8b1 HTTP/1.1" status: 204 len: 168 time: 0.7557502
2026-04-14 08:36:44.962 9 INFO neutron.api.wsgi [None req-e05a2fe8-29f8-4739-be5a-d10064b387d9 0bb9c47b1972481b9250d0b05f50dbf9 522abf851a7746c6b337296071ae5d39 - - default default] 10.0.0.202 "GET /v2.0/ports?device_id=fb22b057-9ffa-4207-b6a9-0f95cb2ad8b1 HTTP/1.1" status: 200 len: 205 time: 0.0110464
2026-04-14 08:36:44.983 9 INFO neutron.api.v2.resource [None req-d3327851-e12f-400a-98eb-5e601f23adcb 0bb9c47b1972481b9250d0b05f50dbf9 522abf851a7746c6b337296071ae5d39 - - default default] delete failed (client error): The resource could not be found.
2026-04-14 08:36:44.984 9 INFO neutron.api.wsgi [None req-d3327851-e12f-400a-98eb-5e601f23adcb 0bb9c47b1972481b9250d0b05f50dbf9 522abf851a7746c6b337296071ae5d39 - - default default] 10.0.0.202 "DELETE /v2.0/routers/fb22b057-9ffa-4207-b6a9-0f95cb2ad8b1 HTTP/1.1" status: 404 len: 336 time: 0.0171530
2026-04-14 08:36:45.003 10 INFO neutron.api.wsgi [None req-5252e211-2a46-43e1-99c4-fea2a638e89d 0bb9c47b1972481b9250d0b05f50dbf9 522abf851a7746c6b337296071ae5d39 - - default default] 10.0.0.202 "GET /v2.0/ports?device_id=3a5daa46-8c13-4093-b2da-b99de2a01a7c HTTP/1.1" status: 200 len: 205 time: 0.0154474
2026-04-14 08:36:45.023 10 INFO neutron.api.v2.resource [None req-46e0fc26-73a0-4e50-b6b1-71493484d911 0bb9c47b1972481b9250d0b05f50dbf9 522abf851a7746c6b337296071ae5d39 - - default default] delete failed (client error): The resource could not be found.
2026-04-14 08:36:45.024 10 INFO neutron.api.wsgi [None req-46e0fc26-73a0-4e50-b6b1-71493484d911 0bb9c47b1972481b9250d0b05f50dbf9 522abf851a7746c6b337296071ae5d39 - - default default] 10.0.0.202 "DELETE /v2.0/routers/3a5daa46-8c13-4093-b2da-b99de2a01a7c HTTP/1.1" status: 404 len: 336 time: 0.0169711
2026-04-14 08:36:45.045 10 INFO neutron.pecan_wsgi.hooks.translation [None req-a5216dcf-1a45-498e-85e0-1b2062d38500 0bb9c47b1972481b9250d0b05f50dbf9 522abf851a7746c6b337296071ae5d39 - - default default] DELETE failed (client error): The resource could not be found.
2026-04-14 08:36:45.048 10 INFO neutron.api.wsgi [None req-a5216dcf-1a45-498e-85e0-1b2062d38500 0bb9c47b1972481b9250d0b05f50dbf9 522abf851a7746c6b337296071ae5d39 - - default default] 10.0.0.202 "DELETE /v2.0/subnets/eb9135cc-7605-4091-9f4a-514b683929a8 HTTP/1.1" status: 404 len: 337 time: 0.0191107
2026-04-14 08:36:45.076 10 INFO neutron.api.wsgi [None req-d0c57988-279b-4a4f-95e6-ebf3feaaee88 0bb9c47b1972481b9250d0b05f50dbf9 522abf851a7746c6b337296071ae5d39 - - default default] 10.0.0.202 "GET /v2.0/ports?device_id=602ff682-6074-4a59-bc81-b617f82cbc25 HTTP/1.1" status: 200 len: 205 time: 0.0239038
2026-04-14 08:36:45.094 10 INFO neutron.api.v2.resource [None req-75b2657e-b71f-4e0d-800a-284170c705c7 0bb9c47b1972481b9250d0b05f50dbf9 522abf851a7746c6b337296071ae5d39 - - default default] delete failed (client error): The resource could not be found.
2026-04-14 08:36:45.095 10 INFO neutron.api.wsgi [None req-75b2657e-b71f-4e0d-800a-284170c705c7 0bb9c47b1972481b9250d0b05f50dbf9 522abf851a7746c6b337296071ae5d39 - - default default] 10.0.0.202 "DELETE /v2.0/routers/602ff682-6074-4a59-bc81-b617f82cbc25 HTTP/1.1" status: 404 len: 336 time: 0.0150654
2026-04-14 08:36:45.120 9 INFO neutron.pecan_wsgi.hooks.translation [None req-d12079be-f5c5-4368-a643-3933220ea5ce 0bb9c47b1972481b9250d0b05f50dbf9 522abf851a7746c6b337296071ae5d39 - - default default] DELETE failed (client error): The resource could not be found.
2026-04-14 08:36:45.122 9 INFO neutron.api.wsgi [None req-d12079be-f5c5-4368-a643-3933220ea5ce 0bb9c47b1972481b9250d0b05f50dbf9 522abf851a7746c6b337296071ae5d39 - - default default] 10.0.0.202 "DELETE /v2.0/subnets/967ddeaa-8fba-4e30-a7a9-3dfc5a49b911 HTTP/1.1" status: 404 len: 337 time: 0.0198593
2026-04-14 08:36:45.146 9 INFO neutron.api.wsgi [None req-594d0ae7-8ec5-40a0-85a5-80928e25550e 0bb9c47b1972481b9250d0b05f50dbf9 522abf851a7746c6b337296071ae5d39 - - default default] 10.0.0.202 "GET /v2.0/ports?device_id=b769691c-50a1-40bb-b5a1-11364d1a3399 HTTP/1.1" status: 200 len: 205 time: 0.0191975
2026-04-14 08:36:45.169 10 INFO neutron.api.v2.resource [None req-1badf7ee-8193-4339-be37-2e5487ba52e5 0bb9c47b1972481b9250d0b05f50dbf9 522abf851a7746c6b337296071ae5d39 - - default default] delete failed (client error): The resource could not be found.
2026-04-14 08:36:45.170 10 INFO neutron.api.wsgi [None req-1badf7ee-8193-4339-be37-2e5487ba52e5 0bb9c47b1972481b9250d0b05f50dbf9 522abf851a7746c6b337296071ae5d39 - - default default] 10.0.0.202 "DELETE /v2.0/routers/b769691c-50a1-40bb-b5a1-11364d1a3399 HTTP/1.1" status: 404 len: 336 time: 0.0183990
2026-04-14 08:36:45.188 9 INFO neutron.pecan_wsgi.hooks.translation [None req-61cf64ff-d524-4867-b678-9eec91da56d9 0bb9c47b1972481b9250d0b05f50dbf9 522abf851a7746c6b337296071ae5d39 - - default default] DELETE failed (client error): The resource could not be found.
2026-04-14 08:36:45.190 9 INFO neutron.api.wsgi [None req-61cf64ff-d524-4867-b678-9eec91da56d9 0bb9c47b1972481b9250d0b05f50dbf9 522abf851a7746c6b337296071ae5d39 - - default default] 10.0.0.202 "DELETE /v2.0/subnets/c2f1554d-27e5-4c46-ac1e-5508c543c05c HTTP/1.1" status: 404 len: 337 time: 0.0153725
2026-04-14 08:36:45.207 10 INFO neutron.pecan_wsgi.hooks.translation [None req-89503c7c-b64b-4989-8145-55d10d8825b6 0bb9c47b1972481b9250d0b05f50dbf9 522abf851a7746c6b337296071ae5d39 - - default default] DELETE failed (client error): The resource could not be found.
2026-04-14 08:36:45.209 10 INFO neutron.api.wsgi [None req-89503c7c-b64b-4989-8145-55d10d8825b6 0bb9c47b1972481b9250d0b05f50dbf9 522abf851a7746c6b337296071ae5d39 - - default default] 10.0.0.202 "DELETE /v2.0/subnets/5982abc8-9fe8-4fa8-a242-198b353b92ff HTTP/1.1" status: 404 len: 337 time: 0.0148175
2026-04-14 08:36:45.324 9 INFO neutron.db.ovn_revision_numbers_db [None req-2b11dbe0-9cde-44ac-82e5-cef6de7c1104 - - - - - -] Successfully bumped revision number for resource c44ebff4-ae54-4f5d-8c04-30c10bfaf76d (type: ports) to 1
2026-04-14 08:36:45.461 10 WARNING neutron.plugins.ml2.drivers.ovn.mech_driver.ovsdb.ovn_client [None req-058789d4-1f59-456d-b428-e9cd498177fa - - - - - -] No port found with ID 4aefe13c-a153-4adf-8fbe-c7878e8c9346: RuntimeError: No port found with ID 4aefe13c-a153-4adf-8fbe-c7878e8c9346
2026-04-14 08:36:45.480 10 INFO neutron.plugins.ml2.drivers.ovn.mech_driver.mech_driver [None req-058789d4-1f59-456d-b428-e9cd498177fa - - - - - -] OVN reports status up for port: 0831a8ce-d46f-498d-89d8-28ae90313d4b
2026-04-14 08:36:45.486 10 INFO neutron.plugins.ml2.plugin [None req-058789d4-1f59-456d-b428-e9cd498177fa - - - - - -] Attempt 1 to provision port 0831a8ce-d46f-498d-89d8-28ae90313d4b
2026-04-14 08:36:45.492 10 WARNING neutron.scheduler.dhcp_agent_scheduler [None req-3e7f4b3b-c952-4696-b6e7-0c610eaf72a6 2dc33df45b2a495bb518952a8ac0f786 6ab2bef16bef4f52b6b30cc4250f469b - - default default] No more DHCP agents
2026-04-14 08:36:45.494 10 WARNING neutron.api.rpc.agentnotifiers.dhcp_rpc_agent_api [None req-3e7f4b3b-c952-4696-b6e7-0c610eaf72a6 2dc33df45b2a495bb518952a8ac0f786 6ab2bef16bef4f52b6b30cc4250f469b - - default default] Unable to schedule network 7d824db7-259b-4619-a6ae-fc8d8ac9afcb: no agents available; will retry on subsequent port and subnet creation events.
2026-04-14 08:36:45.621 9 INFO neutron.db.ovn_revision_numbers_db [None req-2b11dbe0-9cde-44ac-82e5-cef6de7c1104 - - - - - -] Successfully bumped revision number for resource c44ebff4-ae54-4f5d-8c04-30c10bfaf76d (type: ports) to 4
2026-04-14 08:36:45.668 10 INFO neutron.db.ovn_revision_numbers_db [None req-3e7f4b3b-c952-4696-b6e7-0c610eaf72a6 2dc33df45b2a495bb518952a8ac0f786 6ab2bef16bef4f52b6b30cc4250f469b - - default default] Successfully bumped revision number for resource 34236dd9-4004-495c-8cc7-23177ac68080 (type: ports) to 1
2026-04-14 08:36:45.946 10 INFO neutron.api.wsgi [None req-d76f51b9-4fee-4600-bcf1-bc8546b91aa3 2dc33df45b2a495bb518952a8ac0f786 6ab2bef16bef4f52b6b30cc4250f469b - - default default] 10.0.0.202 "GET /v2.0/security-groups?tenant_id=522abf851a7746c6b337296071ae5d39&name=default HTTP/1.1" status: 200 len: 3120 time: 0.1480498
2026-04-14 08:36:46.049 10 INFO neutron.db.ovn_revision_numbers_db [None req-058789d4-1f59-456d-b428-e9cd498177fa - - - - - -] Successfully bumped revision number for resource 0831a8ce-d46f-498d-89d8-28ae90313d4b (type: ports) to 2
2026-04-14 08:36:46.177 9 INFO neutron.db.ovn_revision_numbers_db [None req-2b11dbe0-9cde-44ac-82e5-cef6de7c1104 - - - - - -] Successfully bumped revision number for resource c44ebff4-ae54-4f5d-8c04-30c10bfaf76d (type: ports) to 5
2026-04-14 08:36:46.274 10 INFO neutron.api.wsgi [None req-10c05398-5667-43cc-b12a-e5892d566dd0 2dc33df45b2a495bb518952a8ac0f786 6ab2bef16bef4f52b6b30cc4250f469b - - default default] 10.0.0.202 "DELETE /v2.0/security-groups/2b196198-694f-4ed5-8f9d-8382bf77ed22 HTTP/1.1" status: 204 len: 168 time: 0.3166606
2026-04-14 08:36:46.405 10 INFO neutron.db.ovn_revision_numbers_db [None req-3e7f4b3b-c952-4696-b6e7-0c610eaf72a6 2dc33df45b2a495bb518952a8ac0f786 6ab2bef16bef4f52b6b30cc4250f469b - - default default] Successfully bumped revision number for resource 34236dd9-4004-495c-8cc7-23177ac68080 (type: ports) to 1
2026-04-14 08:36:46.471 10 WARNING neutron.scheduler.dhcp_agent_scheduler [None req-3e7f4b3b-c952-4696-b6e7-0c610eaf72a6 2dc33df45b2a495bb518952a8ac0f786 6ab2bef16bef4f52b6b30cc4250f469b - - default default] No more DHCP agents
2026-04-14 08:36:46.472 10 WARNING neutron.api.rpc.agentnotifiers.dhcp_rpc_agent_api [None req-3e7f4b3b-c952-4696-b6e7-0c610eaf72a6 2dc33df45b2a495bb518952a8ac0f786 6ab2bef16bef4f52b6b30cc4250f469b - - default default] Unable to schedule network 7d824db7-259b-4619-a6ae-fc8d8ac9afcb: no agents available; will retry on subsequent port and subnet creation events.
2026-04-14 08:36:46.951 10 INFO neutron.db.ovn_revision_numbers_db [None req-3e7f4b3b-c952-4696-b6e7-0c610eaf72a6 2dc33df45b2a495bb518952a8ac0f786 6ab2bef16bef4f52b6b30cc4250f469b - - default default] Successfully bumped revision number for resource 34236dd9-4004-495c-8cc7-23177ac68080 (type: router_ports) to 1
2026-04-14 08:36:46.957 10 INFO neutron.api.wsgi [None req-3e7f4b3b-c952-4696-b6e7-0c610eaf72a6 2dc33df45b2a495bb518952a8ac0f786 6ab2bef16bef4f52b6b30cc4250f469b - - default default] 10.0.0.202 "PUT /v2.0/routers/41048d3e-b056-46ff-b80e-33e96981419f/add_router_interface HTTP/1.1" status: 200 len: 503 time: 2.0154986
2026-04-14 08:36:47.649 10 WARNING neutron_lib.context [None req-28d3d58a-b3fc-427e-a124-430421b99f04 dd0ec66dda124149af0e15798bd3a7f0 e3721f7b103c4d298a7f06aaaa99cb39 - - default default] Method 'is_advsvc' is deprecated since 2023.2 release (neutron-lib 3.8.0) and will be removed once support for the old RBAC API policies will be removed from Neutron. Please use method 'is_service_role' instead.
2026-04-14 08:36:47.786 10 INFO neutron.db.ovn_revision_numbers_db [None req-28d3d58a-b3fc-427e-a124-430421b99f04 dd0ec66dda124149af0e15798bd3a7f0 e3721f7b103c4d298a7f06aaaa99cb39 - - default default] Successfully bumped revision number for resource d2b75bed-60cc-4e8a-845a-4db085999cc8 (type: security_groups) to 1
2026-04-14 08:36:47.800 10 INFO neutron.db.ovn_revision_numbers_db [None req-28d3d58a-b3fc-427e-a124-430421b99f04 dd0ec66dda124149af0e15798bd3a7f0 e3721f7b103c4d298a7f06aaaa99cb39 - - default default] Successfully bumped revision number for resource 7a8f3f89-e29c-479f-88d2-d8be3e3b8e6b (type: security_group_rules) to 0
2026-04-14 08:36:47.816 10 INFO neutron.db.ovn_revision_numbers_db [None req-28d3d58a-b3fc-427e-a124-430421b99f04 dd0ec66dda124149af0e15798bd3a7f0 e3721f7b103c4d298a7f06aaaa99cb39 - - default default] Successfully bumped revision number for resource a44c7983-1346-461d-bf12-566cc69e98aa (type: security_group_rules) to 0
2026-04-14 08:36:47.862 10 INFO neutron.api.wsgi [None req-28d3d58a-b3fc-427e-a124-430421b99f04 dd0ec66dda124149af0e15798bd3a7f0 e3721f7b103c4d298a7f06aaaa99cb39 - - default default] 10.0.0.202 "POST /v2.0/security-groups HTTP/1.1" status: 201 len: 1875 time: 0.2190027
2026-04-14 08:36:47.873 10 WARNING neutron_lib.context [None req-fadafa00-d773-4712-abfd-05aa983bf1f7 dd0ec66dda124149af0e15798bd3a7f0 e3721f7b103c4d298a7f06aaaa99cb39 - - default default] Method 'is_advsvc' is deprecated since 2023.2 release (neutron-lib 3.8.0) and will be removed once support for the old RBAC API policies will be removed from Neutron. Please use method 'is_service_role' instead.
2026-04-14 08:36:48.072 10 INFO neutron.db.ovn_revision_numbers_db [None req-fadafa00-d773-4712-abfd-05aa983bf1f7 dd0ec66dda124149af0e15798bd3a7f0 e3721f7b103c4d298a7f06aaaa99cb39 - - default default] Successfully bumped revision number for resource 802064b9-5e22-45c8-9d3c-0a232524d433 (type: security_group_rules) to 0
2026-04-14 08:36:48.116 10 INFO neutron.api.wsgi [None req-fadafa00-d773-4712-abfd-05aa983bf1f7 dd0ec66dda124149af0e15798bd3a7f0 e3721f7b103c4d298a7f06aaaa99cb39 - - default default] 10.0.0.202 "POST /v2.0/security-group-rules HTTP/1.1" status: 201 len: 796 time: 0.2485676
2026-04-14 08:36:48.126 10 WARNING neutron_lib.context [None req-f3126ce3-b8fa-4c1a-a6df-2b31bc9d5aef dd0ec66dda124149af0e15798bd3a7f0 e3721f7b103c4d298a7f06aaaa99cb39 - - default default] Method 'is_advsvc' is deprecated since 2023.2 release (neutron-lib 3.8.0) and will be removed once support for the old RBAC API policies will be removed from Neutron. Please use method 'is_service_role' instead.
2026-04-14 08:36:48.204 9 WARNING neutron_lib.context [None req-e87bd974-1a94-4d5e-b078-01387aa437b8 57256cd5eab344afb5aba92ee44f20f4 d7f56fbbe4a243ebadb1ed93146f1419 - - default default] Method 'is_advsvc' is deprecated since 2023.2 release (neutron-lib 3.8.0) and will be removed once support for the old RBAC API policies will be removed from Neutron. Please use method 'is_service_role' instead.
2026-04-14 08:36:48.233 10 INFO neutron.db.ovn_revision_numbers_db [None req-1279d66c-8953-40eb-a945-87d6cfe39df7 2dc33df45b2a495bb518952a8ac0f786 6ab2bef16bef4f52b6b30cc4250f469b - - default default] Successfully bumped revision number for resource 0a8f6bf4-47e7-47be-8999-47582000b54a (type: security_groups) to 1
2026-04-14 08:36:48.255 10 INFO neutron.db.ovn_revision_numbers_db [None req-1279d66c-8953-40eb-a945-87d6cfe39df7 2dc33df45b2a495bb518952a8ac0f786 6ab2bef16bef4f52b6b30cc4250f469b - - default default] Successfully bumped revision number for resource 4352162f-efcd-4cbd-a2bb-7ef36c3d9033 (type: security_group_rules) to 0
2026-04-14 08:36:48.259 10 INFO neutron.db.ovn_revision_numbers_db [None req-f3126ce3-b8fa-4c1a-a6df-2b31bc9d5aef dd0ec66dda124149af0e15798bd3a7f0 e3721f7b103c4d298a7f06aaaa99cb39 - - default default] Successfully bumped revision number for resource 755d38f1-1bf0-47f5-a3e0-5f4e6bb5aa1b (type: security_group_rules) to 0
