2026-04-14 08:37:02.911 9 WARNING neutron.scheduler.dhcp_agent_scheduler [None req-c3870613-b256-4dda-9b0f-75b375b7167e 0b4aad16b8684a6f84481a326966e646 b4f6d09d13d749689b6e1869ca5f7960 - - default default] No more DHCP agents
2026-04-14 08:37:02.913 9 WARNING neutron.api.rpc.agentnotifiers.dhcp_rpc_agent_api [None req-c3870613-b256-4dda-9b0f-75b375b7167e 0b4aad16b8684a6f84481a326966e646 b4f6d09d13d749689b6e1869ca5f7960 - - default default] Unable to schedule network b77f2301-5b28-4a1a-a3cc-8a72b7b9010e: no agents available; will retry on subsequent port and subnet creation events.
2026-04-14 08:37:02.978 9 INFO neutron.db.ovn_revision_numbers_db [None req-c3870613-b256-4dda-9b0f-75b375b7167e 0b4aad16b8684a6f84481a326966e646 b4f6d09d13d749689b6e1869ca5f7960 - - default default] Successfully bumped revision number for resource 02351f23-79bf-44b9-8eb5-dcb98b8e1e1d (type: ports) to 1
2026-04-14 08:37:03.000 9 INFO neutron.api.wsgi [None req-c3870613-b256-4dda-9b0f-75b375b7167e 0b4aad16b8684a6f84481a326966e646 b4f6d09d13d749689b6e1869ca5f7960 - - default default] 10.0.0.202 "POST /v2.0/networks HTTP/1.1" status: 201 len: 1445 time: 1.1805654
2026-04-14 08:37:03.053 9 INFO neutron.api.wsgi [None req-53dd53e6-c13f-42fe-b220-5cc567c58b05 0b4aad16b8684a6f84481a326966e646 b4f6d09d13d749689b6e1869ca5f7960 - - default default] 10.0.0.202 "GET /v2.0/networks HTTP/1.1" status: 200 len: 2051 time: 0.0485215
2026-04-14 08:37:03.351 9 INFO neutron.services.segments.plugin [-] Segment ce33296d-3220-4b01-b590-231c9ad1073f resource provider aggregate not found
2026-04-14 08:37:03.356 9 INFO neutron.services.segments.plugin [-] Segment ce33296d-3220-4b01-b590-231c9ad1073f resource provider aggregate not found
2026-04-14 08:37:03.374 9 INFO neutron.services.segments.plugin [-] Segment ce33296d-3220-4b01-b590-231c9ad1073f resource provider not found; error: Placement Client Error (4xx): {"errors": [{"status": 404, "title": "Not Found", "detail": "The resource could not be found.\n\n No resource provider with uuid ce33296d-3220-4b01-b590-231c9ad1073f found for delete ", "request_id": "req-f0d8c95d-5c1f-4634-b758-3da01eadecfe"}]}
2026-04-14 08:37:03.378 9 INFO neutron.services.segments.plugin [-] Segment ce33296d-3220-4b01-b590-231c9ad1073f resource provider not found; error: Placement Client Error (4xx): {"errors": [{"status": 404, "title": "Not Found", "detail": "The resource could not be found.\n\n No resource provider with uuid ce33296d-3220-4b01-b590-231c9ad1073f found for delete ", "request_id": "req-0be7ed47-23f6-4a70-a73c-c6366c7fe8a2"}]}
2026-04-14 08:37:03.387 9 INFO neutron.api.wsgi [None req-7b5ca9d6-307a-40ba-972c-7da349333477 0b4aad16b8684a6f84481a326966e646 b4f6d09d13d749689b6e1869ca5f7960 - - default default] 10.0.0.202 "DELETE /v2.0/networks/7c824a3d-c127-4cd1-97bc-a56d89f8df4d HTTP/1.1" status: 204 len: 168 time: 0.3292372
2026-04-14 08:37:03.725 9 INFO neutron.api.wsgi [req-274c7549-a072-483c-924d-828d381f5fb1 req-c04e94bc-5765-448d-9b7f-484b0c60c02c dd0ec66dda124149af0e15798bd3a7f0 e3721f7b103c4d298a7f06aaaa99cb39 - - default default] 10.0.0.168 "GET /v2.0/ports?device_id=6d213188-dc50-44bd-8499-40d86a0b8034 HTTP/1.1" status: 200 len: 1210 time: 0.0891984
2026-04-14 08:37:03.729 9 INFO neutron.api.wsgi [None req-d63d2a1b-1342-4658-944e-f2e1ae47cf1e 0b4aad16b8684a6f84481a326966e646 b4f6d09d13d749689b6e1869ca5f7960 - - default default] 10.0.0.202 "DELETE /v2.0/networks/b77f2301-5b28-4a1a-a3cc-8a72b7b9010e HTTP/1.1" status: 204 len: 168 time: 0.3386810
2026-04-14 08:37:03.769 9 INFO neutron.api.wsgi [req-274c7549-a072-483c-924d-828d381f5fb1 req-389804e5-b8b0-4214-bb1c-9cdaeb55e747 dd0ec66dda124149af0e15798bd3a7f0 e3721f7b103c4d298a7f06aaaa99cb39 - - default default] 10.0.0.168 "GET /v2.0/security-groups?id=6d01f414-cc1b-417a-999a-80009fb130df&id=d2b75bed-60cc-4e8a-845a-4db085999cc8&fields=id&fields=name HTTP/1.1" status: 200 len: 405 time: 0.0359066
2026-04-14 08:37:03.801 10 INFO neutron.api.wsgi [None req-1c5ae9fd-df73-4f82-a164-32c4903d93aa 0b4aad16b8684a6f84481a326966e646 b4f6d09d13d749689b6e1869ca5f7960 - - default default] 10.0.0.202 "GET /v2.0/networks HTTP/1.1" status: 200 len: 845 time: 0.0674360
2026-04-14 08:37:03.816 10 WARNING neutron_lib.context [None req-ccc515e3-0df8-4464-9983-31afeddaf7cb 0b4aad16b8684a6f84481a326966e646 b4f6d09d13d749689b6e1869ca5f7960 - - default default] Method 'is_advsvc' is deprecated since 2023.2 release (neutron-lib 3.8.0) and will be removed once support for the old RBAC API policies will be removed from Neutron. Please use method 'is_service_role' instead.
2026-04-14 08:37:03.835 10 INFO neutron.notifiers.nova [-] Nova event matching ['req-32b2acb5-a5c4-481a-be1b-3e8f9db9a528'] response: {'server_uuid': '6d213188-dc50-44bd-8499-40d86a0b8034', 'name': 'network-vif-plugged', 'status': 'completed', 'tag': 'ed453a01-e117-4141-9a3e-a203a12f2b8e', 'code': 200}
2026-04-14 08:37:03.867 9 INFO neutron.api.wsgi [req-1b8d3b4e-6360-4fd8-9a28-b9485c90561c req-af4bae6f-9bcb-46ee-83b3-289efbe5af70 dd0ec66dda124149af0e15798bd3a7f0 e3721f7b103c4d298a7f06aaaa99cb39 - - default default] 10.0.0.168 "GET /v2.0/ports?device_id=6d213188-dc50-44bd-8499-40d86a0b8034 HTTP/1.1" status: 200 len: 1210 time: 0.0333819
2026-04-14 08:37:03.904 10 INFO neutron.db.segments_db [None req-ccc515e3-0df8-4464-9983-31afeddaf7cb 0b4aad16b8684a6f84481a326966e646 b4f6d09d13d749689b6e1869ca5f7960 - - default default] Added segment 307fcae5-a62b-466d-a3f9-6987628b0734 of type geneve for network c2a9ce2d-8e60-4dd8-b37b-6a78643d1c0a
2026-04-14 08:37:04.023 10 INFO neutron.db.ovn_revision_numbers_db [None req-ccc515e3-0df8-4464-9983-31afeddaf7cb 0b4aad16b8684a6f84481a326966e646 b4f6d09d13d749689b6e1869ca5f7960 - - default default] Successfully bumped revision number for resource c2a9ce2d-8e60-4dd8-b37b-6a78643d1c0a (type: networks) to 1
2026-04-14 08:37:04.184 10 WARNING neutron.scheduler.dhcp_agent_scheduler [None req-ccc515e3-0df8-4464-9983-31afeddaf7cb 0b4aad16b8684a6f84481a326966e646 b4f6d09d13d749689b6e1869ca5f7960 - - default default] No more DHCP agents
2026-04-14 08:37:04.186 10 WARNING neutron.api.rpc.agentnotifiers.dhcp_rpc_agent_api [None req-ccc515e3-0df8-4464-9983-31afeddaf7cb 0b4aad16b8684a6f84481a326966e646 b4f6d09d13d749689b6e1869ca5f7960 - - default default] Unable to schedule network c2a9ce2d-8e60-4dd8-b37b-6a78643d1c0a: no agents available; will retry on subsequent port and subnet creation events.
2026-04-14 08:37:04.246 10 INFO neutron.db.ovn_revision_numbers_db [None req-ccc515e3-0df8-4464-9983-31afeddaf7cb 0b4aad16b8684a6f84481a326966e646 b4f6d09d13d749689b6e1869ca5f7960 - - default default] Successfully bumped revision number for resource bc8f053d-99eb-4736-91cb-bc6d351d322a (type: ports) to 1
2026-04-14 08:37:04.265 10 INFO neutron.api.wsgi [None req-ccc515e3-0df8-4464-9983-31afeddaf7cb 0b4aad16b8684a6f84481a326966e646 b4f6d09d13d749689b6e1869ca5f7960 - - default default] 10.0.0.202 "POST /v2.0/networks HTTP/1.1" status: 201 len: 849 time: 0.4547319
2026-04-14 08:37:04.274 10 WARNING neutron_lib.context [None req-f63172f6-2914-4109-bbca-2b304326bbf4 0b4aad16b8684a6f84481a326966e646 b4f6d09d13d749689b6e1869ca5f7960 - - default default] Method 'is_advsvc' is deprecated since 2023.2 release (neutron-lib 3.8.0) and will be removed once support for the old RBAC API policies will be removed from Neutron. Please use method 'is_service_role' instead.
2026-04-14 08:37:04.344 9 INFO neutron.db.ovn_revision_numbers_db [None req-bc6b829e-b35d-4f96-9a5a-14f028396319 dd0ec66dda124149af0e15798bd3a7f0 e3721f7b103c4d298a7f06aaaa99cb39 - - default default] Successfully bumped revision number for resource 682f78d1-b110-4922-840d-133ca09e46b9 (type: floatingips) to 1
2026-04-14 08:37:04.350 10 INFO neutron.db.segments_db [None req-f63172f6-2914-4109-bbca-2b304326bbf4 0b4aad16b8684a6f84481a326966e646 b4f6d09d13d749689b6e1869ca5f7960 - - default default] Added segment 40fee3a7-010f-4a63-8b85-236862466685 of type geneve for network 7fd504cc-4f11-4280-ad80-84983d9657a1
2026-04-14 08:37:04.459 9 INFO neutron.db.ovn_revision_numbers_db [None req-bc6b829e-b35d-4f96-9a5a-14f028396319 dd0ec66dda124149af0e15798bd3a7f0 e3721f7b103c4d298a7f06aaaa99cb39 - - default default] Successfully bumped revision number for resource 682f78d1-b110-4922-840d-133ca09e46b9 (type: floatingips) to 2
2026-04-14 08:37:04.460 9 INFO neutron.db.l3_db [None req-bc6b829e-b35d-4f96-9a5a-14f028396319 dd0ec66dda124149af0e15798bd3a7f0 e3721f7b103c4d298a7f06aaaa99cb39 - - default default] Floating IP 682f78d1-b110-4922-840d-133ca09e46b9 associated. External IP: 10.96.250.217, port: ed453a01-e117-4141-9a3e-a203a12f2b8e.
2026-04-14 08:37:04.476 10 INFO neutron.db.ovn_revision_numbers_db [None req-f63172f6-2914-4109-bbca-2b304326bbf4 0b4aad16b8684a6f84481a326966e646 b4f6d09d13d749689b6e1869ca5f7960 - - default default] Successfully bumped revision number for resource 7fd504cc-4f11-4280-ad80-84983d9657a1 (type: networks) to 1
2026-04-14 08:37:04.489 9 INFO neutron.api.wsgi [None req-bc6b829e-b35d-4f96-9a5a-14f028396319 dd0ec66dda124149af0e15798bd3a7f0 e3721f7b103c4d298a7f06aaaa99cb39 - - default default] 10.0.0.202 "PUT /v2.0/floatingips/682f78d1-b110-4922-840d-133ca09e46b9 HTTP/1.1" status: 200 len: 1049 time: 0.6063378
2026-04-14 08:37:04.519 9 INFO neutron.notifiers.nova [-] Nova event matching ['req-3541f96a-a818-4a15-b299-3dbb3b4d5ffb'] response: {'name': 'network-changed', 'server_uuid': '6d213188-dc50-44bd-8499-40d86a0b8034', 'tag': 'ed453a01-e117-4141-9a3e-a203a12f2b8e', 'status': 'completed', 'code': 200}
2026-04-14 08:37:04.612 9 INFO neutron.db.ovn_revision_numbers_db [None req-de613feb-fc78-414a-9a26-a13692a027c3 2dc33df45b2a495bb518952a8ac0f786 6ab2bef16bef4f52b6b30cc4250f469b - - default default] Successfully bumped revision number for resource 7b9e82d1-1266-4edd-851e-c6c51dd41197 (type: security_groups) to 1
2026-04-14 08:37:04.623 9 INFO neutron.db.ovn_revision_numbers_db [None req-de613feb-fc78-414a-9a26-a13692a027c3 2dc33df45b2a495bb518952a8ac0f786 6ab2bef16bef4f52b6b30cc4250f469b - - default default] Successfully bumped revision number for resource 1769a98d-8308-436d-ae60-26459c888cc7 (type: security_group_rules) to 0
2026-04-14 08:37:04.623 10 WARNING neutron.scheduler.dhcp_agent_scheduler [None req-f63172f6-2914-4109-bbca-2b304326bbf4 0b4aad16b8684a6f84481a326966e646 b4f6d09d13d749689b6e1869ca5f7960 - - default default] No more DHCP agents
2026-04-14 08:37:04.625 10 WARNING neutron.api.rpc.agentnotifiers.dhcp_rpc_agent_api [None req-f63172f6-2914-4109-bbca-2b304326bbf4 0b4aad16b8684a6f84481a326966e646 b4f6d09d13d749689b6e1869ca5f7960 - - default default] Unable to schedule network 7fd504cc-4f11-4280-ad80-84983d9657a1: no agents available; will retry on subsequent port and subnet creation events.
2026-04-14 08:37:04.636 9 INFO neutron.db.ovn_revision_numbers_db [None req-de613feb-fc78-414a-9a26-a13692a027c3 2dc33df45b2a495bb518952a8ac0f786 6ab2bef16bef4f52b6b30cc4250f469b - - default default] Successfully bumped revision number for resource 24526b0e-a355-4e01-85a4-b6a0718c0359 (type: security_group_rules) to 0
2026-04-14 08:37:04.650 9 INFO neutron.db.ovn_revision_numbers_db [None req-de613feb-fc78-414a-9a26-a13692a027c3 2dc33df45b2a495bb518952a8ac0f786 6ab2bef16bef4f52b6b30cc4250f469b - - default default] Successfully bumped revision number for resource d4e705a1-9458-46ae-993a-71c43d1b9375 (type: security_group_rules) to 0
2026-04-14 08:37:04.665 9 INFO neutron.db.ovn_revision_numbers_db [None req-de613feb-fc78-414a-9a26-a13692a027c3 2dc33df45b2a495bb518952a8ac0f786 6ab2bef16bef4f52b6b30cc4250f469b - - default default] Successfully bumped revision number for resource e4340dd3-73b2-428f-bc0c-d6b51909a585 (type: security_group_rules) to 0
2026-04-14 08:37:04.693 10 INFO neutron.db.ovn_revision_numbers_db [None req-f63172f6-2914-4109-bbca-2b304326bbf4 0b4aad16b8684a6f84481a326966e646 b4f6d09d13d749689b6e1869ca5f7960 - - default default] Successfully bumped revision number for resource 086a167d-1bbf-457a-8ab5-5a3439661fb8 (type: ports) to 1
2026-04-14 08:37:04.702 9 INFO neutron.api.wsgi [None req-de613feb-fc78-414a-9a26-a13692a027c3 2dc33df45b2a495bb518952a8ac0f786 6ab2bef16bef4f52b6b30cc4250f469b - - default default] 10.0.0.202 "GET /v2.0/security-groups?tenant_id=07ddbd3e8257417b8764a6c3372dc479&name=default HTTP/1.1" status: 200 len: 3120 time: 0.3263009 /var/lib/openstack/lib/python3.12/site-packages/pycadf/identifier.py:71: UserWarning: Invalid uuid: neutron. To ensure interoperability, identifiers should be a valid uuid. warnings.warn(('Invalid uuid: %s. To ensure interoperability, '
2026-04-14 08:37:04.719 10 INFO neutron.api.wsgi [None req-f63172f6-2914-4109-bbca-2b304326bbf4 0b4aad16b8684a6f84481a326966e646 b4f6d09d13d749689b6e1869ca5f7960 - - default default] 10.0.0.202 "POST /v2.0/networks HTTP/1.1" status: 201 len: 848 time: 0.4489970
2026-04-14 08:37:04.731 9 WARNING neutron_lib.context [None req-5dd9f5b2-520f-41d0-99a1-86da3423bcad 0b4aad16b8684a6f84481a326966e646 b4f6d09d13d749689b6e1869ca5f7960 - - default default] Method 'is_advsvc' is deprecated since 2023.2 release (neutron-lib 3.8.0) and will be removed once support for the old RBAC API policies will be removed from Neutron. Please use method 'is_service_role' instead.
2026-04-14 08:37:04.757 9 WARNING neutron_lib.context [None req-5dd9f5b2-520f-41d0-99a1-86da3423bcad 0b4aad16b8684a6f84481a326966e646 b4f6d09d13d749689b6e1869ca5f7960 - - default default] Method 'is_advsvc' is deprecated since 2023.2 release (neutron-lib 3.8.0) and will be removed once support for the old RBAC API policies will be removed from Neutron. Please use method 'is_service_role' instead.
2026-04-14 08:37:04.940 10 INFO neutron.api.wsgi [None req-09a5a871-b25c-4d50-b1db-ab6676b73a32 2dc33df45b2a495bb518952a8ac0f786 6ab2bef16bef4f52b6b30cc4250f469b - - default default] 10.0.0.202 "DELETE /v2.0/security-groups/7b9e82d1-1266-4edd-851e-c6c51dd41197 HTTP/1.1" status: 204 len: 168 time: 0.2330291 /var/lib/openstack/lib/python3.12/site-packages/pycadf/identifier.py:71: UserWarning: Invalid uuid: neutron. To ensure interoperability, identifiers should be a valid uuid. warnings.warn(('Invalid uuid: %s. To ensure interoperability, '
2026-04-14 08:37:05.067 9 INFO neutron.api.wsgi [req-1cfb62cf-ea0e-4942-b346-edac51c17bcb req-93850c60-13a0-4f90-bf04-85c5a9f44163 1d7b2d2c69ff40e8bd9cf43f5fd3632e bd3901792eca4d22b3eaa9bd9526ce90 - - 214d9bc4be274bc68d120ef41c8246ed 214d9bc4be274bc68d120ef41c8246ed] 199.204.45.78 "GET /v2.0/ports?tenant_id=e3721f7b103c4d298a7f06aaaa99cb39&device_id=6d213188-dc50-44bd-8499-40d86a0b8034 HTTP/1.1" status: 200 len: 1448 time: 0.0382557
2026-04-14 08:37:05.127 9 INFO neutron.api.wsgi [req-1cfb62cf-ea0e-4942-b346-edac51c17bcb req-cc08a9bd-8d5c-482d-9261-904265addf5d 1d7b2d2c69ff40e8bd9cf43f5fd3632e bd3901792eca4d22b3eaa9bd9526ce90 - - 214d9bc4be274bc68d120ef41c8246ed 214d9bc4be274bc68d120ef41c8246ed] 199.204.45.78 "GET /v2.0/networks?id=2c3f2a14-7fc8-41e0-a8d9-6876dc1900ca HTTP/1.1" status: 200 len: 970 time: 0.0563450
2026-04-14 08:37:05.180 9 INFO neutron.api.wsgi [req-1cfb62cf-ea0e-4942-b346-edac51c17bcb req-40dd4459-ff48-4f54-8e67-206e38326d8b 1d7b2d2c69ff40e8bd9cf43f5fd3632e bd3901792eca4d22b3eaa9bd9526ce90 - - 214d9bc4be274bc68d120ef41c8246ed 214d9bc4be274bc68d120ef41c8246ed] 199.204.45.78 "GET /v2.0/floatingips?fixed_ip_address=10.100.0.7&port_id=ed453a01-e117-4141-9a3e-a203a12f2b8e HTTP/1.1" status: 200 len: 1059 time: 0.0465827 /var/lib/openstack/lib/python3.12/site-packages/pycadf/identifier.py:71: UserWarning: Invalid uuid: neutron. To ensure interoperability, identifiers should be a valid uuid. warnings.warn(('Invalid uuid: %s. To ensure interoperability, '
2026-04-14 08:37:05.194 9 WARNING neutron.scheduler.dhcp_agent_scheduler [None req-5dd9f5b2-520f-41d0-99a1-86da3423bcad 0b4aad16b8684a6f84481a326966e646 b4f6d09d13d749689b6e1869ca5f7960 - - default default] No more DHCP agents
2026-04-14 08:37:05.199 9 WARNING neutron.api.rpc.agentnotifiers.dhcp_rpc_agent_api [None req-5dd9f5b2-520f-41d0-99a1-86da3423bcad 0b4aad16b8684a6f84481a326966e646 b4f6d09d13d749689b6e1869ca5f7960 - - default default] Unable to schedule network c2a9ce2d-8e60-4dd8-b37b-6a78643d1c0a: no agents available; will retry on subsequent port and subnet creation events.
2026-04-14 08:37:05.211 9 INFO neutron.api.wsgi [req-1cfb62cf-ea0e-4942-b346-edac51c17bcb req-e894fbe8-b0cb-4be4-b467-8670b5271e7d 1d7b2d2c69ff40e8bd9cf43f5fd3632e bd3901792eca4d22b3eaa9bd9526ce90 - - 214d9bc4be274bc68d120ef41c8246ed 214d9bc4be274bc68d120ef41c8246ed] 199.204.45.78 "GET /v2.0/subnets?id=c17bb53c-a62f-4c6a-944a-ce0f880de8b2 HTTP/1.1" status: 200 len: 889 time: 0.0254619
2026-04-14 08:37:05.236 9 INFO neutron.api.wsgi [req-1cfb62cf-ea0e-4942-b346-edac51c17bcb req-0ba1407f-42ee-42b1-81b3-079d2e742a2d 1d7b2d2c69ff40e8bd9cf43f5fd3632e bd3901792eca4d22b3eaa9bd9526ce90 - - 214d9bc4be274bc68d120ef41c8246ed 214d9bc4be274bc68d120ef41c8246ed] 199.204.45.78 "GET /v2.0/ports?network_id=2c3f2a14-7fc8-41e0-a8d9-6876dc1900ca&device_owner=network%3Adhcp HTTP/1.1" status: 200 len: 210 time: 0.0201318
2026-04-14 08:37:05.293 9 INFO neutron.db.ovn_revision_numbers_db [None req-5dd9f5b2-520f-41d0-99a1-86da3423bcad 0b4aad16b8684a6f84481a326966e646 b4f6d09d13d749689b6e1869ca5f7960 - - default default] Successfully bumped revision number for resource 47df0665-f6ff-4673-9ab6-7cd349422c32 (type: ports) to 1
2026-04-14 08:37:05.296 9 INFO neutron.api.wsgi [req-1cfb62cf-ea0e-4942-b346-edac51c17bcb req-3f51a5bb-ea75-40fc-ad13-c9f619f78593 1d7b2d2c69ff40e8bd9cf43f5fd3632e bd3901792eca4d22b3eaa9bd9526ce90 - - 214d9bc4be274bc68d120ef41c8246ed 214d9bc4be274bc68d120ef41c8246ed] 199.204.45.78 "GET /v2.0/networks/2c3f2a14-7fc8-41e0-a8d9-6876dc1900ca?fields=segments HTTP/1.1" status: 200 len: 212 time: 0.0540516
2026-04-14 08:37:05.344 9 INFO neutron.api.wsgi [req-1cfb62cf-ea0e-4942-b346-edac51c17bcb req-b2f40bd7-5bea-466d-b443-d746bedbd843 1d7b2d2c69ff40e8bd9cf43f5fd3632e bd3901792eca4d22b3eaa9bd9526ce90 - - 214d9bc4be274bc68d120ef41c8246ed 214d9bc4be274bc68d120ef41c8246ed] 199.204.45.78 "GET /v2.0/networks/2c3f2a14-7fc8-41e0-a8d9-6876dc1900ca?fields=provider%3Aphysical_network&fields=provider%3Anetwork_type HTTP/1.1" status: 200 len: 277 time: 0.0438199
2026-04-14 08:37:05.346 9 WARNING neutron.scheduler.dhcp_agent_scheduler [None req-5dd9f5b2-520f-41d0-99a1-86da3423bcad 0b4aad16b8684a6f84481a326966e646 b4f6d09d13d749689b6e1869ca5f7960 - - default default] No more DHCP agents
2026-04-14 08:37:05.347 9 WARNING neutron.api.rpc.agentnotifiers.dhcp_rpc_agent_api [None req-5dd9f5b2-520f-41d0-99a1-86da3423bcad 0b4aad16b8684a6f84481a326966e646 b4f6d09d13d749689b6e1869ca5f7960 - - default default] Unable to schedule network 7fd504cc-4f11-4280-ad80-84983d9657a1: no agents available; will retry on subsequent port and subnet creation events.
2026-04-14 08:37:05.398 9 INFO neutron.services.segments.plugin [-] Segment 557a31b6-7445-40d0-91d0-71442c6e5855 resource provider aggregate not found
2026-04-14 08:37:05.403 9 INFO neutron.services.segments.plugin [-] Segment 557a31b6-7445-40d0-91d0-71442c6e5855 resource provider aggregate not found
2026-04-14 08:37:05.426 9 INFO neutron.services.segments.plugin [-] Segment 557a31b6-7445-40d0-91d0-71442c6e5855 resource provider not found; error: Placement Client Error (4xx): {"errors": [{"status": 404, "title": "Not Found", "detail": "The resource could not be found.\n\n No resource provider with uuid 557a31b6-7445-40d0-91d0-71442c6e5855 found for delete ", "request_id": "req-bc8fdc55-7c9f-4c36-b87a-ccf4b4b645f3"}]}
2026-04-14 08:37:05.429 9 INFO neutron.services.segments.plugin [-] Segment 557a31b6-7445-40d0-91d0-71442c6e5855 resource provider not found; error: Placement Client Error (4xx): {"errors": [{"status": 404, "title": "Not Found", "detail": "The resource could not be found.\n\n No resource provider with uuid 557a31b6-7445-40d0-91d0-71442c6e5855 found for delete ", "request_id": "req-a06d1626-631d-4407-a626-f006aa8bb87a"}]}
2026-04-14 08:37:05.443 9 INFO neutron.db.ovn_revision_numbers_db [None req-5dd9f5b2-520f-41d0-99a1-86da3423bcad 0b4aad16b8684a6f84481a326966e646 b4f6d09d13d749689b6e1869ca5f7960 - - default default] Successfully bumped revision number for resource f6d85164-cd25-412c-a538-304b265931ab (type: ports) to 1
2026-04-14 08:37:05.467 9 INFO neutron.api.wsgi [None req-5dd9f5b2-520f-41d0-99a1-86da3423bcad 0b4aad16b8684a6f84481a326966e646 b4f6d09d13d749689b6e1869ca5f7960 - - default default] 10.0.0.202 "POST /v2.0/ports HTTP/1.1" status: 201 len: 1706 time: 0.7417009 /var/lib/openstack/lib/python3.12/site-packages/pycadf/identifier.py:71: UserWarning: Invalid uuid: neutron. To ensure interoperability, identifiers should be a valid uuid. warnings.warn(('Invalid uuid: %s. To ensure interoperability, '
2026-04-14 08:37:05.564 9 INFO neutron.api.wsgi [None req-3acd6256-43e3-43aa-951c-58d52480fd19 0b4aad16b8684a6f84481a326966e646 b4f6d09d13d749689b6e1869ca5f7960 - - default default] 10.0.0.202 "GET /v2.0/ports HTTP/1.1" status: 200 len: 3213 time: 0.0917940
2026-04-14 08:37:05.813 10 INFO neutron.api.wsgi [None req-7879acdf-e93d-46d2-96a7-180470a89ab2 0b4aad16b8684a6f84481a326966e646 b4f6d09d13d749689b6e1869ca5f7960 - - default default] 10.0.0.202 "DELETE /v2.0/ports/47df0665-f6ff-4673-9ab6-7cd349422c32 HTTP/1.1" status: 204 len: 168 time: 0.2422261
2026-04-14 08:37:06.058 10 INFO neutron.api.wsgi [None req-07550cfb-edb6-43ff-a450-1ca4baeb6115 0b4aad16b8684a6f84481a326966e646 b4f6d09d13d749689b6e1869ca5f7960 - - default default] 10.0.0.202 "DELETE /v2.0/ports/f6d85164-cd25-412c-a538-304b265931ab HTTP/1.1" status: 204 len: 168 time: 0.2363641
2026-04-14 08:37:06.097 10 INFO neutron.api.wsgi [None req-953d19d2-82ef-403f-8a57-7ee19d2e8d31 0b4aad16b8684a6f84481a326966e646 b4f6d09d13d749689b6e1869ca5f7960 - - default default] 10.0.0.202 "GET /v2.0/ports HTTP/1.1" status: 200 len: 1718 time: 0.0339122
2026-04-14 08:37:06.114 10 WARNING neutron_lib.context [None req-f077516c-25ce-49ea-a30c-229223fad53f 0b4aad16b8684a6f84481a326966e646 b4f6d09d13d749689b6e1869ca5f7960 - - default default] Method 'is_advsvc' is deprecated since 2023.2 release (neutron-lib 3.8.0) and will be removed once support for the old RBAC API policies will be removed from Neutron. Please use method 'is_service_role' instead.
2026-04-14 08:37:06.199 10 INFO neutron.db.segments_db [None req-f077516c-25ce-49ea-a30c-229223fad53f 0b4aad16b8684a6f84481a326966e646 b4f6d09d13d749689b6e1869ca5f7960 - - default default] Added segment ef9c0f97-fd08-48c3-9a55-53f16882f9ca of type geneve for network 2ff0617c-4476-477c-a5f8-9b38778eed2a
2026-04-14 08:37:06.316 10 INFO neutron.db.ovn_revision_numbers_db [None req-f077516c-25ce-49ea-a30c-229223fad53f 0b4aad16b8684a6f84481a326966e646 b4f6d09d13d749689b6e1869ca5f7960 - - default default] Successfully bumped revision number for resource 2ff0617c-4476-477c-a5f8-9b38778eed2a (type: networks) to 1
2026-04-14 08:37:06.496 10 WARNING neutron.scheduler.dhcp_agent_scheduler [None req-f077516c-25ce-49ea-a30c-229223fad53f 0b4aad16b8684a6f84481a326966e646 b4f6d09d13d749689b6e1869ca5f7960 - - default default] No more DHCP agents
2026-04-14 08:37:06.497 10 WARNING neutron.api.rpc.agentnotifiers.dhcp_rpc_agent_api [None req-f077516c-25ce-49ea-a30c-229223fad53f 0b4aad16b8684a6f84481a326966e646 b4f6d09d13d749689b6e1869ca5f7960 - - default default] Unable to schedule network 2ff0617c-4476-477c-a5f8-9b38778eed2a: no agents available; will retry on subsequent port and subnet creation events.
2026-04-14 08:37:06.557 10 INFO neutron.db.ovn_revision_numbers_db [None req-f077516c-25ce-49ea-a30c-229223fad53f 0b4aad16b8684a6f84481a326966e646 b4f6d09d13d749689b6e1869ca5f7960 - - default default] Successfully bumped revision number for resource c21e4195-e705-404b-bb66-d598950d7b8d (type: ports) to 1
2026-04-14 08:37:06.577 10 INFO neutron.api.wsgi [None req-f077516c-25ce-49ea-a30c-229223fad53f 0b4aad16b8684a6f84481a326966e646 b4f6d09d13d749689b6e1869ca5f7960 - - default default] 10.0.0.202 "POST /v2.0/networks HTTP/1.1" status: 201 len: 849 time: 0.4690888
2026-04-14 08:37:06.586 10 WARNING neutron_lib.context [None req-15bc125a-a395-40b9-8ac4-ad9b68620adb 0b4aad16b8684a6f84481a326966e646 b4f6d09d13d749689b6e1869ca5f7960 - - default default] Method 'is_advsvc' is deprecated since 2023.2 release (neutron-lib 3.8.0) and will be removed once support for the old RBAC API policies will be removed from Neutron. Please use method 'is_service_role' instead.
2026-04-14 08:37:06.659 10 INFO neutron.db.segments_db [None req-15bc125a-a395-40b9-8ac4-ad9b68620adb 0b4aad16b8684a6f84481a326966e646 b4f6d09d13d749689b6e1869ca5f7960 - - default default] Added segment 8c87099b-0441-4345-b924-4de6b1bb0d32 of type geneve for network f3280a41-a740-4d6e-b613-c631aafa92c2
2026-04-14 08:37:06.765 10 INFO neutron.db.ovn_revision_numbers_db [None req-15bc125a-a395-40b9-8ac4-ad9b68620adb 0b4aad16b8684a6f84481a326966e646 b4f6d09d13d749689b6e1869ca5f7960 - - default default] Successfully bumped revision number for resource f3280a41-a740-4d6e-b613-c631aafa92c2 (type: networks) to 1
2026-04-14 08:37:06.921 10 WARNING neutron.scheduler.dhcp_agent_scheduler [None req-15bc125a-a395-40b9-8ac4-ad9b68620adb 0b4aad16b8684a6f84481a326966e646 b4f6d09d13d749689b6e1869ca5f7960 - - default default] No more DHCP agents
2026-04-14 08:37:06.922 10 WARNING neutron.api.rpc.agentnotifiers.dhcp_rpc_agent_api [None req-15bc125a-a395-40b9-8ac4-ad9b68620adb 0b4aad16b8684a6f84481a326966e646 b4f6d09d13d749689b6e1869ca5f7960 - - default default] Unable to schedule network f3280a41-a740-4d6e-b613-c631aafa92c2: no agents available; will retry on subsequent port and subnet creation events.
2026-04-14 08:37:06.980 10 INFO neutron.db.ovn_revision_numbers_db [None req-15bc125a-a395-40b9-8ac4-ad9b68620adb 0b4aad16b8684a6f84481a326966e646 b4f6d09d13d749689b6e1869ca5f7960 - - default default] Successfully bumped revision number for resource 40fab912-2e70-4036-acb0-2a3872c03d76 (type: ports) to 1
2026-04-14 08:37:07.004 10 INFO neutron.api.wsgi [None req-15bc125a-a395-40b9-8ac4-ad9b68620adb 0b4aad16b8684a6f84481a326966e646 b4f6d09d13d749689b6e1869ca5f7960 - - default default] 10.0.0.202 "POST /v2.0/networks HTTP/1.1" status: 201 len: 847 time: 0.4212222
2026-04-14 08:37:07.044 10 WARNING neutron_lib.context [None req-9c4d294f-737e-484e-990c-606a5a53d4e5 0b4aad16b8684a6f84481a326966e646 b4f6d09d13d749689b6e1869ca5f7960 - - default default] Method 'is_advsvc' is deprecated since 2023.2 release (neutron-lib 3.8.0) and will be removed once support for the old RBAC API policies will be removed from Neutron. Please use method 'is_service_role' instead.
2026-04-14 08:37:07.062 10 WARNING neutron_lib.context [None req-9c4d294f-737e-484e-990c-606a5a53d4e5 0b4aad16b8684a6f84481a326966e646 b4f6d09d13d749689b6e1869ca5f7960 - - default default] Method 'is_advsvc' is deprecated since 2023.2 release (neutron-lib 3.8.0) and will be removed once support for the old RBAC API policies will be removed from Neutron. Please use method 'is_service_role' instead.
2026-04-14 08:37:07.378 10 WARNING neutron.scheduler.dhcp_agent_scheduler [None req-9c4d294f-737e-484e-990c-606a5a53d4e5 0b4aad16b8684a6f84481a326966e646 b4f6d09d13d749689b6e1869ca5f7960 - - default default] No more DHCP agents
2026-04-14 08:37:07.380 10 WARNING neutron.api.rpc.agentnotifiers.dhcp_rpc_agent_api [None req-9c4d294f-737e-484e-990c-606a5a53d4e5 0b4aad16b8684a6f84481a326966e646 b4f6d09d13d749689b6e1869ca5f7960 - - default default] Unable to schedule network 2ff0617c-4476-477c-a5f8-9b38778eed2a: no agents available; will retry on subsequent port and subnet creation events.
2026-04-14 08:37:07.775 10 INFO neutron.db.ovn_revision_numbers_db [None req-ae8c4ee5-6244-4952-9904-8daf746a5c76 - - - - - -] Successfully bumped revision number for resource c21e4195-e705-404b-bb66-d598950d7b8d (type: ports) to 2
2026-04-14 08:37:07.803 10 INFO neutron.db.ovn_revision_numbers_db [None req-ae8c4ee5-6244-4952-9904-8daf746a5c76 - - - - - -] Successfully bumped revision number for resource d5b1f27f-23d7-4743-8597-2193f72c4588 (type: subnets) to 0
2026-04-14 08:37:07.831 10 WARNING neutron.scheduler.dhcp_agent_scheduler [None req-9c4d294f-737e-484e-990c-606a5a53d4e5 0b4aad16b8684a6f84481a326966e646 b4f6d09d13d749689b6e1869ca5f7960 - - default default] No more DHCP agents
2026-04-14 08:37:07.832 10 WARNING neutron.api.rpc.agentnotifiers.dhcp_rpc_agent_api [None req-9c4d294f-737e-484e-990c-606a5a53d4e5 0b4aad16b8684a6f84481a326966e646 b4f6d09d13d749689b6e1869ca5f7960 - - default default] Unable to schedule network f3280a41-a740-4d6e-b613-c631aafa92c2: no agents available; will retry on subsequent port and subnet creation events.
2026-04-14 08:37:07.850 10 WARNING neutron_lib.context [None req-33812b7a-12e5-4cf4-a61c-3d9ce4e3840c a45375881de54ab0ad983249befcb75f 960b0c9d3576427bb458239b5de5a256 - - default default] Method 'is_advsvc' is deprecated since 2023.2 release (neutron-lib 3.8.0) and will be removed once support for the old RBAC API policies will be removed from Neutron. Please use method 'is_service_role' instead.
2026-04-14 08:37:07.984 10 INFO neutron.db.ovn_revision_numbers_db [None req-33812b7a-12e5-4cf4-a61c-3d9ce4e3840c a45375881de54ab0ad983249befcb75f 960b0c9d3576427bb458239b5de5a256 - - default default] Successfully bumped revision number for resource a519e89c-393d-4b4a-9fd3-f4d962b53eb5 (type: security_groups) to 1
2026-04-14 08:37:08.000 10 INFO neutron.db.ovn_revision_numbers_db [None req-33812b7a-12e5-4cf4-a61c-3d9ce4e3840c a45375881de54ab0ad983249befcb75f 960b0c9d3576427bb458239b5de5a256 - - default default] Successfully bumped revision number for resource 66809fb1-7a61-4542-b158-a2760b83a303 (type: security_group_rules) to 0
2026-04-14 08:37:08.014 10 INFO neutron.db.ovn_revision_numbers_db [None req-33812b7a-12e5-4cf4-a61c-3d9ce4e3840c a45375881de54ab0ad983249befcb75f 960b0c9d3576427bb458239b5de5a256 - - default default] Successfully bumped revision number for resource 88d2570b-4617-4b2d-a1d3-fdb9921b824c (type: security_group_rules) to 0
2026-04-14 08:37:08.029 10 INFO neutron.db.ovn_revision_numbers_db [None req-33812b7a-12e5-4cf4-a61c-3d9ce4e3840c a45375881de54ab0ad983249befcb75f 960b0c9d3576427bb458239b5de5a256 - - default default] Successfully bumped revision number for resource be4f1ff4-e793-4c2a-8be4-6cfdfd2d25bd (type: security_group_rules) to 0
2026-04-14 08:37:08.044 10 INFO neutron.db.ovn_revision_numbers_db [None req-33812b7a-12e5-4cf4-a61c-3d9ce4e3840c a45375881de54ab0ad983249befcb75f 960b0c9d3576427bb458239b5de5a256 - - default default] Successfully bumped revision number for resource dcd4f9f7-9f88-4342-abaa-256f99eb15cf (type: security_group_rules) to 0
2026-04-14 08:37:08.113 10 INFO neutron.db.segments_db [None req-33812b7a-12e5-4cf4-a61c-3d9ce4e3840c a45375881de54ab0ad983249befcb75f 960b0c9d3576427bb458239b5de5a256 - - default default] Added segment 02733d92-e53c-4b10-b02c-df862c165edf of type geneve for network 7a713fa7-b9dc-4f72-b159-e0ab199a636c
2026-04-14 08:37:08.228 10 INFO neutron.db.ovn_revision_numbers_db [None req-33812b7a-12e5-4cf4-a61c-3d9ce4e3840c a45375881de54ab0ad983249befcb75f 960b0c9d3576427bb458239b5de5a256 - - default default] Successfully bumped revision number for resource 7a713fa7-b9dc-4f72-b159-e0ab199a636c (type: networks) to 1
2026-04-14 08:37:08.230 10 INFO neutron.db.ovn_revision_numbers_db [None req-fffbbdc9-e989-4771-8bca-96a324d2d410 - - - - - -] Successfully bumped revision number for resource 40fab912-2e70-4036-acb0-2a3872c03d76 (type: ports) to 2
2026-04-14 08:37:08.263 10 INFO neutron.db.ovn_revision_numbers_db [None req-fffbbdc9-e989-4771-8bca-96a324d2d410 - - - - - -] Successfully bumped revision number for resource e2aca8b3-6961-41a5-85b2-594c967856dc (type: subnets) to 0
2026-04-14 08:37:08.278 10 INFO neutron.api.wsgi [None req-9c4d294f-737e-484e-990c-606a5a53d4e5 0b4aad16b8684a6f84481a326966e646 b4f6d09d13d749689b6e1869ca5f7960 - - default default] 10.0.0.202 "POST /v2.0/subnets HTTP/1.1" status: 201 len: 1474 time: 1.2407920
2026-04-14 08:37:08.314 9 INFO neutron.api.wsgi [None req-8d7c6b1d-15a4-4668-96da-5434c06848de 0b4aad16b8684a6f84481a326966e646 b4f6d09d13d749689b6e1869ca5f7960 - - default default] 10.0.0.202 "GET /v2.0/subnets HTTP/1.1" status: 200 len: 2105 time: 0.0307965
2026-04-14 08:37:08.375 10 WARNING neutron.scheduler.dhcp_agent_scheduler [None req-33812b7a-12e5-4cf4-a61c-3d9ce4e3840c a45375881de54ab0ad983249befcb75f 960b0c9d3576427bb458239b5de5a256 - - default default] No more DHCP agents
2026-04-14 08:37:08.377 10 WARNING neutron.api.rpc.agentnotifiers.dhcp_rpc_agent_api [None req-33812b7a-12e5-4cf4-a61c-3d9ce4e3840c a45375881de54ab0ad983249befcb75f 960b0c9d3576427bb458239b5de5a256 - - default default] Unable to schedule network 7a713fa7-b9dc-4f72-b159-e0ab199a636c: no agents available; will retry on subsequent port and subnet creation events.
2026-04-14 08:37:08.436 10 INFO neutron.db.ovn_revision_numbers_db [None req-33812b7a-12e5-4cf4-a61c-3d9ce4e3840c a45375881de54ab0ad983249befcb75f 960b0c9d3576427bb458239b5de5a256 - - default default] Successfully bumped revision number for resource aee24f1a-76d1-413f-9ed2-36d0043abee6 (type: ports) to 1
2026-04-14 08:37:08.454 10 INFO neutron.api.wsgi [None req-33812b7a-12e5-4cf4-a61c-3d9ce4e3840c a45375881de54ab0ad983249befcb75f 960b0c9d3576427bb458239b5de5a256 - - default default] 10.0.0.202 "POST /v2.0/networks HTTP/1.1" status: 201 len: 832 time: 0.8161075
2026-04-14 08:37:08.465 10 WARNING neutron_lib.context [None req-5ce82b21-3664-4fde-8ee5-448aaf489c4f a45375881de54ab0ad983249befcb75f 960b0c9d3576427bb458239b5de5a256 - - default default] Method 'is_advsvc' is deprecated since 2023.2 release (neutron-lib 3.8.0) and will be removed once support for the old RBAC API policies will be removed from Neutron. Please use method 'is_service_role' instead.
2026-04-14 08:37:08.481 9 INFO neutron.api.wsgi [None req-f04b4071-0a0f-4229-8926-fd7f0895a5f8 0b4aad16b8684a6f84481a326966e646 b4f6d09d13d749689b6e1869ca5f7960 - - default default] 10.0.0.202 "DELETE /v2.0/subnets/d5b1f27f-23d7-4743-8597-2193f72c4588 HTTP/1.1" status: 204 len: 168 time: 0.1595211
2026-04-14 08:37:08.832 10 WARNING neutron.scheduler.dhcp_agent_scheduler [None req-5ce82b21-3664-4fde-8ee5-448aaf489c4f a45375881de54ab0ad983249befcb75f 960b0c9d3576427bb458239b5de5a256 - - default default] No more DHCP agents
2026-04-14 08:37:08.834 10 WARNING neutron.api.rpc.agentnotifiers.dhcp_rpc_agent_api [None req-5ce82b21-3664-4fde-8ee5-448aaf489c4f a45375881de54ab0ad983249befcb75f 960b0c9d3576427bb458239b5de5a256 - - default default] Unable to schedule network 4cede13b-f46d-47bd-bf30-693124558b9c: no agents available; will retry on subsequent port and subnet creation events.
2026-04-14 08:37:08.872 9 INFO neutron.api.wsgi [None req-5699cb23-a3ac-41ad-b373-26d5e0d5269c 0b4aad16b8684a6f84481a326966e646 b4f6d09d13d749689b6e1869ca5f7960 - - default default] 10.0.0.202 "DELETE /v2.0/subnets/e2aca8b3-6961-41a5-85b2-594c967856dc HTTP/1.1" status: 204 len: 168 time: 0.3861773
2026-04-14 08:37:08.899 9 INFO neutron.api.wsgi [None req-ca045a4c-631b-4ba2-bbe1-dd79e9a648ae 0b4aad16b8684a6f84481a326966e646 b4f6d09d13d749689b6e1869ca5f7960 - - default default] 10.0.0.202 "GET /v2.0/subnets HTTP/1.1" status: 200 len: 843 time: 0.0223432
2026-04-14 08:37:08.936 10 INFO neutron.db.ovn_revision_numbers_db [None req-5ce82b21-3664-4fde-8ee5-448aaf489c4f a45375881de54ab0ad983249befcb75f 960b0c9d3576427bb458239b5de5a256 - - default default] Successfully bumped revision number for resource f249d858-78c4-4d99-ab2d-d2771913edfa (type: ports) to 1
2026-04-14 08:37:09.202 9 INFO neutron.services.segments.plugin [-] Segment 8c87099b-0441-4345-b924-4de6b1bb0d32 resource provider aggregate not found
2026-04-14 08:37:09.207 9 INFO neutron.services.segments.plugin [-] Segment 8c87099b-0441-4345-b924-4de6b1bb0d32 resource provider aggregate not found
2026-04-14 08:37:09.218 9 INFO neutron.services.segments.plugin [-] Segment 8c87099b-0441-4345-b924-4de6b1bb0d32 resource provider not found; error: Placement Client Error (4xx): {"errors": [{"status": 404, "title": "Not Found", "detail": "The resource could not be found.\n\n No resource provider with uuid 8c87099b-0441-4345-b924-4de6b1bb0d32 found for delete ", "request_id": "req-2d4b7ed8-becd-4a38-a3ac-3f452e932711"}]}
2026-04-14 08:37:09.219 9 INFO neutron.services.segments.plugin [-] Segment 8c87099b-0441-4345-b924-4de6b1bb0d32 resource provider not found; error: Placement Client Error (4xx): {"errors": [{"status": 404, "title": "Not Found", "detail": "The resource could not be found.\n\n No resource provider with uuid 8c87099b-0441-4345-b924-4de6b1bb0d32 found for delete ", "request_id": "req-dded7b6c-d8a1-4f62-be1d-9fdb99a82efd"}]}
2026-04-14 08:37:09.232 9 INFO neutron.api.wsgi [None req-48213a49-47b8-4ed1-9a5d-7767ffbace81 0b4aad16b8684a6f84481a326966e646 b4f6d09d13d749689b6e1869ca5f7960 - - default default] 10.0.0.202 "DELETE /v2.0/networks/f3280a41-a740-4d6e-b613-c631aafa92c2 HTTP/1.1" status: 204 len: 168 time: 0.3251190
2026-04-14 08:37:09.486 10 INFO neutron.plugins.ml2.drivers.ovn.mech_driver.ovsdb.commands [None req-90433d94-1431-444f-a55c-7fe9e5fcabb2 - - - - - -] Schedule LRP lrp-f249d858-78c4-4d99-ab2d-d2771913edfa on gateway 72e73ff6-9657-42a1-af8e-305994722c74 with priority 1
2026-04-14 08:37:09.495 9 INFO neutron.plugins.ml2.drivers.ovn.mech_driver.mech_driver [None req-0dd9131d-5809-40b9-a2b1-b51722cf17de - - - - - -] OVN reports status up for port: f249d858-78c4-4d99-ab2d-d2771913edfa
2026-04-14 08:37:09.518 10 INFO neutron.plugins.ml2.drivers.ovn.mech_driver.ovsdb.ovsdb_monitor [None req-149f6312-2fcd-4fb9-a783-07491f6db08d - - - - - -] Router d1b311de-ac59-460e-acf3-08b4313b4c78 is bound to host instance
2026-04-14 08:37:09.518 9 INFO neutron.plugins.ml2.plugin [None req-0dd9131d-5809-40b9-a2b1-b51722cf17de - - - - - -] Attempt 1 to provision port f249d858-78c4-4d99-ab2d-d2771913edfa
2026-04-14 08:37:09.548 10 INFO neutron.db.ovn_revision_numbers_db [None req-5ce82b21-3664-4fde-8ee5-448aaf489c4f a45375881de54ab0ad983249befcb75f 960b0c9d3576427bb458239b5de5a256 - - default default] Successfully bumped revision number for resource f249d858-78c4-4d99-ab2d-d2771913edfa (type: router_ports) to 1
2026-04-14 08:37:09.582 9 INFO neutron.api.wsgi [None req-9d3c9fcf-fe2e-484a-b676-08a53c140d65 0b4aad16b8684a6f84481a326966e646 b4f6d09d13d749689b6e1869ca5f7960 - - default default] 10.0.0.202 "DELETE /v2.0/networks/2ff0617c-4476-477c-a5f8-9b38778eed2a HTTP/1.1" status: 204 len: 168 time: 0.3439462
2026-04-14 08:37:09.637 10 INFO neutron.db.ovn_revision_numbers_db [None req-5ce82b21-3664-4fde-8ee5-448aaf489c4f a45375881de54ab0ad983249befcb75f 960b0c9d3576427bb458239b5de5a256 - - default default] Successfully bumped revision number for resource d1b311de-ac59-460e-acf3-08b4313b4c78 (type: routers) to 2
2026-04-14 08:37:09.657 10 INFO neutron.api.wsgi [None req-5ce82b21-3664-4fde-8ee5-448aaf489c4f a45375881de54ab0ad983249befcb75f 960b0c9d3576427bb458239b5de5a256 - - default default] 10.0.0.202 "POST /v2.0/routers HTTP/1.1" status: 201 len: 1153 time: 1.1963127
2026-04-14 08:37:09.727 9 INFO neutron.api.wsgi [None req-5fffaf1a-e5a8-4d7f-880f-2788b0c496c6 3614a776330f4b00a98a52bcfb9a5ebb 1318d5ebbdf04db593413fe326d2106b - - default default] 10.0.0.202 "GET /v2.0/subnets?project_id=960b0c9d3576427bb458239b5de5a256&cidr=10.100.0.0%2F28 HTTP/1.1" status: 200 len: 207 time: 0.0631759
2026-04-14 08:37:09.777 9 INFO neutron.api.wsgi [None req-ea310604-a90d-4028-864e-8c320bee95cd 3614a776330f4b00a98a52bcfb9a5ebb 1318d5ebbdf04db593413fe326d2106b - - default default] 10.0.0.202 "GET /v2.0/networks?router%3Aexternal=True HTTP/1.1" status: 200 len: 947 time: 0.0461559
2026-04-14 08:37:09.798 9 INFO neutron.api.wsgi [None req-6e69c70d-5e70-4bab-82e5-eadd906e4cb0 3614a776330f4b00a98a52bcfb9a5ebb 1318d5ebbdf04db593413fe326d2106b - - default default] 10.0.0.202 "GET /v2.0/subnets?network_id=4cede13b-f46d-47bd-bf30-693124558b9c&cidr=10.100.0.0%2F28 HTTP/1.1" status: 200 len: 207 time: 0.0155237
2026-04-14 08:37:09.806 10 WARNING neutron_lib.context [None req-abc0129c-a12b-4805-8d48-63f40078b380 a45375881de54ab0ad983249befcb75f 960b0c9d3576427bb458239b5de5a256 - - default default] Method 'is_advsvc' is deprecated since 2023.2 release (neutron-lib 3.8.0) and will be removed once support for the old RBAC API policies will be removed from Neutron. Please use method 'is_service_role' instead.
2026-04-14 08:37:09.981 10 INFO neutron.services.segments.plugin [-] Segment 40fee3a7-010f-4a63-8b85-236862466685 resource provider aggregate not found
2026-04-14 08:37:09.985 10 INFO neutron.services.segments.plugin [-] Segment 40fee3a7-010f-4a63-8b85-236862466685 resource provider aggregate not found
2026-04-14 08:37:09.997 10 INFO neutron.services.segments.plugin [-] Segment 40fee3a7-010f-4a63-8b85-236862466685 resource provider not found; error: Placement Client Error (4xx): {"errors": [{"status": 404, "title": "Not Found", "detail": "The resource could not be found.\n\n No resource provider with uuid 40fee3a7-010f-4a63-8b85-236862466685 found for delete ", "request_id": "req-c91943f9-6de1-4761-8e87-c1a7f329ddac"}]}
2026-04-14 08:37:10.007 10 INFO neutron.services.segments.plugin [-] Segment 40fee3a7-010f-4a63-8b85-236862466685 resource provider not found; error: Placement Client Error (4xx): {"errors": [{"status": 404, "title": "Not Found", "detail": "The resource could not be found.\n\n No resource provider with uuid 40fee3a7-010f-4a63-8b85-236862466685 found for delete ", "request_id": "req-0d8be38f-4020-403a-89ea-9ca40e1140c4"}]}
2026-04-14 08:37:10.047 10 INFO neutron.api.wsgi [None req-a4640848-e33d-46fd-99cb-707c3f20c394 0b4aad16b8684a6f84481a326966e646 b4f6d09d13d749689b6e1869ca5f7960 - - default default] 10.0.0.202 "DELETE /v2.0/networks/7fd504cc-4f11-4280-ad80-84983d9657a1 HTTP/1.1" status: 204 len: 168 time: 0.4566872
2026-04-14 08:37:10.080 10 WARNING neutron.scheduler.dhcp_agent_scheduler [None req-abc0129c-a12b-4805-8d48-63f40078b380 a45375881de54ab0ad983249befcb75f 960b0c9d3576427bb458239b5de5a256 - - default default] No more DHCP agents
2026-04-14 08:37:10.083 10 WARNING neutron.api.rpc.agentnotifiers.dhcp_rpc_agent_api [None req-abc0129c-a12b-4805-8d48-63f40078b380 a45375881de54ab0ad983249befcb75f 960b0c9d3576427bb458239b5de5a256 - - default default] Unable to schedule network 7a713fa7-b9dc-4f72-b159-e0ab199a636c: no agents available; will retry on subsequent port and subnet creation events.
2026-04-14 08:37:10.086 10 INFO neutron.db.ovn_revision_numbers_db [None req-f834406d-e7d2-4fdc-9f98-4fffaa5cfcb6 - - - - - -] Successfully bumped revision number for resource f249d858-78c4-4d99-ab2d-d2771913edfa (type: ports) to 1
2026-04-14 08:37:10.382 9 INFO neutron.api.wsgi [None req-391e1301-379a-4d07-adf0-47f594edbd75 0b4aad16b8684a6f84481a326966e646 b4f6d09d13d749689b6e1869ca5f7960 - - default default] 10.0.0.202 "DELETE /v2.0/networks/c2a9ce2d-8e60-4dd8-b37b-6a78643d1c0a HTTP/1.1" status: 204 len: 168 time: 0.3302300
2026-04-14 08:37:10.435 10 INFO neutron.db.ovn_revision_numbers_db [None req-f834406d-e7d2-4fdc-9f98-4fffaa5cfcb6 - - - - - -] Successfully bumped revision number for resource f249d858-78c4-4d99-ab2d-d2771913edfa (type: ports) to 4
2026-04-14 08:37:10.562 10 INFO neutron.db.ovn_revision_numbers_db [None req-28a1008b-5126-4673-92ba-19b6f8d7e660 - - - - - -] Successfully bumped revision number for resource aee24f1a-76d1-413f-9ed2-36d0043abee6 (type: ports) to 2
2026-04-14 08:37:10.598 10 INFO neutron.db.ovn_revision_numbers_db [None req-28a1008b-5126-4673-92ba-19b6f8d7e660 - - - - - -] Successfully bumped revision number for resource de79faab-6193-42d4-9a43-566c69785221 (type: subnets) to 0
2026-04-14 08:37:10.599 9 INFO neutron.db.ovn_revision_numbers_db [None req-4156e26b-afa2-4b61-ac9d-72cd743d939f 2dc33df45b2a495bb518952a8ac0f786 6ab2bef16bef4f52b6b30cc4250f469b - - default default] Successfully bumped revision number for resource 3e2379e7-d477-4325-88d4-2113bba686b0 (type: security_groups) to 1
2026-04-14 08:37:10.614 9 INFO neutron.db.ovn_revision_numbers_db [None req-4156e26b-afa2-4b61-ac9d-72cd743d939f 2dc33df45b2a495bb518952a8ac0f786 6ab2bef16bef4f52b6b30cc4250f469b - - default default] Successfully bumped revision number for resource 8a3621f5-051a-4e7e-ada6-57a8b11397f0 (type: security_group_rules) to 0
2026-04-14 08:37:10.616 10 INFO neutron.api.wsgi [None req-abc0129c-a12b-4805-8d48-63f40078b380 a45375881de54ab0ad983249befcb75f 960b0c9d3576427bb458239b5de5a256 - - default default] 10.0.0.202 "POST /v2.0/subnets HTTP/1.1" status: 201 len: 856 time: 0.8138919
2026-04-14 08:37:10.628 9 INFO neutron.db.ovn_revision_numbers_db [None req-4156e26b-afa2-4b61-ac9d-72cd743d939f 2dc33df45b2a495bb518952a8ac0f786 6ab2bef16bef4f52b6b30cc4250f469b - - default default] Successfully bumped revision number for resource 8ec1e792-149f-4ab5-97bf-fe993033b87c (type: security_group_rules) to 0
2026-04-14 08:37:10.642 9 INFO neutron.db.ovn_revision_numbers_db [None req-4156e26b-afa2-4b61-ac9d-72cd743d939f 2dc33df45b2a495bb518952a8ac0f786 6ab2bef16bef4f52b6b30cc4250f469b - - default default] Successfully bumped revision number for resource 980de675-ac82-4d67-9506-3f71022e7bd7 (type: security_group_rules) to 0
2026-04-14 08:37:10.657 9 INFO neutron.db.ovn_revision_numbers_db [None req-4156e26b-afa2-4b61-ac9d-72cd743d939f 2dc33df45b2a495bb518952a8ac0f786 6ab2bef16bef4f52b6b30cc4250f469b - - default default] Successfully bumped revision number for resource dd9f2499-cb20-4007-8221-9e45ece101b7 (type: security_group_rules) to 0
2026-04-14 08:37:10.689 9 INFO neutron.api.wsgi [None req-4156e26b-afa2-4b61-ac9d-72cd743d939f 2dc33df45b2a495bb518952a8ac0f786 6ab2bef16bef4f52b6b30cc4250f469b - - default default] 10.0.0.202 "GET /v2.0/security-groups?tenant_id=c31f5151733a45599266d4cc11a2f5f6&name=default HTTP/1.1" status: 200 len: 3120 time: 0.3182893
2026-04-14 08:37:10.806 10 INFO neutron.db.ovn_revision_numbers_db [None req-f834406d-e7d2-4fdc-9f98-4fffaa5cfcb6 - - - - - -] Successfully bumped revision number for resource f249d858-78c4-4d99-ab2d-d2771913edfa (type: ports) to 5
2026-04-14 08:37:10.965 9 INFO neutron.api.wsgi [None req-c53a2a98-eee3-4004-94ad-e6dd6f3a2c19 2dc33df45b2a495bb518952a8ac0f786 6ab2bef16bef4f52b6b30cc4250f469b - - default default] 10.0.0.202 "GET /v2.0/security-groups?tenant_id=b4f6d09d13d749689b6e1869ca5f7960&name=default HTTP/1.1" status: 200 len: 3120 time: 0.1252401
2026-04-14 08:37:10.970 10 INFO neutron.api.wsgi [None req-518ec503-7be6-4ba6-b54a-6b33abb3a4d8 2dc33df45b2a495bb518952a8ac0f786 6ab2bef16bef4f52b6b30cc4250f469b - - default default] 10.0.0.202 "DELETE /v2.0/security-groups/3e2379e7-d477-4325-88d4-2113bba686b0 HTTP/1.1" status: 204 len: 168 time: 0.2749307
2026-04-14 08:37:11.181 9 INFO neutron.api.wsgi [None req-fd888b64-6222-4e3f-b8cb-1f86152fed73 2dc33df45b2a495bb518952a8ac0f786 6ab2bef16bef4f52b6b30cc4250f469b - - default default] 10.0.0.202 "DELETE /v2.0/security-groups/845c343e-8a36-4fe0-9252-7ea8a2dd6bac HTTP/1.1" status: 204 len: 168 time: 0.2101390
2026-04-14 08:37:11.240 9 INFO neutron.services.segments.plugin [-] Segment ef9c0f97-fd08-48c3-9a55-53f16882f9ca resource provider aggregate not found
2026-04-14 08:37:11.244 9 INFO neutron.services.segments.plugin [-] Segment ef9c0f97-fd08-48c3-9a55-53f16882f9ca resource provider aggregate not found
2026-04-14 08:37:11.252 9 INFO neutron.services.segments.plugin [-] Segment ef9c0f97-fd08-48c3-9a55-53f16882f9ca resource provider not found; error: Placement Client Error (4xx): {"errors": [{"status": 404, "title": "Not Found", "detail": "The resource could not be found.\n\n No resource provider with uuid ef9c0f97-fd08-48c3-9a55-53f16882f9ca found for delete ", "request_id": "req-c22dcf56-7c46-44b4-9de3-cb2760b64165"}]}
2026-04-14 08:37:11.257 9 INFO neutron.services.segments.plugin [-] Segment ef9c0f97-fd08-48c3-9a55-53f16882f9ca resource provider not found; error: Placement Client Error (4xx): {"errors": [{"status": 404, "title": "Not Found", "detail": "The resource could not be found.\n\n No resource provider with uuid ef9c0f97-fd08-48c3-9a55-53f16882f9ca found for delete ", "request_id": "req-d230764b-ff3a-44a3-b12a-73b8fbb1078d"}]}
2026-04-14 08:37:11.265 9 INFO neutron.services.segments.plugin [-] Segment 307fcae5-a62b-466d-a3f9-6987628b0734 resource provider aggregate not found
2026-04-14 08:37:11.268 9 INFO neutron.services.segments.plugin [-] Segment 307fcae5-a62b-466d-a3f9-6987628b0734 resource provider aggregate not found
2026-04-14 08:37:11.275 9 INFO neutron.services.segments.plugin [-] Segment 307fcae5-a62b-466d-a3f9-6987628b0734 resource provider not found; error: Placement Client Error (4xx): {"errors": [{"status": 404, "title": "Not Found", "detail": "The resource could not be found.\n\n No resource provider with uuid 307fcae5-a62b-466d-a3f9-6987628b0734 found for delete ", "request_id": "req-2928dc41-c8b1-4118-a703-59da89b7eee7"}]}
2026-04-14 08:37:11.281 9 INFO neutron.services.segments.plugin [-] Segment 307fcae5-a62b-466d-a3f9-6987628b0734 resource provider not found; error: Placement Client Error (4xx): {"errors": [{"status": 404, "title": "Not Found", "detail": "The resource could not be found.\n\n No resource provider with uuid 307fcae5-a62b-466d-a3f9-6987628b0734 found for delete ", "request_id": "req-221b6743-125f-41d0-bd6a-92de5e02acf2"}]}
2026-04-14 08:37:11.402 10 WARNING neutron.scheduler.dhcp_agent_scheduler [None req-cfbb614a-0ada-4dcc-bfd7-aadf2554652d a45375881de54ab0ad983249befcb75f 960b0c9d3576427bb458239b5de5a256 - - default default] No more DHCP agents
