2026-04-14 08:36:48.268 10 INFO neutron.db.ovn_revision_numbers_db [None req-1279d66c-8953-40eb-a945-87d6cfe39df7 2dc33df45b2a495bb518952a8ac0f786 6ab2bef16bef4f52b6b30cc4250f469b - - default default] Successfully bumped revision number for resource 78c4b3cf-a048-4d15-8add-0fc2a0cbae8c (type: security_group_rules) to 0
2026-04-14 08:36:48.286 10 INFO neutron.db.ovn_revision_numbers_db [None req-1279d66c-8953-40eb-a945-87d6cfe39df7 2dc33df45b2a495bb518952a8ac0f786 6ab2bef16bef4f52b6b30cc4250f469b - - default default] Successfully bumped revision number for resource 84191a9f-63da-44fa-ae4b-78d58b345822 (type: security_group_rules) to 0
2026-04-14 08:36:48.296 10 INFO neutron.api.wsgi [None req-f3126ce3-b8fa-4c1a-a6df-2b31bc9d5aef dd0ec66dda124149af0e15798bd3a7f0 e3721f7b103c4d298a7f06aaaa99cb39 - - default default] 10.0.0.202 "POST /v2.0/security-group-rules HTTP/1.1" status: 201 len: 795 time: 0.1745050
2026-04-14 08:36:48.304 10 WARNING neutron_lib.context [None req-89940feb-7d5f-4476-bbcd-e3d07ab7cbdb dd0ec66dda124149af0e15798bd3a7f0 e3721f7b103c4d298a7f06aaaa99cb39 - - default default] Method 'is_advsvc' is deprecated since 2023.2 release (neutron-lib 3.8.0) and will be removed once support for the old RBAC API policies will be removed from Neutron. Please use method 'is_service_role' instead.
2026-04-14 08:36:48.306 10 INFO neutron.db.ovn_revision_numbers_db [None req-1279d66c-8953-40eb-a945-87d6cfe39df7 2dc33df45b2a495bb518952a8ac0f786 6ab2bef16bef4f52b6b30cc4250f469b - - default default] Successfully bumped revision number for resource a1841f24-2f43-47d6-880c-9c84965ba333 (type: security_group_rules) to 0
2026-04-14 08:36:48.340 9 INFO neutron.db.ovn_revision_numbers_db [None req-e87bd974-1a94-4d5e-b078-01387aa437b8 57256cd5eab344afb5aba92ee44f20f4 d7f56fbbe4a243ebadb1ed93146f1419 - - default default] Successfully bumped revision number for resource 1d73668e-b932-4e1c-b131-80073d1f6028 (type: security_groups) to 1
2026-04-14 08:36:48.351 10 INFO neutron.api.wsgi [None req-1279d66c-8953-40eb-a945-87d6cfe39df7 2dc33df45b2a495bb518952a8ac0f786 6ab2bef16bef4f52b6b30cc4250f469b - - default default] 10.0.0.202 "GET /v2.0/security-groups?tenant_id=c3b5fe4624814862853fee4a07e5cc1a&name=default HTTP/1.1" status: 200 len: 3120 time: 0.4268019
2026-04-14 08:36:48.353 9 INFO neutron.db.ovn_revision_numbers_db [None req-e87bd974-1a94-4d5e-b078-01387aa437b8 57256cd5eab344afb5aba92ee44f20f4 d7f56fbbe4a243ebadb1ed93146f1419 - - default default] Successfully bumped revision number for resource 0e8dcfd2-b787-4a35-b676-69d5a9fe01b1 (type: security_group_rules) to 0
2026-04-14 08:36:48.365 9 INFO neutron.db.ovn_revision_numbers_db [None req-e87bd974-1a94-4d5e-b078-01387aa437b8 57256cd5eab344afb5aba92ee44f20f4 d7f56fbbe4a243ebadb1ed93146f1419 - - default default] Successfully bumped revision number for resource 19f81a12-ee4d-412d-950c-ffad5d905175 (type: security_group_rules) to 0
2026-04-14 08:36:48.379 9 INFO neutron.db.ovn_revision_numbers_db [None req-e87bd974-1a94-4d5e-b078-01387aa437b8 57256cd5eab344afb5aba92ee44f20f4 d7f56fbbe4a243ebadb1ed93146f1419 - - default default] Successfully bumped revision number for resource 2b4cf97b-5908-45ca-ac1b-87b28b43fcd9 (type: security_group_rules) to 0
2026-04-14 08:36:48.394 9 INFO neutron.db.ovn_revision_numbers_db [None req-e87bd974-1a94-4d5e-b078-01387aa437b8 57256cd5eab344afb5aba92ee44f20f4 d7f56fbbe4a243ebadb1ed93146f1419 - - default default] Successfully bumped revision number for resource d01e3bf5-7520-4dc8-b998-9ae14f46b878 (type: security_group_rules) to 0
2026-04-14 08:36:48.441 10 INFO neutron.db.ovn_revision_numbers_db [None req-89940feb-7d5f-4476-bbcd-e3d07ab7cbdb dd0ec66dda124149af0e15798bd3a7f0 e3721f7b103c4d298a7f06aaaa99cb39 - - default default] Successfully bumped revision number for resource f74b2abd-ece7-4206-920e-17dfa745b6a6 (type: security_group_rules) to 0
2026-04-14 08:36:48.463 9 WARNING neutron.plugins.ml2.drivers.ovn.mech_driver.ovsdb.ovn_client [None req-555c4366-9dfe-4c14-a341-1cabecda73cb - - - - - -] No port found with ID 93f54390-3bb8-41a8-859f-0324070edd58: RuntimeError: No port found with ID 93f54390-3bb8-41a8-859f-0324070edd58
2026-04-14 08:36:48.463 9 INFO neutron.plugins.ml2.drivers.ovn.mech_driver.mech_driver [None req-555c4366-9dfe-4c14-a341-1cabecda73cb - - - - - -] OVN reports status up for port: c44ebff4-ae54-4f5d-8c04-30c10bfaf76d
2026-04-14 08:36:48.474 10 INFO neutron.api.wsgi [None req-89940feb-7d5f-4476-bbcd-e3d07ab7cbdb dd0ec66dda124149af0e15798bd3a7f0 e3721f7b103c4d298a7f06aaaa99cb39 - - default default] 10.0.0.202 "POST /v2.0/security-group-rules HTTP/1.1" status: 201 len: 801 time: 0.1733470
2026-04-14 08:36:48.484 10 WARNING neutron_lib.context [None req-2fb0bee7-ad59-4272-9715-491ef3f9a52c dd0ec66dda124149af0e15798bd3a7f0 e3721f7b103c4d298a7f06aaaa99cb39 - - default default] Method 'is_advsvc' is deprecated since 2023.2 release (neutron-lib 3.8.0) and will be removed once support for the old RBAC API policies will be removed from Neutron. Please use method 'is_service_role' instead.
2026-04-14 08:36:48.488 9 INFO neutron.plugins.ml2.plugin [None req-555c4366-9dfe-4c14-a341-1cabecda73cb - - - - - -] Attempt 1 to provision port c44ebff4-ae54-4f5d-8c04-30c10bfaf76d
2026-04-14 08:36:48.541 9 INFO neutron.db.ovn_revision_numbers_db [None req-e87bd974-1a94-4d5e-b078-01387aa437b8 57256cd5eab344afb5aba92ee44f20f4 d7f56fbbe4a243ebadb1ed93146f1419 - - default default] Successfully bumped revision number for resource 2303f439-929a-4333-b56c-22a1d7d477a8 (type: security_groups) to 1
2026-04-14 08:36:48.558 9 INFO neutron.db.ovn_revision_numbers_db [None req-e87bd974-1a94-4d5e-b078-01387aa437b8 57256cd5eab344afb5aba92ee44f20f4 d7f56fbbe4a243ebadb1ed93146f1419 - - default default] Successfully bumped revision number for resource 78864651-67c1-449e-9fa3-77aeb7d6a7d1 (type: security_group_rules) to 0
2026-04-14 08:36:48.573 9 INFO neutron.db.ovn_revision_numbers_db [None req-e87bd974-1a94-4d5e-b078-01387aa437b8 57256cd5eab344afb5aba92ee44f20f4 d7f56fbbe4a243ebadb1ed93146f1419 - - default default] Successfully bumped revision number for resource a939d6d3-6fec-44a4-b76b-4237ae85a9b7 (type: security_group_rules) to 0
2026-04-14 08:36:48.587 10 INFO neutron.api.wsgi [None req-f410c802-d49d-4234-a31b-7679dec5724e 2dc33df45b2a495bb518952a8ac0f786 6ab2bef16bef4f52b6b30cc4250f469b - - default default] 10.0.0.202 "DELETE /v2.0/security-groups/0a8f6bf4-47e7-47be-8999-47582000b54a HTTP/1.1" status: 204 len: 168 time: 0.2317269
2026-04-14 08:36:48.600 9 INFO neutron.plugins.ml2.drivers.ovn.mech_driver.mech_driver [None req-555c4366-9dfe-4c14-a341-1cabecda73cb - - - - - -] OVN reports status up for port: 34236dd9-4004-495c-8cc7-23177ac68080
2026-04-14 08:36:48.606 9 INFO neutron.plugins.ml2.plugin [None req-555c4366-9dfe-4c14-a341-1cabecda73cb - - - - - -] Attempt 1 to provision port 34236dd9-4004-495c-8cc7-23177ac68080
2026-04-14 08:36:48.609 9 INFO neutron.api.wsgi [None req-e87bd974-1a94-4d5e-b078-01387aa437b8 57256cd5eab344afb5aba92ee44f20f4 d7f56fbbe4a243ebadb1ed93146f1419 - - default default] 10.0.0.202 "POST /v2.0/security-groups HTTP/1.1" status: 201 len: 1824 time: 0.5231967
2026-04-14 08:36:48.619 10 INFO neutron.db.ovn_revision_numbers_db [None req-2fb0bee7-ad59-4272-9715-491ef3f9a52c dd0ec66dda124149af0e15798bd3a7f0 e3721f7b103c4d298a7f06aaaa99cb39 - - default default] Successfully bumped revision number for resource f3a3ff7d-7c8c-456e-97e7-0437dd704fae (type: security_group_rules) to 0
2026-04-14 08:36:48.651 10 INFO neutron.api.wsgi [None req-e52ad950-ea65-40dc-bf3a-019e6ac8bbc9 57256cd5eab344afb5aba92ee44f20f4 d7f56fbbe4a243ebadb1ed93146f1419 - - default default] 10.0.0.202 "GET /v2.0/security-groups HTTP/1.1" status: 200 len: 4724 time: 0.0367997
2026-04-14 08:36:48.663 10 INFO neutron.api.wsgi [None req-2fb0bee7-ad59-4272-9715-491ef3f9a52c dd0ec66dda124149af0e15798bd3a7f0 e3721f7b103c4d298a7f06aaaa99cb39 - - default default] 10.0.0.202 "POST /v2.0/security-group-rules HTTP/1.1" status: 201 len: 800 time: 0.1833978
2026-04-14 08:36:48.674 10 WARNING neutron_lib.context [None req-e4da15f0-1caf-480b-8bfd-f68c50c1a6d8 dd0ec66dda124149af0e15798bd3a7f0 e3721f7b103c4d298a7f06aaaa99cb39 - - default default] Method 'is_advsvc' is deprecated since 2023.2 release (neutron-lib 3.8.0) and will be removed once support for the old RBAC API policies will be removed from Neutron. Please use method 'is_service_role' instead.
2026-04-14 08:36:48.723 10 INFO neutron.db.securitygroups_db [None req-e4da15f0-1caf-480b-8bfd-f68c50c1a6d8 dd0ec66dda124149af0e15798bd3a7f0 e3721f7b103c4d298a7f06aaaa99cb39 - - default default] Project e3721f7b103c4d298a7f06aaaa99cb39 added a security group rule with legacy IPv6 ICMP protocol name icmp, ipv6-icmp should be used instead. It was automatically converted.
2026-04-14 08:36:48.763 10 INFO neutron.db.ovn_revision_numbers_db [None req-a57f3a3c-a858-4b90-a783-fd1eea2a1d25 57256cd5eab344afb5aba92ee44f20f4 d7f56fbbe4a243ebadb1ed93146f1419 - - default default] Successfully bumped revision number for resource 2303f439-929a-4333-b56c-22a1d7d477a8 (type: security_groups) to 2
2026-04-14 08:36:48.782 10 INFO neutron.api.wsgi [None req-a57f3a3c-a858-4b90-a783-fd1eea2a1d25 57256cd5eab344afb5aba92ee44f20f4 d7f56fbbe4a243ebadb1ed93146f1419 - - default default] 10.0.0.202 "PUT /v2.0/security-groups/2303f439-929a-4333-b56c-22a1d7d477a8 HTTP/1.1" status: 200 len: 1858 time: 0.1268182
2026-04-14 08:36:48.817 9 INFO neutron.api.wsgi [None req-0ea2ee30-9dd6-4d56-962b-66078d5f2825 57256cd5eab344afb5aba92ee44f20f4 d7f56fbbe4a243ebadb1ed93146f1419 - - default default] 10.0.0.202 "GET /v2.0/security-groups/2303f439-929a-4333-b56c-22a1d7d477a8 HTTP/1.1" status: 200 len: 1858 time: 0.0307548
2026-04-14 08:36:48.835 10 INFO neutron.db.ovn_revision_numbers_db [None req-e4da15f0-1caf-480b-8bfd-f68c50c1a6d8 dd0ec66dda124149af0e15798bd3a7f0 e3721f7b103c4d298a7f06aaaa99cb39 - - default default] Successfully bumped revision number for resource bdca8ba2-3ba3-4ee7-a6b8-ae916f3c12b3 (type: security_group_rules) to 0
2026-04-14 08:36:48.876 10 INFO neutron.api.wsgi [None req-e4da15f0-1caf-480b-8bfd-f68c50c1a6d8 dd0ec66dda124149af0e15798bd3a7f0 e3721f7b103c4d298a7f06aaaa99cb39 - - default default] 10.0.0.202 "POST /v2.0/security-group-rules HTTP/1.1" status: 201 len: 806 time: 0.2075040
2026-04-14 08:36:48.887 9 WARNING neutron_lib.context [None req-1ecc4168-f876-4a3b-8ab0-4e760d46dc83 dd0ec66dda124149af0e15798bd3a7f0 e3721f7b103c4d298a7f06aaaa99cb39 - - default default] Method 'is_advsvc' is deprecated since 2023.2 release (neutron-lib 3.8.0) and will be removed once support for the old RBAC API policies will be removed from Neutron. Please use method 'is_service_role' instead.
2026-04-14 08:36:48.888 9 INFO neutron.db.ovn_revision_numbers_db [None req-cf5d914e-4420-4182-8b6d-12c21049d125 2dc33df45b2a495bb518952a8ac0f786 6ab2bef16bef4f52b6b30cc4250f469b - - default default] Successfully bumped revision number for resource 0ad248e4-e494-43b6-9e62-973578f291a7 (type: security_groups) to 1
2026-04-14 08:36:48.913 9 INFO neutron.db.ovn_revision_numbers_db [None req-cf5d914e-4420-4182-8b6d-12c21049d125 2dc33df45b2a495bb518952a8ac0f786 6ab2bef16bef4f52b6b30cc4250f469b - - default default] Successfully bumped revision number for resource 7dff4add-bfd8-4678-995d-3663b7f2975f (type: security_group_rules) to 0
2026-04-14 08:36:48.926 10 INFO neutron.api.wsgi [None req-55784221-25ac-449b-97e0-04449e39dd6f 57256cd5eab344afb5aba92ee44f20f4 d7f56fbbe4a243ebadb1ed93146f1419 - - default default] 10.0.0.202 "DELETE /v2.0/security-groups/2303f439-929a-4333-b56c-22a1d7d477a8 HTTP/1.1" status: 204 len: 168 time: 0.1005259
2026-04-14 08:36:48.945 9 INFO neutron.db.ovn_revision_numbers_db [None req-cf5d914e-4420-4182-8b6d-12c21049d125 2dc33df45b2a495bb518952a8ac0f786 6ab2bef16bef4f52b6b30cc4250f469b - - default default] Successfully bumped revision number for resource 7e90f06d-d411-427a-8df3-44db87045e17 (type: security_group_rules) to 0
2026-04-14 08:36:48.967 9 INFO neutron.db.securitygroups_db [None req-1ecc4168-f876-4a3b-8ab0-4e760d46dc83 dd0ec66dda124149af0e15798bd3a7f0 e3721f7b103c4d298a7f06aaaa99cb39 - - default default] Project e3721f7b103c4d298a7f06aaaa99cb39 added a security group rule with legacy IPv6 ICMP protocol name icmp, ipv6-icmp should be used instead. It was automatically converted.
2026-04-14 08:36:48.969 10 INFO neutron.api.wsgi [None req-e9c48dc0-d8b5-4b68-9115-1cdafe74ff4e 57256cd5eab344afb5aba92ee44f20f4 d7f56fbbe4a243ebadb1ed93146f1419 - - default default] 10.0.0.202 "GET /v2.0/security-groups HTTP/1.1" status: 200 len: 3120 time: 0.0386374
2026-04-14 08:36:48.972 9 INFO neutron.db.ovn_revision_numbers_db [None req-cf5d914e-4420-4182-8b6d-12c21049d125 2dc33df45b2a495bb518952a8ac0f786 6ab2bef16bef4f52b6b30cc4250f469b - - default default] Successfully bumped revision number for resource afb5eaea-9b4d-414b-a5b8-49c4056b4aae (type: security_group_rules) to 0
2026-04-14 08:36:49.004 9 INFO neutron.api.v2.resource [None req-54a735ce-c08b-4437-8e1a-08efe1000ffa 57256cd5eab344afb5aba92ee44f20f4 d7f56fbbe4a243ebadb1ed93146f1419 - - default default] delete failed (client error): The resource could not be found.
2026-04-14 08:36:49.005 9 INFO neutron.api.wsgi [None req-54a735ce-c08b-4437-8e1a-08efe1000ffa 57256cd5eab344afb5aba92ee44f20f4 d7f56fbbe4a243ebadb1ed93146f1419 - - default default] 10.0.0.202 "DELETE /v2.0/security-groups/2303f439-929a-4333-b56c-22a1d7d477a8 HTTP/1.1" status: 404 len: 347 time: 0.0264935
2026-04-14 08:36:49.017 10 WARNING neutron_lib.context [None req-6a9f470b-945b-4e26-9137-8473c9f4e658 57256cd5eab344afb5aba92ee44f20f4 d7f56fbbe4a243ebadb1ed93146f1419 - - default default] Method 'is_advsvc' is deprecated since 2023.2 release (neutron-lib 3.8.0) and will be removed once support for the old RBAC API policies will be removed from Neutron. Please use method 'is_service_role' instead.
2026-04-14 08:36:49.025 9 INFO neutron.db.ovn_revision_numbers_db [None req-cf5d914e-4420-4182-8b6d-12c21049d125 2dc33df45b2a495bb518952a8ac0f786 6ab2bef16bef4f52b6b30cc4250f469b - - default default] Successfully bumped revision number for resource dd994486-9c69-48a4-968b-631f249b9e47 (type: security_group_rules) to 0
2026-04-14 08:36:49.104 10 INFO neutron.db.ovn_revision_numbers_db [None req-26e32706-f0fd-472a-b8fc-b01f52bc095b 2dc33df45b2a495bb518952a8ac0f786 6ab2bef16bef4f52b6b30cc4250f469b - - default default] Successfully bumped revision number for resource ac776b3c-3ab4-4ab2-ac45-e5a1c7a5dc1e (type: security_groups) to 1
2026-04-14 08:36:49.105 9 INFO neutron.api.wsgi [None req-cf5d914e-4420-4182-8b6d-12c21049d125 2dc33df45b2a495bb518952a8ac0f786 6ab2bef16bef4f52b6b30cc4250f469b - - default default] 10.0.0.202 "GET /v2.0/security-groups?tenant_id=31089a614b5f4421af57c12e186021b9&name=default HTTP/1.1" status: 200 len: 3120 time: 0.3461499
2026-04-14 08:36:49.130 10 INFO neutron.db.ovn_revision_numbers_db [None req-26e32706-f0fd-472a-b8fc-b01f52bc095b 2dc33df45b2a495bb518952a8ac0f786 6ab2bef16bef4f52b6b30cc4250f469b - - default default] Successfully bumped revision number for resource 3671fa2b-bac1-4654-85b7-092348831e04 (type: security_group_rules) to 0
2026-04-14 08:36:49.147 9 INFO neutron.db.ovn_revision_numbers_db [None req-1ecc4168-f876-4a3b-8ab0-4e760d46dc83 dd0ec66dda124149af0e15798bd3a7f0 e3721f7b103c4d298a7f06aaaa99cb39 - - default default] Successfully bumped revision number for resource 42240c0b-3a9d-413c-8bd4-5539855ac803 (type: security_group_rules) to 0
2026-04-14 08:36:49.148 10 INFO neutron.db.ovn_revision_numbers_db [None req-6a9f470b-945b-4e26-9137-8473c9f4e658 57256cd5eab344afb5aba92ee44f20f4 d7f56fbbe4a243ebadb1ed93146f1419 - - default default] Successfully bumped revision number for resource 1eafb62b-42a0-4738-8fd7-6d311e80be9e (type: security_groups) to 1
2026-04-14 08:36:49.151 9 INFO neutron.db.ovn_revision_numbers_db [None req-555c4366-9dfe-4c14-a341-1cabecda73cb - - - - - -] Successfully bumped revision number for resource 34236dd9-4004-495c-8cc7-23177ac68080 (type: ports) to 2
2026-04-14 08:36:49.153 10 INFO neutron.db.ovn_revision_numbers_db [None req-26e32706-f0fd-472a-b8fc-b01f52bc095b 2dc33df45b2a495bb518952a8ac0f786 6ab2bef16bef4f52b6b30cc4250f469b - - default default] Successfully bumped revision number for resource 765ce08e-91a9-4926-ba1a-5ba08c8d0aba (type: security_group_rules) to 0
2026-04-14 08:36:49.163 10 INFO neutron.db.ovn_revision_numbers_db [None req-6a9f470b-945b-4e26-9137-8473c9f4e658 57256cd5eab344afb5aba92ee44f20f4 d7f56fbbe4a243ebadb1ed93146f1419 - - default default] Successfully bumped revision number for resource 707e5609-1935-4742-bf14-a61362da5ee9 (type: security_group_rules) to 0
2026-04-14 08:36:49.170 10 INFO neutron.db.ovn_revision_numbers_db [None req-26e32706-f0fd-472a-b8fc-b01f52bc095b 2dc33df45b2a495bb518952a8ac0f786 6ab2bef16bef4f52b6b30cc4250f469b - - default default] Successfully bumped revision number for resource 9a27ab49-f339-4147-a361-e8cd6add13dd (type: security_group_rules) to 0
2026-04-14 08:36:49.187 9 INFO neutron.api.wsgi [None req-1ecc4168-f876-4a3b-8ab0-4e760d46dc83 dd0ec66dda124149af0e15798bd3a7f0 e3721f7b103c4d298a7f06aaaa99cb39 - - default default] 10.0.0.202 "POST /v2.0/security-group-rules HTTP/1.1" status: 201 len: 805 time: 0.3059196
2026-04-14 08:36:49.187 10 INFO neutron.db.ovn_revision_numbers_db [None req-6a9f470b-945b-4e26-9137-8473c9f4e658 57256cd5eab344afb5aba92ee44f20f4 d7f56fbbe4a243ebadb1ed93146f1419 - - default default] Successfully bumped revision number for resource b0d2b90f-7251-42a0-8a28-b2e303abdecb (type: security_group_rules) to 0
2026-04-14 08:36:49.191 10 INFO neutron.db.ovn_revision_numbers_db [None req-26e32706-f0fd-472a-b8fc-b01f52bc095b 2dc33df45b2a495bb518952a8ac0f786 6ab2bef16bef4f52b6b30cc4250f469b - - default default] Successfully bumped revision number for resource db8199bb-ba6f-4c27-bb62-ed192d9e9b48 (type: security_group_rules) to 0
2026-04-14 08:36:49.241 10 INFO neutron.api.wsgi [None req-6a9f470b-945b-4e26-9137-8473c9f4e658 57256cd5eab344afb5aba92ee44f20f4 d7f56fbbe4a243ebadb1ed93146f1419 - - default default] 10.0.0.202 "POST /v2.0/security-groups HTTP/1.1" status: 201 len: 1825 time: 0.2293408
2026-04-14 08:36:49.244 10 INFO neutron.api.wsgi [None req-26e32706-f0fd-472a-b8fc-b01f52bc095b 2dc33df45b2a495bb518952a8ac0f786 6ab2bef16bef4f52b6b30cc4250f469b - - default default] 10.0.0.202 "GET /v2.0/security-groups?tenant_id=9c1bc617010b40e98ee9892a2bc7564e&name=default HTTP/1.1" status: 200 len: 3120 time: 0.4364691
2026-04-14 08:36:49.255 10 WARNING neutron_lib.context [None req-bdac850b-3634-4256-9b85-3d8d805ad06b 57256cd5eab344afb5aba92ee44f20f4 d7f56fbbe4a243ebadb1ed93146f1419 - - default default] Method 'is_advsvc' is deprecated since 2023.2 release (neutron-lib 3.8.0) and will be removed once support for the old RBAC API policies will be removed from Neutron. Please use method 'is_service_role' instead.
2026-04-14 08:36:49.351 10 INFO neutron.api.wsgi [None req-e44a4373-ee59-4ee8-a0e2-8200b32ed845 2dc33df45b2a495bb518952a8ac0f786 6ab2bef16bef4f52b6b30cc4250f469b - - default default] 10.0.0.202 "DELETE /v2.0/security-groups/0ad248e4-e494-43b6-9e62-973578f291a7 HTTP/1.1" status: 204 len: 168 time: 0.2415717
2026-04-14 08:36:49.379 10 INFO neutron.db.ovn_revision_numbers_db [None req-bdac850b-3634-4256-9b85-3d8d805ad06b 57256cd5eab344afb5aba92ee44f20f4 d7f56fbbe4a243ebadb1ed93146f1419 - - default default] Successfully bumped revision number for resource e8338b04-c949-40c9-8c57-593edfdc4870 (type: security_group_rules) to 0
2026-04-14 08:36:49.413 10 INFO neutron.api.wsgi [None req-bdac850b-3634-4256-9b85-3d8d805ad06b 57256cd5eab344afb5aba92ee44f20f4 d7f56fbbe4a243ebadb1ed93146f1419 - - default default] 10.0.0.202 "POST /v2.0/security-group-rules HTTP/1.1" status: 201 len: 800 time: 0.1626592
2026-04-14 08:36:49.434 10 INFO neutron.api.wsgi [None req-47d26365-ebfe-420e-9fa6-287a93c82c8f 57256cd5eab344afb5aba92ee44f20f4 d7f56fbbe4a243ebadb1ed93146f1419 - - default default] 10.0.0.202 "GET /v2.0/security-group-rules/e8338b04-c949-40c9-8c57-593edfdc4870 HTTP/1.1" status: 200 len: 795 time: 0.0152469
2026-04-14 08:36:49.492 9 INFO neutron.api.wsgi [None req-e3a9d91a-b0cc-4895-b238-5d2a0478b725 2dc33df45b2a495bb518952a8ac0f786 6ab2bef16bef4f52b6b30cc4250f469b - - default default] 10.0.0.202 "DELETE /v2.0/security-groups/ac776b3c-3ab4-4ab2-ac45-e5a1c7a5dc1e HTTP/1.1" status: 204 len: 168 time: 0.2402959
2026-04-14 08:36:49.515 10 INFO neutron.api.wsgi [None req-340ca1f8-76cd-4021-b00e-8ee468e506d5 57256cd5eab344afb5aba92ee44f20f4 d7f56fbbe4a243ebadb1ed93146f1419 - - default default] 10.0.0.202 "GET /v2.0/security-group-rules HTTP/1.1" status: 200 len: 4333 time: 0.0765638
2026-04-14 08:36:49.580 9 WARNING neutron_lib.context [None req-7d9f29a8-2622-41eb-91a4-b5e9763ff87e dd0ec66dda124149af0e15798bd3a7f0 e3721f7b103c4d298a7f06aaaa99cb39 - - default default] Method 'is_advsvc' is deprecated since 2023.2 release (neutron-lib 3.8.0) and will be removed once support for the old RBAC API policies will be removed from Neutron. Please use method 'is_service_role' instead.
2026-04-14 08:36:49.685 9 INFO neutron.db.ovn_revision_numbers_db [None req-7d9f29a8-2622-41eb-91a4-b5e9763ff87e dd0ec66dda124149af0e15798bd3a7f0 e3721f7b103c4d298a7f06aaaa99cb39 - - default default] Successfully bumped revision number for resource 6d01f414-cc1b-417a-999a-80009fb130df (type: security_groups) to 1
2026-04-14 08:36:49.697 9 INFO neutron.db.ovn_revision_numbers_db [None req-7d9f29a8-2622-41eb-91a4-b5e9763ff87e dd0ec66dda124149af0e15798bd3a7f0 e3721f7b103c4d298a7f06aaaa99cb39 - - default default] Successfully bumped revision number for resource a91840d6-ff28-472f-b909-79767eeab953 (type: security_group_rules) to 0
2026-04-14 08:36:49.711 9 INFO neutron.db.ovn_revision_numbers_db [None req-7d9f29a8-2622-41eb-91a4-b5e9763ff87e dd0ec66dda124149af0e15798bd3a7f0 e3721f7b103c4d298a7f06aaaa99cb39 - - default default] Successfully bumped revision number for resource eb9673a3-748c-4bdd-9b5b-19e6125c52e5 (type: security_group_rules) to 0
2026-04-14 08:36:49.744 9 INFO neutron.api.wsgi [None req-7d9f29a8-2622-41eb-91a4-b5e9763ff87e dd0ec66dda124149af0e15798bd3a7f0 e3721f7b103c4d298a7f06aaaa99cb39 - - default default] 10.0.0.202 "POST /v2.0/security-groups HTTP/1.1" status: 201 len: 1859 time: 0.1699305
2026-04-14 08:36:49.753 9 WARNING neutron_lib.context [None req-830cbf06-d9a1-4404-9f96-5c20e79b9530 dd0ec66dda124149af0e15798bd3a7f0 e3721f7b103c4d298a7f06aaaa99cb39 - - default default] Method 'is_advsvc' is deprecated since 2023.2 release (neutron-lib 3.8.0) and will be removed once support for the old RBAC API policies will be removed from Neutron. Please use method 'is_service_role' instead.
2026-04-14 08:36:49.878 9 INFO neutron.db.ovn_revision_numbers_db [None req-830cbf06-d9a1-4404-9f96-5c20e79b9530 dd0ec66dda124149af0e15798bd3a7f0 e3721f7b103c4d298a7f06aaaa99cb39 - - default default] Successfully bumped revision number for resource 9235c9a8-eaf4-42be-a0e0-6ff0e14f88ce (type: security_group_rules) to 0
2026-04-14 08:36:49.893 10 INFO neutron.api.wsgi [None req-d18b72df-022b-4510-80ce-094cebbd128a 57256cd5eab344afb5aba92ee44f20f4 d7f56fbbe4a243ebadb1ed93146f1419 - - default default] 10.0.0.202 "DELETE /v2.0/security-group-rules/e8338b04-c949-40c9-8c57-593edfdc4870 HTTP/1.1" status: 204 len: 168 time: 0.3747747
2026-04-14 08:36:49.935 9 INFO neutron.api.wsgi [None req-830cbf06-d9a1-4404-9f96-5c20e79b9530 dd0ec66dda124149af0e15798bd3a7f0 e3721f7b103c4d298a7f06aaaa99cb39 - - default default] 10.0.0.202 "POST /v2.0/security-group-rules HTTP/1.1" status: 201 len: 796 time: 0.1861286
2026-04-14 08:36:49.946 9 WARNING neutron_lib.context [None req-7084567e-59e3-4093-912f-ee1a6204ae8a dd0ec66dda124149af0e15798bd3a7f0 e3721f7b103c4d298a7f06aaaa99cb39 - - default default] Method 'is_advsvc' is deprecated since 2023.2 release (neutron-lib 3.8.0) and will be removed once support for the old RBAC API policies will be removed from Neutron. Please use method 'is_service_role' instead.
2026-04-14 08:36:49.949 10 INFO neutron.api.wsgi [None req-653d4f42-269b-4fce-95c9-c21c347115a9 57256cd5eab344afb5aba92ee44f20f4 d7f56fbbe4a243ebadb1ed93146f1419 - - default default] 10.0.0.202 "GET /v2.0/security-group-rules HTTP/1.1" status: 200 len: 3755 time: 0.0502260
2026-04-14 08:36:49.968 9 WARNING neutron_lib.context [None req-db4085f2-cd97-4b3b-9a72-aed58d16acb0 57256cd5eab344afb5aba92ee44f20f4 d7f56fbbe4a243ebadb1ed93146f1419 - - default default] Method 'is_advsvc' is deprecated since 2023.2 release (neutron-lib 3.8.0) and will be removed once support for the old RBAC API policies will be removed from Neutron. Please use method 'is_service_role' instead.
2026-04-14 08:36:49.979 10 INFO neutron.db.ovn_revision_numbers_db [None req-3a1358fe-3708-4715-b029-9883b125b080 2dc33df45b2a495bb518952a8ac0f786 6ab2bef16bef4f52b6b30cc4250f469b - - default default] Successfully bumped revision number for resource 27703354-65cd-4b2a-b3bb-6057fba48908 (type: security_groups) to 1
2026-04-14 08:36:49.993 10 INFO neutron.db.ovn_revision_numbers_db [None req-3a1358fe-3708-4715-b029-9883b125b080 2dc33df45b2a495bb518952a8ac0f786 6ab2bef16bef4f52b6b30cc4250f469b - - default default] Successfully bumped revision number for resource 0e30d918-9083-45b9-a0e4-8653aca0da84 (type: security_group_rules) to 0
2026-04-14 08:36:50.008 10 INFO neutron.db.ovn_revision_numbers_db [None req-3a1358fe-3708-4715-b029-9883b125b080 2dc33df45b2a495bb518952a8ac0f786 6ab2bef16bef4f52b6b30cc4250f469b - - default default] Successfully bumped revision number for resource 6c205d21-22a5-453b-afa6-e6355386e874 (type: security_group_rules) to 0
2026-04-14 08:36:50.022 10 INFO neutron.db.ovn_revision_numbers_db [None req-3a1358fe-3708-4715-b029-9883b125b080 2dc33df45b2a495bb518952a8ac0f786 6ab2bef16bef4f52b6b30cc4250f469b - - default default] Successfully bumped revision number for resource 8d16ce53-c3ab-4b3f-b8e2-56f21be17352 (type: security_group_rules) to 0
2026-04-14 08:36:50.033 10 INFO neutron.db.ovn_revision_numbers_db [None req-3a1358fe-3708-4715-b029-9883b125b080 2dc33df45b2a495bb518952a8ac0f786 6ab2bef16bef4f52b6b30cc4250f469b - - default default] Successfully bumped revision number for resource 9a2b580c-130c-411d-8ef6-b62422d4ce5b (type: security_group_rules) to 0
2026-04-14 08:36:50.062 10 INFO neutron.api.wsgi [None req-3a1358fe-3708-4715-b029-9883b125b080 2dc33df45b2a495bb518952a8ac0f786 6ab2bef16bef4f52b6b30cc4250f469b - - default default] 10.0.0.202 "GET /v2.0/security-groups?tenant_id=2530926f7a5940f09eaa086072a4505c&name=default HTTP/1.1" status: 200 len: 3120 time: 0.4274538
2026-04-14 08:36:50.098 9 INFO neutron.db.ovn_revision_numbers_db [None req-7084567e-59e3-4093-912f-ee1a6204ae8a dd0ec66dda124149af0e15798bd3a7f0 e3721f7b103c4d298a7f06aaaa99cb39 - - default default] Successfully bumped revision number for resource ae231cb6-fe70-48d7-a01a-3a5213551774 (type: security_group_rules) to 0
2026-04-14 08:36:50.123 9 INFO neutron.db.ovn_revision_numbers_db [None req-db4085f2-cd97-4b3b-9a72-aed58d16acb0 57256cd5eab344afb5aba92ee44f20f4 d7f56fbbe4a243ebadb1ed93146f1419 - - default default] Successfully bumped revision number for resource 52384a11-7845-491b-b967-1fc3c5d10325 (type: security_group_rules) to 0
2026-04-14 08:36:50.142 9 INFO neutron.api.wsgi [None req-7084567e-59e3-4093-912f-ee1a6204ae8a dd0ec66dda124149af0e15798bd3a7f0 e3721f7b103c4d298a7f06aaaa99cb39 - - default default] 10.0.0.202 "POST /v2.0/security-group-rules HTTP/1.1" status: 201 len: 801 time: 0.2021494
2026-04-14 08:36:50.151 10 WARNING neutron_lib.context [None req-df2e8f5e-bce0-49d3-8efb-9ac132348f74 dd0ec66dda124149af0e15798bd3a7f0 e3721f7b103c4d298a7f06aaaa99cb39 - - default default] Method 'is_advsvc' is deprecated since 2023.2 release (neutron-lib 3.8.0) and will be removed once support for the old RBAC API policies will be removed from Neutron. Please use method 'is_service_role' instead.
2026-04-14 08:36:50.175 9 INFO neutron.api.wsgi [None req-db4085f2-cd97-4b3b-9a72-aed58d16acb0 57256cd5eab344afb5aba92ee44f20f4 d7f56fbbe4a243ebadb1ed93146f1419 - - default default] 10.0.0.202 "POST /v2.0/security-group-rules HTTP/1.1" status: 201 len: 800 time: 0.2144508
2026-04-14 08:36:50.194 9 INFO neutron.api.wsgi [None req-49abb398-b566-4adf-93d0-2392c7e7a4f0 57256cd5eab344afb5aba92ee44f20f4 d7f56fbbe4a243ebadb1ed93146f1419 - - default default] 10.0.0.202 "GET /v2.0/security-group-rules/52384a11-7845-491b-b967-1fc3c5d10325 HTTP/1.1" status: 200 len: 795 time: 0.0142798
2026-04-14 08:36:50.270 9 INFO neutron.api.wsgi [None req-e45398dd-56fb-491d-8300-140747060873 57256cd5eab344afb5aba92ee44f20f4 d7f56fbbe4a243ebadb1ed93146f1419 - - default default] 10.0.0.202 "GET /v2.0/security-group-rules HTTP/1.1" status: 200 len: 4333 time: 0.0697341
2026-04-14 08:36:50.299 10 INFO neutron.api.wsgi [None req-028e466b-e576-48d9-8a6d-b76fd6e40801 2dc33df45b2a495bb518952a8ac0f786 6ab2bef16bef4f52b6b30cc4250f469b - - default default] 10.0.0.202 "DELETE /v2.0/security-groups/27703354-65cd-4b2a-b3bb-6057fba48908 HTTP/1.1" status: 204 len: 168 time: 0.2315476
2026-04-14 08:36:50.367 10 WARNING neutron.scheduler.dhcp_agent_scheduler [None req-df2e8f5e-bce0-49d3-8efb-9ac132348f74 dd0ec66dda124149af0e15798bd3a7f0 e3721f7b103c4d298a7f06aaaa99cb39 - - default default] No more DHCP agents
2026-04-14 08:36:50.368 9 INFO neutron.api.wsgi [None req-a39d7749-b136-4710-9824-a103ac2f1592 57256cd5eab344afb5aba92ee44f20f4 d7f56fbbe4a243ebadb1ed93146f1419 - - default default] 10.0.0.202 "DELETE /v2.0/security-group-rules/52384a11-7845-491b-b967-1fc3c5d10325 HTTP/1.1" status: 204 len: 168 time: 0.0937555
2026-04-14 08:36:50.369 10 WARNING neutron.api.rpc.agentnotifiers.dhcp_rpc_agent_api [None req-df2e8f5e-bce0-49d3-8efb-9ac132348f74 dd0ec66dda124149af0e15798bd3a7f0 e3721f7b103c4d298a7f06aaaa99cb39 - - default default] Unable to schedule network 4cede13b-f46d-47bd-bf30-693124558b9c: no agents available; will retry on subsequent port and subnet creation events.
2026-04-14 08:36:50.432 9 INFO neutron.api.wsgi [None req-d722de4d-fb23-484e-81c4-69844b140bea 57256cd5eab344afb5aba92ee44f20f4 d7f56fbbe4a243ebadb1ed93146f1419 - - default default] 10.0.0.202 "GET /v2.0/security-group-rules HTTP/1.1" status: 200 len: 3755 time: 0.0586946
2026-04-14 08:36:50.443 10 WARNING neutron_lib.context [None req-ed4de87b-cbc0-4852-9565-87eacc8518fc 57256cd5eab344afb5aba92ee44f20f4 d7f56fbbe4a243ebadb1ed93146f1419 - - default default] Method 'is_advsvc' is deprecated since 2023.2 release (neutron-lib 3.8.0) and will be removed once support for the old RBAC API policies will be removed from Neutron. Please use method 'is_service_role' instead.
2026-04-14 08:36:50.477 10 INFO neutron.db.securitygroups_db [None req-ed4de87b-cbc0-4852-9565-87eacc8518fc 57256cd5eab344afb5aba92ee44f20f4 d7f56fbbe4a243ebadb1ed93146f1419 - - default default] Project d7f56fbbe4a243ebadb1ed93146f1419 added a security group rule with legacy IPv6 ICMP protocol name icmp, ipv6-icmp should be used instead. It was automatically converted.
2026-04-14 08:36:50.569 10 INFO neutron.db.ovn_revision_numbers_db [None req-ed4de87b-cbc0-4852-9565-87eacc8518fc 57256cd5eab344afb5aba92ee44f20f4 d7f56fbbe4a243ebadb1ed93146f1419 - - default default] Successfully bumped revision number for resource 1714714a-2c9e-4298-a18a-1282cca61703 (type: security_group_rules) to 0
2026-04-14 08:36:50.616 10 INFO neutron.api.wsgi [None req-ed4de87b-cbc0-4852-9565-87eacc8518fc 57256cd5eab344afb5aba92ee44f20f4 d7f56fbbe4a243ebadb1ed93146f1419 - - default default] 10.0.0.202 "POST /v2.0/security-group-rules HTTP/1.1" status: 201 len: 806 time: 0.1774013
2026-04-14 08:36:50.634 9 INFO neutron.api.wsgi [None req-0a409db7-31e0-47c7-9e17-6ec6010f29f9 57256cd5eab344afb5aba92ee44f20f4 d7f56fbbe4a243ebadb1ed93146f1419 - - default default] 10.0.0.202 "GET /v2.0/security-group-rules/1714714a-2c9e-4298-a18a-1282cca61703 HTTP/1.1" status: 200 len: 801 time: 0.0117002
2026-04-14 08:36:50.700 10 INFO neutron.api.wsgi [None req-f1d11fba-1f5a-4bad-9523-7138ba5068f9 57256cd5eab344afb5aba92ee44f20f4 d7f56fbbe4a243ebadb1ed93146f1419 - - default default] 10.0.0.202 "GET /v2.0/security-group-rules HTTP/1.1" status: 200 len: 4339 time: 0.0618041
2026-04-14 08:36:50.747 10 INFO neutron.api.wsgi [None req-df2e8f5e-bce0-49d3-8efb-9ac132348f74 dd0ec66dda124149af0e15798bd3a7f0 e3721f7b103c4d298a7f06aaaa99cb39 - - default default] 10.0.0.202 "POST /v2.0/floatingips HTTP/1.1" status: 201 len: 751 time: 0.6011178
2026-04-14 08:36:50.824 10 INFO neutron.api.wsgi [None req-e644c6b7-b245-4218-a1fb-a5be51741ab4 57256cd5eab344afb5aba92ee44f20f4 d7f56fbbe4a243ebadb1ed93146f1419 - - default default] 10.0.0.202 "DELETE /v2.0/security-group-rules/1714714a-2c9e-4298-a18a-1282cca61703 HTTP/1.1" status: 204 len: 168 time: 0.1208863
2026-04-14 08:36:50.859 10 INFO neutron.api.wsgi [req-834c6f3a-7a4d-476c-afa7-8ed7efa8fa8c req-ad04247d-9012-42b5-95f2-7e4979265d35 dd0ec66dda124149af0e15798bd3a7f0 e3721f7b103c4d298a7f06aaaa99cb39 - - default default] 10.0.0.168 "GET /v2.0/security-groups?name=tempest-secgroup-smoke-1797554857&fields=id&tenant_id=e3721f7b103c4d298a7f06aaaa99cb39 HTTP/1.1" status: 200 len: 267 time: 0.0321550
2026-04-14 08:36:50.873 9 INFO neutron.api.wsgi [None req-f52501a9-ba1e-4096-98dc-6fbf50b95269 57256cd5eab344afb5aba92ee44f20f4 d7f56fbbe4a243ebadb1ed93146f1419 - - default default] 10.0.0.202 "GET /v2.0/security-group-rules HTTP/1.1" status: 200 len: 3755 time: 0.0444667
2026-04-14 08:36:50.893 10 INFO neutron.api.wsgi [req-834c6f3a-7a4d-476c-afa7-8ed7efa8fa8c req-ea6656b1-116b-49c0-aa79-efdf611168dd dd0ec66dda124149af0e15798bd3a7f0 e3721f7b103c4d298a7f06aaaa99cb39 - - default default] 10.0.0.168 "GET /v2.0/security-groups?name=tempest-securitygroup--131338434&fields=id&tenant_id=e3721f7b103c4d298a7f06aaaa99cb39 HTTP/1.1" status: 200 len: 267 time: 0.0296719
2026-04-14 08:36:50.942 10 INFO neutron.api.wsgi [req-834c6f3a-7a4d-476c-afa7-8ed7efa8fa8c req-bd4b88f3-5a81-47d6-9d39-16fa3ae21260 dd0ec66dda124149af0e15798bd3a7f0 e3721f7b103c4d298a7f06aaaa99cb39 - - default default] 10.0.0.168 "GET /v2.0/networks?id=2c3f2a14-7fc8-41e0-a8d9-6876dc1900ca HTTP/1.1" status: 200 len: 871 time: 0.0422835
2026-04-14 08:36:50.960 10 INFO neutron.api.wsgi [req-834c6f3a-7a4d-476c-afa7-8ed7efa8fa8c req-3d5ed776-7250-47b3-bf17-127aae50324b dd0ec66dda124149af0e15798bd3a7f0 e3721f7b103c4d298a7f06aaaa99cb39 - - default default] 10.0.0.168 "GET /v2.0/quotas/e3721f7b103c4d298a7f06aaaa99cb39 HTTP/1.1" status: 200 len: 491 time: 0.0134921
2026-04-14 08:36:50.996 9 INFO neutron.api.wsgi [None req-7970fda5-39e3-4dea-8cf8-835cb3b0b39f 57256cd5eab344afb5aba92ee44f20f4 d7f56fbbe4a243ebadb1ed93146f1419 - - default default] 10.0.0.202 "DELETE /v2.0/security-groups/1eafb62b-42a0-4738-8fd7-6d311e80be9e HTTP/1.1" status: 204 len: 168 time: 0.1186457
2026-04-14 08:36:51.037 10 INFO neutron.api.wsgi [req-834c6f3a-7a4d-476c-afa7-8ed7efa8fa8c req-88eee835-aa89-4e08-818b-8761b48fc9fc dd0ec66dda124149af0e15798bd3a7f0 e3721f7b103c4d298a7f06aaaa99cb39 - - default default] 10.0.0.168 "GET /v2.0/ports?tenant_id=e3721f7b103c4d298a7f06aaaa99cb39&fields=id HTTP/1.1" status: 200 len: 302 time: 0.0696063
2026-04-14 08:36:51.043 9 INFO neutron.api.wsgi [None req-444cb22c-7176-44ea-811d-f00cf19ed5fb 57256cd5eab344afb5aba92ee44f20f4 d7f56fbbe4a243ebadb1ed93146f1419 - - default default] 10.0.0.202 "GET /v2.0/security-groups HTTP/1.1" status: 200 len: 3120 time: 0.0432401
2026-04-14 08:36:51.077 9 INFO neutron.api.wsgi [None req-d836aeca-ec52-4025-8671-feb9663e8073 57256cd5eab344afb5aba92ee44f20f4 d7f56fbbe4a243ebadb1ed93146f1419 - - default default] 10.0.0.202 "GET /v2.0/security-groups HTTP/1.1" status: 200 len: 3120 time: 0.0277030
2026-04-14 08:36:51.091 10 INFO neutron.api.wsgi [req-834c6f3a-7a4d-476c-afa7-8ed7efa8fa8c req-323f60d0-de34-4d40-acc8-f3a44c42b503 1d7b2d2c69ff40e8bd9cf43f5fd3632e bd3901792eca4d22b3eaa9bd9526ce90 - - 214d9bc4be274bc68d120ef41c8246ed 214d9bc4be274bc68d120ef41c8246ed] 10.0.0.168 "GET /v2.0/networks/2c3f2a14-7fc8-41e0-a8d9-6876dc1900ca?fields=segments HTTP/1.1" status: 200 len: 212 time: 0.0427964
2026-04-14 08:36:51.095 10 WARNING neutron.plugins.ml2.drivers.ovn.mech_driver.ovsdb.ovn_client [None req-b03b35ac-688f-4ac5-b731-c10c3cf144e3 - - - - - -] No hosting information found for port 0831a8ce-d46f-498d-89d8-28ae90313d4b: RuntimeError: No hosting information found for port 0831a8ce-d46f-498d-89d8-28ae90313d4b
2026-04-14 08:36:51.145 10 INFO neutron.api.wsgi [req-834c6f3a-7a4d-476c-afa7-8ed7efa8fa8c req-0082b12a-08de-4d42-9b6b-f558480c5d71 1d7b2d2c69ff40e8bd9cf43f5fd3632e bd3901792eca4d22b3eaa9bd9526ce90 - - 214d9bc4be274bc68d120ef41c8246ed 214d9bc4be274bc68d120ef41c8246ed] 10.0.0.168 "GET /v2.0/networks/2c3f2a14-7fc8-41e0-a8d9-6876dc1900ca?fields=provider%3Aphysical_network&fields=provider%3Anetwork_type HTTP/1.1" status: 200 len: 277 time: 0.0482156
2026-04-14 08:36:51.165 10 INFO neutron.db.ovn_revision_numbers_db [None req-b03b35ac-688f-4ac5-b731-c10c3cf144e3 - - - - - -] Successfully bumped revision number for resource 0831a8ce-d46f-498d-89d8-28ae90313d4b (type: router_ports) to 2
2026-04-14 08:36:51.296 9 INFO neutron.api.wsgi [req-120f9556-1ced-4e71-a2fc-7e9ab8d4193a req-476ae2e3-8590-41d8-a07d-27520123eac9 dd0ec66dda124149af0e15798bd3a7f0 e3721f7b103c4d298a7f06aaaa99cb39 - - default default] 10.0.0.168 "GET /v2.0/ports?device_id=6d213188-dc50-44bd-8499-40d86a0b8034 HTTP/1.1" status: 200 len: 210 time: 0.0179427
2026-04-14 08:36:51.386 9 WARNING neutron_lib.context [None req-8a69625c-bd22-433b-b489-a0b06570e90c 6631d48e624e45f583819f8b6de5534f 32bb02e6b43f45d6a49770b424f2dc1d - - default default] Method 'is_advsvc' is deprecated since 2023.2 release (neutron-lib 3.8.0) and will be removed once support for the old RBAC API policies will be removed from Neutron. Please use method 'is_service_role' instead.
2026-04-14 08:36:51.387 9 WARNING neutron_lib.context [None req-8a69625c-bd22-433b-b489-a0b06570e90c 6631d48e624e45f583819f8b6de5534f 32bb02e6b43f45d6a49770b424f2dc1d - - default default] Method 'is_advsvc' is deprecated since 2023.2 release (neutron-lib 3.8.0) and will be removed once support for the old RBAC API policies will be removed from Neutron. Please use method 'is_service_role' instead.
2026-04-14 08:36:51.558 9 INFO neutron.db.ovn_revision_numbers_db [None req-8a69625c-bd22-433b-b489-a0b06570e90c 6631d48e624e45f583819f8b6de5534f 32bb02e6b43f45d6a49770b424f2dc1d - - default default] Successfully bumped revision number for resource 469477f5-02b7-4429-82ab-afede6e56c79 (type: security_groups) to 1
2026-04-14 08:36:51.573 9 INFO neutron.db.ovn_revision_numbers_db [None req-8a69625c-bd22-433b-b489-a0b06570e90c 6631d48e624e45f583819f8b6de5534f 32bb02e6b43f45d6a49770b424f2dc1d - - default default] Successfully bumped revision number for resource 0eaaddc7-f82c-4536-af65-590faf5575ed (type: security_group_rules) to 0
2026-04-14 08:36:51.589 9 INFO neutron.db.ovn_revision_numbers_db [None req-8a69625c-bd22-433b-b489-a0b06570e90c 6631d48e624e45f583819f8b6de5534f 32bb02e6b43f45d6a49770b424f2dc1d - - default default] Successfully bumped revision number for resource 5f81e281-de1d-433b-984e-1c584dd75de4 (type: security_group_rules) to 0
2026-04-14 08:36:51.613 9 INFO neutron.db.ovn_revision_numbers_db [None req-8a69625c-bd22-433b-b489-a0b06570e90c 6631d48e624e45f583819f8b6de5534f 32bb02e6b43f45d6a49770b424f2dc1d - - default default] Successfully bumped revision number for resource b00dbd6f-7d5b-474a-b0bb-19c8ec727809 (type: security_group_rules) to 0
2026-04-14 08:36:51.626 9 INFO neutron.db.ovn_revision_numbers_db [None req-8a69625c-bd22-433b-b489-a0b06570e90c 6631d48e624e45f583819f8b6de5534f 32bb02e6b43f45d6a49770b424f2dc1d - - default default] Successfully bumped revision number for resource becbfc73-9f35-472a-9762-b1c6961692ba (type: security_group_rules) to 0
2026-04-14 08:36:51.715 9 INFO neutron.db.segments_db [None req-8a69625c-bd22-433b-b489-a0b06570e90c 6631d48e624e45f583819f8b6de5534f 32bb02e6b43f45d6a49770b424f2dc1d - - default default] Added segment 861059f8-7c43-4bd8-901e-3f7bbd41e156 of type geneve for network 840edeb3-4452-4632-a1f9-3cba17b937ce
2026-04-14 08:36:51.811 9 INFO neutron.db.segments_db [None req-8a69625c-bd22-433b-b489-a0b06570e90c 6631d48e624e45f583819f8b6de5534f 32bb02e6b43f45d6a49770b424f2dc1d - - default default] Added segment 66f1e0c7-183f-4851-b036-30fcc283f9b3 of type geneve for network 4f17a2da-40fa-441e-9fd8-10bc8ff34df6
2026-04-14 08:36:51.836 10 INFO neutron.api.wsgi [None req-e4c9759f-da7a-4039-be82-03498c48a579 2dc33df45b2a495bb518952a8ac0f786 6ab2bef16bef4f52b6b30cc4250f469b - - default default] 10.0.0.202 "GET /v2.0/security-groups?tenant_id=d7f56fbbe4a243ebadb1ed93146f1419&name=default HTTP/1.1" status: 200 len: 3120 time: 0.1953008
2026-04-14 08:36:51.906 9 INFO neutron.db.ovn_revision_numbers_db [None req-8a69625c-bd22-433b-b489-a0b06570e90c 6631d48e624e45f583819f8b6de5534f 32bb02e6b43f45d6a49770b424f2dc1d - - default default] Successfully bumped revision number for resource 840edeb3-4452-4632-a1f9-3cba17b937ce (type: networks) to 1
2026-04-14 08:36:52.029 10 INFO neutron.api.wsgi [None req-dc8f2d45-d8c6-48cb-bfd7-63966fed3e46 2dc33df45b2a495bb518952a8ac0f786 6ab2bef16bef4f52b6b30cc4250f469b - - default default] 10.0.0.202 "DELETE /v2.0/security-groups/1d73668e-b932-4e1c-b131-80073d1f6028 HTTP/1.1" status: 204 len: 168 time: 0.1867266
2026-04-14 08:36:52.058 9 WARNING neutron.scheduler.dhcp_agent_scheduler [None req-8a69625c-bd22-433b-b489-a0b06570e90c 6631d48e624e45f583819f8b6de5534f 32bb02e6b43f45d6a49770b424f2dc1d - - default default] No more DHCP agents
2026-04-14 08:36:52.059 9 WARNING neutron.api.rpc.agentnotifiers.dhcp_rpc_agent_api [None req-8a69625c-bd22-433b-b489-a0b06570e90c 6631d48e624e45f583819f8b6de5534f 32bb02e6b43f45d6a49770b424f2dc1d - - default default] Unable to schedule network 840edeb3-4452-4632-a1f9-3cba17b937ce: no agents available; will retry on subsequent port and subnet creation events.
2026-04-14 08:36:52.126 9 INFO neutron.db.ovn_revision_numbers_db [None req-8a69625c-bd22-433b-b489-a0b06570e90c 6631d48e624e45f583819f8b6de5534f 32bb02e6b43f45d6a49770b424f2dc1d - - default default] Successfully bumped revision number for resource f823382b-82ef-4dc6-9fd3-cf0e22e979e2 (type: ports) to 1
2026-04-14 08:36:52.199 9 INFO neutron.db.ovn_revision_numbers_db [None req-8a69625c-bd22-433b-b489-a0b06570e90c 6631d48e624e45f583819f8b6de5534f 32bb02e6b43f45d6a49770b424f2dc1d - - default default] Successfully bumped revision number for resource 4f17a2da-40fa-441e-9fd8-10bc8ff34df6 (type: networks) to 1
2026-04-14 08:36:52.359 9 WARNING neutron.scheduler.dhcp_agent_scheduler [None req-8a69625c-bd22-433b-b489-a0b06570e90c 6631d48e624e45f583819f8b6de5534f 32bb02e6b43f45d6a49770b424f2dc1d - - default default] No more DHCP agents
2026-04-14 08:36:52.361 9 WARNING neutron.api.rpc.agentnotifiers.dhcp_rpc_agent_api [None req-8a69625c-bd22-433b-b489-a0b06570e90c 6631d48e624e45f583819f8b6de5534f 32bb02e6b43f45d6a49770b424f2dc1d - - default default] Unable to schedule network 4f17a2da-40fa-441e-9fd8-10bc8ff34df6: no agents available; will retry on subsequent port and subnet creation events.
2026-04-14 08:36:52.373 10 INFO neutron.api.wsgi [req-a8755307-9a6f-4821-bb91-780c8a0c5b0d req-9a864714-3fc6-43ea-9986-2dad50aa8dd1 dd0ec66dda124149af0e15798bd3a7f0 e3721f7b103c4d298a7f06aaaa99cb39 - - default default] 10.0.0.168 "GET /v2.0/ports?device_id=6d213188-dc50-44bd-8499-40d86a0b8034 HTTP/1.1" status: 200 len: 210 time: 0.0207348
2026-04-14 08:36:52.421 9 INFO neutron.db.ovn_revision_numbers_db [None req-8a69625c-bd22-433b-b489-a0b06570e90c 6631d48e624e45f583819f8b6de5534f 32bb02e6b43f45d6a49770b424f2dc1d - - default default] Successfully bumped revision number for resource 007f0b66-9c6f-4489-9747-fec14ea4b44c (type: ports) to 1
2026-04-14 08:36:52.439 9 INFO neutron.api.wsgi [None req-8a69625c-bd22-433b-b489-a0b06570e90c 6631d48e624e45f583819f8b6de5534f 32bb02e6b43f45d6a49770b424f2dc1d - - default default] 10.0.0.202 "POST /v2.0/networks HTTP/1.1" status: 201 len: 1445 time: 1.2763565
2026-04-14 08:36:52.497 9 INFO neutron.api.wsgi [None req-0daad569-0a8b-4738-a547-e77473681181 6631d48e624e45f583819f8b6de5534f 32bb02e6b43f45d6a49770b424f2dc1d - - default default] 10.0.0.202 "GET /v2.0/networks HTTP/1.1" status: 200 len: 2051 time: 0.0518193
2026-04-14 08:36:52.800 9 INFO neutron.services.segments.plugin [-] Segment 861059f8-7c43-4bd8-901e-3f7bbd41e156 resource provider aggregate not found
2026-04-14 08:36:52.803 9 INFO neutron.services.segments.plugin [-] Segment 861059f8-7c43-4bd8-901e-3f7bbd41e156 resource provider aggregate not found
2026-04-14 08:36:52.816 9 INFO neutron.services.segments.plugin [-] Segment 861059f8-7c43-4bd8-901e-3f7bbd41e156 resource provider not found; error: Placement Client Error (4xx): {"errors": [{"status": 404, "title": "Not Found", "detail": "The resource could not be found.\n\n No resource provider with uuid 861059f8-7c43-4bd8-901e-3f7bbd41e156 found for delete ", "request_id": "req-dad2f313-f404-4fa2-8750-7d754088310e"}]}
2026-04-14 08:36:52.816 9 INFO neutron.services.segments.plugin [-] Segment 861059f8-7c43-4bd8-901e-3f7bbd41e156 resource provider not found; error: Placement Client Error (4xx): {"errors": [{"status": 404, "title": "Not Found", "detail": "The resource could not be found.\n\n No resource provider with uuid 861059f8-7c43-4bd8-901e-3f7bbd41e156 found for delete ", "request_id": "req-843edc6f-493c-47b0-8e53-0ccc32f3ec5e"}]}
2026-04-14 08:36:52.842 9 INFO neutron.api.wsgi [None req-4b337731-1c44-48cf-a843-8d37f15c7aa6 6631d48e624e45f583819f8b6de5534f 32bb02e6b43f45d6a49770b424f2dc1d - - default default] 10.0.0.202 "DELETE /v2.0/networks/840edeb3-4452-4632-a1f9-3cba17b937ce HTTP/1.1" status: 204 len: 168 time: 0.3394146
2026-04-14 08:36:53.212 9 INFO neutron.api.wsgi [None req-348022d5-89c4-4891-b0f5-8043d912ed29 6631d48e624e45f583819f8b6de5534f 32bb02e6b43f45d6a49770b424f2dc1d - - default default] 10.0.0.202 "DELETE /v2.0/networks/4f17a2da-40fa-441e-9fd8-10bc8ff34df6 HTTP/1.1" status: 204 len: 168 time: 0.3641415
2026-04-14 08:36:53.265 10 INFO neutron.api.wsgi [None req-3d6cfad9-9cf5-469e-b9ef-2840a0635929 6631d48e624e45f583819f8b6de5534f 32bb02e6b43f45d6a49770b424f2dc1d - - default default] 10.0.0.202 "GET /v2.0/networks HTTP/1.1" status: 200 len: 845 time: 0.0480618
2026-04-14 08:36:53.277 9 WARNING neutron_lib.context [None req-ea3d085b-69f6-4c41-b266-e3beb14fc51c 6631d48e624e45f583819f8b6de5534f 32bb02e6b43f45d6a49770b424f2dc1d - - default default] Method 'is_advsvc' is deprecated since 2023.2 release (neutron-lib 3.8.0) and will be removed once support for the old RBAC API policies will be removed from Neutron. Please use method 'is_service_role' instead.
2026-04-14 08:36:53.368 9 INFO neutron.db.segments_db [None req-ea3d085b-69f6-4c41-b266-e3beb14fc51c 6631d48e624e45f583819f8b6de5534f 32bb02e6b43f45d6a49770b424f2dc1d - - default default] Added segment 332edd71-3454-4431-855b-1e2a2df07abd of type geneve for network aa4e4584-9ecf-47f0-b833-8a333e78bff0
2026-04-14 08:36:53.441 9 INFO neutron.api.wsgi [req-2dfb7712-4a7c-401c-862b-be7c0b686bd9 req-5db4e845-e08e-4742-ace2-f9d707303d9c dd0ec66dda124149af0e15798bd3a7f0 e3721f7b103c4d298a7f06aaaa99cb39 - - default default] 10.0.0.168 "GET /v2.0/ports?device_id=6d213188-dc50-44bd-8499-40d86a0b8034 HTTP/1.1" status: 200 len: 210 time: 0.0161154
2026-04-14 08:36:53.511 9 INFO neutron.db.ovn_revision_numbers_db [None req-ea3d085b-69f6-4c41-b266-e3beb14fc51c 6631d48e624e45f583819f8b6de5534f 32bb02e6b43f45d6a49770b424f2dc1d - - default default] Successfully bumped revision number for resource aa4e4584-9ecf-47f0-b833-8a333e78bff0 (type: networks) to 1
2026-04-14 08:36:53.668 9 WARNING neutron.scheduler.dhcp_agent_scheduler [None req-ea3d085b-69f6-4c41-b266-e3beb14fc51c 6631d48e624e45f583819f8b6de5534f 32bb02e6b43f45d6a49770b424f2dc1d - - default default] No more DHCP agents
2026-04-14 08:36:53.669 9 WARNING neutron.api.rpc.agentnotifiers.dhcp_rpc_agent_api [None req-ea3d085b-69f6-4c41-b266-e3beb14fc51c 6631d48e624e45f583819f8b6de5534f 32bb02e6b43f45d6a49770b424f2dc1d - - default default] Unable to schedule network aa4e4584-9ecf-47f0-b833-8a333e78bff0: no agents available; will retry on subsequent port and subnet creation events.
2026-04-14 08:36:53.726 9 INFO neutron.db.ovn_revision_numbers_db [None req-ea3d085b-69f6-4c41-b266-e3beb14fc51c 6631d48e624e45f583819f8b6de5534f 32bb02e6b43f45d6a49770b424f2dc1d - - default default] Successfully bumped revision number for resource 93a739d3-1f90-41e5-916c-b660f9a7628a (type: ports) to 1
2026-04-14 08:36:53.751 9 INFO neutron.api.wsgi [None req-ea3d085b-69f6-4c41-b266-e3beb14fc51c 6631d48e624e45f583819f8b6de5534f 32bb02e6b43f45d6a49770b424f2dc1d - - default default] 10.0.0.202 "POST /v2.0/networks HTTP/1.1" status: 201 len: 852 time: 0.4784336
2026-04-14 08:36:53.764 9 WARNING neutron_lib.context [None req-d9b84e7d-c0a7-46f4-8ada-bcfb7a835670 6631d48e624e45f583819f8b6de5534f 32bb02e6b43f45d6a49770b424f2dc1d - - default default] Method 'is_advsvc' is deprecated since 2023.2 release (neutron-lib 3.8.0) and will be removed once support for the old RBAC API policies will be removed from Neutron. Please use method 'is_service_role' instead.
2026-04-14 08:36:53.813 9 WARNING neutron.plugins.ml2.drivers.ovn.mech_driver.ovsdb.ovn_client [None req-0dd9131d-5809-40b9-a2b1-b51722cf17de - - - - - -] No hosting information found for port 34236dd9-4004-495c-8cc7-23177ac68080: RuntimeError: No hosting information found for port 34236dd9-4004-495c-8cc7-23177ac68080
2026-04-14 08:36:53.869 9 INFO neutron.db.segments_db [None req-d9b84e7d-c0a7-46f4-8ada-bcfb7a835670 6631d48e624e45f583819f8b6de5534f 32bb02e6b43f45d6a49770b424f2dc1d - - default default] Added segment 193a9602-f531-4261-aee5-73a393d407bc of type geneve for network 2b7bb6da-3bab-4fde-bf18-cf850e11fc2c
