2026-04-14 08:38:20.176 9 WARNING neutron.scheduler.dhcp_agent_scheduler [None req-ff5c4622-c509-4fc5-97db-db75e8576237 6c7057789fa44c61a0839ae490a48335 85ee96e016ab4088bbdf6d226d5a17ff - - default default] No more DHCP agents
2026-04-14 08:38:20.177 9 WARNING neutron.api.rpc.agentnotifiers.dhcp_rpc_agent_api [None req-ff5c4622-c509-4fc5-97db-db75e8576237 6c7057789fa44c61a0839ae490a48335 85ee96e016ab4088bbdf6d226d5a17ff - - default default] Unable to schedule network e830f3da-ca35-405a-87b0-f5e630810ce8: no agents available; will retry on subsequent port and subnet creation events.
2026-04-14 08:38:20.237 9 INFO neutron.db.ovn_revision_numbers_db [None req-ff5c4622-c509-4fc5-97db-db75e8576237 6c7057789fa44c61a0839ae490a48335 85ee96e016ab4088bbdf6d226d5a17ff - - default default] Successfully bumped revision number for resource 57f8ed4a-69ce-491a-b00a-af9207d5e7e5 (type: ports) to 1
2026-04-14 08:38:20.256 9 INFO neutron.api.wsgi [None req-ff5c4622-c509-4fc5-97db-db75e8576237 6c7057789fa44c61a0839ae490a48335 85ee96e016ab4088bbdf6d226d5a17ff - - default default] 10.0.0.202 "POST /v2.0/networks HTTP/1.1" status: 201 len: 831 time: 0.4356005
2026-04-14 08:38:20.269 10 WARNING neutron_lib.context [None req-e123fe4a-228f-4e1d-8f69-e2f4e8567410 6c7057789fa44c61a0839ae490a48335 85ee96e016ab4088bbdf6d226d5a17ff - - default default] Method 'is_advsvc' is deprecated since 2023.2 release (neutron-lib 3.8.0) and will be removed once support for the old RBAC API policies will be removed from Neutron. Please use method 'is_service_role' instead.
2026-04-14 08:38:20.361 10 INFO neutron.api.wsgi [None req-820a160d-13e3-43ff-94d4-9c61372981cf 2dc33df45b2a495bb518952a8ac0f786 6ab2bef16bef4f52b6b30cc4250f469b - - default default] 10.0.0.202 "DELETE /v2.0/security-groups/bea069e0-995b-439f-9c61-3f58ac3ad9a9 HTTP/1.1" status: 204 len: 168 time: 0.2220287
2026-04-14 08:38:20.494 10 WARNING neutron.scheduler.dhcp_agent_scheduler [None req-e123fe4a-228f-4e1d-8f69-e2f4e8567410 6c7057789fa44c61a0839ae490a48335 85ee96e016ab4088bbdf6d226d5a17ff - - default default] No more DHCP agents
2026-04-14 08:38:20.495 10 WARNING neutron.api.rpc.agentnotifiers.dhcp_rpc_agent_api [None req-e123fe4a-228f-4e1d-8f69-e2f4e8567410 6c7057789fa44c61a0839ae490a48335 85ee96e016ab4088bbdf6d226d5a17ff - - default default] Unable to schedule network e830f3da-ca35-405a-87b0-f5e630810ce8: no agents available; will retry on subsequent port and subnet creation events. /var/lib/openstack/lib/python3.12/site-packages/pycadf/identifier.py:71: UserWarning: Invalid uuid: neutron. To ensure interoperability, identifiers should be a valid uuid. warnings.warn(('Invalid uuid: %s. To ensure interoperability, '
2026-04-14 08:38:20.587 10 INFO neutron.db.ovn_revision_numbers_db [None req-e123fe4a-228f-4e1d-8f69-e2f4e8567410 6c7057789fa44c61a0839ae490a48335 85ee96e016ab4088bbdf6d226d5a17ff - - default default] Successfully bumped revision number for resource f657eab9-f392-41c0-a188-8eccc3f112b8 (type: ports) to 1
2026-04-14 08:38:20.589 10 INFO neutron.services.segments.plugin [-] Segment 2f29c0ce-c22f-4857-b705-8963aa1dc2c3 resource provider aggregate not found
2026-04-14 08:38:20.591 10 INFO neutron.services.segments.plugin [-] Segment 2f29c0ce-c22f-4857-b705-8963aa1dc2c3 resource provider aggregate not found
2026-04-14 08:38:20.607 10 INFO neutron.services.segments.plugin [-] Segment 2f29c0ce-c22f-4857-b705-8963aa1dc2c3 resource provider not found; error: Placement Client Error (4xx): {"errors": [{"status": 404, "title": "Not Found", "detail": "The resource could not be found.\n\n No resource provider with uuid 2f29c0ce-c22f-4857-b705-8963aa1dc2c3 found for delete ", "request_id": "req-f24b5cd7-d273-44b6-8305-eeb6cd10ce43"}]}
2026-04-14 08:38:20.611 10 INFO neutron.services.segments.plugin [-] Segment 2f29c0ce-c22f-4857-b705-8963aa1dc2c3 resource provider not found; error: Placement Client Error (4xx): {"errors": [{"status": 404, "title": "Not Found", "detail": "The resource could not be found.\n\n No resource provider with uuid 2f29c0ce-c22f-4857-b705-8963aa1dc2c3 found for delete ", "request_id": "req-f3b727cd-27a6-4aca-aefd-1ffb19ade073"}]}
2026-04-14 08:38:20.619 10 INFO neutron.api.wsgi [None req-e123fe4a-228f-4e1d-8f69-e2f4e8567410 6c7057789fa44c61a0839ae490a48335 85ee96e016ab4088bbdf6d226d5a17ff - - default default] 10.0.0.202 "POST /v2.0/ports HTTP/1.1" status: 201 len: 942 time: 0.3579426
2026-04-14 08:38:20.628 10 WARNING neutron_lib.context [None req-b699cca8-83b0-4186-8a77-a727326e8120 6c7057789fa44c61a0839ae490a48335 85ee96e016ab4088bbdf6d226d5a17ff - - default default] Method 'is_advsvc' is deprecated since 2023.2 release (neutron-lib 3.8.0) and will be removed once support for the old RBAC API policies will be removed from Neutron. Please use method 'is_service_role' instead.
2026-04-14 08:38:20.718 10 INFO neutron.db.segments_db [None req-b699cca8-83b0-4186-8a77-a727326e8120 6c7057789fa44c61a0839ae490a48335 85ee96e016ab4088bbdf6d226d5a17ff - - default default] Added segment 3e744bc7-79c9-4a17-84c5-425772d403f9 of type geneve for network a806cc76-7132-49de-81ac-ad8542b3f737
2026-04-14 08:38:20.739 10 INFO neutron.api.wsgi [None req-9bc018bc-472a-4517-b4da-0f128be8d161 a45375881de54ab0ad983249befcb75f 960b0c9d3576427bb458239b5de5a256 - - default default] 10.0.0.202 "DELETE /v2.0/security-groups/974d5950-6944-4770-82ea-c96cdb323eeb HTTP/1.1" status: 204 len: 168 time: 0.2051122
2026-04-14 08:38:20.834 10 INFO neutron.db.ovn_revision_numbers_db [None req-b699cca8-83b0-4186-8a77-a727326e8120 6c7057789fa44c61a0839ae490a48335 85ee96e016ab4088bbdf6d226d5a17ff - - default default] Successfully bumped revision number for resource a806cc76-7132-49de-81ac-ad8542b3f737 (type: networks) to 1
2026-04-14 08:38:20.990 10 WARNING neutron.scheduler.dhcp_agent_scheduler [None req-b699cca8-83b0-4186-8a77-a727326e8120 6c7057789fa44c61a0839ae490a48335 85ee96e016ab4088bbdf6d226d5a17ff - - default default] No more DHCP agents
2026-04-14 08:38:20.991 10 WARNING neutron.api.rpc.agentnotifiers.dhcp_rpc_agent_api [None req-b699cca8-83b0-4186-8a77-a727326e8120 6c7057789fa44c61a0839ae490a48335 85ee96e016ab4088bbdf6d226d5a17ff - - default default] Unable to schedule network a806cc76-7132-49de-81ac-ad8542b3f737: no agents available; will retry on subsequent port and subnet creation events.
2026-04-14 08:38:21.054 10 INFO neutron.db.ovn_revision_numbers_db [None req-b699cca8-83b0-4186-8a77-a727326e8120 6c7057789fa44c61a0839ae490a48335 85ee96e016ab4088bbdf6d226d5a17ff - - default default] Successfully bumped revision number for resource 5cd24281-d711-483e-acb1-c8f690a11c44 (type: ports) to 1
2026-04-14 08:38:21.074 10 INFO neutron.api.wsgi [None req-b699cca8-83b0-4186-8a77-a727326e8120 6c7057789fa44c61a0839ae490a48335 85ee96e016ab4088bbdf6d226d5a17ff - - default default] 10.0.0.202 "POST /v2.0/networks HTTP/1.1" status: 201 len: 831 time: 0.4497278
2026-04-14 08:38:21.084 10 WARNING neutron_lib.context [None req-88129b6d-c307-42d7-bc5c-110f0cfe93e5 6c7057789fa44c61a0839ae490a48335 85ee96e016ab4088bbdf6d226d5a17ff - - default default] Method 'is_advsvc' is deprecated since 2023.2 release (neutron-lib 3.8.0) and will be removed once support for the old RBAC API policies will be removed from Neutron. Please use method 'is_service_role' instead.
2026-04-14 08:38:21.325 10 WARNING neutron.scheduler.dhcp_agent_scheduler [None req-88129b6d-c307-42d7-bc5c-110f0cfe93e5 6c7057789fa44c61a0839ae490a48335 85ee96e016ab4088bbdf6d226d5a17ff - - default default] No more DHCP agents
2026-04-14 08:38:21.326 10 WARNING neutron.api.rpc.agentnotifiers.dhcp_rpc_agent_api [None req-88129b6d-c307-42d7-bc5c-110f0cfe93e5 6c7057789fa44c61a0839ae490a48335 85ee96e016ab4088bbdf6d226d5a17ff - - default default] Unable to schedule network a806cc76-7132-49de-81ac-ad8542b3f737: no agents available; will retry on subsequent port and subnet creation events.
2026-04-14 08:38:21.421 10 INFO neutron.db.ovn_revision_numbers_db [None req-88129b6d-c307-42d7-bc5c-110f0cfe93e5 6c7057789fa44c61a0839ae490a48335 85ee96e016ab4088bbdf6d226d5a17ff - - default default] Successfully bumped revision number for resource e4184488-3bf9-42f9-b820-0bfef50ba25e (type: ports) to 1
2026-04-14 08:38:21.444 10 INFO neutron.api.wsgi [None req-88129b6d-c307-42d7-bc5c-110f0cfe93e5 6c7057789fa44c61a0839ae490a48335 85ee96e016ab4088bbdf6d226d5a17ff - - default default] 10.0.0.202 "POST /v2.0/ports HTTP/1.1" status: 201 len: 942 time: 0.3632853 /var/lib/openstack/lib/python3.12/site-packages/pycadf/identifier.py:71: UserWarning: Invalid uuid: neutron. To ensure interoperability, identifiers should be a valid uuid. warnings.warn(('Invalid uuid: %s. To ensure interoperability, '
2026-04-14 08:38:21.454 10 WARNING neutron_lib.context [None req-b1580f7f-73b0-4c5b-b1f1-ce768d131fe6 6c7057789fa44c61a0839ae490a48335 85ee96e016ab4088bbdf6d226d5a17ff - - default default] Method 'is_advsvc' is deprecated since 2023.2 release (neutron-lib 3.8.0) and will be removed once support for the old RBAC API policies will be removed from Neutron. Please use method 'is_service_role' instead.
2026-04-14 08:38:21.538 10 INFO neutron.db.segments_db [None req-b1580f7f-73b0-4c5b-b1f1-ce768d131fe6 6c7057789fa44c61a0839ae490a48335 85ee96e016ab4088bbdf6d226d5a17ff - - default default] Added segment 1d8c7799-f62a-48bb-8758-b5d87f6ba79a of type geneve for network 38725c8d-e26a-45d5-98ba-163aa631af6d
2026-04-14 08:38:21.646 10 INFO neutron.db.ovn_revision_numbers_db [None req-b1580f7f-73b0-4c5b-b1f1-ce768d131fe6 6c7057789fa44c61a0839ae490a48335 85ee96e016ab4088bbdf6d226d5a17ff - - default default] Successfully bumped revision number for resource 38725c8d-e26a-45d5-98ba-163aa631af6d (type: networks) to 1
2026-04-14 08:38:21.785 10 WARNING neutron.scheduler.dhcp_agent_scheduler [None req-b1580f7f-73b0-4c5b-b1f1-ce768d131fe6 6c7057789fa44c61a0839ae490a48335 85ee96e016ab4088bbdf6d226d5a17ff - - default default] No more DHCP agents
2026-04-14 08:38:21.786 10 WARNING neutron.api.rpc.agentnotifiers.dhcp_rpc_agent_api [None req-b1580f7f-73b0-4c5b-b1f1-ce768d131fe6 6c7057789fa44c61a0839ae490a48335 85ee96e016ab4088bbdf6d226d5a17ff - - default default] Unable to schedule network 38725c8d-e26a-45d5-98ba-163aa631af6d: no agents available; will retry on subsequent port and subnet creation events.
2026-04-14 08:38:21.828 9 INFO neutron.api.wsgi [None req-b8281957-6fc6-4a7e-9c85-02d35c91c0b4 a45375881de54ab0ad983249befcb75f 960b0c9d3576427bb458239b5de5a256 - - default default] 10.0.0.202 "PUT /v2.0/routers/d1b311de-ac59-460e-acf3-08b4313b4c78/remove_router_interface HTTP/1.1" status: 200 len: 503 time: 1.0570986 /var/lib/openstack/lib/python3.12/site-packages/pycadf/identifier.py:71: UserWarning: Invalid uuid: neutron. To ensure interoperability, identifiers should be a valid uuid. warnings.warn(('Invalid uuid: %s. To ensure interoperability, '
2026-04-14 08:38:21.843 10 INFO neutron.db.ovn_revision_numbers_db [None req-b1580f7f-73b0-4c5b-b1f1-ce768d131fe6 6c7057789fa44c61a0839ae490a48335 85ee96e016ab4088bbdf6d226d5a17ff - - default default] Successfully bumped revision number for resource 432178f8-ece4-4b32-bb7a-3a0163ba3544 (type: ports) to 1
2026-04-14 08:38:21.864 10 INFO neutron.api.wsgi [None req-b1580f7f-73b0-4c5b-b1f1-ce768d131fe6 6c7057789fa44c61a0839ae490a48335 85ee96e016ab4088bbdf6d226d5a17ff - - default default] 10.0.0.202 "POST /v2.0/networks HTTP/1.1" status: 201 len: 831 time: 0.4146237
2026-04-14 08:38:21.872 10 WARNING neutron_lib.context [None req-3dc6a3e1-c86e-4b1e-afe2-e88266d3bc04 6c7057789fa44c61a0839ae490a48335 85ee96e016ab4088bbdf6d226d5a17ff - - default default] Method 'is_advsvc' is deprecated since 2023.2 release (neutron-lib 3.8.0) and will be removed once support for the old RBAC API policies will be removed from Neutron. Please use method 'is_service_role' instead.
2026-04-14 08:38:21.968 9 INFO neutron.api.wsgi [None req-3aba8a16-d965-4518-bad4-7e4a336f2a83 a45375881de54ab0ad983249befcb75f 960b0c9d3576427bb458239b5de5a256 - - default default] 10.0.0.202 "DELETE /v2.0/subnets/de79faab-6193-42d4-9a43-566c69785221 HTTP/1.1" status: 204 len: 168 time: 0.1361399
2026-04-14 08:38:22.082 10 WARNING neutron.scheduler.dhcp_agent_scheduler [None req-3dc6a3e1-c86e-4b1e-afe2-e88266d3bc04 6c7057789fa44c61a0839ae490a48335 85ee96e016ab4088bbdf6d226d5a17ff - - default default] No more DHCP agents
2026-04-14 08:38:22.083 10 WARNING neutron.api.rpc.agentnotifiers.dhcp_rpc_agent_api [None req-3dc6a3e1-c86e-4b1e-afe2-e88266d3bc04 6c7057789fa44c61a0839ae490a48335 85ee96e016ab4088bbdf6d226d5a17ff - - default default] Unable to schedule network 38725c8d-e26a-45d5-98ba-163aa631af6d: no agents available; will retry on subsequent port and subnet creation events.
2026-04-14 08:38:22.148 10 INFO neutron.db.ovn_revision_numbers_db [None req-3dc6a3e1-c86e-4b1e-afe2-e88266d3bc04 6c7057789fa44c61a0839ae490a48335 85ee96e016ab4088bbdf6d226d5a17ff - - default default] Successfully bumped revision number for resource 84cd91d3-77ab-4993-94a6-bdef41cd13dc (type: ports) to 1
2026-04-14 08:38:22.170 10 INFO neutron.api.wsgi [None req-3dc6a3e1-c86e-4b1e-afe2-e88266d3bc04 6c7057789fa44c61a0839ae490a48335 85ee96e016ab4088bbdf6d226d5a17ff - - default default] 10.0.0.202 "POST /v2.0/ports HTTP/1.1" status: 201 len: 942 time: 0.3016498
2026-04-14 08:38:22.179 9 WARNING neutron_lib.context [None req-84cc521d-6eed-4b11-91df-0bed42048c8b 6c7057789fa44c61a0839ae490a48335 85ee96e016ab4088bbdf6d226d5a17ff - - default default] Method 'is_advsvc' is deprecated since 2023.2 release (neutron-lib 3.8.0) and will be removed once support for the old RBAC API policies will be removed from Neutron. Please use method 'is_service_role' instead.
2026-04-14 08:38:22.275 9 INFO neutron.db.segments_db [None req-84cc521d-6eed-4b11-91df-0bed42048c8b 6c7057789fa44c61a0839ae490a48335 85ee96e016ab4088bbdf6d226d5a17ff - - default default] Added segment 2f3601f1-478f-4b93-8ffc-2262b9d1b276 of type geneve for network 4f232548-84e6-4614-bf3f-a7ee48cb881b
2026-04-14 08:38:22.408 9 INFO neutron.db.ovn_revision_numbers_db [None req-84cc521d-6eed-4b11-91df-0bed42048c8b 6c7057789fa44c61a0839ae490a48335 85ee96e016ab4088bbdf6d226d5a17ff - - default default] Successfully bumped revision number for resource 4f232548-84e6-4614-bf3f-a7ee48cb881b (type: networks) to 1
2026-04-14 08:38:22.617 9 WARNING neutron.scheduler.dhcp_agent_scheduler [None req-84cc521d-6eed-4b11-91df-0bed42048c8b 6c7057789fa44c61a0839ae490a48335 85ee96e016ab4088bbdf6d226d5a17ff - - default default] No more DHCP agents
2026-04-14 08:38:22.625 9 WARNING neutron.api.rpc.agentnotifiers.dhcp_rpc_agent_api [None req-84cc521d-6eed-4b11-91df-0bed42048c8b 6c7057789fa44c61a0839ae490a48335 85ee96e016ab4088bbdf6d226d5a17ff - - default default] Unable to schedule network 4f232548-84e6-4614-bf3f-a7ee48cb881b: no agents available; will retry on subsequent port and subnet creation events.
2026-04-14 08:38:22.660 9 INFO neutron.api.wsgi [None req-66b716dc-6ff0-4bab-b9f5-fda3d14642fd a45375881de54ab0ad983249befcb75f 960b0c9d3576427bb458239b5de5a256 - - default default] 10.0.0.202 "DELETE /v2.0/routers/d1b311de-ac59-460e-acf3-08b4313b4c78 HTTP/1.1" status: 204 len: 168 time: 0.6872685
2026-04-14 08:38:22.696 9 INFO neutron.db.ovn_revision_numbers_db [None req-84cc521d-6eed-4b11-91df-0bed42048c8b 6c7057789fa44c61a0839ae490a48335 85ee96e016ab4088bbdf6d226d5a17ff - - default default] Successfully bumped revision number for resource 9a21c63b-7fe2-41ab-9131-3a982955de22 (type: ports) to 1
2026-04-14 08:38:22.716 9 INFO neutron.api.wsgi [None req-84cc521d-6eed-4b11-91df-0bed42048c8b 6c7057789fa44c61a0839ae490a48335 85ee96e016ab4088bbdf6d226d5a17ff - - default default] 10.0.0.202 "POST /v2.0/networks HTTP/1.1" status: 201 len: 830 time: 0.5422094
2026-04-14 08:38:22.726 9 WARNING neutron_lib.context [None req-515a8946-7e85-4c92-ab90-bbbaccd17499 6c7057789fa44c61a0839ae490a48335 85ee96e016ab4088bbdf6d226d5a17ff - - default default] Method 'is_advsvc' is deprecated since 2023.2 release (neutron-lib 3.8.0) and will be removed once support for the old RBAC API policies will be removed from Neutron. Please use method 'is_service_role' instead.
2026-04-14 08:38:22.955 9 WARNING neutron.scheduler.dhcp_agent_scheduler [None req-515a8946-7e85-4c92-ab90-bbbaccd17499 6c7057789fa44c61a0839ae490a48335 85ee96e016ab4088bbdf6d226d5a17ff - - default default] No more DHCP agents
2026-04-14 08:38:22.956 9 WARNING neutron.api.rpc.agentnotifiers.dhcp_rpc_agent_api [None req-515a8946-7e85-4c92-ab90-bbbaccd17499 6c7057789fa44c61a0839ae490a48335 85ee96e016ab4088bbdf6d226d5a17ff - - default default] Unable to schedule network 4f232548-84e6-4614-bf3f-a7ee48cb881b: no agents available; will retry on subsequent port and subnet creation events.
2026-04-14 08:38:22.990 9 INFO neutron.services.segments.plugin [-] Segment 02733d92-e53c-4b10-b02c-df862c165edf resource provider aggregate not found
2026-04-14 08:38:22.994 9 INFO neutron.services.segments.plugin [-] Segment 02733d92-e53c-4b10-b02c-df862c165edf resource provider aggregate not found
2026-04-14 08:38:23.009 9 INFO neutron.services.segments.plugin [-] Segment 02733d92-e53c-4b10-b02c-df862c165edf resource provider not found; error: Placement Client Error (4xx): {"errors": [{"status": 404, "title": "Not Found", "detail": "The resource could not be found.\n\n No resource provider with uuid 02733d92-e53c-4b10-b02c-df862c165edf found for delete ", "request_id": "req-287dca01-ee54-4103-abc6-c53be29e3ed8"}]}
2026-04-14 08:38:23.012 9 INFO neutron.services.segments.plugin [-] Segment 02733d92-e53c-4b10-b02c-df862c165edf resource provider not found; error: Placement Client Error (4xx): {"errors": [{"status": 404, "title": "Not Found", "detail": "The resource could not be found.\n\n No resource provider with uuid 02733d92-e53c-4b10-b02c-df862c165edf found for delete ", "request_id": "req-facbd4f9-5004-4915-b629-5529c9691aef"}]}
2026-04-14 08:38:23.045 9 INFO neutron.api.wsgi [None req-cd130809-1396-4ff2-a591-24b258f6580b a45375881de54ab0ad983249befcb75f 960b0c9d3576427bb458239b5de5a256 - - default default] 10.0.0.202 "DELETE /v2.0/networks/7a713fa7-b9dc-4f72-b159-e0ab199a636c HTTP/1.1" status: 204 len: 168 time: 0.3797009
2026-04-14 08:38:23.078 9 INFO neutron.db.ovn_revision_numbers_db [None req-515a8946-7e85-4c92-ab90-bbbaccd17499 6c7057789fa44c61a0839ae490a48335 85ee96e016ab4088bbdf6d226d5a17ff - - default default] Successfully bumped revision number for resource 8c98647e-5125-4f93-8840-7526e70d2997 (type: ports) to 1
2026-04-14 08:38:23.098 9 INFO neutron.api.wsgi [None req-515a8946-7e85-4c92-ab90-bbbaccd17499 6c7057789fa44c61a0839ae490a48335 85ee96e016ab4088bbdf6d226d5a17ff - - default default] 10.0.0.202 "POST /v2.0/ports HTTP/1.1" status: 201 len: 942 time: 0.3760695 /var/lib/openstack/lib/python3.12/site-packages/pycadf/identifier.py:71: UserWarning: Invalid uuid: neutron. To ensure interoperability, identifiers should be a valid uuid. warnings.warn(('Invalid uuid: %s. To ensure interoperability, '
2026-04-14 08:38:23.138 9 INFO neutron.api.wsgi [None req-54eaf9ed-177e-47da-a40a-d5cb23bfbfde 6c7057789fa44c61a0839ae490a48335 85ee96e016ab4088bbdf6d226d5a17ff - - default default] 10.0.0.202 "PUT /v2.0/ports/457be165-4579-46f9-8925-3a600623c83e/tags HTTP/1.1" status: 200 len: 210 time: 0.0355244
2026-04-14 08:38:23.177 9 INFO neutron.api.wsgi [None req-208bf800-e7bc-49a1-841d-bbb074fccd1f 6c7057789fa44c61a0839ae490a48335 85ee96e016ab4088bbdf6d226d5a17ff - - default default] 10.0.0.202 "PUT /v2.0/ports/f657eab9-f392-41c0-a188-8eccc3f112b8/tags HTTP/1.1" status: 200 len: 218 time: 0.0340354
2026-04-14 08:38:23.220 9 INFO neutron.api.wsgi [None req-4f4b1b4a-4c1b-4cb1-b2de-b3039abc8df7 6c7057789fa44c61a0839ae490a48335 85ee96e016ab4088bbdf6d226d5a17ff - - default default] 10.0.0.202 "PUT /v2.0/ports/e4184488-3bf9-42f9-b820-0bfef50ba25e/tags HTTP/1.1" status: 200 len: 227 time: 0.0382557
2026-04-14 08:38:23.267 9 INFO neutron.api.wsgi [None req-55931f65-8663-4870-a8ca-0d4fb8b7b52e 6c7057789fa44c61a0839ae490a48335 85ee96e016ab4088bbdf6d226d5a17ff - - default default] 10.0.0.202 "PUT /v2.0/ports/84cd91d3-77ab-4993-94a6-bdef41cd13dc/tags HTTP/1.1" status: 200 len: 212 time: 0.0425258
2026-04-14 08:38:23.396 9 INFO neutron.api.wsgi [None req-cd177ef8-edeb-441f-89b4-0ffc2c2c1509 6c7057789fa44c61a0839ae490a48335 85ee96e016ab4088bbdf6d226d5a17ff - - default default] 10.0.0.202 "GET /v2.0/ports?tags=red HTTP/1.1" status: 200 len: 2448 time: 0.1249576
2026-04-14 08:38:23.460 9 INFO neutron.api.wsgi [None req-ccd7894f-330a-416d-a760-13bbc59bcb7e 6c7057789fa44c61a0839ae490a48335 85ee96e016ab4088bbdf6d226d5a17ff - - default default] 10.0.0.202 "GET /v2.0/ports?tags=red%2Cblue HTTP/1.1" status: 200 len: 1708 time: 0.0588048
2026-04-14 08:38:23.529 9 INFO neutron.api.wsgi [None req-eae2caf2-eeef-4e65-af87-6f6ef77265d0 6c7057789fa44c61a0839ae490a48335 85ee96e016ab4088bbdf6d226d5a17ff - - default default] 10.0.0.202 "GET /v2.0/ports?tags-any=blue HTTP/1.1" status: 200 len: 1708 time: 0.0637972
2026-04-14 08:38:23.576 9 INFO neutron.api.wsgi [None req-55ef1384-a8da-433e-93df-852dfe46362b 6c7057789fa44c61a0839ae490a48335 85ee96e016ab4088bbdf6d226d5a17ff - - default default] 10.0.0.202 "GET /v2.0/ports?tags-any=red%2Cblue HTTP/1.1" status: 200 len: 2448 time: 0.0414865 /var/lib/openstack/lib/python3.12/site-packages/pycadf/identifier.py:71: UserWarning: Invalid uuid: neutron. To ensure interoperability, identifiers should be a valid uuid. warnings.warn(('Invalid uuid: %s. To ensure interoperability, '
2026-04-14 08:38:23.621 10 WARNING neutron_lib.context [None req-7bc1ef70-2672-4cbe-8e9b-2e74aa9f2728 c7b6eb82c5b7438abe5a98201b5bb0d5 259d31b4265f4224af249cd8ebfe433e - - default default] Method 'is_advsvc' is deprecated since 2023.2 release (neutron-lib 3.8.0) and will be removed once support for the old RBAC API policies will be removed from Neutron. Please use method 'is_service_role' instead.
2026-04-14 08:38:23.693 9 INFO neutron.api.wsgi [None req-a1dd3ecb-ae3a-445b-8793-5575c83c08fa 6c7057789fa44c61a0839ae490a48335 85ee96e016ab4088bbdf6d226d5a17ff - - default default] 10.0.0.202 "GET /v2.0/ports?not-tags=red HTTP/1.1" status: 200 len: 5463 time: 0.1122253
2026-04-14 08:38:23.753 10 INFO neutron.db.ovn_revision_numbers_db [None req-7bc1ef70-2672-4cbe-8e9b-2e74aa9f2728 c7b6eb82c5b7438abe5a98201b5bb0d5 259d31b4265f4224af249cd8ebfe433e - - default default] Successfully bumped revision number for resource efbfcc0b-9d69-4202-a137-bd3bf1cf9098 (type: security_groups) to 1
2026-04-14 08:38:23.766 10 INFO neutron.db.ovn_revision_numbers_db [None req-7bc1ef70-2672-4cbe-8e9b-2e74aa9f2728 c7b6eb82c5b7438abe5a98201b5bb0d5 259d31b4265f4224af249cd8ebfe433e - - default default] Successfully bumped revision number for resource 7528dca5-e952-42ae-8919-49959d3d1ed4 (type: security_group_rules) to 0
2026-04-14 08:38:23.779 9 INFO neutron.api.wsgi [None req-a5b91ba1-1c88-4a73-b092-0ad7fda7822c 6c7057789fa44c61a0839ae490a48335 85ee96e016ab4088bbdf6d226d5a17ff - - default default] 10.0.0.202 "GET /v2.0/ports?not-tags=red%2Cblue HTTP/1.1" status: 200 len: 6203 time: 0.0804405
2026-04-14 08:38:23.781 10 INFO neutron.db.ovn_revision_numbers_db [None req-7bc1ef70-2672-4cbe-8e9b-2e74aa9f2728 c7b6eb82c5b7438abe5a98201b5bb0d5 259d31b4265f4224af249cd8ebfe433e - - default default] Successfully bumped revision number for resource 81673193-ddca-4c8f-bf70-2e6f45e05578 (type: security_group_rules) to 0
2026-04-14 08:38:23.800 10 INFO neutron.db.ovn_revision_numbers_db [None req-7bc1ef70-2672-4cbe-8e9b-2e74aa9f2728 c7b6eb82c5b7438abe5a98201b5bb0d5 259d31b4265f4224af249cd8ebfe433e - - default default] Successfully bumped revision number for resource e2625cd1-6555-40ce-9bf2-b5b9957fcc3a (type: security_group_rules) to 0
2026-04-14 08:38:23.813 10 INFO neutron.api.wsgi [None req-6147689a-9638-4954-868e-40764579b66b 2dc33df45b2a495bb518952a8ac0f786 6ab2bef16bef4f52b6b30cc4250f469b - - default default] 10.0.0.202 "GET /v2.0/security-groups?tenant_id=960b0c9d3576427bb458239b5de5a256&name=default HTTP/1.1" status: 200 len: 3120 time: 0.0695906
2026-04-14 08:38:23.825 10 INFO neutron.db.ovn_revision_numbers_db [None req-7bc1ef70-2672-4cbe-8e9b-2e74aa9f2728 c7b6eb82c5b7438abe5a98201b5bb0d5 259d31b4265f4224af249cd8ebfe433e - - default default] Successfully bumped revision number for resource fdd49c5f-3696-4a03-85ec-0d9ef0334e50 (type: security_group_rules) to 0
2026-04-14 08:38:23.858 9 INFO neutron.api.wsgi [None req-5d4892f0-17e3-40bc-a6b7-976588872982 6c7057789fa44c61a0839ae490a48335 85ee96e016ab4088bbdf6d226d5a17ff - - default default] 10.0.0.202 "GET /v2.0/ports?not-tags-any=blue HTTP/1.1" status: 200 len: 6203 time: 0.0750067
2026-04-14 08:38:23.909 10 INFO neutron.db.segments_db [None req-7bc1ef70-2672-4cbe-8e9b-2e74aa9f2728 c7b6eb82c5b7438abe5a98201b5bb0d5 259d31b4265f4224af249cd8ebfe433e - - default default] Added segment c7935da5-f9cf-434e-b37c-407fe8360b4e of type geneve for network 74e1db2b-d51a-4cc7-a5ec-03ff0fd35085
2026-04-14 08:38:23.911 9 INFO neutron.api.wsgi [None req-63b74ca9-cbca-49a1-ab1f-163a92979e69 6c7057789fa44c61a0839ae490a48335 85ee96e016ab4088bbdf6d226d5a17ff - - default default] 10.0.0.202 "GET /v2.0/ports?not-tags-any=red%2Cblue HTTP/1.1" status: 200 len: 5463 time: 0.0486305
2026-04-14 08:38:24.026 10 INFO neutron.db.ovn_revision_numbers_db [None req-7bc1ef70-2672-4cbe-8e9b-2e74aa9f2728 c7b6eb82c5b7438abe5a98201b5bb0d5 259d31b4265f4224af249cd8ebfe433e - - default default] Successfully bumped revision number for resource 74e1db2b-d51a-4cc7-a5ec-03ff0fd35085 (type: networks) to 1
2026-04-14 08:38:24.031 10 INFO neutron.api.wsgi [None req-1dd637dc-9360-47b6-8b88-4b84e1dffc1e 2dc33df45b2a495bb518952a8ac0f786 6ab2bef16bef4f52b6b30cc4250f469b - - default default] 10.0.0.202 "DELETE /v2.0/security-groups/a519e89c-393d-4b4a-9fd3-f4d962b53eb5 HTTP/1.1" status: 204 len: 168 time: 0.2112350
2026-04-14 08:38:24.128 9 INFO neutron.api.wsgi [None req-edc21585-46ac-4bf2-a14e-897b444d7f77 6c7057789fa44c61a0839ae490a48335 85ee96e016ab4088bbdf6d226d5a17ff - - default default] 10.0.0.202 "DELETE /v2.0/ports/457be165-4579-46f9-8925-3a600623c83e HTTP/1.1" status: 204 len: 168 time: 0.2093318
2026-04-14 08:38:24.174 10 WARNING neutron.scheduler.dhcp_agent_scheduler [None req-7bc1ef70-2672-4cbe-8e9b-2e74aa9f2728 c7b6eb82c5b7438abe5a98201b5bb0d5 259d31b4265f4224af249cd8ebfe433e - - default default] No more DHCP agents
2026-04-14 08:38:24.179 10 WARNING neutron.api.rpc.agentnotifiers.dhcp_rpc_agent_api [None req-7bc1ef70-2672-4cbe-8e9b-2e74aa9f2728 c7b6eb82c5b7438abe5a98201b5bb0d5 259d31b4265f4224af249cd8ebfe433e - - default default] Unable to schedule network 74e1db2b-d51a-4cc7-a5ec-03ff0fd35085: no agents available; will retry on subsequent port and subnet creation events.
2026-04-14 08:38:24.242 10 INFO neutron.db.ovn_revision_numbers_db [None req-7bc1ef70-2672-4cbe-8e9b-2e74aa9f2728 c7b6eb82c5b7438abe5a98201b5bb0d5 259d31b4265f4224af249cd8ebfe433e - - default default] Successfully bumped revision number for resource 24b2aca9-8383-408b-a090-2d4962abb764 (type: ports) to 1
2026-04-14 08:38:24.261 10 INFO neutron.api.wsgi [None req-7bc1ef70-2672-4cbe-8e9b-2e74aa9f2728 c7b6eb82c5b7438abe5a98201b5bb0d5 259d31b4265f4224af249cd8ebfe433e - - default default] 10.0.0.202 "POST /v2.0/networks HTTP/1.1" status: 201 len: 825 time: 0.8331609
2026-04-14 08:38:24.271 10 WARNING neutron_lib.context [None req-d4d667d0-7e34-49c9-92bd-46f96f8a7cee c7b6eb82c5b7438abe5a98201b5bb0d5 259d31b4265f4224af249cd8ebfe433e - - default default] Method 'is_advsvc' is deprecated since 2023.2 release (neutron-lib 3.8.0) and will be removed once support for the old RBAC API policies will be removed from Neutron. Please use method 'is_service_role' instead.
2026-04-14 08:38:24.291 10 INFO neutron.db.ovn_revision_numbers_db [None req-67d31f66-f6b5-4fc8-a792-27f20bf64aa0 2dc33df45b2a495bb518952a8ac0f786 6ab2bef16bef4f52b6b30cc4250f469b - - default default] Successfully bumped revision number for resource f1eb8825-d4c1-49aa-8288-9a65e3066a24 (type: security_groups) to 1
2026-04-14 08:38:24.307 10 INFO neutron.db.ovn_revision_numbers_db [None req-67d31f66-f6b5-4fc8-a792-27f20bf64aa0 2dc33df45b2a495bb518952a8ac0f786 6ab2bef16bef4f52b6b30cc4250f469b - - default default] Successfully bumped revision number for resource 13b5ff70-7dd2-4fb8-b110-a7f4dc93c88d (type: security_group_rules) to 0
2026-04-14 08:38:24.327 10 INFO neutron.db.ovn_revision_numbers_db [None req-67d31f66-f6b5-4fc8-a792-27f20bf64aa0 2dc33df45b2a495bb518952a8ac0f786 6ab2bef16bef4f52b6b30cc4250f469b - - default default] Successfully bumped revision number for resource 20161da2-c14d-4e48-a863-7a47eac20a9e (type: security_group_rules) to 0
2026-04-14 08:38:24.336 9 INFO neutron.api.wsgi [None req-744c90d8-c2ae-4708-940e-0e7eda4630a4 6c7057789fa44c61a0839ae490a48335 85ee96e016ab4088bbdf6d226d5a17ff - - default default] 10.0.0.202 "DELETE /v2.0/ports/f657eab9-f392-41c0-a188-8eccc3f112b8 HTTP/1.1" status: 204 len: 168 time: 0.2030668
2026-04-14 08:38:24.347 10 INFO neutron.db.ovn_revision_numbers_db [None req-67d31f66-f6b5-4fc8-a792-27f20bf64aa0 2dc33df45b2a495bb518952a8ac0f786 6ab2bef16bef4f52b6b30cc4250f469b - - default default] Successfully bumped revision number for resource 423929e1-5b69-4832-805a-9398340bd931 (type: security_group_rules) to 0
2026-04-14 08:38:24.372 10 INFO neutron.db.ovn_revision_numbers_db [None req-67d31f66-f6b5-4fc8-a792-27f20bf64aa0 2dc33df45b2a495bb518952a8ac0f786 6ab2bef16bef4f52b6b30cc4250f469b - - default default] Successfully bumped revision number for resource c60c0bee-4422-4566-bea3-5d03ed9a963b (type: security_group_rules) to 0
2026-04-14 08:38:24.419 10 INFO neutron.api.wsgi [None req-67d31f66-f6b5-4fc8-a792-27f20bf64aa0 2dc33df45b2a495bb518952a8ac0f786 6ab2bef16bef4f52b6b30cc4250f469b - - default default] 10.0.0.202 "GET /v2.0/security-groups?tenant_id=1318d5ebbdf04db593413fe326d2106b&name=default HTTP/1.1" status: 200 len: 3120 time: 0.2444074
2026-04-14 08:38:24.495 10 WARNING neutron.scheduler.dhcp_agent_scheduler [None req-d4d667d0-7e34-49c9-92bd-46f96f8a7cee c7b6eb82c5b7438abe5a98201b5bb0d5 259d31b4265f4224af249cd8ebfe433e - - default default] No more DHCP agents
2026-04-14 08:38:24.496 10 WARNING neutron.api.rpc.agentnotifiers.dhcp_rpc_agent_api [None req-d4d667d0-7e34-49c9-92bd-46f96f8a7cee c7b6eb82c5b7438abe5a98201b5bb0d5 259d31b4265f4224af249cd8ebfe433e - - default default] Unable to schedule network 74e1db2b-d51a-4cc7-a5ec-03ff0fd35085: no agents available; will retry on subsequent port and subnet creation events.
2026-04-14 08:38:24.530 9 INFO neutron.api.wsgi [None req-cede2a95-59e6-4d99-9d5c-50105ae42ae1 6c7057789fa44c61a0839ae490a48335 85ee96e016ab4088bbdf6d226d5a17ff - - default default] 10.0.0.202 "DELETE /v2.0/ports/e4184488-3bf9-42f9-b820-0bfef50ba25e HTTP/1.1" status: 204 len: 168 time: 0.1900201
2026-04-14 08:38:24.714 9 INFO neutron.api.wsgi [None req-db6724c1-b8a7-4cd6-931c-73cdccec47c9 6c7057789fa44c61a0839ae490a48335 85ee96e016ab4088bbdf6d226d5a17ff - - default default] 10.0.0.202 "DELETE /v2.0/ports/84cd91d3-77ab-4993-94a6-bdef41cd13dc HTTP/1.1" status: 204 len: 168 time: 0.1785131
2026-04-14 08:38:24.896 10 INFO neutron.api.wsgi [None req-afa95757-8504-466c-9644-9730f3c21998 2dc33df45b2a495bb518952a8ac0f786 6ab2bef16bef4f52b6b30cc4250f469b - - default default] 10.0.0.202 "DELETE /v2.0/security-groups/f1eb8825-d4c1-49aa-8288-9a65e3066a24 HTTP/1.1" status: 204 len: 168 time: 0.4723701
2026-04-14 08:38:24.918 9 INFO neutron.api.wsgi [None req-06f4aba3-a7ad-4788-a65e-7de3b3a39475 6c7057789fa44c61a0839ae490a48335 85ee96e016ab4088bbdf6d226d5a17ff - - default default] 10.0.0.202 "DELETE /v2.0/ports/8c98647e-5125-4f93-8840-7526e70d2997 HTTP/1.1" status: 204 len: 168 time: 0.1935420
2026-04-14 08:38:25.161 10 INFO neutron.db.ovn_revision_numbers_db [None req-0bf1f731-b853-4f35-bf74-422599865eec - - - - - -] Successfully bumped revision number for resource 24b2aca9-8383-408b-a090-2d4962abb764 (type: ports) to 2
2026-04-14 08:38:25.184 10 INFO neutron.db.ovn_revision_numbers_db [None req-0bf1f731-b853-4f35-bf74-422599865eec - - - - - -] Successfully bumped revision number for resource 12f52551-aef8-43f6-9558-17b75f0edcb4 (type: subnets) to 0
2026-04-14 08:38:25.191 9 INFO neutron.services.segments.plugin [-] Segment e782bada-381b-4128-a61a-f2f7d999121b resource provider aggregate not found
2026-04-14 08:38:25.196 9 INFO neutron.services.segments.plugin [-] Segment e782bada-381b-4128-a61a-f2f7d999121b resource provider aggregate not found
2026-04-14 08:38:25.204 9 INFO neutron.services.segments.plugin [-] Segment e782bada-381b-4128-a61a-f2f7d999121b resource provider not found; error: Placement Client Error (4xx): {"errors": [{"status": 404, "title": "Not Found", "detail": "The resource could not be found.\n\n No resource provider with uuid e782bada-381b-4128-a61a-f2f7d999121b found for delete ", "request_id": "req-0e30c48f-39af-4c31-956a-784c7c93e9da"}]}
2026-04-14 08:38:25.204 10 INFO neutron.api.wsgi [None req-d4d667d0-7e34-49c9-92bd-46f96f8a7cee c7b6eb82c5b7438abe5a98201b5bb0d5 259d31b4265f4224af249cd8ebfe433e - - default default] 10.0.0.202 "POST /v2.0/subnets HTTP/1.1" status: 201 len: 825 time: 0.9374812
2026-04-14 08:38:25.216 9 INFO neutron.services.segments.plugin [-] Segment e782bada-381b-4128-a61a-f2f7d999121b resource provider not found; error: Placement Client Error (4xx): {"errors": [{"status": 404, "title": "Not Found", "detail": "The resource could not be found.\n\n No resource provider with uuid e782bada-381b-4128-a61a-f2f7d999121b found for delete ", "request_id": "req-2f6368ed-b15a-4120-8d74-ff11b268e9b3"}]}
2026-04-14 08:38:25.221 10 WARNING neutron_lib.context [None req-98d707b0-ebbe-426f-a0a9-0d2f754107c4 c7b6eb82c5b7438abe5a98201b5bb0d5 259d31b4265f4224af249cd8ebfe433e - - default default] Method 'is_advsvc' is deprecated since 2023.2 release (neutron-lib 3.8.0) and will be removed once support for the old RBAC API policies will be removed from Neutron. Please use method 'is_service_role' instead.
2026-04-14 08:38:25.232 9 INFO neutron.api.wsgi [None req-1804fb58-bedb-4461-9160-11bacdee677d 6c7057789fa44c61a0839ae490a48335 85ee96e016ab4088bbdf6d226d5a17ff - - default default] 10.0.0.202 "DELETE /v2.0/networks/d8465bc1-012f-4abe-ad3e-f92d475be991 HTTP/1.1" status: 204 len: 168 time: 0.3090756
2026-04-14 08:38:25.586 9 INFO neutron.api.wsgi [None req-e1a5f33f-f41e-4620-9fff-2eb7824627e1 6c7057789fa44c61a0839ae490a48335 85ee96e016ab4088bbdf6d226d5a17ff - - default default] 10.0.0.202 "DELETE /v2.0/networks/e830f3da-ca35-405a-87b0-f5e630810ce8 HTTP/1.1" status: 204 len: 168 time: 0.3460860
2026-04-14 08:38:25.609 10 WARNING neutron.scheduler.dhcp_agent_scheduler [None req-98d707b0-ebbe-426f-a0a9-0d2f754107c4 c7b6eb82c5b7438abe5a98201b5bb0d5 259d31b4265f4224af249cd8ebfe433e - - default default] No more DHCP agents
2026-04-14 08:38:25.611 10 WARNING neutron.api.rpc.agentnotifiers.dhcp_rpc_agent_api [None req-98d707b0-ebbe-426f-a0a9-0d2f754107c4 c7b6eb82c5b7438abe5a98201b5bb0d5 259d31b4265f4224af249cd8ebfe433e - - default default] Unable to schedule network 4cede13b-f46d-47bd-bf30-693124558b9c: no agents available; will retry on subsequent port and subnet creation events.
2026-04-14 08:38:25.719 10 INFO neutron.db.ovn_revision_numbers_db [None req-98d707b0-ebbe-426f-a0a9-0d2f754107c4 c7b6eb82c5b7438abe5a98201b5bb0d5 259d31b4265f4224af249cd8ebfe433e - - default default] Successfully bumped revision number for resource b0405b88-3b8a-4ad9-a1de-1a2ce1a53622 (type: ports) to 1
2026-04-14 08:38:25.926 9 INFO neutron.api.wsgi [None req-3a0c4f6e-834b-45d0-bfc7-d23936e8aee0 6c7057789fa44c61a0839ae490a48335 85ee96e016ab4088bbdf6d226d5a17ff - - default default] 10.0.0.202 "DELETE /v2.0/networks/a806cc76-7132-49de-81ac-ad8542b3f737 HTTP/1.1" status: 204 len: 168 time: 0.3349006
2026-04-14 08:38:26.241 9 INFO neutron.api.wsgi [None req-666e8d4e-9705-4c35-b900-5bb3b8233ef8 6c7057789fa44c61a0839ae490a48335 85ee96e016ab4088bbdf6d226d5a17ff - - default default] 10.0.0.202 "DELETE /v2.0/networks/38725c8d-e26a-45d5-98ba-163aa631af6d HTTP/1.1" status: 204 len: 168 time: 0.3092592
2026-04-14 08:38:26.297 10 INFO neutron.plugins.ml2.drivers.ovn.mech_driver.ovsdb.commands [None req-90433d94-1431-444f-a55c-7fe9e5fcabb2 - - - - - -] Schedule LRP lrp-b0405b88-3b8a-4ad9-a1de-1a2ce1a53622 on gateway 72e73ff6-9657-42a1-af8e-305994722c74 with priority 1
2026-04-14 08:38:26.308 10 INFO neutron.plugins.ml2.drivers.ovn.mech_driver.mech_driver [None req-243bddb8-7778-4ca7-8b10-e31e452e9151 - - - - - -] OVN reports status up for port: b0405b88-3b8a-4ad9-a1de-1a2ce1a53622
2026-04-14 08:38:26.326 10 INFO neutron.plugins.ml2.plugin [None req-243bddb8-7778-4ca7-8b10-e31e452e9151 - - - - - -] Attempt 1 to provision port b0405b88-3b8a-4ad9-a1de-1a2ce1a53622
2026-04-14 08:38:26.348 10 INFO neutron.db.ovn_revision_numbers_db [None req-98d707b0-ebbe-426f-a0a9-0d2f754107c4 c7b6eb82c5b7438abe5a98201b5bb0d5 259d31b4265f4224af249cd8ebfe433e - - default default] Successfully bumped revision number for resource b0405b88-3b8a-4ad9-a1de-1a2ce1a53622 (type: router_ports) to 1
2026-04-14 08:38:26.418 10 INFO neutron.db.ovn_revision_numbers_db [None req-98d707b0-ebbe-426f-a0a9-0d2f754107c4 c7b6eb82c5b7438abe5a98201b5bb0d5 259d31b4265f4224af249cd8ebfe433e - - default default] Successfully bumped revision number for resource df5c0254-4e0e-48ad-b063-2f3b7bc8b83a (type: routers) to 2
2026-04-14 08:38:26.433 10 INFO neutron.api.wsgi [None req-98d707b0-ebbe-426f-a0a9-0d2f754107c4 c7b6eb82c5b7438abe5a98201b5bb0d5 259d31b4265f4224af249cd8ebfe433e - - default default] 10.0.0.202 "POST /v2.0/routers HTTP/1.1" status: 201 len: 1135 time: 1.2170851
2026-04-14 08:38:26.554 9 INFO neutron.api.wsgi [None req-faa54ca1-0067-45d0-998e-b58b6c4c4b3b 6c7057789fa44c61a0839ae490a48335 85ee96e016ab4088bbdf6d226d5a17ff - - default default] 10.0.0.202 "DELETE /v2.0/networks/4f232548-84e6-4614-bf3f-a7ee48cb881b HTTP/1.1" status: 204 len: 168 time: 0.3077087
2026-04-14 08:38:26.711 10 INFO neutron.api.wsgi [-] 10.0.0.241 "GET / HTTP/1.1" status: 200 len: 246 time: 0.0031543
2026-04-14 08:38:26.713 10 INFO neutron.api.wsgi [-] 10.0.0.241 "GET / HTTP/1.1" status: 200 len: 246 time: 0.0015068
2026-04-14 08:38:26.932 9 WARNING neutron.scheduler.dhcp_agent_scheduler [None req-0aecfde3-328d-45cb-9aeb-3956375963e1 c7b6eb82c5b7438abe5a98201b5bb0d5 259d31b4265f4224af249cd8ebfe433e - - default default] No more DHCP agents
2026-04-14 08:38:26.933 9 WARNING neutron.api.rpc.agentnotifiers.dhcp_rpc_agent_api [None req-0aecfde3-328d-45cb-9aeb-3956375963e1 c7b6eb82c5b7438abe5a98201b5bb0d5 259d31b4265f4224af249cd8ebfe433e - - default default] Unable to schedule network 74e1db2b-d51a-4cc7-a5ec-03ff0fd35085: no agents available; will retry on subsequent port and subnet creation events.
2026-04-14 08:38:27.061 9 INFO neutron.db.ovn_revision_numbers_db [None req-0aecfde3-328d-45cb-9aeb-3956375963e1 c7b6eb82c5b7438abe5a98201b5bb0d5 259d31b4265f4224af249cd8ebfe433e - - default default] Successfully bumped revision number for resource 655f34c0-8699-482c-b0c7-25e6f99da8a6 (type: ports) to 1
2026-04-14 08:38:27.224 9 INFO neutron.services.segments.plugin [-] Segment 7c1a6ffc-25df-467e-a66c-a52a82088ab2 resource provider aggregate not found
2026-04-14 08:38:27.231 9 INFO neutron.services.segments.plugin [-] Segment 7c1a6ffc-25df-467e-a66c-a52a82088ab2 resource provider aggregate not found
2026-04-14 08:38:27.239 9 INFO neutron.services.segments.plugin [-] Segment 7c1a6ffc-25df-467e-a66c-a52a82088ab2 resource provider not found; error: Placement Client Error (4xx): {"errors": [{"status": 404, "title": "Not Found", "detail": "The resource could not be found.\n\n No resource provider with uuid 7c1a6ffc-25df-467e-a66c-a52a82088ab2 found for delete ", "request_id": "req-347b2951-d82e-4705-972e-17aad7cb40e0"}]}
2026-04-14 08:38:27.250 9 INFO neutron.services.segments.plugin [-] Segment 3e744bc7-79c9-4a17-84c5-425772d403f9 resource provider aggregate not found
2026-04-14 08:38:27.259 9 INFO neutron.services.segments.plugin [-] Segment 7c1a6ffc-25df-467e-a66c-a52a82088ab2 resource provider not found; error: Placement Client Error (4xx): {"errors": [{"status": 404, "title": "Not Found", "detail": "The resource could not be found.\n\n No resource provider with uuid 7c1a6ffc-25df-467e-a66c-a52a82088ab2 found for delete ", "request_id": "req-946a808a-0d6d-4615-ae30-6e82aa4a5a73"}]}
2026-04-14 08:38:27.263 9 INFO neutron.services.segments.plugin [-] Segment 3e744bc7-79c9-4a17-84c5-425772d403f9 resource provider not found; error: Placement Client Error (4xx): {"errors": [{"status": 404, "title": "Not Found", "detail": "The resource could not be found.\n\n No resource provider with uuid 3e744bc7-79c9-4a17-84c5-425772d403f9 found for delete ", "request_id": "req-3a81ec7d-be1f-45a8-afce-3de2639901cb"}]}
2026-04-14 08:38:27.284 9 INFO neutron.services.segments.plugin [-] Segment 1d8c7799-f62a-48bb-8758-b5d87f6ba79a resource provider aggregate not found
2026-04-14 08:38:27.288 9 INFO neutron.services.segments.plugin [-] Segment 3e744bc7-79c9-4a17-84c5-425772d403f9 resource provider aggregate not found
2026-04-14 08:38:27.311 9 INFO neutron.services.segments.plugin [-] Segment 1d8c7799-f62a-48bb-8758-b5d87f6ba79a resource provider not found; error: Placement Client Error (4xx): {"errors": [{"status": 404, "title": "Not Found", "detail": "The resource could not be found.\n\n No resource provider with uuid 1d8c7799-f62a-48bb-8758-b5d87f6ba79a found for delete ", "request_id": "req-a547a2e9-1112-480c-b357-7b2aaa91555c"}]}
2026-04-14 08:38:27.324 9 INFO neutron.services.segments.plugin [-] Segment 3e744bc7-79c9-4a17-84c5-425772d403f9 resource provider not found; error: Placement Client Error (4xx): {"errors": [{"status": 404, "title": "Not Found", "detail": "The resource could not be found.\n\n No resource provider with uuid 3e744bc7-79c9-4a17-84c5-425772d403f9 found for delete ", "request_id": "req-a87aafb8-abb0-4c92-8543-2b34a904cc0d"}]}
2026-04-14 08:38:27.329 9 INFO neutron.services.segments.plugin [-] Segment 2f3601f1-478f-4b93-8ffc-2262b9d1b276 resource provider aggregate not found
2026-04-14 08:38:27.335 9 INFO neutron.services.segments.plugin [-] Segment 1d8c7799-f62a-48bb-8758-b5d87f6ba79a resource provider aggregate not found
2026-04-14 08:38:27.339 9 INFO neutron.services.segments.plugin [-] Segment 2f3601f1-478f-4b93-8ffc-2262b9d1b276 resource provider not found; error: Placement Client Error (4xx): {"errors": [{"status": 404, "title": "Not Found", "detail": "The resource could not be found.\n\n No resource provider with uuid 2f3601f1-478f-4b93-8ffc-2262b9d1b276 found for delete ", "request_id": "req-e9f2988e-ec94-4100-8819-41bc9cbaa50e"}]}
2026-04-14 08:38:27.351 9 INFO neutron.services.segments.plugin [-] Segment 1d8c7799-f62a-48bb-8758-b5d87f6ba79a resource provider not found; error: Placement Client Error (4xx): {"errors": [{"status": 404, "title": "Not Found", "detail": "The resource could not be found.\n\n No resource provider with uuid 1d8c7799-f62a-48bb-8758-b5d87f6ba79a found for delete ", "request_id": "req-88778cb0-5803-4b18-b50f-add2bc7eaed3"}]}
2026-04-14 08:38:27.371 9 INFO neutron.services.segments.plugin [-] Segment 2f3601f1-478f-4b93-8ffc-2262b9d1b276 resource provider aggregate not found
2026-04-14 08:38:27.388 9 INFO neutron.services.segments.plugin [-] Segment 2f3601f1-478f-4b93-8ffc-2262b9d1b276 resource provider not found; error: Placement Client Error (4xx): {"errors": [{"status": 404, "title": "Not Found", "detail": "The resource could not be found.\n\n No resource provider with uuid 2f3601f1-478f-4b93-8ffc-2262b9d1b276 found for delete ", "request_id": "req-aeba0e76-ec4a-431e-af7f-72d49813f086"}]}
2026-04-14 08:38:27.579 10 INFO neutron.db.ovn_revision_numbers_db [None req-e43436b4-7517-4da5-a922-cc46dfcfff80 2dc33df45b2a495bb518952a8ac0f786 6ab2bef16bef4f52b6b30cc4250f469b - - default default] Successfully bumped revision number for resource 086ea9e9-7f9b-410f-ba3f-68c18210c893 (type: security_groups) to 1
2026-04-14 08:38:27.592 10 INFO neutron.db.ovn_revision_numbers_db [None req-e43436b4-7517-4da5-a922-cc46dfcfff80 2dc33df45b2a495bb518952a8ac0f786 6ab2bef16bef4f52b6b30cc4250f469b - - default default] Successfully bumped revision number for resource 5168b70c-6d41-41cf-8e3b-fc48eeb412ea (type: security_group_rules) to 0
2026-04-14 08:38:27.604 10 INFO neutron.db.ovn_revision_numbers_db [None req-e43436b4-7517-4da5-a922-cc46dfcfff80 2dc33df45b2a495bb518952a8ac0f786 6ab2bef16bef4f52b6b30cc4250f469b - - default default] Successfully bumped revision number for resource 520cdcbd-dcbf-48c8-8cf2-a1651f1951ca (type: security_group_rules) to 0
2026-04-14 08:38:27.619 10 INFO neutron.db.ovn_revision_numbers_db [None req-e43436b4-7517-4da5-a922-cc46dfcfff80 2dc33df45b2a495bb518952a8ac0f786 6ab2bef16bef4f52b6b30cc4250f469b - - default default] Successfully bumped revision number for resource a482ebb3-0d3f-437e-9623-5efeccc363af (type: security_group_rules) to 0
2026-04-14 08:38:27.633 10 INFO neutron.db.ovn_revision_numbers_db [None req-e43436b4-7517-4da5-a922-cc46dfcfff80 2dc33df45b2a495bb518952a8ac0f786 6ab2bef16bef4f52b6b30cc4250f469b - - default default] Successfully bumped revision number for resource b72d6744-eff3-4e57-81af-1ea336b02eb5 (type: security_group_rules) to 0
2026-04-14 08:38:27.663 9 INFO neutron.db.ovn_revision_numbers_db [None req-0aecfde3-328d-45cb-9aeb-3956375963e1 c7b6eb82c5b7438abe5a98201b5bb0d5 259d31b4265f4224af249cd8ebfe433e - - default default] Successfully bumped revision number for resource 655f34c0-8699-482c-b0c7-25e6f99da8a6 (type: ports) to 1
2026-04-14 08:38:27.671 10 INFO neutron.api.wsgi [None req-e43436b4-7517-4da5-a922-cc46dfcfff80 2dc33df45b2a495bb518952a8ac0f786 6ab2bef16bef4f52b6b30cc4250f469b - - default default] 10.0.0.202 "GET /v2.0/security-groups?tenant_id=0d07da38ffcd40a4ac21890084af82ba&name=default HTTP/1.1" status: 200 len: 3120 time: 0.3107188
2026-04-14 08:38:27.725 9 WARNING neutron.scheduler.dhcp_agent_scheduler [None req-0aecfde3-328d-45cb-9aeb-3956375963e1 c7b6eb82c5b7438abe5a98201b5bb0d5 259d31b4265f4224af249cd8ebfe433e - - default default] No more DHCP agents
2026-04-14 08:38:27.727 9 WARNING neutron.api.rpc.agentnotifiers.dhcp_rpc_agent_api [None req-0aecfde3-328d-45cb-9aeb-3956375963e1 c7b6eb82c5b7438abe5a98201b5bb0d5 259d31b4265f4224af249cd8ebfe433e - - default default] Unable to schedule network 74e1db2b-d51a-4cc7-a5ec-03ff0fd35085: no agents available; will retry on subsequent port and subnet creation events.
2026-04-14 08:38:27.912 9 INFO neutron.api.wsgi [None req-4bd1162d-08ca-4d6a-95bb-9502af30b5a4 2dc33df45b2a495bb518952a8ac0f786 6ab2bef16bef4f52b6b30cc4250f469b - - default default] 10.0.0.202 "DELETE /v2.0/security-groups/086ea9e9-7f9b-410f-ba3f-68c18210c893 HTTP/1.1" status: 204 len: 168 time: 0.2354858
2026-04-14 08:38:28.029 9 INFO neutron.db.ovn_revision_numbers_db [None req-0aecfde3-328d-45cb-9aeb-3956375963e1 c7b6eb82c5b7438abe5a98201b5bb0d5 259d31b4265f4224af249cd8ebfe433e - - default default] Successfully bumped revision number for resource 655f34c0-8699-482c-b0c7-25e6f99da8a6 (type: router_ports) to 1
2026-04-14 08:38:28.034 9 INFO neutron.api.wsgi [None req-0aecfde3-328d-45cb-9aeb-3956375963e1 c7b6eb82c5b7438abe5a98201b5bb0d5 259d31b4265f4224af249cd8ebfe433e - - default default] 10.0.0.202 "PUT /v2.0/routers/df5c0254-4e0e-48ad-b063-2f3b7bc8b83a/add_router_interface HTTP/1.1" status: 200 len: 503 time: 1.5956104
2026-04-14 08:38:28.041 9 WARNING neutron_lib.context [None req-11706eba-7155-4d3e-9aa4-5cdf456eec79 c7b6eb82c5b7438abe5a98201b5bb0d5 259d31b4265f4224af249cd8ebfe433e - - default default] Method 'is_advsvc' is deprecated since 2023.2 release (neutron-lib 3.8.0) and will be removed once support for the old RBAC API policies will be removed from Neutron. Please use method 'is_service_role' instead.
2026-04-14 08:38:28.125 10 INFO neutron.db.ovn_revision_numbers_db [None req-ba82e466-2576-44a4-a368-d140da538fff 2dc33df45b2a495bb518952a8ac0f786 6ab2bef16bef4f52b6b30cc4250f469b - - default default] Successfully bumped revision number for resource 96145248-eac6-46e3-bab9-d31354ae8536 (type: security_groups) to 1
2026-04-14 08:38:28.138 10 INFO neutron.db.ovn_revision_numbers_db [None req-ba82e466-2576-44a4-a368-d140da538fff 2dc33df45b2a495bb518952a8ac0f786 6ab2bef16bef4f52b6b30cc4250f469b - - default default] Successfully bumped revision number for resource 36e41c6d-09b8-4a31-8d83-0e4b6f144ec8 (type: security_group_rules) to 0
2026-04-14 08:38:28.151 10 INFO neutron.db.ovn_revision_numbers_db [None req-ba82e466-2576-44a4-a368-d140da538fff 2dc33df45b2a495bb518952a8ac0f786 6ab2bef16bef4f52b6b30cc4250f469b - - default default] Successfully bumped revision number for resource 43cbab4f-ce9c-4054-9ca0-bd35895ea8ca (type: security_group_rules) to 0
2026-04-14 08:38:28.169 10 INFO neutron.db.ovn_revision_numbers_db [None req-ba82e466-2576-44a4-a368-d140da538fff 2dc33df45b2a495bb518952a8ac0f786 6ab2bef16bef4f52b6b30cc4250f469b - - default default] Successfully bumped revision number for resource 49914bec-c4c2-4c63-8024-56b8ecd29caa (type: security_group_rules) to 0
2026-04-14 08:38:28.185 10 INFO neutron.db.ovn_revision_numbers_db [None req-ba82e466-2576-44a4-a368-d140da538fff 2dc33df45b2a495bb518952a8ac0f786 6ab2bef16bef4f52b6b30cc4250f469b - - default default] Successfully bumped revision number for resource c4b2820d-e1fa-4111-9239-5201935ff8f4 (type: security_group_rules) to 0
2026-04-14 08:38:28.218 10 INFO neutron.api.wsgi [None req-ba82e466-2576-44a4-a368-d140da538fff 2dc33df45b2a495bb518952a8ac0f786 6ab2bef16bef4f52b6b30cc4250f469b - - default default] 10.0.0.202 "GET /v2.0/security-groups?tenant_id=4506903850054c8995c99f852aa5eaa7&name=default HTTP/1.1" status: 200 len: 3120 time: 0.2159793
