2026-04-14 08:40:17.488 10 INFO neutron.notifiers.nova [-] Nova event matching ['req-d022df4a-908b-4b4e-a93c-bf18311bb127'] response: {'name': 'network-changed', 'server_uuid': '069284a5-6ef5-41e3-9c04-e6667c5f59f6', 'tag': '35b7a999-994c-46a1-873a-d81d5e464fff', 'status': 'completed', 'code': 200}
2026-04-14 08:40:17.610 9 INFO neutron.api.wsgi [req-19f5d542-6a07-4e65-8d08-f4ed20806ae3 req-2974e468-fe1d-4769-96da-37e679b9b91d 1d7b2d2c69ff40e8bd9cf43f5fd3632e bd3901792eca4d22b3eaa9bd9526ce90 - - 214d9bc4be274bc68d120ef41c8246ed 214d9bc4be274bc68d120ef41c8246ed] 199.204.45.78 "GET /v2.0/networks?id=3ccbeec0-6ad5-4d8f-a2b5-e057c40a6c64 HTTP/1.1" status: 200 len: 1002 time: 0.0402462
2026-04-14 08:40:17.661 9 INFO neutron.api.wsgi [req-19f5d542-6a07-4e65-8d08-f4ed20806ae3 req-9bbf6f31-0585-4317-a086-1007780b55df 1d7b2d2c69ff40e8bd9cf43f5fd3632e bd3901792eca4d22b3eaa9bd9526ce90 - - 214d9bc4be274bc68d120ef41c8246ed 214d9bc4be274bc68d120ef41c8246ed] 199.204.45.78 "GET /v2.0/floatingips?fixed_ip_address=10.2.1.12&port_id=f5f02c56-5232-40e5-8ffc-3b57932439d3 HTTP/1.1" status: 200 len: 1058 time: 0.0428200
2026-04-14 08:40:17.684 9 INFO neutron.api.wsgi [req-19f5d542-6a07-4e65-8d08-f4ed20806ae3 req-481e3f9f-69bf-4c0d-aa5c-7281538bbbe3 1d7b2d2c69ff40e8bd9cf43f5fd3632e bd3901792eca4d22b3eaa9bd9526ce90 - - 214d9bc4be274bc68d120ef41c8246ed 214d9bc4be274bc68d120ef41c8246ed] 199.204.45.78 "GET /v2.0/floatingips?fixed_ip_address=fd7b%3Af9f7%3Afff%3A4eca%3A%3A189&port_id=f5f02c56-5232-40e5-8ffc-3b57932439d3 HTTP/1.1" status: 200 len: 217 time: 0.0167358
2026-04-14 08:40:17.714 9 INFO neutron.api.wsgi [req-19f5d542-6a07-4e65-8d08-f4ed20806ae3 req-351f91a7-3e37-429b-8c55-ac3637ee661a 1d7b2d2c69ff40e8bd9cf43f5fd3632e bd3901792eca4d22b3eaa9bd9526ce90 - - 214d9bc4be274bc68d120ef41c8246ed 214d9bc4be274bc68d120ef41c8246ed] 199.204.45.78 "GET /v2.0/subnets?id=37949af2-efad-4040-b826-fa4cc4e96303&id=0df02b7e-fd6b-4b7d-9992-886ae233b4b6 HTTP/1.1" status: 200 len: 1611 time: 0.0260932
2026-04-14 08:40:17.737 9 INFO neutron.api.wsgi [req-19f5d542-6a07-4e65-8d08-f4ed20806ae3 req-c597036e-e721-4ce0-9909-bbda694d8c8b 1d7b2d2c69ff40e8bd9cf43f5fd3632e bd3901792eca4d22b3eaa9bd9526ce90 - - 214d9bc4be274bc68d120ef41c8246ed 214d9bc4be274bc68d120ef41c8246ed] 199.204.45.78 "GET /v2.0/ports?network_id=3ccbeec0-6ad5-4d8f-a2b5-e057c40a6c64&device_owner=network%3Adhcp HTTP/1.1" status: 200 len: 210 time: 0.0173585
2026-04-14 08:40:17.759 9 INFO neutron.api.wsgi [req-19f5d542-6a07-4e65-8d08-f4ed20806ae3 req-1892dba1-9174-4086-8204-a439ec1dad9e 1d7b2d2c69ff40e8bd9cf43f5fd3632e bd3901792eca4d22b3eaa9bd9526ce90 - - 214d9bc4be274bc68d120ef41c8246ed 214d9bc4be274bc68d120ef41c8246ed] 199.204.45.78 "GET /v2.0/ports?network_id=3ccbeec0-6ad5-4d8f-a2b5-e057c40a6c64&device_owner=network%3Adhcp HTTP/1.1" status: 200 len: 210 time: 0.0168707
2026-04-14 08:40:17.813 9 INFO neutron.api.wsgi [req-19f5d542-6a07-4e65-8d08-f4ed20806ae3 req-7a70693e-a756-45b7-b002-04fad48dde88 1d7b2d2c69ff40e8bd9cf43f5fd3632e bd3901792eca4d22b3eaa9bd9526ce90 - - 214d9bc4be274bc68d120ef41c8246ed 214d9bc4be274bc68d120ef41c8246ed] 199.204.45.78 "GET /v2.0/networks/3ccbeec0-6ad5-4d8f-a2b5-e057c40a6c64?fields=segments HTTP/1.1" status: 200 len: 212 time: 0.0459511
2026-04-14 08:40:17.863 9 INFO neutron.api.wsgi [req-19f5d542-6a07-4e65-8d08-f4ed20806ae3 req-8a83ff56-e13b-4c54-8ae8-a2e9f3a62189 1d7b2d2c69ff40e8bd9cf43f5fd3632e bd3901792eca4d22b3eaa9bd9526ce90 - - 214d9bc4be274bc68d120ef41c8246ed 214d9bc4be274bc68d120ef41c8246ed] 199.204.45.78 "GET /v2.0/networks/3ccbeec0-6ad5-4d8f-a2b5-e057c40a6c64?fields=provider%3Aphysical_network&fields=provider%3Anetwork_type HTTP/1.1" status: 200 len: 277 time: 0.0449541
2026-04-14 08:40:18.037 9 INFO neutron.api.wsgi [req-291241b0-fed3-44b5-9b5e-40a547f66c28 req-ebbe4260-6d1d-46d0-ac46-5e3c37c7e1b3 1d7b2d2c69ff40e8bd9cf43f5fd3632e bd3901792eca4d22b3eaa9bd9526ce90 - - 214d9bc4be274bc68d120ef41c8246ed 214d9bc4be274bc68d120ef41c8246ed] 199.204.45.78 "GET /v2.0/ports?tenant_id=94ef1c66a3cb4d62a5e08a2b254f8882&device_id=069284a5-6ef5-41e3-9c04-e6667c5f59f6 HTTP/1.1" status: 200 len: 1642 time: 0.0374913
2026-04-14 08:40:18.084 9 INFO neutron.api.wsgi [req-291241b0-fed3-44b5-9b5e-40a547f66c28 req-645ef60b-89fd-4cc0-9ecb-1c11d0de2dd6 1d7b2d2c69ff40e8bd9cf43f5fd3632e bd3901792eca4d22b3eaa9bd9526ce90 - - 214d9bc4be274bc68d120ef41c8246ed 214d9bc4be274bc68d120ef41c8246ed] 199.204.45.78 "GET /v2.0/networks?id=2ead7d3b-5870-48cc-85d0-850b60a17ed7 HTTP/1.1" status: 200 len: 1003 time: 0.0412819
2026-04-14 08:40:18.121 9 INFO neutron.api.wsgi [req-291241b0-fed3-44b5-9b5e-40a547f66c28 req-23331da8-3d90-4d80-a039-b0690aa8e116 1d7b2d2c69ff40e8bd9cf43f5fd3632e bd3901792eca4d22b3eaa9bd9526ce90 - - 214d9bc4be274bc68d120ef41c8246ed 214d9bc4be274bc68d120ef41c8246ed] 199.204.45.78 "GET /v2.0/floatingips?fixed_ip_address=10.2.2.120&port_id=35b7a999-994c-46a1-873a-d81d5e464fff HTTP/1.1" status: 200 len: 1059 time: 0.0310106
2026-04-14 08:40:18.146 9 INFO neutron.api.wsgi [req-291241b0-fed3-44b5-9b5e-40a547f66c28 req-6c07e363-f61a-4c5c-bc48-2851491552ef 1d7b2d2c69ff40e8bd9cf43f5fd3632e bd3901792eca4d22b3eaa9bd9526ce90 - - 214d9bc4be274bc68d120ef41c8246ed 214d9bc4be274bc68d120ef41c8246ed] 199.204.45.78 "GET /v2.0/floatingips?fixed_ip_address=fd77%3A1457%3A4cf0%3A26a8%3A%3A22b&port_id=35b7a999-994c-46a1-873a-d81d5e464fff HTTP/1.1" status: 200 len: 217 time: 0.0179608
2026-04-14 08:40:18.178 9 INFO neutron.api.wsgi [req-291241b0-fed3-44b5-9b5e-40a547f66c28 req-4755b1e3-39ac-459f-89aa-7bce936986cd 1d7b2d2c69ff40e8bd9cf43f5fd3632e bd3901792eca4d22b3eaa9bd9526ce90 - - 214d9bc4be274bc68d120ef41c8246ed 214d9bc4be274bc68d120ef41c8246ed] 199.204.45.78 "GET /v2.0/subnets?id=b3e4eb42-77e3-4e1c-9c5c-5f1d21c17211&id=58aaa239-3afe-47e1-a80b-86879a7238b1 HTTP/1.1" status: 200 len: 1614 time: 0.0268435
2026-04-14 08:40:18.200 9 INFO neutron.api.wsgi [req-291241b0-fed3-44b5-9b5e-40a547f66c28 req-cd1e0c9f-c2a0-452e-b06b-50142d7bffea 1d7b2d2c69ff40e8bd9cf43f5fd3632e bd3901792eca4d22b3eaa9bd9526ce90 - - 214d9bc4be274bc68d120ef41c8246ed 214d9bc4be274bc68d120ef41c8246ed] 199.204.45.78 "GET /v2.0/ports?network_id=2ead7d3b-5870-48cc-85d0-850b60a17ed7&device_owner=network%3Adhcp HTTP/1.1" status: 200 len: 210 time: 0.0167334
2026-04-14 08:40:18.222 9 INFO neutron.api.wsgi [req-291241b0-fed3-44b5-9b5e-40a547f66c28 req-bce7e61f-7abe-49ee-a16b-687e0a9de2bf 1d7b2d2c69ff40e8bd9cf43f5fd3632e bd3901792eca4d22b3eaa9bd9526ce90 - - 214d9bc4be274bc68d120ef41c8246ed 214d9bc4be274bc68d120ef41c8246ed] 199.204.45.78 "GET /v2.0/ports?network_id=2ead7d3b-5870-48cc-85d0-850b60a17ed7&device_owner=network%3Adhcp HTTP/1.1" status: 200 len: 210 time: 0.0161698
2026-04-14 08:40:18.267 9 INFO neutron.api.wsgi [req-291241b0-fed3-44b5-9b5e-40a547f66c28 req-980556be-93ee-450a-ba6e-cd3df523b48f 1d7b2d2c69ff40e8bd9cf43f5fd3632e bd3901792eca4d22b3eaa9bd9526ce90 - - 214d9bc4be274bc68d120ef41c8246ed 214d9bc4be274bc68d120ef41c8246ed] 199.204.45.78 "GET /v2.0/networks/2ead7d3b-5870-48cc-85d0-850b60a17ed7?fields=segments HTTP/1.1" status: 200 len: 212 time: 0.0389240
2026-04-14 08:40:18.310 9 INFO neutron.api.wsgi [req-291241b0-fed3-44b5-9b5e-40a547f66c28 req-6519f53f-1078-4492-a045-027a041f6bdc 1d7b2d2c69ff40e8bd9cf43f5fd3632e bd3901792eca4d22b3eaa9bd9526ce90 - - 214d9bc4be274bc68d120ef41c8246ed 214d9bc4be274bc68d120ef41c8246ed] 199.204.45.78 "GET /v2.0/networks/2ead7d3b-5870-48cc-85d0-850b60a17ed7?fields=provider%3Aphysical_network&fields=provider%3Anetwork_type HTTP/1.1" status: 200 len: 277 time: 0.0362298 /var/lib/openstack/lib/python3.12/site-packages/pycadf/identifier.py:71: UserWarning: Invalid uuid: neutron. To ensure interoperability, identifiers should be a valid uuid. warnings.warn(('Invalid uuid: %s. To ensure interoperability, '
2026-04-14 08:40:24.082 10 INFO neutron.api.wsgi [req-88789fa7-62c3-4e42-94c6-ac0534c85dc9 req-e9bac03b-d369-4ab4-89c5-960ab8b1c884 1d7b2d2c69ff40e8bd9cf43f5fd3632e bd3901792eca4d22b3eaa9bd9526ce90 - - 214d9bc4be274bc68d120ef41c8246ed 214d9bc4be274bc68d120ef41c8246ed] 10.0.0.206 "GET /v2.0/ports?device_id=069284a5-6ef5-41e3-9c04-e6667c5f59f6 HTTP/1.1" status: 200 len: 1642 time: 0.1031356
2026-04-14 08:40:24.123 10 INFO neutron.api.wsgi [req-88789fa7-62c3-4e42-94c6-ac0534c85dc9 req-2138dc08-5c3a-4cbf-bc55-e6595f336458 1d7b2d2c69ff40e8bd9cf43f5fd3632e bd3901792eca4d22b3eaa9bd9526ce90 - - 214d9bc4be274bc68d120ef41c8246ed 214d9bc4be274bc68d120ef41c8246ed] 10.0.0.206 "GET /v2.0/security-groups?id=8c1e4541-4b35-4cd5-ae96-18782fb51e5d&fields=id&fields=name HTTP/1.1" status: 200 len: 310 time: 0.0360708
2026-04-14 08:40:26.475 10 INFO neutron.api.wsgi [None req-3b97e0e3-fb88-4d5e-bee6-251611814a07 daaf4f6c368e418b8fe783bf89c0a08d d2923dd72f2d4e6fa86673901ddfc392 - - default default] 10.0.0.202 "GET /v2.0/subnets/40349ab0-9996-4b82-89be-5f65c8251d02 HTTP/1.1" status: 200 len: 869 time: 0.0277653
2026-04-14 08:40:26.708 9 INFO neutron.api.wsgi [-] 10.0.0.241 "GET / HTTP/1.1" status: 200 len: 246 time: 0.0017154
2026-04-14 08:40:26.710 10 INFO neutron.api.wsgi [-] 10.0.0.241 "GET / HTTP/1.1" status: 200 len: 246 time: 0.0026212
2026-04-14 08:40:27.636 10 INFO neutron.api.wsgi [None req-c8de98ee-781a-4998-92ff-1312cfc9393f 2dc33df45b2a495bb518952a8ac0f786 6ab2bef16bef4f52b6b30cc4250f469b - - default default] 10.0.0.39 "GET /v2.0/extensions/security-group HTTP/1.1" status: 200 len: 369 time: 0.0413449
2026-04-14 08:40:27.648 10 INFO neutron.api.wsgi [None req-b088bfaa-35a0-4482-afd6-a26f113e05d1 2dc33df45b2a495bb518952a8ac0f786 6ab2bef16bef4f52b6b30cc4250f469b - - default default] 10.0.0.39 "GET /v2.0/extensions/dns-integration HTTP/1.1" status: 200 len: 371 time: 0.0039597
2026-04-14 08:40:27.659 10 INFO neutron.api.wsgi [None req-fceca408-dca9-40f4-8c61-236e3c07a370 2dc33df45b2a495bb518952a8ac0f786 6ab2bef16bef4f52b6b30cc4250f469b - - default default] 10.0.0.39 "GET /v2.0/extensions/qos HTTP/1.1" status: 200 len: 365 time: 0.0061259
2026-04-14 08:40:27.668 10 INFO neutron.api.wsgi [None req-f50a67e1-b194-4038-ae15-31cab4f6fab7 2dc33df45b2a495bb518952a8ac0f786 6ab2bef16bef4f52b6b30cc4250f469b - - default default] 10.0.0.39 "GET /v2.0/extensions/allowed-address-pairs HTTP/1.1" status: 200 len: 383 time: 0.0049760
2026-04-14 08:40:28.097 9 INFO neutron.api.wsgi [None req-9a66447a-58f6-4e7d-81ba-7ec08b5568a8 2dc33df45b2a495bb518952a8ac0f786 6ab2bef16bef4f52b6b30cc4250f469b - - default default] 10.0.0.229 "GET /v2.0/ports HTTP/1.1" status: 200 len: 17579 time: 0.1346467
2026-04-14 08:40:28.152 10 INFO neutron.api.wsgi [-] 10.0.0.39 "GET / HTTP/1.1" status: 200 len: 284 time: 0.0016620
2026-04-14 08:40:28.189 9 INFO neutron.api.wsgi [None req-4eccbb2f-9b3e-48d0-aa7a-3f523a9fa014 2dc33df45b2a495bb518952a8ac0f786 6ab2bef16bef4f52b6b30cc4250f469b - - default default] 10.0.0.229 "GET /v2.0/routers HTTP/1.1" status: 200 len: 1141 time: 0.0796554
2026-04-14 08:40:28.209 9 INFO neutron.api.wsgi [None req-7a64563a-e7a5-44d8-8662-dac97f39a5bb 2dc33df45b2a495bb518952a8ac0f786 6ab2bef16bef4f52b6b30cc4250f469b - - default default] 10.0.0.229 "GET /v2.0/agents?binary=ovn-controller HTTP/1.1" status: 200 len: 591 time: 0.0184889
2026-04-14 08:40:28.218 10 INFO neutron.api.wsgi [None req-c4e6ef47-84c1-4565-9064-8278baaed70b 843a639b0892461fbfa82a84f7d2ad34 94ef1c66a3cb4d62a5e08a2b254f8882 - - default default] 10.0.0.39 "GET /v2.0/subnets/40349ab0-9996-4b82-89be-5f65c8251d02 HTTP/1.1" status: 200 len: 856 time: 0.0474720
2026-04-14 08:40:28.220 9 INFO neutron.api.wsgi [None req-53732a33-89c5-4692-8779-5f59bf140ed1 2dc33df45b2a495bb518952a8ac0f786 6ab2bef16bef4f52b6b30cc4250f469b - - default default] 10.0.0.229 "GET /v2.0/agents HTTP/1.1" status: 200 len: 1390 time: 0.0092010
2026-04-14 08:40:28.227 10 INFO neutron.api.wsgi [None req-8939113d-0fb8-4e28-b036-49fca0462651 2dc33df45b2a495bb518952a8ac0f786 6ab2bef16bef4f52b6b30cc4250f469b - - default default] 10.0.0.39 "GET /v2.0/extensions/security-group HTTP/1.1" status: 200 len: 369 time: 0.0036623
2026-04-14 08:40:28.236 10 INFO neutron.api.wsgi [None req-f19dea68-fd5e-45bf-9005-a4ff88deef3b 2dc33df45b2a495bb518952a8ac0f786 6ab2bef16bef4f52b6b30cc4250f469b - - default default] 10.0.0.39 "GET /v2.0/extensions/dns-integration HTTP/1.1" status: 200 len: 371 time: 0.0054405
2026-04-14 08:40:28.248 10 INFO neutron.api.wsgi [None req-0ee7f64d-529d-4622-b555-3eb9f53d75c6 2dc33df45b2a495bb518952a8ac0f786 6ab2bef16bef4f52b6b30cc4250f469b - - default default] 10.0.0.39 "GET /v2.0/extensions/qos HTTP/1.1" status: 200 len: 365 time: 0.0051730
2026-04-14 08:40:28.251 9 INFO neutron.api.wsgi [None req-100c0446-0f94-4990-b0fd-876dd09de719 2dc33df45b2a495bb518952a8ac0f786 6ab2bef16bef4f52b6b30cc4250f469b - - default default] 10.0.0.229 "GET /v2.0/subnets HTTP/1.1" status: 200 len: 5688 time: 0.0293982
2026-04-14 08:40:28.257 10 INFO neutron.api.wsgi [None req-ac164c16-9c2b-488e-a473-a47f7955d5da 2dc33df45b2a495bb518952a8ac0f786 6ab2bef16bef4f52b6b30cc4250f469b - - default default] 10.0.0.39 "GET /v2.0/extensions/allowed-address-pairs HTTP/1.1" status: 200 len: 383 time: 0.0055749
2026-04-14 08:40:28.260 9 INFO neutron.api.wsgi [None req-a87d394e-6f04-47d3-837c-0ac8b6d9a5c3 2dc33df45b2a495bb518952a8ac0f786 6ab2bef16bef4f52b6b30cc4250f469b - - default default] 10.0.0.229 "GET /v2.0/subnetpools HTTP/1.1" status: 200 len: 193 time: 0.0074553
2026-04-14 08:40:28.286 10 INFO neutron.api.wsgi [None req-aaf049f2-1569-463d-92d5-e6beb30540ca 2dc33df45b2a495bb518952a8ac0f786 6ab2bef16bef4f52b6b30cc4250f469b - - default default] 10.0.0.39 "GET /v2.0/subnets/40349ab0-9996-4b82-89be-5f65c8251d02 HTTP/1.1" status: 200 len: 874 time: 0.0241163
2026-04-14 08:40:28.297 9 INFO neutron.api.wsgi [None req-72fc5c3b-7a4b-4162-b86b-0e3011ffe607 2dc33df45b2a495bb518952a8ac0f786 6ab2bef16bef4f52b6b30cc4250f469b - - default default] 10.0.0.229 "GET /v2.0/floatingips HTTP/1.1" status: 200 len: 1878 time: 0.0363216
2026-04-14 08:40:28.353 9 INFO neutron.api.wsgi [None req-667041cf-6004-409a-b267-b71528a99ff9 2dc33df45b2a495bb518952a8ac0f786 6ab2bef16bef4f52b6b30cc4250f469b - - default default] 10.0.0.229 "GET /v2.0/networks HTTP/1.1" status: 200 len: 4720 time: 0.0541277
2026-04-14 08:40:28.369 10 INFO neutron.api.wsgi [None req-86245edd-0386-41fc-85d0-63a86aa44f66 2dc33df45b2a495bb518952a8ac0f786 6ab2bef16bef4f52b6b30cc4250f469b - - default default] 10.0.0.39 "GET /v2.0/extensions/security-group HTTP/1.1" status: 200 len: 369 time: 0.0070834
2026-04-14 08:40:28.382 10 INFO neutron.api.wsgi [None req-d5fe710b-d3c1-49e1-9ce9-ba910b2cd986 2dc33df45b2a495bb518952a8ac0f786 6ab2bef16bef4f52b6b30cc4250f469b - - default default] 10.0.0.39 "GET /v2.0/extensions/dns-integration HTTP/1.1" status: 200 len: 371 time: 0.0071123
2026-04-14 08:40:28.390 10 INFO neutron.api.wsgi [None req-edab20e8-4ee4-4dea-9a52-6b29d0719cf9 2dc33df45b2a495bb518952a8ac0f786 6ab2bef16bef4f52b6b30cc4250f469b - - default default] 10.0.0.39 "GET /v2.0/extensions/qos HTTP/1.1" status: 200 len: 365 time: 0.0036383
2026-04-14 08:40:28.394 9 INFO neutron.api.wsgi [None req-0bd52c18-d025-4a6f-aee3-9b0866b32537 2dc33df45b2a495bb518952a8ac0f786 6ab2bef16bef4f52b6b30cc4250f469b - - default default] 10.0.0.229 "GET /v2.0/security-groups HTTP/1.1" status: 200 len: 28829 time: 0.0386331
2026-04-14 08:40:28.399 10 INFO neutron.api.wsgi [None req-79a70b17-0501-4897-a695-586200ac7b47 2dc33df45b2a495bb518952a8ac0f786 6ab2bef16bef4f52b6b30cc4250f469b - - default default] 10.0.0.39 "GET /v2.0/extensions/allowed-address-pairs HTTP/1.1" status: 200 len: 383 time: 0.0036647
2026-04-14 08:40:28.434 9 INFO neutron.api.wsgi [None req-c32e44e2-ba17-4379-8904-4310b4c96e41 2dc33df45b2a495bb518952a8ac0f786 6ab2bef16bef4f52b6b30cc4250f469b - - default default] 10.0.0.229 "GET /v2.0/subnets HTTP/1.1" status: 200 len: 5688 time: 0.0322666
2026-04-14 08:40:28.449 9 INFO neutron.api.wsgi [None req-b5073154-2f39-41b1-bcd1-c5037db3a68f 2dc33df45b2a495bb518952a8ac0f786 6ab2bef16bef4f52b6b30cc4250f469b - - default default] 10.0.0.229 "GET /v2.0/network-ip-availabilities HTTP/1.1" status: 200 len: 3364 time: 0.0122793
2026-04-14 08:40:28.450 10 INFO neutron.api.wsgi [None req-745038ba-656a-47dc-9ea8-f8c54aa1c27a 2dc33df45b2a495bb518952a8ac0f786 6ab2bef16bef4f52b6b30cc4250f469b - - default default] 10.0.0.39 "GET /v2.0/networks/7143f2ad-4351-4992-9d38-ca09ab10bc7b HTTP/1.1" status: 200 len: 1001 time: 0.0462186
2026-04-14 08:40:28.463 10 INFO neutron.api.wsgi [None req-a003995d-9b41-4447-b419-adda3f9dfe35 2dc33df45b2a495bb518952a8ac0f786 6ab2bef16bef4f52b6b30cc4250f469b - - default default] 10.0.0.39 "GET /v2.0/extensions/project-id HTTP/1.1" status: 200 len: 403 time: 0.0042615
2026-04-14 08:40:28.737 10 WARNING neutron.scheduler.dhcp_agent_scheduler [None req-42d2ed00-36c3-4f19-8744-6b75e2c139c7 2dc33df45b2a495bb518952a8ac0f786 6ab2bef16bef4f52b6b30cc4250f469b - - default default] No more DHCP agents
2026-04-14 08:40:28.738 10 WARNING neutron.api.rpc.agentnotifiers.dhcp_rpc_agent_api [None req-42d2ed00-36c3-4f19-8744-6b75e2c139c7 2dc33df45b2a495bb518952a8ac0f786 6ab2bef16bef4f52b6b30cc4250f469b - - default default] Unable to schedule network 7143f2ad-4351-4992-9d38-ca09ab10bc7b: no agents available; will retry on subsequent port and subnet creation events.
2026-04-14 08:40:28.856 10 INFO neutron.db.ovn_revision_numbers_db [None req-42d2ed00-36c3-4f19-8744-6b75e2c139c7 2dc33df45b2a495bb518952a8ac0f786 6ab2bef16bef4f52b6b30cc4250f469b - - default default] Successfully bumped revision number for resource 2eb2ce69-fdac-4199-8c43-04f4c03f540d (type: ports) to 1
2026-04-14 08:40:28.876 10 INFO neutron.api.wsgi [None req-42d2ed00-36c3-4f19-8744-6b75e2c139c7 2dc33df45b2a495bb518952a8ac0f786 6ab2bef16bef4f52b6b30cc4250f469b - - default default] 10.0.0.39 "POST /v2.0/ports HTTP/1.1" status: 201 len: 1337 time: 0.4091215 /var/lib/openstack/lib/python3.12/site-packages/pycadf/identifier.py:71: UserWarning: Invalid uuid: neutron. To ensure interoperability, identifiers should be a valid uuid. warnings.warn(('Invalid uuid: %s. To ensure interoperability, '
2026-04-14 08:40:31.515 10 INFO neutron.api.wsgi [None req-defaa0e2-dd55-407e-bbf2-282c7c7f0687 2dc33df45b2a495bb518952a8ac0f786 6ab2bef16bef4f52b6b30cc4250f469b - - default default] 199.204.45.78 "GET /v2.0/extensions/security-group HTTP/1.1" status: 200 len: 369 time: 0.0350268
2026-04-14 08:40:31.531 10 INFO neutron.api.wsgi [None req-a3b9f8b3-6349-466e-8167-22e6feb24ac1 2dc33df45b2a495bb518952a8ac0f786 6ab2bef16bef4f52b6b30cc4250f469b - - default default] 199.204.45.78 "GET /v2.0/extensions/dns-integration HTTP/1.1" status: 200 len: 371 time: 0.0064139
2026-04-14 08:40:31.537 10 INFO neutron.api.wsgi [None req-0164d921-7d1c-4eb7-9e89-353c3097f1eb 2dc33df45b2a495bb518952a8ac0f786 6ab2bef16bef4f52b6b30cc4250f469b - - default default] 199.204.45.78 "GET /v2.0/extensions/qos HTTP/1.1" status: 200 len: 365 time: 0.0025320
2026-04-14 08:40:31.548 10 INFO neutron.api.wsgi [None req-1a631a9e-3080-4284-81a7-a3c17afd8275 2dc33df45b2a495bb518952a8ac0f786 6ab2bef16bef4f52b6b30cc4250f469b - - default default] 199.204.45.78 "GET /v2.0/extensions/allowed-address-pairs HTTP/1.1" status: 200 len: 383 time: 0.0062139
2026-04-14 08:40:31.587 10 INFO neutron.api.wsgi [None req-a5d93538-1d24-4cc6-af02-499bea29963b 2dc33df45b2a495bb518952a8ac0f786 6ab2bef16bef4f52b6b30cc4250f469b - - default default] 199.204.45.78 "GET /v2.0/ports/2eb2ce69-fdac-4199-8c43-04f4c03f540d HTTP/1.1" status: 200 len: 1332 time: 0.0329511
2026-04-14 08:40:31.789 10 INFO neutron.api.wsgi [None req-e83d5e58-3455-4b8d-aec0-06cfb26b9f2b 2dc33df45b2a495bb518952a8ac0f786 6ab2bef16bef4f52b6b30cc4250f469b - - default default] 199.204.45.78 "GET /v2.0/extensions/security-group HTTP/1.1" status: 200 len: 369 time: 0.0065172
2026-04-14 08:40:31.795 10 INFO neutron.api.wsgi [None req-9dc01d34-8f4b-4abe-ae30-906b3f645584 2dc33df45b2a495bb518952a8ac0f786 6ab2bef16bef4f52b6b30cc4250f469b - - default default] 199.204.45.78 "GET /v2.0/extensions/dns-integration HTTP/1.1" status: 200 len: 371 time: 0.0029769
2026-04-14 08:40:31.802 10 INFO neutron.api.wsgi [None req-836d6df1-145b-46b0-a490-ed72e2d44851 2dc33df45b2a495bb518952a8ac0f786 6ab2bef16bef4f52b6b30cc4250f469b - - default default] 199.204.45.78 "GET /v2.0/extensions/qos HTTP/1.1" status: 200 len: 365 time: 0.0037487
2026-04-14 08:40:31.809 10 INFO neutron.api.wsgi [None req-6cf927d8-8f4f-43bb-aa65-7eafdcd67fe0 2dc33df45b2a495bb518952a8ac0f786 6ab2bef16bef4f52b6b30cc4250f469b - - default default] 199.204.45.78 "GET /v2.0/extensions/allowed-address-pairs HTTP/1.1" status: 200 len: 383 time: 0.0038700
2026-04-14 08:40:31.823 10 INFO neutron.api.v2.resource [None req-7032c68c-c2ed-4dfe-a6bc-5c82a542a629 2dc33df45b2a495bb518952a8ac0f786 6ab2bef16bef4f52b6b30cc4250f469b - - default default] show failed (client error): The resource could not be found.
2026-04-14 08:40:31.825 10 INFO neutron.api.wsgi [None req-7032c68c-c2ed-4dfe-a6bc-5c82a542a629 2dc33df45b2a495bb518952a8ac0f786 6ab2bef16bef4f52b6b30cc4250f469b - - default default] 199.204.45.78 "GET /v2.0/security-groups/lb-e4b45272-43e6-4c89-8992-6d42b58f032e HTTP/1.1" status: 404 len: 355 time: 0.0103970
2026-04-14 08:40:31.854 10 INFO neutron.api.wsgi [None req-9aeadc3e-74a6-4fb8-992c-f6e8d49f4f5e 2dc33df45b2a495bb518952a8ac0f786 6ab2bef16bef4f52b6b30cc4250f469b - - default default] 199.204.45.78 "GET /v2.0/security-groups?name=lb-e4b45272-43e6-4c89-8992-6d42b58f032e HTTP/1.1" status: 200 len: 221 time: 0.0262985
2026-04-14 08:40:31.943 10 INFO neutron.db.ovn_revision_numbers_db [None req-7463d6f3-6e99-4c43-b056-60379e781d70 2dc33df45b2a495bb518952a8ac0f786 6ab2bef16bef4f52b6b30cc4250f469b - - default default] Successfully bumped revision number for resource 8933b531-2e98-4dfd-9c1d-76d83adb63ef (type: security_groups) to 1
2026-04-14 08:40:31.956 10 INFO neutron.db.ovn_revision_numbers_db [None req-7463d6f3-6e99-4c43-b056-60379e781d70 2dc33df45b2a495bb518952a8ac0f786 6ab2bef16bef4f52b6b30cc4250f469b - - default default] Successfully bumped revision number for resource 21fd1c7a-64de-4981-84f7-a6128706e0fe (type: security_group_rules) to 0
2026-04-14 08:40:31.968 10 INFO neutron.db.ovn_revision_numbers_db [None req-7463d6f3-6e99-4c43-b056-60379e781d70 2dc33df45b2a495bb518952a8ac0f786 6ab2bef16bef4f52b6b30cc4250f469b - - default default] Successfully bumped revision number for resource c0ca5a3d-6248-479e-8a9f-9e3ed25481dc (type: security_group_rules) to 0
2026-04-14 08:40:31.998 10 INFO neutron.api.wsgi [None req-7463d6f3-6e99-4c43-b056-60379e781d70 2dc33df45b2a495bb518952a8ac0f786 6ab2bef16bef4f52b6b30cc4250f469b - - default default] 199.204.45.78 "POST /v2.0/security-groups HTTP/1.1" status: 201 len: 1843 time: 0.1385329
2026-04-14 08:40:32.038 10 INFO neutron.api.wsgi [None req-bed93f20-6ebd-4bcd-8800-c6a88201d8f3 2dc33df45b2a495bb518952a8ac0f786 6ab2bef16bef4f52b6b30cc4250f469b - - default default] 199.204.45.78 "GET /v2.0/security-group-rules?security_group_id=8933b531-2e98-4dfd-9c1d-76d83adb63ef HTTP/1.1" status: 200 len: 1382 time: 0.0342321
2026-04-14 08:40:32.357 10 INFO neutron.db.ovn_revision_numbers_db [None req-4a2656e0-b9e0-416e-82af-d04454a809e4 2dc33df45b2a495bb518952a8ac0f786 6ab2bef16bef4f52b6b30cc4250f469b - - default default] Successfully bumped revision number for resource 2eb2ce69-fdac-4199-8c43-04f4c03f540d (type: ports) to 2
2026-04-14 08:40:32.366 10 INFO neutron.api.wsgi [None req-4a2656e0-b9e0-416e-82af-d04454a809e4 2dc33df45b2a495bb518952a8ac0f786 6ab2bef16bef4f52b6b30cc4250f469b - - default default] 199.204.45.78 "PUT /v2.0/ports/2eb2ce69-fdac-4199-8c43-04f4c03f540d HTTP/1.1" status: 200 len: 1332 time: 0.3161197 /var/lib/openstack/lib/python3.12/site-packages/pycadf/identifier.py:71: UserWarning: Invalid uuid: neutron. To ensure interoperability, identifiers should be a valid uuid. warnings.warn(('Invalid uuid: %s. To ensure interoperability, '
2026-04-14 08:40:32.433 10 INFO neutron.api.wsgi [None req-71773f31-c2b8-4c99-9307-84a52659961d 2dc33df45b2a495bb518952a8ac0f786 6ab2bef16bef4f52b6b30cc4250f469b - - default default] 199.204.45.78 "GET /v2.0/extensions/security-group HTTP/1.1" status: 200 len: 369 time: 0.0073807
2026-04-14 08:40:32.440 10 INFO neutron.api.wsgi [None req-5c680e74-acba-44af-a969-ecca4e356e4e 2dc33df45b2a495bb518952a8ac0f786 6ab2bef16bef4f52b6b30cc4250f469b - - default default] 199.204.45.78 "GET /v2.0/extensions/dns-integration HTTP/1.1" status: 200 len: 371 time: 0.0037055
2026-04-14 08:40:32.447 10 INFO neutron.api.wsgi [None req-ae94f068-8d91-40b6-b904-b2948aa55192 2dc33df45b2a495bb518952a8ac0f786 6ab2bef16bef4f52b6b30cc4250f469b - - default default] 199.204.45.78 "GET /v2.0/extensions/qos HTTP/1.1" status: 200 len: 365 time: 0.0033915
2026-04-14 08:40:32.453 10 INFO neutron.api.wsgi [None req-0e48c966-6699-423c-b074-463963aea9a5 2dc33df45b2a495bb518952a8ac0f786 6ab2bef16bef4f52b6b30cc4250f469b - - default default] 199.204.45.78 "GET /v2.0/extensions/allowed-address-pairs HTTP/1.1" status: 200 len: 383 time: 0.0035067
2026-04-14 08:40:32.484 10 INFO neutron.api.wsgi [None req-7389f217-0e0e-418c-a716-6b157c022784 2dc33df45b2a495bb518952a8ac0f786 6ab2bef16bef4f52b6b30cc4250f469b - - default default] 199.204.45.78 "GET /v2.0/subnets/40349ab0-9996-4b82-89be-5f65c8251d02 HTTP/1.1" status: 200 len: 874 time: 0.0271919
2026-04-14 08:40:39.942 9 INFO neutron.api.wsgi [req-d8cf4804-44ec-4a34-bc73-ea5f3976016c req-a6e19223-a240-49c0-b12b-6d7c12599eca 2dc33df45b2a495bb518952a8ac0f786 6ab2bef16bef4f52b6b30cc4250f469b - - default default] 10.0.0.168 "GET /v2.0/security-groups?id=f3a8f536-01f7-44c3-8c83-c586c98bd48e&fields=id HTTP/1.1" status: 200 len: 267 time: 0.0290022
2026-04-14 08:40:39.994 9 INFO neutron.api.wsgi [req-d8cf4804-44ec-4a34-bc73-ea5f3976016c req-817dd294-b7ee-4b86-ae7b-c6b519f3a443 2dc33df45b2a495bb518952a8ac0f786 6ab2bef16bef4f52b6b30cc4250f469b - - default default] 10.0.0.168 "GET /v2.0/networks?id=4233c1eb-aad3-4748-a462-afc2e94ad9d9 HTTP/1.1" status: 200 len: 937 time: 0.0433774
2026-04-14 08:40:40.013 9 INFO neutron.api.wsgi [req-d8cf4804-44ec-4a34-bc73-ea5f3976016c req-577e83bd-2441-4374-8286-149d4dc3b7dc 2dc33df45b2a495bb518952a8ac0f786 6ab2bef16bef4f52b6b30cc4250f469b - - default default] 10.0.0.168 "GET /v2.0/quotas/6ab2bef16bef4f52b6b30cc4250f469b HTTP/1.1" status: 200 len: 490 time: 0.0122206
2026-04-14 08:40:40.068 9 INFO neutron.api.wsgi [req-d8cf4804-44ec-4a34-bc73-ea5f3976016c req-a5fea638-67c6-4855-b928-123fc27ca357 2dc33df45b2a495bb518952a8ac0f786 6ab2bef16bef4f52b6b30cc4250f469b - - default default] 10.0.0.168 "GET /v2.0/ports?tenant_id=6ab2bef16bef4f52b6b30cc4250f469b&fields=id HTTP/1.1" status: 200 len: 348 time: 0.0491891
2026-04-14 08:40:40.119 9 INFO neutron.api.wsgi [req-d8cf4804-44ec-4a34-bc73-ea5f3976016c req-c6f22d9a-cbf6-43c8-bce7-6aa25e704744 1d7b2d2c69ff40e8bd9cf43f5fd3632e bd3901792eca4d22b3eaa9bd9526ce90 - - 214d9bc4be274bc68d120ef41c8246ed 214d9bc4be274bc68d120ef41c8246ed] 10.0.0.168 "GET /v2.0/networks/4233c1eb-aad3-4748-a462-afc2e94ad9d9?fields=segments HTTP/1.1" status: 200 len: 212 time: 0.0416279
2026-04-14 08:40:40.163 9 INFO neutron.api.wsgi [req-d8cf4804-44ec-4a34-bc73-ea5f3976016c req-fac03ff3-3746-4e42-8e00-9a1654c3daaa 1d7b2d2c69ff40e8bd9cf43f5fd3632e bd3901792eca4d22b3eaa9bd9526ce90 - - 214d9bc4be274bc68d120ef41c8246ed 214d9bc4be274bc68d120ef41c8246ed] 10.0.0.168 "GET /v2.0/networks/4233c1eb-aad3-4748-a462-afc2e94ad9d9?fields=provider%3Aphysical_network&fields=provider%3Anetwork_type HTTP/1.1" status: 200 len: 277 time: 0.0397723
2026-04-14 08:40:40.612 10 INFO neutron.api.wsgi [req-7b94bda9-b9be-4dcf-8136-b086b3f549bc req-e677ff74-8f0a-41b1-85df-3ba38049f91e 2dc33df45b2a495bb518952a8ac0f786 6ab2bef16bef4f52b6b30cc4250f469b - - default default] 10.0.0.168 "GET /v2.0/ports?device_id=86162208-6699-426a-8b0a-e8c067fe99bb HTTP/1.1" status: 200 len: 210 time: 0.0226345
2026-04-14 08:40:40.669 9 INFO neutron.api.wsgi [req-d90f24f2-e55d-4cb7-9d69-db39cbc611bc req-8c63ef22-3fe8-401d-bedf-68d32e6cf120 2dc33df45b2a495bb518952a8ac0f786 6ab2bef16bef4f52b6b30cc4250f469b - - default default] 10.0.0.168 "GET /v2.0/ports?device_id=86162208-6699-426a-8b0a-e8c067fe99bb HTTP/1.1" status: 200 len: 210 time: 0.0197687
2026-04-14 08:40:41.709 9 INFO neutron.api.wsgi [-] 10.0.0.241 "GET / HTTP/1.1" status: 200 len: 246 time: 0.0020804
2026-04-14 08:40:41.710 10 INFO neutron.api.wsgi [-] 10.0.0.241 "GET / HTTP/1.1" status: 200 len: 246 time: 0.0028481
2026-04-14 08:40:43.447 9 INFO neutron.api.wsgi [req-7345d55f-b8a5-4886-9d07-2270d69865f8 req-ed8ecaac-d907-419c-a315-d13cb01a0be8 2dc33df45b2a495bb518952a8ac0f786 6ab2bef16bef4f52b6b30cc4250f469b - - default default] 10.0.0.168 "GET /v2.0/ports?device_id=86162208-6699-426a-8b0a-e8c067fe99bb HTTP/1.1" status: 200 len: 210 time: 0.0180199
2026-04-14 08:40:43.555 10 INFO neutron.api.wsgi [req-2c13f9b0-9f77-4db8-828f-0cb8df9212be req-6d06b409-57c7-4b8b-96e8-3f4ac2e82805 2dc33df45b2a495bb518952a8ac0f786 6ab2bef16bef4f52b6b30cc4250f469b - - default default] 10.0.0.168 "GET /v2.0/ports?device_id=86162208-6699-426a-8b0a-e8c067fe99bb HTTP/1.1" status: 200 len: 210 time: 0.0151663
2026-04-14 08:40:44.753 9 INFO neutron.api.wsgi [req-d8cf4804-44ec-4a34-bc73-ea5f3976016c req-7bfe65cf-7493-4915-a336-8c6f93e33c62 2dc33df45b2a495bb518952a8ac0f786 6ab2bef16bef4f52b6b30cc4250f469b - - default default] 199.204.45.78 "GET /v2.0/networks?id=4233c1eb-aad3-4748-a462-afc2e94ad9d9 HTTP/1.1" status: 200 len: 937 time: 0.0455270
2026-04-14 08:40:44.797 9 INFO neutron.api.wsgi [req-d8cf4804-44ec-4a34-bc73-ea5f3976016c req-1434b840-66f0-4c4e-9f26-844ff3b543e5 2dc33df45b2a495bb518952a8ac0f786 6ab2bef16bef4f52b6b30cc4250f469b - - default default] 199.204.45.78 "GET /v2.0/security-groups?fields=id&fields=name&tenant_id=6ab2bef16bef4f52b6b30cc4250f469b HTTP/1.1" status: 200 len: 542 time: 0.0383058
2026-04-14 08:40:45.044 9 WARNING neutron.scheduler.dhcp_agent_scheduler [req-d8cf4804-44ec-4a34-bc73-ea5f3976016c req-731537f5-b66f-4ace-8d89-4d035f5a04f0 2dc33df45b2a495bb518952a8ac0f786 6ab2bef16bef4f52b6b30cc4250f469b - - default default] No more DHCP agents
2026-04-14 08:40:45.045 9 WARNING neutron.api.rpc.agentnotifiers.dhcp_rpc_agent_api [req-d8cf4804-44ec-4a34-bc73-ea5f3976016c req-731537f5-b66f-4ace-8d89-4d035f5a04f0 2dc33df45b2a495bb518952a8ac0f786 6ab2bef16bef4f52b6b30cc4250f469b - - default default] Unable to schedule network 4233c1eb-aad3-4748-a462-afc2e94ad9d9: no agents available; will retry on subsequent port and subnet creation events.
2026-04-14 08:40:45.170 9 INFO neutron.db.ovn_revision_numbers_db [req-d8cf4804-44ec-4a34-bc73-ea5f3976016c req-731537f5-b66f-4ace-8d89-4d035f5a04f0 2dc33df45b2a495bb518952a8ac0f786 6ab2bef16bef4f52b6b30cc4250f469b - - default default] Successfully bumped revision number for resource e8018fb4-e859-431a-b556-5fe5d607d9ab (type: ports) to 1
2026-04-14 08:40:45.192 9 INFO neutron.api.wsgi [req-d8cf4804-44ec-4a34-bc73-ea5f3976016c req-731537f5-b66f-4ace-8d89-4d035f5a04f0 2dc33df45b2a495bb518952a8ac0f786 6ab2bef16bef4f52b6b30cc4250f469b - - default default] 199.204.45.78 "POST /v2.0/ports HTTP/1.1" status: 201 len: 1287 time: 0.3915880 /var/lib/openstack/lib/python3.12/site-packages/pycadf/identifier.py:71: UserWarning: Invalid uuid: neutron. To ensure interoperability, identifiers should be a valid uuid. warnings.warn(('Invalid uuid: %s. To ensure interoperability, '
2026-04-14 08:40:45.532 9 INFO neutron.db.ovn_revision_numbers_db [req-d8cf4804-44ec-4a34-bc73-ea5f3976016c req-e716e729-9460-4d89-bf5a-4f49910784ab 1d7b2d2c69ff40e8bd9cf43f5fd3632e bd3901792eca4d22b3eaa9bd9526ce90 - - 214d9bc4be274bc68d120ef41c8246ed 214d9bc4be274bc68d120ef41c8246ed] Successfully bumped revision number for resource e8018fb4-e859-431a-b556-5fe5d607d9ab (type: ports) to 2
2026-04-14 08:40:45.739 9 INFO neutron.db.ovn_revision_numbers_db [req-d8cf4804-44ec-4a34-bc73-ea5f3976016c req-e716e729-9460-4d89-bf5a-4f49910784ab 1d7b2d2c69ff40e8bd9cf43f5fd3632e bd3901792eca4d22b3eaa9bd9526ce90 - - 214d9bc4be274bc68d120ef41c8246ed 214d9bc4be274bc68d120ef41c8246ed] Successfully bumped revision number for resource e8018fb4-e859-431a-b556-5fe5d607d9ab (type: ports) to 4
2026-04-14 08:40:45.756 9 INFO neutron.api.wsgi [req-d8cf4804-44ec-4a34-bc73-ea5f3976016c req-e716e729-9460-4d89-bf5a-4f49910784ab 1d7b2d2c69ff40e8bd9cf43f5fd3632e bd3901792eca4d22b3eaa9bd9526ce90 - - 214d9bc4be274bc68d120ef41c8246ed 214d9bc4be274bc68d120ef41c8246ed] 199.204.45.78 "PUT /v2.0/ports/e8018fb4-e859-431a-b556-5fe5d607d9ab HTTP/1.1" status: 200 len: 1412 time: 0.5583539
2026-04-14 08:40:45.794 9 INFO neutron.notifiers.nova [-] Nova event matching ['req-2aec1bc0-440f-4ebe-9efb-3639836aba32'] response: {'name': 'network-changed', 'server_uuid': '86162208-6699-426a-8b0a-e8c067fe99bb', 'tag': 'e8018fb4-e859-431a-b556-5fe5d607d9ab', 'status': 'completed', 'code': 200} /var/lib/openstack/lib/python3.12/site-packages/pycadf/identifier.py:71: UserWarning: Invalid uuid: neutron. To ensure interoperability, identifiers should be a valid uuid. warnings.warn(('Invalid uuid: %s. To ensure interoperability, '
2026-04-14 08:40:46.342 9 INFO neutron.api.wsgi [req-fbdf3f93-3ed0-4fe9-8017-420cbcbf9167 req-b7812b4a-6465-47c2-9470-a0d724827157 1d7b2d2c69ff40e8bd9cf43f5fd3632e bd3901792eca4d22b3eaa9bd9526ce90 - - 214d9bc4be274bc68d120ef41c8246ed 214d9bc4be274bc68d120ef41c8246ed] 199.204.45.78 "GET /v2.0/ports?tenant_id=6ab2bef16bef4f52b6b30cc4250f469b&device_id=86162208-6699-426a-8b0a-e8c067fe99bb HTTP/1.1" status: 200 len: 1415 time: 0.0370889
2026-04-14 08:40:46.402 9 INFO neutron.api.wsgi [req-fbdf3f93-3ed0-4fe9-8017-420cbcbf9167 req-f72e8f88-250e-46ff-9e79-3bb5cfd9e553 1d7b2d2c69ff40e8bd9cf43f5fd3632e bd3901792eca4d22b3eaa9bd9526ce90 - - 214d9bc4be274bc68d120ef41c8246ed 214d9bc4be274bc68d120ef41c8246ed] 199.204.45.78 "GET /v2.0/networks?tenant_id=6ab2bef16bef4f52b6b30cc4250f469b&shared=False HTTP/1.1" status: 200 len: 937 time: 0.0546038
2026-04-14 08:40:46.405 9 INFO neutron.api.wsgi [req-2525f627-3596-40d7-9f9f-2cca8cacc9c4 req-3cae77a8-1aca-4316-b714-34295c6f5357 2dc33df45b2a495bb518952a8ac0f786 6ab2bef16bef4f52b6b30cc4250f469b - - default default] 10.0.0.168 "GET /v2.0/ports?device_id=86162208-6699-426a-8b0a-e8c067fe99bb HTTP/1.1" status: 200 len: 1415 time: 0.0357203
2026-04-14 08:40:46.451 9 INFO neutron.api.wsgi [req-2525f627-3596-40d7-9f9f-2cca8cacc9c4 req-47d5dd07-c679-4219-87b0-19177bf5e6ab 2dc33df45b2a495bb518952a8ac0f786 6ab2bef16bef4f52b6b30cc4250f469b - - default default] 10.0.0.168 "GET /v2.0/security-groups?id=f3a8f536-01f7-44c3-8c83-c586c98bd48e&fields=id&fields=name HTTP/1.1" status: 200 len: 294 time: 0.0369124
2026-04-14 08:40:46.457 9 INFO neutron.api.wsgi [req-fbdf3f93-3ed0-4fe9-8017-420cbcbf9167 req-363c00fd-de5e-430b-9550-2a2b45d6b962 1d7b2d2c69ff40e8bd9cf43f5fd3632e bd3901792eca4d22b3eaa9bd9526ce90 - - 214d9bc4be274bc68d120ef41c8246ed 214d9bc4be274bc68d120ef41c8246ed] 199.204.45.78 "GET /v2.0/networks?shared=True HTTP/1.1" status: 200 len: 952 time: 0.0512629
2026-04-14 08:40:46.537 10 INFO neutron.api.wsgi [req-2e60c64b-a237-4461-bad0-b85852650dc8 req-859f4ca9-8633-4206-9d4d-646ab70f4b39 2dc33df45b2a495bb518952a8ac0f786 6ab2bef16bef4f52b6b30cc4250f469b - - default default] 10.0.0.168 "GET /v2.0/ports?device_id=86162208-6699-426a-8b0a-e8c067fe99bb HTTP/1.1" status: 200 len: 1415 time: 0.0327795
2026-04-14 08:40:47.511 9 INFO neutron.api.wsgi [req-d8cf4804-44ec-4a34-bc73-ea5f3976016c req-e19d4e90-0c04-4c85-b03b-ce73a2e7f9c0 1d7b2d2c69ff40e8bd9cf43f5fd3632e bd3901792eca4d22b3eaa9bd9526ce90 - - 214d9bc4be274bc68d120ef41c8246ed 214d9bc4be274bc68d120ef41c8246ed] 199.204.45.78 "GET /v2.0/ports?tenant_id=6ab2bef16bef4f52b6b30cc4250f469b&device_id=86162208-6699-426a-8b0a-e8c067fe99bb HTTP/1.1" status: 200 len: 1415 time: 0.0388656
2026-04-14 08:40:47.533 9 INFO neutron.api.wsgi [req-d8cf4804-44ec-4a34-bc73-ea5f3976016c req-9e193e54-2270-4b9f-a0eb-84390ae75b52 1d7b2d2c69ff40e8bd9cf43f5fd3632e bd3901792eca4d22b3eaa9bd9526ce90 - - 214d9bc4be274bc68d120ef41c8246ed 214d9bc4be274bc68d120ef41c8246ed] 199.204.45.78 "GET /v2.0/floatingips?fixed_ip_address=172.24.2.113&port_id=e8018fb4-e859-431a-b556-5fe5d607d9ab HTTP/1.1" status: 200 len: 217 time: 0.0177016
2026-04-14 08:40:47.563 9 INFO neutron.api.wsgi [req-d8cf4804-44ec-4a34-bc73-ea5f3976016c req-35ffb7b3-d4e5-46a4-99b6-7d58d567dc33 1d7b2d2c69ff40e8bd9cf43f5fd3632e bd3901792eca4d22b3eaa9bd9526ce90 - - 214d9bc4be274bc68d120ef41c8246ed 214d9bc4be274bc68d120ef41c8246ed] 199.204.45.78 "GET /v2.0/subnets?id=60386166-292b-4b38-80de-b2fcd8135cb6 HTTP/1.1" status: 200 len: 853 time: 0.0252862
2026-04-14 08:40:47.583 9 INFO neutron.api.wsgi [req-d8cf4804-44ec-4a34-bc73-ea5f3976016c req-97d4ca6d-116b-4389-bd19-6407934c80d8 1d7b2d2c69ff40e8bd9cf43f5fd3632e bd3901792eca4d22b3eaa9bd9526ce90 - - 214d9bc4be274bc68d120ef41c8246ed 214d9bc4be274bc68d120ef41c8246ed] 199.204.45.78 "GET /v2.0/ports?network_id=4233c1eb-aad3-4748-a462-afc2e94ad9d9&device_owner=network%3Adhcp HTTP/1.1" status: 200 len: 210 time: 0.0145507
2026-04-14 08:40:47.634 9 INFO neutron.api.wsgi [req-d8cf4804-44ec-4a34-bc73-ea5f3976016c req-a0930fc9-46cb-4ace-9ce7-7ca70cbe4741 1d7b2d2c69ff40e8bd9cf43f5fd3632e bd3901792eca4d22b3eaa9bd9526ce90 - - 214d9bc4be274bc68d120ef41c8246ed 214d9bc4be274bc68d120ef41c8246ed] 199.204.45.78 "GET /v2.0/networks/4233c1eb-aad3-4748-a462-afc2e94ad9d9?fields=segments HTTP/1.1" status: 200 len: 212 time: 0.0454867
2026-04-14 08:40:47.677 9 INFO neutron.api.wsgi [req-d8cf4804-44ec-4a34-bc73-ea5f3976016c req-5fde4629-8f45-4517-8915-9bf42d5c5874 1d7b2d2c69ff40e8bd9cf43f5fd3632e bd3901792eca4d22b3eaa9bd9526ce90 - - 214d9bc4be274bc68d120ef41c8246ed 214d9bc4be274bc68d120ef41c8246ed] 199.204.45.78 "GET /v2.0/networks/4233c1eb-aad3-4748-a462-afc2e94ad9d9?fields=provider%3Aphysical_network&fields=provider%3Anetwork_type HTTP/1.1" status: 200 len: 277 time: 0.0380378
2026-04-14 08:40:49.247 10 INFO neutron.api.wsgi [req-ed4e05f9-9312-474e-abf3-c1ee6f55c8fa req-6a0e4210-48f2-4d3e-818e-fa82ea550be5 2dc33df45b2a495bb518952a8ac0f786 6ab2bef16bef4f52b6b30cc4250f469b - - default default] 10.0.0.168 "GET /v2.0/ports?device_id=86162208-6699-426a-8b0a-e8c067fe99bb HTTP/1.1" status: 200 len: 1415 time: 0.0388474
2026-04-14 08:40:49.287 10 INFO neutron.api.wsgi [req-ed4e05f9-9312-474e-abf3-c1ee6f55c8fa req-d420d511-fae9-486c-95bb-8c0e3785eb85 2dc33df45b2a495bb518952a8ac0f786 6ab2bef16bef4f52b6b30cc4250f469b - - default default] 10.0.0.168 "GET /v2.0/security-groups?id=f3a8f536-01f7-44c3-8c83-c586c98bd48e&fields=id&fields=name HTTP/1.1" status: 200 len: 294 time: 0.0334451
2026-04-14 08:40:49.375 9 INFO neutron.api.wsgi [req-421810ea-b3b1-4db5-a772-190c63918777 req-069b1ea9-bc65-4712-8e1a-ef90cb9d0ab6 2dc33df45b2a495bb518952a8ac0f786 6ab2bef16bef4f52b6b30cc4250f469b - - default default] 10.0.0.168 "GET /v2.0/ports?device_id=86162208-6699-426a-8b0a-e8c067fe99bb HTTP/1.1" status: 200 len: 1415 time: 0.0362828
2026-04-14 08:40:51.069 9 INFO neutron.api.wsgi [req-b212bac4-f118-4194-a350-ddcfca0c50b9 req-efe11836-48c1-417a-a24e-9c3b024c4cbb 1d7b2d2c69ff40e8bd9cf43f5fd3632e bd3901792eca4d22b3eaa9bd9526ce90 - - 214d9bc4be274bc68d120ef41c8246ed 214d9bc4be274bc68d120ef41c8246ed] 199.204.45.78 "GET /v2.0/ports?device_id=86162208-6699-426a-8b0a-e8c067fe99bb HTTP/1.1" status: 200 len: 1415 time: 0.0354028
2026-04-14 08:40:51.107 9 INFO neutron.api.wsgi [req-b212bac4-f118-4194-a350-ddcfca0c50b9 req-7e3cfd62-2e47-4339-8bf0-6d80bd25599d 1d7b2d2c69ff40e8bd9cf43f5fd3632e bd3901792eca4d22b3eaa9bd9526ce90 - - 214d9bc4be274bc68d120ef41c8246ed 214d9bc4be274bc68d120ef41c8246ed] 199.204.45.78 "GET /v2.0/security-groups?id=f3a8f536-01f7-44c3-8c83-c586c98bd48e&fields=id&fields=name HTTP/1.1" status: 200 len: 294 time: 0.0312562
2026-04-14 08:40:51.221 10 INFO neutron.plugins.ml2.drivers.ovn.mech_driver.mech_driver [None req-07fea380-82e0-41f9-a108-b259dd2ed987 - - - - - -] OVN reports status up for port: e8018fb4-e859-431a-b556-5fe5d607d9ab
2026-04-14 08:40:51.232 10 INFO neutron.plugins.ml2.plugin [None req-07fea380-82e0-41f9-a108-b259dd2ed987 - - - - - -] Attempt 1 to provision port e8018fb4-e859-431a-b556-5fe5d607d9ab
2026-04-14 08:40:51.352 10 INFO neutron.notifiers.nova [-] Nova event matching ['req-b5ed0a47-4b3e-4e50-8aac-0bf69eb0f47b'] response: {'server_uuid': '86162208-6699-426a-8b0a-e8c067fe99bb', 'name': 'network-vif-plugged', 'status': 'completed', 'tag': 'e8018fb4-e859-431a-b556-5fe5d607d9ab', 'code': 200}
2026-04-14 08:40:51.440 10 INFO neutron.db.ovn_revision_numbers_db [None req-07fea380-82e0-41f9-a108-b259dd2ed987 - - - - - -] Successfully bumped revision number for resource e8018fb4-e859-431a-b556-5fe5d607d9ab (type: ports) to 5 /var/lib/openstack/lib/python3.12/site-packages/pycadf/identifier.py:71: UserWarning: Invalid uuid: neutron. To ensure interoperability, identifiers should be a valid uuid. warnings.warn(('Invalid uuid: %s. To ensure interoperability, '
2026-04-14 08:40:52.220 10 INFO neutron.api.wsgi [req-1882852f-c21d-4488-b434-e0a590640060 req-588ca13d-2a55-49c6-804f-13de1c252f64 2dc33df45b2a495bb518952a8ac0f786 6ab2bef16bef4f52b6b30cc4250f469b - - default default] 10.0.0.168 "GET /v2.0/ports?device_id=86162208-6699-426a-8b0a-e8c067fe99bb HTTP/1.1" status: 200 len: 1417 time: 0.0327761
2026-04-14 08:40:52.253 10 INFO neutron.api.wsgi [req-1882852f-c21d-4488-b434-e0a590640060 req-e2f669ee-1659-42b1-9c0b-ec3f11794e5f 2dc33df45b2a495bb518952a8ac0f786 6ab2bef16bef4f52b6b30cc4250f469b - - default default] 10.0.0.168 "GET /v2.0/security-groups?id=f3a8f536-01f7-44c3-8c83-c586c98bd48e&fields=id&fields=name HTTP/1.1" status: 200 len: 294 time: 0.0295627
2026-04-14 08:40:52.324 9 INFO neutron.api.wsgi [req-48ab39e0-9bbc-4868-9eaf-ce0807edfc0a req-bc6a69fc-6629-43fe-963d-d5142608513c 2dc33df45b2a495bb518952a8ac0f786 6ab2bef16bef4f52b6b30cc4250f469b - - default default] 10.0.0.168 "GET /v2.0/ports?device_id=86162208-6699-426a-8b0a-e8c067fe99bb HTTP/1.1" status: 200 len: 1417 time: 0.0314248
2026-04-14 08:40:53.384 10 INFO neutron.notifiers.nova [-] Nova event matching ['req-7ef6d214-a689-469f-9c69-e7a748353c87'] response: {'server_uuid': '86162208-6699-426a-8b0a-e8c067fe99bb', 'name': 'network-vif-plugged', 'status': 'completed', 'tag': 'e8018fb4-e859-431a-b556-5fe5d607d9ab', 'code': 200}
2026-04-14 08:40:55.057 10 INFO neutron.api.wsgi [req-a736a720-0d45-4697-87ac-64e02a68f3ad req-ff2668e4-13f1-4455-b9de-540e5164022d 2dc33df45b2a495bb518952a8ac0f786 6ab2bef16bef4f52b6b30cc4250f469b - - default default] 10.0.0.168 "GET /v2.0/ports?device_id=86162208-6699-426a-8b0a-e8c067fe99bb HTTP/1.1" status: 200 len: 1417 time: 0.0288885
2026-04-14 08:40:55.091 10 INFO neutron.api.wsgi [req-a736a720-0d45-4697-87ac-64e02a68f3ad req-599f86c8-c024-477a-8a40-971c17f6c5e5 2dc33df45b2a495bb518952a8ac0f786 6ab2bef16bef4f52b6b30cc4250f469b - - default default] 10.0.0.168 "GET /v2.0/security-groups?id=f3a8f536-01f7-44c3-8c83-c586c98bd48e&fields=id&fields=name HTTP/1.1" status: 200 len: 294 time: 0.0279148
2026-04-14 08:40:55.183 9 INFO neutron.api.wsgi [req-7dbcbca4-5b17-4293-b0b4-2a736316570f req-c53cd0b9-5fcb-4b2b-86b8-0483c311eb45 2dc33df45b2a495bb518952a8ac0f786 6ab2bef16bef4f52b6b30cc4250f469b - - default default] 10.0.0.168 "GET /v2.0/ports?device_id=86162208-6699-426a-8b0a-e8c067fe99bb HTTP/1.1" status: 200 len: 1417 time: 0.0373681
2026-04-14 08:40:56.708 9 INFO neutron.api.wsgi [-] 10.0.0.241 "GET / HTTP/1.1" status: 200 len: 246 time: 0.0015507
2026-04-14 08:40:56.710 9 INFO neutron.api.wsgi [-] 10.0.0.241 "GET / HTTP/1.1" status: 200 len: 246 time: 0.0012138
2026-04-14 08:41:11.710 10 INFO neutron.api.wsgi [-] 10.0.0.241 "GET / HTTP/1.1" status: 200 len: 246 time: 0.0029802
2026-04-14 08:41:11.710 9 INFO neutron.api.wsgi [-] 10.0.0.241 "GET / HTTP/1.1" status: 200 len: 246 time: 0.0031469
2026-04-14 08:41:16.521 9 INFO neutron.api.wsgi [req-f9d9df3e-9852-459c-b2d5-98a3d6eaef53 req-5ef91cb7-23e1-4b7a-bee8-13df8cbc1a83 1d7b2d2c69ff40e8bd9cf43f5fd3632e bd3901792eca4d22b3eaa9bd9526ce90 - - 214d9bc4be274bc68d120ef41c8246ed 214d9bc4be274bc68d120ef41c8246ed] 199.204.45.78 "GET /v2.0/ports?device_id=069284a5-6ef5-41e3-9c04-e6667c5f59f6&fields=binding%3Ahost_id&fields=binding%3Avif_type HTTP/1.1" status: 200 len: 265 time: 0.0357368
2026-04-14 08:41:17.071 9 INFO neutron.api.wsgi [req-f9d9df3e-9852-459c-b2d5-98a3d6eaef53 req-5cc9bd2b-1ce2-48b6-8928-9d42cc1f4be4 1d7b2d2c69ff40e8bd9cf43f5fd3632e bd3901792eca4d22b3eaa9bd9526ce90 - - 214d9bc4be274bc68d120ef41c8246ed 214d9bc4be274bc68d120ef41c8246ed] 199.204.45.78 "GET /v2.0/ports?tenant_id=94ef1c66a3cb4d62a5e08a2b254f8882&device_id=069284a5-6ef5-41e3-9c04-e6667c5f59f6 HTTP/1.1" status: 200 len: 1642 time: 0.0382469
2026-04-14 08:41:17.624 9 INFO neutron.api.wsgi [req-f9d9df3e-9852-459c-b2d5-98a3d6eaef53 req-7704318c-dfd0-402e-93bd-4c05cb6efb0b 1d7b2d2c69ff40e8bd9cf43f5fd3632e bd3901792eca4d22b3eaa9bd9526ce90 - - 214d9bc4be274bc68d120ef41c8246ed 214d9bc4be274bc68d120ef41c8246ed] 199.204.45.78 "GET /v2.0/networks?id=2ead7d3b-5870-48cc-85d0-850b60a17ed7 HTTP/1.1" status: 200 len: 1003 time: 0.0458333
2026-04-14 08:41:17.662 9 INFO neutron.api.wsgi [req-f9d9df3e-9852-459c-b2d5-98a3d6eaef53 req-5f71287e-e14a-481a-b23e-9c25fb0c153b 1d7b2d2c69ff40e8bd9cf43f5fd3632e bd3901792eca4d22b3eaa9bd9526ce90 - - 214d9bc4be274bc68d120ef41c8246ed 214d9bc4be274bc68d120ef41c8246ed] 199.204.45.78 "GET /v2.0/floatingips?fixed_ip_address=10.2.2.120&port_id=35b7a999-994c-46a1-873a-d81d5e464fff HTTP/1.1" status: 200 len: 1059 time: 0.0324008
2026-04-14 08:41:17.687 9 INFO neutron.api.wsgi [req-f9d9df3e-9852-459c-b2d5-98a3d6eaef53 req-232b073c-667d-4a22-be04-4fdd08ac9213 1d7b2d2c69ff40e8bd9cf43f5fd3632e bd3901792eca4d22b3eaa9bd9526ce90 - - 214d9bc4be274bc68d120ef41c8246ed 214d9bc4be274bc68d120ef41c8246ed] 199.204.45.78 "GET /v2.0/floatingips?fixed_ip_address=fd77%3A1457%3A4cf0%3A26a8%3A%3A22b&port_id=35b7a999-994c-46a1-873a-d81d5e464fff HTTP/1.1" status: 200 len: 217 time: 0.0178907
2026-04-14 08:41:17.723 9 INFO neutron.api.wsgi [req-f9d9df3e-9852-459c-b2d5-98a3d6eaef53 req-7cfa5926-72bd-43cd-9b3e-1827a22cdc71 1d7b2d2c69ff40e8bd9cf43f5fd3632e bd3901792eca4d22b3eaa9bd9526ce90 - - 214d9bc4be274bc68d120ef41c8246ed 214d9bc4be274bc68d120ef41c8246ed] 199.204.45.78 "GET /v2.0/subnets?id=b3e4eb42-77e3-4e1c-9c5c-5f1d21c17211&id=58aaa239-3afe-47e1-a80b-86879a7238b1 HTTP/1.1" status: 200 len: 1614 time: 0.0288692
2026-04-14 08:41:17.747 9 INFO neutron.api.wsgi [req-f9d9df3e-9852-459c-b2d5-98a3d6eaef53 req-1ec5ebaf-498c-4508-b576-4833baafdcdd 1d7b2d2c69ff40e8bd9cf43f5fd3632e bd3901792eca4d22b3eaa9bd9526ce90 - - 214d9bc4be274bc68d120ef41c8246ed 214d9bc4be274bc68d120ef41c8246ed] 199.204.45.78 "GET /v2.0/ports?network_id=2ead7d3b-5870-48cc-85d0-850b60a17ed7&device_owner=network%3Adhcp HTTP/1.1" status: 200 len: 210 time: 0.0193090
2026-04-14 08:41:17.769 9 INFO neutron.api.wsgi [req-f9d9df3e-9852-459c-b2d5-98a3d6eaef53 req-b0ebd332-59f2-4ccf-a40c-b7db99ad0148 1d7b2d2c69ff40e8bd9cf43f5fd3632e bd3901792eca4d22b3eaa9bd9526ce90 - - 214d9bc4be274bc68d120ef41c8246ed 214d9bc4be274bc68d120ef41c8246ed] 199.204.45.78 "GET /v2.0/ports?network_id=2ead7d3b-5870-48cc-85d0-850b60a17ed7&device_owner=network%3Adhcp HTTP/1.1" status: 200 len: 210 time: 0.0160418
2026-04-14 08:41:17.813 9 INFO neutron.api.wsgi [req-f9d9df3e-9852-459c-b2d5-98a3d6eaef53 req-9db39476-d154-4240-b56b-c77263366386 1d7b2d2c69ff40e8bd9cf43f5fd3632e bd3901792eca4d22b3eaa9bd9526ce90 - - 214d9bc4be274bc68d120ef41c8246ed 214d9bc4be274bc68d120ef41c8246ed] 199.204.45.78 "GET /v2.0/networks/2ead7d3b-5870-48cc-85d0-850b60a17ed7?fields=segments HTTP/1.1" status: 200 len: 212 time: 0.0387561
2026-04-14 08:41:17.871 9 INFO neutron.api.wsgi [req-f9d9df3e-9852-459c-b2d5-98a3d6eaef53 req-74be6272-275e-465d-9135-c332cea8cd88 1d7b2d2c69ff40e8bd9cf43f5fd3632e bd3901792eca4d22b3eaa9bd9526ce90 - - 214d9bc4be274bc68d120ef41c8246ed 214d9bc4be274bc68d120ef41c8246ed] 199.204.45.78 "GET /v2.0/networks/2ead7d3b-5870-48cc-85d0-850b60a17ed7?fields=provider%3Aphysical_network&fields=provider%3Anetwork_type HTTP/1.1" status: 200 len: 277 time: 0.0539036
2026-04-14 08:41:26.709 9 INFO neutron.api.wsgi [-] 10.0.0.241 "GET / HTTP/1.1" status: 200 len: 246 time: 0.0022781
2026-04-14 08:41:26.711 9 INFO neutron.api.wsgi [-] 10.0.0.241 "GET / HTTP/1.1" status: 200 len: 246 time: 0.0009687
2026-04-14 08:41:28.016 9 INFO neutron.api.wsgi [None req-64c1b5d5-332b-4dd1-b742-05914e01eba2 2dc33df45b2a495bb518952a8ac0f786 6ab2bef16bef4f52b6b30cc4250f469b - - default default] 10.0.0.229 "GET /v2.0/networks HTTP/1.1" status: 200 len: 4720 time: 0.0970848
2026-04-14 08:41:28.100 9 INFO neutron.api.wsgi [None req-298f7e32-8df8-47df-b47b-aa8af843782f 2dc33df45b2a495bb518952a8ac0f786 6ab2bef16bef4f52b6b30cc4250f469b - - default default] 10.0.0.229 "GET /v2.0/ports HTTP/1.1" status: 200 len: 19909 time: 0.0794456
2026-04-14 08:41:28.160 9 INFO neutron.api.wsgi [None req-767206a7-ffd3-41ba-975c-aea060face0e 2dc33df45b2a495bb518952a8ac0f786 6ab2bef16bef4f52b6b30cc4250f469b - - default default] 10.0.0.229 "GET /v2.0/security-groups HTTP/1.1" status: 200 len: 30447 time: 0.0483601
2026-04-14 08:41:28.201 9 INFO neutron.api.wsgi [None req-48215bdb-c72d-46c2-b675-1eb8dabf3754 2dc33df45b2a495bb518952a8ac0f786 6ab2bef16bef4f52b6b30cc4250f469b - - default default] 10.0.0.229 "GET /v2.0/subnets HTTP/1.1" status: 200 len: 5688 time: 0.0353713
2026-04-14 08:41:28.237 9 INFO neutron.api.wsgi [None req-4365253d-719e-4054-9b56-eb78a1ca3dc0 2dc33df45b2a495bb518952a8ac0f786 6ab2bef16bef4f52b6b30cc4250f469b - - default default] 10.0.0.229 "GET /v2.0/agents HTTP/1.1" status: 200 len: 1390 time: 0.0328000
2026-04-14 08:41:28.249 9 INFO neutron.api.wsgi [None req-111c123b-7897-43c0-827a-4ef21cb03cc1 2dc33df45b2a495bb518952a8ac0f786 6ab2bef16bef4f52b6b30cc4250f469b - - default default] 10.0.0.229 "GET /v2.0/network-ip-availabilities HTTP/1.1" status: 200 len: 3364 time: 0.0107777
