2026-04-14 08:35:53.863 10 INFO neutron.api.wsgi [None req-3f320f14-50dc-478f-9f96-072f97da216a 8bcfc17be6ad4e188164c760c7746aa9 482f756ac24e4829a9e92804ae93be2e - - default default] 10.0.0.202 "PUT /v2.0/subnets/298b520c-4837-408f-9b6b-e7d11a43070e HTTP/1.1" status: 200 len: 850 time: 0.6668713
2026-04-14 08:35:53.864 9 INFO neutron.db.ovn_revision_numbers_db [None req-c163e6df-2792-4cee-9a09-05b23fc88508 2dc33df45b2a495bb518952a8ac0f786 6ab2bef16bef4f52b6b30cc4250f469b - - default default] Successfully bumped revision number for resource e951d198-4d2b-4e74-a1c9-3744f0b187c6 (type: security_group_rules) to 0
2026-04-14 08:35:53.883 9 INFO neutron.notifiers.nova [-] Nova event matching ['req-696b2006-44d8-4a31-8f0d-8d61ab714986'] response: {'name': 'network-changed', 'server_uuid': 'e27c8bb4-09a7-44de-b4b6-4baff011fea9', 'tag': '632a4925-ef3f-4b3b-a30e-0f408d70adf5', 'status': 'completed', 'code': 200}
2026-04-14 08:35:53.904 9 INFO neutron.api.wsgi [None req-c163e6df-2792-4cee-9a09-05b23fc88508 2dc33df45b2a495bb518952a8ac0f786 6ab2bef16bef4f52b6b30cc4250f469b - - default default] 10.0.0.202 "GET /v2.0/security-groups?tenant_id=189c6ebca7ff4ac6be0fa9f2c2d0bf5b&name=default HTTP/1.1" status: 200 len: 3120 time: 0.4710703
2026-04-14 08:35:54.132 10 INFO neutron.api.wsgi [None req-ceb02e3d-350c-43b4-a84c-7c186b3aca95 2dc33df45b2a495bb518952a8ac0f786 6ab2bef16bef4f52b6b30cc4250f469b - - default default] 10.0.0.202 "DELETE /v2.0/security-groups/5d9cba1b-3efa-4a52-940f-6ce2d4e71e6b HTTP/1.1" status: 204 len: 168 time: 0.2234664
2026-04-14 08:35:54.290 10 INFO neutron.services.segments.plugin [-] Segment 7a6a41c6-2e9a-41a9-84d0-f0876ea76a08 resource provider aggregate not found
2026-04-14 08:35:54.294 10 INFO neutron.services.segments.plugin [-] Segment 7a6a41c6-2e9a-41a9-84d0-f0876ea76a08 resource provider aggregate not found
2026-04-14 08:35:54.302 10 INFO neutron.services.segments.plugin [-] Segment 7a6a41c6-2e9a-41a9-84d0-f0876ea76a08 resource provider not found; error: Placement Client Error (4xx): {"errors": [{"status": 404, "title": "Not Found", "detail": "The resource could not be found.\n\n No resource provider with uuid 7a6a41c6-2e9a-41a9-84d0-f0876ea76a08 found for delete ", "request_id": "req-027e0b8e-7bb7-46a1-a157-e1f78c1fc6c6"}]}
2026-04-14 08:35:54.308 10 INFO neutron.services.segments.plugin [-] Segment 7a6a41c6-2e9a-41a9-84d0-f0876ea76a08 resource provider not found; error: Placement Client Error (4xx): {"errors": [{"status": 404, "title": "Not Found", "detail": "The resource could not be found.\n\n No resource provider with uuid 7a6a41c6-2e9a-41a9-84d0-f0876ea76a08 found for delete ", "request_id": "req-955b78e6-b629-4cd9-8388-b569fc7d8ab5"}]}
2026-04-14 08:35:54.321 10 INFO neutron.api.wsgi [None req-15c1779f-855f-46a2-b9f4-bcc8a17c9410 8bcfc17be6ad4e188164c760c7746aa9 482f756ac24e4829a9e92804ae93be2e - - default default] 10.0.0.202 "DELETE /v2.0/networks/7ca5d7ab-e3c4-4466-9a23-8157fd6bb152 HTTP/1.1" status: 204 len: 168 time: 0.4533978
2026-04-14 08:35:54.335 10 INFO neutron.pecan_wsgi.hooks.translation [None req-6e9d83f9-1b71-4b22-a003-bdf21eaa4088 8bcfc17be6ad4e188164c760c7746aa9 482f756ac24e4829a9e92804ae93be2e - - default default] DELETE failed (client error): The resource could not be found.
2026-04-14 08:35:54.338 10 INFO neutron.api.wsgi [None req-6e9d83f9-1b71-4b22-a003-bdf21eaa4088 8bcfc17be6ad4e188164c760c7746aa9 482f756ac24e4829a9e92804ae93be2e - - default default] 10.0.0.202 "DELETE /v2.0/networks/7ca5d7ab-e3c4-4466-9a23-8157fd6bb152 HTTP/1.1" status: 404 len: 339 time: 0.0128031
2026-04-14 08:35:54.338 9 INFO neutron.db.ovn_revision_numbers_db [None req-08cc7b4a-d065-41ed-9b20-87ebdade26b3 2dc33df45b2a495bb518952a8ac0f786 6ab2bef16bef4f52b6b30cc4250f469b - - default default] Successfully bumped revision number for resource bfb1a13b-328d-462f-94a5-c54df22b5c5a (type: security_groups) to 1
2026-04-14 08:35:54.352 9 INFO neutron.db.ovn_revision_numbers_db [None req-08cc7b4a-d065-41ed-9b20-87ebdade26b3 2dc33df45b2a495bb518952a8ac0f786 6ab2bef16bef4f52b6b30cc4250f469b - - default default] Successfully bumped revision number for resource 0e1bed15-7f39-4224-af83-bf886518ed85 (type: security_group_rules) to 0
2026-04-14 08:35:54.365 9 INFO neutron.db.ovn_revision_numbers_db [None req-08cc7b4a-d065-41ed-9b20-87ebdade26b3 2dc33df45b2a495bb518952a8ac0f786 6ab2bef16bef4f52b6b30cc4250f469b - - default default] Successfully bumped revision number for resource 608107fe-c901-4014-b94a-e00086b64c69 (type: security_group_rules) to 0
2026-04-14 08:35:54.378 9 INFO neutron.db.ovn_revision_numbers_db [None req-08cc7b4a-d065-41ed-9b20-87ebdade26b3 2dc33df45b2a495bb518952a8ac0f786 6ab2bef16bef4f52b6b30cc4250f469b - - default default] Successfully bumped revision number for resource 7d28a6da-a5b8-47f1-9c79-f51893c121c2 (type: security_group_rules) to 0
2026-04-14 08:35:54.395 10 INFO neutron.api.wsgi [None req-a3790ab6-8441-4d7f-a89d-284eb14577fd 8bcfc17be6ad4e188164c760c7746aa9 482f756ac24e4829a9e92804ae93be2e - - default default] 10.0.0.202 "GET /v2.0/networks?router%3Aexternal=True HTTP/1.1" status: 200 len: 845 time: 0.0514216
2026-04-14 08:35:54.398 9 INFO neutron.db.ovn_revision_numbers_db [None req-08cc7b4a-d065-41ed-9b20-87ebdade26b3 2dc33df45b2a495bb518952a8ac0f786 6ab2bef16bef4f52b6b30cc4250f469b - - default default] Successfully bumped revision number for resource f8aa0e98-5eca-4a7b-a85b-a699e2454f3f (type: security_group_rules) to 0
2026-04-14 08:35:54.426 9 INFO neutron.api.wsgi [req-aefad032-7bbb-4132-af69-79cd5194e09e req-ab973245-cae8-44b7-b73e-bf7f2868cd8a 1d7b2d2c69ff40e8bd9cf43f5fd3632e bd3901792eca4d22b3eaa9bd9526ce90 - - 214d9bc4be274bc68d120ef41c8246ed 214d9bc4be274bc68d120ef41c8246ed] 199.204.45.78 "GET /v2.0/ports?tenant_id=55288f2c9387402293425c871eba12f7&device_id=e27c8bb4-09a7-44de-b4b6-4baff011fea9 HTTP/1.1" status: 200 len: 1411 time: 0.0359473
2026-04-14 08:35:54.433 10 INFO neutron.api.wsgi [None req-5df1ee31-948f-4de4-87fd-de4f64e23929 8bcfc17be6ad4e188164c760c7746aa9 482f756ac24e4829a9e92804ae93be2e - - default default] 10.0.0.202 "GET /v2.0/subnets?network_id=4cede13b-f46d-47bd-bf30-693124558b9c HTTP/1.1" status: 200 len: 843 time: 0.0325346
2026-04-14 08:35:54.444 10 INFO neutron.api.wsgi [None req-23208707-8781-4bf7-b95c-4849688d7e9e 8bcfc17be6ad4e188164c760c7746aa9 482f756ac24e4829a9e92804ae93be2e - - default default] 10.0.0.202 "GET /v2.0/extensions HTTP/1.1" status: 200 len: 19293 time: 0.0052872
2026-04-14 08:35:54.448 9 INFO neutron.api.wsgi [None req-08cc7b4a-d065-41ed-9b20-87ebdade26b3 2dc33df45b2a495bb518952a8ac0f786 6ab2bef16bef4f52b6b30cc4250f469b - - default default] 10.0.0.202 "GET /v2.0/security-groups?tenant_id=a0ca9d6a48e245969fb6e5e89fd9837e&name=default HTTP/1.1" status: 200 len: 3120 time: 0.2356677
2026-04-14 08:35:54.494 9 INFO neutron.api.wsgi [req-aefad032-7bbb-4132-af69-79cd5194e09e req-8519bd78-6edd-4ec1-8cc9-305e9aa800c7 1d7b2d2c69ff40e8bd9cf43f5fd3632e bd3901792eca4d22b3eaa9bd9526ce90 - - 214d9bc4be274bc68d120ef41c8246ed 214d9bc4be274bc68d120ef41c8246ed] 199.204.45.78 "GET /v2.0/networks?tenant_id=55288f2c9387402293425c871eba12f7&shared=False HTTP/1.1" status: 200 len: 974 time: 0.0600443
2026-04-14 08:35:54.508 10 INFO neutron.api.wsgi [None req-7b8e4dc4-fd35-48c2-aaef-ccd5467d3a97 8bcfc17be6ad4e188164c760c7746aa9 482f756ac24e4829a9e92804ae93be2e - - default default] 10.0.0.202 "GET /v2.0/networks HTTP/1.1" status: 200 len: 1508 time: 0.0597889
2026-04-14 08:35:54.548 9 INFO neutron.api.wsgi [req-aefad032-7bbb-4132-af69-79cd5194e09e req-50d92deb-f012-4686-8018-34bf661b7a76 1d7b2d2c69ff40e8bd9cf43f5fd3632e bd3901792eca4d22b3eaa9bd9526ce90 - - 214d9bc4be274bc68d120ef41c8246ed 214d9bc4be274bc68d120ef41c8246ed] 199.204.45.78 "GET /v2.0/networks?shared=True HTTP/1.1" status: 200 len: 952 time: 0.0503595
2026-04-14 08:35:54.550 10 INFO neutron.api.wsgi [None req-80b06738-1b56-40f4-a02b-44ab9d6d0599 8bcfc17be6ad4e188164c760c7746aa9 482f756ac24e4829a9e92804ae93be2e - - default default] 10.0.0.202 "GET /v2.0/subnets HTTP/1.1" status: 200 len: 1507 time: 0.0358100
2026-04-14 08:35:54.603 10 INFO neutron.api.wsgi [None req-b48bb926-5550-49b7-83a1-0e942873f781 8bcfc17be6ad4e188164c760c7746aa9 482f756ac24e4829a9e92804ae93be2e - - default default] 10.0.0.202 "GET /v2.0/networks/036606b9-a7e6-4e62-9439-848be2e4d8ef HTTP/1.1" status: 200 len: 867 time: 0.0481551
2026-04-14 08:35:54.635 10 INFO neutron.api.wsgi [None req-7db75b6c-f381-4661-83c3-a1aeaf2ee7b1 8bcfc17be6ad4e188164c760c7746aa9 482f756ac24e4829a9e92804ae93be2e - - default default] 10.0.0.202 "GET /v2.0/subnets/63f34f26-a466-4e49-ae57-f740b4360117 HTTP/1.1" status: 200 len: 867 time: 0.0263093
2026-04-14 08:35:54.651 10 INFO neutron.pecan_wsgi.hooks.translation [None req-d8f64bb0-a494-42b1-a24f-a3d49bfe6c35 8bcfc17be6ad4e188164c760c7746aa9 482f756ac24e4829a9e92804ae93be2e - - default default] DELETE failed (client error): The resource could not be found.
2026-04-14 08:35:54.654 10 INFO neutron.api.wsgi [None req-d8f64bb0-a494-42b1-a24f-a3d49bfe6c35 8bcfc17be6ad4e188164c760c7746aa9 482f756ac24e4829a9e92804ae93be2e - - default default] 10.0.0.202 "DELETE /v2.0/subnets/298b520c-4837-408f-9b6b-e7d11a43070e HTTP/1.1" status: 404 len: 337 time: 0.0133317
2026-04-14 08:35:54.669 9 INFO neutron.pecan_wsgi.hooks.translation [None req-13953658-82dc-4f52-9aea-1a11987eb1fa 8bcfc17be6ad4e188164c760c7746aa9 482f756ac24e4829a9e92804ae93be2e - - default default] DELETE failed (client error): The resource could not be found.
2026-04-14 08:35:54.672 9 INFO neutron.api.wsgi [None req-13953658-82dc-4f52-9aea-1a11987eb1fa 8bcfc17be6ad4e188164c760c7746aa9 482f756ac24e4829a9e92804ae93be2e - - default default] 10.0.0.202 "DELETE /v2.0/networks/7ca5d7ab-e3c4-4466-9a23-8157fd6bb152 HTTP/1.1" status: 404 len: 339 time: 0.0143192
2026-04-14 08:35:54.707 9 INFO neutron.api.wsgi [None req-7f402798-9411-403c-90b9-b175ab09522a 2dc33df45b2a495bb518952a8ac0f786 6ab2bef16bef4f52b6b30cc4250f469b - - default default] 10.0.0.202 "DELETE /v2.0/security-groups/bfb1a13b-328d-462f-94a5-c54df22b5c5a HTTP/1.1" status: 204 len: 168 time: 0.2551579
2026-04-14 08:35:54.817 9 INFO neutron.api.wsgi [None req-16723723-472e-4326-92ab-b798ddc914e3 8bcfc17be6ad4e188164c760c7746aa9 482f756ac24e4829a9e92804ae93be2e - - default default] 10.0.0.202 "DELETE /v2.0/subnets/63f34f26-a466-4e49-ae57-f740b4360117 HTTP/1.1" status: 204 len: 168 time: 0.1405623
2026-04-14 08:35:54.959 10 INFO neutron.api.wsgi [req-de525130-220b-4eae-9101-1d05b542fa2f req-445d4186-4590-43f5-bbef-600394148ec1 812240370d1e425d95aaac5d59d81045 55288f2c9387402293425c871eba12f7 - - default default] 10.0.0.168 "GET /v2.0/ports?device_id=e27c8bb4-09a7-44de-b4b6-4baff011fea9 HTTP/1.1" status: 200 len: 1172 time: 0.0687466
2026-04-14 08:35:55.007 10 INFO neutron.api.wsgi [req-de525130-220b-4eae-9101-1d05b542fa2f req-05576b57-0fa3-4e2b-ad1b-8817a7cbf979 812240370d1e425d95aaac5d59d81045 55288f2c9387402293425c871eba12f7 - - default default] 10.0.0.168 "GET /v2.0/security-groups?id=03db5804-d78a-4783-befe-da63739d131d&fields=id&fields=name HTTP/1.1" status: 200 len: 286 time: 0.0409529
2026-04-14 08:35:55.089 9 INFO neutron.services.segments.plugin [-] Segment d0986ca0-a945-4579-b689-86926621a3ac resource provider aggregate not found
2026-04-14 08:35:55.099 9 INFO neutron.services.segments.plugin [-] Segment d0986ca0-a945-4579-b689-86926621a3ac resource provider aggregate not found
2026-04-14 08:35:55.101 9 INFO neutron.services.segments.plugin [-] Segment d0986ca0-a945-4579-b689-86926621a3ac resource provider not found; error: Placement Client Error (4xx): {"errors": [{"status": 404, "title": "Not Found", "detail": "The resource could not be found.\n\n No resource provider with uuid d0986ca0-a945-4579-b689-86926621a3ac found for delete ", "request_id": "req-41ec4a8a-8912-4326-98c6-c3b9311d0c0d"}]}
2026-04-14 08:35:55.120 9 INFO neutron.services.segments.plugin [-] Segment d0986ca0-a945-4579-b689-86926621a3ac resource provider not found; error: Placement Client Error (4xx): {"errors": [{"status": 404, "title": "Not Found", "detail": "The resource could not be found.\n\n No resource provider with uuid d0986ca0-a945-4579-b689-86926621a3ac found for delete ", "request_id": "req-a42f46a9-d137-4b01-9f5b-a293b839573f"}]}
2026-04-14 08:35:55.125 9 INFO neutron.api.wsgi [None req-cbcee7d5-ace1-4f15-9a7e-a83e54255472 8bcfc17be6ad4e188164c760c7746aa9 482f756ac24e4829a9e92804ae93be2e - - default default] 10.0.0.202 "DELETE /v2.0/networks/036606b9-a7e6-4e62-9439-848be2e4d8ef HTTP/1.1" status: 204 len: 168 time: 0.3043196
2026-04-14 08:35:55.602 9 INFO neutron.api.wsgi [req-8d178aaf-35bd-4d1d-bee8-1ca553d6c0ce req-1c2ca920-e8e1-442e-ae78-9f16b28d25c4 1d7b2d2c69ff40e8bd9cf43f5fd3632e bd3901792eca4d22b3eaa9bd9526ce90 - - 214d9bc4be274bc68d120ef41c8246ed 214d9bc4be274bc68d120ef41c8246ed] 199.204.45.78 "GET /v2.0/ports?tenant_id=55288f2c9387402293425c871eba12f7&device_id=e27c8bb4-09a7-44de-b4b6-4baff011fea9 HTTP/1.1" status: 200 len: 1411 time: 0.0384014
2026-04-14 08:35:55.622 9 INFO neutron.api.wsgi [req-8d178aaf-35bd-4d1d-bee8-1ca553d6c0ce req-b2b0d32b-b1b9-4df9-82ca-775678123c98 1d7b2d2c69ff40e8bd9cf43f5fd3632e bd3901792eca4d22b3eaa9bd9526ce90 - - 214d9bc4be274bc68d120ef41c8246ed 214d9bc4be274bc68d120ef41c8246ed] 199.204.45.78 "GET /v2.0/floatingips?fixed_ip_address=10.100.0.14&port_id=632a4925-ef3f-4b3b-a30e-0f408d70adf5 HTTP/1.1" status: 200 len: 217 time: 0.0156870
2026-04-14 08:35:55.651 9 INFO neutron.api.wsgi [req-8d178aaf-35bd-4d1d-bee8-1ca553d6c0ce req-582659f2-7946-436f-8566-8ca9e8d10d2e 1d7b2d2c69ff40e8bd9cf43f5fd3632e bd3901792eca4d22b3eaa9bd9526ce90 - - 214d9bc4be274bc68d120ef41c8246ed 214d9bc4be274bc68d120ef41c8246ed] 199.204.45.78 "GET /v2.0/subnets?id=c38bc319-b695-48bf-9bdc-24fe78abf49c HTTP/1.1" status: 200 len: 894 time: 0.0250540
2026-04-14 08:35:55.673 9 INFO neutron.api.wsgi [req-8d178aaf-35bd-4d1d-bee8-1ca553d6c0ce req-c8b12136-087d-4cf2-9144-e3edbc5ca340 1d7b2d2c69ff40e8bd9cf43f5fd3632e bd3901792eca4d22b3eaa9bd9526ce90 - - 214d9bc4be274bc68d120ef41c8246ed 214d9bc4be274bc68d120ef41c8246ed] 199.204.45.78 "GET /v2.0/ports?network_id=6d7cd0d1-3895-4ae0-8d6b-e6d1b94066bf&device_owner=network%3Adhcp HTTP/1.1" status: 200 len: 210 time: 0.0156620
2026-04-14 08:35:55.713 9 INFO neutron.api.wsgi [req-8d178aaf-35bd-4d1d-bee8-1ca553d6c0ce req-509ef3b1-c1ca-4375-a81a-eedc9268566a 1d7b2d2c69ff40e8bd9cf43f5fd3632e bd3901792eca4d22b3eaa9bd9526ce90 - - 214d9bc4be274bc68d120ef41c8246ed 214d9bc4be274bc68d120ef41c8246ed] 199.204.45.78 "GET /v2.0/networks/6d7cd0d1-3895-4ae0-8d6b-e6d1b94066bf?fields=segments HTTP/1.1" status: 200 len: 212 time: 0.0341673
2026-04-14 08:35:55.752 10 INFO neutron.api.wsgi [None req-292dbc89-281f-4c27-a7ec-30d65d901916 2dc33df45b2a495bb518952a8ac0f786 6ab2bef16bef4f52b6b30cc4250f469b - - default default] 10.0.0.202 "GET /v2.0/security-groups?tenant_id=482f756ac24e4829a9e92804ae93be2e&name=default HTTP/1.1" status: 200 len: 3120 time: 0.1574459
2026-04-14 08:35:55.766 9 INFO neutron.api.wsgi [req-8d178aaf-35bd-4d1d-bee8-1ca553d6c0ce req-4cc71247-e630-4c23-a273-e01264afe812 1d7b2d2c69ff40e8bd9cf43f5fd3632e bd3901792eca4d22b3eaa9bd9526ce90 - - 214d9bc4be274bc68d120ef41c8246ed 214d9bc4be274bc68d120ef41c8246ed] 199.204.45.78 "GET /v2.0/networks/6d7cd0d1-3895-4ae0-8d6b-e6d1b94066bf?fields=provider%3Aphysical_network&fields=provider%3Anetwork_type HTTP/1.1" status: 200 len: 277 time: 0.0470324
2026-04-14 08:35:55.959 10 INFO neutron.api.wsgi [None req-8caa5fb9-5d70-4d87-8dd7-83acfae9ea31 2dc33df45b2a495bb518952a8ac0f786 6ab2bef16bef4f52b6b30cc4250f469b - - default default] 10.0.0.202 "DELETE /v2.0/security-groups/8e57593b-d489-4e82-9da8-c241a2fb1817 HTTP/1.1" status: 204 len: 168 time: 0.2025027
2026-04-14 08:35:56.104 9 INFO neutron.api.wsgi [req-23a92905-9c4c-40b7-8bbe-c9fd3371eb73 req-594a0fb0-6ba5-48ef-80d5-1a7addc791a6 812240370d1e425d95aaac5d59d81045 55288f2c9387402293425c871eba12f7 - - default default] 10.0.0.168 "GET /v2.0/ports?device_id=e27c8bb4-09a7-44de-b4b6-4baff011fea9 HTTP/1.1" status: 200 len: 1172 time: 0.0274727
2026-04-14 08:35:56.135 9 INFO neutron.api.wsgi [req-23a92905-9c4c-40b7-8bbe-c9fd3371eb73 req-8cba119e-4b84-4e9e-9927-c651dae8d145 812240370d1e425d95aaac5d59d81045 55288f2c9387402293425c871eba12f7 - - default default] 10.0.0.168 "GET /v2.0/security-groups?id=03db5804-d78a-4783-befe-da63739d131d&fields=id&fields=name HTTP/1.1" status: 200 len: 286 time: 0.0242691
2026-04-14 08:35:56.710 9 INFO neutron.api.wsgi [-] 10.0.0.241 "GET / HTTP/1.1" status: 200 len: 246 time: 0.0026379
2026-04-14 08:35:56.710 10 INFO neutron.api.wsgi [-] 10.0.0.241 "GET / HTTP/1.1" status: 200 len: 246 time: 0.0024006
2026-04-14 08:35:57.233 10 INFO neutron.api.wsgi [req-ac0da03e-dfda-482e-a865-f3c1650f3188 req-1ed95bce-7939-42b8-89a8-2a2926556bed 812240370d1e425d95aaac5d59d81045 55288f2c9387402293425c871eba12f7 - - default default] 10.0.0.168 "GET /v2.0/ports?device_id=e27c8bb4-09a7-44de-b4b6-4baff011fea9 HTTP/1.1" status: 200 len: 1172 time: 0.0369217
2026-04-14 08:35:57.268 10 INFO neutron.api.wsgi [req-ac0da03e-dfda-482e-a865-f3c1650f3188 req-15c9719f-324f-470d-a4f5-af6a9515ae47 812240370d1e425d95aaac5d59d81045 55288f2c9387402293425c871eba12f7 - - default default] 10.0.0.168 "GET /v2.0/security-groups?id=03db5804-d78a-4783-befe-da63739d131d&fields=id&fields=name HTTP/1.1" status: 200 len: 286 time: 0.0299540
2026-04-14 08:35:57.768 9 INFO neutron.api.wsgi [req-9860f9ca-3036-4a66-92f9-7829be667a42 req-dc013049-4ba7-477b-8e58-023b80546aec 3b7e2f4bda8c406dad5fc3cd4528fe09 4adda07995774198892fc4c0a55e489e - - default default] 10.0.0.168 "GET /v2.0/ports?device_id=73f327d9-ee86-4eca-b384-501cb617ca6b HTTP/1.1" status: 200 len: 1170 time: 0.0670357
2026-04-14 08:35:57.820 9 INFO neutron.api.wsgi [req-9860f9ca-3036-4a66-92f9-7829be667a42 req-b896247b-9c38-4678-8996-acfe1b1fc60b 3b7e2f4bda8c406dad5fc3cd4528fe09 4adda07995774198892fc4c0a55e489e - - default default] 10.0.0.168 "GET /v2.0/security-groups?id=d9163d11-3e9d-4a6f-963b-1545be0cc440&fields=id&fields=name HTTP/1.1" status: 200 len: 313 time: 0.0446486
2026-04-14 08:35:57.822 10 WARNING neutron_lib.context [None req-1f2d76bc-bef4-4f74-aed9-26fcca41a736 e23f1b828fc14f7099a0c271a6f9b596 f3025409638d4aa6a730f61b61af13a0 - - default default] Method 'is_advsvc' is deprecated since 2023.2 release (neutron-lib 3.8.0) and will be removed once support for the old RBAC API policies will be removed from Neutron. Please use method 'is_service_role' instead.
2026-04-14 08:35:57.933 10 INFO neutron.plugins.ml2.drivers.ovn.mech_driver.mech_driver [None req-eb76b4b1-1967-45b4-8e07-638fa0f782e2 - - - - - -] OVN reports status up for port: 632a4925-ef3f-4b3b-a30e-0f408d70adf5
2026-04-14 08:35:57.954 10 INFO neutron.plugins.ml2.plugin [None req-eb76b4b1-1967-45b4-8e07-638fa0f782e2 - - - - - -] Attempt 1 to provision port 632a4925-ef3f-4b3b-a30e-0f408d70adf5
2026-04-14 08:35:58.024 10 INFO neutron.api.wsgi [req-b0f946cb-6fa6-4e8c-9a73-047ecc3971b9 req-54f056ab-07f6-4b36-8b16-151a3f9e92ab 3b7e2f4bda8c406dad5fc3cd4528fe09 4adda07995774198892fc4c0a55e489e - - default default] 10.0.0.168 "GET /v2.0/ports?device_id=73f327d9-ee86-4eca-b384-501cb617ca6b HTTP/1.1" status: 200 len: 1170 time: 0.1182852
2026-04-14 08:35:58.045 10 INFO neutron.db.ovn_revision_numbers_db [None req-1f2d76bc-bef4-4f74-aed9-26fcca41a736 e23f1b828fc14f7099a0c271a6f9b596 f3025409638d4aa6a730f61b61af13a0 - - default default] Successfully bumped revision number for resource 028cd586-f037-48e6-83c8-35e4814fca9b (type: security_groups) to 1
2026-04-14 08:35:58.069 10 INFO neutron.db.ovn_revision_numbers_db [None req-1f2d76bc-bef4-4f74-aed9-26fcca41a736 e23f1b828fc14f7099a0c271a6f9b596 f3025409638d4aa6a730f61b61af13a0 - - default default] Successfully bumped revision number for resource 17ba790c-3b5c-4d45-99da-f01e6f98aba7 (type: security_group_rules) to 0
2026-04-14 08:35:58.085 10 INFO neutron.api.wsgi [req-b0f946cb-6fa6-4e8c-9a73-047ecc3971b9 req-70e90bd7-5030-44be-b2b4-d4f14f8c94eb 3b7e2f4bda8c406dad5fc3cd4528fe09 4adda07995774198892fc4c0a55e489e - - default default] 10.0.0.168 "GET /v2.0/security-groups?id=d9163d11-3e9d-4a6f-963b-1545be0cc440&fields=id&fields=name HTTP/1.1" status: 200 len: 313 time: 0.0545115
2026-04-14 08:35:58.115 10 INFO neutron.db.ovn_revision_numbers_db [None req-1f2d76bc-bef4-4f74-aed9-26fcca41a736 e23f1b828fc14f7099a0c271a6f9b596 f3025409638d4aa6a730f61b61af13a0 - - default default] Successfully bumped revision number for resource 92931159-1661-43c5-a379-c89c07ab5f46 (type: security_group_rules) to 0
2026-04-14 08:35:58.132 10 INFO neutron.notifiers.nova [-] Nova event matching ['req-814dc5f6-9461-4d47-8754-63712f9b81f1'] response: {'server_uuid': 'e27c8bb4-09a7-44de-b4b6-4baff011fea9', 'name': 'network-vif-plugged', 'status': 'completed', 'tag': '632a4925-ef3f-4b3b-a30e-0f408d70adf5', 'code': 200}
2026-04-14 08:35:58.134 10 INFO neutron.db.ovn_revision_numbers_db [None req-1f2d76bc-bef4-4f74-aed9-26fcca41a736 e23f1b828fc14f7099a0c271a6f9b596 f3025409638d4aa6a730f61b61af13a0 - - default default] Successfully bumped revision number for resource a890dd5f-6b1c-46ca-a790-454557c773dc (type: security_group_rules) to 0
2026-04-14 08:35:58.152 10 INFO neutron.db.ovn_revision_numbers_db [None req-1f2d76bc-bef4-4f74-aed9-26fcca41a736 e23f1b828fc14f7099a0c271a6f9b596 f3025409638d4aa6a730f61b61af13a0 - - default default] Successfully bumped revision number for resource dc2889e0-f059-41a4-9825-7f4050519989 (type: security_group_rules) to 0
2026-04-14 08:35:58.227 10 INFO neutron.db.segments_db [None req-1f2d76bc-bef4-4f74-aed9-26fcca41a736 e23f1b828fc14f7099a0c271a6f9b596 f3025409638d4aa6a730f61b61af13a0 - - default default] Added segment 9d95417b-19c3-49d8-bbf2-042c66b6f8b2 of type geneve for network 3e0f321d-a1af-4c76-b7d4-42f2525b5f87
2026-04-14 08:35:58.273 10 INFO neutron.db.ovn_revision_numbers_db [None req-eb76b4b1-1967-45b4-8e07-638fa0f782e2 - - - - - -] Successfully bumped revision number for resource 632a4925-ef3f-4b3b-a30e-0f408d70adf5 (type: ports) to 5 /var/lib/openstack/lib/python3.12/site-packages/pycadf/identifier.py:71: UserWarning: Invalid uuid: neutron. To ensure interoperability, identifiers should be a valid uuid. warnings.warn(('Invalid uuid: %s. To ensure interoperability, '
2026-04-14 08:35:58.381 10 INFO neutron.api.wsgi [req-e71362d9-52cd-448e-9bc3-6d0380f38eb6 req-adf86018-5736-4d88-949f-36d7e5c0984e 812240370d1e425d95aaac5d59d81045 55288f2c9387402293425c871eba12f7 - - default default] 10.0.0.168 "GET /v2.0/ports?device_id=e27c8bb4-09a7-44de-b4b6-4baff011fea9 HTTP/1.1" status: 200 len: 1174 time: 0.0594270
2026-04-14 08:35:58.408 10 INFO neutron.db.ovn_revision_numbers_db [None req-1f2d76bc-bef4-4f74-aed9-26fcca41a736 e23f1b828fc14f7099a0c271a6f9b596 f3025409638d4aa6a730f61b61af13a0 - - default default] Successfully bumped revision number for resource 3e0f321d-a1af-4c76-b7d4-42f2525b5f87 (type: networks) to 1
2026-04-14 08:35:58.429 10 INFO neutron.api.wsgi [req-e71362d9-52cd-448e-9bc3-6d0380f38eb6 req-3c2fea6c-be76-4a0c-b07f-0f2f7b9ecf17 812240370d1e425d95aaac5d59d81045 55288f2c9387402293425c871eba12f7 - - default default] 10.0.0.168 "GET /v2.0/security-groups?id=03db5804-d78a-4783-befe-da63739d131d&fields=id&fields=name HTTP/1.1" status: 200 len: 286 time: 0.0428336
2026-04-14 08:35:58.527 9 INFO neutron.api.wsgi [req-c01a72f7-11a2-40e9-a8f8-e71ca3750753 req-12abe0d8-2c31-4bc9-b768-90fdb5752e17 3b7e2f4bda8c406dad5fc3cd4528fe09 4adda07995774198892fc4c0a55e489e - - default default] 10.0.0.168 "GET /v2.0/ports?device_id=73f327d9-ee86-4eca-b384-501cb617ca6b HTTP/1.1" status: 200 len: 1170 time: 0.0441453
2026-04-14 08:35:58.571 9 INFO neutron.api.wsgi [req-c01a72f7-11a2-40e9-a8f8-e71ca3750753 req-af72cb5f-b16e-4b69-9b11-caba795dea94 3b7e2f4bda8c406dad5fc3cd4528fe09 4adda07995774198892fc4c0a55e489e - - default default] 10.0.0.168 "GET /v2.0/security-groups?id=d9163d11-3e9d-4a6f-963b-1545be0cc440&fields=id&fields=name HTTP/1.1" status: 200 len: 313 time: 0.0374482
2026-04-14 08:35:58.580 10 WARNING neutron.scheduler.dhcp_agent_scheduler [None req-1f2d76bc-bef4-4f74-aed9-26fcca41a736 e23f1b828fc14f7099a0c271a6f9b596 f3025409638d4aa6a730f61b61af13a0 - - default default] No more DHCP agents
2026-04-14 08:35:58.582 10 WARNING neutron.api.rpc.agentnotifiers.dhcp_rpc_agent_api [None req-1f2d76bc-bef4-4f74-aed9-26fcca41a736 e23f1b828fc14f7099a0c271a6f9b596 f3025409638d4aa6a730f61b61af13a0 - - default default] Unable to schedule network 3e0f321d-a1af-4c76-b7d4-42f2525b5f87: no agents available; will retry on subsequent port and subnet creation events.
2026-04-14 08:35:58.683 10 INFO neutron.db.ovn_revision_numbers_db [None req-1f2d76bc-bef4-4f74-aed9-26fcca41a736 e23f1b828fc14f7099a0c271a6f9b596 f3025409638d4aa6a730f61b61af13a0 - - default default] Successfully bumped revision number for resource 43bf5f92-74ae-417b-90fa-f76817e4c27e (type: ports) to 1
2026-04-14 08:35:58.727 10 INFO neutron.api.wsgi [None req-1f2d76bc-bef4-4f74-aed9-26fcca41a736 e23f1b828fc14f7099a0c271a6f9b596 f3025409638d4aa6a730f61b61af13a0 - - default default] 10.0.0.202 "POST /v2.0/networks HTTP/1.1" status: 201 len: 828 time: 1.0645747
2026-04-14 08:35:58.736 10 WARNING neutron_lib.context [None req-901c02bf-3b40-4b73-a8d8-7e7b828f30cc e23f1b828fc14f7099a0c271a6f9b596 f3025409638d4aa6a730f61b61af13a0 - - default default] Method 'is_advsvc' is deprecated since 2023.2 release (neutron-lib 3.8.0) and will be removed once support for the old RBAC API policies will be removed from Neutron. Please use method 'is_service_role' instead.
2026-04-14 08:35:58.822 10 INFO neutron.db.segments_db [None req-901c02bf-3b40-4b73-a8d8-7e7b828f30cc e23f1b828fc14f7099a0c271a6f9b596 f3025409638d4aa6a730f61b61af13a0 - - default default] Added segment 42df9617-1089-4392-9514-68b4709924fc of type geneve for network 97aab70e-100a-4176-91c4-006fd185656e
2026-04-14 08:35:58.957 10 INFO neutron.db.ovn_revision_numbers_db [None req-901c02bf-3b40-4b73-a8d8-7e7b828f30cc e23f1b828fc14f7099a0c271a6f9b596 f3025409638d4aa6a730f61b61af13a0 - - default default] Successfully bumped revision number for resource 97aab70e-100a-4176-91c4-006fd185656e (type: networks) to 1
2026-04-14 08:35:59.131 10 WARNING neutron.scheduler.dhcp_agent_scheduler [None req-901c02bf-3b40-4b73-a8d8-7e7b828f30cc e23f1b828fc14f7099a0c271a6f9b596 f3025409638d4aa6a730f61b61af13a0 - - default default] No more DHCP agents
2026-04-14 08:35:59.134 10 WARNING neutron.api.rpc.agentnotifiers.dhcp_rpc_agent_api [None req-901c02bf-3b40-4b73-a8d8-7e7b828f30cc e23f1b828fc14f7099a0c271a6f9b596 f3025409638d4aa6a730f61b61af13a0 - - default default] Unable to schedule network 97aab70e-100a-4176-91c4-006fd185656e: no agents available; will retry on subsequent port and subnet creation events.
2026-04-14 08:35:59.193 10 INFO neutron.db.ovn_revision_numbers_db [None req-901c02bf-3b40-4b73-a8d8-7e7b828f30cc e23f1b828fc14f7099a0c271a6f9b596 f3025409638d4aa6a730f61b61af13a0 - - default default] Successfully bumped revision number for resource c69e86d0-e1fb-4cfc-b61a-6d7c36978be3 (type: ports) to 1
2026-04-14 08:35:59.211 10 INFO neutron.api.wsgi [None req-901c02bf-3b40-4b73-a8d8-7e7b828f30cc e23f1b828fc14f7099a0c271a6f9b596 f3025409638d4aa6a730f61b61af13a0 - - default default] 10.0.0.202 "POST /v2.0/networks HTTP/1.1" status: 201 len: 829 time: 0.4800918
2026-04-14 08:35:59.221 10 WARNING neutron_lib.context [None req-611afb73-08e8-4ac0-8c95-e548c516810f e23f1b828fc14f7099a0c271a6f9b596 f3025409638d4aa6a730f61b61af13a0 - - default default] Method 'is_advsvc' is deprecated since 2023.2 release (neutron-lib 3.8.0) and will be removed once support for the old RBAC API policies will be removed from Neutron. Please use method 'is_service_role' instead.
2026-04-14 08:35:59.386 10 WARNING neutron.scheduler.dhcp_agent_scheduler [None req-611afb73-08e8-4ac0-8c95-e548c516810f e23f1b828fc14f7099a0c271a6f9b596 f3025409638d4aa6a730f61b61af13a0 - - default default] No more DHCP agents
2026-04-14 08:35:59.387 10 WARNING neutron.api.rpc.agentnotifiers.dhcp_rpc_agent_api [None req-611afb73-08e8-4ac0-8c95-e548c516810f e23f1b828fc14f7099a0c271a6f9b596 f3025409638d4aa6a730f61b61af13a0 - - default default] Unable to schedule network 3e0f321d-a1af-4c76-b7d4-42f2525b5f87: no agents available; will retry on subsequent port and subnet creation events.
2026-04-14 08:35:59.547 10 INFO neutron.api.wsgi [req-3aea4125-6082-4de0-8981-0d249b33360c req-d9551fb2-4ed6-421d-8952-f253d0f575a1 812240370d1e425d95aaac5d59d81045 55288f2c9387402293425c871eba12f7 - - default default] 10.0.0.168 "GET /v2.0/ports?device_id=e27c8bb4-09a7-44de-b4b6-4baff011fea9 HTTP/1.1" status: 200 len: 1174 time: 0.0426250
2026-04-14 08:35:59.602 10 INFO neutron.api.wsgi [req-3aea4125-6082-4de0-8981-0d249b33360c req-f7794a38-d03e-4be5-8aab-20f859d6e74e 812240370d1e425d95aaac5d59d81045 55288f2c9387402293425c871eba12f7 - - default default] 10.0.0.168 "GET /v2.0/security-groups?id=03db5804-d78a-4783-befe-da63739d131d&fields=id&fields=name HTTP/1.1" status: 200 len: 286 time: 0.0501039
2026-04-14 08:35:59.689 9 INFO neutron.api.wsgi [req-0d006a41-a58b-48d3-be41-ed4700f3e93a req-50652a56-5f29-4bee-82c0-534eb7dd89ee 3b7e2f4bda8c406dad5fc3cd4528fe09 4adda07995774198892fc4c0a55e489e - - default default] 10.0.0.168 "GET /v2.0/ports?device_id=73f327d9-ee86-4eca-b384-501cb617ca6b HTTP/1.1" status: 200 len: 1170 time: 0.0529871
2026-04-14 08:35:59.756 9 INFO neutron.api.wsgi [req-0d006a41-a58b-48d3-be41-ed4700f3e93a req-17f617cc-6c47-46ae-8fe8-3a9faa9bd5ef 3b7e2f4bda8c406dad5fc3cd4528fe09 4adda07995774198892fc4c0a55e489e - - default default] 10.0.0.168 "GET /v2.0/security-groups?id=d9163d11-3e9d-4a6f-963b-1545be0cc440&fields=id&fields=name HTTP/1.1" status: 200 len: 313 time: 0.0605953
2026-04-14 08:35:59.844 9 INFO neutron.db.ovn_revision_numbers_db [None req-cd0aeee1-16fa-4ff1-b37f-e0824396353a 2dc33df45b2a495bb518952a8ac0f786 6ab2bef16bef4f52b6b30cc4250f469b - - default default] Successfully bumped revision number for resource 2904a1a0-3848-453a-abcb-6cb7e40ac709 (type: security_groups) to 1
2026-04-14 08:35:59.860 9 INFO neutron.db.ovn_revision_numbers_db [None req-cd0aeee1-16fa-4ff1-b37f-e0824396353a 2dc33df45b2a495bb518952a8ac0f786 6ab2bef16bef4f52b6b30cc4250f469b - - default default] Successfully bumped revision number for resource 13da4b36-0ea6-4520-839b-dacfb83f610c (type: security_group_rules) to 0
2026-04-14 08:35:59.866 10 INFO neutron.db.ovn_revision_numbers_db [None req-edd09abf-855d-496b-993e-f088a6cf0019 - - - - - -] Successfully bumped revision number for resource 43bf5f92-74ae-417b-90fa-f76817e4c27e (type: ports) to 2
2026-04-14 08:35:59.873 9 INFO neutron.db.ovn_revision_numbers_db [None req-cd0aeee1-16fa-4ff1-b37f-e0824396353a 2dc33df45b2a495bb518952a8ac0f786 6ab2bef16bef4f52b6b30cc4250f469b - - default default] Successfully bumped revision number for resource 346712da-1f96-4fad-b924-301d2d212cfa (type: security_group_rules) to 0
2026-04-14 08:35:59.886 9 INFO neutron.db.ovn_revision_numbers_db [None req-cd0aeee1-16fa-4ff1-b37f-e0824396353a 2dc33df45b2a495bb518952a8ac0f786 6ab2bef16bef4f52b6b30cc4250f469b - - default default] Successfully bumped revision number for resource b47eddb0-2627-4cd9-87a1-70a3a5810869 (type: security_group_rules) to 0
2026-04-14 08:35:59.894 10 INFO neutron.db.ovn_revision_numbers_db [None req-edd09abf-855d-496b-993e-f088a6cf0019 - - - - - -] Successfully bumped revision number for resource 4214b42c-8829-4d86-9a16-65a7c3e746e9 (type: subnets) to 0
2026-04-14 08:35:59.908 10 INFO neutron.api.wsgi [None req-611afb73-08e8-4ac0-8c95-e548c516810f e23f1b828fc14f7099a0c271a6f9b596 f3025409638d4aa6a730f61b61af13a0 - - default default] 10.0.0.202 "POST /v2.0/subnets HTTP/1.1" status: 201 len: 825 time: 0.6905439
2026-04-14 08:35:59.921 9 INFO neutron.db.ovn_revision_numbers_db [None req-cd0aeee1-16fa-4ff1-b37f-e0824396353a 2dc33df45b2a495bb518952a8ac0f786 6ab2bef16bef4f52b6b30cc4250f469b - - default default] Successfully bumped revision number for resource b7a049e6-6f51-414d-b42b-9341ad7ea9a3 (type: security_group_rules) to 0
2026-04-14 08:35:59.923 10 WARNING neutron_lib.context [None req-806e9456-3151-40ef-87a8-a689d5f69c19 e23f1b828fc14f7099a0c271a6f9b596 f3025409638d4aa6a730f61b61af13a0 - - default default] Method 'is_advsvc' is deprecated since 2023.2 release (neutron-lib 3.8.0) and will be removed once support for the old RBAC API policies will be removed from Neutron. Please use method 'is_service_role' instead.
2026-04-14 08:35:59.972 9 INFO neutron.api.wsgi [None req-cd0aeee1-16fa-4ff1-b37f-e0824396353a 2dc33df45b2a495bb518952a8ac0f786 6ab2bef16bef4f52b6b30cc4250f469b - - default default] 10.0.0.202 "GET /v2.0/security-groups?tenant_id=9f486efe1e434132bbdd6a2be273bcf1&name=default HTTP/1.1" status: 200 len: 3120 time: 0.4351215
2026-04-14 08:36:00.000 9 INFO neutron.api.wsgi [req-024e9e42-2739-48bb-a159-12348fbe68f9 req-16cac3b6-d89f-4409-aaae-603837b8ed30 812240370d1e425d95aaac5d59d81045 55288f2c9387402293425c871eba12f7 - - default default] 10.0.0.168 "GET /v2.0/ports?device_id=e27c8bb4-09a7-44de-b4b6-4baff011fea9 HTTP/1.1" status: 200 len: 1174 time: 0.1116357
2026-04-14 08:36:00.046 9 INFO neutron.api.wsgi [req-7b393e38-3421-4dcc-b391-192e65b7002a req-18fb5555-552d-49b4-8e96-fb5a4ab6a406 1d7b2d2c69ff40e8bd9cf43f5fd3632e bd3901792eca4d22b3eaa9bd9526ce90 - - 214d9bc4be274bc68d120ef41c8246ed 214d9bc4be274bc68d120ef41c8246ed] 199.204.45.78 "GET /v2.0/ports?tenant_id=4adda07995774198892fc4c0a55e489e&device_id=73f327d9-ee86-4eca-b384-501cb617ca6b HTTP/1.1" status: 200 len: 1409 time: 0.0429835
2026-04-14 08:36:00.064 9 INFO neutron.api.wsgi [req-024e9e42-2739-48bb-a159-12348fbe68f9 req-d3b9a591-24aa-4aa4-bd0a-c825b556867d 812240370d1e425d95aaac5d59d81045 55288f2c9387402293425c871eba12f7 - - default default] 10.0.0.168 "GET /v2.0/security-groups?id=03db5804-d78a-4783-befe-da63739d131d&fields=id&fields=name HTTP/1.1" status: 200 len: 286 time: 0.0552924
2026-04-14 08:36:00.108 10 WARNING neutron.scheduler.dhcp_agent_scheduler [None req-806e9456-3151-40ef-87a8-a689d5f69c19 e23f1b828fc14f7099a0c271a6f9b596 f3025409638d4aa6a730f61b61af13a0 - - default default] No more DHCP agents
2026-04-14 08:36:00.109 10 WARNING neutron.api.rpc.agentnotifiers.dhcp_rpc_agent_api [None req-806e9456-3151-40ef-87a8-a689d5f69c19 e23f1b828fc14f7099a0c271a6f9b596 f3025409638d4aa6a730f61b61af13a0 - - default default] Unable to schedule network 97aab70e-100a-4176-91c4-006fd185656e: no agents available; will retry on subsequent port and subnet creation events.
2026-04-14 08:36:00.109 9 INFO neutron.api.wsgi [req-7b393e38-3421-4dcc-b391-192e65b7002a req-20a3926f-5cc5-4252-b63f-5ee88f3d771d 1d7b2d2c69ff40e8bd9cf43f5fd3632e bd3901792eca4d22b3eaa9bd9526ce90 - - 214d9bc4be274bc68d120ef41c8246ed 214d9bc4be274bc68d120ef41c8246ed] 199.204.45.78 "GET /v2.0/networks?id=c5010467-c410-43c3-bf97-fe952c897a56 HTTP/1.1" status: 200 len: 974 time: 0.0584743
2026-04-14 08:36:00.148 9 INFO neutron.api.wsgi [req-7b393e38-3421-4dcc-b391-192e65b7002a req-2e7b594f-7a53-4dde-9cae-984f948cffba 1d7b2d2c69ff40e8bd9cf43f5fd3632e bd3901792eca4d22b3eaa9bd9526ce90 - - 214d9bc4be274bc68d120ef41c8246ed 214d9bc4be274bc68d120ef41c8246ed] 199.204.45.78 "GET /v2.0/floatingips?fixed_ip_address=10.100.0.6&port_id=a2431add-e1e8-4df2-b15f-20836aff7759 HTTP/1.1" status: 200 len: 1059 time: 0.0320296
2026-04-14 08:36:00.184 10 INFO neutron.notifiers.nova [-] Nova event matching ['req-1d7c0a50-f186-434b-a4bd-76d4aa39bca9'] response: {'server_uuid': 'e27c8bb4-09a7-44de-b4b6-4baff011fea9', 'name': 'network-vif-plugged', 'status': 'completed', 'tag': '632a4925-ef3f-4b3b-a30e-0f408d70adf5', 'code': 200}
2026-04-14 08:36:00.185 9 INFO neutron.api.wsgi [req-7b393e38-3421-4dcc-b391-192e65b7002a req-d1c8402c-8415-4980-9936-b570e35206ef 1d7b2d2c69ff40e8bd9cf43f5fd3632e bd3901792eca4d22b3eaa9bd9526ce90 - - 214d9bc4be274bc68d120ef41c8246ed 214d9bc4be274bc68d120ef41c8246ed] 199.204.45.78 "GET /v2.0/subnets?id=2bbd5db2-1fd6-4b4e-9674-cd3f9580cf26 HTTP/1.1" status: 200 len: 893 time: 0.0323710
2026-04-14 08:36:00.205 9 INFO neutron.api.wsgi [req-7b393e38-3421-4dcc-b391-192e65b7002a req-c2db622a-8572-4f50-8788-48b05f454c4f 1d7b2d2c69ff40e8bd9cf43f5fd3632e bd3901792eca4d22b3eaa9bd9526ce90 - - 214d9bc4be274bc68d120ef41c8246ed 214d9bc4be274bc68d120ef41c8246ed] 199.204.45.78 "GET /v2.0/ports?network_id=c5010467-c410-43c3-bf97-fe952c897a56&device_owner=network%3Adhcp HTTP/1.1" status: 200 len: 210 time: 0.0161574
2026-04-14 08:36:00.244 9 INFO neutron.api.wsgi [req-7b393e38-3421-4dcc-b391-192e65b7002a req-e334024c-8f9c-42db-b355-d87fbf43e9db 1d7b2d2c69ff40e8bd9cf43f5fd3632e bd3901792eca4d22b3eaa9bd9526ce90 - - 214d9bc4be274bc68d120ef41c8246ed 214d9bc4be274bc68d120ef41c8246ed] 199.204.45.78 "GET /v2.0/networks/c5010467-c410-43c3-bf97-fe952c897a56?fields=segments HTTP/1.1" status: 200 len: 212 time: 0.0329552
2026-04-14 08:36:00.249 9 INFO neutron.api.wsgi [None req-d231558d-4725-4d74-9c2e-0118cd6e7595 2dc33df45b2a495bb518952a8ac0f786 6ab2bef16bef4f52b6b30cc4250f469b - - default default] 10.0.0.202 "DELETE /v2.0/security-groups/2904a1a0-3848-453a-abcb-6cb7e40ac709 HTTP/1.1" status: 204 len: 168 time: 0.2706394
2026-04-14 08:36:00.291 9 INFO neutron.api.wsgi [req-7b393e38-3421-4dcc-b391-192e65b7002a req-9e9abae6-48db-41f9-94d8-0d4bf7a326f9 1d7b2d2c69ff40e8bd9cf43f5fd3632e bd3901792eca4d22b3eaa9bd9526ce90 - - 214d9bc4be274bc68d120ef41c8246ed 214d9bc4be274bc68d120ef41c8246ed] 199.204.45.78 "GET /v2.0/networks/c5010467-c410-43c3-bf97-fe952c897a56?fields=provider%3Aphysical_network&fields=provider%3Anetwork_type HTTP/1.1" status: 200 len: 277 time: 0.0400066
2026-04-14 08:36:00.527 10 INFO neutron.plugins.ml2.drivers.ovn.mech_driver.mech_driver [None req-281417ab-6982-4f95-a8a7-b1c4dda3181a - - - - - -] OVN reports status down for port: 632a4925-ef3f-4b3b-a30e-0f408d70adf5
2026-04-14 08:36:00.686 10 INFO neutron.db.ovn_revision_numbers_db [None req-9740578f-ba63-41b2-9837-309d1676d055 - - - - - -] Successfully bumped revision number for resource c69e86d0-e1fb-4cfc-b61a-6d7c36978be3 (type: ports) to 2
2026-04-14 08:36:00.716 10 INFO neutron.db.ovn_revision_numbers_db [None req-9740578f-ba63-41b2-9837-309d1676d055 - - - - - -] Successfully bumped revision number for resource 9fc4d3e7-a5f6-4652-81be-fda69f1df17e (type: subnets) to 0
2026-04-14 08:36:00.733 10 INFO neutron.api.wsgi [None req-806e9456-3151-40ef-87a8-a689d5f69c19 e23f1b828fc14f7099a0c271a6f9b596 f3025409638d4aa6a730f61b61af13a0 - - default default] 10.0.0.202 "POST /v2.0/subnets HTTP/1.1" status: 201 len: 825 time: 0.8148947
2026-04-14 08:36:00.743 9 WARNING neutron_lib.context [None req-5ae85df9-14aa-4c71-b317-a0e428bdcc29 e23f1b828fc14f7099a0c271a6f9b596 f3025409638d4aa6a730f61b61af13a0 - - default default] Method 'is_advsvc' is deprecated since 2023.2 release (neutron-lib 3.8.0) and will be removed once support for the old RBAC API policies will be removed from Neutron. Please use method 'is_service_role' instead.
2026-04-14 08:36:00.793 10 INFO neutron.db.ovn_revision_numbers_db [None req-281417ab-6982-4f95-a8a7-b1c4dda3181a - - - - - -] Successfully bumped revision number for resource 632a4925-ef3f-4b3b-a30e-0f408d70adf5 (type: ports) to 6
2026-04-14 08:36:00.861 9 INFO neutron.db.ovn_revision_numbers_db [None req-5ae85df9-14aa-4c71-b317-a0e428bdcc29 e23f1b828fc14f7099a0c271a6f9b596 f3025409638d4aa6a730f61b61af13a0 - - default default] Successfully bumped revision number for resource b020412b-3f25-4d00-87ee-9ed31c725ef2 (type: routers) to 1
2026-04-14 08:36:00.869 9 INFO neutron.api.wsgi [req-2955638f-e98f-4fa8-af1a-5feedbe9e653 req-c1383aef-cb81-44ee-8842-c77e8851ea44 3b7e2f4bda8c406dad5fc3cd4528fe09 4adda07995774198892fc4c0a55e489e - - default default] 10.0.0.168 "GET /v2.0/ports?device_id=73f327d9-ee86-4eca-b384-501cb617ca6b HTTP/1.1" status: 200 len: 1170 time: 0.0391419
2026-04-14 08:36:00.880 9 INFO neutron.api.wsgi [None req-5ae85df9-14aa-4c71-b317-a0e428bdcc29 e23f1b828fc14f7099a0c271a6f9b596 f3025409638d4aa6a730f61b61af13a0 - - default default] 10.0.0.202 "POST /v2.0/routers HTTP/1.1" status: 201 len: 801 time: 0.1424499 /var/lib/openstack/lib/python3.12/site-packages/pycadf/identifier.py:71: UserWarning: Invalid uuid: neutron. To ensure interoperability, identifiers should be a valid uuid. warnings.warn(('Invalid uuid: %s. To ensure interoperability, '
2026-04-14 08:36:00.903 9 INFO neutron.api.wsgi [req-2955638f-e98f-4fa8-af1a-5feedbe9e653 req-25ba2856-aa08-4d6f-accc-69838ace4dea 3b7e2f4bda8c406dad5fc3cd4528fe09 4adda07995774198892fc4c0a55e489e - - default default] 10.0.0.168 "GET /v2.0/security-groups?id=d9163d11-3e9d-4a6f-963b-1545be0cc440&fields=id&fields=name HTTP/1.1" status: 200 len: 313 time: 0.0295851
2026-04-14 08:36:01.235 10 INFO neutron.api.wsgi [req-75b2a4ef-0cdc-4640-8b36-c5639ece9d50 req-24a04a5e-7ae4-422a-ac68-96059946257e 812240370d1e425d95aaac5d59d81045 55288f2c9387402293425c871eba12f7 - - default default] 10.0.0.168 "GET /v2.0/ports?device_id=e27c8bb4-09a7-44de-b4b6-4baff011fea9 HTTP/1.1" status: 200 len: 1172 time: 0.1077516
2026-04-14 08:36:01.252 10 WARNING neutron.scheduler.dhcp_agent_scheduler [None req-589d56fd-1bba-4918-98ac-670d2b3f83b1 e23f1b828fc14f7099a0c271a6f9b596 f3025409638d4aa6a730f61b61af13a0 - - default default] No more DHCP agents
2026-04-14 08:36:01.254 10 WARNING neutron.api.rpc.agentnotifiers.dhcp_rpc_agent_api [None req-589d56fd-1bba-4918-98ac-670d2b3f83b1 e23f1b828fc14f7099a0c271a6f9b596 f3025409638d4aa6a730f61b61af13a0 - - default default] Unable to schedule network 3e0f321d-a1af-4c76-b7d4-42f2525b5f87: no agents available; will retry on subsequent port and subnet creation events.
2026-04-14 08:36:01.277 10 INFO neutron.api.wsgi [req-75b2a4ef-0cdc-4640-8b36-c5639ece9d50 req-0845cee6-ad22-434b-8e73-4945ef387dd0 812240370d1e425d95aaac5d59d81045 55288f2c9387402293425c871eba12f7 - - default default] 10.0.0.168 "GET /v2.0/security-groups?id=03db5804-d78a-4783-befe-da63739d131d&fields=id&fields=name HTTP/1.1" status: 200 len: 286 time: 0.0365496
2026-04-14 08:36:01.365 10 INFO neutron.db.ovn_revision_numbers_db [None req-589d56fd-1bba-4918-98ac-670d2b3f83b1 e23f1b828fc14f7099a0c271a6f9b596 f3025409638d4aa6a730f61b61af13a0 - - default default] Successfully bumped revision number for resource 1cd708ec-db16-44ad-b69b-dd66f3bc596e (type: ports) to 1
2026-04-14 08:36:01.756 9 INFO neutron.api.wsgi [req-7b53ef12-5a70-44d8-ad14-6241384be2b5 req-824edf42-adc5-4f60-b9b6-59e47b5e1a16 812240370d1e425d95aaac5d59d81045 55288f2c9387402293425c871eba12f7 - - default default] 199.204.45.78 "GET /v2.0/ports?device_id=e27c8bb4-09a7-44de-b4b6-4baff011fea9 HTTP/1.1" status: 200 len: 1172 time: 0.0326893
2026-04-14 08:36:01.791 9 INFO neutron.plugins.ml2.drivers.ovn.mech_driver.mech_driver [None req-a8239bf7-54d6-4c6f-b2b8-18084e6fdfe3 - - - - - -] OVN reports status up for port: 1cd708ec-db16-44ad-b69b-dd66f3bc596e
2026-04-14 08:36:01.809 10 INFO neutron.db.ovn_revision_numbers_db [None req-589d56fd-1bba-4918-98ac-670d2b3f83b1 e23f1b828fc14f7099a0c271a6f9b596 f3025409638d4aa6a730f61b61af13a0 - - default default] Successfully bumped revision number for resource 1cd708ec-db16-44ad-b69b-dd66f3bc596e (type: ports) to 1
2026-04-14 08:36:01.810 9 INFO neutron.plugins.ml2.plugin [None req-a8239bf7-54d6-4c6f-b2b8-18084e6fdfe3 - - - - - -] Attempt 1 to provision port 1cd708ec-db16-44ad-b69b-dd66f3bc596e
2026-04-14 08:36:01.860 10 WARNING neutron.scheduler.dhcp_agent_scheduler [None req-589d56fd-1bba-4918-98ac-670d2b3f83b1 e23f1b828fc14f7099a0c271a6f9b596 f3025409638d4aa6a730f61b61af13a0 - - default default] No more DHCP agents
2026-04-14 08:36:01.861 10 WARNING neutron.api.rpc.agentnotifiers.dhcp_rpc_agent_api [None req-589d56fd-1bba-4918-98ac-670d2b3f83b1 e23f1b828fc14f7099a0c271a6f9b596 f3025409638d4aa6a730f61b61af13a0 - - default default] Unable to schedule network 3e0f321d-a1af-4c76-b7d4-42f2525b5f87: no agents available; will retry on subsequent port and subnet creation events.
2026-04-14 08:36:02.012 10 INFO neutron.db.ovn_revision_numbers_db [None req-589d56fd-1bba-4918-98ac-670d2b3f83b1 e23f1b828fc14f7099a0c271a6f9b596 f3025409638d4aa6a730f61b61af13a0 - - default default] Successfully bumped revision number for resource 1cd708ec-db16-44ad-b69b-dd66f3bc596e (type: router_ports) to 1
2026-04-14 08:36:02.016 10 INFO neutron.api.wsgi [None req-589d56fd-1bba-4918-98ac-670d2b3f83b1 e23f1b828fc14f7099a0c271a6f9b596 f3025409638d4aa6a730f61b61af13a0 - - default default] 10.0.0.202 "PUT /v2.0/routers/b020412b-3f25-4d00-87ee-9ed31c725ef2/add_router_interface HTTP/1.1" status: 200 len: 503 time: 1.1317730
2026-04-14 08:36:02.017 9 INFO neutron.api.wsgi [req-b4d0736f-ebba-49eb-b2d5-f9860caa030a req-2666a9bc-13cb-445b-8776-0d3d9d620dd7 3b7e2f4bda8c406dad5fc3cd4528fe09 4adda07995774198892fc4c0a55e489e - - default default] 10.0.0.168 "GET /v2.0/ports?device_id=73f327d9-ee86-4eca-b384-501cb617ca6b HTTP/1.1" status: 200 len: 1170 time: 0.0482385
2026-04-14 08:36:02.033 10 INFO neutron.api.wsgi [None req-88eea3d1-4f81-452b-a9bf-63866724ec42 87e8a4c4041e4a7f974a11e3c35fa3ee ed069382ac6c400d9082855ef9b6cfed - - default default] 10.0.0.202 "GET /v2.0/extensions HTTP/1.1" status: 200 len: 19293 time: 0.1817601
2026-04-14 08:36:02.051 10 INFO neutron.api.wsgi [None req-a93029ff-8679-4a12-aa40-f3a9a5758fbb 87e8a4c4041e4a7f974a11e3c35fa3ee ed069382ac6c400d9082855ef9b6cfed - - default default] 10.0.0.202 "GET /v2.0/extensions/address-group HTTP/1.1" status: 200 len: 353 time: 0.0051901
2026-04-14 08:36:02.068 9 INFO neutron.api.wsgi [None req-81df24d4-d273-4a66-bc79-23b32df7cccd 87e8a4c4041e4a7f974a11e3c35fa3ee ed069382ac6c400d9082855ef9b6cfed - - default default] 10.0.0.202 "GET /v2.0/extensions/address-scope HTTP/1.1" status: 200 len: 357 time: 0.0085890
2026-04-14 08:36:02.078 10 INFO neutron.api.wsgi [None req-9b88614c-1e09-466e-86ea-70694fe79fbc e23f1b828fc14f7099a0c271a6f9b596 f3025409638d4aa6a730f61b61af13a0 - - default default] 10.0.0.202 "GET /v2.0/ports/1cd708ec-db16-44ad-b69b-dd66f3bc596e HTTP/1.1" status: 200 len: 1137 time: 0.0569451
2026-04-14 08:36:02.082 9 INFO neutron.api.wsgi [None req-b3fbd8cd-7e89-400c-b5ba-950cfb7b91f8 87e8a4c4041e4a7f974a11e3c35fa3ee ed069382ac6c400d9082855ef9b6cfed - - default default] 10.0.0.202 "GET /v2.0/extensions/agent HTTP/1.1" status: 200 len: 347 time: 0.0071285
2026-04-14 08:36:02.093 10 INFO neutron.api.wsgi [None req-f42cd11f-7571-4371-8b81-1e822aa9d2e6 87e8a4c4041e4a7f974a11e3c35fa3ee ed069382ac6c400d9082855ef9b6cfed - - default default] 10.0.0.202 "GET /v2.0/extensions/allowed-address-pairs HTTP/1.1" status: 200 len: 378 time: 0.0038517
2026-04-14 08:36:02.102 9 INFO neutron.api.wsgi [req-b4d0736f-ebba-49eb-b2d5-f9860caa030a req-f113a5d3-d073-4625-8dab-91017d604e67 3b7e2f4bda8c406dad5fc3cd4528fe09 4adda07995774198892fc4c0a55e489e - - default default] 10.0.0.168 "GET /v2.0/security-groups?id=d9163d11-3e9d-4a6f-963b-1545be0cc440&fields=id&fields=name HTTP/1.1" status: 200 len: 313 time: 0.0789492
2026-04-14 08:36:02.106 9 INFO neutron.api.wsgi [None req-19912333-8884-4a06-a29f-94ae39880353 87e8a4c4041e4a7f974a11e3c35fa3ee ed069382ac6c400d9082855ef9b6cfed - - default default] 10.0.0.202 "GET /v2.0/extensions/auto-allocated-topology HTTP/1.1" status: 200 len: 394 time: 0.0072265
2026-04-14 08:36:02.117 10 INFO neutron.api.wsgi [None req-329571b5-d8ab-4456-9402-30a05eae539c 87e8a4c4041e4a7f974a11e3c35fa3ee ed069382ac6c400d9082855ef9b6cfed - - default default] 10.0.0.202 "GET /v2.0/extensions/availability_zone HTTP/1.1" status: 200 len: 372 time: 0.0050943
2026-04-14 08:36:02.134 9 INFO neutron.api.wsgi [None req-a9457e27-df21-4b72-8105-c6a9f8e06616 87e8a4c4041e4a7f974a11e3c35fa3ee ed069382ac6c400d9082855ef9b6cfed - - default default] 10.0.0.202 "GET /v2.0/extensions/default-subnetpools HTTP/1.1" status: 200 len: 405 time: 0.0038743
2026-04-14 08:36:02.140 10 INFO neutron.api.wsgi [None req-f1dddcbf-df28-45f6-a385-e7b2b96f038b 87e8a4c4041e4a7f974a11e3c35fa3ee ed069382ac6c400d9082855ef9b6cfed - - default default] 10.0.0.202 "GET /v2.0/extensions/dhcp_agent_scheduler HTTP/1.1" status: 200 len: 381 time: 0.0036657
2026-04-14 08:36:02.146 9 INFO neutron.api.wsgi [req-7b53ef12-5a70-44d8-ad14-6241384be2b5 req-ed27e04e-44fb-481a-bb36-41b48eec0f05 812240370d1e425d95aaac5d59d81045 55288f2c9387402293425c871eba12f7 - - default default] 199.204.45.78 "DELETE /v2.0/ports/632a4925-ef3f-4b3b-a30e-0f408d70adf5 HTTP/1.1" status: 204 len: 173 time: 0.3857632
2026-04-14 08:36:02.146 10 INFO neutron.api.wsgi [None req-43e05752-0e1a-474d-86f1-c07ccbe2968b 87e8a4c4041e4a7f974a11e3c35fa3ee ed069382ac6c400d9082855ef9b6cfed - - default default] 10.0.0.202 "GET /v2.0/extensions/dns-integration HTTP/1.1" status: 200 len: 366 time: 0.0029109
2026-04-14 08:36:02.158 9 INFO neutron.api.wsgi [None req-a8fbb727-8313-4b0c-a49a-9b735ac5e603 87e8a4c4041e4a7f974a11e3c35fa3ee ed069382ac6c400d9082855ef9b6cfed - - default default] 10.0.0.202 "GET /v2.0/extensions/dns-domain-ports HTTP/1.1" status: 200 len: 399 time: 0.0051641
2026-04-14 08:36:02.166 9 INFO neutron.api.wsgi [None req-27c21417-63c0-4f1a-9237-94313977f408 87e8a4c4041e4a7f974a11e3c35fa3ee ed069382ac6c400d9082855ef9b6cfed - - default default] 10.0.0.202 "GET /v2.0/extensions/dns-integration-domain-keywords HTTP/1.1" status: 200 len: 477 time: 0.0035753
2026-04-14 08:36:02.174 9 INFO neutron.api.wsgi [None req-216f84a1-918e-4bce-8989-2361de57469c 87e8a4c4041e4a7f974a11e3c35fa3ee ed069382ac6c400d9082855ef9b6cfed - - default default] 10.0.0.202 "GET /v2.0/extensions/empty-string-filtering HTTP/1.1" status: 200 len: 413 time: 0.0033123
2026-04-14 08:36:02.181 9 INFO neutron.api.wsgi [None req-bc6125cd-92c2-4d02-9377-a8e1123e1867 87e8a4c4041e4a7f974a11e3c35fa3ee ed069382ac6c400d9082855ef9b6cfed - - default default] 10.0.0.202 "GET /v2.0/extensions/external-net HTTP/1.1" status: 200 len: 394 time: 0.0034144
