2026-04-14 08:35:11.367 9 INFO neutron.notifiers.nova [-] Nova event matching ['req-1bd1c4c5-12c0-47b3-a3ce-c4d3cfd68a18'] response: {'name': 'network-changed', 'server_uuid': '91d10d4f-f2bc-4d15-b2b1-fa91701bbaa9', 'tag': '6b03c9f9-2cf6-4e50-ac01-6209998cce1e', 'status': 'completed', 'code': 200}
2026-04-14 08:35:11.367 9 INFO neutron.notifiers.nova [-] Nova event matching ['req-1bd1c4c5-12c0-47b3-a3ce-c4d3cfd68a18'] response: {'server_uuid': '6ffadffa-be0c-4a4a-b4eb-f04de5884258', 'name': 'network-vif-deleted', 'tag': 'be70798c-a9eb-4296-8a4c-76e8e6056923', 'status': 'completed', 'code': 200}
2026-04-14 08:35:11.372 10 INFO neutron.db.ovn_revision_numbers_db [None req-d2f23bf0-2f94-4439-aaf9-cd04939b1306 2dc33df45b2a495bb518952a8ac0f786 6ab2bef16bef4f52b6b30cc4250f469b - - default default] Successfully bumped revision number for resource d33531cf-44a1-4df6-88da-72c1e3cd8b24 (type: ports) to 1
2026-04-14 08:35:11.401 9 INFO neutron.db.ovn_revision_numbers_db [None req-6f63006a-0d40-4a71-9223-259ead526504 - - - - - -] Successfully bumped revision number for resource 6d7eccb6-8275-4c8a-978f-e58585ef50e4 (type: ports) to 5
2026-04-14 08:35:11.409 10 WARNING neutron.scheduler.dhcp_agent_scheduler [None req-d2f23bf0-2f94-4439-aaf9-cd04939b1306 2dc33df45b2a495bb518952a8ac0f786 6ab2bef16bef4f52b6b30cc4250f469b - - default default] No more DHCP agents
2026-04-14 08:35:11.410 10 WARNING neutron.api.rpc.agentnotifiers.dhcp_rpc_agent_api [None req-d2f23bf0-2f94-4439-aaf9-cd04939b1306 2dc33df45b2a495bb518952a8ac0f786 6ab2bef16bef4f52b6b30cc4250f469b - - default default] Unable to schedule network 846c1ad7-1c5b-439b-84c7-ce10734bdd16: no agents available; will retry on subsequent port and subnet creation events.
2026-04-14 08:35:11.592 10 INFO neutron.api.wsgi [req-75d525b9-28f9-4ac4-ad78-7f863e10d4c9 req-7e742a11-8c53-4961-bd67-f2c81d23d8d9 21afaf73b50446619cf567d3ae7dbadc 14158813cc4e416d9ab2d485bec25c3f - - default default] 10.0.0.168 "GET /v2.0/ports?device_id=91d10d4f-f2bc-4d15-b2b1-fa91701bbaa9 HTTP/1.1" status: 200 len: 1174 time: 0.0721419
2026-04-14 08:35:11.656 10 INFO neutron.api.wsgi [req-75d525b9-28f9-4ac4-ad78-7f863e10d4c9 req-0e0cec2b-6662-4f49-907d-2566bc40d648 21afaf73b50446619cf567d3ae7dbadc 14158813cc4e416d9ab2d485bec25c3f - - default default] 10.0.0.168 "GET /v2.0/security-groups?id=5a6bedcb-56b6-448f-8623-cf347b910d7a&fields=id&fields=name HTTP/1.1" status: 200 len: 312 time: 0.0580649
2026-04-14 08:35:11.708 10 INFO neutron.api.wsgi [-] 10.0.0.241 "GET / HTTP/1.1" status: 200 len: 246 time: 0.0014973
2026-04-14 08:35:11.709 10 INFO neutron.api.wsgi [-] 10.0.0.241 "GET / HTTP/1.1" status: 200 len: 246 time: 0.0008752
2026-04-14 08:35:11.917 9 INFO neutron.api.wsgi [req-83ab3181-7c4d-47f8-8633-6ea6c03a29ac req-13c2a2f3-7af1-49c9-bf93-6fa056ef4a5d 1d7b2d2c69ff40e8bd9cf43f5fd3632e bd3901792eca4d22b3eaa9bd9526ce90 - - 214d9bc4be274bc68d120ef41c8246ed 214d9bc4be274bc68d120ef41c8246ed] 199.204.45.78 "GET /v2.0/ports?tenant_id=14158813cc4e416d9ab2d485bec25c3f&device_id=91d10d4f-f2bc-4d15-b2b1-fa91701bbaa9 HTTP/1.1" status: 200 len: 1413 time: 0.0364556
2026-04-14 08:35:11.966 9 INFO neutron.api.wsgi [req-83ab3181-7c4d-47f8-8633-6ea6c03a29ac req-b1957f44-56d2-488b-a8e3-eb23a345f07c 1d7b2d2c69ff40e8bd9cf43f5fd3632e bd3901792eca4d22b3eaa9bd9526ce90 - - 214d9bc4be274bc68d120ef41c8246ed 214d9bc4be274bc68d120ef41c8246ed] 199.204.45.78 "GET /v2.0/networks?id=761f3509-f1a0-4e30-bb90-85816dc2da07 HTTP/1.1" status: 200 len: 978 time: 0.0434480
2026-04-14 08:35:12.007 9 INFO neutron.api.wsgi [req-83ab3181-7c4d-47f8-8633-6ea6c03a29ac req-cd072031-f3b8-4244-83dd-5ad589e12ce6 1d7b2d2c69ff40e8bd9cf43f5fd3632e bd3901792eca4d22b3eaa9bd9526ce90 - - 214d9bc4be274bc68d120ef41c8246ed 214d9bc4be274bc68d120ef41c8246ed] 199.204.45.78 "GET /v2.0/floatingips?fixed_ip_address=10.100.0.11&port_id=6b03c9f9-2cf6-4e50-ac01-6209998cce1e HTTP/1.1" status: 200 len: 1060 time: 0.0351191
2026-04-14 08:35:12.038 9 INFO neutron.api.wsgi [req-83ab3181-7c4d-47f8-8633-6ea6c03a29ac req-80a1e8ff-69c2-4c27-ba5c-c2d1f9c82d15 1d7b2d2c69ff40e8bd9cf43f5fd3632e bd3901792eca4d22b3eaa9bd9526ce90 - - 214d9bc4be274bc68d120ef41c8246ed 214d9bc4be274bc68d120ef41c8246ed] 199.204.45.78 "GET /v2.0/subnets?id=a63ec9a0-7376-450f-aa34-f0c16082d27c HTTP/1.1" status: 200 len: 897 time: 0.0262949
2026-04-14 08:35:12.060 9 INFO neutron.api.wsgi [req-83ab3181-7c4d-47f8-8633-6ea6c03a29ac req-e7f0c075-70c5-40b6-b1d9-6c511fe9b6d5 1d7b2d2c69ff40e8bd9cf43f5fd3632e bd3901792eca4d22b3eaa9bd9526ce90 - - 214d9bc4be274bc68d120ef41c8246ed 214d9bc4be274bc68d120ef41c8246ed] 199.204.45.78 "GET /v2.0/ports?network_id=761f3509-f1a0-4e30-bb90-85816dc2da07&device_owner=network%3Adhcp HTTP/1.1" status: 200 len: 210 time: 0.0167682
2026-04-14 08:35:12.115 9 INFO neutron.api.wsgi [req-03aed1e8-25c1-4336-b545-d264f21349aa req-077911e1-064e-4f6b-b101-7dd3de7ccc1f 21afaf73b50446619cf567d3ae7dbadc 14158813cc4e416d9ab2d485bec25c3f - - default default] 199.204.45.78 "GET /v2.0/ports?device_id=91d10d4f-f2bc-4d15-b2b1-fa91701bbaa9 HTTP/1.1" status: 200 len: 1174 time: 0.0495429
2026-04-14 08:35:12.147 9 INFO neutron.api.wsgi [req-83ab3181-7c4d-47f8-8633-6ea6c03a29ac req-09ee7b82-525c-4432-94c9-c141264946ae 1d7b2d2c69ff40e8bd9cf43f5fd3632e bd3901792eca4d22b3eaa9bd9526ce90 - - 214d9bc4be274bc68d120ef41c8246ed 214d9bc4be274bc68d120ef41c8246ed] 199.204.45.78 "GET /v2.0/networks/761f3509-f1a0-4e30-bb90-85816dc2da07?fields=segments HTTP/1.1" status: 200 len: 212 time: 0.0806468
2026-04-14 08:35:12.148 9 INFO neutron.api.wsgi [req-81ca8480-1187-4178-b78f-15069fcad881 req-55563056-52e3-4bed-aaa2-e8cf3868904e 5429734d8d44497f9a746d5ba726942a 08f77063cf2746318b7dbe13f8a22310 - - default default] 10.0.0.168 "GET /v2.0/ports?device_id=6ffadffa-be0c-4a4a-b4eb-f04de5884258 HTTP/1.1" status: 200 len: 210 time: 0.0257022
2026-04-14 08:35:12.197 10 INFO neutron.db.ovn_revision_numbers_db [None req-d2f23bf0-2f94-4439-aaf9-cd04939b1306 2dc33df45b2a495bb518952a8ac0f786 6ab2bef16bef4f52b6b30cc4250f469b - - default default] Successfully bumped revision number for resource d33531cf-44a1-4df6-88da-72c1e3cd8b24 (type: router_ports) to 1
2026-04-14 08:35:12.202 10 INFO neutron.api.wsgi [None req-d2f23bf0-2f94-4439-aaf9-cd04939b1306 2dc33df45b2a495bb518952a8ac0f786 6ab2bef16bef4f52b6b30cc4250f469b - - default default] 10.0.0.202 "PUT /v2.0/routers/eddf1893-f5e5-4dd8-939e-6b2831f28a76/add_router_interface HTTP/1.1" status: 200 len: 503 time: 1.9801209
2026-04-14 08:35:12.209 9 INFO neutron.api.wsgi [req-83ab3181-7c4d-47f8-8633-6ea6c03a29ac req-0434c5b4-97c5-4073-960e-706d84bb1511 1d7b2d2c69ff40e8bd9cf43f5fd3632e bd3901792eca4d22b3eaa9bd9526ce90 - - 214d9bc4be274bc68d120ef41c8246ed 214d9bc4be274bc68d120ef41c8246ed] 199.204.45.78 "GET /v2.0/networks/761f3509-f1a0-4e30-bb90-85816dc2da07?fields=provider%3Aphysical_network&fields=provider%3Anetwork_type HTTP/1.1" status: 200 len: 277 time: 0.0527401
2026-04-14 08:35:12.386 10 INFO neutron.plugins.ml2.drivers.ovn.mech_driver.mech_driver [None req-c4644d16-b7af-4c5d-82f2-b40d50dfe9d2 - - - - - -] OVN reports status down for port: 6b03c9f9-2cf6-4e50-ac01-6209998cce1e
2026-04-14 08:35:12.420 9 INFO neutron.db.l3_db [req-03aed1e8-25c1-4336-b545-d264f21349aa req-c16e7e6a-1674-4bcd-9668-4410bb28e815 21afaf73b50446619cf567d3ae7dbadc 14158813cc4e416d9ab2d485bec25c3f - - default default] Floating IP 636e845d-476a-4aac-8aa2-850ce7f41a22 disassociated. External IP: 10.96.250.209, port: 6b03c9f9-2cf6-4e50-ac01-6209998cce1e.
2026-04-14 08:35:12.538 9 INFO neutron.api.wsgi [req-03aed1e8-25c1-4336-b545-d264f21349aa req-c16e7e6a-1674-4bcd-9668-4410bb28e815 21afaf73b50446619cf567d3ae7dbadc 14158813cc4e416d9ab2d485bec25c3f - - default default] 199.204.45.78 "DELETE /v2.0/ports/6b03c9f9-2cf6-4e50-ac01-6209998cce1e HTTP/1.1" status: 204 len: 173 time: 0.4175506
2026-04-14 08:35:12.662 10 WARNING neutron_lib.context [None req-4c1d40e3-35a5-4840-bdcf-24ce44b7029e 811eda36ddb8493d9d4312b22db594ec 3b7c21e63cc04014a40d786174bd5e73 - - default default] Method 'is_advsvc' is deprecated since 2023.2 release (neutron-lib 3.8.0) and will be removed once support for the old RBAC API policies will be removed from Neutron. Please use method 'is_service_role' instead.
2026-04-14 08:35:12.733 9 INFO neutron.api.wsgi [req-7b01233d-96a3-4d77-9f48-d6002795efda req-f0b371ad-cc44-409e-8960-913942fbfff7 21afaf73b50446619cf567d3ae7dbadc 14158813cc4e416d9ab2d485bec25c3f - - default default] 10.0.0.168 "GET /v2.0/ports?device_id=91d10d4f-f2bc-4d15-b2b1-fa91701bbaa9 HTTP/1.1" status: 200 len: 210 time: 0.0213256
2026-04-14 08:35:12.765 10 INFO neutron.db.ovn_revision_numbers_db [None req-4c1d40e3-35a5-4840-bdcf-24ce44b7029e 811eda36ddb8493d9d4312b22db594ec 3b7c21e63cc04014a40d786174bd5e73 - - default default] Successfully bumped revision number for resource 8a32c675-a29a-4908-8e7f-04e08e5c0719 (type: security_groups) to 1
2026-04-14 08:35:12.778 10 INFO neutron.db.ovn_revision_numbers_db [None req-4c1d40e3-35a5-4840-bdcf-24ce44b7029e 811eda36ddb8493d9d4312b22db594ec 3b7c21e63cc04014a40d786174bd5e73 - - default default] Successfully bumped revision number for resource 97cc7781-6f0e-40b4-a308-d64ddffca842 (type: security_group_rules) to 0
2026-04-14 08:35:12.791 10 INFO neutron.db.ovn_revision_numbers_db [None req-4c1d40e3-35a5-4840-bdcf-24ce44b7029e 811eda36ddb8493d9d4312b22db594ec 3b7c21e63cc04014a40d786174bd5e73 - - default default] Successfully bumped revision number for resource a60b5f3f-0f41-4349-ac96-d74cc5d95ab8 (type: security_group_rules) to 0
2026-04-14 08:35:12.826 10 INFO neutron.api.wsgi [None req-4c1d40e3-35a5-4840-bdcf-24ce44b7029e 811eda36ddb8493d9d4312b22db594ec 3b7c21e63cc04014a40d786174bd5e73 - - default default] 10.0.0.202 "POST /v2.0/security-groups HTTP/1.1" status: 201 len: 1860 time: 0.1706898
2026-04-14 08:35:12.835 10 WARNING neutron_lib.context [None req-2d0c3132-8b5f-4d22-bf53-d6177ba25803 811eda36ddb8493d9d4312b22db594ec 3b7c21e63cc04014a40d786174bd5e73 - - default default] Method 'is_advsvc' is deprecated since 2023.2 release (neutron-lib 3.8.0) and will be removed once support for the old RBAC API policies will be removed from Neutron. Please use method 'is_service_role' instead.
2026-04-14 08:35:12.953 10 INFO neutron.db.ovn_revision_numbers_db [None req-2d0c3132-8b5f-4d22-bf53-d6177ba25803 811eda36ddb8493d9d4312b22db594ec 3b7c21e63cc04014a40d786174bd5e73 - - default default] Successfully bumped revision number for resource ba33ab65-bf76-4e8f-ae31-b58b740e95bc (type: security_group_rules) to 0
2026-04-14 08:35:12.983 10 INFO neutron.api.wsgi [None req-2d0c3132-8b5f-4d22-bf53-d6177ba25803 811eda36ddb8493d9d4312b22db594ec 3b7c21e63cc04014a40d786174bd5e73 - - default default] 10.0.0.202 "POST /v2.0/security-group-rules HTTP/1.1" status: 201 len: 796 time: 0.1523230
2026-04-14 08:35:12.992 10 WARNING neutron_lib.context [None req-26e69257-cf95-497f-90e7-5bf485068322 811eda36ddb8493d9d4312b22db594ec 3b7c21e63cc04014a40d786174bd5e73 - - default default] Method 'is_advsvc' is deprecated since 2023.2 release (neutron-lib 3.8.0) and will be removed once support for the old RBAC API policies will be removed from Neutron. Please use method 'is_service_role' instead.
2026-04-14 08:35:13.002 10 ERROR ovsdbapp.backend.ovs_idl.command [None req-c4644d16-b7af-4c5d-82f2-b40d50dfe9d2 - - - - - -] Error executing command (LspGetUpCommand): ovsdbapp.backend.ovs_idl.idlutils.RowNotFound: Cannot find Logical_Switch_Port with name=6b03c9f9-2cf6-4e50-ac01-6209998cce1e
2026-04-14 08:35:13.002 10 ERROR ovsdbapp.backend.ovs_idl.command
Traceback (most recent call last):
2026-04-14 08:35:13.002 10 ERROR ovsdbapp.backend.ovs_idl.command
File "/var/lib/openstack/lib/python3.12/site-packages/ovsdbapp/backend/ovs_idl/command.py", line 47, in execute
2026-04-14 08:35:13.002 10 ERROR ovsdbapp.backend.ovs_idl.command self.run_idl(None)
2026-04-14 08:35:13.002 10 ERROR ovsdbapp.backend.ovs_idl.command
File "/var/lib/openstack/lib/python3.12/site-packages/ovsdbapp/schema/ovn_northbound/commands.py", line 679, in run_idl
2026-04-14 08:35:13.002 10 ERROR ovsdbapp.backend.ovs_idl.command lsp = self.api.lookup('Logical_Switch_Port', self.port)
2026-04-14 08:35:13.002 10 ERROR ovsdbapp.backend.ovs_idl.command ^^^^^^^^^^^^^^^^^^^^^^^^^^^^^^^^^^^^^^^^^^^^^^^^^
2026-04-14 08:35:13.002 10 ERROR ovsdbapp.backend.ovs_idl.command
File "/var/lib/openstack/lib/python3.12/site-packages/ovsdbapp/backend/ovs_idl/__init__.py", line 184, in lookup
2026-04-14 08:35:13.002 10 ERROR ovsdbapp.backend.ovs_idl.command return self._lookup(table, record)
2026-04-14 08:35:13.002 10 ERROR ovsdbapp.backend.ovs_idl.command ^^^^^^^^^^^^^^^^^^^^^^^^^^^
2026-04-14 08:35:13.002 10 ERROR ovsdbapp.backend.ovs_idl.command
File "/var/lib/openstack/lib/python3.12/site-packages/ovsdbapp/backend/ovs_idl/__init__.py", line 235, in _lookup
2026-04-14 08:35:13.002 10 ERROR ovsdbapp.backend.ovs_idl.command row = idlutils.row_by_value(self, rl.table, rl.column, record)
2026-04-14 08:35:13.002 10 ERROR ovsdbapp.backend.ovs_idl.command ^^^^^^^^^^^^^^^^^^^^^^^^^^^^^^^^^^^^^^^^^^^^^^^^^^^^^^^^
2026-04-14 08:35:13.002 10 ERROR ovsdbapp.backend.ovs_idl.command
File "/var/lib/openstack/lib/python3.12/site-packages/ovsdbapp/backend/ovs_idl/idlutils.py", line 114, in row_by_value
2026-04-14 08:35:13.002 10 ERROR ovsdbapp.backend.ovs_idl.command raise RowNotFound(table=table, col=column, match=match)
2026-04-14 08:35:13.002 10 ERROR ovsdbapp.backend.ovs_idl.command ovsdbapp.backend.ovs_idl.idlutils.RowNotFound: Cannot find Logical_Switch_Port with name=6b03c9f9-2cf6-4e50-ac01-6209998cce1e
2026-04-14 08:35:13.002 10 ERROR ovsdbapp.backend.ovs_idl.command
2026-04-14 08:35:13.004 10 ERROR ovsdbapp.event [None req-c4644d16-b7af-4c5d-82f2-b40d50dfe9d2 - - - - - -] Unexpected exception in notify_loop: ovsdbapp.backend.ovs_idl.idlutils.RowNotFound: Cannot find Logical_Switch_Port with name=6b03c9f9-2cf6-4e50-ac01-6209998cce1e
2026-04-14 08:35:13.004 10 ERROR ovsdbapp.event
Traceback (most recent call last):
2026-04-14 08:35:13.004 10 ERROR ovsdbapp.event
File "/var/lib/openstack/lib/python3.12/site-packages/ovsdbapp/event.py", line 177, in notify_loop
2026-04-14 08:35:13.004 10 ERROR ovsdbapp.event match.run(event, row, updates)
2026-04-14 08:35:13.004 10 ERROR ovsdbapp.event
File "/var/lib/openstack/lib/python3.12/site-packages/neutron/plugins/ml2/drivers/ovn/mech_driver/ovsdb/ovsdb_monitor.py", line 542, in run
2026-04-14 08:35:13.004 10 ERROR ovsdbapp.event self.driver.set_port_status_down(row.name)
2026-04-14 08:35:13.004 10 ERROR ovsdbapp.event
File "/var/lib/openstack/lib/python3.12/site-packages/neutron/plugins/ml2/drivers/ovn/mech_driver/mech_driver.py", line 1332, in set_port_status_down
2026-04-14 08:35:13.004 10 ERROR ovsdbapp.event self._ovn_client.update_lsp_host_info(
2026-04-14 08:35:13.004 10 ERROR ovsdbapp.event
File "/var/lib/openstack/lib/python3.12/site-packages/neutron/plugins/ml2/drivers/ovn/mech_driver/ovsdb/ovn_client.py", line 314, in update_lsp_host_info
2026-04-14 08:35:13.004 10 ERROR ovsdbapp.event port_up = self._nb_idl.lsp_get_up(db_port.id).execute(
2026-04-14 08:35:13.004 10 ERROR ovsdbapp.event ^^^^^^^^^^^^^^^^^^^^^^^^^^^^^^^^^^^^^^^^^^^^
2026-04-14 08:35:13.004 10 ERROR ovsdbapp.event
File "/var/lib/openstack/lib/python3.12/site-packages/ovsdbapp/backend/ovs_idl/command.py", line 47, in execute
2026-04-14 08:35:13.004 10 ERROR ovsdbapp.event self.run_idl(None)
2026-04-14 08:35:13.004 10 ERROR ovsdbapp.event
File "/var/lib/openstack/lib/python3.12/site-packages/ovsdbapp/schema/ovn_northbound/commands.py", line 679, in run_idl
2026-04-14 08:35:13.004 10 ERROR ovsdbapp.event lsp = self.api.lookup('Logical_Switch_Port', self.port)
2026-04-14 08:35:13.004 10 ERROR ovsdbapp.event ^^^^^^^^^^^^^^^^^^^^^^^^^^^^^^^^^^^^^^^^^^^^^^^^^
2026-04-14 08:35:13.004 10 ERROR ovsdbapp.event
File "/var/lib/openstack/lib/python3.12/site-packages/ovsdbapp/backend/ovs_idl/__init__.py", line 184, in lookup
2026-04-14 08:35:13.004 10 ERROR ovsdbapp.event return self._lookup(table, record)
2026-04-14 08:35:13.004 10 ERROR ovsdbapp.event ^^^^^^^^^^^^^^^^^^^^^^^^^^^
2026-04-14 08:35:13.004 10 ERROR ovsdbapp.event
File "/var/lib/openstack/lib/python3.12/site-packages/ovsdbapp/backend/ovs_idl/__init__.py", line 235, in _lookup
2026-04-14 08:35:13.004 10 ERROR ovsdbapp.event row = idlutils.row_by_value(self, rl.table, rl.column, record)
2026-04-14 08:35:13.004 10 ERROR ovsdbapp.event ^^^^^^^^^^^^^^^^^^^^^^^^^^^^^^^^^^^^^^^^^^^^^^^^^^^^^^^^
2026-04-14 08:35:13.004 10 ERROR ovsdbapp.event
File "/var/lib/openstack/lib/python3.12/site-packages/ovsdbapp/backend/ovs_idl/idlutils.py", line 114, in row_by_value
2026-04-14 08:35:13.004 10 ERROR ovsdbapp.event raise RowNotFound(table=table, col=column, match=match)
2026-04-14 08:35:13.004 10 ERROR ovsdbapp.event ovsdbapp.backend.ovs_idl.idlutils.RowNotFound: Cannot find Logical_Switch_Port with name=6b03c9f9-2cf6-4e50-ac01-6209998cce1e
2026-04-14 08:35:13.004 10 ERROR ovsdbapp.event
2026-04-14 08:35:13.033 10 INFO neutron.plugins.ml2.drivers.ovn.mech_driver.mech_driver [None req-c4644d16-b7af-4c5d-82f2-b40d50dfe9d2 - - - - - -] OVN reports status up for port: d33531cf-44a1-4df6-88da-72c1e3cd8b24
2026-04-14 08:35:13.045 10 INFO neutron.plugins.ml2.plugin [None req-c4644d16-b7af-4c5d-82f2-b40d50dfe9d2 - - - - - -] Attempt 1 to provision port d33531cf-44a1-4df6-88da-72c1e3cd8b24
2026-04-14 08:35:13.054 10 INFO neutron.notifiers.nova [-] Nova event matching ['req-b761b5ae-4989-4499-9a03-e85ae087e74d'] response: {'server_uuid': '91d10d4f-f2bc-4d15-b2b1-fa91701bbaa9', 'name': 'network-vif-unplugged', 'status': 'completed', 'tag': '6b03c9f9-2cf6-4e50-ac01-6209998cce1e', 'code': 200}
2026-04-14 08:35:13.156 10 INFO neutron.db.ovn_revision_numbers_db [None req-26e69257-cf95-497f-90e7-5bf485068322 811eda36ddb8493d9d4312b22db594ec 3b7c21e63cc04014a40d786174bd5e73 - - default default] Successfully bumped revision number for resource fae6690b-1603-4b93-89f1-b4ee52d2d95e (type: security_group_rules) to 0
2026-04-14 08:35:13.194 10 INFO neutron.api.wsgi [None req-26e69257-cf95-497f-90e7-5bf485068322 811eda36ddb8493d9d4312b22db594ec 3b7c21e63cc04014a40d786174bd5e73 - - default default] 10.0.0.202 "POST /v2.0/security-group-rules HTTP/1.1" status: 201 len: 801 time: 0.2062597
2026-04-14 08:35:13.203 9 WARNING neutron_lib.context [None req-b480f5c7-4469-42ec-b2bd-fdefe50223b4 811eda36ddb8493d9d4312b22db594ec 3b7c21e63cc04014a40d786174bd5e73 - - default default] Method 'is_advsvc' is deprecated since 2023.2 release (neutron-lib 3.8.0) and will be removed once support for the old RBAC API policies will be removed from Neutron. Please use method 'is_service_role' instead.
2026-04-14 08:35:13.237 9 INFO neutron.api.wsgi [req-3f7416c0-2a72-4dfd-b980-f1ef5a66bcae req-d3b6b82d-bc77-42c4-83d0-bff3b8ea4d8c 5429734d8d44497f9a746d5ba726942a 08f77063cf2746318b7dbe13f8a22310 - - default default] 10.0.0.168 "GET /v2.0/ports?device_id=6ffadffa-be0c-4a4a-b4eb-f04de5884258 HTTP/1.1" status: 200 len: 210 time: 0.0157368
2026-04-14 08:35:13.402 9 INFO neutron.notifiers.nova [-] Nova event matching ['req-39b40304-e852-47ef-87c3-8d55c8c878a5'] response: {'server_uuid': '91d10d4f-f2bc-4d15-b2b1-fa91701bbaa9', 'name': 'network-vif-deleted', 'tag': '6b03c9f9-2cf6-4e50-ac01-6209998cce1e', 'status': 'completed', 'code': 200}
2026-04-14 08:35:13.408 10 INFO neutron.db.ovn_revision_numbers_db [None req-c4644d16-b7af-4c5d-82f2-b40d50dfe9d2 - - - - - -] Successfully bumped revision number for resource d33531cf-44a1-4df6-88da-72c1e3cd8b24 (type: ports) to 2
2026-04-14 08:35:13.426 9 WARNING neutron.scheduler.dhcp_agent_scheduler [None req-b480f5c7-4469-42ec-b2bd-fdefe50223b4 811eda36ddb8493d9d4312b22db594ec 3b7c21e63cc04014a40d786174bd5e73 - - default default] No more DHCP agents
2026-04-14 08:35:13.427 9 WARNING neutron.api.rpc.agentnotifiers.dhcp_rpc_agent_api [None req-b480f5c7-4469-42ec-b2bd-fdefe50223b4 811eda36ddb8493d9d4312b22db594ec 3b7c21e63cc04014a40d786174bd5e73 - - default default] Unable to schedule network 4cede13b-f46d-47bd-bf30-693124558b9c: no agents available; will retry on subsequent port and subnet creation events.
2026-04-14 08:35:13.743 9 INFO neutron.api.wsgi [None req-b480f5c7-4469-42ec-b2bd-fdefe50223b4 811eda36ddb8493d9d4312b22db594ec 3b7c21e63cc04014a40d786174bd5e73 - - default default] 10.0.0.202 "POST /v2.0/floatingips HTTP/1.1" status: 201 len: 751 time: 0.5446815
2026-04-14 08:35:13.820 9 INFO neutron.api.wsgi [req-242ce808-f05e-4b9f-b558-a11c502264ec req-9e429ad1-b8c7-4ae8-a82d-07ef337dda1f 21afaf73b50446619cf567d3ae7dbadc 14158813cc4e416d9ab2d485bec25c3f - - default default] 10.0.0.168 "GET /v2.0/ports?device_id=91d10d4f-f2bc-4d15-b2b1-fa91701bbaa9 HTTP/1.1" status: 200 len: 210 time: 0.0215409 /var/lib/openstack/lib/python3.12/site-packages/pycadf/identifier.py:71: UserWarning: Invalid uuid: neutron. To ensure interoperability, identifiers should be a valid uuid. warnings.warn(('Invalid uuid: %s. To ensure interoperability, '
2026-04-14 08:35:14.140 10 INFO neutron.api.wsgi [req-c30b8946-15b2-4b42-886c-a6bfcab95bce req-9742de45-5ebb-4e0c-a36b-2031f0c9eeef 811eda36ddb8493d9d4312b22db594ec 3b7c21e63cc04014a40d786174bd5e73 - - default default] 10.0.0.168 "GET /v2.0/security-groups?name=tempest-securitygroup--1845717386&fields=id&tenant_id=3b7c21e63cc04014a40d786174bd5e73 HTTP/1.1" status: 200 len: 267 time: 0.0439661
2026-04-14 08:35:14.202 10 INFO neutron.api.wsgi [req-c30b8946-15b2-4b42-886c-a6bfcab95bce req-e8967752-e55c-464d-9253-1757e3550677 811eda36ddb8493d9d4312b22db594ec 3b7c21e63cc04014a40d786174bd5e73 - - default default] 10.0.0.168 "GET /v2.0/networks?id=846c1ad7-1c5b-439b-84c7-ce10734bdd16 HTTP/1.1" status: 200 len: 868 time: 0.0550737
2026-04-14 08:35:14.228 10 INFO neutron.api.wsgi [req-c30b8946-15b2-4b42-886c-a6bfcab95bce req-c38469f4-8190-4258-8d8c-ddadf668fdb4 811eda36ddb8493d9d4312b22db594ec 3b7c21e63cc04014a40d786174bd5e73 - - default default] 10.0.0.168 "GET /v2.0/quotas/3b7c21e63cc04014a40d786174bd5e73 HTTP/1.1" status: 200 len: 491 time: 0.0205905
2026-04-14 08:35:14.320 10 INFO neutron.api.wsgi [req-c30b8946-15b2-4b42-886c-a6bfcab95bce req-69e07715-f940-4362-abe9-074fad5b777f 811eda36ddb8493d9d4312b22db594ec 3b7c21e63cc04014a40d786174bd5e73 - - default default] 10.0.0.168 "GET /v2.0/ports?tenant_id=3b7c21e63cc04014a40d786174bd5e73&fields=id HTTP/1.1" status: 200 len: 302 time: 0.0866759
2026-04-14 08:35:14.321 9 INFO neutron.api.wsgi [req-65ea6d2d-3472-4238-95c0-435b7e3d91d6 req-e91fb074-7e21-4457-86be-11bac814cf3b 5429734d8d44497f9a746d5ba726942a 08f77063cf2746318b7dbe13f8a22310 - - default default] 10.0.0.168 "GET /v2.0/ports?device_id=6ffadffa-be0c-4a4a-b4eb-f04de5884258 HTTP/1.1" status: 200 len: 210 time: 0.0179231
2026-04-14 08:35:14.378 10 INFO neutron.api.wsgi [req-c30b8946-15b2-4b42-886c-a6bfcab95bce req-24616376-9666-4b69-9659-4c35c8e9238f 1d7b2d2c69ff40e8bd9cf43f5fd3632e bd3901792eca4d22b3eaa9bd9526ce90 - - 214d9bc4be274bc68d120ef41c8246ed 214d9bc4be274bc68d120ef41c8246ed] 10.0.0.168 "GET /v2.0/networks/846c1ad7-1c5b-439b-84c7-ce10734bdd16?fields=segments HTTP/1.1" status: 200 len: 212 time: 0.0430579
2026-04-14 08:35:14.426 10 INFO neutron.api.wsgi [req-c30b8946-15b2-4b42-886c-a6bfcab95bce req-4b1559f5-0e43-4935-88df-68ec9e508251 1d7b2d2c69ff40e8bd9cf43f5fd3632e bd3901792eca4d22b3eaa9bd9526ce90 - - 214d9bc4be274bc68d120ef41c8246ed 214d9bc4be274bc68d120ef41c8246ed] 10.0.0.168 "GET /v2.0/networks/846c1ad7-1c5b-439b-84c7-ce10734bdd16?fields=provider%3Aphysical_network&fields=provider%3Anetwork_type HTTP/1.1" status: 200 len: 277 time: 0.0436125
2026-04-14 08:35:14.568 9 INFO neutron.api.wsgi [req-0f154136-add8-479f-9ae2-bb56d04d497a req-bc6ea941-94e4-4cc1-9d5d-a2fb3d6734de 811eda36ddb8493d9d4312b22db594ec 3b7c21e63cc04014a40d786174bd5e73 - - default default] 10.0.0.168 "GET /v2.0/ports?device_id=573947bd-7610-4dc4-b415-5b952f1e4992 HTTP/1.1" status: 200 len: 210 time: 0.0183008
2026-04-14 08:35:14.903 10 INFO neutron.api.wsgi [req-e059ca23-4624-42c0-a0fc-2fb6f36ab451 req-90af5f80-a2b4-460b-afce-9551f3e0543f 21afaf73b50446619cf567d3ae7dbadc 14158813cc4e416d9ab2d485bec25c3f - - default default] 10.0.0.168 "GET /v2.0/ports?device_id=91d10d4f-f2bc-4d15-b2b1-fa91701bbaa9 HTTP/1.1" status: 200 len: 210 time: 0.0167809
2026-04-14 08:35:15.514 10 INFO neutron.api.wsgi [None req-242c413e-dda3-4ec6-91bb-2cf076c46125 5429734d8d44497f9a746d5ba726942a 08f77063cf2746318b7dbe13f8a22310 - - default default] 10.0.0.202 "DELETE /v2.0/security-groups/0e6b629c-4a7e-4f05-ae7d-8f994aaaa63f HTTP/1.1" status: 204 len: 168 time: 0.1166217
2026-04-14 08:35:15.527 10 INFO neutron.api.v2.resource [None req-0169479b-5841-4ebf-9d75-0e3ae2853694 5429734d8d44497f9a746d5ba726942a 08f77063cf2746318b7dbe13f8a22310 - - default default] show failed (client error): The resource could not be found.
2026-04-14 08:35:15.528 10 INFO neutron.api.wsgi [None req-0169479b-5841-4ebf-9d75-0e3ae2853694 5429734d8d44497f9a746d5ba726942a 08f77063cf2746318b7dbe13f8a22310 - - default default] 10.0.0.202 "GET /v2.0/security-groups/0e6b629c-4a7e-4f05-ae7d-8f994aaaa63f HTTP/1.1" status: 404 len: 347 time: 0.0092952
2026-04-14 08:35:15.640 9 INFO neutron.api.wsgi [req-a6a53e88-064a-4422-909c-f052cf239c0d req-c1927c4c-ca6d-4374-884f-bef2f93a17b8 811eda36ddb8493d9d4312b22db594ec 3b7c21e63cc04014a40d786174bd5e73 - - default default] 10.0.0.168 "GET /v2.0/ports?device_id=573947bd-7610-4dc4-b415-5b952f1e4992 HTTP/1.1" status: 200 len: 210 time: 0.0162773
2026-04-14 08:35:15.810 10 INFO neutron.api.wsgi [None req-0a927631-a304-451d-a7e6-2c2fe774da4d 5429734d8d44497f9a746d5ba726942a 08f77063cf2746318b7dbe13f8a22310 - - default default] 10.0.0.202 "DELETE /v2.0/floatingips/6a6c8640-2d53-4cd5-8c24-c61de8ce0637 HTTP/1.1" status: 204 len: 168 time: 0.2782872
2026-04-14 08:35:15.849 9 INFO neutron.api.wsgi [req-1f4aa5a4-7189-4869-a1fb-6aa0db371aa7 req-b3038510-8c15-424c-8aaf-6e913244102a 1d7b2d2c69ff40e8bd9cf43f5fd3632e bd3901792eca4d22b3eaa9bd9526ce90 - - 214d9bc4be274bc68d120ef41c8246ed 214d9bc4be274bc68d120ef41c8246ed] 199.204.45.78 "GET /v2.0/ports?device_id=d10f5e69-2cb1-4f15-92bf-4a8f574de286&fields=binding%3Ahost_id&fields=binding%3Avif_type HTTP/1.1" status: 200 len: 265 time: 0.0493007
2026-04-14 08:35:15.981 10 INFO neutron.api.wsgi [req-69ec3cc1-db0e-49bd-a7bf-0deb2bc351cc req-254c891d-41c8-4d13-b880-5206d020c976 21afaf73b50446619cf567d3ae7dbadc 14158813cc4e416d9ab2d485bec25c3f - - default default] 10.0.0.168 "GET /v2.0/ports?device_id=91d10d4f-f2bc-4d15-b2b1-fa91701bbaa9 HTTP/1.1" status: 200 len: 210 time: 0.0171025
2026-04-14 08:35:16.711 9 INFO neutron.api.wsgi [req-728a0633-67c0-40c0-a14e-e7626d52e026 req-a420628e-dffd-4d12-b205-cebf768c3e68 811eda36ddb8493d9d4312b22db594ec 3b7c21e63cc04014a40d786174bd5e73 - - default default] 10.0.0.168 "GET /v2.0/ports?device_id=573947bd-7610-4dc4-b415-5b952f1e4992 HTTP/1.1" status: 200 len: 210 time: 0.0132744
2026-04-14 08:35:16.897 9 INFO neutron.api.wsgi [req-1f4aa5a4-7189-4869-a1fb-6aa0db371aa7 req-a74a7235-7706-4e14-bf78-32a8e1e3af67 1d7b2d2c69ff40e8bd9cf43f5fd3632e bd3901792eca4d22b3eaa9bd9526ce90 - - 214d9bc4be274bc68d120ef41c8246ed 214d9bc4be274bc68d120ef41c8246ed] 199.204.45.78 "GET /v2.0/ports?tenant_id=c5137b4d0b9d433aaa4be19b038df276&device_id=d10f5e69-2cb1-4f15-92bf-4a8f574de286 HTTP/1.1" status: 200 len: 1409 time: 0.0332344
2026-04-14 08:35:16.947 10 INFO neutron.api.wsgi [None req-d907f359-9b4b-4783-af7f-812a2878e099 2dc33df45b2a495bb518952a8ac0f786 6ab2bef16bef4f52b6b30cc4250f469b - - default default] 10.0.0.202 "PUT /v2.0/routers/a429e281-daa4-45c8-8f63-61525931ff42/remove_router_interface HTTP/1.1" status: 200 len: 503 time: 1.1310484 /var/lib/openstack/lib/python3.12/site-packages/pycadf/identifier.py:71: UserWarning: Invalid uuid: neutron. To ensure interoperability, identifiers should be a valid uuid. warnings.warn(('Invalid uuid: %s. To ensure interoperability, '
2026-04-14 08:35:17.233 10 INFO neutron.api.wsgi [None req-3b847e1c-5721-46f0-8814-87100ffff998 21afaf73b50446619cf567d3ae7dbadc 14158813cc4e416d9ab2d485bec25c3f - - default default] 10.0.0.202 "DELETE /v2.0/security-groups/5a6bedcb-56b6-448f-8623-cf347b910d7a HTTP/1.1" status: 204 len: 168 time: 0.1298599
2026-04-14 08:35:17.253 10 INFO neutron.api.v2.resource [None req-2b20b361-b626-49e4-aa43-2c83e53902fb 21afaf73b50446619cf567d3ae7dbadc 14158813cc4e416d9ab2d485bec25c3f - - default default] show failed (client error): The resource could not be found.
2026-04-14 08:35:17.254 10 INFO neutron.api.wsgi [None req-2b20b361-b626-49e4-aa43-2c83e53902fb 21afaf73b50446619cf567d3ae7dbadc 14158813cc4e416d9ab2d485bec25c3f - - default default] 10.0.0.202 "GET /v2.0/security-groups/5a6bedcb-56b6-448f-8623-cf347b910d7a HTTP/1.1" status: 404 len: 347 time: 0.0138712
2026-04-14 08:35:17.426 9 INFO neutron.api.wsgi [req-4e055c8b-b093-47dc-839c-a3518fccb8ca req-76ae0eee-a591-469e-bcc1-8c894cbdd352 1d7b2d2c69ff40e8bd9cf43f5fd3632e bd3901792eca4d22b3eaa9bd9526ce90 - - 214d9bc4be274bc68d120ef41c8246ed 214d9bc4be274bc68d120ef41c8246ed] 10.0.0.206 "GET /v2.0/ports?device_id=d10f5e69-2cb1-4f15-92bf-4a8f574de286 HTTP/1.1" status: 200 len: 1409 time: 0.1068857
2026-04-14 08:35:17.471 9 INFO neutron.api.wsgi [req-1f4aa5a4-7189-4869-a1fb-6aa0db371aa7 req-5294f30c-be18-48ad-8fba-99205f5c1635 1d7b2d2c69ff40e8bd9cf43f5fd3632e bd3901792eca4d22b3eaa9bd9526ce90 - - 214d9bc4be274bc68d120ef41c8246ed 214d9bc4be274bc68d120ef41c8246ed] 199.204.45.78 "GET /v2.0/networks?id=116bafd3-aa79-48ba-9c42-3e0af87b4b92 HTTP/1.1" status: 200 len: 981 time: 0.0660419
2026-04-14 08:35:17.477 9 INFO neutron.api.wsgi [req-4e055c8b-b093-47dc-839c-a3518fccb8ca req-1bd7b341-da26-4a76-af5b-2132089ce68e 1d7b2d2c69ff40e8bd9cf43f5fd3632e bd3901792eca4d22b3eaa9bd9526ce90 - - 214d9bc4be274bc68d120ef41c8246ed 214d9bc4be274bc68d120ef41c8246ed] 10.0.0.206 "GET /v2.0/security-groups?id=ff5c4130-aa5c-4367-af16-8a4c13e33dc1&fields=id&fields=name HTTP/1.1" status: 200 len: 312 time: 0.0448432
2026-04-14 08:35:17.515 9 INFO neutron.api.wsgi [req-1f4aa5a4-7189-4869-a1fb-6aa0db371aa7 req-93063530-6074-41b3-acf3-d60c8465c186 1d7b2d2c69ff40e8bd9cf43f5fd3632e bd3901792eca4d22b3eaa9bd9526ce90 - - 214d9bc4be274bc68d120ef41c8246ed 214d9bc4be274bc68d120ef41c8246ed] 199.204.45.78 "GET /v2.0/floatingips?fixed_ip_address=10.100.0.9&port_id=e69b2fe1-4316-4f9f-a4fb-a1f68c5210da HTTP/1.1" status: 200 len: 1059 time: 0.0360196
2026-04-14 08:35:17.530 10 INFO neutron.api.wsgi [None req-ea0b254f-8611-4ab6-98f2-5ccd8996f31a 21afaf73b50446619cf567d3ae7dbadc 14158813cc4e416d9ab2d485bec25c3f - - default default] 10.0.0.202 "DELETE /v2.0/floatingips/636e845d-476a-4aac-8aa2-850ce7f41a22 HTTP/1.1" status: 204 len: 168 time: 0.2689474
2026-04-14 08:35:17.572 9 INFO neutron.api.wsgi [req-1f4aa5a4-7189-4869-a1fb-6aa0db371aa7 req-12a5841c-d21c-42c2-ba60-dc9f7abe669c 1d7b2d2c69ff40e8bd9cf43f5fd3632e bd3901792eca4d22b3eaa9bd9526ce90 - - 214d9bc4be274bc68d120ef41c8246ed 214d9bc4be274bc68d120ef41c8246ed] 199.204.45.78 "GET /v2.0/subnets?id=a21a627e-3820-4f85-a8cd-b261a5a01520 HTTP/1.1" status: 200 len: 901 time: 0.0383995
2026-04-14 08:35:17.602 9 INFO neutron.api.wsgi [req-1f4aa5a4-7189-4869-a1fb-6aa0db371aa7 req-3c3b3e42-b1c2-4613-95ce-e45ed12cc198 1d7b2d2c69ff40e8bd9cf43f5fd3632e bd3901792eca4d22b3eaa9bd9526ce90 - - 214d9bc4be274bc68d120ef41c8246ed 214d9bc4be274bc68d120ef41c8246ed] 199.204.45.78 "GET /v2.0/ports?network_id=116bafd3-aa79-48ba-9c42-3e0af87b4b92&device_owner=network%3Adhcp HTTP/1.1" status: 200 len: 210 time: 0.0232935
2026-04-14 08:35:17.676 9 INFO neutron.api.wsgi [req-1f4aa5a4-7189-4869-a1fb-6aa0db371aa7 req-f402d9bd-f80e-413f-834f-4b7b47483717 1d7b2d2c69ff40e8bd9cf43f5fd3632e bd3901792eca4d22b3eaa9bd9526ce90 - - 214d9bc4be274bc68d120ef41c8246ed 214d9bc4be274bc68d120ef41c8246ed] 199.204.45.78 "GET /v2.0/networks/116bafd3-aa79-48ba-9c42-3e0af87b4b92?fields=segments HTTP/1.1" status: 200 len: 212 time: 0.0671673
2026-04-14 08:35:17.711 9 INFO neutron.api.wsgi [None req-68831979-1a98-4a75-8b0c-dc391d3458fc 2dc33df45b2a495bb518952a8ac0f786 6ab2bef16bef4f52b6b30cc4250f469b - - default default] 10.0.0.202 "DELETE /v2.0/routers/a429e281-daa4-45c8-8f63-61525931ff42 HTTP/1.1" status: 204 len: 168 time: 0.7596779
2026-04-14 08:35:17.725 9 INFO neutron.api.wsgi [req-1f4aa5a4-7189-4869-a1fb-6aa0db371aa7 req-b8c14e21-9b2c-4b39-8c34-431e63c5e678 1d7b2d2c69ff40e8bd9cf43f5fd3632e bd3901792eca4d22b3eaa9bd9526ce90 - - 214d9bc4be274bc68d120ef41c8246ed 214d9bc4be274bc68d120ef41c8246ed] 199.204.45.78 "GET /v2.0/networks/116bafd3-aa79-48ba-9c42-3e0af87b4b92?fields=provider%3Aphysical_network&fields=provider%3Anetwork_type HTTP/1.1" status: 200 len: 277 time: 0.0416403
2026-04-14 08:35:17.875 9 INFO neutron.api.wsgi [None req-0525efd7-b62a-4db3-b3f0-be4330c53ac5 2dc33df45b2a495bb518952a8ac0f786 6ab2bef16bef4f52b6b30cc4250f469b - - default default] 10.0.0.202 "DELETE /v2.0/subnets/dccbb25a-dcfc-4413-80ae-efee020158f7 HTTP/1.1" status: 204 len: 168 time: 0.1566167
2026-04-14 08:35:17.877 10 INFO neutron.api.wsgi [req-bdd134a2-9e29-4fbe-9357-1eaea46d58bb req-50073fac-d47c-490b-84e0-fb4abb752b26 811eda36ddb8493d9d4312b22db594ec 3b7c21e63cc04014a40d786174bd5e73 - - default default] 10.0.0.168 "GET /v2.0/ports?device_id=573947bd-7610-4dc4-b415-5b952f1e4992 HTTP/1.1" status: 200 len: 210 time: 0.0146728
2026-04-14 08:35:18.237 10 WARNING neutron.plugins.ml2.drivers.ovn.mech_driver.ovsdb.ovn_client [None req-e8411d68-f500-4b99-bb75-d4e470d35342 - - - - - -] No hosting information found for port d33531cf-44a1-4df6-88da-72c1e3cd8b24: RuntimeError: No hosting information found for port d33531cf-44a1-4df6-88da-72c1e3cd8b24
2026-04-14 08:35:18.288 10 INFO neutron.api.wsgi [None req-e87223b9-da92-4027-9e1d-db89493bf7d9 2dc33df45b2a495bb518952a8ac0f786 6ab2bef16bef4f52b6b30cc4250f469b - - default default] 10.0.0.202 "DELETE /v2.0/networks/ba1b6c4b-f357-4937-b6ad-41fb9ad6cf76 HTTP/1.1" status: 204 len: 168 time: 0.4094920
2026-04-14 08:35:18.328 10 INFO neutron.db.ovn_revision_numbers_db [None req-e8411d68-f500-4b99-bb75-d4e470d35342 - - - - - -] Successfully bumped revision number for resource d33531cf-44a1-4df6-88da-72c1e3cd8b24 (type: router_ports) to 2
2026-04-14 08:35:18.449 9 INFO neutron.api.wsgi [None req-376b4072-2e52-424e-a574-854d87bba8ef 2dc33df45b2a495bb518952a8ac0f786 6ab2bef16bef4f52b6b30cc4250f469b - - default default] 10.0.0.202 "GET /v2.0/security-groups?tenant_id=08f77063cf2746318b7dbe13f8a22310&name=default HTTP/1.1" status: 200 len: 3116 time: 0.0408525
2026-04-14 08:35:18.654 9 INFO neutron.api.wsgi [None req-de2fcbe1-edd5-4833-8080-2d153b073c0d 2dc33df45b2a495bb518952a8ac0f786 6ab2bef16bef4f52b6b30cc4250f469b - - default default] 10.0.0.202 "DELETE /v2.0/security-groups/67a59a80-fa65-4198-a63c-10446356aa73 HTTP/1.1" status: 204 len: 168 time: 0.2008770
2026-04-14 08:35:18.689 10 INFO neutron.services.segments.plugin [-] Segment 0f1783d8-00df-4c5e-97a2-4455dcd145ac resource provider aggregate not found
2026-04-14 08:35:18.692 10 INFO neutron.services.segments.plugin [-] Segment 0f1783d8-00df-4c5e-97a2-4455dcd145ac resource provider aggregate not found
2026-04-14 08:35:18.702 10 INFO neutron.services.segments.plugin [-] Segment 0f1783d8-00df-4c5e-97a2-4455dcd145ac resource provider not found; error: Placement Client Error (4xx): {"errors": [{"status": 404, "title": "Not Found", "detail": "The resource could not be found.\n\n No resource provider with uuid 0f1783d8-00df-4c5e-97a2-4455dcd145ac found for delete ", "request_id": "req-21d9ee25-cca6-406b-b927-c458f47c6470"}]}
2026-04-14 08:35:18.703 10 INFO neutron.services.segments.plugin [-] Segment 0f1783d8-00df-4c5e-97a2-4455dcd145ac resource provider not found; error: Placement Client Error (4xx): {"errors": [{"status": 404, "title": "Not Found", "detail": "The resource could not be found.\n\n No resource provider with uuid 0f1783d8-00df-4c5e-97a2-4455dcd145ac found for delete ", "request_id": "req-4a1f69f5-7f11-4d2a-9527-0acb033f3ef6"}]}
2026-04-14 08:35:18.833 10 INFO neutron.api.wsgi [None req-6f67a996-5c2f-4447-ad68-f416536a0af2 2dc33df45b2a495bb518952a8ac0f786 6ab2bef16bef4f52b6b30cc4250f469b - - default default] 10.0.0.202 "PUT /v2.0/routers/cb4b56a4-76ae-4e36-991e-885223fee233/remove_router_interface HTTP/1.1" status: 200 len: 503 time: 1.2965386 /var/lib/openstack/lib/python3.12/site-packages/pycadf/identifier.py:71: UserWarning: Invalid uuid: neutron. To ensure interoperability, identifiers should be a valid uuid. warnings.warn(('Invalid uuid: %s. To ensure interoperability, '
2026-04-14 08:35:18.857 9 INFO neutron.api.wsgi [req-c30b8946-15b2-4b42-886c-a6bfcab95bce req-08d491ff-f2b4-43a3-8f1f-2f150feae273 811eda36ddb8493d9d4312b22db594ec 3b7c21e63cc04014a40d786174bd5e73 - - default default] 199.204.45.78 "GET /v2.0/networks?id=846c1ad7-1c5b-439b-84c7-ce10734bdd16 HTTP/1.1" status: 200 len: 868 time: 0.0507388
2026-04-14 08:35:18.899 9 INFO neutron.api.wsgi [req-c30b8946-15b2-4b42-886c-a6bfcab95bce req-e493fdea-3f27-4c57-8da7-ef90ca906bc7 811eda36ddb8493d9d4312b22db594ec 3b7c21e63cc04014a40d786174bd5e73 - - default default] 199.204.45.78 "GET /v2.0/security-groups?fields=id&fields=name&tenant_id=3b7c21e63cc04014a40d786174bd5e73 HTTP/1.1" status: 200 len: 380 time: 0.0368214
2026-04-14 08:35:18.907 9 WARNING neutron_lib.context [req-c30b8946-15b2-4b42-886c-a6bfcab95bce req-db3b50b3-b77c-439f-9d9c-5847f0e84759 811eda36ddb8493d9d4312b22db594ec 3b7c21e63cc04014a40d786174bd5e73 - - default default] Method 'is_advsvc' is deprecated since 2023.2 release (neutron-lib 3.8.0) and will be removed once support for the old RBAC API policies will be removed from Neutron. Please use method 'is_service_role' instead.
2026-04-14 08:35:18.946 9 INFO neutron.api.wsgi [req-ff766377-ca57-4679-bce5-fca16be9853b req-273034d1-2472-4fe1-b720-602da1210715 811eda36ddb8493d9d4312b22db594ec 3b7c21e63cc04014a40d786174bd5e73 - - default default] 10.0.0.168 "GET /v2.0/ports?device_id=573947bd-7610-4dc4-b415-5b952f1e4992 HTTP/1.1" status: 200 len: 210 time: 0.0168197
2026-04-14 08:35:19.191 9 WARNING neutron.scheduler.dhcp_agent_scheduler [req-c30b8946-15b2-4b42-886c-a6bfcab95bce req-db3b50b3-b77c-439f-9d9c-5847f0e84759 811eda36ddb8493d9d4312b22db594ec 3b7c21e63cc04014a40d786174bd5e73 - - default default] No more DHCP agents
2026-04-14 08:35:19.192 9 WARNING neutron.api.rpc.agentnotifiers.dhcp_rpc_agent_api [req-c30b8946-15b2-4b42-886c-a6bfcab95bce req-db3b50b3-b77c-439f-9d9c-5847f0e84759 811eda36ddb8493d9d4312b22db594ec 3b7c21e63cc04014a40d786174bd5e73 - - default default] Unable to schedule network 846c1ad7-1c5b-439b-84c7-ce10734bdd16: no agents available; will retry on subsequent port and subnet creation events.
2026-04-14 08:35:19.294 9 INFO neutron.db.ovn_revision_numbers_db [req-c30b8946-15b2-4b42-886c-a6bfcab95bce req-db3b50b3-b77c-439f-9d9c-5847f0e84759 811eda36ddb8493d9d4312b22db594ec 3b7c21e63cc04014a40d786174bd5e73 - - default default] Successfully bumped revision number for resource 71d5c730-c00a-491a-9550-5a70a04d4ddb (type: ports) to 1
2026-04-14 08:35:19.314 9 INFO neutron.api.wsgi [req-c30b8946-15b2-4b42-886c-a6bfcab95bce req-db3b50b3-b77c-439f-9d9c-5847f0e84759 811eda36ddb8493d9d4312b22db594ec 3b7c21e63cc04014a40d786174bd5e73 - - default default] 199.204.45.78 "POST /v2.0/ports HTTP/1.1" status: 201 len: 1162 time: 0.4118333 /var/lib/openstack/lib/python3.12/site-packages/pycadf/identifier.py:71: UserWarning: Invalid uuid: neutron. To ensure interoperability, identifiers should be a valid uuid. warnings.warn(('Invalid uuid: %s. To ensure interoperability, '
2026-04-14 08:35:19.553 10 INFO neutron.api.wsgi [None req-e0ec2b54-a127-4f42-b389-bd8813c1c695 2dc33df45b2a495bb518952a8ac0f786 6ab2bef16bef4f52b6b30cc4250f469b - - default default] 10.0.0.202 "DELETE /v2.0/routers/cb4b56a4-76ae-4e36-991e-885223fee233 HTTP/1.1" status: 204 len: 168 time: 0.7158439
2026-04-14 08:35:19.681 9 INFO neutron.db.ovn_revision_numbers_db [req-c30b8946-15b2-4b42-886c-a6bfcab95bce req-f9bdc24f-bc69-41b0-a7ba-302e84f9091a 1d7b2d2c69ff40e8bd9cf43f5fd3632e bd3901792eca4d22b3eaa9bd9526ce90 - - 214d9bc4be274bc68d120ef41c8246ed 214d9bc4be274bc68d120ef41c8246ed] Successfully bumped revision number for resource 71d5c730-c00a-491a-9550-5a70a04d4ddb (type: ports) to 2
2026-04-14 08:35:19.741 10 INFO neutron.api.wsgi [None req-8f8abd5d-f3dd-4314-99b5-5ba948145aa7 2dc33df45b2a495bb518952a8ac0f786 6ab2bef16bef4f52b6b30cc4250f469b - - default default] 10.0.0.202 "DELETE /v2.0/subnets/a63ec9a0-7376-450f-aa34-f0c16082d27c HTTP/1.1" status: 204 len: 168 time: 0.1834261 /var/lib/openstack/lib/python3.12/site-packages/pycadf/identifier.py:71: UserWarning: Invalid uuid: neutron. To ensure interoperability, identifiers should be a valid uuid. warnings.warn(('Invalid uuid: %s. To ensure interoperability, '
2026-04-14 08:35:19.918 9 INFO neutron.db.ovn_revision_numbers_db [req-c30b8946-15b2-4b42-886c-a6bfcab95bce req-f9bdc24f-bc69-41b0-a7ba-302e84f9091a 1d7b2d2c69ff40e8bd9cf43f5fd3632e bd3901792eca4d22b3eaa9bd9526ce90 - - 214d9bc4be274bc68d120ef41c8246ed 214d9bc4be274bc68d120ef41c8246ed] Successfully bumped revision number for resource 71d5c730-c00a-491a-9550-5a70a04d4ddb (type: ports) to 4
2026-04-14 08:35:19.936 9 INFO neutron.api.wsgi [req-c30b8946-15b2-4b42-886c-a6bfcab95bce req-f9bdc24f-bc69-41b0-a7ba-302e84f9091a 1d7b2d2c69ff40e8bd9cf43f5fd3632e bd3901792eca4d22b3eaa9bd9526ce90 - - 214d9bc4be274bc68d120ef41c8246ed 214d9bc4be274bc68d120ef41c8246ed] 199.204.45.78 "PUT /v2.0/ports/71d5c730-c00a-491a-9550-5a70a04d4ddb HTTP/1.1" status: 200 len: 1408 time: 0.6167867
2026-04-14 08:35:19.964 9 INFO neutron.notifiers.nova [-] Nova event matching ['req-ed33948b-0c85-4b25-a5ff-da4eb28b0b27'] response: {'name': 'network-changed', 'server_uuid': '573947bd-7610-4dc4-b415-5b952f1e4992', 'tag': '71d5c730-c00a-491a-9550-5a70a04d4ddb', 'status': 'completed', 'code': 200} /var/lib/openstack/lib/python3.12/site-packages/pycadf/identifier.py:71: UserWarning: Invalid uuid: neutron. To ensure interoperability, identifiers should be a valid uuid. warnings.warn(('Invalid uuid: %s. To ensure interoperability, '
2026-04-14 08:35:20.069 9 INFO neutron.services.segments.plugin [-] Segment 7333a527-0d2d-4340-9879-d0acab3a21a8 resource provider aggregate not found
2026-04-14 08:35:20.073 9 INFO neutron.services.segments.plugin [-] Segment 7333a527-0d2d-4340-9879-d0acab3a21a8 resource provider aggregate not found
2026-04-14 08:35:20.082 9 INFO neutron.services.segments.plugin [-] Segment 7333a527-0d2d-4340-9879-d0acab3a21a8 resource provider not found; error: Placement Client Error (4xx): {"errors": [{"status": 404, "title": "Not Found", "detail": "The resource could not be found.\n\n No resource provider with uuid 7333a527-0d2d-4340-9879-d0acab3a21a8 found for delete ", "request_id": "req-0d44c532-022e-4d4a-b665-0733ba513cdf"}]}
2026-04-14 08:35:20.088 9 INFO neutron.api.wsgi [req-71ab7d7b-9aa4-42cf-b1eb-8bc3340fe943 req-8fa3bfa5-c54f-4b6c-bfa5-4ce8d19cfa5f 811eda36ddb8493d9d4312b22db594ec 3b7c21e63cc04014a40d786174bd5e73 - - default default] 10.0.0.168 "GET /v2.0/ports?device_id=573947bd-7610-4dc4-b415-5b952f1e4992 HTTP/1.1" status: 200 len: 1172 time: 0.0900559
2026-04-14 08:35:20.089 9 INFO neutron.services.segments.plugin [-] Segment 7333a527-0d2d-4340-9879-d0acab3a21a8 resource provider not found; error: Placement Client Error (4xx): {"errors": [{"status": 404, "title": "Not Found", "detail": "The resource could not be found.\n\n No resource provider with uuid 7333a527-0d2d-4340-9879-d0acab3a21a8 found for delete ", "request_id": "req-7aac9f21-c092-48be-89ae-7fd52ad18641"}]}
2026-04-14 08:35:20.110 9 INFO neutron.api.wsgi [None req-0473d8e3-5bd7-4846-921c-b9715d167a96 2dc33df45b2a495bb518952a8ac0f786 6ab2bef16bef4f52b6b30cc4250f469b - - default default] 10.0.0.202 "DELETE /v2.0/networks/761f3509-f1a0-4e30-bb90-85816dc2da07 HTTP/1.1" status: 204 len: 168 time: 0.3625405
2026-04-14 08:35:20.125 9 INFO neutron.api.wsgi [req-71ab7d7b-9aa4-42cf-b1eb-8bc3340fe943 req-3c44655b-420b-4ccb-bb20-f403fd45b9f6 811eda36ddb8493d9d4312b22db594ec 3b7c21e63cc04014a40d786174bd5e73 - - default default] 10.0.0.168 "GET /v2.0/security-groups?id=8a32c675-a29a-4908-8e7f-04e08e5c0719&fields=id&fields=name HTTP/1.1" status: 200 len: 313 time: 0.0303593
2026-04-14 08:35:20.299 10 INFO neutron.api.wsgi [None req-271f860a-9d78-4ed3-b4fa-b1a47520e785 2dc33df45b2a495bb518952a8ac0f786 6ab2bef16bef4f52b6b30cc4250f469b - - default default] 10.0.0.202 "GET /v2.0/security-groups?tenant_id=14158813cc4e416d9ab2d485bec25c3f&name=default HTTP/1.1" status: 200 len: 3116 time: 0.0407040
2026-04-14 08:35:20.497 9 INFO neutron.api.wsgi [req-e724fb32-d7f0-4122-9c4d-214eff5da127 req-4dcfe2ea-fdb6-4ae9-975d-e0b1009dded8 1d7b2d2c69ff40e8bd9cf43f5fd3632e bd3901792eca4d22b3eaa9bd9526ce90 - - 214d9bc4be274bc68d120ef41c8246ed 214d9bc4be274bc68d120ef41c8246ed] 199.204.45.78 "GET /v2.0/ports?tenant_id=3b7c21e63cc04014a40d786174bd5e73&device_id=573947bd-7610-4dc4-b415-5b952f1e4992 HTTP/1.1" status: 200 len: 1411 time: 0.0307055
2026-04-14 08:35:20.502 10 INFO neutron.api.wsgi [None req-7635ddd8-f933-4ae8-a983-f8d5860eca1f 2dc33df45b2a495bb518952a8ac0f786 6ab2bef16bef4f52b6b30cc4250f469b - - default default] 10.0.0.202 "DELETE /v2.0/security-groups/0ee0f22e-92ab-4988-bf28-01455efba6dc HTTP/1.1" status: 204 len: 168 time: 0.1968434
2026-04-14 08:35:20.554 9 INFO neutron.api.wsgi [req-e724fb32-d7f0-4122-9c4d-214eff5da127 req-6684a9e2-dc20-43ff-bb94-e8d4fee0da1c 1d7b2d2c69ff40e8bd9cf43f5fd3632e bd3901792eca4d22b3eaa9bd9526ce90 - - 214d9bc4be274bc68d120ef41c8246ed 214d9bc4be274bc68d120ef41c8246ed] 199.204.45.78 "GET /v2.0/networks?tenant_id=3b7c21e63cc04014a40d786174bd5e73&shared=False HTTP/1.1" status: 200 len: 967 time: 0.0513487
2026-04-14 08:35:20.607 9 INFO neutron.api.wsgi [req-e724fb32-d7f0-4122-9c4d-214eff5da127 req-2a742bd9-57bd-47ec-b14e-7542e7f8987f 1d7b2d2c69ff40e8bd9cf43f5fd3632e bd3901792eca4d22b3eaa9bd9526ce90 - - 214d9bc4be274bc68d120ef41c8246ed 214d9bc4be274bc68d120ef41c8246ed] 199.204.45.78 "GET /v2.0/networks?shared=True HTTP/1.1" status: 200 len: 952 time: 0.0450010
2026-04-14 08:35:20.608 9 INFO neutron.db.ovn_revision_numbers_db [None req-5ed1c9cb-4dd7-4f4e-9977-2cbbac59b271 2dc33df45b2a495bb518952a8ac0f786 6ab2bef16bef4f52b6b30cc4250f469b - - default default] Successfully bumped revision number for resource 48cf133e-f1a4-4fc9-a787-441238b14cee (type: security_groups) to 1
2026-04-14 08:35:20.622 9 INFO neutron.db.ovn_revision_numbers_db [None req-5ed1c9cb-4dd7-4f4e-9977-2cbbac59b271 2dc33df45b2a495bb518952a8ac0f786 6ab2bef16bef4f52b6b30cc4250f469b - - default default] Successfully bumped revision number for resource 10dfad60-e88b-4913-9827-66bb7434f4ee (type: security_group_rules) to 0
2026-04-14 08:35:20.636 9 INFO neutron.db.ovn_revision_numbers_db [None req-5ed1c9cb-4dd7-4f4e-9977-2cbbac59b271 2dc33df45b2a495bb518952a8ac0f786 6ab2bef16bef4f52b6b30cc4250f469b - - default default] Successfully bumped revision number for resource 8b30077c-958b-4db7-a6f7-231ef4ec8122 (type: security_group_rules) to 0
2026-04-14 08:35:20.649 9 INFO neutron.db.ovn_revision_numbers_db [None req-5ed1c9cb-4dd7-4f4e-9977-2cbbac59b271 2dc33df45b2a495bb518952a8ac0f786 6ab2bef16bef4f52b6b30cc4250f469b - - default default] Successfully bumped revision number for resource afe884e8-4fc8-46d8-9a99-5280587a03dd (type: security_group_rules) to 0
2026-04-14 08:35:20.661 9 INFO neutron.db.ovn_revision_numbers_db [None req-5ed1c9cb-4dd7-4f4e-9977-2cbbac59b271 2dc33df45b2a495bb518952a8ac0f786 6ab2bef16bef4f52b6b30cc4250f469b - - default default] Successfully bumped revision number for resource b84c294b-d6a6-48f6-8889-a12fe54a613d (type: security_group_rules) to 0
2026-04-14 08:35:20.735 9 INFO neutron.db.segments_db [None req-5ed1c9cb-4dd7-4f4e-9977-2cbbac59b271 2dc33df45b2a495bb518952a8ac0f786 6ab2bef16bef4f52b6b30cc4250f469b - - default default] Added segment aaa98b55-77ed-4bb3-9409-446c5a42a1f9 of type geneve for network c5010467-c410-43c3-bf97-fe952c897a56
2026-04-14 08:35:20.872 9 INFO neutron.db.ovn_revision_numbers_db [None req-5ed1c9cb-4dd7-4f4e-9977-2cbbac59b271 2dc33df45b2a495bb518952a8ac0f786 6ab2bef16bef4f52b6b30cc4250f469b - - default default] Successfully bumped revision number for resource c5010467-c410-43c3-bf97-fe952c897a56 (type: networks) to 1
2026-04-14 08:35:21.023 9 WARNING neutron.scheduler.dhcp_agent_scheduler [None req-5ed1c9cb-4dd7-4f4e-9977-2cbbac59b271 2dc33df45b2a495bb518952a8ac0f786 6ab2bef16bef4f52b6b30cc4250f469b - - default default] No more DHCP agents
2026-04-14 08:35:21.024 9 WARNING neutron.api.rpc.agentnotifiers.dhcp_rpc_agent_api [None req-5ed1c9cb-4dd7-4f4e-9977-2cbbac59b271 2dc33df45b2a495bb518952a8ac0f786 6ab2bef16bef4f52b6b30cc4250f469b - - default default] Unable to schedule network c5010467-c410-43c3-bf97-fe952c897a56: no agents available; will retry on subsequent port and subnet creation events.
2026-04-14 08:35:21.083 9 INFO neutron.db.ovn_revision_numbers_db [None req-5ed1c9cb-4dd7-4f4e-9977-2cbbac59b271 2dc33df45b2a495bb518952a8ac0f786 6ab2bef16bef4f52b6b30cc4250f469b - - default default] Successfully bumped revision number for resource cb005b50-11dc-41cf-9d6f-333efdd10319 (type: ports) to 1
2026-04-14 08:35:21.105 9 INFO neutron.api.wsgi [None req-5ed1c9cb-4dd7-4f4e-9977-2cbbac59b271 2dc33df45b2a495bb518952a8ac0f786 6ab2bef16bef4f52b6b30cc4250f469b - - default default] 10.0.0.202 "POST /v2.0/networks HTTP/1.1" status: 201 len: 946 time: 0.7867053
2026-04-14 08:35:21.256 10 INFO neutron.api.wsgi [req-39743514-54f8-4802-98a8-452f6ebea07a req-74b5722f-ee5f-48a1-ac85-901428aded0d 811eda36ddb8493d9d4312b22db594ec 3b7c21e63cc04014a40d786174bd5e73 - - default default] 10.0.0.168 "GET /v2.0/ports?device_id=573947bd-7610-4dc4-b415-5b952f1e4992 HTTP/1.1" status: 200 len: 1172 time: 0.0719433
2026-04-14 08:35:21.288 9 WARNING neutron.scheduler.dhcp_agent_scheduler [None req-cf9c64ae-0b8f-4323-b997-d0e65edd176f 2dc33df45b2a495bb518952a8ac0f786 6ab2bef16bef4f52b6b30cc4250f469b - - default default] No more DHCP agents
