2026-04-14 08:37:36.958 10 INFO neutron.db.ovn_revision_numbers_db [None req-aed03ccb-0df0-4dc0-8a17-ece219bb8adc 2dc33df45b2a495bb518952a8ac0f786 6ab2bef16bef4f52b6b30cc4250f469b - - default default] Successfully bumped revision number for resource f31a8a80-d0de-4b67-90f0-31c5305194d5 (type: ports) to 1
2026-04-14 08:37:36.989 9 INFO neutron.db.ovn_revision_numbers_db [None req-337ecb82-d2c1-40d5-8513-53cbfd6ab73a - - - - - -] Successfully bumped revision number for resource 16e88395-1462-44f9-875f-8b7b8181cae8 (type: ports) to 4
2026-04-14 08:37:36.995 10 INFO neutron.db.segments_db [None req-749dc756-3151-42c1-958c-aff63d12c986 05a77c6f8d524b96a3791a90e6ba1cc0 df59ee384ac74e6f80a382fcb066ffcd - - default default] Added segment c89955dc-c2a0-434c-a9cd-4c6a31e43264 of type geneve for network d23ec09a-61d3-4e5b-9dc5-486ad01d5f44
2026-04-14 08:37:37.115 10 INFO neutron.db.ovn_revision_numbers_db [None req-749dc756-3151-42c1-958c-aff63d12c986 05a77c6f8d524b96a3791a90e6ba1cc0 df59ee384ac74e6f80a382fcb066ffcd - - default default] Successfully bumped revision number for resource d23ec09a-61d3-4e5b-9dc5-486ad01d5f44 (type: networks) to 1
2026-04-14 08:37:37.290 10 WARNING neutron.scheduler.dhcp_agent_scheduler [None req-749dc756-3151-42c1-958c-aff63d12c986 05a77c6f8d524b96a3791a90e6ba1cc0 df59ee384ac74e6f80a382fcb066ffcd - - default default] No more DHCP agents
2026-04-14 08:37:37.292 10 WARNING neutron.api.rpc.agentnotifiers.dhcp_rpc_agent_api [None req-749dc756-3151-42c1-958c-aff63d12c986 05a77c6f8d524b96a3791a90e6ba1cc0 df59ee384ac74e6f80a382fcb066ffcd - - default default] Unable to schedule network d23ec09a-61d3-4e5b-9dc5-486ad01d5f44: no agents available; will retry on subsequent port and subnet creation events.
2026-04-14 08:37:37.334 9 INFO neutron.db.ovn_revision_numbers_db [None req-337ecb82-d2c1-40d5-8513-53cbfd6ab73a - - - - - -] Successfully bumped revision number for resource 16e88395-1462-44f9-875f-8b7b8181cae8 (type: ports) to 5
2026-04-14 08:37:37.389 10 INFO neutron.db.ovn_revision_numbers_db [None req-749dc756-3151-42c1-958c-aff63d12c986 05a77c6f8d524b96a3791a90e6ba1cc0 df59ee384ac74e6f80a382fcb066ffcd - - default default] Successfully bumped revision number for resource 948118ed-b71f-402f-89db-4619a940fcae (type: ports) to 1
2026-04-14 08:37:37.443 10 INFO neutron.api.wsgi [None req-749dc756-3151-42c1-958c-aff63d12c986 05a77c6f8d524b96a3791a90e6ba1cc0 df59ee384ac74e6f80a382fcb066ffcd - - default default] 10.0.0.202 "POST /v2.0/networks HTTP/1.1" status: 201 len: 830 time: 0.9347126
2026-04-14 08:37:37.461 10 WARNING neutron_lib.context [None req-a0ad23a9-884d-4800-a47a-76312325e087 05a77c6f8d524b96a3791a90e6ba1cc0 df59ee384ac74e6f80a382fcb066ffcd - - default default] Method 'is_advsvc' is deprecated since 2023.2 release (neutron-lib 3.8.0) and will be removed once support for the old RBAC API policies will be removed from Neutron. Please use method 'is_service_role' instead.
2026-04-14 08:37:37.661 10 INFO neutron.plugins.ml2.drivers.ovn.mech_driver.mech_driver [None req-eee17ae3-7587-4058-9c94-68d7a01826e6 - - - - - -] OVN reports status up for port: f31a8a80-d0de-4b67-90f0-31c5305194d5
2026-04-14 08:37:37.678 10 INFO neutron.plugins.ml2.plugin [None req-eee17ae3-7587-4058-9c94-68d7a01826e6 - - - - - -] Attempt 1 to provision port f31a8a80-d0de-4b67-90f0-31c5305194d5
2026-04-14 08:37:37.695 10 INFO neutron.db.ovn_revision_numbers_db [None req-aed03ccb-0df0-4dc0-8a17-ece219bb8adc 2dc33df45b2a495bb518952a8ac0f786 6ab2bef16bef4f52b6b30cc4250f469b - - default default] Successfully bumped revision number for resource f31a8a80-d0de-4b67-90f0-31c5305194d5 (type: ports) to 1
2026-04-14 08:37:37.760 10 WARNING neutron.scheduler.dhcp_agent_scheduler [None req-a0ad23a9-884d-4800-a47a-76312325e087 05a77c6f8d524b96a3791a90e6ba1cc0 df59ee384ac74e6f80a382fcb066ffcd - - default default] No more DHCP agents
2026-04-14 08:37:37.763 10 WARNING neutron.api.rpc.agentnotifiers.dhcp_rpc_agent_api [None req-a0ad23a9-884d-4800-a47a-76312325e087 05a77c6f8d524b96a3791a90e6ba1cc0 df59ee384ac74e6f80a382fcb066ffcd - - default default] Unable to schedule network d23ec09a-61d3-4e5b-9dc5-486ad01d5f44: no agents available; will retry on subsequent port and subnet creation events.
2026-04-14 08:37:37.768 10 WARNING neutron.scheduler.dhcp_agent_scheduler [None req-aed03ccb-0df0-4dc0-8a17-ece219bb8adc 2dc33df45b2a495bb518952a8ac0f786 6ab2bef16bef4f52b6b30cc4250f469b - - default default] No more DHCP agents
2026-04-14 08:37:37.771 10 WARNING neutron.api.rpc.agentnotifiers.dhcp_rpc_agent_api [None req-aed03ccb-0df0-4dc0-8a17-ece219bb8adc 2dc33df45b2a495bb518952a8ac0f786 6ab2bef16bef4f52b6b30cc4250f469b - - default default] Unable to schedule network 519522b1-e70e-4589-b7db-80bf187d7366: no agents available; will retry on subsequent port and subnet creation events.
2026-04-14 08:37:37.929 10 INFO neutron.db.ovn_revision_numbers_db [None req-a0ad23a9-884d-4800-a47a-76312325e087 05a77c6f8d524b96a3791a90e6ba1cc0 df59ee384ac74e6f80a382fcb066ffcd - - default default] Successfully bumped revision number for resource 3879cb2c-c1cf-4c5b-aa89-85da226b3b25 (type: ports) to 1
2026-04-14 08:37:37.962 10 INFO neutron.api.wsgi [None req-a0ad23a9-884d-4800-a47a-76312325e087 05a77c6f8d524b96a3791a90e6ba1cc0 df59ee384ac74e6f80a382fcb066ffcd - - default default] 10.0.0.202 "POST /v2.0/ports HTTP/1.1" status: 201 len: 942 time: 0.5102949
2026-04-14 08:37:37.971 9 WARNING neutron_lib.context [None req-809156dc-b4b1-44e6-8990-e3fc68bbe9df 05a77c6f8d524b96a3791a90e6ba1cc0 df59ee384ac74e6f80a382fcb066ffcd - - default default] Method 'is_advsvc' is deprecated since 2023.2 release (neutron-lib 3.8.0) and will be removed once support for the old RBAC API policies will be removed from Neutron. Please use method 'is_service_role' instead.
2026-04-14 08:37:38.146 10 INFO neutron.db.ovn_revision_numbers_db [None req-eee17ae3-7587-4058-9c94-68d7a01826e6 - - - - - -] Successfully bumped revision number for resource f31a8a80-d0de-4b67-90f0-31c5305194d5 (type: ports) to 2
2026-04-14 08:37:38.406 9 INFO neutron.api.wsgi [req-e181b4f2-d446-4233-a87b-e2b867f09b19 req-1d95b7fb-4e3e-4710-a2c8-1be76a2c5d89 1d7b2d2c69ff40e8bd9cf43f5fd3632e bd3901792eca4d22b3eaa9bd9526ce90 - - 214d9bc4be274bc68d120ef41c8246ed 214d9bc4be274bc68d120ef41c8246ed] 10.0.0.206 "GET /v2.0/ports?device_id=fd69cd9a-0888-43a2-bb08-076253e41f21 HTTP/1.1" status: 200 len: 1409 time: 0.0418980
2026-04-14 08:37:38.440 10 INFO neutron.db.ovn_revision_numbers_db [None req-aed03ccb-0df0-4dc0-8a17-ece219bb8adc 2dc33df45b2a495bb518952a8ac0f786 6ab2bef16bef4f52b6b30cc4250f469b - - default default] Successfully bumped revision number for resource f31a8a80-d0de-4b67-90f0-31c5305194d5 (type: router_ports) to 1
2026-04-14 08:37:38.445 9 INFO neutron.api.wsgi [None req-809156dc-b4b1-44e6-8990-e3fc68bbe9df 05a77c6f8d524b96a3791a90e6ba1cc0 df59ee384ac74e6f80a382fcb066ffcd - - default default] 10.0.0.202 "POST /v2.0/trunks HTTP/1.1" status: 201 len: 608 time: 0.4781651
2026-04-14 08:37:38.446 10 INFO neutron.api.wsgi [None req-aed03ccb-0df0-4dc0-8a17-ece219bb8adc 2dc33df45b2a495bb518952a8ac0f786 6ab2bef16bef4f52b6b30cc4250f469b - - default default] 10.0.0.202 "PUT /v2.0/routers/17c6a2cf-cee4-430d-ae28-ab4b5ae351f1/add_router_interface HTTP/1.1" status: 200 len: 503 time: 2.0747793
2026-04-14 08:37:38.448 9 INFO neutron.api.wsgi [req-e181b4f2-d446-4233-a87b-e2b867f09b19 req-f947cfa1-4025-45c5-91aa-6e758b48af1d 1d7b2d2c69ff40e8bd9cf43f5fd3632e bd3901792eca4d22b3eaa9bd9526ce90 - - 214d9bc4be274bc68d120ef41c8246ed 214d9bc4be274bc68d120ef41c8246ed] 10.0.0.206 "GET /v2.0/security-groups?id=974d5950-6944-4770-82ea-c96cdb323eeb&fields=id&fields=name HTTP/1.1" status: 200 len: 312 time: 0.0351982 /var/lib/openstack/lib/python3.12/site-packages/pycadf/identifier.py:71: UserWarning: Invalid uuid: neutron. To ensure interoperability, identifiers should be a valid uuid. warnings.warn(('Invalid uuid: %s. To ensure interoperability, '
2026-04-14 08:37:38.458 10 WARNING neutron_lib.context [None req-6bcd081f-d42c-48e4-a8cc-ee089db06213 05a77c6f8d524b96a3791a90e6ba1cc0 df59ee384ac74e6f80a382fcb066ffcd - - default default] Method 'is_advsvc' is deprecated since 2023.2 release (neutron-lib 3.8.0) and will be removed once support for the old RBAC API policies will be removed from Neutron. Please use method 'is_service_role' instead.
2026-04-14 08:37:38.531 10 INFO neutron.db.segments_db [None req-6bcd081f-d42c-48e4-a8cc-ee089db06213 05a77c6f8d524b96a3791a90e6ba1cc0 df59ee384ac74e6f80a382fcb066ffcd - - default default] Added segment 129c7ee3-0eed-4b45-9be5-fe12bc2d196a of type geneve for network fb256dd5-2bc4-43ac-b602-4931412f7e90
2026-04-14 08:37:38.694 10 INFO neutron.db.ovn_revision_numbers_db [None req-6bcd081f-d42c-48e4-a8cc-ee089db06213 05a77c6f8d524b96a3791a90e6ba1cc0 df59ee384ac74e6f80a382fcb066ffcd - - default default] Successfully bumped revision number for resource fb256dd5-2bc4-43ac-b602-4931412f7e90 (type: networks) to 1
2026-04-14 08:37:38.897 10 WARNING neutron.scheduler.dhcp_agent_scheduler [None req-6bcd081f-d42c-48e4-a8cc-ee089db06213 05a77c6f8d524b96a3791a90e6ba1cc0 df59ee384ac74e6f80a382fcb066ffcd - - default default] No more DHCP agents
2026-04-14 08:37:38.898 10 WARNING neutron.api.rpc.agentnotifiers.dhcp_rpc_agent_api [None req-6bcd081f-d42c-48e4-a8cc-ee089db06213 05a77c6f8d524b96a3791a90e6ba1cc0 df59ee384ac74e6f80a382fcb066ffcd - - default default] Unable to schedule network fb256dd5-2bc4-43ac-b602-4931412f7e90: no agents available; will retry on subsequent port and subnet creation events.
2026-04-14 08:37:38.974 10 INFO neutron.db.ovn_revision_numbers_db [None req-6bcd081f-d42c-48e4-a8cc-ee089db06213 05a77c6f8d524b96a3791a90e6ba1cc0 df59ee384ac74e6f80a382fcb066ffcd - - default default] Successfully bumped revision number for resource 0ee94c93-6ef6-4a45-9992-3a5d136dcd50 (type: ports) to 1
2026-04-14 08:37:38.994 10 INFO neutron.api.wsgi [None req-6bcd081f-d42c-48e4-a8cc-ee089db06213 05a77c6f8d524b96a3791a90e6ba1cc0 df59ee384ac74e6f80a382fcb066ffcd - - default default] 10.0.0.202 "POST /v2.0/networks HTTP/1.1" status: 201 len: 831 time: 0.5407479
2026-04-14 08:37:39.003 10 WARNING neutron_lib.context [None req-9a25d7ce-5275-46e4-8397-93c84a9da2b4 05a77c6f8d524b96a3791a90e6ba1cc0 df59ee384ac74e6f80a382fcb066ffcd - - default default] Method 'is_advsvc' is deprecated since 2023.2 release (neutron-lib 3.8.0) and will be removed once support for the old RBAC API policies will be removed from Neutron. Please use method 'is_service_role' instead.
2026-04-14 08:37:39.212 10 WARNING neutron.scheduler.dhcp_agent_scheduler [None req-9a25d7ce-5275-46e4-8397-93c84a9da2b4 05a77c6f8d524b96a3791a90e6ba1cc0 df59ee384ac74e6f80a382fcb066ffcd - - default default] No more DHCP agents
2026-04-14 08:37:39.214 10 WARNING neutron.api.rpc.agentnotifiers.dhcp_rpc_agent_api [None req-9a25d7ce-5275-46e4-8397-93c84a9da2b4 05a77c6f8d524b96a3791a90e6ba1cc0 df59ee384ac74e6f80a382fcb066ffcd - - default default] Unable to schedule network fb256dd5-2bc4-43ac-b602-4931412f7e90: no agents available; will retry on subsequent port and subnet creation events.
2026-04-14 08:37:39.281 10 INFO neutron.db.ovn_revision_numbers_db [None req-9a25d7ce-5275-46e4-8397-93c84a9da2b4 05a77c6f8d524b96a3791a90e6ba1cc0 df59ee384ac74e6f80a382fcb066ffcd - - default default] Successfully bumped revision number for resource 163deb24-c50a-454f-b0b0-8fea1ad661ea (type: ports) to 1
2026-04-14 08:37:39.304 10 INFO neutron.api.wsgi [None req-9a25d7ce-5275-46e4-8397-93c84a9da2b4 05a77c6f8d524b96a3791a90e6ba1cc0 df59ee384ac74e6f80a382fcb066ffcd - - default default] 10.0.0.202 "POST /v2.0/ports HTTP/1.1" status: 201 len: 942 time: 0.3050036 /var/lib/openstack/lib/python3.12/site-packages/pycadf/identifier.py:71: UserWarning: Invalid uuid: neutron. To ensure interoperability, identifiers should be a valid uuid. warnings.warn(('Invalid uuid: %s. To ensure interoperability, '
2026-04-14 08:37:39.315 10 WARNING neutron_lib.context [None req-0b79a6fe-8118-4b74-9130-24f1e86d390b 05a77c6f8d524b96a3791a90e6ba1cc0 df59ee384ac74e6f80a382fcb066ffcd - - default default] Method 'is_advsvc' is deprecated since 2023.2 release (neutron-lib 3.8.0) and will be removed once support for the old RBAC API policies will be removed from Neutron. Please use method 'is_service_role' instead.
2026-04-14 08:37:39.365 9 WARNING neutron_lib.context [None req-d8ea1d2d-fd31-4392-8e2f-cfc3bc086bbc 07601a73fb2045239f7cda2d87f53a53 91b9958e240544a9913db126ae768882 - - default default] Method 'is_advsvc' is deprecated since 2023.2 release (neutron-lib 3.8.0) and will be removed once support for the old RBAC API policies will be removed from Neutron. Please use method 'is_service_role' instead.
2026-04-14 08:37:39.482 9 INFO neutron.db.ovn_revision_numbers_db [None req-d8ea1d2d-fd31-4392-8e2f-cfc3bc086bbc 07601a73fb2045239f7cda2d87f53a53 91b9958e240544a9913db126ae768882 - - default default] Successfully bumped revision number for resource 6e39508a-8356-4cee-8c03-afe322860a5a (type: routers) to 1
2026-04-14 08:37:39.499 9 INFO neutron.api.wsgi [None req-d8ea1d2d-fd31-4392-8e2f-cfc3bc086bbc 07601a73fb2045239f7cda2d87f53a53 91b9958e240544a9913db126ae768882 - - default default] 10.0.0.202 "POST /v2.0/routers HTTP/1.1" status: 201 len: 769 time: 0.2434804
2026-04-14 08:37:39.508 9 WARNING neutron_lib.context [None req-c2ae8fbb-c6e5-4439-9bd3-4ea058bd111f 07601a73fb2045239f7cda2d87f53a53 91b9958e240544a9913db126ae768882 - - default default] Method 'is_advsvc' is deprecated since 2023.2 release (neutron-lib 3.8.0) and will be removed once support for the old RBAC API policies will be removed from Neutron. Please use method 'is_service_role' instead.
2026-04-14 08:37:39.554 10 INFO neutron.api.wsgi [None req-0b79a6fe-8118-4b74-9130-24f1e86d390b 05a77c6f8d524b96a3791a90e6ba1cc0 df59ee384ac74e6f80a382fcb066ffcd - - default default] 10.0.0.202 "POST /v2.0/trunks HTTP/1.1" status: 201 len: 608 time: 0.2435882
2026-04-14 08:37:39.565 10 WARNING neutron_lib.context [None req-5359a06b-af9a-43ed-bc3e-831ac9268a19 05a77c6f8d524b96a3791a90e6ba1cc0 df59ee384ac74e6f80a382fcb066ffcd - - default default] Method 'is_advsvc' is deprecated since 2023.2 release (neutron-lib 3.8.0) and will be removed once support for the old RBAC API policies will be removed from Neutron. Please use method 'is_service_role' instead.
2026-04-14 08:37:39.632 9 INFO neutron.db.ovn_revision_numbers_db [None req-c2ae8fbb-c6e5-4439-9bd3-4ea058bd111f 07601a73fb2045239f7cda2d87f53a53 91b9958e240544a9913db126ae768882 - - default default] Successfully bumped revision number for resource 59551b84-7756-4891-83d9-65c52399988c (type: routers) to 1
2026-04-14 08:37:39.646 9 INFO neutron.api.wsgi [None req-c2ae8fbb-c6e5-4439-9bd3-4ea058bd111f 07601a73fb2045239f7cda2d87f53a53 91b9958e240544a9913db126ae768882 - - default default] 10.0.0.202 "POST /v2.0/routers HTTP/1.1" status: 201 len: 769 time: 0.1421299
2026-04-14 08:37:39.654 10 INFO neutron.db.segments_db [None req-5359a06b-af9a-43ed-bc3e-831ac9268a19 05a77c6f8d524b96a3791a90e6ba1cc0 df59ee384ac74e6f80a382fcb066ffcd - - default default] Added segment ac326d01-6b34-410f-8c95-d4541c0a67ba of type geneve for network f8c19696-b003-4d1e-8c00-e7fd66157400
2026-04-14 08:37:39.655 9 WARNING neutron_lib.context [None req-c609ad40-4cae-4d15-af40-9a0da5c0ee8f 07601a73fb2045239f7cda2d87f53a53 91b9958e240544a9913db126ae768882 - - default default] Method 'is_advsvc' is deprecated since 2023.2 release (neutron-lib 3.8.0) and will be removed once support for the old RBAC API policies will be removed from Neutron. Please use method 'is_service_role' instead.
2026-04-14 08:37:39.754 9 INFO neutron.db.ovn_revision_numbers_db [None req-c609ad40-4cae-4d15-af40-9a0da5c0ee8f 07601a73fb2045239f7cda2d87f53a53 91b9958e240544a9913db126ae768882 - - default default] Successfully bumped revision number for resource b0efa147-5449-4b01-becb-ba100680d445 (type: routers) to 1
2026-04-14 08:37:39.772 9 INFO neutron.api.wsgi [None req-c609ad40-4cae-4d15-af40-9a0da5c0ee8f 07601a73fb2045239f7cda2d87f53a53 91b9958e240544a9913db126ae768882 - - default default] 10.0.0.202 "POST /v2.0/routers HTTP/1.1" status: 201 len: 769 time: 0.1206758
2026-04-14 08:37:39.777 10 INFO neutron.db.ovn_revision_numbers_db [None req-5359a06b-af9a-43ed-bc3e-831ac9268a19 05a77c6f8d524b96a3791a90e6ba1cc0 df59ee384ac74e6f80a382fcb066ffcd - - default default] Successfully bumped revision number for resource f8c19696-b003-4d1e-8c00-e7fd66157400 (type: networks) to 1
2026-04-14 08:37:39.782 9 WARNING neutron_lib.context [None req-05f95488-644e-41f0-af07-0ae954341ba3 07601a73fb2045239f7cda2d87f53a53 91b9958e240544a9913db126ae768882 - - default default] Method 'is_advsvc' is deprecated since 2023.2 release (neutron-lib 3.8.0) and will be removed once support for the old RBAC API policies will be removed from Neutron. Please use method 'is_service_role' instead.
2026-04-14 08:37:39.869 9 INFO neutron.db.ovn_revision_numbers_db [None req-05f95488-644e-41f0-af07-0ae954341ba3 07601a73fb2045239f7cda2d87f53a53 91b9958e240544a9913db126ae768882 - - default default] Successfully bumped revision number for resource 8e8744e6-20f5-4d34-b4ee-38831ec0e34b (type: routers) to 1
2026-04-14 08:37:39.884 9 INFO neutron.api.wsgi [None req-05f95488-644e-41f0-af07-0ae954341ba3 07601a73fb2045239f7cda2d87f53a53 91b9958e240544a9913db126ae768882 - - default default] 10.0.0.202 "POST /v2.0/routers HTTP/1.1" status: 201 len: 769 time: 0.1061466
2026-04-14 08:37:39.894 9 WARNING neutron_lib.context [None req-ba5d5611-eb15-4411-8caa-7b35da58e60d 07601a73fb2045239f7cda2d87f53a53 91b9958e240544a9913db126ae768882 - - default default] Method 'is_advsvc' is deprecated since 2023.2 release (neutron-lib 3.8.0) and will be removed once support for the old RBAC API policies will be removed from Neutron. Please use method 'is_service_role' instead.
2026-04-14 08:37:39.925 10 WARNING neutron.scheduler.dhcp_agent_scheduler [None req-5359a06b-af9a-43ed-bc3e-831ac9268a19 05a77c6f8d524b96a3791a90e6ba1cc0 df59ee384ac74e6f80a382fcb066ffcd - - default default] No more DHCP agents
2026-04-14 08:37:39.926 10 WARNING neutron.api.rpc.agentnotifiers.dhcp_rpc_agent_api [None req-5359a06b-af9a-43ed-bc3e-831ac9268a19 05a77c6f8d524b96a3791a90e6ba1cc0 df59ee384ac74e6f80a382fcb066ffcd - - default default] Unable to schedule network f8c19696-b003-4d1e-8c00-e7fd66157400: no agents available; will retry on subsequent port and subnet creation events.
2026-04-14 08:37:39.991 10 INFO neutron.db.ovn_revision_numbers_db [None req-5359a06b-af9a-43ed-bc3e-831ac9268a19 05a77c6f8d524b96a3791a90e6ba1cc0 df59ee384ac74e6f80a382fcb066ffcd - - default default] Successfully bumped revision number for resource 6476cba7-7336-4ef9-b75e-c36c1035e223 (type: ports) to 1
2026-04-14 08:37:40.004 9 INFO neutron.db.ovn_revision_numbers_db [None req-ba5d5611-eb15-4411-8caa-7b35da58e60d 07601a73fb2045239f7cda2d87f53a53 91b9958e240544a9913db126ae768882 - - default default] Successfully bumped revision number for resource 0c65ae36-d958-4fc7-acde-bcf8ba6d1f3a (type: routers) to 1
2026-04-14 08:37:40.011 10 INFO neutron.api.wsgi [None req-5359a06b-af9a-43ed-bc3e-831ac9268a19 05a77c6f8d524b96a3791a90e6ba1cc0 df59ee384ac74e6f80a382fcb066ffcd - - default default] 10.0.0.202 "POST /v2.0/networks HTTP/1.1" status: 201 len: 831 time: 0.4514954
2026-04-14 08:37:40.021 9 WARNING neutron_lib.context [None req-95c11004-57c8-49d4-af20-f2e65bf4db1b 05a77c6f8d524b96a3791a90e6ba1cc0 df59ee384ac74e6f80a382fcb066ffcd - - default default] Method 'is_advsvc' is deprecated since 2023.2 release (neutron-lib 3.8.0) and will be removed once support for the old RBAC API policies will be removed from Neutron. Please use method 'is_service_role' instead.
2026-04-14 08:37:40.025 9 INFO neutron.api.wsgi [None req-ba5d5611-eb15-4411-8caa-7b35da58e60d 07601a73fb2045239f7cda2d87f53a53 91b9958e240544a9913db126ae768882 - - default default] 10.0.0.202 "POST /v2.0/routers HTTP/1.1" status: 201 len: 769 time: 0.1353536
2026-04-14 08:37:40.081 10 INFO neutron.api.wsgi [None req-86b29405-0661-46be-ae96-f5052e299795 07601a73fb2045239f7cda2d87f53a53 91b9958e240544a9913db126ae768882 - - default default] 10.0.0.202 "PUT /v2.0/routers/6e39508a-8356-4cee-8c03-afe322860a5a/tags HTTP/1.1" status: 200 len: 210 time: 0.0500638
2026-04-14 08:37:40.263 9 WARNING neutron.scheduler.dhcp_agent_scheduler [None req-95c11004-57c8-49d4-af20-f2e65bf4db1b 05a77c6f8d524b96a3791a90e6ba1cc0 df59ee384ac74e6f80a382fcb066ffcd - - default default] No more DHCP agents
2026-04-14 08:37:40.264 9 WARNING neutron.api.rpc.agentnotifiers.dhcp_rpc_agent_api [None req-95c11004-57c8-49d4-af20-f2e65bf4db1b 05a77c6f8d524b96a3791a90e6ba1cc0 df59ee384ac74e6f80a382fcb066ffcd - - default default] Unable to schedule network f8c19696-b003-4d1e-8c00-e7fd66157400: no agents available; will retry on subsequent port and subnet creation events.
2026-04-14 08:37:40.344 9 INFO neutron.db.ovn_revision_numbers_db [None req-95c11004-57c8-49d4-af20-f2e65bf4db1b 05a77c6f8d524b96a3791a90e6ba1cc0 df59ee384ac74e6f80a382fcb066ffcd - - default default] Successfully bumped revision number for resource 32673c60-a7dc-471d-9630-5075e88881c5 (type: ports) to 1
2026-04-14 08:37:40.363 10 INFO neutron.api.wsgi [None req-4e1ac6a6-53a4-4214-9017-4489a9d6e0e0 07601a73fb2045239f7cda2d87f53a53 91b9958e240544a9913db126ae768882 - - default default] 10.0.0.202 "PUT /v2.0/routers/59551b84-7756-4891-83d9-65c52399988c/tags HTTP/1.1" status: 200 len: 218 time: 0.2754068
2026-04-14 08:37:40.371 9 INFO neutron.api.wsgi [None req-95c11004-57c8-49d4-af20-f2e65bf4db1b 05a77c6f8d524b96a3791a90e6ba1cc0 df59ee384ac74e6f80a382fcb066ffcd - - default default] 10.0.0.202 "POST /v2.0/ports HTTP/1.1" status: 201 len: 942 time: 0.3545496 /var/lib/openstack/lib/python3.12/site-packages/pycadf/identifier.py:71: UserWarning: Invalid uuid: neutron. To ensure interoperability, identifiers should be a valid uuid. warnings.warn(('Invalid uuid: %s. To ensure interoperability, '
2026-04-14 08:37:40.380 9 WARNING neutron_lib.context [None req-78e27126-f8f7-4a09-a491-f5aa5c12c66a 05a77c6f8d524b96a3791a90e6ba1cc0 df59ee384ac74e6f80a382fcb066ffcd - - default default] Method 'is_advsvc' is deprecated since 2023.2 release (neutron-lib 3.8.0) and will be removed once support for the old RBAC API policies will be removed from Neutron. Please use method 'is_service_role' instead.
2026-04-14 08:37:40.418 10 INFO neutron.api.wsgi [None req-d2e679a5-0b84-4580-b5ec-4fdb3f598c73 07601a73fb2045239f7cda2d87f53a53 91b9958e240544a9913db126ae768882 - - default default] 10.0.0.202 "PUT /v2.0/routers/b0efa147-5449-4b01-becb-ba100680d445/tags HTTP/1.1" status: 200 len: 227 time: 0.0486643
2026-04-14 08:37:40.460 10 INFO neutron.api.wsgi [None req-a8c91948-fa20-4312-8585-7d2076764514 07601a73fb2045239f7cda2d87f53a53 91b9958e240544a9913db126ae768882 - - default default] 10.0.0.202 "PUT /v2.0/routers/8e8744e6-20f5-4d34-b4ee-38831ec0e34b/tags HTTP/1.1" status: 200 len: 212 time: 0.0345051
2026-04-14 08:37:40.521 10 INFO neutron.api.wsgi [None req-0a357142-346e-4827-b3ee-ebdd0bdabb1a 07601a73fb2045239f7cda2d87f53a53 91b9958e240544a9913db126ae768882 - - default default] 10.0.0.202 "GET /v2.0/routers?tags=red HTTP/1.1" status: 200 len: 1946 time: 0.0549984
2026-04-14 08:37:40.552 9 INFO neutron.api.wsgi [None req-78e27126-f8f7-4a09-a491-f5aa5c12c66a 05a77c6f8d524b96a3791a90e6ba1cc0 df59ee384ac74e6f80a382fcb066ffcd - - default default] 10.0.0.202 "POST /v2.0/trunks HTTP/1.1" status: 201 len: 608 time: 0.1770766
2026-04-14 08:37:40.562 9 WARNING neutron_lib.context [None req-32450ec8-d87a-4320-a9e2-501b1f2ba550 05a77c6f8d524b96a3791a90e6ba1cc0 df59ee384ac74e6f80a382fcb066ffcd - - default default] Method 'is_advsvc' is deprecated since 2023.2 release (neutron-lib 3.8.0) and will be removed once support for the old RBAC API policies will be removed from Neutron. Please use method 'is_service_role' instead.
2026-04-14 08:37:40.579 10 INFO neutron.api.wsgi [None req-90b047db-a3aa-44ab-828a-4264da704cd2 07601a73fb2045239f7cda2d87f53a53 91b9958e240544a9913db126ae768882 - - default default] 10.0.0.202 "GET /v2.0/routers?tags=red%2Cblue HTTP/1.1" status: 200 len: 1375 time: 0.0526519
2026-04-14 08:37:40.645 10 INFO neutron.api.wsgi [None req-72e873ac-eba1-4636-a508-f202fe3a3c26 07601a73fb2045239f7cda2d87f53a53 91b9958e240544a9913db126ae768882 - - default default] 10.0.0.202 "GET /v2.0/routers?tags-any=blue HTTP/1.1" status: 200 len: 1375 time: 0.0618494
2026-04-14 08:37:40.646 9 INFO neutron.db.segments_db [None req-32450ec8-d87a-4320-a9e2-501b1f2ba550 05a77c6f8d524b96a3791a90e6ba1cc0 df59ee384ac74e6f80a382fcb066ffcd - - default default] Added segment 6b734cf6-93f3-47ea-b585-5c0a3a202f14 of type geneve for network 81f88167-6f93-4ff6-ba1a-a6828e746048
2026-04-14 08:37:40.679 10 INFO neutron.api.wsgi [req-9d1fbfe9-7f62-45b1-ad61-7c9663b2cae6 req-b3943606-bbb0-4c57-93c4-1452e3425e2e aa86403a62c646648cc4dad8d4aed6fc 1dc4b7bf006945539e55b6b1ab360b6a - - default default] 10.0.0.168 "GET /v2.0/networks?id=519522b1-e70e-4589-b7db-80bf187d7366 HTTP/1.1" status: 200 len: 872 time: 0.0471225
2026-04-14 08:37:40.695 10 INFO neutron.api.wsgi [req-9d1fbfe9-7f62-45b1-ad61-7c9663b2cae6 req-e9910d1e-c852-4c1f-a20b-49c5824dee0c aa86403a62c646648cc4dad8d4aed6fc 1dc4b7bf006945539e55b6b1ab360b6a - - default default] 10.0.0.168 "GET /v2.0/quotas/1dc4b7bf006945539e55b6b1ab360b6a HTTP/1.1" status: 200 len: 491 time: 0.0089092
2026-04-14 08:37:40.700 9 INFO neutron.api.wsgi [None req-de96541c-3d21-4b2a-a06a-42bfb3633371 07601a73fb2045239f7cda2d87f53a53 91b9958e240544a9913db126ae768882 - - default default] 10.0.0.202 "GET /v2.0/routers?tags-any=red%2Cblue HTTP/1.1" status: 200 len: 1946 time: 0.0482175
2026-04-14 08:37:40.769 9 INFO neutron.api.wsgi [None req-4f9122d6-c813-43f8-9af3-72b57d37aa9e 07601a73fb2045239f7cda2d87f53a53 91b9958e240544a9913db126ae768882 - - default default] 10.0.0.202 "GET /v2.0/routers?not-tags=red HTTP/1.1" status: 200 len: 1347 time: 0.0629969
2026-04-14 08:37:40.776 10 INFO neutron.api.wsgi [req-9d1fbfe9-7f62-45b1-ad61-7c9663b2cae6 req-aef7fa9a-7785-44aa-ad03-0bcd37a3932d aa86403a62c646648cc4dad8d4aed6fc 1dc4b7bf006945539e55b6b1ab360b6a - - default default] 10.0.0.168 "GET /v2.0/ports?tenant_id=1dc4b7bf006945539e55b6b1ab360b6a&fields=id HTTP/1.1" status: 200 len: 302 time: 0.0752833
2026-04-14 08:37:40.833 10 INFO neutron.api.wsgi [req-9d1fbfe9-7f62-45b1-ad61-7c9663b2cae6 req-3eee096d-5d6b-4b4f-82b6-a20aa1199fa3 1d7b2d2c69ff40e8bd9cf43f5fd3632e bd3901792eca4d22b3eaa9bd9526ce90 - - 214d9bc4be274bc68d120ef41c8246ed 214d9bc4be274bc68d120ef41c8246ed] 10.0.0.168 "GET /v2.0/networks/519522b1-e70e-4589-b7db-80bf187d7366?fields=segments HTTP/1.1" status: 200 len: 212 time: 0.0482075
2026-04-14 08:37:40.835 9 INFO neutron.api.wsgi [None req-fb148e0e-c6c6-4e8a-976e-6b7cf055d142 07601a73fb2045239f7cda2d87f53a53 91b9958e240544a9913db126ae768882 - - default default] 10.0.0.202 "GET /v2.0/routers?not-tags=red%2Cblue HTTP/1.1" status: 200 len: 1918 time: 0.0600562
2026-04-14 08:37:40.879 9 INFO neutron.db.ovn_revision_numbers_db [None req-32450ec8-d87a-4320-a9e2-501b1f2ba550 05a77c6f8d524b96a3791a90e6ba1cc0 df59ee384ac74e6f80a382fcb066ffcd - - default default] Successfully bumped revision number for resource 81f88167-6f93-4ff6-ba1a-a6828e746048 (type: networks) to 1
2026-04-14 08:37:40.938 10 INFO neutron.api.wsgi [None req-e2734193-25b7-4f39-ac21-7d852f987ca4 07601a73fb2045239f7cda2d87f53a53 91b9958e240544a9913db126ae768882 - - default default] 10.0.0.202 "GET /v2.0/routers?not-tags-any=blue HTTP/1.1" status: 200 len: 1918 time: 0.0955205
2026-04-14 08:37:40.970 10 INFO neutron.api.wsgi [None req-e1d0d2fb-a3f1-4afe-95d6-f4f220a9a5fc 3614a776330f4b00a98a52bcfb9a5ebb 1318d5ebbdf04db593413fe326d2106b - - default default] 10.0.0.202 "GET /v2.0/ports?project_id=960b0c9d3576427bb458239b5de5a256&network_id=7a713fa7-b9dc-4f72-b159-e0ab199a636c HTTP/1.1" status: 200 len: 3510 time: 0.0830874
2026-04-14 08:37:40.975 10 INFO neutron.api.wsgi [req-9d1fbfe9-7f62-45b1-ad61-7c9663b2cae6 req-c03c8ad8-47e1-4465-a5fd-9111e24c8790 1d7b2d2c69ff40e8bd9cf43f5fd3632e bd3901792eca4d22b3eaa9bd9526ce90 - - 214d9bc4be274bc68d120ef41c8246ed 214d9bc4be274bc68d120ef41c8246ed] 10.0.0.168 "GET /v2.0/networks/519522b1-e70e-4589-b7db-80bf187d7366?fields=provider%3Aphysical_network&fields=provider%3Anetwork_type HTTP/1.1" status: 200 len: 277 time: 0.1337814
2026-04-14 08:37:41.002 9 INFO neutron.api.wsgi [None req-be5f2c80-c83b-4b40-b60e-133e542fe381 07601a73fb2045239f7cda2d87f53a53 91b9958e240544a9913db126ae768882 - - default default] 10.0.0.202 "GET /v2.0/routers?not-tags-any=red%2Cblue HTTP/1.1" status: 200 len: 1347 time: 0.0567636
2026-04-14 08:37:41.042 10 INFO neutron.api.wsgi [None req-d1380a64-1c98-4ff0-8953-490a9fa242ea 07601a73fb2045239f7cda2d87f53a53 91b9958e240544a9913db126ae768882 - - default default] 10.0.0.202 "GET /v2.0/routers/6e39508a-8356-4cee-8c03-afe322860a5a HTTP/1.1" status: 200 len: 775 time: 0.0344992
2026-04-14 08:37:41.086 9 INFO neutron.api.wsgi [req-45f06c15-ce2d-40c9-b776-c5f6f1e0c3a6 req-928df2e4-fa36-43aa-8418-831a7c02f5cf aa86403a62c646648cc4dad8d4aed6fc 1dc4b7bf006945539e55b6b1ab360b6a - - default default] 10.0.0.168 "GET /v2.0/ports?device_id=a90167c4-0b05-45f2-a52a-10b2b6da2132 HTTP/1.1" status: 200 len: 210 time: 0.0136137
2026-04-14 08:37:41.090 9 WARNING neutron.scheduler.dhcp_agent_scheduler [None req-32450ec8-d87a-4320-a9e2-501b1f2ba550 05a77c6f8d524b96a3791a90e6ba1cc0 df59ee384ac74e6f80a382fcb066ffcd - - default default] No more DHCP agents
2026-04-14 08:37:41.091 9 WARNING neutron.api.rpc.agentnotifiers.dhcp_rpc_agent_api [None req-32450ec8-d87a-4320-a9e2-501b1f2ba550 05a77c6f8d524b96a3791a90e6ba1cc0 df59ee384ac74e6f80a382fcb066ffcd - - default default] Unable to schedule network 81f88167-6f93-4ff6-ba1a-a6828e746048: no agents available; will retry on subsequent port and subnet creation events.
2026-04-14 08:37:41.167 9 INFO neutron.db.ovn_revision_numbers_db [None req-32450ec8-d87a-4320-a9e2-501b1f2ba550 05a77c6f8d524b96a3791a90e6ba1cc0 df59ee384ac74e6f80a382fcb066ffcd - - default default] Successfully bumped revision number for resource 0c04b21d-1cf3-4f2d-bcf8-a4770dd7b80f (type: ports) to 1
2026-04-14 08:37:41.188 9 INFO neutron.api.wsgi [None req-32450ec8-d87a-4320-a9e2-501b1f2ba550 05a77c6f8d524b96a3791a90e6ba1cc0 df59ee384ac74e6f80a382fcb066ffcd - - default default] 10.0.0.202 "POST /v2.0/networks HTTP/1.1" status: 201 len: 830 time: 0.6301296
2026-04-14 08:37:41.197 9 WARNING neutron_lib.context [None req-2f0ef7dc-21f1-4f61-9502-ac40a50dc378 05a77c6f8d524b96a3791a90e6ba1cc0 df59ee384ac74e6f80a382fcb066ffcd - - default default] Method 'is_advsvc' is deprecated since 2023.2 release (neutron-lib 3.8.0) and will be removed once support for the old RBAC API policies will be removed from Neutron. Please use method 'is_service_role' instead.
2026-04-14 08:37:41.271 9 INFO neutron.api.wsgi [None req-3a490cc8-88f4-40ff-a05f-8704154d5a44 3614a776330f4b00a98a52bcfb9a5ebb 1318d5ebbdf04db593413fe326d2106b - - default default] 10.0.0.202 "GET /v2.0/subnets?network_id=4cede13b-f46d-47bd-bf30-693124558b9c HTTP/1.1" status: 200 len: 861 time: 0.0397713
2026-04-14 08:37:41.321 10 INFO neutron.db.ovn_revision_numbers_db [None req-10cc6313-3b7c-4dda-a278-744d3bd7c82d 07601a73fb2045239f7cda2d87f53a53 91b9958e240544a9913db126ae768882 - - default default] Successfully bumped revision number for resource 6e39508a-8356-4cee-8c03-afe322860a5a (type: routers) to 2
2026-04-14 08:37:41.328 10 INFO neutron.api.wsgi [None req-10cc6313-3b7c-4dda-a278-744d3bd7c82d 07601a73fb2045239f7cda2d87f53a53 91b9958e240544a9913db126ae768882 - - default default] 10.0.0.202 "PUT /v2.0/routers/6e39508a-8356-4cee-8c03-afe322860a5a HTTP/1.1" status: 200 len: 775 time: 0.2813439
2026-04-14 08:37:41.348 10 INFO neutron.api.wsgi [None req-d8fe5062-b6b3-402b-be18-2abb55524e8b 07601a73fb2045239f7cda2d87f53a53 91b9958e240544a9913db126ae768882 - - default default] 10.0.0.202 "GET /v2.0/ports?device_id=6e39508a-8356-4cee-8c03-afe322860a5a HTTP/1.1" status: 200 len: 205 time: 0.0141635
2026-04-14 08:37:41.504 9 WARNING neutron.scheduler.dhcp_agent_scheduler [None req-2f0ef7dc-21f1-4f61-9502-ac40a50dc378 05a77c6f8d524b96a3791a90e6ba1cc0 df59ee384ac74e6f80a382fcb066ffcd - - default default] No more DHCP agents
2026-04-14 08:37:41.506 9 WARNING neutron.api.rpc.agentnotifiers.dhcp_rpc_agent_api [None req-2f0ef7dc-21f1-4f61-9502-ac40a50dc378 05a77c6f8d524b96a3791a90e6ba1cc0 df59ee384ac74e6f80a382fcb066ffcd - - default default] Unable to schedule network 81f88167-6f93-4ff6-ba1a-a6828e746048: no agents available; will retry on subsequent port and subnet creation events.
2026-04-14 08:37:41.510 10 INFO neutron.api.wsgi [None req-14c23081-ab36-4a85-9643-718d1629ea07 07601a73fb2045239f7cda2d87f53a53 91b9958e240544a9913db126ae768882 - - default default] 10.0.0.202 "DELETE /v2.0/routers/6e39508a-8356-4cee-8c03-afe322860a5a HTTP/1.1" status: 204 len: 168 time: 0.1549795
2026-04-14 08:37:41.554 10 INFO neutron.api.wsgi [None req-3fbd9b7a-483a-4911-a13a-b1adf90c8647 07601a73fb2045239f7cda2d87f53a53 91b9958e240544a9913db126ae768882 - - default default] 10.0.0.202 "GET /v2.0/routers/59551b84-7756-4891-83d9-65c52399988c HTTP/1.1" status: 200 len: 783 time: 0.0392814
2026-04-14 08:37:41.594 9 INFO neutron.db.ovn_revision_numbers_db [None req-5ac9bc2e-9495-445c-8d63-a523944cba16 a45375881de54ab0ad983249befcb75f 960b0c9d3576427bb458239b5de5a256 - - default default] Successfully bumped revision number for resource 27f969f3-6eb9-45c9-972c-bbfe98adfe4f (type: floatingips) to 2
2026-04-14 08:37:41.609 9 INFO neutron.db.ovn_revision_numbers_db [None req-2f0ef7dc-21f1-4f61-9502-ac40a50dc378 05a77c6f8d524b96a3791a90e6ba1cc0 df59ee384ac74e6f80a382fcb066ffcd - - default default] Successfully bumped revision number for resource 847b8be5-c88a-4c91-90ca-85459dc12345 (type: ports) to 1
2026-04-14 08:37:41.637 9 INFO neutron.api.wsgi [None req-2f0ef7dc-21f1-4f61-9502-ac40a50dc378 05a77c6f8d524b96a3791a90e6ba1cc0 df59ee384ac74e6f80a382fcb066ffcd - - default default] 10.0.0.202 "POST /v2.0/ports HTTP/1.1" status: 201 len: 942 time: 0.4441693 /var/lib/openstack/lib/python3.12/site-packages/pycadf/identifier.py:71: UserWarning: Invalid uuid: neutron. To ensure interoperability, identifiers should be a valid uuid. warnings.warn(('Invalid uuid: %s. To ensure interoperability, '
2026-04-14 08:37:41.646 9 WARNING neutron_lib.context [None req-28313213-4f79-401a-b3f2-92c65b64edba 05a77c6f8d524b96a3791a90e6ba1cc0 df59ee384ac74e6f80a382fcb066ffcd - - default default] Method 'is_advsvc' is deprecated since 2023.2 release (neutron-lib 3.8.0) and will be removed once support for the old RBAC API policies will be removed from Neutron. Please use method 'is_service_role' instead.
2026-04-14 08:37:41.650 9 INFO neutron.db.l3_db [None req-5ac9bc2e-9495-445c-8d63-a523944cba16 a45375881de54ab0ad983249befcb75f 960b0c9d3576427bb458239b5de5a256 - - default default] Floating IP 27f969f3-6eb9-45c9-972c-bbfe98adfe4f disassociated. External IP: 10.96.250.203, port: 7a10d7c8-30b2-48c1-a842-7da524299ae9.
2026-04-14 08:37:41.681 9 INFO neutron.api.wsgi [None req-5ac9bc2e-9495-445c-8d63-a523944cba16 a45375881de54ab0ad983249befcb75f 960b0c9d3576427bb458239b5de5a256 - - default default] 10.0.0.202 "PUT /v2.0/floatingips/27f969f3-6eb9-45c9-972c-bbfe98adfe4f HTTP/1.1" status: 200 len: 748 time: 0.2686133
2026-04-14 08:37:41.709 10 INFO neutron.api.wsgi [-] 10.0.0.241 "GET / HTTP/1.1" status: 200 len: 246 time: 0.0013447
2026-04-14 08:37:41.710 9 INFO neutron.api.wsgi [None req-ea4b5cfd-98f6-4792-b1ab-03806eff33a2 a45375881de54ab0ad983249befcb75f 960b0c9d3576427bb458239b5de5a256 - - default default] 10.0.0.202 "GET /v2.0/floatingips/27f969f3-6eb9-45c9-972c-bbfe98adfe4f HTTP/1.1" status: 200 len: 746 time: 0.0233264
2026-04-14 08:37:41.711 10 INFO neutron.api.wsgi [-] 10.0.0.241 "GET / HTTP/1.1" status: 200 len: 246 time: 0.0010238
2026-04-14 08:37:41.718 9 INFO neutron.notifiers.nova [-] Nova event matching ['req-408497bb-3f95-4672-aff3-3d21384ecb0b'] response: {'name': 'network-changed', 'server_uuid': 'fd69cd9a-0888-43a2-bb08-076253e41f21', 'tag': '7a10d7c8-30b2-48c1-a842-7da524299ae9', 'status': 'completed', 'code': 200}
2026-04-14 08:37:41.807 10 INFO neutron.db.ovn_revision_numbers_db [None req-3d1af9f4-130a-49a5-b444-f7e96e2d608c 07601a73fb2045239f7cda2d87f53a53 91b9958e240544a9913db126ae768882 - - default default] Successfully bumped revision number for resource 59551b84-7756-4891-83d9-65c52399988c (type: routers) to 2
2026-04-14 08:37:41.813 10 INFO neutron.api.wsgi [None req-3d1af9f4-130a-49a5-b444-f7e96e2d608c 07601a73fb2045239f7cda2d87f53a53 91b9958e240544a9913db126ae768882 - - default default] 10.0.0.202 "PUT /v2.0/routers/59551b84-7756-4891-83d9-65c52399988c HTTP/1.1" status: 200 len: 783 time: 0.2537382
2026-04-14 08:37:41.832 10 INFO neutron.api.wsgi [None req-a9a982b6-ac07-4793-b2f2-967ee9622e59 07601a73fb2045239f7cda2d87f53a53 91b9958e240544a9913db126ae768882 - - default default] 10.0.0.202 "GET /v2.0/ports?device_id=59551b84-7756-4891-83d9-65c52399988c HTTP/1.1" status: 200 len: 205 time: 0.0143783
2026-04-14 08:37:41.835 9 INFO neutron.api.wsgi [None req-28313213-4f79-401a-b3f2-92c65b64edba 05a77c6f8d524b96a3791a90e6ba1cc0 df59ee384ac74e6f80a382fcb066ffcd - - default default] 10.0.0.202 "POST /v2.0/trunks HTTP/1.1" status: 201 len: 608 time: 0.1930089
2026-04-14 08:37:41.844 9 WARNING neutron_lib.context [None req-4c1d78c0-3f47-4464-8c55-dc81c95e0ef7 05a77c6f8d524b96a3791a90e6ba1cc0 df59ee384ac74e6f80a382fcb066ffcd - - default default] Method 'is_advsvc' is deprecated since 2023.2 release (neutron-lib 3.8.0) and will be removed once support for the old RBAC API policies will be removed from Neutron. Please use method 'is_service_role' instead.
2026-04-14 08:37:41.919 9 INFO neutron.db.segments_db [None req-4c1d78c0-3f47-4464-8c55-dc81c95e0ef7 05a77c6f8d524b96a3791a90e6ba1cc0 df59ee384ac74e6f80a382fcb066ffcd - - default default] Added segment c874d9f2-6a88-4e80-992f-4b9e3d61fec3 of type geneve for network 71e844b0-d713-4cc4-b0b5-8fbdf6a020ca
2026-04-14 08:37:41.999 10 INFO neutron.api.wsgi [None req-bbc6b0ae-5025-4524-8b07-59688b411d92 07601a73fb2045239f7cda2d87f53a53 91b9958e240544a9913db126ae768882 - - default default] 10.0.0.202 "DELETE /v2.0/routers/59551b84-7756-4891-83d9-65c52399988c HTTP/1.1" status: 204 len: 168 time: 0.1601288
2026-04-14 08:37:42.040 9 INFO neutron.api.wsgi [None req-ebe8e27c-115e-41cb-8ca8-2c08a74121ea 07601a73fb2045239f7cda2d87f53a53 91b9958e240544a9913db126ae768882 - - default default] 10.0.0.202 "GET /v2.0/routers/b0efa147-5449-4b01-becb-ba100680d445 HTTP/1.1" status: 200 len: 792 time: 0.0356867
2026-04-14 08:37:42.044 9 INFO neutron.db.ovn_revision_numbers_db [None req-4c1d78c0-3f47-4464-8c55-dc81c95e0ef7 05a77c6f8d524b96a3791a90e6ba1cc0 df59ee384ac74e6f80a382fcb066ffcd - - default default] Successfully bumped revision number for resource 71e844b0-d713-4cc4-b0b5-8fbdf6a020ca (type: networks) to 1
2026-04-14 08:37:42.172 9 INFO neutron.api.wsgi [req-ceff44c2-5b93-48de-88dc-b67e6f9c5b09 req-774f0c36-c598-45ed-92db-684039613098 aa86403a62c646648cc4dad8d4aed6fc 1dc4b7bf006945539e55b6b1ab360b6a - - default default] 10.0.0.168 "GET /v2.0/ports?device_id=a90167c4-0b05-45f2-a52a-10b2b6da2132 HTTP/1.1" status: 200 len: 210 time: 0.0228150
2026-04-14 08:37:42.279 9 INFO neutron.api.wsgi [req-8eddfe99-de7f-4030-b628-4735ff01aae8 req-fe12958c-c7a2-40cd-826c-4e816806896b 1d7b2d2c69ff40e8bd9cf43f5fd3632e bd3901792eca4d22b3eaa9bd9526ce90 - - 214d9bc4be274bc68d120ef41c8246ed 214d9bc4be274bc68d120ef41c8246ed] 199.204.45.78 "GET /v2.0/ports?tenant_id=960b0c9d3576427bb458239b5de5a256&device_id=fd69cd9a-0888-43a2-bb08-076253e41f21 HTTP/1.1" status: 200 len: 1409 time: 0.0517826
2026-04-14 08:37:42.338 9 WARNING neutron.scheduler.dhcp_agent_scheduler [None req-4c1d78c0-3f47-4464-8c55-dc81c95e0ef7 05a77c6f8d524b96a3791a90e6ba1cc0 df59ee384ac74e6f80a382fcb066ffcd - - default default] No more DHCP agents
2026-04-14 08:37:42.341 9 WARNING neutron.api.rpc.agentnotifiers.dhcp_rpc_agent_api [None req-4c1d78c0-3f47-4464-8c55-dc81c95e0ef7 05a77c6f8d524b96a3791a90e6ba1cc0 df59ee384ac74e6f80a382fcb066ffcd - - default default] Unable to schedule network 71e844b0-d713-4cc4-b0b5-8fbdf6a020ca: no agents available; will retry on subsequent port and subnet creation events.
2026-04-14 08:37:42.375 9 INFO neutron.api.wsgi [req-8eddfe99-de7f-4030-b628-4735ff01aae8 req-209bab4f-14c6-4275-93e7-98afac4ef717 1d7b2d2c69ff40e8bd9cf43f5fd3632e bd3901792eca4d22b3eaa9bd9526ce90 - - 214d9bc4be274bc68d120ef41c8246ed 214d9bc4be274bc68d120ef41c8246ed] 199.204.45.78 "GET /v2.0/networks?id=7a713fa7-b9dc-4f72-b159-e0ab199a636c HTTP/1.1" status: 200 len: 959 time: 0.0902033
2026-04-14 08:37:42.381 9 INFO neutron.db.ovn_revision_numbers_db [None req-107c1e84-2f99-4d5b-b592-733e0008b022 07601a73fb2045239f7cda2d87f53a53 91b9958e240544a9913db126ae768882 - - default default] Successfully bumped revision number for resource b0efa147-5449-4b01-becb-ba100680d445 (type: routers) to 2
2026-04-14 08:37:42.386 9 INFO neutron.api.wsgi [None req-107c1e84-2f99-4d5b-b592-733e0008b022 07601a73fb2045239f7cda2d87f53a53 91b9958e240544a9913db126ae768882 - - default default] 10.0.0.202 "PUT /v2.0/routers/b0efa147-5449-4b01-becb-ba100680d445 HTTP/1.1" status: 200 len: 792 time: 0.3392553
2026-04-14 08:37:42.408 9 INFO neutron.api.wsgi [req-8eddfe99-de7f-4030-b628-4735ff01aae8 req-88253b28-865f-4c6c-a620-704b782b860d 1d7b2d2c69ff40e8bd9cf43f5fd3632e bd3901792eca4d22b3eaa9bd9526ce90 - - 214d9bc4be274bc68d120ef41c8246ed 214d9bc4be274bc68d120ef41c8246ed] 199.204.45.78 "GET /v2.0/floatingips?fixed_ip_address=10.100.0.6&port_id=7a10d7c8-30b2-48c1-a842-7da524299ae9 HTTP/1.1" status: 200 len: 217 time: 0.0260305
2026-04-14 08:37:42.412 10 INFO neutron.api.wsgi [None req-9a6ffca9-874c-48c3-8c20-a13a1fdf44df 07601a73fb2045239f7cda2d87f53a53 91b9958e240544a9913db126ae768882 - - default default] 10.0.0.202 "GET /v2.0/ports?device_id=b0efa147-5449-4b01-becb-ba100680d445 HTTP/1.1" status: 200 len: 205 time: 0.0206485
2026-04-14 08:37:42.434 9 INFO neutron.db.ovn_revision_numbers_db [None req-4c1d78c0-3f47-4464-8c55-dc81c95e0ef7 05a77c6f8d524b96a3791a90e6ba1cc0 df59ee384ac74e6f80a382fcb066ffcd - - default default] Successfully bumped revision number for resource f4796c24-4faf-4a9e-a91b-962c30d26634 (type: ports) to 1
2026-04-14 08:37:42.438 9 INFO neutron.api.wsgi [req-8eddfe99-de7f-4030-b628-4735ff01aae8 req-e870bb6f-50f3-46f1-8174-e87f225daf1d 1d7b2d2c69ff40e8bd9cf43f5fd3632e bd3901792eca4d22b3eaa9bd9526ce90 - - 214d9bc4be274bc68d120ef41c8246ed 214d9bc4be274bc68d120ef41c8246ed] 199.204.45.78 "GET /v2.0/subnets?id=de79faab-6193-42d4-9a43-566c69785221 HTTP/1.1" status: 200 len: 877 time: 0.0233812
2026-04-14 08:37:42.457 9 INFO neutron.api.wsgi [req-8eddfe99-de7f-4030-b628-4735ff01aae8 req-03f6e2a3-7799-4f6e-a6be-c6393bd0983f 1d7b2d2c69ff40e8bd9cf43f5fd3632e bd3901792eca4d22b3eaa9bd9526ce90 - - 214d9bc4be274bc68d120ef41c8246ed 214d9bc4be274bc68d120ef41c8246ed] 199.204.45.78 "GET /v2.0/ports?network_id=7a713fa7-b9dc-4f72-b159-e0ab199a636c&device_owner=network%3Adhcp HTTP/1.1" status: 200 len: 210 time: 0.0131006
2026-04-14 08:37:42.466 9 INFO neutron.api.wsgi [None req-4c1d78c0-3f47-4464-8c55-dc81c95e0ef7 05a77c6f8d524b96a3791a90e6ba1cc0 df59ee384ac74e6f80a382fcb066ffcd - - default default] 10.0.0.202 "POST /v2.0/networks HTTP/1.1" status: 201 len: 831 time: 0.6260207
2026-04-14 08:37:42.476 10 WARNING neutron_lib.context [None req-32bef727-02c9-4db5-98e8-be8b39229b88 05a77c6f8d524b96a3791a90e6ba1cc0 df59ee384ac74e6f80a382fcb066ffcd - - default default] Method 'is_advsvc' is deprecated since 2023.2 release (neutron-lib 3.8.0) and will be removed once support for the old RBAC API policies will be removed from Neutron. Please use method 'is_service_role' instead.
2026-04-14 08:37:42.507 9 INFO neutron.api.wsgi [req-8eddfe99-de7f-4030-b628-4735ff01aae8 req-43403cd8-9af6-4a32-b6ad-99bb11782d3d 1d7b2d2c69ff40e8bd9cf43f5fd3632e bd3901792eca4d22b3eaa9bd9526ce90 - - 214d9bc4be274bc68d120ef41c8246ed 214d9bc4be274bc68d120ef41c8246ed] 199.204.45.78 "GET /v2.0/networks/7a713fa7-b9dc-4f72-b159-e0ab199a636c?fields=segments HTTP/1.1" status: 200 len: 212 time: 0.0402555
2026-04-14 08:37:42.553 9 INFO neutron.api.wsgi [req-8eddfe99-de7f-4030-b628-4735ff01aae8 req-f3f18b10-16c9-43b3-8b4c-e272861dd980 1d7b2d2c69ff40e8bd9cf43f5fd3632e bd3901792eca4d22b3eaa9bd9526ce90 - - 214d9bc4be274bc68d120ef41c8246ed 214d9bc4be274bc68d120ef41c8246ed] 199.204.45.78 "GET /v2.0/networks/7a713fa7-b9dc-4f72-b159-e0ab199a636c?fields=provider%3Aphysical_network&fields=provider%3Anetwork_type HTTP/1.1" status: 200 len: 277 time: 0.0405843
2026-04-14 08:37:42.610 10 INFO neutron.api.wsgi [None req-dc5cc3dc-d65b-48cd-b28e-ebf9238f857e 07601a73fb2045239f7cda2d87f53a53 91b9958e240544a9913db126ae768882 - - default default] 10.0.0.202 "DELETE /v2.0/routers/b0efa147-5449-4b01-becb-ba100680d445 HTTP/1.1" status: 204 len: 168 time: 0.1924880
2026-04-14 08:37:42.658 9 INFO neutron.api.wsgi [None req-14e5b2fa-ee8a-4cc8-a672-87ff027cce4d 07601a73fb2045239f7cda2d87f53a53 91b9958e240544a9913db126ae768882 - - default default] 10.0.0.202 "GET /v2.0/routers/8e8744e6-20f5-4d34-b4ee-38831ec0e34b HTTP/1.1" status: 200 len: 777 time: 0.0420513
2026-04-14 08:37:42.765 10 WARNING neutron.scheduler.dhcp_agent_scheduler [None req-32bef727-02c9-4db5-98e8-be8b39229b88 05a77c6f8d524b96a3791a90e6ba1cc0 df59ee384ac74e6f80a382fcb066ffcd - - default default] No more DHCP agents
2026-04-14 08:37:42.766 10 WARNING neutron.api.rpc.agentnotifiers.dhcp_rpc_agent_api [None req-32bef727-02c9-4db5-98e8-be8b39229b88 05a77c6f8d524b96a3791a90e6ba1cc0 df59ee384ac74e6f80a382fcb066ffcd - - default default] Unable to schedule network 71e844b0-d713-4cc4-b0b5-8fbdf6a020ca: no agents available; will retry on subsequent port and subnet creation events.
2026-04-14 08:37:42.771 9 WARNING neutron_lib.context [None req-88d00d2b-6000-4ef8-b9ca-1d150bdefb04 a45375881de54ab0ad983249befcb75f 960b0c9d3576427bb458239b5de5a256 - - default default] Method 'is_advsvc' is deprecated since 2023.2 release (neutron-lib 3.8.0) and will be removed once support for the old RBAC API policies will be removed from Neutron. Please use method 'is_service_role' instead.
2026-04-14 08:37:42.841 10 INFO neutron.db.ovn_revision_numbers_db [None req-32bef727-02c9-4db5-98e8-be8b39229b88 05a77c6f8d524b96a3791a90e6ba1cc0 df59ee384ac74e6f80a382fcb066ffcd - - default default] Successfully bumped revision number for resource a52bd673-2ab9-46af-a899-ea578c2ae384 (type: ports) to 1
2026-04-14 08:37:42.863 10 INFO neutron.api.wsgi [None req-32bef727-02c9-4db5-98e8-be8b39229b88 05a77c6f8d524b96a3791a90e6ba1cc0 df59ee384ac74e6f80a382fcb066ffcd - - default default] 10.0.0.202 "POST /v2.0/ports HTTP/1.1" status: 201 len: 942 time: 0.3923695 /var/lib/openstack/lib/python3.12/site-packages/pycadf/identifier.py:71: UserWarning: Invalid uuid: neutron. To ensure interoperability, identifiers should be a valid uuid. warnings.warn(('Invalid uuid: %s. To ensure interoperability, '
2026-04-14 08:37:42.874 10 WARNING neutron_lib.context [None req-8e5a2ccb-f283-45c6-a49d-1ea0ef156f11 05a77c6f8d524b96a3791a90e6ba1cc0 df59ee384ac74e6f80a382fcb066ffcd - - default default] Method 'is_advsvc' is deprecated since 2023.2 release (neutron-lib 3.8.0) and will be removed once support for the old RBAC API policies will be removed from Neutron. Please use method 'is_service_role' instead.
2026-04-14 08:37:42.957 9 INFO neutron.db.ovn_revision_numbers_db [None req-c6ace4e3-ea78-4c3d-bf3b-2b853644faf6 07601a73fb2045239f7cda2d87f53a53 91b9958e240544a9913db126ae768882 - - default default] Successfully bumped revision number for resource 8e8744e6-20f5-4d34-b4ee-38831ec0e34b (type: routers) to 2
2026-04-14 08:37:42.961 9 INFO neutron.api.wsgi [None req-c6ace4e3-ea78-4c3d-bf3b-2b853644faf6 07601a73fb2045239f7cda2d87f53a53 91b9958e240544a9913db126ae768882 - - default default] 10.0.0.202 "PUT /v2.0/routers/8e8744e6-20f5-4d34-b4ee-38831ec0e34b HTTP/1.1" status: 200 len: 777 time: 0.2941272
2026-04-14 08:37:42.962 9 INFO neutron.db.ovn_revision_numbers_db [None req-88d00d2b-6000-4ef8-b9ca-1d150bdefb04 a45375881de54ab0ad983249befcb75f 960b0c9d3576427bb458239b5de5a256 - - default default] Successfully bumped revision number for resource 5fc72949-18dd-433e-a571-b2ff730ba179 (type: security_groups) to 1
2026-04-14 08:37:42.976 9 INFO neutron.api.wsgi [None req-a0df452b-5041-467e-babe-257be80509e1 07601a73fb2045239f7cda2d87f53a53 91b9958e240544a9913db126ae768882 - - default default] 10.0.0.202 "GET /v2.0/ports?device_id=8e8744e6-20f5-4d34-b4ee-38831ec0e34b HTTP/1.1" status: 200 len: 205 time: 0.0117769
2026-04-14 08:37:42.981 9 INFO neutron.db.ovn_revision_numbers_db [None req-88d00d2b-6000-4ef8-b9ca-1d150bdefb04 a45375881de54ab0ad983249befcb75f 960b0c9d3576427bb458239b5de5a256 - - default default] Successfully bumped revision number for resource 77bddc90-46bd-4b99-8987-c8f63d8c736c (type: security_group_rules) to 0
2026-04-14 08:37:43.010 9 INFO neutron.db.ovn_revision_numbers_db [None req-88d00d2b-6000-4ef8-b9ca-1d150bdefb04 a45375881de54ab0ad983249befcb75f 960b0c9d3576427bb458239b5de5a256 - - default default] Successfully bumped revision number for resource a8974629-5b5f-4a81-85dd-26feee0c2812 (type: security_group_rules) to 0
2026-04-14 08:37:43.065 10 INFO neutron.api.wsgi [None req-8e5a2ccb-f283-45c6-a49d-1ea0ef156f11 05a77c6f8d524b96a3791a90e6ba1cc0 df59ee384ac74e6f80a382fcb066ffcd - - default default] 10.0.0.202 "POST /v2.0/trunks HTTP/1.1" status: 201 len: 608 time: 0.1962898
2026-04-14 08:37:43.068 9 INFO neutron.api.wsgi [None req-88d00d2b-6000-4ef8-b9ca-1d150bdefb04 a45375881de54ab0ad983249befcb75f 960b0c9d3576427bb458239b5de5a256 - - default default] 10.0.0.202 "POST /v2.0/security-groups HTTP/1.1" status: 201 len: 1875 time: 0.3026032
