2026-04-14 08:35:14.169 8 INFO cinder.volume.api [req-03aed1e8-25c1-4336-b545-d264f21349aa req-bf66e899-0b58-4d54-8f33-17f6ee19aa2d 21afaf73b50446619cf567d3ae7dbadc 14158813cc4e416d9ab2d485bec25c3f - - default default] Delete volume request issued successfully.
2026-04-14 08:35:14.169 8 INFO cinder.api.openstack.wsgi [req-03aed1e8-25c1-4336-b545-d264f21349aa req-bf66e899-0b58-4d54-8f33-17f6ee19aa2d 21afaf73b50446619cf567d3ae7dbadc 14158813cc4e416d9ab2d485bec25c3f - - default default] http://cinder-api.openstack.svc.cluster.local:8776/v3/14158813cc4e416d9ab2d485bec25c3f/volumes/2aad3ee6-a58f-46f0-8ef8-1d2a6c4c9253 returned with HTTP 202 /var/lib/openstack/lib/python3.12/site-packages/pycadf/timestamp.py:28: DeprecationWarning: datetime.datetime.utcnow() is deprecated and scheduled for removal in a future version. Use timezone-aware objects to represent datetimes in UTC: datetime.datetime.now(datetime.UTC). utc_datetime = pytz.utc.localize(datetime.datetime.utcnow()) [pid: 8|app: 0|req: 329/658] 199.204.45.78 () {36 vars in 1053 bytes} [Tue Apr 14 08:35:14 2026] DELETE /v3/14158813cc4e416d9ab2d485bec25c3f/volumes/2aad3ee6-a58f-46f0-8ef8-1d2a6c4c9253 => generated 0 bytes in 43 msecs (HTTP/1.1 202) 6 headers in 233 bytes (1 switches on core 0)
2026-04-14 08:35:20.432 7 INFO cinder.api.openstack.wsgi [req-03aed1e8-25c1-4336-b545-d264f21349aa req-d4373f74-699a-44c8-bebf-ace886d56d99 21afaf73b50446619cf567d3ae7dbadc 14158813cc4e416d9ab2d485bec25c3f - - default default] GET http://10.0.0.134:8776/
2026-04-14 08:35:20.432 8 INFO cinder.api.openstack.wsgi [req-03aed1e8-25c1-4336-b545-d264f21349aa req-bf66e899-0b58-4d54-8f33-17f6ee19aa2d 21afaf73b50446619cf567d3ae7dbadc 14158813cc4e416d9ab2d485bec25c3f - - default default] GET http://10.0.0.134:8776/
2026-04-14 08:35:20.433 7 INFO cinder.api.openstack.wsgi [req-03aed1e8-25c1-4336-b545-d264f21349aa req-d4373f74-699a-44c8-bebf-ace886d56d99 21afaf73b50446619cf567d3ae7dbadc 14158813cc4e416d9ab2d485bec25c3f - - default default] http://10.0.0.134:8776/ returned with HTTP 300
2026-04-14 08:35:20.433 8 INFO cinder.api.openstack.wsgi [req-03aed1e8-25c1-4336-b545-d264f21349aa req-bf66e899-0b58-4d54-8f33-17f6ee19aa2d 21afaf73b50446619cf567d3ae7dbadc 14158813cc4e416d9ab2d485bec25c3f - - default default] http://10.0.0.134:8776/ returned with HTTP 300 /var/lib/openstack/lib/python3.12/site-packages/pycadf/identifier.py:71: UserWarning: Invalid uuid: cinderv3. To ensure interoperability, identifiers should be a valid uuid. warnings.warn(('Invalid uuid: %s. To ensure interoperability, '
2026-04-14 08:35:28.233 7 INFO cinder.api.openstack.wsgi [None req-f49d6652-2672-4e9b-a4e2-e825c3487b9e 2dc33df45b2a495bb518952a8ac0f786 6ab2bef16bef4f52b6b30cc4250f469b - - default default] GET http://cinder-api.openstack.svc.cluster.local:8776/v3/6ab2bef16bef4f52b6b30cc4250f469b/volumes/detail?all_tenants=true /var/lib/openstack/lib/python3.12/site-packages/oslo_context/context.py:100: DeprecationWarning: Policy enforcement is depending on the value of is_admin. This key is deprecated. Please update your policy file to use the standard policy values. warnings.warn('Policy enforcement is depending on the value of '
2026-04-14 08:35:28.244 7 INFO cinder.volume.api [None req-f49d6652-2672-4e9b-a4e2-e825c3487b9e 2dc33df45b2a495bb518952a8ac0f786 6ab2bef16bef4f52b6b30cc4250f469b - - default default] Get all volumes completed successfully.
2026-04-14 08:35:28.248 7 INFO cinder.api.openstack.wsgi [None req-f49d6652-2672-4e9b-a4e2-e825c3487b9e 2dc33df45b2a495bb518952a8ac0f786 6ab2bef16bef4f52b6b30cc4250f469b - - default default] http://cinder-api.openstack.svc.cluster.local:8776/v3/6ab2bef16bef4f52b6b30cc4250f469b/volumes/detail?all_tenants=true returned with HTTP 200 [pid: 7|app: 0|req: 331/661] 10.0.0.229 () {28 vars in 684 bytes} [Tue Apr 14 08:35:28 2026] GET /v3/6ab2bef16bef4f52b6b30cc4250f469b/volumes/detail?all_tenants=true => generated 15 bytes in 119 msecs (HTTP/1.1 200) 7 headers in 284 bytes (1 switches on core 0) /var/lib/openstack/lib/python3.12/site-packages/pycadf/identifier.py:71: UserWarning: Invalid uuid: cinderv3. To ensure interoperability, identifiers should be a valid uuid. warnings.warn(('Invalid uuid: %s. To ensure interoperability, '
2026-04-14 08:35:28.264 8 INFO cinder.api.openstack.wsgi [None req-b47128ec-58b5-4700-a7da-60667f782f4d 2dc33df45b2a495bb518952a8ac0f786 6ab2bef16bef4f52b6b30cc4250f469b - - default default] GET http://cinder-api.openstack.svc.cluster.local:8776/v3/6ab2bef16bef4f52b6b30cc4250f469b/scheduler-stats/get_pools?detail=true
2026-04-14 08:35:28.768 8 INFO cinder.api.openstack.wsgi [None req-b47128ec-58b5-4700-a7da-60667f782f4d 2dc33df45b2a495bb518952a8ac0f786 6ab2bef16bef4f52b6b30cc4250f469b - - default default] http://cinder-api.openstack.svc.cluster.local:8776/v3/6ab2bef16bef4f52b6b30cc4250f469b/scheduler-stats/get_pools?detail=true returned with HTTP 200 [pid: 8|app: 0|req: 331/662] 10.0.0.229 () {28 vars in 696 bytes} [Tue Apr 14 08:35:28 2026] GET /v3/6ab2bef16bef4f52b6b30cc4250f469b/scheduler-stats/get_pools?detail=true => generated 670 bytes in 514 msecs (HTTP/1.1 200) 7 headers in 285 bytes (1 switches on core 0)
2026-04-14 08:35:28.813 7 INFO cinder.api.openstack.wsgi [None req-421fd717-c16d-466c-ad20-bef3e089f1f2 2dc33df45b2a495bb518952a8ac0f786 6ab2bef16bef4f52b6b30cc4250f469b - - default default] GET http://cinder-api.openstack.svc.cluster.local:8776/v3/6ab2bef16bef4f52b6b30cc4250f469b/os-quota-sets/3b608eecde064d138dffe59b92fe2849?usage=true
2026-04-14 08:35:28.919 7 INFO cinder.api.openstack.wsgi [None req-421fd717-c16d-466c-ad20-bef3e089f1f2 2dc33df45b2a495bb518952a8ac0f786 6ab2bef16bef4f52b6b30cc4250f469b - - default default] http://cinder-api.openstack.svc.cluster.local:8776/v3/6ab2bef16bef4f52b6b30cc4250f469b/os-quota-sets/3b608eecde064d138dffe59b92fe2849?usage=true returned with HTTP 200 [pid: 7|app: 0|req: 332/663] 10.0.0.229 () {28 vars in 736 bytes} [Tue Apr 14 08:35:28 2026] GET /v3/6ab2bef16bef4f52b6b30cc4250f469b/os-quota-sets/3b608eecde064d138dffe59b92fe2849?usage=true => generated 847 bytes in 122 msecs (HTTP/1.1 200) 7 headers in 285 bytes (1 switches on core 0)
2026-04-14 08:35:28.931 8 INFO cinder.api.openstack.wsgi [None req-1f3bce54-6d02-4ef4-9758-21bc80c8ac31 2dc33df45b2a495bb518952a8ac0f786 6ab2bef16bef4f52b6b30cc4250f469b - - default default] GET http://cinder-api.openstack.svc.cluster.local:8776/v3/6ab2bef16bef4f52b6b30cc4250f469b/os-quota-sets/3b7c21e63cc04014a40d786174bd5e73?usage=true
2026-04-14 08:35:28.951 8 INFO cinder.api.openstack.wsgi [None req-1f3bce54-6d02-4ef4-9758-21bc80c8ac31 2dc33df45b2a495bb518952a8ac0f786 6ab2bef16bef4f52b6b30cc4250f469b - - default default] http://cinder-api.openstack.svc.cluster.local:8776/v3/6ab2bef16bef4f52b6b30cc4250f469b/os-quota-sets/3b7c21e63cc04014a40d786174bd5e73?usage=true returned with HTTP 200 [pid: 8|app: 0|req: 332/664] 10.0.0.229 () {28 vars in 736 bytes} [Tue Apr 14 08:35:28 2026] GET /v3/6ab2bef16bef4f52b6b30cc4250f469b/os-quota-sets/3b7c21e63cc04014a40d786174bd5e73?usage=true => generated 847 bytes in 28 msecs (HTTP/1.1 200) 7 headers in 285 bytes (1 switches on core 0)
2026-04-14 08:35:28.964 7 INFO cinder.api.openstack.wsgi [None req-7ef26aac-34ca-48d5-ab0f-4fee42c8f8c1 2dc33df45b2a495bb518952a8ac0f786 6ab2bef16bef4f52b6b30cc4250f469b - - default default] GET http://cinder-api.openstack.svc.cluster.local:8776/v3/6ab2bef16bef4f52b6b30cc4250f469b/os-quota-sets/4adda07995774198892fc4c0a55e489e?usage=true
2026-04-14 08:35:28.990 7 INFO cinder.api.openstack.wsgi [None req-7ef26aac-34ca-48d5-ab0f-4fee42c8f8c1 2dc33df45b2a495bb518952a8ac0f786 6ab2bef16bef4f52b6b30cc4250f469b - - default default] http://cinder-api.openstack.svc.cluster.local:8776/v3/6ab2bef16bef4f52b6b30cc4250f469b/os-quota-sets/4adda07995774198892fc4c0a55e489e?usage=true returned with HTTP 200 [pid: 7|app: 0|req: 333/665] 10.0.0.229 () {28 vars in 736 bytes} [Tue Apr 14 08:35:28 2026] GET /v3/6ab2bef16bef4f52b6b30cc4250f469b/os-quota-sets/4adda07995774198892fc4c0a55e489e?usage=true => generated 847 bytes in 34 msecs (HTTP/1.1 200) 7 headers in 285 bytes (1 switches on core 0)
2026-04-14 08:35:29.002 8 INFO cinder.api.openstack.wsgi [None req-001c89bf-0164-4d5c-9f73-b7240870b740 2dc33df45b2a495bb518952a8ac0f786 6ab2bef16bef4f52b6b30cc4250f469b - - default default] GET http://cinder-api.openstack.svc.cluster.local:8776/v3/6ab2bef16bef4f52b6b30cc4250f469b/os-quota-sets/6ab2bef16bef4f52b6b30cc4250f469b?usage=true
2026-04-14 08:35:29.021 8 INFO cinder.api.openstack.wsgi [None req-001c89bf-0164-4d5c-9f73-b7240870b740 2dc33df45b2a495bb518952a8ac0f786 6ab2bef16bef4f52b6b30cc4250f469b - - default default] http://cinder-api.openstack.svc.cluster.local:8776/v3/6ab2bef16bef4f52b6b30cc4250f469b/os-quota-sets/6ab2bef16bef4f52b6b30cc4250f469b?usage=true returned with HTTP 200 [pid: 8|app: 0|req: 333/666] 10.0.0.229 () {28 vars in 736 bytes} [Tue Apr 14 08:35:28 2026] GET /v3/6ab2bef16bef4f52b6b30cc4250f469b/os-quota-sets/6ab2bef16bef4f52b6b30cc4250f469b?usage=true => generated 845 bytes in 26 msecs (HTTP/1.1 200) 7 headers in 285 bytes (1 switches on core 0)
2026-04-14 08:35:29.036 7 INFO cinder.api.openstack.wsgi [None req-5528ca3a-1130-4d12-89ae-d6537efbd9b0 2dc33df45b2a495bb518952a8ac0f786 6ab2bef16bef4f52b6b30cc4250f469b - - default default] GET http://cinder-api.openstack.svc.cluster.local:8776/v3/6ab2bef16bef4f52b6b30cc4250f469b/os-quota-sets/6ab50c60cd4449f2a5c23f5735306d7d?usage=true
2026-04-14 08:35:29.068 7 INFO cinder.api.openstack.wsgi [None req-5528ca3a-1130-4d12-89ae-d6537efbd9b0 2dc33df45b2a495bb518952a8ac0f786 6ab2bef16bef4f52b6b30cc4250f469b - - default default] http://cinder-api.openstack.svc.cluster.local:8776/v3/6ab2bef16bef4f52b6b30cc4250f469b/os-quota-sets/6ab50c60cd4449f2a5c23f5735306d7d?usage=true returned with HTTP 200 [pid: 7|app: 0|req: 334/667] 10.0.0.229 () {28 vars in 736 bytes} [Tue Apr 14 08:35:29 2026] GET /v3/6ab2bef16bef4f52b6b30cc4250f469b/os-quota-sets/6ab50c60cd4449f2a5c23f5735306d7d?usage=true => generated 847 bytes in 42 msecs (HTTP/1.1 200) 7 headers in 285 bytes (1 switches on core 0)
2026-04-14 08:35:29.089 8 INFO cinder.api.openstack.wsgi [None req-cd3d9098-cc3f-4767-8617-5bb16a332112 2dc33df45b2a495bb518952a8ac0f786 6ab2bef16bef4f52b6b30cc4250f469b - - default default] GET http://cinder-api.openstack.svc.cluster.local:8776/v3/6ab2bef16bef4f52b6b30cc4250f469b/os-quota-sets/875d028620a8402b83ef3b1a8f958059?usage=true
2026-04-14 08:35:29.107 8 INFO cinder.api.openstack.wsgi [None req-cd3d9098-cc3f-4767-8617-5bb16a332112 2dc33df45b2a495bb518952a8ac0f786 6ab2bef16bef4f52b6b30cc4250f469b - - default default] http://cinder-api.openstack.svc.cluster.local:8776/v3/6ab2bef16bef4f52b6b30cc4250f469b/os-quota-sets/875d028620a8402b83ef3b1a8f958059?usage=true returned with HTTP 200 [pid: 8|app: 0|req: 334/668] 10.0.0.229 () {28 vars in 736 bytes} [Tue Apr 14 08:35:29 2026] GET /v3/6ab2bef16bef4f52b6b30cc4250f469b/os-quota-sets/875d028620a8402b83ef3b1a8f958059?usage=true => generated 847 bytes in 31 msecs (HTTP/1.1 200) 7 headers in 285 bytes (1 switches on core 0)
2026-04-14 08:35:29.120 7 INFO cinder.api.openstack.wsgi [None req-096ca08b-ae04-409f-b016-b7487e89252d 2dc33df45b2a495bb518952a8ac0f786 6ab2bef16bef4f52b6b30cc4250f469b - - default default] GET http://cinder-api.openstack.svc.cluster.local:8776/v3/6ab2bef16bef4f52b6b30cc4250f469b/os-quota-sets/bd3901792eca4d22b3eaa9bd9526ce90?usage=true
2026-04-14 08:35:29.146 7 INFO cinder.api.openstack.wsgi [None req-096ca08b-ae04-409f-b016-b7487e89252d 2dc33df45b2a495bb518952a8ac0f786 6ab2bef16bef4f52b6b30cc4250f469b - - default default] http://cinder-api.openstack.svc.cluster.local:8776/v3/6ab2bef16bef4f52b6b30cc4250f469b/os-quota-sets/bd3901792eca4d22b3eaa9bd9526ce90?usage=true returned with HTTP 200 [pid: 7|app: 0|req: 335/669] 10.0.0.229 () {28 vars in 736 bytes} [Tue Apr 14 08:35:29 2026] GET /v3/6ab2bef16bef4f52b6b30cc4250f469b/os-quota-sets/bd3901792eca4d22b3eaa9bd9526ce90?usage=true => generated 845 bytes in 34 msecs (HTTP/1.1 200) 7 headers in 285 bytes (1 switches on core 0)
2026-04-14 08:35:29.158 8 INFO cinder.api.openstack.wsgi [None req-99757f4d-6b0e-4979-995e-675ba00a2c39 2dc33df45b2a495bb518952a8ac0f786 6ab2bef16bef4f52b6b30cc4250f469b - - default default] GET http://cinder-api.openstack.svc.cluster.local:8776/v3/6ab2bef16bef4f52b6b30cc4250f469b/os-quota-sets/c5137b4d0b9d433aaa4be19b038df276?usage=true
2026-04-14 08:35:29.178 8 INFO cinder.api.openstack.wsgi [None req-99757f4d-6b0e-4979-995e-675ba00a2c39 2dc33df45b2a495bb518952a8ac0f786 6ab2bef16bef4f52b6b30cc4250f469b - - default default] http://cinder-api.openstack.svc.cluster.local:8776/v3/6ab2bef16bef4f52b6b30cc4250f469b/os-quota-sets/c5137b4d0b9d433aaa4be19b038df276?usage=true returned with HTTP 200 [pid: 8|app: 0|req: 335/670] 10.0.0.229 () {28 vars in 736 bytes} [Tue Apr 14 08:35:29 2026] GET /v3/6ab2bef16bef4f52b6b30cc4250f469b/os-quota-sets/c5137b4d0b9d433aaa4be19b038df276?usage=true => generated 847 bytes in 29 msecs (HTTP/1.1 200) 7 headers in 285 bytes (1 switches on core 0)
2026-04-14 08:35:29.190 7 INFO cinder.api.openstack.wsgi [None req-48b64de1-e69b-4ac2-a5e8-0534ccbb8aa8 2dc33df45b2a495bb518952a8ac0f786 6ab2bef16bef4f52b6b30cc4250f469b - - default default] GET http://cinder-api.openstack.svc.cluster.local:8776/v3/6ab2bef16bef4f52b6b30cc4250f469b/volumes/detail?all_tenants=true
2026-04-14 08:35:29.201 7 INFO cinder.volume.api [None req-48b64de1-e69b-4ac2-a5e8-0534ccbb8aa8 2dc33df45b2a495bb518952a8ac0f786 6ab2bef16bef4f52b6b30cc4250f469b - - default default] Get all volumes completed successfully.
2026-04-14 08:35:29.203 7 INFO cinder.api.openstack.wsgi [None req-48b64de1-e69b-4ac2-a5e8-0534ccbb8aa8 2dc33df45b2a495bb518952a8ac0f786 6ab2bef16bef4f52b6b30cc4250f469b - - default default] http://cinder-api.openstack.svc.cluster.local:8776/v3/6ab2bef16bef4f52b6b30cc4250f469b/volumes/detail?all_tenants=true returned with HTTP 200 [pid: 7|app: 0|req: 336/671] 10.0.0.229 () {28 vars in 684 bytes} [Tue Apr 14 08:35:29 2026] GET /v3/6ab2bef16bef4f52b6b30cc4250f469b/volumes/detail?all_tenants=true => generated 15 bytes in 19 msecs (HTTP/1.1 200) 7 headers in 284 bytes (1 switches on core 0)
2026-04-14 08:35:29.217 8 INFO cinder.api.openstack.wsgi [None req-ff75f692-fafa-442b-837a-4b7192c030f7 2dc33df45b2a495bb518952a8ac0f786 6ab2bef16bef4f52b6b30cc4250f469b - - default default] GET http://cinder-api.openstack.svc.cluster.local:8776/v3/6ab2bef16bef4f52b6b30cc4250f469b/snapshots?all_tenants=true
2026-04-14 08:35:29.228 8 INFO cinder.volume.api [None req-ff75f692-fafa-442b-837a-4b7192c030f7 2dc33df45b2a495bb518952a8ac0f786 6ab2bef16bef4f52b6b30cc4250f469b - - default default] Get all snapshots completed successfully.
2026-04-14 08:35:29.229 8 INFO cinder.api.openstack.wsgi [None req-ff75f692-fafa-442b-837a-4b7192c030f7 2dc33df45b2a495bb518952a8ac0f786 6ab2bef16bef4f52b6b30cc4250f469b - - default default] http://cinder-api.openstack.svc.cluster.local:8776/v3/6ab2bef16bef4f52b6b30cc4250f469b/snapshots?all_tenants=true returned with HTTP 200 [pid: 8|app: 0|req: 336/672] 10.0.0.229 () {28 vars in 674 bytes} [Tue Apr 14 08:35:29 2026] GET /v3/6ab2bef16bef4f52b6b30cc4250f469b/snapshots?all_tenants=true => generated 17 bytes in 20 msecs (HTTP/1.1 200) 7 headers in 284 bytes (1 switches on core 0)
2026-04-14 08:35:29.249 7 INFO cinder.api.openstack.wsgi [None req-7f227047-d981-4409-ad7a-cc40dced5c78 2dc33df45b2a495bb518952a8ac0f786 6ab2bef16bef4f52b6b30cc4250f469b - - default default] GET http://cinder-api.openstack.svc.cluster.local:8776/v3/6ab2bef16bef4f52b6b30cc4250f469b/os-services
2026-04-14 08:35:29.253 7 INFO cinder.api.openstack.wsgi [None req-7f227047-d981-4409-ad7a-cc40dced5c78 2dc33df45b2a495bb518952a8ac0f786 6ab2bef16bef4f52b6b30cc4250f469b - - default default] http://cinder-api.openstack.svc.cluster.local:8776/v3/6ab2bef16bef4f52b6b30cc4250f469b/os-services returned with HTTP 200 [pid: 7|app: 0|req: 337/673] 10.0.0.229 () {28 vars in 645 bytes} [Tue Apr 14 08:35:29 2026] GET /v3/6ab2bef16bef4f52b6b30cc4250f469b/os-services => generated 646 bytes in 8 msecs (HTTP/1.1 200) 7 headers in 285 bytes (1 switches on core 0)
2026-04-14 08:35:30.432 8 INFO cinder.api.openstack.wsgi [None req-ff75f692-fafa-442b-837a-4b7192c030f7 2dc33df45b2a495bb518952a8ac0f786 6ab2bef16bef4f52b6b30cc4250f469b - - default default] GET http://10.0.0.134:8776/
2026-04-14 08:35:30.433 8 INFO cinder.api.openstack.wsgi [None req-ff75f692-fafa-442b-837a-4b7192c030f7 2dc33df45b2a495bb518952a8ac0f786 6ab2bef16bef4f52b6b30cc4250f469b - - default default] http://10.0.0.134:8776/ returned with HTTP 300
2026-04-14 08:35:30.436 7 INFO cinder.api.openstack.wsgi [None req-7f227047-d981-4409-ad7a-cc40dced5c78 2dc33df45b2a495bb518952a8ac0f786 6ab2bef16bef4f52b6b30cc4250f469b - - default default] GET http://10.0.0.134:8776/
2026-04-14 08:35:30.437 7 INFO cinder.api.openstack.wsgi [None req-7f227047-d981-4409-ad7a-cc40dced5c78 2dc33df45b2a495bb518952a8ac0f786 6ab2bef16bef4f52b6b30cc4250f469b - - default default] http://10.0.0.134:8776/ returned with HTTP 300
2026-04-14 08:35:40.433 7 INFO cinder.api.openstack.wsgi [None req-7f227047-d981-4409-ad7a-cc40dced5c78 2dc33df45b2a495bb518952a8ac0f786 6ab2bef16bef4f52b6b30cc4250f469b - - default default] GET http://10.0.0.134:8776/
2026-04-14 08:35:40.434 8 INFO cinder.api.openstack.wsgi [None req-ff75f692-fafa-442b-837a-4b7192c030f7 2dc33df45b2a495bb518952a8ac0f786 6ab2bef16bef4f52b6b30cc4250f469b - - default default] GET http://10.0.0.134:8776/
2026-04-14 08:35:40.435 7 INFO cinder.api.openstack.wsgi [None req-7f227047-d981-4409-ad7a-cc40dced5c78 2dc33df45b2a495bb518952a8ac0f786 6ab2bef16bef4f52b6b30cc4250f469b - - default default] http://10.0.0.134:8776/ returned with HTTP 300
2026-04-14 08:35:40.438 8 INFO cinder.api.openstack.wsgi [None req-ff75f692-fafa-442b-837a-4b7192c030f7 2dc33df45b2a495bb518952a8ac0f786 6ab2bef16bef4f52b6b30cc4250f469b - - default default] http://10.0.0.134:8776/ returned with HTTP 300
2026-04-14 08:35:50.433 7 INFO cinder.api.openstack.wsgi [None req-7f227047-d981-4409-ad7a-cc40dced5c78 2dc33df45b2a495bb518952a8ac0f786 6ab2bef16bef4f52b6b30cc4250f469b - - default default] GET http://10.0.0.134:8776/
2026-04-14 08:35:50.433 7 INFO cinder.api.openstack.wsgi [None req-7f227047-d981-4409-ad7a-cc40dced5c78 2dc33df45b2a495bb518952a8ac0f786 6ab2bef16bef4f52b6b30cc4250f469b - - default default] http://10.0.0.134:8776/ returned with HTTP 300
2026-04-14 08:35:50.433 8 INFO cinder.api.openstack.wsgi [None req-ff75f692-fafa-442b-837a-4b7192c030f7 2dc33df45b2a495bb518952a8ac0f786 6ab2bef16bef4f52b6b30cc4250f469b - - default default] GET http://10.0.0.134:8776/
2026-04-14 08:35:50.434 8 INFO cinder.api.openstack.wsgi [None req-ff75f692-fafa-442b-837a-4b7192c030f7 2dc33df45b2a495bb518952a8ac0f786 6ab2bef16bef4f52b6b30cc4250f469b - - default default] http://10.0.0.134:8776/ returned with HTTP 300
2026-04-14 08:35:59.471 7 INFO cinder.api.openstack.wsgi [req-7b393e38-3421-4dcc-b391-192e65b7002a req-26ee240a-9e0b-47cf-968b-7533184da7fb 3b7e2f4bda8c406dad5fc3cd4528fe09 4adda07995774198892fc4c0a55e489e - - default default] GET http://cinder-api.openstack.svc.cluster.local:8776/v3/4adda07995774198892fc4c0a55e489e/attachments?instance_id=73f327d9-ee86-4eca-b384-501cb617ca6b
2026-04-14 08:35:59.490 7 INFO cinder.api.openstack.wsgi [req-7b393e38-3421-4dcc-b391-192e65b7002a req-26ee240a-9e0b-47cf-968b-7533184da7fb 3b7e2f4bda8c406dad5fc3cd4528fe09 4adda07995774198892fc4c0a55e489e - - default default] http://cinder-api.openstack.svc.cluster.local:8776/v3/4adda07995774198892fc4c0a55e489e/attachments?instance_id=73f327d9-ee86-4eca-b384-501cb617ca6b returned with HTTP 200 [pid: 7|app: 0|req: 341/680] 199.204.45.78 () {36 vars in 1103 bytes} [Tue Apr 14 08:35:59 2026] GET /v3/4adda07995774198892fc4c0a55e489e/attachments?instance_id=73f327d9-ee86-4eca-b384-501cb617ca6b => generated 19 bytes in 26 msecs (HTTP/1.1 200) 7 headers in 285 bytes (1 switches on core 0)
2026-04-14 08:36:00.434 7 INFO cinder.api.openstack.wsgi [req-7b393e38-3421-4dcc-b391-192e65b7002a req-26ee240a-9e0b-47cf-968b-7533184da7fb 3b7e2f4bda8c406dad5fc3cd4528fe09 4adda07995774198892fc4c0a55e489e - - default default] GET http://10.0.0.134:8776/
2026-04-14 08:36:00.434 8 INFO cinder.api.openstack.wsgi [None req-ff75f692-fafa-442b-837a-4b7192c030f7 2dc33df45b2a495bb518952a8ac0f786 6ab2bef16bef4f52b6b30cc4250f469b - - default default] GET http://10.0.0.134:8776/
2026-04-14 08:36:00.435 7 INFO cinder.api.openstack.wsgi [req-7b393e38-3421-4dcc-b391-192e65b7002a req-26ee240a-9e0b-47cf-968b-7533184da7fb 3b7e2f4bda8c406dad5fc3cd4528fe09 4adda07995774198892fc4c0a55e489e - - default default] http://10.0.0.134:8776/ returned with HTTP 300
2026-04-14 08:36:00.435 8 INFO cinder.api.openstack.wsgi [None req-ff75f692-fafa-442b-837a-4b7192c030f7 2dc33df45b2a495bb518952a8ac0f786 6ab2bef16bef4f52b6b30cc4250f469b - - default default] http://10.0.0.134:8776/ returned with HTTP 300
2026-04-14 08:36:10.433 7 INFO cinder.api.openstack.wsgi [req-7b393e38-3421-4dcc-b391-192e65b7002a req-26ee240a-9e0b-47cf-968b-7533184da7fb 3b7e2f4bda8c406dad5fc3cd4528fe09 4adda07995774198892fc4c0a55e489e - - default default] GET http://10.0.0.134:8776/
2026-04-14 08:36:10.433 8 INFO cinder.api.openstack.wsgi [None req-ff75f692-fafa-442b-837a-4b7192c030f7 2dc33df45b2a495bb518952a8ac0f786 6ab2bef16bef4f52b6b30cc4250f469b - - default default] GET http://10.0.0.134:8776/
2026-04-14 08:36:10.433 7 INFO cinder.api.openstack.wsgi [req-7b393e38-3421-4dcc-b391-192e65b7002a req-26ee240a-9e0b-47cf-968b-7533184da7fb 3b7e2f4bda8c406dad5fc3cd4528fe09 4adda07995774198892fc4c0a55e489e - - default default] http://10.0.0.134:8776/ returned with HTTP 300
2026-04-14 08:36:10.434 8 INFO cinder.api.openstack.wsgi [None req-ff75f692-fafa-442b-837a-4b7192c030f7 2dc33df45b2a495bb518952a8ac0f786 6ab2bef16bef4f52b6b30cc4250f469b - - default default] http://10.0.0.134:8776/ returned with HTTP 300
2026-04-14 08:36:20.432 7 INFO cinder.api.openstack.wsgi [req-7b393e38-3421-4dcc-b391-192e65b7002a req-26ee240a-9e0b-47cf-968b-7533184da7fb 3b7e2f4bda8c406dad5fc3cd4528fe09 4adda07995774198892fc4c0a55e489e - - default default] GET http://10.0.0.134:8776/
2026-04-14 08:36:20.432 8 INFO cinder.api.openstack.wsgi [None req-ff75f692-fafa-442b-837a-4b7192c030f7 2dc33df45b2a495bb518952a8ac0f786 6ab2bef16bef4f52b6b30cc4250f469b - - default default] GET http://10.0.0.134:8776/
2026-04-14 08:36:20.433 7 INFO cinder.api.openstack.wsgi [req-7b393e38-3421-4dcc-b391-192e65b7002a req-26ee240a-9e0b-47cf-968b-7533184da7fb 3b7e2f4bda8c406dad5fc3cd4528fe09 4adda07995774198892fc4c0a55e489e - - default default] http://10.0.0.134:8776/ returned with HTTP 300
2026-04-14 08:36:20.433 8 INFO cinder.api.openstack.wsgi [None req-ff75f692-fafa-442b-837a-4b7192c030f7 2dc33df45b2a495bb518952a8ac0f786 6ab2bef16bef4f52b6b30cc4250f469b - - default default] http://10.0.0.134:8776/ returned with HTTP 300
2026-04-14 08:36:28.142 7 INFO cinder.api.openstack.wsgi [None req-2f81ec4a-a4a8-4efd-850c-53f6372c3ff4 2dc33df45b2a495bb518952a8ac0f786 6ab2bef16bef4f52b6b30cc4250f469b - - default default] GET http://cinder-api.openstack.svc.cluster.local:8776/v3/6ab2bef16bef4f52b6b30cc4250f469b/os-quota-sets/11ca95c76b6245d5818bd7b3dd7e8e34?usage=true
2026-04-14 08:36:28.167 7 INFO cinder.api.openstack.wsgi [None req-2f81ec4a-a4a8-4efd-850c-53f6372c3ff4 2dc33df45b2a495bb518952a8ac0f786 6ab2bef16bef4f52b6b30cc4250f469b - - default default] http://cinder-api.openstack.svc.cluster.local:8776/v3/6ab2bef16bef4f52b6b30cc4250f469b/os-quota-sets/11ca95c76b6245d5818bd7b3dd7e8e34?usage=true returned with HTTP 200 [pid: 7|app: 0|req: 345/687] 10.0.0.229 () {28 vars in 736 bytes} [Tue Apr 14 08:36:28 2026] GET /v3/6ab2bef16bef4f52b6b30cc4250f469b/os-quota-sets/11ca95c76b6245d5818bd7b3dd7e8e34?usage=true => generated 847 bytes in 143 msecs (HTTP/1.1 200) 7 headers in 285 bytes (1 switches on core 0)
2026-04-14 08:36:28.181 8 INFO cinder.api.openstack.wsgi [None req-2de334ce-bd6c-41e8-94f5-8d824320b10d 2dc33df45b2a495bb518952a8ac0f786 6ab2bef16bef4f52b6b30cc4250f469b - - default default] GET http://cinder-api.openstack.svc.cluster.local:8776/v3/6ab2bef16bef4f52b6b30cc4250f469b/os-quota-sets/4adda07995774198892fc4c0a55e489e?usage=true
2026-04-14 08:36:28.207 8 INFO cinder.api.openstack.wsgi [None req-2de334ce-bd6c-41e8-94f5-8d824320b10d 2dc33df45b2a495bb518952a8ac0f786 6ab2bef16bef4f52b6b30cc4250f469b - - default default] http://cinder-api.openstack.svc.cluster.local:8776/v3/6ab2bef16bef4f52b6b30cc4250f469b/os-quota-sets/4adda07995774198892fc4c0a55e489e?usage=true returned with HTTP 200 [pid: 8|app: 0|req: 343/688] 10.0.0.229 () {28 vars in 736 bytes} [Tue Apr 14 08:36:28 2026] GET /v3/6ab2bef16bef4f52b6b30cc4250f469b/os-quota-sets/4adda07995774198892fc4c0a55e489e?usage=true => generated 847 bytes in 36 msecs (HTTP/1.1 200) 7 headers in 285 bytes (1 switches on core 0)
2026-04-14 08:36:28.219 7 INFO cinder.api.openstack.wsgi [None req-5f55897b-1761-4b58-8b4a-52ecaadf7a9b 2dc33df45b2a495bb518952a8ac0f786 6ab2bef16bef4f52b6b30cc4250f469b - - default default] GET http://cinder-api.openstack.svc.cluster.local:8776/v3/6ab2bef16bef4f52b6b30cc4250f469b/os-quota-sets/522abf851a7746c6b337296071ae5d39?usage=true
2026-04-14 08:36:28.243 7 INFO cinder.api.openstack.wsgi [None req-5f55897b-1761-4b58-8b4a-52ecaadf7a9b 2dc33df45b2a495bb518952a8ac0f786 6ab2bef16bef4f52b6b30cc4250f469b - - default default] http://cinder-api.openstack.svc.cluster.local:8776/v3/6ab2bef16bef4f52b6b30cc4250f469b/os-quota-sets/522abf851a7746c6b337296071ae5d39?usage=true returned with HTTP 200 [pid: 7|app: 0|req: 346/689] 10.0.0.229 () {28 vars in 736 bytes} [Tue Apr 14 08:36:28 2026] GET /v3/6ab2bef16bef4f52b6b30cc4250f469b/os-quota-sets/522abf851a7746c6b337296071ae5d39?usage=true => generated 847 bytes in 32 msecs (HTTP/1.1 200) 7 headers in 285 bytes (1 switches on core 0)
2026-04-14 08:36:28.255 8 INFO cinder.api.openstack.wsgi [None req-507203f5-543b-471b-be5e-a057df8ba604 2dc33df45b2a495bb518952a8ac0f786 6ab2bef16bef4f52b6b30cc4250f469b - - default default] GET http://cinder-api.openstack.svc.cluster.local:8776/v3/6ab2bef16bef4f52b6b30cc4250f469b/os-quota-sets/6ab2bef16bef4f52b6b30cc4250f469b?usage=true
2026-04-14 08:36:28.275 8 INFO cinder.api.openstack.wsgi [None req-507203f5-543b-471b-be5e-a057df8ba604 2dc33df45b2a495bb518952a8ac0f786 6ab2bef16bef4f52b6b30cc4250f469b - - default default] http://cinder-api.openstack.svc.cluster.local:8776/v3/6ab2bef16bef4f52b6b30cc4250f469b/os-quota-sets/6ab2bef16bef4f52b6b30cc4250f469b?usage=true returned with HTTP 200 [pid: 8|app: 0|req: 344/690] 10.0.0.229 () {28 vars in 736 bytes} [Tue Apr 14 08:36:28 2026] GET /v3/6ab2bef16bef4f52b6b30cc4250f469b/os-quota-sets/6ab2bef16bef4f52b6b30cc4250f469b?usage=true => generated 845 bytes in 25 msecs (HTTP/1.1 200) 7 headers in 285 bytes (1 switches on core 0)
2026-04-14 08:36:28.287 7 INFO cinder.api.openstack.wsgi [None req-7a8b58dd-2ce9-4313-a910-25b6eb844fc8 2dc33df45b2a495bb518952a8ac0f786 6ab2bef16bef4f52b6b30cc4250f469b - - default default] GET http://cinder-api.openstack.svc.cluster.local:8776/v3/6ab2bef16bef4f52b6b30cc4250f469b/os-quota-sets/875d028620a8402b83ef3b1a8f958059?usage=true
2026-04-14 08:36:28.321 7 INFO cinder.api.openstack.wsgi [None req-7a8b58dd-2ce9-4313-a910-25b6eb844fc8 2dc33df45b2a495bb518952a8ac0f786 6ab2bef16bef4f52b6b30cc4250f469b - - default default] http://cinder-api.openstack.svc.cluster.local:8776/v3/6ab2bef16bef4f52b6b30cc4250f469b/os-quota-sets/875d028620a8402b83ef3b1a8f958059?usage=true returned with HTTP 200 [pid: 7|app: 0|req: 347/691] 10.0.0.229 () {28 vars in 736 bytes} [Tue Apr 14 08:36:28 2026] GET /v3/6ab2bef16bef4f52b6b30cc4250f469b/os-quota-sets/875d028620a8402b83ef3b1a8f958059?usage=true => generated 847 bytes in 42 msecs (HTTP/1.1 200) 7 headers in 285 bytes (1 switches on core 0)
2026-04-14 08:36:28.331 8 INFO cinder.api.openstack.wsgi [None req-bb0a6cd2-3326-4403-ae16-4e013f3e22ba 2dc33df45b2a495bb518952a8ac0f786 6ab2bef16bef4f52b6b30cc4250f469b - - default default] GET http://cinder-api.openstack.svc.cluster.local:8776/v3/6ab2bef16bef4f52b6b30cc4250f469b/os-quota-sets/96566ed628e546e5a6eab1718e4fcb75?usage=true
2026-04-14 08:36:28.352 8 INFO cinder.api.openstack.wsgi [None req-bb0a6cd2-3326-4403-ae16-4e013f3e22ba 2dc33df45b2a495bb518952a8ac0f786 6ab2bef16bef4f52b6b30cc4250f469b - - default default] http://cinder-api.openstack.svc.cluster.local:8776/v3/6ab2bef16bef4f52b6b30cc4250f469b/os-quota-sets/96566ed628e546e5a6eab1718e4fcb75?usage=true returned with HTTP 200 [pid: 8|app: 0|req: 345/692] 10.0.0.229 () {28 vars in 736 bytes} [Tue Apr 14 08:36:28 2026] GET /v3/6ab2bef16bef4f52b6b30cc4250f469b/os-quota-sets/96566ed628e546e5a6eab1718e4fcb75?usage=true => generated 847 bytes in 27 msecs (HTTP/1.1 200) 7 headers in 285 bytes (1 switches on core 0)
2026-04-14 08:36:28.364 7 INFO cinder.api.openstack.wsgi [None req-55206e2b-ecb5-4d25-bc2a-c797cefac7b1 2dc33df45b2a495bb518952a8ac0f786 6ab2bef16bef4f52b6b30cc4250f469b - - default default] GET http://cinder-api.openstack.svc.cluster.local:8776/v3/6ab2bef16bef4f52b6b30cc4250f469b/os-quota-sets/9acd904f5fc84016980ec8f072dfbb1b?usage=true
2026-04-14 08:36:28.417 7 INFO cinder.api.openstack.wsgi [None req-55206e2b-ecb5-4d25-bc2a-c797cefac7b1 2dc33df45b2a495bb518952a8ac0f786 6ab2bef16bef4f52b6b30cc4250f469b - - default default] http://cinder-api.openstack.svc.cluster.local:8776/v3/6ab2bef16bef4f52b6b30cc4250f469b/os-quota-sets/9acd904f5fc84016980ec8f072dfbb1b?usage=true returned with HTTP 200 [pid: 7|app: 0|req: 348/693] 10.0.0.229 () {28 vars in 736 bytes} [Tue Apr 14 08:36:28 2026] GET /v3/6ab2bef16bef4f52b6b30cc4250f469b/os-quota-sets/9acd904f5fc84016980ec8f072dfbb1b?usage=true => generated 847 bytes in 60 msecs (HTTP/1.1 200) 7 headers in 285 bytes (1 switches on core 0)
2026-04-14 08:36:28.431 8 INFO cinder.api.openstack.wsgi [None req-d692a017-da94-4e85-8648-282f613d90cb 2dc33df45b2a495bb518952a8ac0f786 6ab2bef16bef4f52b6b30cc4250f469b - - default default] GET http://cinder-api.openstack.svc.cluster.local:8776/v3/6ab2bef16bef4f52b6b30cc4250f469b/os-quota-sets/bd3901792eca4d22b3eaa9bd9526ce90?usage=true
2026-04-14 08:36:28.458 8 INFO cinder.api.openstack.wsgi [None req-d692a017-da94-4e85-8648-282f613d90cb 2dc33df45b2a495bb518952a8ac0f786 6ab2bef16bef4f52b6b30cc4250f469b - - default default] http://cinder-api.openstack.svc.cluster.local:8776/v3/6ab2bef16bef4f52b6b30cc4250f469b/os-quota-sets/bd3901792eca4d22b3eaa9bd9526ce90?usage=true returned with HTTP 200 [pid: 8|app: 0|req: 346/694] 10.0.0.229 () {28 vars in 736 bytes} [Tue Apr 14 08:36:28 2026] GET /v3/6ab2bef16bef4f52b6b30cc4250f469b/os-quota-sets/bd3901792eca4d22b3eaa9bd9526ce90?usage=true => generated 845 bytes in 37 msecs (HTTP/1.1 200) 7 headers in 285 bytes (1 switches on core 0)
2026-04-14 08:36:28.471 7 INFO cinder.api.openstack.wsgi [None req-0583e11d-4d64-4ae0-a815-095ddd862319 2dc33df45b2a495bb518952a8ac0f786 6ab2bef16bef4f52b6b30cc4250f469b - - default default] GET http://cinder-api.openstack.svc.cluster.local:8776/v3/6ab2bef16bef4f52b6b30cc4250f469b/os-services
2026-04-14 08:36:28.477 7 INFO cinder.api.openstack.wsgi [None req-0583e11d-4d64-4ae0-a815-095ddd862319 2dc33df45b2a495bb518952a8ac0f786 6ab2bef16bef4f52b6b30cc4250f469b - - default default] http://cinder-api.openstack.svc.cluster.local:8776/v3/6ab2bef16bef4f52b6b30cc4250f469b/os-services returned with HTTP 200 [pid: 7|app: 0|req: 349/695] 10.0.0.229 () {28 vars in 645 bytes} [Tue Apr 14 08:36:28 2026] GET /v3/6ab2bef16bef4f52b6b30cc4250f469b/os-services => generated 646 bytes in 15 msecs (HTTP/1.1 200) 7 headers in 285 bytes (1 switches on core 0)
2026-04-14 08:36:28.490 8 INFO cinder.api.openstack.wsgi [None req-61e00a43-144c-4569-be92-279d6ee5387c 2dc33df45b2a495bb518952a8ac0f786 6ab2bef16bef4f52b6b30cc4250f469b - - default default] GET http://cinder-api.openstack.svc.cluster.local:8776/v3/6ab2bef16bef4f52b6b30cc4250f469b/volumes/detail?all_tenants=true
2026-04-14 08:36:28.501 8 INFO cinder.volume.api [None req-61e00a43-144c-4569-be92-279d6ee5387c 2dc33df45b2a495bb518952a8ac0f786 6ab2bef16bef4f52b6b30cc4250f469b - - default default] Get all volumes completed successfully.
2026-04-14 08:36:28.504 8 INFO cinder.api.openstack.wsgi [None req-61e00a43-144c-4569-be92-279d6ee5387c 2dc33df45b2a495bb518952a8ac0f786 6ab2bef16bef4f52b6b30cc4250f469b - - default default] http://cinder-api.openstack.svc.cluster.local:8776/v3/6ab2bef16bef4f52b6b30cc4250f469b/volumes/detail?all_tenants=true returned with HTTP 200 [pid: 8|app: 0|req: 347/696] 10.0.0.229 () {28 vars in 684 bytes} [Tue Apr 14 08:36:28 2026] GET /v3/6ab2bef16bef4f52b6b30cc4250f469b/volumes/detail?all_tenants=true => generated 15 bytes in 23 msecs (HTTP/1.1 200) 7 headers in 284 bytes (1 switches on core 0)
2026-04-14 08:36:28.519 7 INFO cinder.api.openstack.wsgi [None req-c023a2d0-747c-4ef6-bece-5293e9c1a221 2dc33df45b2a495bb518952a8ac0f786 6ab2bef16bef4f52b6b30cc4250f469b - - default default] GET http://cinder-api.openstack.svc.cluster.local:8776/v3/6ab2bef16bef4f52b6b30cc4250f469b/snapshots?all_tenants=true
2026-04-14 08:36:28.529 7 INFO cinder.volume.api [None req-c023a2d0-747c-4ef6-bece-5293e9c1a221 2dc33df45b2a495bb518952a8ac0f786 6ab2bef16bef4f52b6b30cc4250f469b - - default default] Get all snapshots completed successfully.
2026-04-14 08:36:28.530 7 INFO cinder.api.openstack.wsgi [None req-c023a2d0-747c-4ef6-bece-5293e9c1a221 2dc33df45b2a495bb518952a8ac0f786 6ab2bef16bef4f52b6b30cc4250f469b - - default default] http://cinder-api.openstack.svc.cluster.local:8776/v3/6ab2bef16bef4f52b6b30cc4250f469b/snapshots?all_tenants=true returned with HTTP 200 [pid: 7|app: 0|req: 350/697] 10.0.0.229 () {28 vars in 674 bytes} [Tue Apr 14 08:36:28 2026] GET /v3/6ab2bef16bef4f52b6b30cc4250f469b/snapshots?all_tenants=true => generated 17 bytes in 21 msecs (HTTP/1.1 200) 7 headers in 284 bytes (1 switches on core 0)
2026-04-14 08:36:28.543 8 INFO cinder.api.openstack.wsgi [None req-4d201b8b-a272-411e-b93c-9a3051db08c6 2dc33df45b2a495bb518952a8ac0f786 6ab2bef16bef4f52b6b30cc4250f469b - - default default] GET http://cinder-api.openstack.svc.cluster.local:8776/v3/6ab2bef16bef4f52b6b30cc4250f469b/scheduler-stats/get_pools?detail=true
2026-04-14 08:36:29.048 8 INFO cinder.api.openstack.wsgi [None req-4d201b8b-a272-411e-b93c-9a3051db08c6 2dc33df45b2a495bb518952a8ac0f786 6ab2bef16bef4f52b6b30cc4250f469b - - default default] http://cinder-api.openstack.svc.cluster.local:8776/v3/6ab2bef16bef4f52b6b30cc4250f469b/scheduler-stats/get_pools?detail=true returned with HTTP 200 [pid: 8|app: 0|req: 348/698] 10.0.0.229 () {28 vars in 696 bytes} [Tue Apr 14 08:36:28 2026] GET /v3/6ab2bef16bef4f52b6b30cc4250f469b/scheduler-stats/get_pools?detail=true => generated 670 bytes in 514 msecs (HTTP/1.1 200) 7 headers in 285 bytes (1 switches on core 0)
2026-04-14 08:36:29.058 7 INFO cinder.api.openstack.wsgi [None req-a0c43ac4-4631-4fd0-b9da-1052ed546ddd 2dc33df45b2a495bb518952a8ac0f786 6ab2bef16bef4f52b6b30cc4250f469b - - default default] GET http://cinder-api.openstack.svc.cluster.local:8776/v3/6ab2bef16bef4f52b6b30cc4250f469b/volumes/detail?all_tenants=true
2026-04-14 08:36:29.069 7 INFO cinder.volume.api [None req-a0c43ac4-4631-4fd0-b9da-1052ed546ddd 2dc33df45b2a495bb518952a8ac0f786 6ab2bef16bef4f52b6b30cc4250f469b - - default default] Get all volumes completed successfully.
2026-04-14 08:36:29.070 7 INFO cinder.api.openstack.wsgi [None req-a0c43ac4-4631-4fd0-b9da-1052ed546ddd 2dc33df45b2a495bb518952a8ac0f786 6ab2bef16bef4f52b6b30cc4250f469b - - default default] http://cinder-api.openstack.svc.cluster.local:8776/v3/6ab2bef16bef4f52b6b30cc4250f469b/volumes/detail?all_tenants=true returned with HTTP 200 [pid: 7|app: 0|req: 351/699] 10.0.0.229 () {28 vars in 684 bytes} [Tue Apr 14 08:36:29 2026] GET /v3/6ab2bef16bef4f52b6b30cc4250f469b/volumes/detail?all_tenants=true => generated 15 bytes in 18 msecs (HTTP/1.1 200) 7 headers in 284 bytes (1 switches on core 0)
2026-04-14 08:36:30.432 8 INFO cinder.api.openstack.wsgi [None req-4d201b8b-a272-411e-b93c-9a3051db08c6 2dc33df45b2a495bb518952a8ac0f786 6ab2bef16bef4f52b6b30cc4250f469b - - default default] GET http://10.0.0.134:8776/
2026-04-14 08:36:30.433 8 INFO cinder.api.openstack.wsgi [None req-4d201b8b-a272-411e-b93c-9a3051db08c6 2dc33df45b2a495bb518952a8ac0f786 6ab2bef16bef4f52b6b30cc4250f469b - - default default] http://10.0.0.134:8776/ returned with HTTP 300
2026-04-14 08:36:30.433 7 INFO cinder.api.openstack.wsgi [None req-a0c43ac4-4631-4fd0-b9da-1052ed546ddd 2dc33df45b2a495bb518952a8ac0f786 6ab2bef16bef4f52b6b30cc4250f469b - - default default] GET http://10.0.0.134:8776/
2026-04-14 08:36:30.434 7 INFO cinder.api.openstack.wsgi [None req-a0c43ac4-4631-4fd0-b9da-1052ed546ddd 2dc33df45b2a495bb518952a8ac0f786 6ab2bef16bef4f52b6b30cc4250f469b - - default default] http://10.0.0.134:8776/ returned with HTTP 300
2026-04-14 08:36:40.433 8 INFO cinder.api.openstack.wsgi [None req-4d201b8b-a272-411e-b93c-9a3051db08c6 2dc33df45b2a495bb518952a8ac0f786 6ab2bef16bef4f52b6b30cc4250f469b - - default default] GET http://10.0.0.134:8776/
2026-04-14 08:36:40.433 8 INFO cinder.api.openstack.wsgi [None req-4d201b8b-a272-411e-b93c-9a3051db08c6 2dc33df45b2a495bb518952a8ac0f786 6ab2bef16bef4f52b6b30cc4250f469b - - default default] http://10.0.0.134:8776/ returned with HTTP 300
2026-04-14 08:36:40.434 7 INFO cinder.api.openstack.wsgi [None req-a0c43ac4-4631-4fd0-b9da-1052ed546ddd 2dc33df45b2a495bb518952a8ac0f786 6ab2bef16bef4f52b6b30cc4250f469b - - default default] GET http://10.0.0.134:8776/
2026-04-14 08:36:40.435 7 INFO cinder.api.openstack.wsgi [None req-a0c43ac4-4631-4fd0-b9da-1052ed546ddd 2dc33df45b2a495bb518952a8ac0f786 6ab2bef16bef4f52b6b30cc4250f469b - - default default] http://10.0.0.134:8776/ returned with HTTP 300
2026-04-14 08:36:50.433 8 INFO cinder.api.openstack.wsgi [None req-4d201b8b-a272-411e-b93c-9a3051db08c6 2dc33df45b2a495bb518952a8ac0f786 6ab2bef16bef4f52b6b30cc4250f469b - - default default] GET http://10.0.0.134:8776/
2026-04-14 08:36:50.433 7 INFO cinder.api.openstack.wsgi [None req-a0c43ac4-4631-4fd0-b9da-1052ed546ddd 2dc33df45b2a495bb518952a8ac0f786 6ab2bef16bef4f52b6b30cc4250f469b - - default default] GET http://10.0.0.134:8776/
2026-04-14 08:36:50.433 8 INFO cinder.api.openstack.wsgi [None req-4d201b8b-a272-411e-b93c-9a3051db08c6 2dc33df45b2a495bb518952a8ac0f786 6ab2bef16bef4f52b6b30cc4250f469b - - default default] http://10.0.0.134:8776/ returned with HTTP 300
2026-04-14 08:36:50.434 7 INFO cinder.api.openstack.wsgi [None req-a0c43ac4-4631-4fd0-b9da-1052ed546ddd 2dc33df45b2a495bb518952a8ac0f786 6ab2bef16bef4f52b6b30cc4250f469b - - default default] http://10.0.0.134:8776/ returned with HTTP 300
2026-04-14 08:36:56.315 8 INFO cinder.api.openstack.wsgi [None req-4d201b8b-a272-411e-b93c-9a3051db08c6 2dc33df45b2a495bb518952a8ac0f786 6ab2bef16bef4f52b6b30cc4250f469b - - default default] GET http://cinder-api.openstack.svc.cluster.local:8776/
2026-04-14 08:36:56.316 8 INFO cinder.api.openstack.wsgi [None req-4d201b8b-a272-411e-b93c-9a3051db08c6 2dc33df45b2a495bb518952a8ac0f786 6ab2bef16bef4f52b6b30cc4250f469b - - default default] http://cinder-api.openstack.svc.cluster.local:8776/ returned with HTTP 300 [pid: 8|app: 0|req: 352/706] 10.0.0.202 () {30 vars in 411 bytes} [Tue Apr 14 08:36:56 2026] GET / => generated 411 bytes in 1 msecs (HTTP/1.1 300) 5 headers in 169 bytes (1 switches on core 0)
2026-04-14 08:36:59.285 7 INFO cinder.api.openstack.wsgi [None req-9a897313-f774-4307-94dd-a61f10d85807 84c2bcf72c364ebe9c658fc7aab6639e c31f5151733a45599266d4cc11a2f5f6 - - default default] POST http://cinder-api.openstack.svc.cluster.local:8776/v3/c31f5151733a45599266d4cc11a2f5f6/volumes
2026-04-14 08:36:59.289 7 INFO cinder.api.v3.volumes [None req-9a897313-f774-4307-94dd-a61f10d85807 84c2bcf72c364ebe9c658fc7aab6639e c31f5151733a45599266d4cc11a2f5f6 - - default default] Create volume of 1 GB
2026-04-14 08:36:59.310 7 INFO cinder.volume.api [None req-9a897313-f774-4307-94dd-a61f10d85807 84c2bcf72c364ebe9c658fc7aab6639e c31f5151733a45599266d4cc11a2f5f6 - - default default] Availability Zones retrieved successfully.
2026-04-14 08:36:59.681 7 INFO cinder.volume.api [None req-9a897313-f774-4307-94dd-a61f10d85807 84c2bcf72c364ebe9c658fc7aab6639e c31f5151733a45599266d4cc11a2f5f6 - - default default] Create volume request issued successfully.
2026-04-14 08:36:59.682 7 INFO cinder.api.openstack.wsgi [None req-9a897313-f774-4307-94dd-a61f10d85807 84c2bcf72c364ebe9c658fc7aab6639e c31f5151733a45599266d4cc11a2f5f6 - - default default] http://cinder-api.openstack.svc.cluster.local:8776/v3/c31f5151733a45599266d4cc11a2f5f6/volumes returned with HTTP 202 /var/lib/openstack/lib/python3.12/site-packages/pycadf/timestamp.py:28: DeprecationWarning: datetime.datetime.utcnow() is deprecated and scheduled for removal in a future version. Use timezone-aware objects to represent datetimes in UTC: datetime.datetime.now(datetime.UTC). utc_datetime = pytz.utc.localize(datetime.datetime.utcnow()) [pid: 7|app: 0|req: 355/707] 10.0.0.202 () {34 vars in 723 bytes} [Tue Apr 14 08:36:59 2026] POST /v3/c31f5151733a45599266d4cc11a2f5f6/volumes => generated 870 bytes in 600 msecs (HTTP/1.1 202) 7 headers in 291 bytes (1 switches on core 0)
2026-04-14 08:36:59.699 8 INFO cinder.api.openstack.wsgi [None req-22c42d58-99bf-47f5-afed-9d90ddc6b807 84c2bcf72c364ebe9c658fc7aab6639e c31f5151733a45599266d4cc11a2f5f6 - - default default] GET http://cinder-api.openstack.svc.cluster.local:8776/v3/c31f5151733a45599266d4cc11a2f5f6/volumes/422f8ec2-1eb5-4ea9-8dac-98a6e5670790 /var/lib/openstack/lib/python3.12/site-packages/oslo_context/context.py:100: DeprecationWarning: Policy enforcement is depending on the value of is_admin. This key is deprecated. Please update your policy file to use the standard policy values. warnings.warn('Policy enforcement is depending on the value of '
2026-04-14 08:36:59.714 8 INFO cinder.volume.api [None req-22c42d58-99bf-47f5-afed-9d90ddc6b807 84c2bcf72c364ebe9c658fc7aab6639e c31f5151733a45599266d4cc11a2f5f6 - - default default] Volume info retrieved successfully.
2026-04-14 08:36:59.733 8 INFO cinder.api.openstack.wsgi [None req-22c42d58-99bf-47f5-afed-9d90ddc6b807 84c2bcf72c364ebe9c658fc7aab6639e c31f5151733a45599266d4cc11a2f5f6 - - default default] http://cinder-api.openstack.svc.cluster.local:8776/v3/c31f5151733a45599266d4cc11a2f5f6/volumes/422f8ec2-1eb5-4ea9-8dac-98a6e5670790 returned with HTTP 200 /var/lib/openstack/lib/python3.12/site-packages/pycadf/timestamp.py:28: DeprecationWarning: datetime.datetime.utcnow() is deprecated and scheduled for removal in a future version. Use timezone-aware objects to represent datetimes in UTC: datetime.datetime.now(datetime.UTC). utc_datetime = pytz.utc.localize(datetime.datetime.utcnow()) [pid: 8|app: 0|req: 353/708] 10.0.0.202 () {32 vars in 775 bytes} [Tue Apr 14 08:36:59 2026] GET /v3/c31f5151733a45599266d4cc11a2f5f6/volumes/422f8ec2-1eb5-4ea9-8dac-98a6e5670790 => generated 938 bytes in 38 msecs (HTTP/1.1 200) 7 headers in 285 bytes (1 switches on core 0)
2026-04-14 08:36:59.982 7 INFO cinder.api.openstack.wsgi [None req-9a897313-f774-4307-94dd-a61f10d85807 84c2bcf72c364ebe9c658fc7aab6639e c31f5151733a45599266d4cc11a2f5f6 - - default default] GET http://cinder-api.openstack.svc.cluster.local:8776/
2026-04-14 08:36:59.984 7 INFO cinder.api.openstack.wsgi [None req-9a897313-f774-4307-94dd-a61f10d85807 84c2bcf72c364ebe9c658fc7aab6639e c31f5151733a45599266d4cc11a2f5f6 - - default default] http://cinder-api.openstack.svc.cluster.local:8776/ returned with HTTP 300 [pid: 7|app: 0|req: 356/709] 10.0.0.243 () {28 vars in 376 bytes} [Tue Apr 14 08:36:59 2026] GET / => generated 411 bytes in 3 msecs (HTTP/1.1 300) 5 headers in 169 bytes (1 switches on core 0) /var/lib/openstack/lib/python3.12/site-packages/pycadf/identifier.py:71: UserWarning: Invalid uuid: cinderv3. To ensure interoperability, identifiers should be a valid uuid. warnings.warn(('Invalid uuid: %s. To ensure interoperability, '
2026-04-14 08:36:59.998 8 INFO cinder.api.openstack.wsgi [None req-11f3b4cf-6835-4827-bff0-2038110e8594 e72a86382189472a993a5cadc9919022 07ddbd3e8257417b8764a6c3372dc479 - - default default] GET http://cinder-api.openstack.svc.cluster.local:8776/v3/07ddbd3e8257417b8764a6c3372dc479/limits?tenant_id=07ddbd3e8257417b8764a6c3372dc479
2026-04-14 08:37:00.022 8 INFO cinder.api.openstack.wsgi [None req-11f3b4cf-6835-4827-bff0-2038110e8594 e72a86382189472a993a5cadc9919022 07ddbd3e8257417b8764a6c3372dc479 - - default default] http://cinder-api.openstack.svc.cluster.local:8776/v3/07ddbd3e8257417b8764a6c3372dc479/limits?tenant_id=07ddbd3e8257417b8764a6c3372dc479 returned with HTTP 200 [pid: 8|app: 0|req: 354/710] 10.0.0.243 () {34 vars in 879 bytes} [Tue Apr 14 08:36:59 2026] GET /v3/07ddbd3e8257417b8764a6c3372dc479/limits?tenant_id=07ddbd3e8257417b8764a6c3372dc479 => generated 302 bytes in 32 msecs (HTTP/1.1 200) 7 headers in 286 bytes (1 switches on core 0)
2026-04-14 08:37:00.432 7 INFO cinder.api.openstack.wsgi [None req-9a897313-f774-4307-94dd-a61f10d85807 84c2bcf72c364ebe9c658fc7aab6639e c31f5151733a45599266d4cc11a2f5f6 - - default default] GET http://10.0.0.134:8776/
2026-04-14 08:37:00.432 8 INFO cinder.api.openstack.wsgi [None req-11f3b4cf-6835-4827-bff0-2038110e8594 e72a86382189472a993a5cadc9919022 07ddbd3e8257417b8764a6c3372dc479 - - default default] GET http://10.0.0.134:8776/
2026-04-14 08:37:00.433 7 INFO cinder.api.openstack.wsgi [None req-9a897313-f774-4307-94dd-a61f10d85807 84c2bcf72c364ebe9c658fc7aab6639e c31f5151733a45599266d4cc11a2f5f6 - - default default] http://10.0.0.134:8776/ returned with HTTP 300
2026-04-14 08:37:00.433 8 INFO cinder.api.openstack.wsgi [None req-11f3b4cf-6835-4827-bff0-2038110e8594 e72a86382189472a993a5cadc9919022 07ddbd3e8257417b8764a6c3372dc479 - - default default] http://10.0.0.134:8776/ returned with HTTP 300 /var/lib/openstack/lib/python3.12/site-packages/pycadf/identifier.py:71: UserWarning: Invalid uuid: cinderv3. To ensure interoperability, identifiers should be a valid uuid. warnings.warn(('Invalid uuid: %s. To ensure interoperability, '
2026-04-14 08:37:00.753 7 INFO cinder.api.openstack.wsgi [None req-cb153ba6-2e1e-4b60-a0cd-c7efb582b27c 84c2bcf72c364ebe9c658fc7aab6639e c31f5151733a45599266d4cc11a2f5f6 - - default default] GET http://cinder-api.openstack.svc.cluster.local:8776/v3/c31f5151733a45599266d4cc11a2f5f6/volumes/422f8ec2-1eb5-4ea9-8dac-98a6e5670790 /var/lib/openstack/lib/python3.12/site-packages/oslo_context/context.py:100: DeprecationWarning: Policy enforcement is depending on the value of is_admin. This key is deprecated. Please update your policy file to use the standard policy values. warnings.warn('Policy enforcement is depending on the value of '
2026-04-14 08:37:00.767 7 INFO cinder.volume.api [None req-cb153ba6-2e1e-4b60-a0cd-c7efb582b27c 84c2bcf72c364ebe9c658fc7aab6639e c31f5151733a45599266d4cc11a2f5f6 - - default default] Volume info retrieved successfully.
2026-04-14 08:37:00.771 7 INFO cinder.api.openstack.wsgi [None req-cb153ba6-2e1e-4b60-a0cd-c7efb582b27c 84c2bcf72c364ebe9c658fc7aab6639e c31f5151733a45599266d4cc11a2f5f6 - - default default] http://cinder-api.openstack.svc.cluster.local:8776/v3/c31f5151733a45599266d4cc11a2f5f6/volumes/422f8ec2-1eb5-4ea9-8dac-98a6e5670790 returned with HTTP 200 /var/lib/openstack/lib/python3.12/site-packages/pycadf/timestamp.py:28: DeprecationWarning: datetime.datetime.utcnow() is deprecated and scheduled for removal in a future version. Use timezone-aware objects to represent datetimes in UTC: datetime.datetime.now(datetime.UTC). utc_datetime = pytz.utc.localize(datetime.datetime.utcnow()) [pid: 7|app: 0|req: 358/713] 10.0.0.202 () {32 vars in 775 bytes} [Tue Apr 14 08:37:00 2026] GET /v3/c31f5151733a45599266d4cc11a2f5f6/volumes/422f8ec2-1eb5-4ea9-8dac-98a6e5670790 => generated 963 bytes in 26 msecs (HTTP/1.1 200) 7 headers in 285 bytes (1 switches on core 0)
2026-04-14 08:37:00.787 8 INFO cinder.api.openstack.wsgi [None req-a3071467-059b-4883-b9d2-fa2120985589 84c2bcf72c364ebe9c658fc7aab6639e c31f5151733a45599266d4cc11a2f5f6 - - default default] GET http://cinder-api.openstack.svc.cluster.local:8776/v3/c31f5151733a45599266d4cc11a2f5f6/volumes/422f8ec2-1eb5-4ea9-8dac-98a6e5670790 /var/lib/openstack/lib/python3.12/site-packages/oslo_context/context.py:100: DeprecationWarning: Policy enforcement is depending on the value of is_admin. This key is deprecated. Please update your policy file to use the standard policy values. warnings.warn('Policy enforcement is depending on the value of '
2026-04-14 08:37:00.804 8 INFO cinder.volume.api [None req-a3071467-059b-4883-b9d2-fa2120985589 84c2bcf72c364ebe9c658fc7aab6639e c31f5151733a45599266d4cc11a2f5f6 - - default default] Volume info retrieved successfully.
