Jul 03 22:01:37.950444 np0000184109 systemd[1]: Starting devstack@n-api-meta.service - Devstack devstack@n-api-meta.service...
Jul 03 22:01:37.957196 np0000184109 devstack@n-api-meta.service[107244]: [uWSGI] getting INI configuration from /etc/nova/nova-metadata-uwsgi.ini
Jul 03 22:01:37.960163 np0000184109 devstack@n-api-meta.service[107244]: *** Starting uWSGI 2.0.24-debian (64bit) on [Fri Jul 3 22:01:37 2026] ***
Jul 03 22:01:37.960163 np0000184109 devstack@n-api-meta.service[107244]: compiled with version: 13.2.0 on 17 April 2024 16:23:48
Jul 03 22:01:37.960163 np0000184109 devstack@n-api-meta.service[107244]: os: Linux-6.8.0-134-generic #134-Ubuntu SMP PREEMPT_DYNAMIC Fri Jun 26 18:43:11 UTC 2026
Jul 03 22:01:37.960163 np0000184109 devstack@n-api-meta.service[107244]: nodename: np0000184109
Jul 03 22:01:37.960163 np0000184109 devstack@n-api-meta.service[107244]: machine: x86_64
Jul 03 22:01:37.960163 np0000184109 devstack@n-api-meta.service[107244]: clock source: unix
Jul 03 22:01:37.960163 np0000184109 devstack@n-api-meta.service[107244]: pcre jit disabled
Jul 03 22:01:37.960163 np0000184109 devstack@n-api-meta.service[107244]: detected number of CPU cores: 16
Jul 03 22:01:37.960163 np0000184109 devstack@n-api-meta.service[107244]: current working directory: /
Jul 03 22:01:37.960163 np0000184109 devstack@n-api-meta.service[107244]: detected binary path: /usr/bin/uwsgi-core
Jul 03 22:01:37.960163 np0000184109 devstack@n-api-meta.service[107244]: your processes number limit is 256916
Jul 03 22:01:37.960163 np0000184109 devstack@n-api-meta.service[107244]: your memory page size is 4096 bytes
Jul 03 22:01:37.960163 np0000184109 devstack@n-api-meta.service[107244]: detected max file descriptor number: 2048
Jul 03 22:01:37.960163 np0000184109 devstack@n-api-meta.service[107244]: lock engine: pthread robust mutexes
Jul 03 22:01:37.960871 np0000184109 devstack@n-api-meta.service[107244]: thunder lock: enabled
Jul 03 22:01:37.960871 np0000184109 devstack@n-api-meta.service[107244]: uWSGI http bound on 0.0.0.0:8775 fd 5
Jul 03 22:01:37.960871 np0000184109 devstack@n-api-meta.service[107244]: uwsgi socket 0 bound to TCP address 127.0.0.1:41969 (port auto-assigned) fd 4
Jul 03 22:01:37.960871 np0000184109 devstack@n-api-meta.service[107244]: Python version: 3.12.3 (main, Mar 23 2026, 19:04:32) [GCC 13.3.0]
Jul 03 22:01:37.960871 np0000184109 devstack@n-api-meta.service[107244]: PEP 405 virtualenv detected: /opt/stack/data/venv
Jul 03 22:01:37.960871 np0000184109 devstack@n-api-meta.service[107244]: Set PythonHome to /opt/stack/data/venv
Jul 03 22:01:37.996133 np0000184109 devstack@n-api-meta.service[107244]: Python main interpreter initialized at 0x71f09f0a3668
Jul 03 22:01:37.996133 np0000184109 devstack@n-api-meta.service[107244]: python threads support enabled
Jul 03 22:01:37.996133 np0000184109 devstack@n-api-meta.service[107244]: your server socket listen backlog is limited to 100 connections
Jul 03 22:01:37.996133 np0000184109 devstack@n-api-meta.service[107244]: your mercy for graceful operations on workers is 80 seconds
Jul 03 22:01:37.996622 np0000184109 devstack@n-api-meta.service[107244]: mapped 671795 bytes (656 KB) for 4 cores
Jul 03 22:01:37.996772 np0000184109 devstack@n-api-meta.service[107244]: *** Operational MODE: preforking ***
Jul 03 22:01:37.996934 np0000184109 devstack@n-api-meta.service[107244]: *** uWSGI is running in multiple interpreter mode ***
Jul 03 22:01:37.996934 np0000184109 devstack@n-api-meta.service[107244]: spawned uWSGI master process (pid: 107244)
Jul 03 22:01:37.997138 np0000184109 systemd[1]: Started devstack@n-api-meta.service - Devstack devstack@n-api-meta.service.
Jul 03 22:01:37.997560 np0000184109 devstack@n-api-meta.service[107244]: spawned uWSGI worker 1 (pid: 107245, cores: 1)
Jul 03 22:01:37.998050 np0000184109 devstack@n-api-meta.service[107244]: spawned uWSGI worker 2 (pid: 107246, cores: 1)
Jul 03 22:01:37.998484 np0000184109 devstack@n-api-meta.service[107244]: spawned uWSGI worker 3 (pid: 107247, cores: 1)
Jul 03 22:01:37.998970 np0000184109 devstack@n-api-meta.service[107244]: spawned uWSGI worker 4 (pid: 107248, cores: 1)
Jul 03 22:01:37.999492 np0000184109 devstack@n-api-meta.service[107244]: spawned uWSGI http 1 (pid: 107249)
Jul 03 22:01:37.999492 np0000184109 devstack@n-api-meta.service[107244]: running "unix_signal:15 gracefully_kill_them_all" (master-start)...
Jul 03 22:01:39.610405 np0000184109 devstack@n-api-meta.service[107245]: INFO dbcounter [None req-1512ea2a-79ea-4fca-8c14-8d6eadf6276d None None] Registered counter for database nova_api
Jul 03 22:01:39.656194 np0000184109 devstack@n-api-meta.service[107245]: DEBUG oslo_db.sqlalchemy.engines [None req-1512ea2a-79ea-4fca-8c14-8d6eadf6276d None None] MySQL server mode set to STRICT_TRANS_TABLES,STRICT_ALL_TABLES,NO_ZERO_IN_DATE,NO_ZERO_DATE,ERROR_FOR_DIVISION_BY_ZERO,TRADITIONAL,NO_ENGINE_SUBSTITUTION {{(pid=107245) _check_effective_sql_mode /opt/stack/data/venv/lib/python3.12/site-packages/oslo_db/sqlalchemy/engines.py:325}}
Jul 03 22:01:39.683673 np0000184109 devstack@n-api-meta.service[107248]: INFO dbcounter [None req-738e9379-6e7c-47ac-a18b-1201f69f7426 None None] Registered counter for database nova_api
Jul 03 22:01:39.689704 np0000184109 devstack@n-api-meta.service[107245]: DEBUG dbcounter [-] [107245] Writer thread running {{(pid=107245) stat_writer /opt/stack/data/venv/lib/python3.12/site-packages/dbcounter.py:102}}
Jul 03 22:01:39.692070 np0000184109 devstack@n-api-meta.service[107245]: DEBUG nova.context [None req-1512ea2a-79ea-4fca-8c14-8d6eadf6276d None None] Found 2 cells: 00000000-0000-0000-0000-000000000000(cell0),36a43dff-ba8b-43ca-b08a-92351e93be67(cell1) {{(pid=107245) load_cells /opt/stack/nova/nova/context.py:509}}
Jul 03 22:01:39.692296 np0000184109 devstack@n-api-meta.service[107245]: INFO nova.utils [None req-1512ea2a-79ea-4fca-8c14-8d6eadf6276d None None] The cell worker thread pool MainProcess.cell_worker is initialized
Jul 03 22:01:39.694092 np0000184109 devstack@n-api-meta.service[107245]: DEBUG oslo_concurrency.lockutils [None req-1512ea2a-79ea-4fca-8c14-8d6eadf6276d None None] Acquiring lock "00000000-0000-0000-0000-000000000000" by "nova.context.set_target_cell..get_or_set_cached_cell_and_set_connections" {{(pid=107245) inner /opt/stack/data/venv/lib/python3.12/site-packages/oslo_concurrency/lockutils.py:511}}
Jul 03 22:01:39.694256 np0000184109 devstack@n-api-meta.service[107245]: DEBUG oslo_concurrency.lockutils [None req-1512ea2a-79ea-4fca-8c14-8d6eadf6276d None None] Lock "00000000-0000-0000-0000-000000000000" acquired by "nova.context.set_target_cell..get_or_set_cached_cell_and_set_connections" :: waited 0.000s {{(pid=107245) inner /opt/stack/data/venv/lib/python3.12/site-packages/oslo_concurrency/lockutils.py:524}}
Jul 03 22:01:39.694628 np0000184109 devstack@n-api-meta.service[107245]: DEBUG oslo_concurrency.lockutils [None req-1512ea2a-79ea-4fca-8c14-8d6eadf6276d None None] Lock "00000000-0000-0000-0000-000000000000" "released" by "nova.context.set_target_cell..get_or_set_cached_cell_and_set_connections" :: held 0.000s {{(pid=107245) inner /opt/stack/data/venv/lib/python3.12/site-packages/oslo_concurrency/lockutils.py:543}}
Jul 03 22:01:39.695551 np0000184109 devstack@n-api-meta.service[107245]: DEBUG oslo_concurrency.lockutils [None req-1512ea2a-79ea-4fca-8c14-8d6eadf6276d None None] Acquiring lock "36a43dff-ba8b-43ca-b08a-92351e93be67" by "nova.context.set_target_cell..get_or_set_cached_cell_and_set_connections" {{(pid=107245) inner /opt/stack/data/venv/lib/python3.12/site-packages/oslo_concurrency/lockutils.py:511}}
Jul 03 22:01:39.695685 np0000184109 devstack@n-api-meta.service[107245]: DEBUG oslo_concurrency.lockutils [None req-1512ea2a-79ea-4fca-8c14-8d6eadf6276d None None] Lock "36a43dff-ba8b-43ca-b08a-92351e93be67" acquired by "nova.context.set_target_cell..get_or_set_cached_cell_and_set_connections" :: waited 0.000s {{(pid=107245) inner /opt/stack/data/venv/lib/python3.12/site-packages/oslo_concurrency/lockutils.py:524}}
Jul 03 22:01:39.696505 np0000184109 devstack@n-api-meta.service[107245]: DEBUG oslo_concurrency.lockutils [None req-1512ea2a-79ea-4fca-8c14-8d6eadf6276d None None] Lock "36a43dff-ba8b-43ca-b08a-92351e93be67" "released" by "nova.context.set_target_cell..get_or_set_cached_cell_and_set_connections" :: held 0.001s {{(pid=107245) inner /opt/stack/data/venv/lib/python3.12/site-packages/oslo_concurrency/lockutils.py:543}}
Jul 03 22:01:39.700206 np0000184109 devstack@n-api-meta.service[107245]: INFO dbcounter [None req-1512ea2a-79ea-4fca-8c14-8d6eadf6276d None None] Registered counter for database nova_cell0
Jul 03 22:01:39.702319 np0000184109 devstack@n-api-meta.service[107247]: INFO dbcounter [None req-782d4b9a-2bc1-451e-a23a-4a3a7a6c2aa7 None None] Registered counter for database nova_api
Jul 03 22:01:39.705590 np0000184109 devstack@n-api-meta.service[107245]: INFO dbcounter [None req-1512ea2a-79ea-4fca-8c14-8d6eadf6276d None None] Registered counter for database nova_cell1
Jul 03 22:01:39.731251 np0000184109 devstack@n-api-meta.service[107248]: DEBUG oslo_db.sqlalchemy.engines [None req-738e9379-6e7c-47ac-a18b-1201f69f7426 None None] MySQL server mode set to STRICT_TRANS_TABLES,STRICT_ALL_TABLES,NO_ZERO_IN_DATE,NO_ZERO_DATE,ERROR_FOR_DIVISION_BY_ZERO,TRADITIONAL,NO_ENGINE_SUBSTITUTION {{(pid=107248) _check_effective_sql_mode /opt/stack/data/venv/lib/python3.12/site-packages/oslo_db/sqlalchemy/engines.py:325}}
Jul 03 22:01:39.733763 np0000184109 devstack@n-api-meta.service[107246]: INFO dbcounter [None req-2de2bc0f-884d-439f-b295-739028862b11 None None] Registered counter for database nova_api
Jul 03 22:01:39.747710 np0000184109 devstack@n-api-meta.service[107247]: DEBUG oslo_db.sqlalchemy.engines [None req-782d4b9a-2bc1-451e-a23a-4a3a7a6c2aa7 None None] MySQL server mode set to STRICT_TRANS_TABLES,STRICT_ALL_TABLES,NO_ZERO_IN_DATE,NO_ZERO_DATE,ERROR_FOR_DIVISION_BY_ZERO,TRADITIONAL,NO_ENGINE_SUBSTITUTION {{(pid=107247) _check_effective_sql_mode /opt/stack/data/venv/lib/python3.12/site-packages/oslo_db/sqlalchemy/engines.py:325}}
Jul 03 22:01:39.765245 np0000184109 devstack@n-api-meta.service[107245]: DEBUG oslo_db.sqlalchemy.engines [None req-1512ea2a-79ea-4fca-8c14-8d6eadf6276d None None] MySQL server mode set to STRICT_TRANS_TABLES,STRICT_ALL_TABLES,NO_ZERO_IN_DATE,NO_ZERO_DATE,ERROR_FOR_DIVISION_BY_ZERO,TRADITIONAL,NO_ENGINE_SUBSTITUTION {{(pid=107245) _check_effective_sql_mode /opt/stack/data/venv/lib/python3.12/site-packages/oslo_db/sqlalchemy/engines.py:325}}
Jul 03 22:01:39.767377 np0000184109 devstack@n-api-meta.service[107248]: DEBUG dbcounter [-] [107248] Writer thread running {{(pid=107248) stat_writer /opt/stack/data/venv/lib/python3.12/site-packages/dbcounter.py:102}}
Jul 03 22:01:39.772889 np0000184109 devstack@n-api-meta.service[107248]: DEBUG nova.context [None req-738e9379-6e7c-47ac-a18b-1201f69f7426 None None] Found 2 cells: 00000000-0000-0000-0000-000000000000(cell0),36a43dff-ba8b-43ca-b08a-92351e93be67(cell1) {{(pid=107248) load_cells /opt/stack/nova/nova/context.py:509}}
Jul 03 22:01:39.772889 np0000184109 devstack@n-api-meta.service[107248]: INFO nova.utils [None req-738e9379-6e7c-47ac-a18b-1201f69f7426 None None] The cell worker thread pool MainProcess.cell_worker is initialized
Jul 03 22:01:39.773094 np0000184109 devstack@n-api-meta.service[107245]: DEBUG oslo_db.sqlalchemy.engines [None req-1512ea2a-79ea-4fca-8c14-8d6eadf6276d None None] MySQL server mode set to STRICT_TRANS_TABLES,STRICT_ALL_TABLES,NO_ZERO_IN_DATE,NO_ZERO_DATE,ERROR_FOR_DIVISION_BY_ZERO,TRADITIONAL,NO_ENGINE_SUBSTITUTION {{(pid=107245) _check_effective_sql_mode /opt/stack/data/venv/lib/python3.12/site-packages/oslo_db/sqlalchemy/engines.py:325}}
Jul 03 22:01:39.773166 np0000184109 devstack@n-api-meta.service[107248]: DEBUG oslo_concurrency.lockutils [None req-738e9379-6e7c-47ac-a18b-1201f69f7426 None None] Acquiring lock "00000000-0000-0000-0000-000000000000" by "nova.context.set_target_cell..get_or_set_cached_cell_and_set_connections" {{(pid=107248) inner /opt/stack/data/venv/lib/python3.12/site-packages/oslo_concurrency/lockutils.py:511}}
Jul 03 22:01:39.773166 np0000184109 devstack@n-api-meta.service[107248]: DEBUG oslo_concurrency.lockutils [None req-738e9379-6e7c-47ac-a18b-1201f69f7426 None None] Lock "00000000-0000-0000-0000-000000000000" acquired by "nova.context.set_target_cell..get_or_set_cached_cell_and_set_connections" :: waited 0.000s {{(pid=107248) inner /opt/stack/data/venv/lib/python3.12/site-packages/oslo_concurrency/lockutils.py:524}}
Jul 03 22:01:39.773504 np0000184109 devstack@n-api-meta.service[107248]: DEBUG oslo_concurrency.lockutils [None req-738e9379-6e7c-47ac-a18b-1201f69f7426 None None] Lock "00000000-0000-0000-0000-000000000000" "released" by "nova.context.set_target_cell..get_or_set_cached_cell_and_set_connections" :: held 0.000s {{(pid=107248) inner /opt/stack/data/venv/lib/python3.12/site-packages/oslo_concurrency/lockutils.py:543}}
Jul 03 22:01:39.774510 np0000184109 devstack@n-api-meta.service[107248]: DEBUG oslo_concurrency.lockutils [None req-738e9379-6e7c-47ac-a18b-1201f69f7426 None None] Acquiring lock "36a43dff-ba8b-43ca-b08a-92351e93be67" by "nova.context.set_target_cell..get_or_set_cached_cell_and_set_connections" {{(pid=107248) inner /opt/stack/data/venv/lib/python3.12/site-packages/oslo_concurrency/lockutils.py:511}}
Jul 03 22:01:39.774700 np0000184109 devstack@n-api-meta.service[107248]: DEBUG oslo_concurrency.lockutils [None req-738e9379-6e7c-47ac-a18b-1201f69f7426 None None] Lock "36a43dff-ba8b-43ca-b08a-92351e93be67" acquired by "nova.context.set_target_cell..get_or_set_cached_cell_and_set_connections" :: waited 0.000s {{(pid=107248) inner /opt/stack/data/venv/lib/python3.12/site-packages/oslo_concurrency/lockutils.py:524}}
Jul 03 22:01:39.775818 np0000184109 devstack@n-api-meta.service[107248]: DEBUG oslo_concurrency.lockutils [None req-738e9379-6e7c-47ac-a18b-1201f69f7426 None None] Lock "36a43dff-ba8b-43ca-b08a-92351e93be67" "released" by "nova.context.set_target_cell..get_or_set_cached_cell_and_set_connections" :: held 0.001s {{(pid=107248) inner /opt/stack/data/venv/lib/python3.12/site-packages/oslo_concurrency/lockutils.py:543}}
Jul 03 22:01:39.779651 np0000184109 devstack@n-api-meta.service[107248]: INFO dbcounter [None req-738e9379-6e7c-47ac-a18b-1201f69f7426 None None] Registered counter for database nova_cell0
Jul 03 22:01:39.780618 np0000184109 devstack@n-api-meta.service[107246]: DEBUG oslo_db.sqlalchemy.engines [None req-2de2bc0f-884d-439f-b295-739028862b11 None None] MySQL server mode set to STRICT_TRANS_TABLES,STRICT_ALL_TABLES,NO_ZERO_IN_DATE,NO_ZERO_DATE,ERROR_FOR_DIVISION_BY_ZERO,TRADITIONAL,NO_ENGINE_SUBSTITUTION {{(pid=107246) _check_effective_sql_mode /opt/stack/data/venv/lib/python3.12/site-packages/oslo_db/sqlalchemy/engines.py:325}}
Jul 03 22:01:39.782789 np0000184109 devstack@n-api-meta.service[107247]: DEBUG dbcounter [-] [107247] Writer thread running {{(pid=107247) stat_writer /opt/stack/data/venv/lib/python3.12/site-packages/dbcounter.py:102}}
Jul 03 22:01:39.784972 np0000184109 devstack@n-api-meta.service[107248]: INFO dbcounter [None req-738e9379-6e7c-47ac-a18b-1201f69f7426 None None] Registered counter for database nova_cell1
Jul 03 22:01:39.786980 np0000184109 devstack@n-api-meta.service[107247]: DEBUG nova.context [None req-782d4b9a-2bc1-451e-a23a-4a3a7a6c2aa7 None None] Found 2 cells: 00000000-0000-0000-0000-000000000000(cell0),36a43dff-ba8b-43ca-b08a-92351e93be67(cell1) {{(pid=107247) load_cells /opt/stack/nova/nova/context.py:509}}
Jul 03 22:01:39.787431 np0000184109 devstack@n-api-meta.service[107247]: INFO nova.utils [None req-782d4b9a-2bc1-451e-a23a-4a3a7a6c2aa7 None None] The cell worker thread pool MainProcess.cell_worker is initialized
Jul 03 22:01:39.791043 np0000184109 devstack@n-api-meta.service[107247]: DEBUG oslo_concurrency.lockutils [None req-782d4b9a-2bc1-451e-a23a-4a3a7a6c2aa7 None None] Acquiring lock "00000000-0000-0000-0000-000000000000" by "nova.context.set_target_cell..get_or_set_cached_cell_and_set_connections" {{(pid=107247) inner /opt/stack/data/venv/lib/python3.12/site-packages/oslo_concurrency/lockutils.py:511}}
Jul 03 22:01:39.791382 np0000184109 devstack@n-api-meta.service[107247]: DEBUG oslo_concurrency.lockutils [None req-782d4b9a-2bc1-451e-a23a-4a3a7a6c2aa7 None None] Lock "00000000-0000-0000-0000-000000000000" acquired by "nova.context.set_target_cell..get_or_set_cached_cell_and_set_connections" :: waited 0.000s {{(pid=107247) inner /opt/stack/data/venv/lib/python3.12/site-packages/oslo_concurrency/lockutils.py:524}}
Jul 03 22:01:39.792183 np0000184109 devstack@n-api-meta.service[107247]: DEBUG oslo_concurrency.lockutils [None req-782d4b9a-2bc1-451e-a23a-4a3a7a6c2aa7 None None] Lock "00000000-0000-0000-0000-000000000000" "released" by "nova.context.set_target_cell..get_or_set_cached_cell_and_set_connections" :: held 0.001s {{(pid=107247) inner /opt/stack/data/venv/lib/python3.12/site-packages/oslo_concurrency/lockutils.py:543}}
Jul 03 22:01:39.793268 np0000184109 devstack@n-api-meta.service[107247]: DEBUG oslo_concurrency.lockutils [None req-782d4b9a-2bc1-451e-a23a-4a3a7a6c2aa7 None None] Acquiring lock "36a43dff-ba8b-43ca-b08a-92351e93be67" by "nova.context.set_target_cell..get_or_set_cached_cell_and_set_connections" {{(pid=107247) inner /opt/stack/data/venv/lib/python3.12/site-packages/oslo_concurrency/lockutils.py:511}}
Jul 03 22:01:39.795626 np0000184109 devstack@n-api-meta.service[107247]: INFO dbcounter [None req-782d4b9a-2bc1-451e-a23a-4a3a7a6c2aa7 None None] Registered counter for database nova_cell0
Jul 03 22:01:39.797401 np0000184109 devstack@n-api-meta.service[107247]: DEBUG oslo_concurrency.lockutils [None req-782d4b9a-2bc1-451e-a23a-4a3a7a6c2aa7 None None] Lock "36a43dff-ba8b-43ca-b08a-92351e93be67" acquired by "nova.context.set_target_cell..get_or_set_cached_cell_and_set_connections" :: waited 0.002s {{(pid=107247) inner /opt/stack/data/venv/lib/python3.12/site-packages/oslo_concurrency/lockutils.py:524}}
Jul 03 22:01:39.798591 np0000184109 devstack@n-api-meta.service[107247]: DEBUG oslo_concurrency.lockutils [None req-782d4b9a-2bc1-451e-a23a-4a3a7a6c2aa7 None None] Lock "36a43dff-ba8b-43ca-b08a-92351e93be67" "released" by "nova.context.set_target_cell..get_or_set_cached_cell_and_set_connections" :: held 0.003s {{(pid=107247) inner /opt/stack/data/venv/lib/python3.12/site-packages/oslo_concurrency/lockutils.py:543}}
Jul 03 22:01:39.802931 np0000184109 devstack@n-api-meta.service[107247]: INFO dbcounter [None req-782d4b9a-2bc1-451e-a23a-4a3a7a6c2aa7 None None] Registered counter for database nova_cell1
Jul 03 22:01:39.813547 np0000184109 devstack@n-api-meta.service[107246]: DEBUG dbcounter [-] [107246] Writer thread running {{(pid=107246) stat_writer /opt/stack/data/venv/lib/python3.12/site-packages/dbcounter.py:102}}
Jul 03 22:01:39.816635 np0000184109 devstack@n-api-meta.service[107246]: DEBUG nova.context [None req-2de2bc0f-884d-439f-b295-739028862b11 None None] Found 2 cells: 00000000-0000-0000-0000-000000000000(cell0),36a43dff-ba8b-43ca-b08a-92351e93be67(cell1) {{(pid=107246) load_cells /opt/stack/nova/nova/context.py:509}}
Jul 03 22:01:39.816870 np0000184109 devstack@n-api-meta.service[107246]: INFO nova.utils [None req-2de2bc0f-884d-439f-b295-739028862b11 None None] The cell worker thread pool MainProcess.cell_worker is initialized
Jul 03 22:01:39.818618 np0000184109 devstack@n-api-meta.service[107246]: DEBUG oslo_concurrency.lockutils [None req-2de2bc0f-884d-439f-b295-739028862b11 None None] Acquiring lock "00000000-0000-0000-0000-000000000000" by "nova.context.set_target_cell..get_or_set_cached_cell_and_set_connections" {{(pid=107246) inner /opt/stack/data/venv/lib/python3.12/site-packages/oslo_concurrency/lockutils.py:511}}
Jul 03 22:01:39.818783 np0000184109 devstack@n-api-meta.service[107246]: DEBUG oslo_concurrency.lockutils [None req-2de2bc0f-884d-439f-b295-739028862b11 None None] Lock "00000000-0000-0000-0000-000000000000" acquired by "nova.context.set_target_cell..get_or_set_cached_cell_and_set_connections" :: waited 0.000s {{(pid=107246) inner /opt/stack/data/venv/lib/python3.12/site-packages/oslo_concurrency/lockutils.py:524}}
Jul 03 22:01:39.819164 np0000184109 devstack@n-api-meta.service[107246]: DEBUG oslo_concurrency.lockutils [None req-2de2bc0f-884d-439f-b295-739028862b11 None None] Lock "00000000-0000-0000-0000-000000000000" "released" by "nova.context.set_target_cell..get_or_set_cached_cell_and_set_connections" :: held 0.000s {{(pid=107246) inner /opt/stack/data/venv/lib/python3.12/site-packages/oslo_concurrency/lockutils.py:543}}
Jul 03 22:01:39.819922 np0000184109 devstack@n-api-meta.service[107246]: DEBUG oslo_concurrency.lockutils [None req-2de2bc0f-884d-439f-b295-739028862b11 None None] Acquiring lock "36a43dff-ba8b-43ca-b08a-92351e93be67" by "nova.context.set_target_cell..get_or_set_cached_cell_and_set_connections" {{(pid=107246) inner /opt/stack/data/venv/lib/python3.12/site-packages/oslo_concurrency/lockutils.py:511}}
Jul 03 22:01:39.820055 np0000184109 devstack@n-api-meta.service[107246]: DEBUG oslo_concurrency.lockutils [None req-2de2bc0f-884d-439f-b295-739028862b11 None None] Lock "36a43dff-ba8b-43ca-b08a-92351e93be67" acquired by "nova.context.set_target_cell..get_or_set_cached_cell_and_set_connections" :: waited 0.000s {{(pid=107246) inner /opt/stack/data/venv/lib/python3.12/site-packages/oslo_concurrency/lockutils.py:524}}
Jul 03 22:01:39.820897 np0000184109 devstack@n-api-meta.service[107246]: DEBUG oslo_concurrency.lockutils [None req-2de2bc0f-884d-439f-b295-739028862b11 None None] Lock "36a43dff-ba8b-43ca-b08a-92351e93be67" "released" by "nova.context.set_target_cell..get_or_set_cached_cell_and_set_connections" :: held 0.001s {{(pid=107246) inner /opt/stack/data/venv/lib/python3.12/site-packages/oslo_concurrency/lockutils.py:543}}
Jul 03 22:01:39.823296 np0000184109 devstack@n-api-meta.service[107246]: INFO dbcounter [None req-2de2bc0f-884d-439f-b295-739028862b11 None None] Registered counter for database nova_cell0
Jul 03 22:01:39.828985 np0000184109 devstack@n-api-meta.service[107246]: INFO dbcounter [None req-2de2bc0f-884d-439f-b295-739028862b11 None None] Registered counter for database nova_cell1
Jul 03 22:01:39.841617 np0000184109 devstack@n-api-meta.service[107248]: DEBUG oslo_db.sqlalchemy.engines [None req-738e9379-6e7c-47ac-a18b-1201f69f7426 None None] MySQL server mode set to STRICT_TRANS_TABLES,STRICT_ALL_TABLES,NO_ZERO_IN_DATE,NO_ZERO_DATE,ERROR_FOR_DIVISION_BY_ZERO,TRADITIONAL,NO_ENGINE_SUBSTITUTION {{(pid=107248) _check_effective_sql_mode /opt/stack/data/venv/lib/python3.12/site-packages/oslo_db/sqlalchemy/engines.py:325}}
Jul 03 22:01:39.851413 np0000184109 devstack@n-api-meta.service[107248]: DEBUG oslo_db.sqlalchemy.engines [None req-738e9379-6e7c-47ac-a18b-1201f69f7426 None None] MySQL server mode set to STRICT_TRANS_TABLES,STRICT_ALL_TABLES,NO_ZERO_IN_DATE,NO_ZERO_DATE,ERROR_FOR_DIVISION_BY_ZERO,TRADITIONAL,NO_ENGINE_SUBSTITUTION {{(pid=107248) _check_effective_sql_mode /opt/stack/data/venv/lib/python3.12/site-packages/oslo_db/sqlalchemy/engines.py:325}}
Jul 03 22:01:39.851951 np0000184109 devstack@n-api-meta.service[107247]: DEBUG oslo_db.sqlalchemy.engines [None req-782d4b9a-2bc1-451e-a23a-4a3a7a6c2aa7 None None] MySQL server mode set to STRICT_TRANS_TABLES,STRICT_ALL_TABLES,NO_ZERO_IN_DATE,NO_ZERO_DATE,ERROR_FOR_DIVISION_BY_ZERO,TRADITIONAL,NO_ENGINE_SUBSTITUTION {{(pid=107247) _check_effective_sql_mode /opt/stack/data/venv/lib/python3.12/site-packages/oslo_db/sqlalchemy/engines.py:325}}
Jul 03 22:01:39.861642 np0000184109 devstack@n-api-meta.service[107245]: DEBUG dbcounter [-] [107245] Writer thread running {{(pid=107245) stat_writer /opt/stack/data/venv/lib/python3.12/site-packages/dbcounter.py:102}}
Jul 03 22:01:39.872357 np0000184109 devstack@n-api-meta.service[107245]: DEBUG dbcounter [-] [107245] Writer thread running {{(pid=107245) stat_writer /opt/stack/data/venv/lib/python3.12/site-packages/dbcounter.py:102}}
Jul 03 22:01:39.878834 np0000184109 devstack@n-api-meta.service[107245]: INFO dbcounter [None req-1512ea2a-79ea-4fca-8c14-8d6eadf6276d None None] Registered counter for database nova_cell0
Jul 03 22:01:39.889010 np0000184109 devstack@n-api-meta.service[107246]: DEBUG oslo_db.sqlalchemy.engines [None req-2de2bc0f-884d-439f-b295-739028862b11 None None] MySQL server mode set to STRICT_TRANS_TABLES,STRICT_ALL_TABLES,NO_ZERO_IN_DATE,NO_ZERO_DATE,ERROR_FOR_DIVISION_BY_ZERO,TRADITIONAL,NO_ENGINE_SUBSTITUTION {{(pid=107246) _check_effective_sql_mode /opt/stack/data/venv/lib/python3.12/site-packages/oslo_db/sqlalchemy/engines.py:325}}
Jul 03 22:01:39.941302 np0000184109 devstack@n-api-meta.service[107245]: DEBUG oslo_db.sqlalchemy.engines [None req-1512ea2a-79ea-4fca-8c14-8d6eadf6276d None None] MySQL server mode set to STRICT_TRANS_TABLES,STRICT_ALL_TABLES,NO_ZERO_IN_DATE,NO_ZERO_DATE,ERROR_FOR_DIVISION_BY_ZERO,TRADITIONAL,NO_ENGINE_SUBSTITUTION {{(pid=107245) _check_effective_sql_mode /opt/stack/data/venv/lib/python3.12/site-packages/oslo_db/sqlalchemy/engines.py:325}}
Jul 03 22:01:39.942061 np0000184109 devstack@n-api-meta.service[107248]: DEBUG dbcounter [-] [107248] Writer thread running {{(pid=107248) stat_writer /opt/stack/data/venv/lib/python3.12/site-packages/dbcounter.py:102}}
Jul 03 22:01:39.948805 np0000184109 devstack@n-api-meta.service[107248]: DEBUG dbcounter [-] [107248] Writer thread running {{(pid=107248) stat_writer /opt/stack/data/venv/lib/python3.12/site-packages/dbcounter.py:102}}
Jul 03 22:01:39.949201 np0000184109 devstack@n-api-meta.service[107247]: DEBUG dbcounter [-] [107247] Writer thread running {{(pid=107247) stat_writer /opt/stack/data/venv/lib/python3.12/site-packages/dbcounter.py:102}}
Jul 03 22:01:39.954409 np0000184109 devstack@n-api-meta.service[107245]: DEBUG dbcounter [-] [107245] Writer thread running {{(pid=107245) stat_writer /opt/stack/data/venv/lib/python3.12/site-packages/dbcounter.py:102}}
Jul 03 22:01:39.955607 np0000184109 devstack@n-api-meta.service[107248]: INFO dbcounter [None req-738e9379-6e7c-47ac-a18b-1201f69f7426 None None] Registered counter for database nova_cell0
Jul 03 22:01:39.960051 np0000184109 devstack@n-api-meta.service[107247]: DEBUG oslo_db.sqlalchemy.engines [None req-782d4b9a-2bc1-451e-a23a-4a3a7a6c2aa7 None None] MySQL server mode set to STRICT_TRANS_TABLES,STRICT_ALL_TABLES,NO_ZERO_IN_DATE,NO_ZERO_DATE,ERROR_FOR_DIVISION_BY_ZERO,TRADITIONAL,NO_ENGINE_SUBSTITUTION {{(pid=107247) _check_effective_sql_mode /opt/stack/data/venv/lib/python3.12/site-packages/oslo_db/sqlalchemy/engines.py:325}}
Jul 03 22:01:39.969013 np0000184109 devstack@n-api-meta.service[107247]: DEBUG dbcounter [-] [107247] Writer thread running {{(pid=107247) stat_writer /opt/stack/data/venv/lib/python3.12/site-packages/dbcounter.py:102}}
Jul 03 22:01:39.976996 np0000184109 devstack@n-api-meta.service[107247]: INFO dbcounter [None req-782d4b9a-2bc1-451e-a23a-4a3a7a6c2aa7 None None] Registered counter for database nova_cell0
Jul 03 22:01:39.989444 np0000184109 devstack@n-api-meta.service[107246]: DEBUG dbcounter [-] [107246] Writer thread running {{(pid=107246) stat_writer /opt/stack/data/venv/lib/python3.12/site-packages/dbcounter.py:102}}
Jul 03 22:01:39.997295 np0000184109 devstack@n-api-meta.service[107246]: DEBUG oslo_db.sqlalchemy.engines [None req-2de2bc0f-884d-439f-b295-739028862b11 None None] MySQL server mode set to STRICT_TRANS_TABLES,STRICT_ALL_TABLES,NO_ZERO_IN_DATE,NO_ZERO_DATE,ERROR_FOR_DIVISION_BY_ZERO,TRADITIONAL,NO_ENGINE_SUBSTITUTION {{(pid=107246) _check_effective_sql_mode /opt/stack/data/venv/lib/python3.12/site-packages/oslo_db/sqlalchemy/engines.py:325}}
Jul 03 22:01:40.004116 np0000184109 devstack@n-api-meta.service[107245]: WARNING nova.api.metadata.handler [None req-1512ea2a-79ea-4fca-8c14-8d6eadf6276d None None] metadata_proxy_shared_secret is not configured, the metadata information returned by the proxy cannot be trusted
Jul 03 22:01:40.006221 np0000184109 devstack@n-api-meta.service[107246]: DEBUG dbcounter [-] [107246] Writer thread running {{(pid=107246) stat_writer /opt/stack/data/venv/lib/python3.12/site-packages/dbcounter.py:102}}
Jul 03 22:01:40.006759 np0000184109 devstack@n-api-meta.service[107245]: DEBUG nova.api.openstack.wsgi_app [None req-1512ea2a-79ea-4fca-8c14-8d6eadf6276d None None] ******************************************************************************** {{(pid=107245) log_opt_values /opt/stack/data/venv/lib/python3.12/site-packages/oslo_config/cfg.py:3226}}
Jul 03 22:01:40.006927 np0000184109 devstack@n-api-meta.service[107245]: DEBUG nova.api.openstack.wsgi_app [None req-1512ea2a-79ea-4fca-8c14-8d6eadf6276d None None] Configuration options gathered from: {{(pid=107245) log_opt_values /opt/stack/data/venv/lib/python3.12/site-packages/oslo_config/cfg.py:3227}}
Jul 03 22:01:40.007095 np0000184109 devstack@n-api-meta.service[107245]: DEBUG nova.api.openstack.wsgi_app [None req-1512ea2a-79ea-4fca-8c14-8d6eadf6276d None None] command line args: [] {{(pid=107245) log_opt_values /opt/stack/data/venv/lib/python3.12/site-packages/oslo_config/cfg.py:3228}}
Jul 03 22:01:40.007284 np0000184109 devstack@n-api-meta.service[107245]: DEBUG nova.api.openstack.wsgi_app [None req-1512ea2a-79ea-4fca-8c14-8d6eadf6276d None None] config files: ['/etc/nova/api-paste.ini', '/etc/nova/nova.conf'] {{(pid=107245) log_opt_values /opt/stack/data/venv/lib/python3.12/site-packages/oslo_config/cfg.py:3229}}
Jul 03 22:01:40.007388 np0000184109 devstack@n-api-meta.service[107245]: DEBUG nova.api.openstack.wsgi_app [None req-1512ea2a-79ea-4fca-8c14-8d6eadf6276d None None] ================================================================================ {{(pid=107245) log_opt_values /opt/stack/data/venv/lib/python3.12/site-packages/oslo_config/cfg.py:3234}}
Jul 03 22:01:40.007576 np0000184109 devstack@n-api-meta.service[107245]: DEBUG nova.api.openstack.wsgi_app [None req-1512ea2a-79ea-4fca-8c14-8d6eadf6276d None None] allow_resize_to_same_host = True {{(pid=107245) log_opt_values /opt/stack/data/venv/lib/python3.12/site-packages/oslo_config/cfg.py:3242}}
Jul 03 22:01:40.007731 np0000184109 devstack@n-api-meta.service[107245]: DEBUG nova.api.openstack.wsgi_app [None req-1512ea2a-79ea-4fca-8c14-8d6eadf6276d None None] arq_binding_timeout = 300 {{(pid=107245) log_opt_values /opt/stack/data/venv/lib/python3.12/site-packages/oslo_config/cfg.py:3242}}
Jul 03 22:01:40.007861 np0000184109 devstack@n-api-meta.service[107245]: DEBUG nova.api.openstack.wsgi_app [None req-1512ea2a-79ea-4fca-8c14-8d6eadf6276d None None] block_device_allocate_retries = 60 {{(pid=107245) log_opt_values /opt/stack/data/venv/lib/python3.12/site-packages/oslo_config/cfg.py:3242}}
Jul 03 22:01:40.008001 np0000184109 devstack@n-api-meta.service[107245]: DEBUG nova.api.openstack.wsgi_app [None req-1512ea2a-79ea-4fca-8c14-8d6eadf6276d None None] block_device_allocate_retries_interval = 3 {{(pid=107245) log_opt_values /opt/stack/data/venv/lib/python3.12/site-packages/oslo_config/cfg.py:3242}}
Jul 03 22:01:40.008140 np0000184109 devstack@n-api-meta.service[107245]: DEBUG nova.api.openstack.wsgi_app [None req-1512ea2a-79ea-4fca-8c14-8d6eadf6276d None None] cell_worker_thread_pool_size = 5 {{(pid=107245) log_opt_values /opt/stack/data/venv/lib/python3.12/site-packages/oslo_config/cfg.py:3242}}
Jul 03 22:01:40.008327 np0000184109 devstack@n-api-meta.service[107245]: DEBUG nova.api.openstack.wsgi_app [None req-1512ea2a-79ea-4fca-8c14-8d6eadf6276d None None] cert = self.pem {{(pid=107245) log_opt_values /opt/stack/data/venv/lib/python3.12/site-packages/oslo_config/cfg.py:3242}}
Jul 03 22:01:40.008484 np0000184109 devstack@n-api-meta.service[107245]: DEBUG nova.api.openstack.wsgi_app [None req-1512ea2a-79ea-4fca-8c14-8d6eadf6276d None None] compute_driver = libvirt.LibvirtDriver {{(pid=107245) log_opt_values /opt/stack/data/venv/lib/python3.12/site-packages/oslo_config/cfg.py:3242}}
Jul 03 22:01:40.008625 np0000184109 devstack@n-api-meta.service[107245]: DEBUG nova.api.openstack.wsgi_app [None req-1512ea2a-79ea-4fca-8c14-8d6eadf6276d None None] compute_monitors = [] {{(pid=107245) log_opt_values /opt/stack/data/venv/lib/python3.12/site-packages/oslo_config/cfg.py:3242}}
Jul 03 22:01:40.008761 np0000184109 devstack@n-api-meta.service[107245]: DEBUG nova.api.openstack.wsgi_app [None req-1512ea2a-79ea-4fca-8c14-8d6eadf6276d None None] config_dir = [] {{(pid=107245) log_opt_values /opt/stack/data/venv/lib/python3.12/site-packages/oslo_config/cfg.py:3242}}
Jul 03 22:01:40.008964 np0000184109 devstack@n-api-meta.service[107245]: DEBUG nova.api.openstack.wsgi_app [None req-1512ea2a-79ea-4fca-8c14-8d6eadf6276d None None] config_drive_format = iso9660 {{(pid=107245) log_opt_values /opt/stack/data/venv/lib/python3.12/site-packages/oslo_config/cfg.py:3242}}
Jul 03 22:01:40.009055 np0000184109 devstack@n-api-meta.service[107245]: DEBUG nova.api.openstack.wsgi_app [None req-1512ea2a-79ea-4fca-8c14-8d6eadf6276d None None] config_file = ['/etc/nova/api-paste.ini', '/etc/nova/nova.conf'] {{(pid=107245) log_opt_values /opt/stack/data/venv/lib/python3.12/site-packages/oslo_config/cfg.py:3242}}
Jul 03 22:01:40.009369 np0000184109 devstack@n-api-meta.service[107245]: DEBUG nova.api.openstack.wsgi_app [None req-1512ea2a-79ea-4fca-8c14-8d6eadf6276d None None] config_source = [] {{(pid=107245) log_opt_values /opt/stack/data/venv/lib/python3.12/site-packages/oslo_config/cfg.py:3242}}
Jul 03 22:01:40.009369 np0000184109 devstack@n-api-meta.service[107245]: DEBUG nova.api.openstack.wsgi_app [None req-1512ea2a-79ea-4fca-8c14-8d6eadf6276d None None] console_host = np0000184109 {{(pid=107245) log_opt_values /opt/stack/data/venv/lib/python3.12/site-packages/oslo_config/cfg.py:3242}}
Jul 03 22:01:40.009506 np0000184109 devstack@n-api-meta.service[107245]: DEBUG nova.api.openstack.wsgi_app [None req-1512ea2a-79ea-4fca-8c14-8d6eadf6276d None None] control_exchange = nova {{(pid=107245) log_opt_values /opt/stack/data/venv/lib/python3.12/site-packages/oslo_config/cfg.py:3242}}
Jul 03 22:01:40.009569 np0000184109 devstack@n-api-meta.service[107245]: DEBUG nova.api.openstack.wsgi_app [None req-1512ea2a-79ea-4fca-8c14-8d6eadf6276d None None] cpu_allocation_ratio = None {{(pid=107245) log_opt_values /opt/stack/data/venv/lib/python3.12/site-packages/oslo_config/cfg.py:3242}}
Jul 03 22:01:40.009677 np0000184109 devstack@n-api-meta.service[107245]: DEBUG nova.api.openstack.wsgi_app [None req-1512ea2a-79ea-4fca-8c14-8d6eadf6276d None None] daemon = False {{(pid=107245) log_opt_values /opt/stack/data/venv/lib/python3.12/site-packages/oslo_config/cfg.py:3242}}
Jul 03 22:01:40.009813 np0000184109 devstack@n-api-meta.service[107245]: DEBUG nova.api.openstack.wsgi_app [None req-1512ea2a-79ea-4fca-8c14-8d6eadf6276d None None] debug = True {{(pid=107245) log_opt_values /opt/stack/data/venv/lib/python3.12/site-packages/oslo_config/cfg.py:3242}}
Jul 03 22:01:40.009970 np0000184109 devstack@n-api-meta.service[107245]: DEBUG nova.api.openstack.wsgi_app [None req-1512ea2a-79ea-4fca-8c14-8d6eadf6276d None None] default_access_ip_network_name = None {{(pid=107245) log_opt_values /opt/stack/data/venv/lib/python3.12/site-packages/oslo_config/cfg.py:3242}}
Jul 03 22:01:40.010108 np0000184109 devstack@n-api-meta.service[107245]: DEBUG nova.api.openstack.wsgi_app [None req-1512ea2a-79ea-4fca-8c14-8d6eadf6276d None None] default_availability_zone = nova {{(pid=107245) log_opt_values /opt/stack/data/venv/lib/python3.12/site-packages/oslo_config/cfg.py:3242}}
Jul 03 22:01:40.010177 np0000184109 devstack@n-api-meta.service[107248]: DEBUG oslo_db.sqlalchemy.engines [None req-738e9379-6e7c-47ac-a18b-1201f69f7426 None None] MySQL server mode set to STRICT_TRANS_TABLES,STRICT_ALL_TABLES,NO_ZERO_IN_DATE,NO_ZERO_DATE,ERROR_FOR_DIVISION_BY_ZERO,TRADITIONAL,NO_ENGINE_SUBSTITUTION {{(pid=107248) _check_effective_sql_mode /opt/stack/data/venv/lib/python3.12/site-packages/oslo_db/sqlalchemy/engines.py:325}}
Jul 03 22:01:40.010303 np0000184109 devstack@n-api-meta.service[107245]: DEBUG nova.api.openstack.wsgi_app [None req-1512ea2a-79ea-4fca-8c14-8d6eadf6276d None None] default_ephemeral_format = ext4 {{(pid=107245) log_opt_values /opt/stack/data/venv/lib/python3.12/site-packages/oslo_config/cfg.py:3242}}
Jul 03 22:01:40.010388 np0000184109 devstack@n-api-meta.service[107245]: DEBUG nova.api.openstack.wsgi_app [None req-1512ea2a-79ea-4fca-8c14-8d6eadf6276d None None] default_green_pool_size = 1000 {{(pid=107245) log_opt_values /opt/stack/data/venv/lib/python3.12/site-packages/oslo_config/cfg.py:3242}}
Jul 03 22:01:40.010522 np0000184109 devstack@n-api-meta.service[107246]: INFO dbcounter [None req-2de2bc0f-884d-439f-b295-739028862b11 None None] Registered counter for database nova_cell0
Jul 03 22:01:40.010640 np0000184109 devstack@n-api-meta.service[107245]: DEBUG nova.api.openstack.wsgi_app [None req-1512ea2a-79ea-4fca-8c14-8d6eadf6276d None None] default_log_levels = ['amqp=WARN', 'boto=WARN', 'sqlalchemy=WARN', 'suds=INFO', 'oslo.messaging=INFO', 'oslo_messaging=INFO', 'iso8601=WARN', 'requests.packages.urllib3.connectionpool=WARN', 'urllib3.connectionpool=WARN', 'websocket=WARN', 'requests.packages.urllib3.util.retry=WARN', 'urllib3.util.retry=WARN', 'keystonemiddleware=WARN', 'routes.middleware=WARN', 'stevedore=WARN', 'taskflow=WARN', 'keystoneauth=WARN', 'oslo.cache=INFO', 'oslo_policy=INFO', 'dogpile.core.dogpile=INFO', 'glanceclient=WARN', 'oslo.privsep.daemon=INFO'] {{(pid=107245) log_opt_values /opt/stack/data/venv/lib/python3.12/site-packages/oslo_config/cfg.py:3242}}
Jul 03 22:01:40.010773 np0000184109 devstack@n-api-meta.service[107245]: DEBUG nova.api.openstack.wsgi_app [None req-1512ea2a-79ea-4fca-8c14-8d6eadf6276d None None] default_schedule_zone = None {{(pid=107245) log_opt_values /opt/stack/data/venv/lib/python3.12/site-packages/oslo_config/cfg.py:3242}}
Jul 03 22:01:40.010915 np0000184109 devstack@n-api-meta.service[107245]: DEBUG nova.api.openstack.wsgi_app [None req-1512ea2a-79ea-4fca-8c14-8d6eadf6276d None None] default_thread_pool_size = 10 {{(pid=107245) log_opt_values /opt/stack/data/venv/lib/python3.12/site-packages/oslo_config/cfg.py:3242}}
Jul 03 22:01:40.011045 np0000184109 devstack@n-api-meta.service[107245]: DEBUG nova.api.openstack.wsgi_app [None req-1512ea2a-79ea-4fca-8c14-8d6eadf6276d None None] disk_allocation_ratio = None {{(pid=107245) log_opt_values /opt/stack/data/venv/lib/python3.12/site-packages/oslo_config/cfg.py:3242}}
Jul 03 22:01:40.011175 np0000184109 devstack@n-api-meta.service[107245]: DEBUG nova.api.openstack.wsgi_app [None req-1512ea2a-79ea-4fca-8c14-8d6eadf6276d None None] enable_new_services = True {{(pid=107245) log_opt_values /opt/stack/data/venv/lib/python3.12/site-packages/oslo_config/cfg.py:3242}}
Jul 03 22:01:40.011306 np0000184109 devstack@n-api-meta.service[107245]: DEBUG nova.api.openstack.wsgi_app [None req-1512ea2a-79ea-4fca-8c14-8d6eadf6276d None None] flat_injected = False {{(pid=107245) log_opt_values /opt/stack/data/venv/lib/python3.12/site-packages/oslo_config/cfg.py:3242}}
Jul 03 22:01:40.011479 np0000184109 devstack@n-api-meta.service[107245]: DEBUG nova.api.openstack.wsgi_app [None req-1512ea2a-79ea-4fca-8c14-8d6eadf6276d None None] force_config_drive = False {{(pid=107245) log_opt_values /opt/stack/data/venv/lib/python3.12/site-packages/oslo_config/cfg.py:3242}}
Jul 03 22:01:40.011621 np0000184109 devstack@n-api-meta.service[107245]: DEBUG nova.api.openstack.wsgi_app [None req-1512ea2a-79ea-4fca-8c14-8d6eadf6276d None None] force_raw_images = True {{(pid=107245) log_opt_values /opt/stack/data/venv/lib/python3.12/site-packages/oslo_config/cfg.py:3242}}
Jul 03 22:01:40.011766 np0000184109 devstack@n-api-meta.service[107245]: DEBUG nova.api.openstack.wsgi_app [None req-1512ea2a-79ea-4fca-8c14-8d6eadf6276d None None] graceful_shutdown_timeout = 5 {{(pid=107245) log_opt_values /opt/stack/data/venv/lib/python3.12/site-packages/oslo_config/cfg.py:3242}}
Jul 03 22:01:40.011920 np0000184109 devstack@n-api-meta.service[107245]: DEBUG nova.api.openstack.wsgi_app [None req-1512ea2a-79ea-4fca-8c14-8d6eadf6276d None None] heal_instance_info_cache_interval = -1 {{(pid=107245) log_opt_values /opt/stack/data/venv/lib/python3.12/site-packages/oslo_config/cfg.py:3242}}
Jul 03 22:01:40.012121 np0000184109 devstack@n-api-meta.service[107245]: DEBUG nova.api.openstack.wsgi_app [None req-1512ea2a-79ea-4fca-8c14-8d6eadf6276d None None] host = np0000184109 {{(pid=107245) log_opt_values /opt/stack/data/venv/lib/python3.12/site-packages/oslo_config/cfg.py:3242}}
Jul 03 22:01:40.012251 np0000184109 devstack@n-api-meta.service[107245]: DEBUG nova.api.openstack.wsgi_app [None req-1512ea2a-79ea-4fca-8c14-8d6eadf6276d None None] initial_cpu_allocation_ratio = 4.0 {{(pid=107245) log_opt_values /opt/stack/data/venv/lib/python3.12/site-packages/oslo_config/cfg.py:3242}}
Jul 03 22:01:40.012387 np0000184109 devstack@n-api-meta.service[107245]: DEBUG nova.api.openstack.wsgi_app [None req-1512ea2a-79ea-4fca-8c14-8d6eadf6276d None None] initial_disk_allocation_ratio = 1.0 {{(pid=107245) log_opt_values /opt/stack/data/venv/lib/python3.12/site-packages/oslo_config/cfg.py:3242}}
Jul 03 22:01:40.012520 np0000184109 devstack@n-api-meta.service[107245]: DEBUG nova.api.openstack.wsgi_app [None req-1512ea2a-79ea-4fca-8c14-8d6eadf6276d None None] initial_ram_allocation_ratio = 1.0 {{(pid=107245) log_opt_values /opt/stack/data/venv/lib/python3.12/site-packages/oslo_config/cfg.py:3242}}
Jul 03 22:01:40.012699 np0000184109 devstack@n-api-meta.service[107245]: DEBUG nova.api.openstack.wsgi_app [None req-1512ea2a-79ea-4fca-8c14-8d6eadf6276d None None] injected_network_template = /opt/stack/nova/nova/virt/interfaces.template {{(pid=107245) log_opt_values /opt/stack/data/venv/lib/python3.12/site-packages/oslo_config/cfg.py:3242}}
Jul 03 22:01:40.012837 np0000184109 devstack@n-api-meta.service[107245]: DEBUG nova.api.openstack.wsgi_app [None req-1512ea2a-79ea-4fca-8c14-8d6eadf6276d None None] instance_build_timeout = 0 {{(pid=107245) log_opt_values /opt/stack/data/venv/lib/python3.12/site-packages/oslo_config/cfg.py:3242}}
Jul 03 22:01:40.012985 np0000184109 devstack@n-api-meta.service[107245]: DEBUG nova.api.openstack.wsgi_app [None req-1512ea2a-79ea-4fca-8c14-8d6eadf6276d None None] instance_delete_interval = 300 {{(pid=107245) log_opt_values /opt/stack/data/venv/lib/python3.12/site-packages/oslo_config/cfg.py:3242}}
Jul 03 22:01:40.013123 np0000184109 devstack@n-api-meta.service[107245]: DEBUG nova.api.openstack.wsgi_app [None req-1512ea2a-79ea-4fca-8c14-8d6eadf6276d None None] instance_format = [instance: %(uuid)s] {{(pid=107245) log_opt_values /opt/stack/data/venv/lib/python3.12/site-packages/oslo_config/cfg.py:3242}}
Jul 03 22:01:40.013260 np0000184109 devstack@n-api-meta.service[107245]: DEBUG nova.api.openstack.wsgi_app [None req-1512ea2a-79ea-4fca-8c14-8d6eadf6276d None None] instance_name_template = instance-%08x {{(pid=107245) log_opt_values /opt/stack/data/venv/lib/python3.12/site-packages/oslo_config/cfg.py:3242}}
Jul 03 22:01:40.013393 np0000184109 devstack@n-api-meta.service[107245]: DEBUG nova.api.openstack.wsgi_app [None req-1512ea2a-79ea-4fca-8c14-8d6eadf6276d None None] instance_usage_audit = False {{(pid=107245) log_opt_values /opt/stack/data/venv/lib/python3.12/site-packages/oslo_config/cfg.py:3242}}
Jul 03 22:01:40.013534 np0000184109 devstack@n-api-meta.service[107245]: DEBUG nova.api.openstack.wsgi_app [None req-1512ea2a-79ea-4fca-8c14-8d6eadf6276d None None] instance_usage_audit_period = month {{(pid=107245) log_opt_values /opt/stack/data/venv/lib/python3.12/site-packages/oslo_config/cfg.py:3242}}
Jul 03 22:01:40.013679 np0000184109 devstack@n-api-meta.service[107245]: DEBUG nova.api.openstack.wsgi_app [None req-1512ea2a-79ea-4fca-8c14-8d6eadf6276d None None] instance_uuid_format = [instance: %(uuid)s] {{(pid=107245) log_opt_values /opt/stack/data/venv/lib/python3.12/site-packages/oslo_config/cfg.py:3242}}
Jul 03 22:01:40.013816 np0000184109 devstack@n-api-meta.service[107245]: DEBUG nova.api.openstack.wsgi_app [None req-1512ea2a-79ea-4fca-8c14-8d6eadf6276d None None] instances_path = /opt/stack/data/nova/instances {{(pid=107245) log_opt_values /opt/stack/data/venv/lib/python3.12/site-packages/oslo_config/cfg.py:3242}}
Jul 03 22:01:40.013972 np0000184109 devstack@n-api-meta.service[107245]: DEBUG nova.api.openstack.wsgi_app [None req-1512ea2a-79ea-4fca-8c14-8d6eadf6276d None None] internal_service_availability_zone = internal {{(pid=107245) log_opt_values /opt/stack/data/venv/lib/python3.12/site-packages/oslo_config/cfg.py:3242}}
Jul 03 22:01:40.014174 np0000184109 devstack@n-api-meta.service[107245]: DEBUG nova.api.openstack.wsgi_app [None req-1512ea2a-79ea-4fca-8c14-8d6eadf6276d None None] key = None {{(pid=107245) log_opt_values /opt/stack/data/venv/lib/python3.12/site-packages/oslo_config/cfg.py:3242}}
Jul 03 22:01:40.014244 np0000184109 devstack@n-api-meta.service[107245]: DEBUG nova.api.openstack.wsgi_app [None req-1512ea2a-79ea-4fca-8c14-8d6eadf6276d None None] live_migration_retry_count = 30 {{(pid=107245) log_opt_values /opt/stack/data/venv/lib/python3.12/site-packages/oslo_config/cfg.py:3242}}
Jul 03 22:01:40.014363 np0000184109 devstack@n-api-meta.service[107245]: DEBUG nova.api.openstack.wsgi_app [None req-1512ea2a-79ea-4fca-8c14-8d6eadf6276d None None] log_color = False {{(pid=107245) log_opt_values /opt/stack/data/venv/lib/python3.12/site-packages/oslo_config/cfg.py:3242}}
Jul 03 22:01:40.014497 np0000184109 devstack@n-api-meta.service[107245]: DEBUG nova.api.openstack.wsgi_app [None req-1512ea2a-79ea-4fca-8c14-8d6eadf6276d None None] log_config_append = None {{(pid=107245) log_opt_values /opt/stack/data/venv/lib/python3.12/site-packages/oslo_config/cfg.py:3242}}
Jul 03 22:01:40.014639 np0000184109 devstack@n-api-meta.service[107245]: DEBUG nova.api.openstack.wsgi_app [None req-1512ea2a-79ea-4fca-8c14-8d6eadf6276d None None] log_date_format = %Y-%m-%d %H:%M:%S {{(pid=107245) log_opt_values /opt/stack/data/venv/lib/python3.12/site-packages/oslo_config/cfg.py:3242}}
Jul 03 22:01:40.014823 np0000184109 devstack@n-api-meta.service[107245]: DEBUG nova.api.openstack.wsgi_app [None req-1512ea2a-79ea-4fca-8c14-8d6eadf6276d None None] log_dir = None {{(pid=107245) log_opt_values /opt/stack/data/venv/lib/python3.12/site-packages/oslo_config/cfg.py:3242}}
Jul 03 22:01:40.014979 np0000184109 devstack@n-api-meta.service[107245]: DEBUG nova.api.openstack.wsgi_app [None req-1512ea2a-79ea-4fca-8c14-8d6eadf6276d None None] log_file = None {{(pid=107245) log_opt_values /opt/stack/data/venv/lib/python3.12/site-packages/oslo_config/cfg.py:3242}}
Jul 03 22:01:40.015084 np0000184109 devstack@n-api-meta.service[107245]: DEBUG nova.api.openstack.wsgi_app [None req-1512ea2a-79ea-4fca-8c14-8d6eadf6276d None None] log_options = True {{(pid=107245) log_opt_values /opt/stack/data/venv/lib/python3.12/site-packages/oslo_config/cfg.py:3242}}
Jul 03 22:01:40.015244 np0000184109 devstack@n-api-meta.service[107245]: DEBUG nova.api.openstack.wsgi_app [None req-1512ea2a-79ea-4fca-8c14-8d6eadf6276d None None] log_rotate_interval = 1 {{(pid=107245) log_opt_values /opt/stack/data/venv/lib/python3.12/site-packages/oslo_config/cfg.py:3242}}
Jul 03 22:01:40.015447 np0000184109 devstack@n-api-meta.service[107245]: DEBUG nova.api.openstack.wsgi_app [None req-1512ea2a-79ea-4fca-8c14-8d6eadf6276d None None] log_rotate_interval_type = days {{(pid=107245) log_opt_values /opt/stack/data/venv/lib/python3.12/site-packages/oslo_config/cfg.py:3242}}
Jul 03 22:01:40.015647 np0000184109 devstack@n-api-meta.service[107245]: DEBUG nova.api.openstack.wsgi_app [None req-1512ea2a-79ea-4fca-8c14-8d6eadf6276d None None] log_rotation_type = none {{(pid=107245) log_opt_values /opt/stack/data/venv/lib/python3.12/site-packages/oslo_config/cfg.py:3242}}
Jul 03 22:01:40.015823 np0000184109 devstack@n-api-meta.service[107245]: DEBUG nova.api.openstack.wsgi_app [None req-1512ea2a-79ea-4fca-8c14-8d6eadf6276d None None] logging_context_format_string = %(color)s%(levelname)s %(name)s [%(global_request_id)s %(request_id)s %(project_name)s %(user_name)s%(color)s] %(instance)s%(color)s%(message)s {{(pid=107245) log_opt_values /opt/stack/data/venv/lib/python3.12/site-packages/oslo_config/cfg.py:3242}}
Jul 03 22:01:40.016021 np0000184109 devstack@n-api-meta.service[107245]: DEBUG nova.api.openstack.wsgi_app [None req-1512ea2a-79ea-4fca-8c14-8d6eadf6276d None None] logging_debug_format_suffix = {{(pid=%(process)d) %(funcName)s %(pathname)s:%(lineno)d}} {{(pid=107245) log_opt_values /opt/stack/data/venv/lib/python3.12/site-packages/oslo_config/cfg.py:3242}}
Jul 03 22:01:40.016236 np0000184109 devstack@n-api-meta.service[107245]: DEBUG nova.api.openstack.wsgi_app [None req-1512ea2a-79ea-4fca-8c14-8d6eadf6276d None None] logging_default_format_string = %(color)s%(levelname)s %(name)s [-%(color)s] %(instance)s%(color)s%(message)s {{(pid=107245) log_opt_values /opt/stack/data/venv/lib/python3.12/site-packages/oslo_config/cfg.py:3242}}
Jul 03 22:01:40.016427 np0000184109 devstack@n-api-meta.service[107245]: DEBUG nova.api.openstack.wsgi_app [None req-1512ea2a-79ea-4fca-8c14-8d6eadf6276d None None] logging_exception_prefix = ERROR %(name)s %(instance)s {{(pid=107245) log_opt_values /opt/stack/data/venv/lib/python3.12/site-packages/oslo_config/cfg.py:3242}}
Jul 03 22:01:40.016581 np0000184109 devstack@n-api-meta.service[107245]: DEBUG nova.api.openstack.wsgi_app [None req-1512ea2a-79ea-4fca-8c14-8d6eadf6276d None None] logging_user_identity_format = %(user)s %(project)s %(domain)s %(system_scope)s %(user_domain)s %(project_domain)s {{(pid=107245) log_opt_values /opt/stack/data/venv/lib/python3.12/site-packages/oslo_config/cfg.py:3242}}
