2026-06-23 20:06:03.727 7 WARNING neutron.api.rpc.agentnotifiers.dhcp_rpc_agent_api [None req-4d099d73-33cf-4703-bddf-a9e2eb59c397 - - - - - -] Unable to schedule network 1c7446bb-7848-4fbc-b400-ac14d9eaa2ea: no agents available; will retry on subsequent port and subnet creation events.
2026-06-23 20:06:04.168 8 WARNING neutron.plugins.ml2.drivers.ovn.mech_driver.ovsdb.ovn_client [None req-603d42c9-79f1-4527-ae10-22542e3299b9 - - - - - -] No hosting information found for port c14f4682-6b77-40ed-86df-c8f71835c5b7: RuntimeError: No hosting information found for port c14f4682-6b77-40ed-86df-c8f71835c5b7
2026-06-23 20:06:04.220 7 INFO neutron.db.ovn_revision_numbers_db [None req-4d099d73-33cf-4703-bddf-a9e2eb59c397 - - - - - -] Successfully bumped revision number for resource 49fc0f7d-56a5-403f-854e-9d8d46ac0d3a (type: router_ports) to 1
2026-06-23 20:06:04.531 7 WARNING neutron.scheduler.dhcp_agent_scheduler [None req-4d099d73-33cf-4703-bddf-a9e2eb59c397 - - - - - -] No more DHCP agents
2026-06-23 20:06:04.532 7 WARNING neutron.api.rpc.agentnotifiers.dhcp_rpc_agent_api [None req-4d099d73-33cf-4703-bddf-a9e2eb59c397 - - - - - -] Unable to schedule network 1c7446bb-7848-4fbc-b400-ac14d9eaa2ea: no agents available; will retry on subsequent port and subnet creation events.
2026-06-23 20:06:04.643 8 INFO neutron.plugins.ml2.drivers.ovn.mech_driver.mech_driver [None req-603d42c9-79f1-4527-ae10-22542e3299b9 - - - - - -] OVN reports status down for port: c71cbe08-82d1-47cf-a4e3-f203d7f21f17
2026-06-23 20:06:04.687 7 INFO neutron.db.ovn_revision_numbers_db [None req-4d099d73-33cf-4703-bddf-a9e2eb59c397 - - - - - -] Successfully bumped revision number for resource c71cbe08-82d1-47cf-a4e3-f203d7f21f17 (type: ports) to 1
2026-06-23 20:06:04.931 7 INFO neutron.db.ovn_revision_numbers_db [None req-4d099d73-33cf-4703-bddf-a9e2eb59c397 - - - - - -] Successfully bumped revision number for resource c71cbe08-82d1-47cf-a4e3-f203d7f21f17 (type: ports) to 3 [pid: 7|app: 0|req: 1255/2539] 10.0.0.198 () {34 vars in 685 bytes} [Tue Jun 23 20:06:01 2026] POST /v2.0/vpn/vpnservices => generated 459 bytes in 3985 msecs (HTTP/1.1 201) 4 headers in 162 bytes (1 switches on core 0) [pid: 8|app: 0|req: 1285/2540] 10.0.0.198 () {32 vars in 663 bytes} [Tue Jun 23 20:06:05 2026] GET /v2.0/vpn/vpnservices => generated 1307 bytes in 12 msecs (HTTP/1.1 200) 4 headers in 158 bytes (1 switches on core 0) [pid: 8|app: 0|req: 1286/2541] 10.0.0.35 () {34 vars in 989 bytes} [Tue Jun 23 20:06:05 2026] GET /v2.0/ports?device_id=f809faeb-07f8-4063-8394-18fa1a83b6cb => generated 1209 bytes in 38 msecs (HTTP/1.1 200) 4 headers in 158 bytes (1 switches on core 0) [pid: 8|app: 0|req: 1287/2542] 10.0.0.35 () {34 vars in 1039 bytes} [Tue Jun 23 20:06:05 2026] GET /v2.0/security-groups?id=777ee289-9074-4ffb-80fd-04d779f483ee&fields=id&fields=name => generated 114 bytes in 30 msecs (HTTP/1.1 200) 4 headers in 157 bytes (1 switches on core 0)
2026-06-23 20:06:05.369 7 INFO neutron_taas.services.taas.taas_plugin [None req-4e14c164-0c78-4d46-a09a-d531f0e4d86b c5d506b0e4134ec0ad1855a64d0c361e a1d2d55ec0cb4d84a393a9bf644d6aaf - - default default] TaaS: Handle Delete Port: 7810dba6-7932-4ebd-bf07-0e8bf7948a0f
2026-06-23 20:06:05.372 7 INFO neutron_taas.services.taas.tap_mirror_plugin [None req-4e14c164-0c78-4d46-a09a-d531f0e4d86b c5d506b0e4134ec0ad1855a64d0c361e a1d2d55ec0cb4d84a393a9bf644d6aaf - - default default] Tap Mirror: Handle Delete Port: 7810dba6-7932-4ebd-bf07-0e8bf7948a0f
2026-06-23 20:06:05.681 7 INFO neutron_taas.services.taas.taas_plugin [None req-ea2e0ea2-529a-4eb8-b1fd-fc76e3b44ee9 - - - - - -] TaaS: Handle Delete Port: c71cbe08-82d1-47cf-a4e3-f203d7f21f17
2026-06-23 20:06:05.684 7 INFO neutron_taas.services.taas.tap_mirror_plugin [None req-ea2e0ea2-529a-4eb8-b1fd-fc76e3b44ee9 - - - - - -] Tap Mirror: Handle Delete Port: c71cbe08-82d1-47cf-a4e3-f203d7f21f17
2026-06-23 20:06:05.799 7 WARNING neutron.plugins.ml2.drivers.ovn.mech_driver.ovsdb.ovn_client [None req-5e37c645-611d-4baa-98b0-24e45b3b6263 - - - - - -] No hosting information found for port f6e1cb26-d4f3-48cc-9a88-b3a604b2246e: RuntimeError: No hosting information found for port f6e1cb26-d4f3-48cc-9a88-b3a604b2246e
2026-06-23 20:06:05.920 7 INFO neutron.db.ovn_revision_numbers_db [None req-5e37c645-611d-4baa-98b0-24e45b3b6263 - - - - - -] Successfully bumped revision number for resource f6e1cb26-d4f3-48cc-9a88-b3a604b2246e (type: router_ports) to 2
2026-06-23 20:06:05.921 7 INFO neutron.plugins.ml2.drivers.ovn.mech_driver.mech_driver [None req-5e37c645-611d-4baa-98b0-24e45b3b6263 - - - - - -] OVN reports status down for port: 7810dba6-7932-4ebd-bf07-0e8bf7948a0f
2026-06-23 20:06:05.936 7 INFO neutron.plugins.ml2.drivers.ovn.mech_driver.mech_driver [None req-5e37c645-611d-4baa-98b0-24e45b3b6263 - - - - - -] OVN reports status down for port: d1cb65f8-e431-413f-9643-53fe4541bb8d
2026-06-23 20:06:06.049 7 INFO neutron.plugins.ml2.drivers.ovn.mech_driver.mech_driver [None req-5e37c645-611d-4baa-98b0-24e45b3b6263 - - - - - -] OVN reports status down for port: 49fc0f7d-56a5-403f-854e-9d8d46ac0d3a
2026-06-23 20:06:06.178 7 WARNING neutron.plugins.ml2.drivers.ovn.mech_driver.ovsdb.ovn_client [None req-5e37c645-611d-4baa-98b0-24e45b3b6263 - - - - - -] Logical_Switch_Port 49fc0f7d-56a5-403f-854e-9d8d46ac0d3a host information not removed, the port state is up
2026-06-23 20:06:06.178 7 INFO neutron.plugins.ml2.drivers.ovn.mech_driver.mech_driver [None req-5e37c645-611d-4baa-98b0-24e45b3b6263 - - - - - -] OVN reports status up for port: 49fc0f7d-56a5-403f-854e-9d8d46ac0d3a [pid: 8|app: 0|req: 1288/2543] 10.0.0.198 () {32 vars in 826 bytes} [Tue Jun 23 20:06:06 2026] GET /v2.0/ports?project_id=22bee4400ec04b4a8d169f4672e8f0a8&network_id=d41f55a8-efe5-4904-8cd0-fa10276a3987 => generated 3315 bytes in 76 msecs (HTTP/1.1 200) 4 headers in 158 bytes (1 switches on core 0)
2026-06-23 20:06:06.209 7 INFO neutron.plugins.ml2.plugin [None req-5e37c645-611d-4baa-98b0-24e45b3b6263 - - - - - -] Attempt 1 to provision port 49fc0f7d-56a5-403f-854e-9d8d46ac0d3a
2026-06-23 20:06:06.281 7 INFO neutron_taas.services.taas.taas_plugin [None req-3350a0cc-bd07-4b31-9876-5f4909879ed0 - - - - - -] TaaS: Handle Delete Port: 49fc0f7d-56a5-403f-854e-9d8d46ac0d3a
2026-06-23 20:06:06.286 7 INFO neutron_taas.services.taas.tap_mirror_plugin [None req-3350a0cc-bd07-4b31-9876-5f4909879ed0 - - - - - -] Tap Mirror: Handle Delete Port: 49fc0f7d-56a5-403f-854e-9d8d46ac0d3a [pid: 8|app: 0|req: 1289/2544] 10.0.0.198 () {32 vars in 742 bytes} [Tue Jun 23 20:06:06 2026] GET /v2.0/subnets?network_id=de95bc42-0fb5-4e2f-b1b3-664c787ff9c6 => generated 667 bytes in 56 msecs (HTTP/1.1 200) 4 headers in 157 bytes (1 switches on core 0)
2026-06-23 20:06:06.819 8 INFO neutron.db.ovn_revision_numbers_db [None req-af538e19-3b1e-43d1-b6d0-7ee97ea1bfb4 75cfc61d3a0a476396d82e385fd0f007 22bee4400ec04b4a8d169f4672e8f0a8 - - default default] Successfully bumped revision number for resource 47cbef29-60ab-48ba-acee-5ef39186e852 (type: floatingips) to 2
2026-06-23 20:06:06.836 7 ERROR ovsdbapp.backend.ovs_idl.transaction [None req-5e37c645-611d-4baa-98b0-24e45b3b6263 - - - - - -]
Traceback (most recent call last): File "/var/lib/openstack/lib/python3.12/site-packages/neutron/plugins/ml2/drivers/ovn/mech_driver/ovsdb/commands.py", line 267, in run_idl port = idlutils.row_by_value(self.api.idl, 'Logical_Switch_Port', ^^^^^^^^^^^^^^^^^^^^^^^^^^^^^^^^^^^^^^^^^^^^^^^^^^^^^^^^^^
File "/var/lib/openstack/lib/python3.12/site-packages/ovsdbapp/backend/ovs_idl/idlutils.py", line 114, in row_by_value raise RowNotFound(table=table, col=column, match=match) ovsdbapp.backend.ovs_idl.idlutils.RowNotFound: Cannot find Logical_Switch_Port with name=49fc0f7d-56a5-403f-854e-9d8d46ac0d3a During handling of the above exception, another exception occurred: Traceback (most recent call last): File "/var/lib/openstack/lib/python3.12/site-packages/ovsdbapp/backend/ovs_idl/connection.py", line 121, in run txn.results.put(txn.do_commit()) ^^^^^^^^^^^^^^^
File "/var/lib/openstack/lib/python3.12/site-packages/ovsdbapp/backend/ovs_idl/transaction.py", line 92, in do_commit command.run_idl(txn)
File "/var/lib/openstack/lib/python3.12/site-packages/neutron/plugins/ml2/drivers/ovn/mech_driver/ovsdb/commands.py", line 273, in run_idl raise RuntimeError(msg) RuntimeError: Logical Switch Port 49fc0f7d-56a5-403f-854e-9d8d46ac0d3a does not exist
2026-06-23 20:06:06.842 7 ERROR neutron.plugins.ml2.managers [None req-5e37c645-611d-4baa-98b0-24e45b3b6263 - - - - - -] Mechanism driver 'ovn' failed in update_port_postcommit: RuntimeError: Logical Switch Port 49fc0f7d-56a5-403f-854e-9d8d46ac0d3a does not exist
2026-06-23 20:06:06.842 7 ERROR neutron.plugins.ml2.managers
Traceback (most recent call last):
2026-06-23 20:06:06.842 7 ERROR neutron.plugins.ml2.managers
File "/var/lib/openstack/lib/python3.12/site-packages/neutron/plugins/ml2/drivers/ovn/mech_driver/ovsdb/commands.py", line 267, in run_idl
2026-06-23 20:06:06.842 7 ERROR neutron.plugins.ml2.managers port = idlutils.row_by_value(self.api.idl, 'Logical_Switch_Port',
2026-06-23 20:06:06.842 7 ERROR neutron.plugins.ml2.managers ^^^^^^^^^^^^^^^^^^^^^^^^^^^^^^^^^^^^^^^^^^^^^^^^^^^^^^^^^^
2026-06-23 20:06:06.842 7 ERROR neutron.plugins.ml2.managers
File "/var/lib/openstack/lib/python3.12/site-packages/ovsdbapp/backend/ovs_idl/idlutils.py", line 114, in row_by_value
2026-06-23 20:06:06.842 7 ERROR neutron.plugins.ml2.managers raise RowNotFound(table=table, col=column, match=match)
2026-06-23 20:06:06.842 7 ERROR neutron.plugins.ml2.managers ovsdbapp.backend.ovs_idl.idlutils.RowNotFound: Cannot find Logical_Switch_Port with name=49fc0f7d-56a5-403f-854e-9d8d46ac0d3a
2026-06-23 20:06:06.842 7 ERROR neutron.plugins.ml2.managers
2026-06-23 20:06:06.842 7 ERROR neutron.plugins.ml2.managers During handling of the above exception, another exception occurred:
2026-06-23 20:06:06.842 7 ERROR neutron.plugins.ml2.managers
2026-06-23 20:06:06.842 7 ERROR neutron.plugins.ml2.managers
Traceback (most recent call last):
2026-06-23 20:06:06.842 7 ERROR neutron.plugins.ml2.managers
File "/var/lib/openstack/lib/python3.12/site-packages/neutron/plugins/ml2/managers.py", line 499, in _call_on_drivers
2026-06-23 20:06:06.842 7 ERROR neutron.plugins.ml2.managers getattr(driver.obj, method_name)(context)
2026-06-23 20:06:06.842 7 ERROR neutron.plugins.ml2.managers
File "/var/lib/openstack/lib/python3.12/site-packages/neutron/plugins/ml2/drivers/ovn/mech_driver/mech_driver.py", line 1042, in update_port_postcommit
2026-06-23 20:06:06.842 7 ERROR neutron.plugins.ml2.managers self._ovn_update_port(context.plugin_context, port, original_port,
2026-06-23 20:06:06.842 7 ERROR neutron.plugins.ml2.managers
File "/var/lib/openstack/lib/python3.12/site-packages/neutron/plugins/ml2/drivers/ovn/mech_driver/mech_driver.py", line 922, in _ovn_update_port
2026-06-23 20:06:06.842 7 ERROR neutron.plugins.ml2.managers self._ovn_client.update_port(plugin_context, port,
2026-06-23 20:06:06.842 7 ERROR neutron.plugins.ml2.managers
File "/var/lib/openstack/lib/python3.12/site-packages/neutron/plugins/ml2/drivers/ovn/mech_driver/ovsdb/ovn_client.py", line 712, in update_port
2026-06-23 20:06:06.842 7 ERROR neutron.plugins.ml2.managers with self._nb_idl.transaction(check_error=True,
2026-06-23 20:06:06.842 7 ERROR neutron.plugins.ml2.managers
File "/usr/lib/python3.12/contextlib.py", line 144, in __exit__
2026-06-23 20:06:06.842 7 ERROR neutron.plugins.ml2.managers next(self.gen)
2026-06-23 20:06:06.842 7 ERROR neutron.plugins.ml2.managers
File "/var/lib/openstack/lib/python3.12/site-packages/neutron/plugins/ml2/drivers/ovn/mech_driver/ovsdb/impl_idl_ovn.py", line 271, in transaction
2026-06-23 20:06:06.842 7 ERROR neutron.plugins.ml2.managers with super().transaction(*args, **kwargs) as t:
2026-06-23 20:06:06.842 7 ERROR neutron.plugins.ml2.managers
File "/usr/lib/python3.12/contextlib.py", line 144, in __exit__
2026-06-23 20:06:06.842 7 ERROR neutron.plugins.ml2.managers next(self.gen)
2026-06-23 20:06:06.842 7 ERROR neutron.plugins.ml2.managers
File "/var/lib/openstack/lib/python3.12/site-packages/ovsdbapp/api.py", line 114, in transaction
2026-06-23 20:06:06.842 7 ERROR neutron.plugins.ml2.managers with self.create_transaction(
2026-06-23 20:06:06.842 7 ERROR neutron.plugins.ml2.managers
File "/var/lib/openstack/lib/python3.12/site-packages/ovsdbapp/api.py", line 71, in __exit__
2026-06-23 20:06:06.842 7 ERROR neutron.plugins.ml2.managers self.result = self.commit()
2026-06-23 20:06:06.842 7 ERROR neutron.plugins.ml2.managers ^^^^^^^^^^^^^
2026-06-23 20:06:06.842 7 ERROR neutron.plugins.ml2.managers
File "/var/lib/openstack/lib/python3.12/site-packages/ovsdbapp/backend/ovs_idl/transaction.py", line 64, in commit
2026-06-23 20:06:06.842 7 ERROR neutron.plugins.ml2.managers raise result.ex
2026-06-23 20:06:06.842 7 ERROR neutron.plugins.ml2.managers
File "/var/lib/openstack/lib/python3.12/site-packages/ovsdbapp/backend/ovs_idl/connection.py", line 121, in run
2026-06-23 20:06:06.842 7 ERROR neutron.plugins.ml2.managers txn.results.put(txn.do_commit())
2026-06-23 20:06:06.842 7 ERROR neutron.plugins.ml2.managers ^^^^^^^^^^^^^^^
2026-06-23 20:06:06.842 7 ERROR neutron.plugins.ml2.managers
File "/var/lib/openstack/lib/python3.12/site-packages/ovsdbapp/backend/ovs_idl/transaction.py", line 92, in do_commit
2026-06-23 20:06:06.842 7 ERROR neutron.plugins.ml2.managers command.run_idl(txn)
2026-06-23 20:06:06.842 7 ERROR neutron.plugins.ml2.managers
File "/var/lib/openstack/lib/python3.12/site-packages/neutron/plugins/ml2/drivers/ovn/mech_driver/ovsdb/commands.py", line 273, in run_idl
2026-06-23 20:06:06.842 7 ERROR neutron.plugins.ml2.managers raise RuntimeError(msg)
2026-06-23 20:06:06.842 7 ERROR neutron.plugins.ml2.managers RuntimeError: Logical Switch Port 49fc0f7d-56a5-403f-854e-9d8d46ac0d3a does not exist
2026-06-23 20:06:06.842 7 ERROR neutron.plugins.ml2.managers
2026-06-23 20:06:06.864 8 INFO neutron.db.l3_db [None req-af538e19-3b1e-43d1-b6d0-7ee97ea1bfb4 75cfc61d3a0a476396d82e385fd0f007 22bee4400ec04b4a8d169f4672e8f0a8 - - default default] Floating IP 47cbef29-60ab-48ba-acee-5ef39186e852 disassociated. External IP: 10.96.250.214, port: f8f1acef-515f-45cd-bdf7-911bdc2dba70.
2026-06-23 20:06:06.869 7 ERROR ovsdbapp.backend.ovs_idl.command [None req-5e37c645-611d-4baa-98b0-24e45b3b6263 - - - - - -] Error executing command (LspGetUpCommand): ovsdbapp.backend.ovs_idl.idlutils.RowNotFound: Cannot find Logical_Switch_Port with name=49fc0f7d-56a5-403f-854e-9d8d46ac0d3a
2026-06-23 20:06:06.869 7 ERROR ovsdbapp.backend.ovs_idl.command
Traceback (most recent call last):
2026-06-23 20:06:06.869 7 ERROR ovsdbapp.backend.ovs_idl.command
File "/var/lib/openstack/lib/python3.12/site-packages/ovsdbapp/backend/ovs_idl/command.py", line 47, in execute
2026-06-23 20:06:06.869 7 ERROR ovsdbapp.backend.ovs_idl.command self.run_idl(None)
2026-06-23 20:06:06.869 7 ERROR ovsdbapp.backend.ovs_idl.command
File "/var/lib/openstack/lib/python3.12/site-packages/ovsdbapp/schema/ovn_northbound/commands.py", line 681, in run_idl
2026-06-23 20:06:06.869 7 ERROR ovsdbapp.backend.ovs_idl.command lsp = self.api.lookup('Logical_Switch_Port', self.port)
2026-06-23 20:06:06.869 7 ERROR ovsdbapp.backend.ovs_idl.command ^^^^^^^^^^^^^^^^^^^^^^^^^^^^^^^^^^^^^^^^^^^^^^^^^
2026-06-23 20:06:06.869 7 ERROR ovsdbapp.backend.ovs_idl.command
File "/var/lib/openstack/lib/python3.12/site-packages/ovsdbapp/backend/ovs_idl/__init__.py", line 184, in lookup
2026-06-23 20:06:06.869 7 ERROR ovsdbapp.backend.ovs_idl.command return self._lookup(table, record)
2026-06-23 20:06:06.869 7 ERROR ovsdbapp.backend.ovs_idl.command ^^^^^^^^^^^^^^^^^^^^^^^^^^^
2026-06-23 20:06:06.869 7 ERROR ovsdbapp.backend.ovs_idl.command
File "/var/lib/openstack/lib/python3.12/site-packages/ovsdbapp/backend/ovs_idl/__init__.py", line 235, in _lookup
2026-06-23 20:06:06.869 7 ERROR ovsdbapp.backend.ovs_idl.command row = idlutils.row_by_value(self, rl.table, rl.column, record)
2026-06-23 20:06:06.869 7 ERROR ovsdbapp.backend.ovs_idl.command ^^^^^^^^^^^^^^^^^^^^^^^^^^^^^^^^^^^^^^^^^^^^^^^^^^^^^^^^
2026-06-23 20:06:06.869 7 ERROR ovsdbapp.backend.ovs_idl.command
File "/var/lib/openstack/lib/python3.12/site-packages/ovsdbapp/backend/ovs_idl/idlutils.py", line 114, in row_by_value
2026-06-23 20:06:06.869 7 ERROR ovsdbapp.backend.ovs_idl.command raise RowNotFound(table=table, col=column, match=match)
2026-06-23 20:06:06.869 7 ERROR ovsdbapp.backend.ovs_idl.command ovsdbapp.backend.ovs_idl.idlutils.RowNotFound: Cannot find Logical_Switch_Port with name=49fc0f7d-56a5-403f-854e-9d8d46ac0d3a
2026-06-23 20:06:06.869 7 ERROR ovsdbapp.backend.ovs_idl.command
2026-06-23 20:06:06.871 7 ERROR ovsdbapp.event [None req-5e37c645-611d-4baa-98b0-24e45b3b6263 - - - - - -] Unexpected exception in notify_loop: ovsdbapp.backend.ovs_idl.idlutils.RowNotFound: Cannot find Logical_Switch_Port with name=49fc0f7d-56a5-403f-854e-9d8d46ac0d3a
2026-06-23 20:06:06.871 7 ERROR ovsdbapp.event
Traceback (most recent call last):
2026-06-23 20:06:06.871 7 ERROR ovsdbapp.event
File "/var/lib/openstack/lib/python3.12/site-packages/ovsdbapp/event.py", line 177, in notify_loop
2026-06-23 20:06:06.871 7 ERROR ovsdbapp.event match.run(event, row, updates)
2026-06-23 20:06:06.871 7 ERROR ovsdbapp.event
File "/var/lib/openstack/lib/python3.12/site-packages/neutron/plugins/ml2/drivers/ovn/mech_driver/ovsdb/ovsdb_monitor.py", line 537, in run
2026-06-23 20:06:06.871 7 ERROR ovsdbapp.event self.driver.set_port_status_up(row.name)
2026-06-23 20:06:06.871 7 ERROR ovsdbapp.event
File "/var/lib/openstack/lib/python3.12/site-packages/neutron/plugins/ml2/drivers/ovn/mech_driver/mech_driver.py", line 1341, in set_port_status_up
2026-06-23 20:06:06.871 7 ERROR ovsdbapp.event self._ovn_client.update_lsp_host_info(admin_context, db_port)
2026-06-23 20:06:06.871 7 ERROR ovsdbapp.event
File "/var/lib/openstack/lib/python3.12/site-packages/neutron/plugins/ml2/drivers/ovn/mech_driver/ovsdb/ovn_client.py", line 312, in update_lsp_host_info
2026-06-23 20:06:06.871 7 ERROR ovsdbapp.event port_up = self._nb_idl.lsp_get_up(db_port.id).execute(
2026-06-23 20:06:06.871 7 ERROR ovsdbapp.event ^^^^^^^^^^^^^^^^^^^^^^^^^^^^^^^^^^^^^^^^^^^^
2026-06-23 20:06:06.871 7 ERROR ovsdbapp.event
File "/var/lib/openstack/lib/python3.12/site-packages/ovsdbapp/backend/ovs_idl/command.py", line 47, in execute
2026-06-23 20:06:06.871 7 ERROR ovsdbapp.event self.run_idl(None)
2026-06-23 20:06:06.871 7 ERROR ovsdbapp.event
File "/var/lib/openstack/lib/python3.12/site-packages/ovsdbapp/schema/ovn_northbound/commands.py", line 681, in run_idl
2026-06-23 20:06:06.871 7 ERROR ovsdbapp.event lsp = self.api.lookup('Logical_Switch_Port', self.port)
2026-06-23 20:06:06.871 7 ERROR ovsdbapp.event ^^^^^^^^^^^^^^^^^^^^^^^^^^^^^^^^^^^^^^^^^^^^^^^^^
2026-06-23 20:06:06.871 7 ERROR ovsdbapp.event
File "/var/lib/openstack/lib/python3.12/site-packages/ovsdbapp/backend/ovs_idl/__init__.py", line 184, in lookup
2026-06-23 20:06:06.871 7 ERROR ovsdbapp.event return self._lookup(table, record)
2026-06-23 20:06:06.871 7 ERROR ovsdbapp.event ^^^^^^^^^^^^^^^^^^^^^^^^^^^
2026-06-23 20:06:06.871 7 ERROR ovsdbapp.event
File "/var/lib/openstack/lib/python3.12/site-packages/ovsdbapp/backend/ovs_idl/__init__.py", line 235, in _lookup
2026-06-23 20:06:06.871 7 ERROR ovsdbapp.event row = idlutils.row_by_value(self, rl.table, rl.column, record)
2026-06-23 20:06:06.871 7 ERROR ovsdbapp.event ^^^^^^^^^^^^^^^^^^^^^^^^^^^^^^^^^^^^^^^^^^^^^^^^^^^^^^^^
2026-06-23 20:06:06.871 7 ERROR ovsdbapp.event
File "/var/lib/openstack/lib/python3.12/site-packages/ovsdbapp/backend/ovs_idl/idlutils.py", line 114, in row_by_value
2026-06-23 20:06:06.871 7 ERROR ovsdbapp.event raise RowNotFound(table=table, col=column, match=match)
2026-06-23 20:06:06.871 7 ERROR ovsdbapp.event ovsdbapp.backend.ovs_idl.idlutils.RowNotFound: Cannot find Logical_Switch_Port with name=49fc0f7d-56a5-403f-854e-9d8d46ac0d3a
2026-06-23 20:06:06.871 7 ERROR ovsdbapp.event [pid: 8|app: 0|req: 1290/2545] 10.0.0.198 () {34 vars in 749 bytes} [Tue Jun 23 20:06:06 2026] PUT /v2.0/floatingips/47cbef29-60ab-48ba-acee-5ef39186e852 => generated 554 bytes in 264 msecs (HTTP/1.1 200) 4 headers in 157 bytes (1 switches on core 0) [pid: 8|app: 0|req: 1291/2546] 10.0.0.198 () {32 vars in 729 bytes} [Tue Jun 23 20:06:06 2026] GET /v2.0/floatingips/47cbef29-60ab-48ba-acee-5ef39186e852 => generated 552 bytes in 39 msecs (HTTP/1.1 200) 4 headers in 157 bytes (1 switches on core 0)
2026-06-23 20:06:06.960 8 INFO neutron.notifiers.nova [-] Nova event matching ['req-fbd1aca9-84b8-4da1-ad72-a074c99c7a5a'] response: {'name': 'network-changed', 'server_uuid': 'f809faeb-07f8-4063-8394-18fa1a83b6cb', 'tag': 'f8f1acef-515f-45cd-bdf7-911bdc2dba70', 'status': 'completed', 'code': 200}
2026-06-23 20:06:07.459 7 INFO neutron_taas.services.taas.taas_plugin [None req-3350a0cc-bd07-4b31-9876-5f4909879ed0 - - - - - -] TaaS: Handle Delete Port: d1cb65f8-e431-413f-9643-53fe4541bb8d
2026-06-23 20:06:07.462 7 INFO neutron_taas.services.taas.tap_mirror_plugin [None req-3350a0cc-bd07-4b31-9876-5f4909879ed0 - - - - - -] Tap Mirror: Handle Delete Port: d1cb65f8-e431-413f-9643-53fe4541bb8d [pid: 8|app: 0|req: 1292/2547] 199.19.213.137 () {34 vars in 1080 bytes} [Tue Jun 23 20:06:07 2026] GET /v2.0/ports?tenant_id=22bee4400ec04b4a8d169f4672e8f0a8&device_id=f809faeb-07f8-4063-8394-18fa1a83b6cb => generated 1209 bytes in 57 msecs (HTTP/1.1 200) 4 headers in 158 bytes (1 switches on core 0) [pid: 8|app: 0|req: 1293/2548] 199.19.213.137 () {34 vars in 986 bytes} [Tue Jun 23 20:06:07 2026] GET /v2.0/networks?id=d41f55a8-efe5-4904-8cd0-fa10276a3987 => generated 798 bytes in 63 msecs (HTTP/1.1 200) 4 headers in 157 bytes (1 switches on core 0) [pid: 8|app: 0|req: 1294/2549] 199.19.213.137 () {34 vars in 1058 bytes} [Tue Jun 23 20:06:07 2026] GET /v2.0/floatingips?fixed_ip_address=10.100.0.8&port_id=f8f1acef-515f-45cd-bdf7-911bdc2dba70 => generated 19 bytes in 20 msecs (HTTP/1.1 200) 4 headers in 156 bytes (1 switches on core 0)
2026-06-23 20:06:07.659 7 INFO neutron.services.segments.plugin [-] Segment 2401f249-24e7-4875-bee8-277e99c0c2fe resource provider aggregate not found
2026-06-23 20:06:07.662 7 INFO neutron.services.segments.plugin [-] Segment 2401f249-24e7-4875-bee8-277e99c0c2fe resource provider aggregate not found [pid: 8|app: 0|req: 1295/2550] 199.19.213.137 () {34 vars in 984 bytes} [Tue Jun 23 20:06:07 2026] GET /v2.0/subnets?id=cba5a75b-d999-479c-9043-8249dd6d6388 => generated 677 bytes in 23 msecs (HTTP/1.1 200) 4 headers in 157 bytes (1 switches on core 0)
2026-06-23 20:06:07.678 7 INFO neutron.services.segments.plugin [-] Segment 2401f249-24e7-4875-bee8-277e99c0c2fe resource provider not found; error: Placement Client Error (4xx): {"errors": [{"status": 404, "title": "Not Found", "detail": "The resource could not be found.\n\n No resource provider with uuid 2401f249-24e7-4875-bee8-277e99c0c2fe found for delete ", "request_id": "req-6e7fe521-7808-49ec-a214-6bcbd3760aba"}]} [pid: 8|app: 0|req: 1296/2551] 199.19.213.137 () {34 vars in 1052 bytes} [Tue Jun 23 20:06:07 2026] GET /v2.0/ports?network_id=d41f55a8-efe5-4904-8cd0-fa10276a3987&device_owner=network%3Adhcp => generated 12 bytes in 14 msecs (HTTP/1.1 200) 4 headers in 156 bytes (1 switches on core 0)
2026-06-23 20:06:07.683 7 INFO neutron.services.segments.plugin [-] Segment 2401f249-24e7-4875-bee8-277e99c0c2fe resource provider not found; error: Placement Client Error (4xx): {"errors": [{"status": 404, "title": "Not Found", "detail": "The resource could not be found.\n\n No resource provider with uuid 2401f249-24e7-4875-bee8-277e99c0c2fe found for delete ", "request_id": "req-6e50898a-f130-4c4e-9b09-9183f6a88ef7"}]} [pid: 7|app: 0|req: 1256/2552] 10.0.0.198 () {32 vars in 740 bytes} [Tue Jun 23 20:06:05 2026] DELETE /v2.0/vpn/vpnservices/3aac19c7-33e4-416b-85fa-6f46c4725fdd => generated 0 bytes in 2594 msecs (HTTP/1.1 204) 2 headers in 112 bytes (1 switches on core 0) /var/lib/openstack/lib/python3.12/site-packages/pycadf/identifier.py:70: UserWarning: Invalid uuid: neutron. To ensure interoperability, identifiers should be a valid uuid. warnings.warn(('Invalid uuid: %s. To ensure interoperability, ' [pid: 7|app: 0|req: 1257/2553] 10.0.0.198 () {32 vars in 663 bytes} [Tue Jun 23 20:06:07 2026] GET /v2.0/vpn/vpnservices => generated 862 bytes in 11 msecs (HTTP/1.1 200) 4 headers in 157 bytes (1 switches on core 0) [pid: 8|app: 0|req: 1297/2554] 199.19.213.137 () {34 vars in 1012 bytes} [Tue Jun 23 20:06:07 2026] GET /v2.0/networks/d41f55a8-efe5-4904-8cd0-fa10276a3987?fields=segments => generated 14 bytes in 45 msecs (HTTP/1.1 200) 4 headers in 156 bytes (1 switches on core 0) [pid: 8|app: 0|req: 1298/2555] 199.19.213.137 () {34 vars in 1112 bytes} [Tue Jun 23 20:06:07 2026] GET /v2.0/networks/d41f55a8-efe5-4904-8cd0-fa10276a3987?fields=provider%3Aphysical_network&fields=provider%3Anetwork_type => generated 79 bytes in 38 msecs (HTTP/1.1 200) 4 headers in 156 bytes (1 switches on core 0)
2026-06-23 20:06:07.783 7 INFO neutron.api.v2.resource [None req-0fd7604d-bae7-4452-ac02-96c1acbacf45 c5d506b0e4134ec0ad1855a64d0c361e a1d2d55ec0cb4d84a393a9bf644d6aaf - - default default] create failed (client error): The server could not comply with the request since it is either malformed or otherwise incorrect. [pid: 7|app: 0|req: 1258/2556] 10.0.0.198 () {34 vars in 707 bytes} [Tue Jun 23 20:06:07 2026] POST /v2.0/vpn/ipsec-site-connections => generated 127 bytes in 45 msecs (HTTP/1.1 400) 4 headers in 166 bytes (1 switches on core 0)
2026-06-23 20:06:07.859 8 INFO neutron.api.v2.resource [None req-c1e33348-0953-4883-9c2a-a4b371f24d62 c5d506b0e4134ec0ad1855a64d0c361e a1d2d55ec0cb4d84a393a9bf644d6aaf - - default default] create failed (client error): The server could not comply with the request since it is either malformed or otherwise incorrect. [pid: 8|app: 0|req: 1299/2557] 10.0.0.198 () {34 vars in 707 bytes} [Tue Jun 23 20:06:07 2026] POST /v2.0/vpn/ipsec-site-connections => generated 136 bytes in 69 msecs (HTTP/1.1 400) 4 headers in 166 bytes (1 switches on core 0)
2026-06-23 20:06:07.873 7 WARNING neutron.api.v2.base [None req-ac07aadf-8f2d-42cc-aa78-257a6436c170 c5d506b0e4134ec0ad1855a64d0c361e a1d2d55ec0cb4d84a393a9bf644d6aaf - - default default] An exception happened while processing the request body. The exception message is [Invalid input for dpd. Reason: '59' is not a dictionary.].: webob.exc.HTTPBadRequest: Invalid input for dpd. Reason: '59' is not a dictionary.
2026-06-23 20:06:07.874 7 INFO neutron.api.v2.resource [None req-ac07aadf-8f2d-42cc-aa78-257a6436c170 c5d506b0e4134ec0ad1855a64d0c361e a1d2d55ec0cb4d84a393a9bf644d6aaf - - default default] create failed (client error): Invalid input for dpd. Reason: '59' is not a dictionary. [pid: 7|app: 0|req: 1259/2558] 10.0.0.198 () {34 vars in 707 bytes} [Tue Jun 23 20:06:07 2026] POST /v2.0/vpn/ipsec-site-connections => generated 129 bytes in 8 msecs (HTTP/1.1 400) 4 headers in 166 bytes (1 switches on core 0) [pid: 8|app: 0|req: 1300/2559] 10.0.0.198 () {34 vars in 693 bytes} [Tue Jun 23 20:06:07 2026] POST /v2.0/vpn/endpoint-groups => generated 294 bytes in 46 msecs (HTTP/1.1 201) 4 headers in 162 bytes (1 switches on core 0)
2026-06-23 20:06:07.974 7 INFO neutron.api.v2.resource [None req-3af0efb1-24df-47f8-8738-ae3bcbd01570 c5d506b0e4134ec0ad1855a64d0c361e a1d2d55ec0cb4d84a393a9bf644d6aaf - - default default] create failed (client error): The server could not comply with the request since it is either malformed or otherwise incorrect. [pid: 7|app: 0|req: 1260/2562] 10.0.0.198 () {34 vars in 707 bytes} [Tue Jun 23 20:06:07 2026] POST /v2.0/vpn/ipsec-site-connections => generated 149 bytes in 44 msecs (HTTP/1.1 400) 4 headers in 166 bytes (1 switches on core 0) [pid: 8|app: 0|req: 1303/2563] 10.0.0.198 () {32 vars in 671 bytes} [Tue Jun 23 20:06:07 2026] GET /v2.0/vpn/endpoint-groups => generated 909 bytes in 14 msecs (HTTP/1.1 200) 4 headers in 157 bytes (1 switches on core 0) [pid: 7|app: 0|req: 1261/2564] 10.0.0.198 () {32 vars in 748 bytes} [Tue Jun 23 20:06:08 2026] DELETE /v2.0/vpn/endpoint-groups/f088bb62-41ca-41f1-9acf-60d4c41786d3 => generated 0 bytes in 29 msecs (HTTP/1.1 204) 2 headers in 112 bytes (1 switches on core 0) [pid: 7|app: 0|req: 1262/2565] 10.0.0.198 () {32 vars in 671 bytes} [Tue Jun 23 20:06:08 2026] GET /v2.0/vpn/endpoint-groups => generated 633 bytes in 13 msecs (HTTP/1.1 200) 4 headers in 157 bytes (1 switches on core 0)
2026-06-23 20:06:08.111 8 INFO neutron.db.ovn_revision_numbers_db [None req-c0652427-bc5c-48bb-ad37-e9611fb13b89 75cfc61d3a0a476396d82e385fd0f007 22bee4400ec04b4a8d169f4672e8f0a8 - - default default] Successfully bumped revision number for resource 1887fa1e-e4f6-4f6b-9664-077ba6f96d11 (type: security_groups) to 1 [pid: 7|app: 0|req: 1263/2566] 10.0.0.198 () {34 vars in 693 bytes} [Tue Jun 23 20:06:08 2026] POST /v2.0/vpn/endpoint-groups => generated 301 bytes in 64 msecs (HTTP/1.1 201) 4 headers in 162 bytes (1 switches on core 0)
2026-06-23 20:06:08.127 8 INFO neutron.db.ovn_revision_numbers_db [None req-c0652427-bc5c-48bb-ad37-e9611fb13b89 75cfc61d3a0a476396d82e385fd0f007 22bee4400ec04b4a8d169f4672e8f0a8 - - default default] Successfully bumped revision number for resource abbfe571-5526-43ef-b0b5-92a20188abaf (type: security_group_rules) to 0
2026-06-23 20:06:08.137 8 INFO neutron.db.ovn_revision_numbers_db [None req-c0652427-bc5c-48bb-ad37-e9611fb13b89 75cfc61d3a0a476396d82e385fd0f007 22bee4400ec04b4a8d169f4672e8f0a8 - - default default] Successfully bumped revision number for resource d8bf8799-175c-409f-ae69-90c335bf80f8 (type: security_group_rules) to 0
2026-06-23 20:06:08.164 7 INFO neutron.api.v2.resource [None req-8e606add-67ec-4044-8d61-f2ac334e7535 c5d506b0e4134ec0ad1855a64d0c361e a1d2d55ec0cb4d84a393a9bf644d6aaf - - default default] create failed (client error): The server could not comply with the request since it is either malformed or otherwise incorrect. [pid: 7|app: 0|req: 1264/2567] 10.0.0.198 () {34 vars in 707 bytes} [Tue Jun 23 20:06:08 2026] POST /v2.0/vpn/ipsec-site-connections => generated 148 bytes in 41 msecs (HTTP/1.1 400) 4 headers in 166 bytes (1 switches on core 0) [pid: 8|app: 0|req: 1304/2568] 10.0.0.198 () {34 vars in 685 bytes} [Tue Jun 23 20:06:08 2026] POST /v2.0/security-groups => generated 1675 bytes in 164 msecs (HTTP/1.1 201) 4 headers in 163 bytes (1 switches on core 0) [pid: 7|app: 0|req: 1265/2569] 10.0.0.198 () {32 vars in 671 bytes} [Tue Jun 23 20:06:08 2026] GET /v2.0/vpn/endpoint-groups => generated 916 bytes in 15 msecs (HTTP/1.1 200) 4 headers in 157 bytes (1 switches on core 0) [pid: 7|app: 0|req: 1266/2570] 10.0.0.198 () {32 vars in 748 bytes} [Tue Jun 23 20:06:08 2026] DELETE /v2.0/vpn/endpoint-groups/24b5b132-4762-4100-b803-437ef22fabb5 => generated 0 bytes in 22 msecs (HTTP/1.1 204) 2 headers in 112 bytes (1 switches on core 0) [pid: 7|app: 0|req: 1267/2571] 10.0.0.198 () {32 vars in 671 bytes} [Tue Jun 23 20:06:08 2026] GET /v2.0/vpn/endpoint-groups => generated 633 bytes in 10 msecs (HTTP/1.1 200) 4 headers in 157 bytes (1 switches on core 0)
2026-06-23 20:06:08.239 7 WARNING neutron.api.v2.base [None req-e6daba9f-8a7b-4e8f-9a4e-14d41ad6b1f1 c5d506b0e4134ec0ad1855a64d0c361e a1d2d55ec0cb4d84a393a9bf644d6aaf - - default default] An exception happened while processing the request body. The exception message is [Invalid input for peer_cidrs. Reason: '1.0.0.0/33' is not a valid IP subnet.].: webob.exc.HTTPBadRequest: Invalid input for peer_cidrs. Reason: '1.0.0.0/33' is not a valid IP subnet.
2026-06-23 20:06:08.239 7 INFO neutron.api.v2.resource [None req-e6daba9f-8a7b-4e8f-9a4e-14d41ad6b1f1 c5d506b0e4134ec0ad1855a64d0c361e a1d2d55ec0cb4d84a393a9bf644d6aaf - - default default] create failed (client error): Invalid input for peer_cidrs. Reason: '1.0.0.0/33' is not a valid IP subnet. [pid: 7|app: 0|req: 1268/2572] 10.0.0.198 () {34 vars in 707 bytes} [Tue Jun 23 20:06:08 2026] POST /v2.0/vpn/ipsec-site-connections => generated 149 bytes in 6 msecs (HTTP/1.1 400) 4 headers in 166 bytes (1 switches on core 0)
2026-06-23 20:06:08.291 8 INFO neutron.db.ovn_revision_numbers_db [None req-ba0f3941-a8b7-460f-8b15-c02e82dedd2e 75cfc61d3a0a476396d82e385fd0f007 22bee4400ec04b4a8d169f4672e8f0a8 - - default default] Successfully bumped revision number for resource 3dce2ec3-d330-45fb-ab2f-62bb42f0206a (type: security_group_rules) to 0 [pid: 8|app: 0|req: 1305/2573] 10.0.0.198 () {34 vars in 695 bytes} [Tue Jun 23 20:06:08 2026] POST /v2.0/security-group-rules => generated 597 bytes in 145 msecs (HTTP/1.1 201) 4 headers in 162 bytes (1 switches on core 0)
2026-06-23 20:06:08.335 7 INFO neutron.db.segments_db [None req-642c8232-5217-403f-9051-757d3dad2552 c5d506b0e4134ec0ad1855a64d0c361e a1d2d55ec0cb4d84a393a9bf644d6aaf - - default default] Added segment 15c52fb0-744a-48bf-b914-5dd408314ad9 of type geneve for network 433978c1-1c3d-414c-a0c6-c800349c773e
2026-06-23 20:06:08.457 7 INFO neutron.db.ovn_revision_numbers_db [None req-642c8232-5217-403f-9051-757d3dad2552 c5d506b0e4134ec0ad1855a64d0c361e a1d2d55ec0cb4d84a393a9bf644d6aaf - - default default] Successfully bumped revision number for resource 433978c1-1c3d-414c-a0c6-c800349c773e (type: networks) to 1
2026-06-23 20:06:08.467 8 INFO neutron.db.ovn_revision_numbers_db [None req-bad441cf-230d-42fd-b898-f47260a5447f 75cfc61d3a0a476396d82e385fd0f007 22bee4400ec04b4a8d169f4672e8f0a8 - - default default] Successfully bumped revision number for resource 70cc59e6-1b1a-4f82-9fe0-57f033c8c929 (type: security_group_rules) to 0 [pid: 8|app: 0|req: 1306/2574] 10.0.0.198 () {34 vars in 695 bytes} [Tue Jun 23 20:06:08 2026] POST /v2.0/security-group-rules => generated 596 bytes in 175 msecs (HTTP/1.1 201) 4 headers in 162 bytes (1 switches on core 0)
2026-06-23 20:06:08.653 8 INFO neutron.db.ovn_revision_numbers_db [None req-bc340775-a696-4a0a-a7b1-1ea119410375 75cfc61d3a0a476396d82e385fd0f007 22bee4400ec04b4a8d169f4672e8f0a8 - - default default] Successfully bumped revision number for resource d248f118-82c4-47e9-adca-0a9e21076c29 (type: security_group_rules) to 0
2026-06-23 20:06:08.661 7 WARNING neutron.scheduler.dhcp_agent_scheduler [None req-642c8232-5217-403f-9051-757d3dad2552 c5d506b0e4134ec0ad1855a64d0c361e a1d2d55ec0cb4d84a393a9bf644d6aaf - - default default] No more DHCP agents
2026-06-23 20:06:08.663 7 WARNING neutron.api.rpc.agentnotifiers.dhcp_rpc_agent_api [None req-642c8232-5217-403f-9051-757d3dad2552 c5d506b0e4134ec0ad1855a64d0c361e a1d2d55ec0cb4d84a393a9bf644d6aaf - - default default] Unable to schedule network 433978c1-1c3d-414c-a0c6-c800349c773e: no agents available; will retry on subsequent port and subnet creation events. [pid: 8|app: 0|req: 1307/2575] 10.0.0.198 () {34 vars in 695 bytes} [Tue Jun 23 20:06:08 2026] POST /v2.0/security-group-rules => generated 602 bytes in 179 msecs (HTTP/1.1 201) 4 headers in 162 bytes (1 switches on core 0)
2026-06-23 20:06:08.739 8 INFO neutron.plugins.ml2.drivers.ovn.mech_driver.mech_driver [None req-603d42c9-79f1-4527-ae10-22542e3299b9 - - - - - -] OVN reports status down for port: d6eba9f8-4eef-4260-bed8-90b2a5268e92
2026-06-23 20:06:08.747 7 INFO neutron.db.ovn_revision_numbers_db [None req-642c8232-5217-403f-9051-757d3dad2552 c5d506b0e4134ec0ad1855a64d0c361e a1d2d55ec0cb4d84a393a9bf644d6aaf - - default default] Successfully bumped revision number for resource d6eba9f8-4eef-4260-bed8-90b2a5268e92 (type: ports) to 1 [pid: 7|app: 0|req: 1269/2576] 10.0.0.198 () {34 vars in 670 bytes} [Tue Jun 23 20:06:08 2026] POST /v2.0/networks => generated 670 bytes in 526 msecs (HTTP/1.1 201) 4 headers in 162 bytes (1 switches on core 0)
2026-06-23 20:06:08.887 8 INFO neutron.db.ovn_revision_numbers_db [None req-84aedbb1-c1a8-44e8-ab95-2cd3503e26f9 75cfc61d3a0a476396d82e385fd0f007 22bee4400ec04b4a8d169f4672e8f0a8 - - default default] Successfully bumped revision number for resource d0ed309f-983b-4b05-9f13-bd95060eb1b9 (type: security_group_rules) to 0 [pid: 8|app: 0|req: 1308/2577] 10.0.0.198 () {34 vars in 695 bytes} [Tue Jun 23 20:06:08 2026] POST /v2.0/security-group-rules => generated 601 bytes in 225 msecs (HTTP/1.1 201) 4 headers in 162 bytes (1 switches on core 0)
2026-06-23 20:06:08.954 8 INFO neutron.db.securitygroups_db [None req-3e81fe82-fcd1-48d6-936e-51893480c894 75cfc61d3a0a476396d82e385fd0f007 22bee4400ec04b4a8d169f4672e8f0a8 - - default default] Project 22bee4400ec04b4a8d169f4672e8f0a8 added a security group rule with legacy IPv6 ICMP protocol name icmp, ipv6-icmp should be used instead. It was automatically converted.
2026-06-23 20:06:08.961 7 WARNING neutron.scheduler.dhcp_agent_scheduler [None req-79c610cb-3003-4560-8582-4f34b81457b3 c5d506b0e4134ec0ad1855a64d0c361e a1d2d55ec0cb4d84a393a9bf644d6aaf - - default default] No more DHCP agents
2026-06-23 20:06:08.962 7 WARNING neutron.api.rpc.agentnotifiers.dhcp_rpc_agent_api [None req-79c610cb-3003-4560-8582-4f34b81457b3 c5d506b0e4134ec0ad1855a64d0c361e a1d2d55ec0cb4d84a393a9bf644d6aaf - - default default] Unable to schedule network 433978c1-1c3d-414c-a0c6-c800349c773e: no agents available; will retry on subsequent port and subnet creation events.
2026-06-23 20:06:09.059 8 INFO neutron.db.ovn_revision_numbers_db [None req-3e81fe82-fcd1-48d6-936e-51893480c894 75cfc61d3a0a476396d82e385fd0f007 22bee4400ec04b4a8d169f4672e8f0a8 - - default default] Successfully bumped revision number for resource b9ed2967-3426-4da1-a65b-4a6ec8755dfe (type: security_group_rules) to 0 [pid: 8|app: 0|req: 1309/2578] 10.0.0.198 () {34 vars in 695 bytes} [Tue Jun 23 20:06:08 2026] POST /v2.0/security-group-rules => generated 607 bytes in 168 msecs (HTTP/1.1 201) 4 headers in 162 bytes (1 switches on core 0) [pid: 8|app: 0|req: 1310/2579] 10.0.0.163 () {34 vars in 990 bytes} [Tue Jun 23 20:06:09 2026] GET /v2.0/ports?device_id=7022c106-43ae-4bf7-bdb3-d8856581cb72 => generated 1014 bytes in 62 msecs (HTTP/1.1 200) 4 headers in 158 bytes (1 switches on core 0)
2026-06-23 20:06:09.186 8 INFO neutron.db.securitygroups_db [None req-e0ccced6-a0b7-4958-82da-74a1019fbc51 75cfc61d3a0a476396d82e385fd0f007 22bee4400ec04b4a8d169f4672e8f0a8 - - default default] Project 22bee4400ec04b4a8d169f4672e8f0a8 added a security group rule with legacy IPv6 ICMP protocol name icmp, ipv6-icmp should be used instead. It was automatically converted.
2026-06-23 20:06:09.309 8 INFO neutron.db.ovn_revision_numbers_db [None req-e0ccced6-a0b7-4958-82da-74a1019fbc51 75cfc61d3a0a476396d82e385fd0f007 22bee4400ec04b4a8d169f4672e8f0a8 - - default default] Successfully bumped revision number for resource 85020ddf-6518-40ae-91ba-26a9c0feeaa9 (type: security_group_rules) to 0 [pid: 8|app: 0|req: 1311/2580] 10.0.0.198 () {34 vars in 695 bytes} [Tue Jun 23 20:06:09 2026] POST /v2.0/security-group-rules => generated 606 bytes in 206 msecs (HTTP/1.1 201) 4 headers in 162 bytes (1 switches on core 0) [pid: 8|app: 0|req: 1312/2581] 10.0.0.163 () {34 vars in 1120 bytes} [Tue Jun 23 20:06:09 2026] GET /v2.0/security-groups?id=8e89911a-1b0b-4909-9138-b2ce725cba3f&id=f65ab71d-6d93-442c-8e00-83294f53128e&fields=id&fields=name => generated 204 bytes in 37 msecs (HTTP/1.1 200) 4 headers in 157 bytes (1 switches on core 0)
2026-06-23 20:06:09.402 7 INFO neutron.db.ovn_revision_numbers_db [None req-107f3fb6-741d-4175-bcce-a4e6ffc5c974 - - - - - -] Successfully bumped revision number for resource d6eba9f8-4eef-4260-bed8-90b2a5268e92 (type: ports) to 2
2026-06-23 20:06:09.441 7 INFO neutron.db.ovn_revision_numbers_db [None req-107f3fb6-741d-4175-bcce-a4e6ffc5c974 - - - - - -] Successfully bumped revision number for resource 1392e707-4358-4b21-bb7b-c968fbe5f977 (type: subnets) to 0 [pid: 7|app: 0|req: 1270/2582] 10.0.0.198 () {34 vars in 669 bytes} [Tue Jun 23 20:06:08 2026] POST /v2.0/subnets => generated 629 bytes in 684 msecs (HTTP/1.1 201) 4 headers in 162 bytes (1 switches on core 0) [pid: 8|app: 0|req: 1313/2583] 10.0.0.198 () {32 vars in 736 bytes} [Tue Jun 23 20:06:09 2026] GET /v2.0/ports?device_id=7022c106-43ae-4bf7-bdb3-d8856581cb72 => generated 1252 bytes in 70 msecs (HTTP/1.1 200) 4 headers in 158 bytes (1 switches on core 0) [pid: 8|app: 0|req: 1314/2584] 10.0.0.198 () {32 vars in 858 bytes} [Tue Jun 23 20:06:09 2026] GET /v2.0/floatingips?floating_network_id=de95bc42-0fb5-4e2f-b1b3-664c787ff9c6&port_id=1bcd769d-c906-44f5-94e2-a1a793c9ecb3 => generated 861 bytes in 70 msecs (HTTP/1.1 200) 4 headers in 157 bytes (1 switches on core 0) [pid: 8|app: 0|req: 1315/2585] 10.0.0.198 () {32 vars in 649 bytes} [Tue Jun 23 20:06:09 2026] GET /v2.0/networks => generated 1374 bytes in 91 msecs (HTTP/1.1 200) 4 headers in 158 bytes (1 switches on core 0)
2026-06-23 20:06:09.814 7 WARNING neutron.scheduler.dhcp_agent_scheduler [None req-030d33c4-dea4-49d5-9559-2a7f51b427c6 c5d506b0e4134ec0ad1855a64d0c361e a1d2d55ec0cb4d84a393a9bf644d6aaf - - default default] No more DHCP agents
2026-06-23 20:06:09.818 7 WARNING neutron.api.rpc.agentnotifiers.dhcp_rpc_agent_api [None req-030d33c4-dea4-49d5-9559-2a7f51b427c6 c5d506b0e4134ec0ad1855a64d0c361e a1d2d55ec0cb4d84a393a9bf644d6aaf - - default default] Unable to schedule network de95bc42-0fb5-4e2f-b1b3-664c787ff9c6: no agents available; will retry on subsequent port and subnet creation events. [pid: 8|app: 0|req: 1316/2586] 10.0.0.35 () {34 vars in 989 bytes} [Tue Jun 23 20:06:09 2026] GET /v2.0/ports?device_id=7022c106-43ae-4bf7-bdb3-d8856581cb72 => generated 1252 bytes in 39 msecs (HTTP/1.1 200) 4 headers in 158 bytes (1 switches on core 0)
2026-06-23 20:06:09.948 8 INFO neutron.plugins.ml2.drivers.ovn.mech_driver.mech_driver [None req-603d42c9-79f1-4527-ae10-22542e3299b9 - - - - - -] OVN reports status down for port: 30c6f2c1-42ea-4e14-9015-0a300ea7bee1
2026-06-23 20:06:09.955 7 INFO neutron.db.ovn_revision_numbers_db [None req-030d33c4-dea4-49d5-9559-2a7f51b427c6 c5d506b0e4134ec0ad1855a64d0c361e a1d2d55ec0cb4d84a393a9bf644d6aaf - - default default] Successfully bumped revision number for resource 30c6f2c1-42ea-4e14-9015-0a300ea7bee1 (type: ports) to 1 [pid: 8|app: 0|req: 1317/2587] 10.0.0.163 () {34 vars in 1098 bytes} [Tue Jun 23 20:06:09 2026] GET /v2.0/security-groups?name=tempest-secgroup-smoke-594912739&fields=id&tenant_id=22bee4400ec04b4a8d169f4672e8f0a8 => generated 69 bytes in 56 msecs (HTTP/1.1 200) 4 headers in 156 bytes (1 switches on core 0) [pid: 8|app: 0|req: 1318/2588] 10.0.0.35 () {34 vars in 1119 bytes} [Tue Jun 23 20:06:09 2026] GET /v2.0/security-groups?id=f65ab71d-6d93-442c-8e00-83294f53128e&id=8e89911a-1b0b-4909-9138-b2ce725cba3f&fields=id&fields=name => generated 204 bytes in 53 msecs (HTTP/1.1 200) 4 headers in 157 bytes (1 switches on core 0) [pid: 8|app: 0|req: 1319/2589] 10.0.0.163 () {34 vars in 982 bytes} [Tue Jun 23 20:06:10 2026] GET /v2.0/networks?id=d41f55a8-efe5-4904-8cd0-fa10276a3987 => generated 699 bytes in 60 msecs (HTTP/1.1 200) 4 headers in 157 bytes (1 switches on core 0) [pid: 8|app: 0|req: 1320/2590] 10.0.0.163 () {34 vars in 965 bytes} [Tue Jun 23 20:06:10 2026] GET /v2.0/quotas/22bee4400ec04b4a8d169f4672e8f0a8 => generated 292 bytes in 20 msecs (HTTP/1.1 200) 4 headers in 157 bytes (1 switches on core 0) [pid: 8|app: 0|req: 1321/2591] 10.0.0.163 () {34 vars in 1002 bytes} [Tue Jun 23 20:06:10 2026] GET /v2.0/ports?tenant_id=22bee4400ec04b4a8d169f4672e8f0a8&fields=id => generated 149 bytes in 80 msecs (HTTP/1.1 200) 4 headers in 157 bytes (1 switches on core 0)
2026-06-23 20:06:10.214 8 WARNING keystonemiddleware.audit [req-b51dd421-cfd2-4f53-b931-cfdd5401ec0a req-c02758a8-3fa6-4cb0-90e1-d0ee7be7c431 75cfc61d3a0a476396d82e385fd0f007 22bee4400ec04b4a8d169f4672e8f0a8 - - default default] Skipping service tempest-service-1696127687 as it have no endpoints. [pid: 8|app: 0|req: 1322/2592] 10.0.0.163 () {34 vars in 1008 bytes} [Tue Jun 23 20:06:10 2026] GET /v2.0/networks/d41f55a8-efe5-4904-8cd0-fa10276a3987?fields=segments => generated 14 bytes in 37 msecs (HTTP/1.1 200) 4 headers in 156 bytes (1 switches on core 0)
2026-06-23 20:06:10.261 8 WARNING keystonemiddleware.audit [req-b51dd421-cfd2-4f53-b931-cfdd5401ec0a req-6b80360c-b14d-48f7-8b3b-f1b0dfe576e4 2384bd17a2414cf8a3689e47e5e9933d c82d92143d6c44e19f1b669e67165d37 - - 7a82451706a84d74a273b5193d31f814 7a82451706a84d74a273b5193d31f814] Skipping service tempest-service-1696127687 as it have no endpoints. [pid: 8|app: 0|req: 1323/2593] 10.0.0.163 () {34 vars in 1108 bytes} [Tue Jun 23 20:06:10 2026] GET /v2.0/networks/d41f55a8-efe5-4904-8cd0-fa10276a3987?fields=provider%3Aphysical_network&fields=provider%3Anetwork_type => generated 79 bytes in 46 msecs (HTTP/1.1 200) 4 headers in 156 bytes (1 switches on core 0) [pid: 8|app: 0|req: 1324/2594] 10.0.0.163 () {34 vars in 990 bytes} [Tue Jun 23 20:06:10 2026] GET /v2.0/ports?device_id=87428053-6aaf-41bc-8ee1-a4090aa5437f => generated 12 bytes in 23 msecs (HTTP/1.1 200) 4 headers in 156 bytes (1 switches on core 0)
2026-06-23 20:06:10.547 7 INFO neutron.plugins.ml2.drivers.ovn.mech_driver.ovsdb.commands [None req-095c0580-eab4-4c49-a9ea-b959f482df0f - - - - - -] Schedule LRP lrp-30c6f2c1-42ea-4e14-9015-0a300ea7bee1 on gateway 69202038-f8b0-4048-9552-597be78dec0c with priority 1
2026-06-23 20:06:10.580 8 INFO neutron.plugins.ml2.drivers.ovn.mech_driver.mech_driver [None req-603d42c9-79f1-4527-ae10-22542e3299b9 - - - - - -] OVN reports status up for port: 30c6f2c1-42ea-4e14-9015-0a300ea7bee1
2026-06-23 20:06:10.591 8 INFO neutron.plugins.ml2.plugin [None req-603d42c9-79f1-4527-ae10-22542e3299b9 - - - - - -] Attempt 1 to provision port 30c6f2c1-42ea-4e14-9015-0a300ea7bee1
2026-06-23 20:06:10.621 7 INFO neutron.db.ovn_revision_numbers_db [None req-030d33c4-dea4-49d5-9559-2a7f51b427c6 c5d506b0e4134ec0ad1855a64d0c361e a1d2d55ec0cb4d84a393a9bf644d6aaf - - default default] Successfully bumped revision number for resource 30c6f2c1-42ea-4e14-9015-0a300ea7bee1 (type: router_ports) to 1
2026-06-23 20:06:10.685 7 INFO neutron.db.ovn_revision_numbers_db [None req-030d33c4-dea4-49d5-9559-2a7f51b427c6 c5d506b0e4134ec0ad1855a64d0c361e a1d2d55ec0cb4d84a393a9bf644d6aaf - - default default] Successfully bumped revision number for resource bacd5c83-650b-490c-a2a1-5f1978929a5c (type: routers) to 2 [pid: 7|app: 0|req: 1271/2595] 10.0.0.198 () {34 vars in 669 bytes} [Tue Jun 23 20:06:09 2026] POST /v2.0/routers => generated 937 bytes in 1239 msecs (HTTP/1.1 201) 4 headers in 162 bytes (1 switches on core 0)
2026-06-23 20:06:10.819 8 INFO neutron.api.v2.resource [None req-e4263da3-182f-4a9e-ba7f-d3fc4b506749 f97fd24d273a45a0875a59fce8733597 5de33adc922548dda158c11222f79b6d - - default default] create failed (client error): The server could not comply with the request since it is either malformed or otherwise incorrect. [pid: 8|app: 0|req: 1325/2596] 10.0.0.198 () {34 vars in 685 bytes} [Tue Jun 23 20:06:10 2026] POST /v2.0/vpn/vpnservices => generated 194 bytes in 110 msecs (HTTP/1.1 400) 4 headers in 166 bytes (1 switches on core 0)
2026-06-23 20:06:10.958 7 INFO neutron_taas.services.taas.taas_plugin [None req-d8243406-2d94-474d-8fc5-48ecc1346a9a f97fd24d273a45a0875a59fce8733597 5de33adc922548dda158c11222f79b6d - - default default] TaaS: Handle Delete Port: d6eba9f8-4eef-4260-bed8-90b2a5268e92
2026-06-23 20:06:10.961 7 INFO neutron_taas.services.taas.tap_mirror_plugin [None req-d8243406-2d94-474d-8fc5-48ecc1346a9a f97fd24d273a45a0875a59fce8733597 5de33adc922548dda158c11222f79b6d - - default default] Tap Mirror: Handle Delete Port: d6eba9f8-4eef-4260-bed8-90b2a5268e92
2026-06-23 20:06:11.259 7 INFO neutron.services.segments.plugin [-] Segment 15c52fb0-744a-48bf-b914-5dd408314ad9 resource provider aggregate not found
2026-06-23 20:06:11.267 7 INFO neutron.services.segments.plugin [-] Segment 15c52fb0-744a-48bf-b914-5dd408314ad9 resource provider aggregate not found
2026-06-23 20:06:11.281 7 INFO neutron.services.segments.plugin [-] Segment 15c52fb0-744a-48bf-b914-5dd408314ad9 resource provider not found; error: Placement Client Error (4xx): {"errors": [{"status": 404, "title": "Not Found", "detail": "The resource could not be found.\n\n No resource provider with uuid 15c52fb0-744a-48bf-b914-5dd408314ad9 found for delete ", "request_id": "req-88d11d93-d713-4f03-b3c8-e480ee182640"}]}
2026-06-23 20:06:11.284 7 INFO neutron.services.segments.plugin [-] Segment 15c52fb0-744a-48bf-b914-5dd408314ad9 resource provider not found; error: Placement Client Error (4xx): {"errors": [{"status": 404, "title": "Not Found", "detail": "The resource could not be found.\n\n No resource provider with uuid 15c52fb0-744a-48bf-b914-5dd408314ad9 found for delete ", "request_id": "req-1235e2f2-bc3e-49e1-b6dc-a2f08fafd429"}]} [pid: 7|app: 0|req: 1272/2597] 10.0.0.198 () {32 vars in 726 bytes} [Tue Jun 23 20:06:10 2026] DELETE /v2.0/networks/433978c1-1c3d-414c-a0c6-c800349c773e => generated 0 bytes in 481 msecs (HTTP/1.1 204) 3 headers in 131 bytes (1 switches on core 0) [pid: 7|app: 0|req: 1273/2598] 10.0.0.163 () {34 vars in 990 bytes} [Tue Jun 23 20:06:11 2026] GET /v2.0/ports?device_id=87428053-6aaf-41bc-8ee1-a4090aa5437f => generated 12 bytes in 28 msecs (HTTP/1.1 200) 4 headers in 156 bytes (1 switches on core 0)
2026-06-23 20:06:11.663 8 INFO neutron_taas.services.taas.taas_plugin [None req-972ff28c-158a-437e-9b4f-d67295a21a44 f97fd24d273a45a0875a59fce8733597 5de33adc922548dda158c11222f79b6d - - default default] TaaS: Handle Delete Port: 30c6f2c1-42ea-4e14-9015-0a300ea7bee1
2026-06-23 20:06:11.667 8 INFO neutron_taas.services.taas.tap_mirror_plugin [None req-972ff28c-158a-437e-9b4f-d67295a21a44 f97fd24d273a45a0875a59fce8733597 5de33adc922548dda158c11222f79b6d - - default default] Tap Mirror: Handle Delete Port: 30c6f2c1-42ea-4e14-9015-0a300ea7bee1 [pid: 8|app: 0|req: 1326/2599] 10.0.0.198 () {32 vars in 724 bytes} [Tue Jun 23 20:06:11 2026] DELETE /v2.0/routers/bacd5c83-650b-490c-a2a1-5f1978929a5c => generated 0 bytes in 728 msecs (HTTP/1.1 204) 2 headers in 112 bytes (1 switches on core 0)
