2026-06-23 20:05:24.780 8 INFO neutron.db.ovn_revision_numbers_db [None req-82430ac4-44f8-4ded-a57c-068d936a82df 75cfc61d3a0a476396d82e385fd0f007 22bee4400ec04b4a8d169f4672e8f0a8 - - default default] Successfully bumped revision number for resource d41f55a8-efe5-4904-8cd0-fa10276a3987 (type: networks) to 1
2026-06-23 20:05:24.922 8 WARNING neutron.scheduler.dhcp_agent_scheduler [None req-82430ac4-44f8-4ded-a57c-068d936a82df 75cfc61d3a0a476396d82e385fd0f007 22bee4400ec04b4a8d169f4672e8f0a8 - - default default] No more DHCP agents
2026-06-23 20:05:24.923 8 WARNING neutron.api.rpc.agentnotifiers.dhcp_rpc_agent_api [None req-82430ac4-44f8-4ded-a57c-068d936a82df 75cfc61d3a0a476396d82e385fd0f007 22bee4400ec04b4a8d169f4672e8f0a8 - - default default] Unable to schedule network d41f55a8-efe5-4904-8cd0-fa10276a3987: no agents available; will retry on subsequent port and subnet creation events.
2026-06-23 20:05:25.008 8 INFO neutron.db.ovn_revision_numbers_db [None req-82430ac4-44f8-4ded-a57c-068d936a82df 75cfc61d3a0a476396d82e385fd0f007 22bee4400ec04b4a8d169f4672e8f0a8 - - default default] Successfully bumped revision number for resource a5cfbb09-674d-49cc-a8e6-bcb5f273a6fe (type: ports) to 1 [pid: 8|app: 0|req: 1139/2288] 10.0.0.198 () {34 vars in 671 bytes} [Tue Jun 23 20:05:24 2026] POST /v2.0/networks => generated 671 bytes in 841 msecs (HTTP/1.1 201) 4 headers in 162 bytes (1 switches on core 0)
2026-06-23 20:05:25.373 8 WARNING neutron.plugins.ml2.drivers.ovn.mech_driver.ovsdb.ovn_client [None req-818f60a8-cb47-42ae-aa83-e706670e30f3 - - - - - -] No hosting information found for port 0cf7893a-4886-438e-9e46-d16c53bbe274: RuntimeError: No hosting information found for port 0cf7893a-4886-438e-9e46-d16c53bbe274
2026-06-23 20:05:25.385 7 INFO neutron.db.ovn_revision_numbers_db [None req-f57d9ea7-c84b-4bec-ac93-da159d8ca08a - - - - - -] Successfully bumped revision number for resource e73bffde-d5ac-40d8-9eeb-6651762bfe4e (type: ports) to 2
2026-06-23 20:05:25.459 7 INFO neutron.db.ovn_revision_numbers_db [None req-f57d9ea7-c84b-4bec-ac93-da159d8ca08a - - - - - -] Successfully bumped revision number for resource f07b3aab-c5f0-4479-bf0a-321bb94475fd (type: subnets) to 0 [pid: 7|app: 0|req: 1150/2289] 10.0.0.198 () {34 vars in 669 bytes} [Tue Jun 23 20:05:24 2026] POST /v2.0/subnets => generated 626 bytes in 1360 msecs (HTTP/1.1 201) 4 headers in 162 bytes (1 switches on core 0)
2026-06-23 20:05:25.504 8 WARNING neutron.scheduler.dhcp_agent_scheduler [None req-7dc3f778-8fc1-4f96-87cb-613aab2d07c3 0b346d944d334c89af2283d0d438c17a 3648309eeea949919512e502836bbb3f - - default default] No more DHCP agents
2026-06-23 20:05:25.510 8 WARNING neutron.api.rpc.agentnotifiers.dhcp_rpc_agent_api [None req-7dc3f778-8fc1-4f96-87cb-613aab2d07c3 0b346d944d334c89af2283d0d438c17a 3648309eeea949919512e502836bbb3f - - default default] Unable to schedule network e3df2083-f933-4969-89e8-7d939670020f: no agents available; will retry on subsequent port and subnet creation events.
2026-06-23 20:05:25.519 8 INFO neutron.db.ovn_revision_numbers_db [None req-818f60a8-cb47-42ae-aa83-e706670e30f3 - - - - - -] Successfully bumped revision number for resource 0cf7893a-4886-438e-9e46-d16c53bbe274 (type: router_ports) to 2
2026-06-23 20:05:25.521 8 INFO neutron.plugins.ml2.drivers.ovn.mech_driver.mech_driver [None req-818f60a8-cb47-42ae-aa83-e706670e30f3 - - - - - -] OVN reports status down for port: a5cfbb09-674d-49cc-a8e6-bcb5f273a6fe
2026-06-23 20:05:25.692 8 INFO neutron.db.ovn_revision_numbers_db [None req-7dc3f778-8fc1-4f96-87cb-613aab2d07c3 0b346d944d334c89af2283d0d438c17a 3648309eeea949919512e502836bbb3f - - default default] Successfully bumped revision number for resource 36e2ef6b-b753-4f3a-8ef2-a92381b158d2 (type: ports) to 1
2026-06-23 20:05:25.762 7 INFO neutron.db.ovn_revision_numbers_db [None req-c7154dd9-8290-4ede-9f4d-9ebdab8d1ed0 - - - - - -] Successfully bumped revision number for resource 01ead867-e7db-489b-bd3f-222951a972e8 (type: ports) to 4
2026-06-23 20:05:26.173 7 WARNING neutron.scheduler.dhcp_agent_scheduler [None req-520f75a9-cc46-4395-bef3-036567fbaf2a 75cfc61d3a0a476396d82e385fd0f007 22bee4400ec04b4a8d169f4672e8f0a8 - - default default] No more DHCP agents
2026-06-23 20:05:26.175 7 WARNING neutron.api.rpc.agentnotifiers.dhcp_rpc_agent_api [None req-520f75a9-cc46-4395-bef3-036567fbaf2a 75cfc61d3a0a476396d82e385fd0f007 22bee4400ec04b4a8d169f4672e8f0a8 - - default default] Unable to schedule network de95bc42-0fb5-4e2f-b1b3-664c787ff9c6: no agents available; will retry on subsequent port and subnet creation events.
2026-06-23 20:05:26.394 7 INFO neutron.db.ovn_revision_numbers_db [None req-c7154dd9-8290-4ede-9f4d-9ebdab8d1ed0 - - - - - -] Successfully bumped revision number for resource 01ead867-e7db-489b-bd3f-222951a972e8 (type: ports) to 5
2026-06-23 20:05:26.401 8 WARNING neutron.scheduler.dhcp_agent_scheduler [None req-7dc3f778-8fc1-4f96-87cb-613aab2d07c3 0b346d944d334c89af2283d0d438c17a 3648309eeea949919512e502836bbb3f - - default default] No more DHCP agents
2026-06-23 20:05:26.402 8 WARNING neutron.api.rpc.agentnotifiers.dhcp_rpc_agent_api [None req-7dc3f778-8fc1-4f96-87cb-613aab2d07c3 0b346d944d334c89af2283d0d438c17a 3648309eeea949919512e502836bbb3f - - default default] Unable to schedule network e3df2083-f933-4969-89e8-7d939670020f: no agents available; will retry on subsequent port and subnet creation events.
2026-06-23 20:05:26.472 7 INFO neutron.db.ovn_revision_numbers_db [None req-520f75a9-cc46-4395-bef3-036567fbaf2a 75cfc61d3a0a476396d82e385fd0f007 22bee4400ec04b4a8d169f4672e8f0a8 - - default default] Successfully bumped revision number for resource 3f403b95-3424-4034-baa4-aacedee86ba0 (type: ports) to 1
2026-06-23 20:05:26.851 8 INFO neutron.db.ovn_revision_numbers_db [None req-7dc3f778-8fc1-4f96-87cb-613aab2d07c3 0b346d944d334c89af2283d0d438c17a 3648309eeea949919512e502836bbb3f - - default default] Successfully bumped revision number for resource 36e2ef6b-b753-4f3a-8ef2-a92381b158d2 (type: router_ports) to 1 [pid: 8|app: 0|req: 1140/2290] 10.0.0.198 () {34 vars in 783 bytes} [Tue Jun 23 20:05:25 2026] PUT /v2.0/routers/3d48e31c-f2f9-4577-967a-d6129a4f5d6b/add_router_interface => generated 309 bytes in 1821 msecs (HTTP/1.1 200) 4 headers in 157 bytes (1 switches on core 0)
2026-06-23 20:05:27.160 7 INFO neutron.plugins.ml2.drivers.ovn.mech_driver.ovsdb.commands [None req-095c0580-eab4-4c49-a9ea-b959f482df0f - - - - - -] Schedule LRP lrp-3f403b95-3424-4034-baa4-aacedee86ba0 on gateway 69202038-f8b0-4048-9552-597be78dec0c with priority 1
2026-06-23 20:05:27.247 8 INFO neutron.plugins.ml2.drivers.ovn.mech_driver.ovsdb.ovsdb_monitor [None req-d08ee41f-1a9f-4633-b436-3ab3919f47b3 - - - - - -] Router 2773ac3b-f02e-439d-8181-ea2efcb56409 is bound to host instance
2026-06-23 20:05:27.259 7 INFO neutron.db.ovn_revision_numbers_db [None req-520f75a9-cc46-4395-bef3-036567fbaf2a 75cfc61d3a0a476396d82e385fd0f007 22bee4400ec04b4a8d169f4672e8f0a8 - - default default] Successfully bumped revision number for resource 3f403b95-3424-4034-baa4-aacedee86ba0 (type: router_ports) to 1
2026-06-23 20:05:27.270 8 WARNING neutron.scheduler.dhcp_agent_scheduler [None req-95410aa1-c250-4d83-af9b-197c1cd46346 c5d506b0e4134ec0ad1855a64d0c361e a1d2d55ec0cb4d84a393a9bf644d6aaf - - default default] No more DHCP agents
2026-06-23 20:05:27.272 8 WARNING neutron.api.rpc.agentnotifiers.dhcp_rpc_agent_api [None req-95410aa1-c250-4d83-af9b-197c1cd46346 c5d506b0e4134ec0ad1855a64d0c361e a1d2d55ec0cb4d84a393a9bf644d6aaf - - default default] Unable to schedule network de95bc42-0fb5-4e2f-b1b3-664c787ff9c6: no agents available; will retry on subsequent port and subnet creation events.
2026-06-23 20:05:27.321 7 INFO neutron.db.ovn_revision_numbers_db [None req-520f75a9-cc46-4395-bef3-036567fbaf2a 75cfc61d3a0a476396d82e385fd0f007 22bee4400ec04b4a8d169f4672e8f0a8 - - default default] Successfully bumped revision number for resource 2773ac3b-f02e-439d-8181-ea2efcb56409 (type: routers) to 2 [pid: 7|app: 0|req: 1151/2291] 10.0.0.198 () {34 vars in 669 bytes} [Tue Jun 23 20:05:25 2026] POST /v2.0/routers => generated 955 bytes in 1841 msecs (HTTP/1.1 201) 4 headers in 162 bytes (1 switches on core 0) [pid: 7|app: 0|req: 1152/2292] 10.0.0.198 () {32 vars in 776 bytes} [Tue Jun 23 20:05:27 2026] GET /v2.0/subnets?project_id=22bee4400ec04b4a8d169f4672e8f0a8&cidr=10.100.0.0%2F28 => generated 14 bytes in 55 msecs (HTTP/1.1 200) 4 headers in 156 bytes (1 switches on core 0)
2026-06-23 20:05:27.472 8 INFO neutron.plugins.ml2.drivers.ovn.mech_driver.mech_driver [None req-818f60a8-cb47-42ae-aa83-e706670e30f3 - - - - - -] OVN reports status down for port: 321066aa-624c-4291-9e3f-fac0bfa4f184
2026-06-23 20:05:27.488 7 INFO neutron.plugins.ml2.drivers.ovn.mech_driver.mech_driver [None req-096fb441-c57a-49c4-97b0-8997db5b35f2 - - - - - -] OVN reports status down for port: 36e2ef6b-b753-4f3a-8ef2-a92381b158d2 [pid: 7|app: 0|req: 1153/2293] 10.0.0.198 () {32 vars in 694 bytes} [Tue Jun 23 20:05:27 2026] GET /v2.0/networks?router%3Aexternal=True => generated 791 bytes in 121 msecs (HTTP/1.1 200) 4 headers in 157 bytes (1 switches on core 0)
2026-06-23 20:05:27.567 8 INFO neutron.db.ovn_revision_numbers_db [None req-95410aa1-c250-4d83-af9b-197c1cd46346 c5d506b0e4134ec0ad1855a64d0c361e a1d2d55ec0cb4d84a393a9bf644d6aaf - - default default] Successfully bumped revision number for resource 321066aa-624c-4291-9e3f-fac0bfa4f184 (type: ports) to 1
2026-06-23 20:05:27.612 7 WARNING neutron.plugins.ml2.drivers.ovn.mech_driver.ovsdb.ovn_client [None req-096fb441-c57a-49c4-97b0-8997db5b35f2 - - - - - -] Logical_Switch_Port 36e2ef6b-b753-4f3a-8ef2-a92381b158d2 host information not removed, the port state is up
2026-06-23 20:05:27.612 7 INFO neutron.plugins.ml2.drivers.ovn.mech_driver.mech_driver [None req-096fb441-c57a-49c4-97b0-8997db5b35f2 - - - - - -] OVN reports status up for port: 36e2ef6b-b753-4f3a-8ef2-a92381b158d2
2026-06-23 20:05:27.636 7 INFO neutron.plugins.ml2.plugin [None req-096fb441-c57a-49c4-97b0-8997db5b35f2 - - - - - -] Attempt 1 to provision port 36e2ef6b-b753-4f3a-8ef2-a92381b158d2
2026-06-23 20:05:27.763 7 INFO neutron.db.ovn_revision_numbers_db [None req-053f0e26-dcc4-4820-b9bc-92b4b4973f46 ae62c44c35cb4dab9ddecf7d269b370c c64ca8a72e0b4185b4ac42dc67fb24de - - default default] Successfully bumped revision number for resource 8e89911a-1b0b-4909-9138-b2ce725cba3f (type: security_groups) to 1
2026-06-23 20:05:27.788 7 INFO neutron.db.ovn_revision_numbers_db [None req-053f0e26-dcc4-4820-b9bc-92b4b4973f46 ae62c44c35cb4dab9ddecf7d269b370c c64ca8a72e0b4185b4ac42dc67fb24de - - default default] Successfully bumped revision number for resource caf70128-d326-4ff4-baae-4fc472c24e49 (type: security_group_rules) to 0
2026-06-23 20:05:27.808 7 INFO neutron.db.ovn_revision_numbers_db [None req-053f0e26-dcc4-4820-b9bc-92b4b4973f46 ae62c44c35cb4dab9ddecf7d269b370c c64ca8a72e0b4185b4ac42dc67fb24de - - default default] Successfully bumped revision number for resource e7f61b52-7b84-4d8f-afbf-cbf743edf0de (type: security_group_rules) to 0 [pid: 7|app: 0|req: 1154/2294] 10.0.0.198 () {34 vars in 685 bytes} [Tue Jun 23 20:05:27 2026] POST /v2.0/security-groups => generated 1673 bytes in 348 msecs (HTTP/1.1 201) 4 headers in 163 bytes (1 switches on core 0) [pid: 7|app: 0|req: 1155/2295] 10.0.0.198 () {32 vars in 784 bytes} [Tue Jun 23 20:05:27 2026] GET /v2.0/subnets?network_id=de95bc42-0fb5-4e2f-b1b3-664c787ff9c6&cidr=10.100.0.0%2F28 => generated 14 bytes in 37 msecs (HTTP/1.1 200) 4 headers in 156 bytes (1 switches on core 0)
2026-06-23 20:05:28.171 7 INFO neutron.db.ovn_revision_numbers_db [None req-c6acf159-1109-40b9-a207-050d78aabcb6 ae62c44c35cb4dab9ddecf7d269b370c c64ca8a72e0b4185b4ac42dc67fb24de - - default default] Successfully bumped revision number for resource 33ccb53f-81ff-4102-b692-5be57755abf9 (type: security_group_rules) to 0 [pid: 7|app: 0|req: 1156/2296] 10.0.0.198 () {34 vars in 695 bytes} [Tue Jun 23 20:05:27 2026] POST /v2.0/security-group-rules => generated 597 bytes in 332 msecs (HTTP/1.1 201) 4 headers in 162 bytes (1 switches on core 0)
2026-06-23 20:05:28.308 7 INFO neutron.db.ovn_revision_numbers_db [None req-096fb441-c57a-49c4-97b0-8997db5b35f2 - - - - - -] Successfully bumped revision number for resource 36e2ef6b-b753-4f3a-8ef2-a92381b158d2 (type: ports) to 2
2026-06-23 20:05:28.543 7 WARNING neutron.scheduler.dhcp_agent_scheduler [None req-8b58cbe4-4332-4283-aa9e-939e02bf539f 75cfc61d3a0a476396d82e385fd0f007 22bee4400ec04b4a8d169f4672e8f0a8 - - default default] No more DHCP agents
2026-06-23 20:05:28.544 7 WARNING neutron.api.rpc.agentnotifiers.dhcp_rpc_agent_api [None req-8b58cbe4-4332-4283-aa9e-939e02bf539f 75cfc61d3a0a476396d82e385fd0f007 22bee4400ec04b4a8d169f4672e8f0a8 - - default default] Unable to schedule network d41f55a8-efe5-4904-8cd0-fa10276a3987: no agents available; will retry on subsequent port and subnet creation events.
2026-06-23 20:05:28.687 8 INFO neutron.plugins.ml2.drivers.ovn.mech_driver.ovsdb.commands [None req-751f558e-2ac8-4be3-a002-f172dbc01908 - - - - - -] Schedule LRP lrp-321066aa-624c-4291-9e3f-fac0bfa4f184 on gateway 69202038-f8b0-4048-9552-597be78dec0c with priority 1
2026-06-23 20:05:28.719 8 INFO neutron.plugins.ml2.drivers.ovn.mech_driver.mech_driver [None req-818f60a8-cb47-42ae-aa83-e706670e30f3 - - - - - -] OVN reports status up for port: 321066aa-624c-4291-9e3f-fac0bfa4f184
2026-06-23 20:05:28.770 8 INFO neutron.plugins.ml2.plugin [None req-818f60a8-cb47-42ae-aa83-e706670e30f3 - - - - - -] Attempt 1 to provision port 321066aa-624c-4291-9e3f-fac0bfa4f184
2026-06-23 20:05:28.799 8 INFO neutron.db.ovn_revision_numbers_db [None req-95410aa1-c250-4d83-af9b-197c1cd46346 c5d506b0e4134ec0ad1855a64d0c361e a1d2d55ec0cb4d84a393a9bf644d6aaf - - default default] Successfully bumped revision number for resource 321066aa-624c-4291-9e3f-fac0bfa4f184 (type: router_ports) to 1
2026-06-23 20:05:28.982 7 INFO neutron.db.ovn_revision_numbers_db [None req-a8e0aaa0-9628-4599-91bf-bedd001be079 - - - - - -] Successfully bumped revision number for resource a5cfbb09-674d-49cc-a8e6-bcb5f273a6fe (type: ports) to 2
2026-06-23 20:05:28.983 8 INFO neutron.db.ovn_revision_numbers_db [None req-95410aa1-c250-4d83-af9b-197c1cd46346 c5d506b0e4134ec0ad1855a64d0c361e a1d2d55ec0cb4d84a393a9bf644d6aaf - - default default] Successfully bumped revision number for resource c0f339cd-9ab5-40f5-81d8-0ce1f88541c0 (type: routers) to 2
2026-06-23 20:05:29.015 7 INFO neutron.db.ovn_revision_numbers_db [None req-a8e0aaa0-9628-4599-91bf-bedd001be079 - - - - - -] Successfully bumped revision number for resource cba5a75b-d999-479c-9043-8249dd6d6388 (type: subnets) to 0
2026-06-23 20:05:29.017 8 INFO neutron.db.ovn_revision_numbers_db [None req-cafb193b-b979-4e86-92cd-0fa700f8158a - - - - - -] Successfully bumped revision number for resource 3f403b95-3424-4034-baa4-aacedee86ba0 (type: ports) to 4 [pid: 8|app: 0|req: 1141/2297] 10.0.0.198 () {34 vars in 669 bytes} [Tue Jun 23 20:05:26 2026] POST /v2.0/routers => generated 935 bytes in 2160 msecs (HTTP/1.1 201) 4 headers in 162 bytes (1 switches on core 0) [pid: 7|app: 0|req: 1157/2298] 10.0.0.198 () {34 vars in 669 bytes} [Tue Jun 23 20:05:28 2026] POST /v2.0/subnets => generated 656 bytes in 786 msecs (HTTP/1.1 201) 4 headers in 162 bytes (1 switches on core 0)
2026-06-23 20:05:29.243 8 INFO neutron.db.ovn_revision_numbers_db [None req-4eb26c91-d5be-4d7e-a4c7-b0e5cc097297 ae62c44c35cb4dab9ddecf7d269b370c c64ca8a72e0b4185b4ac42dc67fb24de - - default default] Successfully bumped revision number for resource 933fa0dd-3d5b-4b43-8ee8-68e24aa70045 (type: security_group_rules) to 0 [pid: 8|app: 0|req: 1142/2299] 10.0.0.198 () {34 vars in 695 bytes} [Tue Jun 23 20:05:29 2026] POST /v2.0/security-group-rules => generated 596 bytes in 276 msecs (HTTP/1.1 201) 4 headers in 162 bytes (1 switches on core 0)
2026-06-23 20:05:29.470 7 WARNING neutron.scheduler.dhcp_agent_scheduler [None req-0059c894-e7c2-4692-a5b4-d4743ac15508 c5d506b0e4134ec0ad1855a64d0c361e a1d2d55ec0cb4d84a393a9bf644d6aaf - - default default] No more DHCP agents
2026-06-23 20:05:29.473 7 WARNING neutron.api.rpc.agentnotifiers.dhcp_rpc_agent_api [None req-0059c894-e7c2-4692-a5b4-d4743ac15508 c5d506b0e4134ec0ad1855a64d0c361e a1d2d55ec0cb4d84a393a9bf644d6aaf - - default default] Unable to schedule network 683f590b-5cd2-4ab4-8c12-e5dde5ce8fe4: no agents available; will retry on subsequent port and subnet creation events.
2026-06-23 20:05:29.531 8 INFO neutron.db.ovn_revision_numbers_db [None req-cafb193b-b979-4e86-92cd-0fa700f8158a - - - - - -] Successfully bumped revision number for resource 3f403b95-3424-4034-baa4-aacedee86ba0 (type: ports) to 5
2026-06-23 20:05:29.636 7 INFO neutron.db.ovn_revision_numbers_db [None req-0059c894-e7c2-4692-a5b4-d4743ac15508 c5d506b0e4134ec0ad1855a64d0c361e a1d2d55ec0cb4d84a393a9bf644d6aaf - - default default] Successfully bumped revision number for resource 32b60fbb-ee97-451c-860f-63f4de1c841e (type: ports) to 1
2026-06-23 20:05:29.973 8 WARNING neutron.scheduler.dhcp_agent_scheduler [None req-3d3b64af-4d1c-4c77-928b-928e70980df4 75cfc61d3a0a476396d82e385fd0f007 22bee4400ec04b4a8d169f4672e8f0a8 - - default default] No more DHCP agents
2026-06-23 20:05:29.974 8 WARNING neutron.api.rpc.agentnotifiers.dhcp_rpc_agent_api [None req-3d3b64af-4d1c-4c77-928b-928e70980df4 75cfc61d3a0a476396d82e385fd0f007 22bee4400ec04b4a8d169f4672e8f0a8 - - default default] Unable to schedule network d41f55a8-efe5-4904-8cd0-fa10276a3987: no agents available; will retry on subsequent port and subnet creation events.
2026-06-23 20:05:30.110 8 INFO neutron.db.ovn_revision_numbers_db [None req-3d3b64af-4d1c-4c77-928b-928e70980df4 75cfc61d3a0a476396d82e385fd0f007 22bee4400ec04b4a8d169f4672e8f0a8 - - default default] Successfully bumped revision number for resource 24ede012-ce9e-4d9c-91c0-2431459b376f (type: ports) to 1
2026-06-23 20:05:30.306 7 WARNING neutron.scheduler.dhcp_agent_scheduler [None req-0059c894-e7c2-4692-a5b4-d4743ac15508 c5d506b0e4134ec0ad1855a64d0c361e a1d2d55ec0cb4d84a393a9bf644d6aaf - - default default] No more DHCP agents
2026-06-23 20:05:30.308 7 WARNING neutron.api.rpc.agentnotifiers.dhcp_rpc_agent_api [None req-0059c894-e7c2-4692-a5b4-d4743ac15508 c5d506b0e4134ec0ad1855a64d0c361e a1d2d55ec0cb4d84a393a9bf644d6aaf - - default default] Unable to schedule network 683f590b-5cd2-4ab4-8c12-e5dde5ce8fe4: no agents available; will retry on subsequent port and subnet creation events.
2026-06-23 20:05:30.649 7 INFO neutron.db.ovn_revision_numbers_db [None req-0059c894-e7c2-4692-a5b4-d4743ac15508 c5d506b0e4134ec0ad1855a64d0c361e a1d2d55ec0cb4d84a393a9bf644d6aaf - - default default] Successfully bumped revision number for resource 32b60fbb-ee97-451c-860f-63f4de1c841e (type: router_ports) to 1 [pid: 7|app: 0|req: 1158/2300] 10.0.0.198 () {34 vars in 783 bytes} [Tue Jun 23 20:05:29 2026] PUT /v2.0/routers/c0f339cd-9ab5-40f5-81d8-0ce1f88541c0/add_router_interface => generated 309 bytes in 1622 msecs (HTTP/1.1 200) 4 headers in 157 bytes (1 switches on core 0)
2026-06-23 20:05:30.805 7 INFO neutron.db.ovn_revision_numbers_db [None req-943bc9a2-3081-4262-8a6d-4d1caae6a387 ae62c44c35cb4dab9ddecf7d269b370c c64ca8a72e0b4185b4ac42dc67fb24de - - default default] Successfully bumped revision number for resource 50e5a219-8592-4895-88db-b028f630b45d (type: security_group_rules) to 0 [pid: 7|app: 0|req: 1159/2301] 10.0.0.198 () {34 vars in 695 bytes} [Tue Jun 23 20:05:30 2026] POST /v2.0/security-group-rules => generated 602 bytes in 184 msecs (HTTP/1.1 201) 4 headers in 162 bytes (1 switches on core 0)
2026-06-23 20:05:30.857 8 WARNING neutron.scheduler.dhcp_agent_scheduler [None req-3d3b64af-4d1c-4c77-928b-928e70980df4 75cfc61d3a0a476396d82e385fd0f007 22bee4400ec04b4a8d169f4672e8f0a8 - - default default] No more DHCP agents
2026-06-23 20:05:30.859 8 WARNING neutron.api.rpc.agentnotifiers.dhcp_rpc_agent_api [None req-3d3b64af-4d1c-4c77-928b-928e70980df4 75cfc61d3a0a476396d82e385fd0f007 22bee4400ec04b4a8d169f4672e8f0a8 - - default default] Unable to schedule network d41f55a8-efe5-4904-8cd0-fa10276a3987: no agents available; will retry on subsequent port and subnet creation events.
2026-06-23 20:05:31.178 8 INFO neutron.db.ovn_revision_numbers_db [None req-3d3b64af-4d1c-4c77-928b-928e70980df4 75cfc61d3a0a476396d82e385fd0f007 22bee4400ec04b4a8d169f4672e8f0a8 - - default default] Successfully bumped revision number for resource 24ede012-ce9e-4d9c-91c0-2431459b376f (type: router_ports) to 1 [pid: 8|app: 0|req: 1143/2302] 10.0.0.198 () {34 vars in 783 bytes} [Tue Jun 23 20:05:29 2026] PUT /v2.0/routers/2773ac3b-f02e-439d-8181-ea2efcb56409/add_router_interface => generated 309 bytes in 1889 msecs (HTTP/1.1 200) 4 headers in 157 bytes (1 switches on core 0)
2026-06-23 20:05:31.343 8 INFO neutron.db.ovn_revision_numbers_db [None req-a0c07181-3a2f-4ba5-a58b-a3893baa6391 ae62c44c35cb4dab9ddecf7d269b370c c64ca8a72e0b4185b4ac42dc67fb24de - - default default] Successfully bumped revision number for resource 252fb524-e82c-4c8e-9229-4a80c69330e9 (type: security_group_rules) to 0 [pid: 8|app: 0|req: 1144/2303] 10.0.0.198 () {34 vars in 695 bytes} [Tue Jun 23 20:05:31 2026] POST /v2.0/security-group-rules => generated 601 bytes in 186 msecs (HTTP/1.1 201) 4 headers in 162 bytes (1 switches on core 0) [pid: 8|app: 0|req: 1145/2304] 10.0.0.198 () {32 vars in 649 bytes} [Tue Jun 23 20:05:31 2026] GET /v2.0/networks => generated 5440 bytes in 68 msecs (HTTP/1.1 200) 4 headers in 158 bytes (1 switches on core 0)
2026-06-23 20:05:31.483 8 INFO neutron.db.securitygroups_db [None req-dc6487bd-514e-4555-8cec-532e5e55dbae ae62c44c35cb4dab9ddecf7d269b370c c64ca8a72e0b4185b4ac42dc67fb24de - - default default] Project c64ca8a72e0b4185b4ac42dc67fb24de added a security group rule with legacy IPv6 ICMP protocol name icmp, ipv6-icmp should be used instead. It was automatically converted.
2026-06-23 20:05:31.565 7 WARNING neutron.scheduler.dhcp_agent_scheduler [None req-825f5bf7-a36a-4d42-95f3-71acc6d6ef0e - - - - - -] No more DHCP agents
2026-06-23 20:05:31.566 7 WARNING neutron.api.rpc.agentnotifiers.dhcp_rpc_agent_api [None req-825f5bf7-a36a-4d42-95f3-71acc6d6ef0e - - - - - -] Unable to schedule network de95bc42-0fb5-4e2f-b1b3-664c787ff9c6: no agents available; will retry on subsequent port and subnet creation events.
2026-06-23 20:05:31.591 8 INFO neutron.db.ovn_revision_numbers_db [None req-dc6487bd-514e-4555-8cec-532e5e55dbae ae62c44c35cb4dab9ddecf7d269b370c c64ca8a72e0b4185b4ac42dc67fb24de - - default default] Successfully bumped revision number for resource a046ca7f-7ebd-4067-acc3-917ca204dd1b (type: security_group_rules) to 0 [pid: 8|app: 0|req: 1146/2305] 10.0.0.198 () {34 vars in 695 bytes} [Tue Jun 23 20:05:31 2026] POST /v2.0/security-group-rules => generated 607 bytes in 178 msecs (HTTP/1.1 201) 4 headers in 162 bytes (1 switches on core 0) [pid: 8|app: 0|req: 1147/2306] 10.0.0.198 () {32 vars in 647 bytes} [Tue Jun 23 20:05:31 2026] GET /v2.0/subnets => generated 3962 bytes in 40 msecs (HTTP/1.1 200) 4 headers in 158 bytes (1 switches on core 0)
2026-06-23 20:05:31.709 8 INFO neutron.db.securitygroups_db [None req-93454368-564e-4f72-b2ea-6ed9caadb710 ae62c44c35cb4dab9ddecf7d269b370c c64ca8a72e0b4185b4ac42dc67fb24de - - default default] Project c64ca8a72e0b4185b4ac42dc67fb24de added a security group rule with legacy IPv6 ICMP protocol name icmp, ipv6-icmp should be used instead. It was automatically converted.
2026-06-23 20:05:31.727 7 INFO neutron.db.ovn_revision_numbers_db [None req-825f5bf7-a36a-4d42-95f3-71acc6d6ef0e - - - - - -] Successfully bumped revision number for resource 95a95f12-ab83-4e61-b666-3fb6857a50c9 (type: ports) to 1
2026-06-23 20:05:31.806 8 INFO neutron.db.ovn_revision_numbers_db [None req-93454368-564e-4f72-b2ea-6ed9caadb710 ae62c44c35cb4dab9ddecf7d269b370c c64ca8a72e0b4185b4ac42dc67fb24de - - default default] Successfully bumped revision number for resource a63188ac-9ecd-48b4-8a0d-a4091e253d35 (type: security_group_rules) to 0 [pid: 8|app: 0|req: 1148/2307] 10.0.0.198 () {34 vars in 695 bytes} [Tue Jun 23 20:05:31 2026] POST /v2.0/security-group-rules => generated 606 bytes in 179 msecs (HTTP/1.1 201) 4 headers in 162 bytes (1 switches on core 0) [pid: 8|app: 0|req: 1149/2308] 10.0.0.198 () {32 vars in 647 bytes} [Tue Jun 23 20:05:31 2026] GET /v2.0/routers => generated 3843 bytes in 68 msecs (HTTP/1.1 200) 4 headers in 158 bytes (1 switches on core 0)
2026-06-23 20:05:31.965 7 INFO neutron.db.ovn_revision_numbers_db [None req-825f5bf7-a36a-4d42-95f3-71acc6d6ef0e - - - - - -] Successfully bumped revision number for resource 95a95f12-ab83-4e61-b666-3fb6857a50c9 (type: ports) to 3
2026-06-23 20:05:32.018 7 INFO neutron.db.segments_db [None req-825f5bf7-a36a-4d42-95f3-71acc6d6ef0e - - - - - -] Added segment b945f7e4-5276-47b8-b665-e8c8e107a4b9 of type geneve for network ab7fbd68-6425-4502-8586-a9d28d580f26
2026-06-23 20:05:32.078 8 INFO neutron.db.ovn_revision_numbers_db [None req-16f6c0f3-556a-4a7e-8315-071ef023ce69 75cfc61d3a0a476396d82e385fd0f007 22bee4400ec04b4a8d169f4672e8f0a8 - - default default] Successfully bumped revision number for resource 777ee289-9074-4ffb-80fd-04d779f483ee (type: security_groups) to 1
2026-06-23 20:05:32.088 8 INFO neutron.db.ovn_revision_numbers_db [None req-16f6c0f3-556a-4a7e-8315-071ef023ce69 75cfc61d3a0a476396d82e385fd0f007 22bee4400ec04b4a8d169f4672e8f0a8 - - default default] Successfully bumped revision number for resource 76e5d11e-b865-4b69-be22-8457cd895a9b (type: security_group_rules) to 0
2026-06-23 20:05:32.098 8 INFO neutron.db.ovn_revision_numbers_db [None req-16f6c0f3-556a-4a7e-8315-071ef023ce69 75cfc61d3a0a476396d82e385fd0f007 22bee4400ec04b4a8d169f4672e8f0a8 - - default default] Successfully bumped revision number for resource bde322bc-f4bb-4dfc-85f3-14687b4df9ae (type: security_group_rules) to 0 [pid: 8|app: 0|req: 1150/2309] 10.0.0.198 () {34 vars in 685 bytes} [Tue Jun 23 20:05:31 2026] POST /v2.0/security-groups => generated 1675 bytes in 188 msecs (HTTP/1.1 201) 4 headers in 163 bytes (1 switches on core 0)
2026-06-23 20:05:32.145 7 INFO neutron.db.ovn_revision_numbers_db [None req-ec02696e-05b3-4132-ba82-1dfba80881b6 - - - - - -] Successfully bumped revision number for resource ab7fbd68-6425-4502-8586-a9d28d580f26 (type: networks) to 1
2026-06-23 20:05:32.271 8 INFO neutron.db.ovn_revision_numbers_db [None req-ec40031e-316f-40c1-a424-a7712e58df4c 75cfc61d3a0a476396d82e385fd0f007 22bee4400ec04b4a8d169f4672e8f0a8 - - default default] Successfully bumped revision number for resource 8bda11eb-86cd-4b71-88f9-ab082eeeb579 (type: security_group_rules) to 0
2026-06-23 20:05:32.296 7 WARNING neutron.scheduler.dhcp_agent_scheduler [None req-ec02696e-05b3-4132-ba82-1dfba80881b6 - - - - - -] No more DHCP agents
2026-06-23 20:05:32.297 7 WARNING neutron.api.rpc.agentnotifiers.dhcp_rpc_agent_api [None req-ec02696e-05b3-4132-ba82-1dfba80881b6 - - - - - -] Unable to schedule network ab7fbd68-6425-4502-8586-a9d28d580f26: no agents available; will retry on subsequent port and subnet creation events. [pid: 8|app: 0|req: 1151/2310] 10.0.0.198 () {34 vars in 695 bytes} [Tue Jun 23 20:05:32 2026] POST /v2.0/security-group-rules => generated 597 bytes in 158 msecs (HTTP/1.1 201) 4 headers in 162 bytes (1 switches on core 0)
2026-06-23 20:05:32.373 7 INFO neutron.db.ovn_revision_numbers_db [None req-ec02696e-05b3-4132-ba82-1dfba80881b6 - - - - - -] Successfully bumped revision number for resource 3d094cfb-35b9-47d5-88a8-30b8387f853c (type: ports) to 1
2026-06-23 20:05:32.443 8 INFO neutron.db.ovn_revision_numbers_db [None req-dbdc531f-cff5-4245-9b72-4f67a349fcfa ae62c44c35cb4dab9ddecf7d269b370c c64ca8a72e0b4185b4ac42dc67fb24de - - default default] Successfully bumped revision number for resource f65ab71d-6d93-442c-8e00-83294f53128e (type: security_groups) to 1
2026-06-23 20:05:32.457 8 INFO neutron.db.ovn_revision_numbers_db [None req-dbdc531f-cff5-4245-9b72-4f67a349fcfa ae62c44c35cb4dab9ddecf7d269b370c c64ca8a72e0b4185b4ac42dc67fb24de - - default default] Successfully bumped revision number for resource 69232f32-3485-495f-982f-002a970574e8 (type: security_group_rules) to 0
2026-06-23 20:05:32.471 8 INFO neutron.db.ovn_revision_numbers_db [None req-dbdc531f-cff5-4245-9b72-4f67a349fcfa ae62c44c35cb4dab9ddecf7d269b370c c64ca8a72e0b4185b4ac42dc67fb24de - - default default] Successfully bumped revision number for resource 8208b6b8-be0b-4b02-85ff-4c60e0b6296b (type: security_group_rules) to 0 [pid: 8|app: 0|req: 1152/2311] 10.0.0.198 () {34 vars in 685 bytes} [Tue Jun 23 20:05:32 2026] POST /v2.0/security-groups => generated 1659 bytes in 217 msecs (HTTP/1.1 201) 4 headers in 163 bytes (1 switches on core 0)
2026-06-23 20:05:32.536 7 WARNING neutron.scheduler.dhcp_agent_scheduler [None req-ec02696e-05b3-4132-ba82-1dfba80881b6 - - - - - -] No more DHCP agents
2026-06-23 20:05:32.538 7 WARNING neutron.api.rpc.agentnotifiers.dhcp_rpc_agent_api [None req-ec02696e-05b3-4132-ba82-1dfba80881b6 - - - - - -] Unable to schedule network ab7fbd68-6425-4502-8586-a9d28d580f26: no agents available; will retry on subsequent port and subnet creation events.
2026-06-23 20:05:32.559 7 INFO neutron.db.ovn_revision_numbers_db [None req-ec02696e-05b3-4132-ba82-1dfba80881b6 - - - - - -] Successfully bumped revision number for resource c9f343fd-8fe6-4344-a1a3-4fa936bbe9bf (type: subnets) to 0
2026-06-23 20:05:32.660 8 INFO neutron.db.ovn_revision_numbers_db [None req-ab48f850-446b-4bda-b0ba-02ea40b93796 75cfc61d3a0a476396d82e385fd0f007 22bee4400ec04b4a8d169f4672e8f0a8 - - default default] Successfully bumped revision number for resource cdf42818-d8d3-4b2b-a318-88e070d0dc2b (type: security_group_rules) to 0 [pid: 8|app: 0|req: 1153/2312] 10.0.0.198 () {34 vars in 695 bytes} [Tue Jun 23 20:05:32 2026] POST /v2.0/security-group-rules => generated 596 bytes in 169 msecs (HTTP/1.1 201) 4 headers in 162 bytes (1 switches on core 0)
2026-06-23 20:05:32.820 8 INFO neutron.db.ovn_revision_numbers_db [None req-6c3ffeb2-1df0-4e43-802d-6828d85f1040 ae62c44c35cb4dab9ddecf7d269b370c c64ca8a72e0b4185b4ac42dc67fb24de - - default default] Successfully bumped revision number for resource 566c60ca-f6c8-4979-b161-a7619334591c (type: security_group_rules) to 0 [pid: 8|app: 0|req: 1154/2313] 10.0.0.198 () {34 vars in 695 bytes} [Tue Jun 23 20:05:32 2026] POST /v2.0/security-group-rules => generated 597 bytes in 156 msecs (HTTP/1.1 201) 4 headers in 162 bytes (1 switches on core 0)
2026-06-23 20:05:32.938 7 WARNING neutron.scheduler.dhcp_agent_scheduler [None req-ec02696e-05b3-4132-ba82-1dfba80881b6 - - - - - -] No more DHCP agents
2026-06-23 20:05:32.939 7 WARNING neutron.api.rpc.agentnotifiers.dhcp_rpc_agent_api [None req-ec02696e-05b3-4132-ba82-1dfba80881b6 - - - - - -] Unable to schedule network ab7fbd68-6425-4502-8586-a9d28d580f26: no agents available; will retry on subsequent port and subnet creation events.
2026-06-23 20:05:32.975 8 INFO neutron.db.ovn_revision_numbers_db [None req-ede1c00b-c174-480b-a1ea-50b95f42ceff 75cfc61d3a0a476396d82e385fd0f007 22bee4400ec04b4a8d169f4672e8f0a8 - - default default] Successfully bumped revision number for resource ffe3a194-45c5-4134-a32a-70cf974b1fbd (type: security_group_rules) to 0 [pid: 8|app: 0|req: 1155/2314] 10.0.0.198 () {34 vars in 695 bytes} [Tue Jun 23 20:05:32 2026] POST /v2.0/security-group-rules => generated 602 bytes in 151 msecs (HTTP/1.1 201) 4 headers in 162 bytes (1 switches on core 0)
2026-06-23 20:05:33.070 7 INFO neutron.db.ovn_revision_numbers_db [None req-ec02696e-05b3-4132-ba82-1dfba80881b6 - - - - - -] Successfully bumped revision number for resource 74a3e004-084a-4ff7-83cf-498d6bf29d85 (type: ports) to 1
2026-06-23 20:05:33.134 8 INFO neutron.db.ovn_revision_numbers_db [None req-bd8e943f-bab9-4bcf-8b9b-9549ba439c1c ae62c44c35cb4dab9ddecf7d269b370c c64ca8a72e0b4185b4ac42dc67fb24de - - default default] Successfully bumped revision number for resource 581b4292-e343-4f58-bc9b-21b3ea575eaf (type: security_group_rules) to 0 [pid: 8|app: 0|req: 1156/2315] 10.0.0.198 () {34 vars in 695 bytes} [Tue Jun 23 20:05:33 2026] POST /v2.0/security-group-rules => generated 602 bytes in 157 msecs (HTTP/1.1 201) 4 headers in 162 bytes (1 switches on core 0)
2026-06-23 20:05:33.268 8 INFO neutron.db.ovn_revision_numbers_db [None req-4108e115-a1af-4a57-8235-c6293a54ee72 75cfc61d3a0a476396d82e385fd0f007 22bee4400ec04b4a8d169f4672e8f0a8 - - default default] Successfully bumped revision number for resource 33876e0e-bd32-4c91-afb8-173b062812b8 (type: security_group_rules) to 0 [pid: 8|app: 0|req: 1157/2316] 10.0.0.198 () {34 vars in 695 bytes} [Tue Jun 23 20:05:33 2026] POST /v2.0/security-group-rules => generated 601 bytes in 139 msecs (HTTP/1.1 201) 4 headers in 162 bytes (1 switches on core 0)
2026-06-23 20:05:33.540 8 WARNING neutron.scheduler.dhcp_agent_scheduler [None req-15d9a58f-83fa-4a91-9f7a-17bd398b368c ae62c44c35cb4dab9ddecf7d269b370c c64ca8a72e0b4185b4ac42dc67fb24de - - default default] No more DHCP agents
2026-06-23 20:05:33.542 8 WARNING neutron.api.rpc.agentnotifiers.dhcp_rpc_agent_api [None req-15d9a58f-83fa-4a91-9f7a-17bd398b368c ae62c44c35cb4dab9ddecf7d269b370c c64ca8a72e0b4185b4ac42dc67fb24de - - default default] Unable to schedule network de95bc42-0fb5-4e2f-b1b3-664c787ff9c6: no agents available; will retry on subsequent port and subnet creation events.
2026-06-23 20:05:33.570 7 WARNING neutron.plugins.ml2.drivers.ovn.mech_driver.ovsdb.ovn_client [None req-141f3c77-bc14-4d33-a83e-34ef64e792c2 - - - - - -] No hosting information found for port 36e2ef6b-b753-4f3a-8ef2-a92381b158d2: RuntimeError: No hosting information found for port 36e2ef6b-b753-4f3a-8ef2-a92381b158d2
2026-06-23 20:05:33.572 7 INFO neutron.plugins.ml2.drivers.ovn.mech_driver.mech_driver [None req-141f3c77-bc14-4d33-a83e-34ef64e792c2 - - - - - -] OVN reports status down for port: 3f403b95-3424-4034-baa4-aacedee86ba0 [pid: 8|app: 0|req: 1158/2317] 10.0.0.198 () {34 vars in 676 bytes} [Tue Jun 23 20:05:33 2026] POST /v2.0/floatingips => generated 552 bytes in 540 msecs (HTTP/1.1 201) 4 headers in 162 bytes (1 switches on core 0)
2026-06-23 20:05:33.873 8 INFO neutron.db.securitygroups_db [None req-18360a97-c669-4d67-8a7f-e8cf94b7d316 75cfc61d3a0a476396d82e385fd0f007 22bee4400ec04b4a8d169f4672e8f0a8 - - default default] Project 22bee4400ec04b4a8d169f4672e8f0a8 added a security group rule with legacy IPv6 ICMP protocol name icmp, ipv6-icmp should be used instead. It was automatically converted.
2026-06-23 20:05:33.928 7 WARNING neutron.scheduler.dhcp_agent_scheduler [None req-ec02696e-05b3-4132-ba82-1dfba80881b6 - - - - - -] No more DHCP agents
2026-06-23 20:05:33.931 7 WARNING neutron.api.rpc.agentnotifiers.dhcp_rpc_agent_api [None req-ec02696e-05b3-4132-ba82-1dfba80881b6 - - - - - -] Unable to schedule network ab7fbd68-6425-4502-8586-a9d28d580f26: no agents available; will retry on subsequent port and subnet creation events.
2026-06-23 20:05:33.938 8 WARNING neutron.plugins.ml2.drivers.ovn.mech_driver.ovsdb.ovn_client [None req-818f60a8-cb47-42ae-aa83-e706670e30f3 - - - - - -] No hosting information found for port 321066aa-624c-4291-9e3f-fac0bfa4f184: RuntimeError: No hosting information found for port 321066aa-624c-4291-9e3f-fac0bfa4f184
2026-06-23 20:05:33.939 8 INFO neutron.plugins.ml2.drivers.ovn.mech_driver.mech_driver [None req-818f60a8-cb47-42ae-aa83-e706670e30f3 - - - - - -] OVN reports status down for port: 32b60fbb-ee97-451c-860f-63f4de1c841e
2026-06-23 20:05:34.038 8 WARNING neutron.plugins.ml2.drivers.ovn.mech_driver.ovsdb.ovn_client [None req-818f60a8-cb47-42ae-aa83-e706670e30f3 - - - - - -] Logical_Switch_Port 32b60fbb-ee97-451c-860f-63f4de1c841e host information not removed, the port state is up
2026-06-23 20:05:34.040 8 INFO neutron.plugins.ml2.drivers.ovn.mech_driver.mech_driver [None req-818f60a8-cb47-42ae-aa83-e706670e30f3 - - - - - -] OVN reports status up for port: 32b60fbb-ee97-451c-860f-63f4de1c841e
2026-06-23 20:05:34.047 8 INFO neutron.db.ovn_revision_numbers_db [None req-18360a97-c669-4d67-8a7f-e8cf94b7d316 75cfc61d3a0a476396d82e385fd0f007 22bee4400ec04b4a8d169f4672e8f0a8 - - default default] Successfully bumped revision number for resource b5c79769-d277-4e77-833d-1be6e370216e (type: security_group_rules) to 0
2026-06-23 20:05:34.053 8 INFO neutron.plugins.ml2.plugin [None req-818f60a8-cb47-42ae-aa83-e706670e30f3 - - - - - -] Attempt 1 to provision port 32b60fbb-ee97-451c-860f-63f4de1c841e [pid: 8|app: 0|req: 1159/2318] 10.0.0.198 () {34 vars in 695 bytes} [Tue Jun 23 20:05:33 2026] POST /v2.0/security-group-rules => generated 607 bytes in 273 msecs (HTTP/1.1 201) 4 headers in 162 bytes (1 switches on core 0) [pid: 8|app: 0|req: 1160/2319] 10.0.0.163 () {34 vars in 1096 bytes} [Tue Jun 23 20:05:34 2026] GET /v2.0/security-groups?name=tempest-securitygroup--20420227&fields=id&tenant_id=c64ca8a72e0b4185b4ac42dc67fb24de => generated 69 bytes in 57 msecs (HTTP/1.1 200) 4 headers in 156 bytes (1 switches on core 0)
2026-06-23 20:05:34.171 7 INFO neutron.db.ovn_revision_numbers_db [None req-141f3c77-bc14-4d33-a83e-34ef64e792c2 - - - - - -] Successfully bumped revision number for resource 3f403b95-3424-4034-baa4-aacedee86ba0 (type: ports) to 6
2026-06-23 20:05:34.255 8 INFO neutron.db.securitygroups_db [None req-5a22c0d8-a8ed-400a-8c82-e68820c51623 75cfc61d3a0a476396d82e385fd0f007 22bee4400ec04b4a8d169f4672e8f0a8 - - default default] Project 22bee4400ec04b4a8d169f4672e8f0a8 added a security group rule with legacy IPv6 ICMP protocol name icmp, ipv6-icmp should be used instead. It was automatically converted.
2026-06-23 20:05:34.328 7 WARNING neutron.plugins.ml2.drivers.ovn.mech_driver.ovsdb.ovn_client [None req-303287f3-d892-4382-a2da-bc1e7e3332a9 - - - - - -] Logical_Switch_Port 3f403b95-3424-4034-baa4-aacedee86ba0 host information not removed, the port state is up
2026-06-23 20:05:34.462 8 INFO neutron.db.ovn_revision_numbers_db [None req-5a22c0d8-a8ed-400a-8c82-e68820c51623 75cfc61d3a0a476396d82e385fd0f007 22bee4400ec04b4a8d169f4672e8f0a8 - - default default] Successfully bumped revision number for resource e8246dfd-eb20-4101-9b95-b199dda61d2f (type: security_group_rules) to 0
2026-06-23 20:05:34.481 7 INFO neutron.db.ovn_revision_numbers_db [None req-303287f3-d892-4382-a2da-bc1e7e3332a9 - - - - - -] Successfully bumped revision number for resource 36e2ef6b-b753-4f3a-8ef2-a92381b158d2 (type: router_ports) to 2
2026-06-23 20:05:34.484 7 INFO neutron.plugins.ml2.drivers.ovn.mech_driver.mech_driver [None req-303287f3-d892-4382-a2da-bc1e7e3332a9 - - - - - -] OVN reports status up for port: 3f403b95-3424-4034-baa4-aacedee86ba0
2026-06-23 20:05:34.509 7 INFO neutron.plugins.ml2.plugin [None req-303287f3-d892-4382-a2da-bc1e7e3332a9 - - - - - -] Attempt 1 to provision port 3f403b95-3424-4034-baa4-aacedee86ba0 [pid: 8|app: 0|req: 1161/2320] 10.0.0.198 () {34 vars in 695 bytes} [Tue Jun 23 20:05:34 2026] POST /v2.0/security-group-rules => generated 606 bytes in 388 msecs (HTTP/1.1 201) 4 headers in 162 bytes (1 switches on core 0) [pid: 8|app: 0|req: 1162/2321] 10.0.0.163 () {34 vars in 1098 bytes} [Tue Jun 23 20:05:34 2026] GET /v2.0/security-groups?name=tempest-secgroup-smoke-320238116&fields=id&tenant_id=c64ca8a72e0b4185b4ac42dc67fb24de => generated 69 bytes in 60 msecs (HTTP/1.1 200) 4 headers in 156 bytes (1 switches on core 0)
2026-06-23 20:05:34.720 7 INFO neutron.db.ovn_revision_numbers_db [None req-ec02696e-05b3-4132-ba82-1dfba80881b6 - - - - - -] Successfully bumped revision number for resource 74a3e004-084a-4ff7-83cf-498d6bf29d85 (type: router_ports) to 1 [pid: 8|app: 0|req: 1163/2322] 10.0.0.163 () {34 vars in 982 bytes} [Tue Jun 23 20:05:34 2026] GET /v2.0/networks?id=92e75c69-7724-41c1-8a3f-f09b67f57d1e => generated 711 bytes in 182 msecs (HTTP/1.1 200) 4 headers in 157 bytes (1 switches on core 0) [pid: 8|app: 0|req: 1164/2323] 10.0.0.163 () {34 vars in 965 bytes} [Tue Jun 23 20:05:34 2026] GET /v2.0/quotas/c64ca8a72e0b4185b4ac42dc67fb24de => generated 292 bytes in 17 msecs (HTTP/1.1 200) 4 headers in 157 bytes (1 switches on core 0)
2026-06-23 20:05:34.832 8 INFO neutron.db.ovn_revision_numbers_db [None req-818f60a8-cb47-42ae-aa83-e706670e30f3 - - - - - -] Successfully bumped revision number for resource 32b60fbb-ee97-451c-860f-63f4de1c841e (type: ports) to 2 [pid: 8|app: 0|req: 1165/2324] 10.0.0.163 () {34 vars in 1002 bytes} [Tue Jun 23 20:05:34 2026] GET /v2.0/ports?tenant_id=c64ca8a72e0b4185b4ac42dc67fb24de&fields=id => generated 103 bytes in 133 msecs (HTTP/1.1 200) 4 headers in 157 bytes (1 switches on core 0) [pid: 8|app: 0|req: 1166/2325] 10.0.0.198 () {32 vars in 649 bytes} [Tue Jun 23 20:05:34 2026] GET /v2.0/networks => generated 1374 bytes in 79 msecs (HTTP/1.1 200) 4 headers in 158 bytes (1 switches on core 0)
2026-06-23 20:05:35.056 8 WARNING keystonemiddleware.audit [None req-cfc7d460-8f86-4882-8f6e-9d688fd2888d 75cfc61d3a0a476396d82e385fd0f007 22bee4400ec04b4a8d169f4672e8f0a8 - - default default] Skipping service tempest-service-1696127687 as it have no endpoints. [pid: 8|app: 0|req: 1167/2326] 10.0.0.163 () {34 vars in 1008 bytes} [Tue Jun 23 20:05:35 2026] GET /v2.0/networks/92e75c69-7724-41c1-8a3f-f09b67f57d1e?fields=segments => generated 14 bytes in 51 msecs (HTTP/1.1 200) 4 headers in 156 bytes (1 switches on core 0)
2026-06-23 20:05:35.107 7 INFO neutron.db.ovn_revision_numbers_db [None req-303287f3-d892-4382-a2da-bc1e7e3332a9 - - - - - -] Successfully bumped revision number for resource 3f403b95-3424-4034-baa4-aacedee86ba0 (type: ports) to 7
2026-06-23 20:05:35.108 7 WARNING neutron.scheduler.dhcp_agent_scheduler [None req-ec02696e-05b3-4132-ba82-1dfba80881b6 - - - - - -] No more DHCP agents
2026-06-23 20:05:35.111 7 WARNING neutron.api.rpc.agentnotifiers.dhcp_rpc_agent_api [None req-ec02696e-05b3-4132-ba82-1dfba80881b6 - - - - - -] Unable to schedule network ab7fbd68-6425-4502-8586-a9d28d580f26: no agents available; will retry on subsequent port and subnet creation events.
2026-06-23 20:05:35.117 8 WARNING keystonemiddleware.audit [req-bfc4f9ec-5db4-446a-83d9-6878c23453fa req-b111e07e-26b3-435d-92ce-cf54ab9ea750 2384bd17a2414cf8a3689e47e5e9933d c82d92143d6c44e19f1b669e67165d37 - - 7a82451706a84d74a273b5193d31f814 7a82451706a84d74a273b5193d31f814] Skipping service tempest-service-1696127687 as it have no endpoints. [pid: 8|app: 0|req: 1168/2327] 10.0.0.163 () {34 vars in 1108 bytes} [Tue Jun 23 20:05:35 2026] GET /v2.0/networks/92e75c69-7724-41c1-8a3f-f09b67f57d1e?fields=provider%3Aphysical_network&fields=provider%3Anetwork_type => generated 79 bytes in 42 msecs (HTTP/1.1 200) 4 headers in 156 bytes (1 switches on core 0) [pid: 8|app: 0|req: 1169/2328] 10.0.0.163 () {34 vars in 1100 bytes} [Tue Jun 23 20:05:35 2026] GET /v2.0/security-groups?name=tempest-secgroup-smoke-1959838246&fields=id&tenant_id=22bee4400ec04b4a8d169f4672e8f0a8 => generated 69 bytes in 26 msecs (HTTP/1.1 200) 4 headers in 156 bytes (1 switches on core 0) [pid: 8|app: 0|req: 1170/2329] 10.0.0.163 () {34 vars in 982 bytes} [Tue Jun 23 20:05:35 2026] GET /v2.0/networks?id=d41f55a8-efe5-4904-8cd0-fa10276a3987 => generated 699 bytes in 42 msecs (HTTP/1.1 200) 4 headers in 157 bytes (1 switches on core 0) [pid: 8|app: 0|req: 1171/2330] 10.0.0.163 () {34 vars in 965 bytes} [Tue Jun 23 20:05:35 2026] GET /v2.0/quotas/22bee4400ec04b4a8d169f4672e8f0a8 => generated 292 bytes in 10 msecs (HTTP/1.1 200) 4 headers in 157 bytes (1 switches on core 0) [pid: 8|app: 0|req: 1172/2331] 10.0.0.163 () {34 vars in 1002 bytes} [Tue Jun 23 20:05:35 2026] GET /v2.0/ports?tenant_id=22bee4400ec04b4a8d169f4672e8f0a8&fields=id => generated 103 bytes in 84 msecs (HTTP/1.1 200) 4 headers in 157 bytes (1 switches on core 0) [pid: 8|app: 0|req: 1173/2332] 10.0.0.163 () {34 vars in 990 bytes} [Tue Jun 23 20:05:35 2026] GET /v2.0/ports?device_id=7022c106-43ae-4bf7-bdb3-d8856581cb72 => generated 12 bytes in 18 msecs (HTTP/1.1 200) 4 headers in 156 bytes (1 switches on core 0)
2026-06-23 20:05:35.369 7 INFO neutron.db.ovn_revision_numbers_db [None req-ec02696e-05b3-4132-ba82-1dfba80881b6 - - - - - -] Successfully bumped revision number for resource 3f7ab36d-9893-4852-bdac-b935d089349d (type: ports) to 1
2026-06-23 20:05:35.374 7 INFO neutron.plugins.ml2.drivers.ovn.mech_driver.mech_driver [None req-c6dc3d45-4c7d-48c5-850f-91cb63b0ca41 - - - - - -] OVN reports status down for port: 24ede012-ce9e-4d9c-91c0-2431459b376f [pid: 8|app: 0|req: 1174/2333] 10.0.0.163 () {34 vars in 1008 bytes} [Tue Jun 23 20:05:35 2026] GET /v2.0/networks/d41f55a8-efe5-4904-8cd0-fa10276a3987?fields=segments => generated 14 bytes in 43 msecs (HTTP/1.1 200) 4 headers in 156 bytes (1 switches on core 0) [pid: 8|app: 0|req: 1175/2334] 10.0.0.163 () {34 vars in 1108 bytes} [Tue Jun 23 20:05:35 2026] GET /v2.0/networks/d41f55a8-efe5-4904-8cd0-fa10276a3987?fields=provider%3Aphysical_network&fields=provider%3Anetwork_type => generated 79 bytes in 58 msecs (HTTP/1.1 200) 4 headers in 156 bytes (1 switches on core 0)
2026-06-23 20:05:35.492 7 WARNING neutron.plugins.ml2.drivers.ovn.mech_driver.ovsdb.ovn_client [None req-c6dc3d45-4c7d-48c5-850f-91cb63b0ca41 - - - - - -] Logical_Switch_Port 24ede012-ce9e-4d9c-91c0-2431459b376f host information not removed, the port state is up
2026-06-23 20:05:35.493 7 INFO neutron.plugins.ml2.drivers.ovn.mech_driver.mech_driver [None req-c6dc3d45-4c7d-48c5-850f-91cb63b0ca41 - - - - - -] OVN reports status up for port: 24ede012-ce9e-4d9c-91c0-2431459b376f
2026-06-23 20:05:35.522 7 INFO neutron.plugins.ml2.plugin [None req-c6dc3d45-4c7d-48c5-850f-91cb63b0ca41 - - - - - -] Attempt 1 to provision port 24ede012-ce9e-4d9c-91c0-2431459b376f [pid: 8|app: 0|req: 1176/2335] 10.0.0.163 () {34 vars in 990 bytes} [Tue Jun 23 20:05:35 2026] GET /v2.0/ports?device_id=f809faeb-07f8-4063-8394-18fa1a83b6cb => generated 12 bytes in 21 msecs (HTTP/1.1 200) 4 headers in 156 bytes (1 switches on core 0)
2026-06-23 20:05:35.795 7 INFO neutron.db.ovn_revision_numbers_db [None req-ec02696e-05b3-4132-ba82-1dfba80881b6 - - - - - -] Successfully bumped revision number for resource 3f7ab36d-9893-4852-bdac-b935d089349d (type: ports) to 3 [pid: 8|app: 0|req: 1177/2336] 10.0.0.163 () {34 vars in 990 bytes} [Tue Jun 23 20:05:36 2026] GET /v2.0/ports?device_id=7022c106-43ae-4bf7-bdb3-d8856581cb72 => generated 12 bytes in 26 msecs (HTTP/1.1 200) 4 headers in 156 bytes (1 switches on core 0) [pid: 8|app: 0|req: 1178/2337] 10.0.0.163 () {34 vars in 990 bytes} [Tue Jun 23 20:05:36 2026] GET /v2.0/ports?device_id=f809faeb-07f8-4063-8394-18fa1a83b6cb => generated 12 bytes in 19 msecs (HTTP/1.1 200) 4 headers in 156 bytes (1 switches on core 0) [pid: 7|app: 0|req: 1160/2338] 10.0.0.198 () {34 vars in 685 bytes} [Tue Jun 23 20:05:30 2026] POST /v2.0/vpn/vpnservices => generated 458 bytes in 5858 msecs (HTTP/1.1 201) 4 headers in 162 bytes (1 switches on core 0)
2026-06-23 20:05:36.765 7 INFO neutron.db.ovn_revision_numbers_db [None req-c6dc3d45-4c7d-48c5-850f-91cb63b0ca41 - - - - - -] Successfully bumped revision number for resource 24ede012-ce9e-4d9c-91c0-2431459b376f (type: ports) to 2 [pid: 8|app: 0|req: 1179/2339] 10.0.0.198 () {34 vars in 685 bytes} [Tue Jun 23 20:05:36 2026] POST /v2.0/vpn/vpnservices => generated 423 bytes in 493 msecs (HTTP/1.1 201) 4 headers in 162 bytes (1 switches on core 0) [pid: 7|app: 0|req: 1161/2340] 10.0.0.198 () {34 vars in 684 bytes} [Tue Jun 23 20:05:37 2026] POST /v2.0/vpn/ikepolicies => generated 404 bytes in 44 msecs (HTTP/1.1 201) 4 headers in 162 bytes (1 switches on core 0) [pid: 8|app: 0|req: 1180/2341] 10.0.0.198 () {34 vars in 688 bytes} [Tue Jun 23 20:05:37 2026] POST /v2.0/vpn/ipsecpolicies => generated 413 bytes in 36 msecs (HTTP/1.1 201) 4 headers in 162 bytes (1 switches on core 0) [pid: 7|app: 0|req: 1162/2342] 10.0.0.198 () {34 vars in 693 bytes} [Tue Jun 23 20:05:37 2026] POST /v2.0/vpn/endpoint-groups => generated 329 bytes in 57 msecs (HTTP/1.1 201) 4 headers in 162 bytes (1 switches on core 0) [pid: 8|app: 0|req: 1181/2343] 10.0.0.198 () {34 vars in 693 bytes} [Tue Jun 23 20:05:37 2026] POST /v2.0/vpn/endpoint-groups => generated 319 bytes in 64 msecs (HTTP/1.1 201) 4 headers in 162 bytes (1 switches on core 0) [pid: 8|app: 0|req: 1182/2344] 10.0.0.163 () {34 vars in 990 bytes} [Tue Jun 23 20:05:37 2026] GET /v2.0/ports?device_id=7022c106-43ae-4bf7-bdb3-d8856581cb72 => generated 12 bytes in 20 msecs (HTTP/1.1 200) 4 headers in 156 bytes (1 switches on core 0) [pid: 8|app: 0|req: 1183/2345] 10.0.0.163 () {34 vars in 990 bytes} [Tue Jun 23 20:05:37 2026] GET /v2.0/ports?device_id=f809faeb-07f8-4063-8394-18fa1a83b6cb => generated 12 bytes in 21 msecs (HTTP/1.1 200) 4 headers in 156 bytes (1 switches on core 0)
