2026-06-23 20:02:10.947 7 INFO neutron_taas.services.taas.tap_mirror_plugin [None req-3ea54fae-b890-414d-9269-302fff17cb85 8ee5283bfeb448b48f46befd4462ff5f 5330c6b45bd840718e0c9771bf5c7206 - - default default] Tap Mirror: Handle Delete Port: 8a2de814-b6d6-4051-9c98-1b6359dac40d [pid: 8|app: 0|req: 434/871] 199.19.213.137 () {36 vars in 997 bytes} [Tue Jun 23 20:02:10 2026] DELETE /v2.0/ports/663978ff-0bcf-476a-8f05-43962bcda515 => generated 0 bytes in 573 msecs (HTTP/1.1 204) 3 headers in 131 bytes (1 switches on core 0)
2026-06-23 20:02:11.118 8 INFO neutron.notifiers.nova [-] Nova event matching ['req-a95a80fb-4cae-49d0-9ea0-2a3f983679c9'] response: {'server_uuid': '29cbf0cc-6b3e-4ba7-96b2-5e009701aff8', 'name': 'network-vif-deleted', 'tag': '663978ff-0bcf-476a-8f05-43962bcda515', 'status': 'completed', 'code': 200}
2026-06-23 20:02:11.234 7 INFO neutron.services.segments.plugin [-] Segment 011b6970-2ff2-4e65-a0aa-f518ddf4c321 resource provider aggregate not found
2026-06-23 20:02:11.239 7 INFO neutron.services.segments.plugin [-] Segment 011b6970-2ff2-4e65-a0aa-f518ddf4c321 resource provider aggregate not found
2026-06-23 20:02:11.260 7 INFO neutron.services.segments.plugin [-] Segment 011b6970-2ff2-4e65-a0aa-f518ddf4c321 resource provider not found; error: Placement Client Error (4xx): {"errors": [{"status": 404, "title": "Not Found", "detail": "The resource could not be found.\n\n No resource provider with uuid 011b6970-2ff2-4e65-a0aa-f518ddf4c321 found for delete ", "request_id": "req-56d9d5cb-3d78-425b-964b-c01fc51c4785"}]}
2026-06-23 20:02:11.261 7 INFO neutron.services.segments.plugin [-] Segment 011b6970-2ff2-4e65-a0aa-f518ddf4c321 resource provider not found; error: Placement Client Error (4xx): {"errors": [{"status": 404, "title": "Not Found", "detail": "The resource could not be found.\n\n No resource provider with uuid 011b6970-2ff2-4e65-a0aa-f518ddf4c321 found for delete ", "request_id": "req-78625d7c-1100-4d45-8e2e-ffed6a00c490"}]}
2026-06-23 20:02:11.267 7 INFO neutron.notifiers.nova [-] Nova event matching ['req-a284366e-4f7c-419d-8d81-8a4cddc94bd0'] response: {'server_uuid': '29cbf0cc-6b3e-4ba7-96b2-5e009701aff8', 'name': 'network-vif-unplugged', 'status': 'completed', 'tag': '663978ff-0bcf-476a-8f05-43962bcda515', 'code': 200} [pid: 7|app: 0|req: 438/872] 10.0.0.198 () {32 vars in 726 bytes} [Tue Jun 23 20:02:10 2026] DELETE /v2.0/networks/904fdea3-cf33-4104-9dd8-db61bd5de7f8 => generated 0 bytes in 485 msecs (HTTP/1.1 204) 3 headers in 131 bytes (1 switches on core 0)
2026-06-23 20:02:11.288 8 WARNING keystonemiddleware.audit [req-83868742-339a-4359-8889-b9b32207caa0 req-376238e5-fef3-46fa-b303-228a10d486a0 4eed3e6b42b84af59b041f632e1d6aab e9dd5cf9f3674ce4b6dbdb3b3d310393 - - default default] Skipping service tempest-service-1385354701 as it have no endpoints. /var/lib/openstack/lib/python3.12/site-packages/pycadf/identifier.py:70: UserWarning: Invalid uuid: neutron. To ensure interoperability, identifiers should be a valid uuid. warnings.warn(('Invalid uuid: %s. To ensure interoperability, '
2026-06-23 20:02:11.299 8 INFO neutron.pecan_wsgi.hooks.translation [None req-7ffe7bb9-e7b3-4b94-b970-bf183171c29b 8ee5283bfeb448b48f46befd4462ff5f 5330c6b45bd840718e0c9771bf5c7206 - - default default] DELETE failed (client error): The resource could not be found. [pid: 8|app: 0|req: 435/873] 10.0.0.198 () {32 vars in 726 bytes} [Tue Jun 23 20:02:11 2026] DELETE /v2.0/networks/904fdea3-cf33-4104-9dd8-db61bd5de7f8 => generated 138 bytes in 17 msecs (HTTP/1.1 404) 4 headers in 164 bytes (1 switches on core 0)
2026-06-23 20:02:11.309 7 WARNING keystonemiddleware.audit [None req-3ea54fae-b890-414d-9269-302fff17cb85 8ee5283bfeb448b48f46befd4462ff5f 5330c6b45bd840718e0c9771bf5c7206 - - default default] Skipping service tempest-service-1385354701 as it have no endpoints. [pid: 7|app: 0|req: 439/874] 10.0.0.198 () {32 vars in 694 bytes} [Tue Jun 23 20:02:11 2026] GET /v2.0/networks?router%3Aexternal=True => generated 689 bytes in 51 msecs (HTTP/1.1 200) 4 headers in 157 bytes (1 switches on core 0)
2026-06-23 20:02:11.364 8 WARNING keystonemiddleware.audit [None req-7ffe7bb9-e7b3-4b94-b970-bf183171c29b 8ee5283bfeb448b48f46befd4462ff5f 5330c6b45bd840718e0c9771bf5c7206 - - default default] Skipping service tempest-service-1385354701 as it have no endpoints. [pid: 8|app: 0|req: 436/875] 10.0.0.198 () {32 vars in 742 bytes} [Tue Jun 23 20:02:11 2026] GET /v2.0/subnets?network_id=de95bc42-0fb5-4e2f-b1b3-664c787ff9c6 => generated 649 bytes in 41 msecs (HTTP/1.1 200) 4 headers in 157 bytes (1 switches on core 0)
2026-06-23 20:02:11.409 7 WARNING keystonemiddleware.audit [None req-63ad1679-af8d-4a02-a354-3b0459e6fe89 8ee5283bfeb448b48f46befd4462ff5f 5330c6b45bd840718e0c9771bf5c7206 - - default default] Skipping service tempest-service-1385354701 as it have no endpoints. [pid: 7|app: 0|req: 440/876] 10.0.0.198 () {32 vars in 653 bytes} [Tue Jun 23 20:02:11 2026] GET /v2.0/extensions => generated 20541 bytes in 7 msecs (HTTP/1.1 200) 4 headers in 159 bytes (1 switches on core 0)
2026-06-23 20:02:11.424 8 WARNING keystonemiddleware.audit [None req-f33fae63-0964-4399-917a-fed6fbdbe5c3 8ee5283bfeb448b48f46befd4462ff5f 5330c6b45bd840718e0c9771bf5c7206 - - default default] Skipping service tempest-service-1385354701 as it have no endpoints. [pid: 8|app: 0|req: 437/877] 10.0.0.198 () {32 vars in 649 bytes} [Tue Jun 23 20:02:11 2026] GET /v2.0/networks => generated 1388 bytes in 64 msecs (HTTP/1.1 200) 4 headers in 158 bytes (1 switches on core 0)
2026-06-23 20:02:11.493 7 WARNING keystonemiddleware.audit [None req-38c1f1d6-4c3e-4404-80d4-c072cedaf279 8ee5283bfeb448b48f46befd4462ff5f 5330c6b45bd840718e0c9771bf5c7206 - - default default] Skipping service tempest-service-1385354701 as it have no endpoints. [pid: 7|app: 0|req: 441/878] 10.0.0.198 () {32 vars in 647 bytes} [Tue Jun 23 20:02:11 2026] GET /v2.0/subnets => generated 1312 bytes in 38 msecs (HTTP/1.1 200) 4 headers in 158 bytes (1 switches on core 0)
2026-06-23 20:02:11.536 8 WARNING keystonemiddleware.audit [None req-d9328968-599c-4cde-ad64-937d5258df77 8ee5283bfeb448b48f46befd4462ff5f 5330c6b45bd840718e0c9771bf5c7206 - - default default] Skipping service tempest-service-1385354701 as it have no endpoints. [pid: 8|app: 0|req: 438/879] 10.0.0.198 () {32 vars in 723 bytes} [Tue Jun 23 20:02:11 2026] GET /v2.0/networks/a685373b-bb9d-4b20-b18b-3a1915370198 => generated 710 bytes in 43 msecs (HTTP/1.1 200) 4 headers in 157 bytes (1 switches on core 0)
2026-06-23 20:02:11.585 7 WARNING keystonemiddleware.audit [None req-d6099df8-511b-422a-8625-acddee43b021 8ee5283bfeb448b48f46befd4462ff5f 5330c6b45bd840718e0c9771bf5c7206 - - default default] Skipping service tempest-service-1385354701 as it have no endpoints. [pid: 7|app: 0|req: 442/880] 10.0.0.198 () {32 vars in 721 bytes} [Tue Jun 23 20:02:11 2026] GET /v2.0/subnets/e0c29c08-3b58-4b2f-b9cb-aa3f57df7e1c => generated 673 bytes in 27 msecs (HTTP/1.1 200) 4 headers in 157 bytes (1 switches on core 0)
2026-06-23 20:02:11.618 8 WARNING keystonemiddleware.audit [None req-c4927b7a-fdae-4800-b2db-ea56e889a5b3 8ee5283bfeb448b48f46befd4462ff5f 5330c6b45bd840718e0c9771bf5c7206 - - default default] Skipping service tempest-service-1385354701 as it have no endpoints.
2026-06-23 20:02:11.630 8 INFO neutron.pecan_wsgi.hooks.translation [None req-a373ce10-70bb-40e5-b561-d01a34355758 8ee5283bfeb448b48f46befd4462ff5f 5330c6b45bd840718e0c9771bf5c7206 - - default default] DELETE failed (client error): The resource could not be found. [pid: 8|app: 0|req: 439/881] 10.0.0.198 () {32 vars in 724 bytes} [Tue Jun 23 20:02:11 2026] DELETE /v2.0/subnets/15e4a517-a4df-403c-9afc-91c5f1530ada => generated 136 bytes in 18 msecs (HTTP/1.1 404) 4 headers in 164 bytes (1 switches on core 0)
2026-06-23 20:02:11.639 7 WARNING keystonemiddleware.audit [None req-82a3d0d3-0a8c-479b-8ac1-bb4471016e1a 8ee5283bfeb448b48f46befd4462ff5f 5330c6b45bd840718e0c9771bf5c7206 - - default default] Skipping service tempest-service-1385354701 as it have no endpoints.
2026-06-23 20:02:11.651 7 INFO neutron.pecan_wsgi.hooks.translation [None req-eb3386a2-3da0-40aa-a6e2-71aceef7d531 8ee5283bfeb448b48f46befd4462ff5f 5330c6b45bd840718e0c9771bf5c7206 - - default default] DELETE failed (client error): The resource could not be found. [pid: 7|app: 0|req: 443/882] 10.0.0.198 () {32 vars in 726 bytes} [Tue Jun 23 20:02:11 2026] DELETE /v2.0/networks/904fdea3-cf33-4104-9dd8-db61bd5de7f8 => generated 138 bytes in 16 msecs (HTTP/1.1 404) 4 headers in 164 bytes (1 switches on core 0)
2026-06-23 20:02:11.661 8 WARNING keystonemiddleware.audit [None req-a373ce10-70bb-40e5-b561-d01a34355758 8ee5283bfeb448b48f46befd4462ff5f 5330c6b45bd840718e0c9771bf5c7206 - - default default] Skipping service tempest-service-1385354701 as it have no endpoints. [pid: 8|app: 0|req: 440/883] 10.0.0.198 () {32 vars in 724 bytes} [Tue Jun 23 20:02:11 2026] DELETE /v2.0/subnets/e0c29c08-3b58-4b2f-b9cb-aa3f57df7e1c => generated 0 bytes in 144 msecs (HTTP/1.1 204) 3 headers in 131 bytes (1 switches on core 0)
2026-06-23 20:02:11.808 7 WARNING keystonemiddleware.audit [None req-eb3386a2-3da0-40aa-a6e2-71aceef7d531 8ee5283bfeb448b48f46befd4462ff5f 5330c6b45bd840718e0c9771bf5c7206 - - default default] Skipping service tempest-service-1385354701 as it have no endpoints. [pid: 8|app: 0|req: 441/884] 10.0.0.163 () {34 vars in 990 bytes} [Tue Jun 23 20:02:11 2026] GET /v2.0/ports?device_id=29cbf0cc-6b3e-4ba7-96b2-5e009701aff8 => generated 12 bytes in 18 msecs (HTTP/1.1 200) 4 headers in 156 bytes (1 switches on core 0)
2026-06-23 20:02:11.889 7 INFO neutron_taas.services.taas.taas_plugin [None req-a3c027cd-77d0-4218-bb75-dcd323a8e6f0 8ee5283bfeb448b48f46befd4462ff5f 5330c6b45bd840718e0c9771bf5c7206 - - default default] TaaS: Handle Delete Port: 2a59ad42-693e-4801-a1ce-25ddae1d053f
2026-06-23 20:02:11.891 7 INFO neutron_taas.services.taas.tap_mirror_plugin [None req-a3c027cd-77d0-4218-bb75-dcd323a8e6f0 8ee5283bfeb448b48f46befd4462ff5f 5330c6b45bd840718e0c9771bf5c7206 - - default default] Tap Mirror: Handle Delete Port: 2a59ad42-693e-4801-a1ce-25ddae1d053f [pid: 7|app: 0|req: 444/885] 10.0.0.198 () {32 vars in 726 bytes} [Tue Jun 23 20:02:11 2026] DELETE /v2.0/networks/a685373b-bb9d-4b20-b18b-3a1915370198 => generated 0 bytes in 266 msecs (HTTP/1.1 204) 3 headers in 131 bytes (1 switches on core 0) [pid: 8|app: 0|req: 442/886] 10.0.0.198 () {32 vars in 774 bytes} [Tue Jun 23 20:02:12 2026] GET /v2.0/security-groups?tenant_id=5330c6b45bd840718e0c9771bf5c7206&name=default => generated 2925 bytes in 225 msecs (HTTP/1.1 200) 4 headers in 158 bytes (1 switches on core 0) [pid: 8|app: 0|req: 443/887] 10.0.0.163 () {34 vars in 990 bytes} [Tue Jun 23 20:02:12 2026] GET /v2.0/ports?device_id=29cbf0cc-6b3e-4ba7-96b2-5e009701aff8 => generated 12 bytes in 19 msecs (HTTP/1.1 200) 4 headers in 156 bytes (1 switches on core 0) [pid: 7|app: 0|req: 445/888] 10.0.0.198 () {32 vars in 740 bytes} [Tue Jun 23 20:02:12 2026] DELETE /v2.0/security-groups/36c1fc3e-3773-412e-adec-9b9824f9712f => generated 0 bytes in 238 msecs (HTTP/1.1 204) 2 headers in 112 bytes (1 switches on core 0)
2026-06-23 20:02:13.282 7 INFO neutron.services.segments.plugin [-] Segment 4e0853cf-08d2-4478-879c-baad7dd4f19f resource provider aggregate not found
2026-06-23 20:02:13.287 7 INFO neutron.services.segments.plugin [-] Segment 4e0853cf-08d2-4478-879c-baad7dd4f19f resource provider aggregate not found
2026-06-23 20:02:13.294 7 INFO neutron.services.segments.plugin [-] Segment 4e0853cf-08d2-4478-879c-baad7dd4f19f resource provider not found; error: Placement Client Error (4xx): {"errors": [{"status": 404, "title": "Not Found", "detail": "The resource could not be found.\n\n No resource provider with uuid 4e0853cf-08d2-4478-879c-baad7dd4f19f found for delete ", "request_id": "req-ef2904db-7575-43be-8fa7-63f2f1ffb544"}]}
2026-06-23 20:02:13.298 7 INFO neutron.services.segments.plugin [-] Segment 4e0853cf-08d2-4478-879c-baad7dd4f19f resource provider not found; error: Placement Client Error (4xx): {"errors": [{"status": 404, "title": "Not Found", "detail": "The resource could not be found.\n\n No resource provider with uuid 4e0853cf-08d2-4478-879c-baad7dd4f19f found for delete ", "request_id": "req-e8503bd7-636f-4bec-8544-1e8022295da9"}]} [pid: 8|app: 0|req: 444/889] 10.0.0.163 () {34 vars in 990 bytes} [Tue Jun 23 20:02:14 2026] GET /v2.0/ports?device_id=29cbf0cc-6b3e-4ba7-96b2-5e009701aff8 => generated 12 bytes in 18 msecs (HTTP/1.1 200) 4 headers in 156 bytes (1 switches on core 0)
2026-06-23 20:02:15.130 7 INFO neutron.db.ovn_revision_numbers_db [None req-ef1c1768-d470-4ddb-ab2f-1f3fabcf2307 e4c478bdee5c491ca7d2aade04b542d5 29280007c4a34c8caa97854eacb3382b - - default default] Successfully bumped revision number for resource 86fa3d2b-f858-4bf7-a978-4daa0abdf489 (type: security_groups) to 1
2026-06-23 20:02:15.142 7 INFO neutron.db.ovn_revision_numbers_db [None req-ef1c1768-d470-4ddb-ab2f-1f3fabcf2307 e4c478bdee5c491ca7d2aade04b542d5 29280007c4a34c8caa97854eacb3382b - - default default] Successfully bumped revision number for resource 220e03f1-3ffb-42de-af92-7b11ef3ac782 (type: security_group_rules) to 0
2026-06-23 20:02:15.153 7 INFO neutron.db.ovn_revision_numbers_db [None req-ef1c1768-d470-4ddb-ab2f-1f3fabcf2307 e4c478bdee5c491ca7d2aade04b542d5 29280007c4a34c8caa97854eacb3382b - - default default] Successfully bumped revision number for resource 8d7fa9ec-4897-4a6c-b1ac-1658fcbf0aeb (type: security_group_rules) to 0
2026-06-23 20:02:15.164 7 INFO neutron.db.ovn_revision_numbers_db [None req-ef1c1768-d470-4ddb-ab2f-1f3fabcf2307 e4c478bdee5c491ca7d2aade04b542d5 29280007c4a34c8caa97854eacb3382b - - default default] Successfully bumped revision number for resource c2bd8b0d-1be6-4860-b5bb-fffa481bbb17 (type: security_group_rules) to 0
2026-06-23 20:02:15.176 7 INFO neutron.db.ovn_revision_numbers_db [None req-ef1c1768-d470-4ddb-ab2f-1f3fabcf2307 e4c478bdee5c491ca7d2aade04b542d5 29280007c4a34c8caa97854eacb3382b - - default default] Successfully bumped revision number for resource caac0d64-1be0-46aa-85f1-ba44ac7291f9 (type: security_group_rules) to 0
2026-06-23 20:02:15.262 7 INFO neutron.db.segments_db [None req-ef1c1768-d470-4ddb-ab2f-1f3fabcf2307 e4c478bdee5c491ca7d2aade04b542d5 29280007c4a34c8caa97854eacb3382b - - default default] Added segment f8c340ca-dec4-49c0-a73f-c5383cb9dfe7 of type geneve for network 3c1762a3-a864-471e-a647-a4eda8caced6 [pid: 8|app: 0|req: 445/890] 10.0.0.198 () {32 vars in 740 bytes} [Tue Jun 23 20:02:15 2026] DELETE /v2.0/security-groups/75b4f1d6-9d6a-419c-a9e1-16f756b0ca70 => generated 0 bytes in 142 msecs (HTTP/1.1 204) 2 headers in 112 bytes (1 switches on core 0)
2026-06-23 20:02:15.320 8 INFO neutron.api.v2.resource [None req-29810f95-e8f7-4de1-9069-2c27280689f1 4eed3e6b42b84af59b041f632e1d6aab e9dd5cf9f3674ce4b6dbdb3b3d310393 - - default default] show failed (client error): The resource could not be found. [pid: 8|app: 0|req: 446/891] 10.0.0.198 () {32 vars in 737 bytes} [Tue Jun 23 20:02:15 2026] GET /v2.0/security-groups/75b4f1d6-9d6a-419c-a9e1-16f756b0ca70 => generated 146 bytes in 14 msecs (HTTP/1.1 404) 4 headers in 164 bytes (1 switches on core 0)
2026-06-23 20:02:15.381 7 INFO neutron.db.ovn_revision_numbers_db [None req-ef1c1768-d470-4ddb-ab2f-1f3fabcf2307 e4c478bdee5c491ca7d2aade04b542d5 29280007c4a34c8caa97854eacb3382b - - default default] Successfully bumped revision number for resource 3c1762a3-a864-471e-a647-a4eda8caced6 (type: networks) to 1
2026-06-23 20:02:15.447 8 INFO neutron_taas.services.taas.taas_plugin [None req-e2289ce7-a75a-4edf-9878-7bf453e08ba2 4eed3e6b42b84af59b041f632e1d6aab e9dd5cf9f3674ce4b6dbdb3b3d310393 - - default default] TaaS: Handle Delete Port: 5858410c-622b-4dd7-8343-619e2696dccc
2026-06-23 20:02:15.450 8 INFO neutron_taas.services.taas.tap_mirror_plugin [None req-e2289ce7-a75a-4edf-9878-7bf453e08ba2 4eed3e6b42b84af59b041f632e1d6aab e9dd5cf9f3674ce4b6dbdb3b3d310393 - - default default] Tap Mirror: Handle Delete Port: 5858410c-622b-4dd7-8343-619e2696dccc
2026-06-23 20:02:15.573 7 WARNING neutron.scheduler.dhcp_agent_scheduler [None req-ef1c1768-d470-4ddb-ab2f-1f3fabcf2307 e4c478bdee5c491ca7d2aade04b542d5 29280007c4a34c8caa97854eacb3382b - - default default] No more DHCP agents
2026-06-23 20:02:15.575 7 WARNING neutron.api.rpc.agentnotifiers.dhcp_rpc_agent_api [None req-ef1c1768-d470-4ddb-ab2f-1f3fabcf2307 e4c478bdee5c491ca7d2aade04b542d5 29280007c4a34c8caa97854eacb3382b - - default default] Unable to schedule network 3c1762a3-a864-471e-a647-a4eda8caced6: no agents available; will retry on subsequent port and subnet creation events.
2026-06-23 20:02:15.628 7 INFO neutron.plugins.ml2.drivers.ovn.mech_driver.mech_driver [None req-59702717-c882-4cb4-acda-f1fd073d4935 - - - - - -] OVN reports status down for port: 07b261ea-7e74-46b2-aa47-12d361809210 [pid: 8|app: 0|req: 447/892] 10.0.0.198 () {32 vars in 732 bytes} [Tue Jun 23 20:02:15 2026] DELETE /v2.0/floatingips/d821fe12-598c-48cf-a6ec-18d47f6cfa1a => generated 0 bytes in 316 msecs (HTTP/1.1 204) 2 headers in 112 bytes (1 switches on core 0)
2026-06-23 20:02:15.669 7 INFO neutron.db.ovn_revision_numbers_db [None req-ef1c1768-d470-4ddb-ab2f-1f3fabcf2307 e4c478bdee5c491ca7d2aade04b542d5 29280007c4a34c8caa97854eacb3382b - - default default] Successfully bumped revision number for resource 07b261ea-7e74-46b2-aa47-12d361809210 (type: ports) to 1 [pid: 7|app: 0|req: 446/893] 10.0.0.198 () {34 vars in 670 bytes} [Tue Jun 23 20:02:14 2026] POST /v2.0/networks => generated 680 bytes in 891 msecs (HTTP/1.1 201) 4 headers in 162 bytes (1 switches on core 0)
2026-06-23 20:02:15.896 8 INFO neutron_taas.services.taas.taas_plugin [None req-6927a6ae-2ab1-4130-b818-8a19e119a8c5 0b346d944d334c89af2283d0d438c17a 3648309eeea949919512e502836bbb3f - - default default] TaaS: Handle Delete Port: e6310292-f52f-44b0-a01f-cccf6a588235
2026-06-23 20:02:15.899 8 INFO neutron_taas.services.taas.tap_mirror_plugin [None req-6927a6ae-2ab1-4130-b818-8a19e119a8c5 0b346d944d334c89af2283d0d438c17a 3648309eeea949919512e502836bbb3f - - default default] Tap Mirror: Handle Delete Port: e6310292-f52f-44b0-a01f-cccf6a588235
2026-06-23 20:02:15.919 7 WARNING neutron.scheduler.dhcp_agent_scheduler [None req-263e6467-5a05-4f07-abc9-ba719ef2f2e5 e4c478bdee5c491ca7d2aade04b542d5 29280007c4a34c8caa97854eacb3382b - - default default] No more DHCP agents
2026-06-23 20:02:15.920 7 WARNING neutron.api.rpc.agentnotifiers.dhcp_rpc_agent_api [None req-263e6467-5a05-4f07-abc9-ba719ef2f2e5 e4c478bdee5c491ca7d2aade04b542d5 29280007c4a34c8caa97854eacb3382b - - default default] Unable to schedule network 3c1762a3-a864-471e-a647-a4eda8caced6: no agents available; will retry on subsequent port and subnet creation events.
2026-06-23 20:02:16.369 7 INFO neutron.db.ovn_revision_numbers_db [None req-9474b730-0617-4f83-ab6a-4e35f7cb3643 - - - - - -] Successfully bumped revision number for resource 07b261ea-7e74-46b2-aa47-12d361809210 (type: ports) to 2
2026-06-23 20:02:16.414 7 INFO neutron.db.ovn_revision_numbers_db [None req-9474b730-0617-4f83-ab6a-4e35f7cb3643 - - - - - -] Successfully bumped revision number for resource 8aae842f-d332-424c-93e5-69d53414f8c6 (type: subnets) to 0 [pid: 7|app: 0|req: 447/894] 10.0.0.198 () {34 vars in 669 bytes} [Tue Jun 23 20:02:15 2026] POST /v2.0/subnets => generated 641 bytes in 699 msecs (HTTP/1.1 201) 4 headers in 162 bytes (1 switches on core 0) [pid: 8|app: 0|req: 448/895] 10.0.0.198 () {34 vars in 789 bytes} [Tue Jun 23 20:02:15 2026] PUT /v2.0/routers/1e2112f5-6283-4bb5-9bac-40f6e16061d0/remove_router_interface => generated 309 bytes in 857 msecs (HTTP/1.1 200) 4 headers in 157 bytes (1 switches on core 0) /var/lib/openstack/lib/python3.12/site-packages/pycadf/identifier.py:70: UserWarning: Invalid uuid: neutron. To ensure interoperability, identifiers should be a valid uuid. warnings.warn(('Invalid uuid: %s. To ensure interoperability, '
2026-06-23 20:02:16.597 8 INFO neutron.db.segments_db [None req-de046868-0d1c-421b-a2db-974bdfbc9e94 e4c478bdee5c491ca7d2aade04b542d5 29280007c4a34c8caa97854eacb3382b - - default default] Added segment c242a1a3-7080-4160-9807-e2f2136ecd09 of type geneve for network 7a963c54-7166-4ea0-80d9-70f311e5a04c
2026-06-23 20:02:16.724 8 INFO neutron.db.ovn_revision_numbers_db [None req-de046868-0d1c-421b-a2db-974bdfbc9e94 e4c478bdee5c491ca7d2aade04b542d5 29280007c4a34c8caa97854eacb3382b - - default default] Successfully bumped revision number for resource 7a963c54-7166-4ea0-80d9-70f311e5a04c (type: networks) to 1
2026-06-23 20:02:16.918 8 WARNING neutron.scheduler.dhcp_agent_scheduler [None req-de046868-0d1c-421b-a2db-974bdfbc9e94 e4c478bdee5c491ca7d2aade04b542d5 29280007c4a34c8caa97854eacb3382b - - default default] No more DHCP agents
2026-06-23 20:02:16.919 8 WARNING neutron.api.rpc.agentnotifiers.dhcp_rpc_agent_api [None req-de046868-0d1c-421b-a2db-974bdfbc9e94 e4c478bdee5c491ca7d2aade04b542d5 29280007c4a34c8caa97854eacb3382b - - default default] Unable to schedule network 7a963c54-7166-4ea0-80d9-70f311e5a04c: no agents available; will retry on subsequent port and subnet creation events. [pid: 7|app: 0|req: 448/896] 10.0.0.35 () {34 vars in 989 bytes} [Tue Jun 23 20:02:16 2026] GET /v2.0/ports?device_id=90f43e85-dd60-4506-aafd-d407805a8baa => generated 1209 bytes in 495 msecs (HTTP/1.1 200) 4 headers in 158 bytes (1 switches on core 0)
2026-06-23 20:02:16.977 8 INFO neutron.plugins.ml2.drivers.ovn.mech_driver.mech_driver [None req-8a55baac-77e2-48d7-a659-1606964ae035 - - - - - -] OVN reports status down for port: 0f512af5-f011-49c9-8a95-c306dad0917b
2026-06-23 20:02:17.028 8 INFO neutron.db.ovn_revision_numbers_db [None req-de046868-0d1c-421b-a2db-974bdfbc9e94 e4c478bdee5c491ca7d2aade04b542d5 29280007c4a34c8caa97854eacb3382b - - default default] Successfully bumped revision number for resource 0f512af5-f011-49c9-8a95-c306dad0917b (type: ports) to 1 [pid: 8|app: 0|req: 449/897] 10.0.0.198 () {34 vars in 670 bytes} [Tue Jun 23 20:02:16 2026] POST /v2.0/networks => generated 682 bytes in 569 msecs (HTTP/1.1 201) 4 headers in 162 bytes (1 switches on core 0)
2026-06-23 20:02:17.280 8 INFO neutron.db.ovn_revision_numbers_db [None req-bc2484d4-148c-4417-be7d-8125431b70d6 0b346d944d334c89af2283d0d438c17a 3648309eeea949919512e502836bbb3f - - default default] Successfully bumped revision number for resource 08c9781b-58b3-4809-be14-ba8a9b8a614d (type: security_groups) to 1
2026-06-23 20:02:17.291 8 INFO neutron.db.ovn_revision_numbers_db [None req-bc2484d4-148c-4417-be7d-8125431b70d6 0b346d944d334c89af2283d0d438c17a 3648309eeea949919512e502836bbb3f - - default default] Successfully bumped revision number for resource 0e59f5d8-6dc7-4c95-89cb-58059320dfc1 (type: security_group_rules) to 0
2026-06-23 20:02:17.301 8 INFO neutron.db.ovn_revision_numbers_db [None req-bc2484d4-148c-4417-be7d-8125431b70d6 0b346d944d334c89af2283d0d438c17a 3648309eeea949919512e502836bbb3f - - default default] Successfully bumped revision number for resource 7fd7abfc-885d-49d2-a4ca-c30da36dc043 (type: security_group_rules) to 0
2026-06-23 20:02:17.308 7 INFO neutron_taas.services.taas.taas_plugin [None req-cfb2f6f6-4ba0-4082-b5c3-43b3e21aa557 0b346d944d334c89af2283d0d438c17a 3648309eeea949919512e502836bbb3f - - default default] TaaS: Handle Delete Port: 7f96dc2d-490a-4a4d-ae9e-4fd134bfed5a
2026-06-23 20:02:17.311 8 INFO neutron.db.ovn_revision_numbers_db [None req-bc2484d4-148c-4417-be7d-8125431b70d6 0b346d944d334c89af2283d0d438c17a 3648309eeea949919512e502836bbb3f - - default default] Successfully bumped revision number for resource af253653-8f34-4779-825a-9fdb19df8e3f (type: security_group_rules) to 0
2026-06-23 20:02:17.312 7 INFO neutron_taas.services.taas.tap_mirror_plugin [None req-cfb2f6f6-4ba0-4082-b5c3-43b3e21aa557 0b346d944d334c89af2283d0d438c17a 3648309eeea949919512e502836bbb3f - - default default] Tap Mirror: Handle Delete Port: 7f96dc2d-490a-4a4d-ae9e-4fd134bfed5a
2026-06-23 20:02:17.320 8 INFO neutron.db.ovn_revision_numbers_db [None req-bc2484d4-148c-4417-be7d-8125431b70d6 0b346d944d334c89af2283d0d438c17a 3648309eeea949919512e502836bbb3f - - default default] Successfully bumped revision number for resource dd293bae-84b9-4c92-b032-bd7c8c172b63 (type: security_group_rules) to 0 [pid: 8|app: 0|req: 450/898] 10.0.0.198 () {32 vars in 774 bytes} [Tue Jun 23 20:02:17 2026] GET /v2.0/security-groups?tenant_id=5dd9a71cfbbf4f04bbd8424d8164a7e8&name=default => generated 2925 bytes in 283 msecs (HTTP/1.1 200) 4 headers in 158 bytes (1 switches on core 0) [pid: 8|app: 0|req: 451/899] 10.0.0.35 () {34 vars in 1039 bytes} [Tue Jun 23 20:02:17 2026] GET /v2.0/security-groups?id=6f96907a-073e-4937-b0c5-0222bfcd4111&fields=id&fields=name => generated 113 bytes in 27 msecs (HTTP/1.1 200) 4 headers in 157 bytes (1 switches on core 0)
2026-06-23 20:02:17.570 8 INFO neutron.db.ovn_revision_numbers_db [None req-f683ccc6-0d4a-41f6-8c65-320049a375f4 e4c478bdee5c491ca7d2aade04b542d5 29280007c4a34c8caa97854eacb3382b - - default default] Successfully bumped revision number for resource 7a963c54-7166-4ea0-80d9-70f311e5a04c (type: networks) to 2 [pid: 8|app: 0|req: 452/900] 10.0.0.198 () {34 vars in 743 bytes} [Tue Jun 23 20:02:17 2026] PUT /v2.0/networks/7a963c54-7166-4ea0-80d9-70f311e5a04c => generated 636 bytes in 192 msecs (HTTP/1.1 200) 4 headers in 157 bytes (1 switches on core 0) [pid: 7|app: 0|req: 449/901] 10.0.0.198 () {32 vars in 724 bytes} [Tue Jun 23 20:02:16 2026] DELETE /v2.0/routers/1e2112f5-6283-4bb5-9bac-40f6e16061d0 => generated 0 bytes in 849 msecs (HTTP/1.1 204) 2 headers in 112 bytes (1 switches on core 0) [pid: 8|app: 0|req: 453/902] 10.0.0.198 () {32 vars in 740 bytes} [Tue Jun 23 20:02:17 2026] DELETE /v2.0/security-groups/08c9781b-58b3-4809-be14-ba8a9b8a614d => generated 0 bytes in 251 msecs (HTTP/1.1 204) 2 headers in 112 bytes (1 switches on core 0) [pid: 8|app: 0|req: 454/903] 10.0.0.198 () {32 vars in 724 bytes} [Tue Jun 23 20:02:17 2026] DELETE /v2.0/subnets/bc1ff8bd-3212-4a74-87a6-ea9f807c175a => generated 0 bytes in 135 msecs (HTTP/1.1 204) 3 headers in 131 bytes (1 switches on core 0)
2026-06-23 20:02:17.986 7 WARNING neutron.scheduler.dhcp_agent_scheduler [None req-26990012-9d33-4083-9d7b-948456dca4cc e4c478bdee5c491ca7d2aade04b542d5 29280007c4a34c8caa97854eacb3382b - - default default] No more DHCP agents
2026-06-23 20:02:17.987 7 WARNING neutron.api.rpc.agentnotifiers.dhcp_rpc_agent_api [None req-26990012-9d33-4083-9d7b-948456dca4cc e4c478bdee5c491ca7d2aade04b542d5 29280007c4a34c8caa97854eacb3382b - - default default] Unable to schedule network 7a963c54-7166-4ea0-80d9-70f311e5a04c: no agents available; will retry on subsequent port and subnet creation events.
2026-06-23 20:02:18.088 8 INFO neutron.db.ovn_revision_numbers_db [None req-affcfd8c-a6c6-4266-8688-a717b95a331b 0b346d944d334c89af2283d0d438c17a 3648309eeea949919512e502836bbb3f - - default default] Successfully bumped revision number for resource ed225a41-34ef-4dd7-84ee-f85f5e4a6040 (type: security_groups) to 1
2026-06-23 20:02:18.100 8 INFO neutron.db.ovn_revision_numbers_db [None req-affcfd8c-a6c6-4266-8688-a717b95a331b 0b346d944d334c89af2283d0d438c17a 3648309eeea949919512e502836bbb3f - - default default] Successfully bumped revision number for resource 1e15e20b-82bd-4b00-a422-d02ae4d35586 (type: security_group_rules) to 0
2026-06-23 20:02:18.112 8 INFO neutron.db.ovn_revision_numbers_db [None req-affcfd8c-a6c6-4266-8688-a717b95a331b 0b346d944d334c89af2283d0d438c17a 3648309eeea949919512e502836bbb3f - - default default] Successfully bumped revision number for resource 4f8d4db6-8727-4702-b6a9-bef5bc8d54c7 (type: security_group_rules) to 0
2026-06-23 20:02:18.122 8 INFO neutron.db.ovn_revision_numbers_db [None req-affcfd8c-a6c6-4266-8688-a717b95a331b 0b346d944d334c89af2283d0d438c17a 3648309eeea949919512e502836bbb3f - - default default] Successfully bumped revision number for resource 62454d5a-9bfe-4189-a7f6-96ea57dc429a (type: security_group_rules) to 0
2026-06-23 20:02:18.134 8 INFO neutron.db.ovn_revision_numbers_db [None req-affcfd8c-a6c6-4266-8688-a717b95a331b 0b346d944d334c89af2283d0d438c17a 3648309eeea949919512e502836bbb3f - - default default] Successfully bumped revision number for resource 86302d08-2bfc-413b-9ba3-19984257501f (type: security_group_rules) to 0 [pid: 8|app: 0|req: 455/904] 10.0.0.198 () {32 vars in 774 bytes} [Tue Jun 23 20:02:17 2026] GET /v2.0/security-groups?tenant_id=c4474cc0c20b41de8610eae8302045c0&name=default => generated 2925 bytes in 207 msecs (HTTP/1.1 200) 4 headers in 158 bytes (1 switches on core 0)
2026-06-23 20:02:18.277 8 INFO neutron_taas.services.taas.taas_plugin [None req-8a765dd1-3378-4850-8db0-5dab08453012 0b346d944d334c89af2283d0d438c17a 3648309eeea949919512e502836bbb3f - - default default] TaaS: Handle Delete Port: 93b9843a-13f1-4465-801f-f3e57cf68bd4
2026-06-23 20:02:18.280 8 INFO neutron_taas.services.taas.tap_mirror_plugin [None req-8a765dd1-3378-4850-8db0-5dab08453012 0b346d944d334c89af2283d0d438c17a 3648309eeea949919512e502836bbb3f - - default default] Tap Mirror: Handle Delete Port: 93b9843a-13f1-4465-801f-f3e57cf68bd4
2026-06-23 20:02:18.439 7 INFO neutron.db.ovn_revision_numbers_db [None req-28586d33-ef42-4f87-88fa-29ed29900d43 - - - - - -] Successfully bumped revision number for resource 0f512af5-f011-49c9-8a95-c306dad0917b (type: ports) to 2
2026-06-23 20:02:18.471 8 INFO neutron.services.segments.plugin [-] Segment 621a3191-ac60-4f05-a770-0f8d9112a6de resource provider aggregate not found
2026-06-23 20:02:18.475 8 INFO neutron.services.segments.plugin [-] Segment 621a3191-ac60-4f05-a770-0f8d9112a6de resource provider aggregate not found
2026-06-23 20:02:18.482 7 INFO neutron.db.ovn_revision_numbers_db [None req-28586d33-ef42-4f87-88fa-29ed29900d43 - - - - - -] Successfully bumped revision number for resource 31e9dd63-4b5f-41b0-a295-15d1568d9db4 (type: subnets) to 0
2026-06-23 20:02:18.500 8 INFO neutron.services.segments.plugin [-] Segment 621a3191-ac60-4f05-a770-0f8d9112a6de resource provider not found; error: Placement Client Error (4xx): {"errors": [{"status": 404, "title": "Not Found", "detail": "The resource could not be found.\n\n No resource provider with uuid 621a3191-ac60-4f05-a770-0f8d9112a6de found for delete ", "request_id": "req-8d222fef-8e12-4de0-9847-e975c2f51b5d"}]} [pid: 7|app: 0|req: 450/905] 10.0.0.198 () {34 vars in 669 bytes} [Tue Jun 23 20:02:17 2026] POST /v2.0/subnets => generated 626 bytes in 719 msecs (HTTP/1.1 201) 4 headers in 162 bytes (1 switches on core 0)
2026-06-23 20:02:18.506 8 INFO neutron.services.segments.plugin [-] Segment 621a3191-ac60-4f05-a770-0f8d9112a6de resource provider not found; error: Placement Client Error (4xx): {"errors": [{"status": 404, "title": "Not Found", "detail": "The resource could not be found.\n\n No resource provider with uuid 621a3191-ac60-4f05-a770-0f8d9112a6de found for delete ", "request_id": "req-e07a6c0a-16e0-4618-abe2-6bba20f82718"}]} [pid: 8|app: 0|req: 456/906] 10.0.0.198 () {32 vars in 726 bytes} [Tue Jun 23 20:02:18 2026] DELETE /v2.0/networks/e60d7852-82c0-4b22-820c-7282235d3042 => generated 0 bytes in 360 msecs (HTTP/1.1 204) 3 headers in 131 bytes (1 switches on core 0) [pid: 7|app: 0|req: 451/907] 10.0.0.198 () {32 vars in 740 bytes} [Tue Jun 23 20:02:18 2026] DELETE /v2.0/security-groups/ed225a41-34ef-4dd7-84ee-f85f5e4a6040 => generated 0 bytes in 235 msecs (HTTP/1.1 204) 2 headers in 112 bytes (1 switches on core 0)
2026-06-23 20:02:18.761 8 INFO neutron.db.ovn_revision_numbers_db [None req-6c8ddffc-019d-4de4-a0ec-e64bb8506bd8 e4c478bdee5c491ca7d2aade04b542d5 29280007c4a34c8caa97854eacb3382b - - default default] Successfully bumped revision number for resource 31e9dd63-4b5f-41b0-a295-15d1568d9db4 (type: subnets) to 1 [pid: 8|app: 0|req: 457/908] 10.0.0.198 () {34 vars in 741 bytes} [Tue Jun 23 20:02:18 2026] PUT /v2.0/subnets/31e9dd63-4b5f-41b0-a295-15d1568d9db4 => generated 636 bytes in 232 msecs (HTTP/1.1 200) 4 headers in 157 bytes (1 switches on core 0) [pid: 7|app: 0|req: 452/909] 10.0.0.198 () {32 vars in 774 bytes} [Tue Jun 23 20:02:18 2026] GET /v2.0/security-groups?tenant_id=e9dd5cf9f3674ce4b6dbdb3b3d310393&name=default => generated 2921 bytes in 36 msecs (HTTP/1.1 200) 4 headers in 158 bytes (1 switches on core 0)
2026-06-23 20:02:18.915 8 INFO neutron_taas.services.taas.taas_plugin [None req-588cc2cc-4084-4120-a2b4-a005914e1e33 e4c478bdee5c491ca7d2aade04b542d5 29280007c4a34c8caa97854eacb3382b - - default default] TaaS: Handle Delete Port: 0f512af5-f011-49c9-8a95-c306dad0917b
2026-06-23 20:02:18.917 8 INFO neutron_taas.services.taas.tap_mirror_plugin [None req-588cc2cc-4084-4120-a2b4-a005914e1e33 e4c478bdee5c491ca7d2aade04b542d5 29280007c4a34c8caa97854eacb3382b - - default default] Tap Mirror: Handle Delete Port: 0f512af5-f011-49c9-8a95-c306dad0917b [pid: 7|app: 0|req: 453/910] 10.0.0.198 () {32 vars in 740 bytes} [Tue Jun 23 20:02:18 2026] DELETE /v2.0/security-groups/2eb627b3-3ef5-4e9d-93e6-d3a34710dd2f => generated 0 bytes in 258 msecs (HTTP/1.1 204) 2 headers in 112 bytes (1 switches on core 0) [pid: 8|app: 0|req: 458/911] 10.0.0.198 () {32 vars in 726 bytes} [Tue Jun 23 20:02:18 2026] DELETE /v2.0/networks/7a963c54-7166-4ea0-80d9-70f311e5a04c => generated 0 bytes in 472 msecs (HTTP/1.1 204) 3 headers in 131 bytes (1 switches on core 0)
2026-06-23 20:02:19.257 7 INFO neutron.pecan_wsgi.hooks.translation [None req-7c53e28c-59ad-4589-b4cf-34c44a9cbed1 e4c478bdee5c491ca7d2aade04b542d5 29280007c4a34c8caa97854eacb3382b - - default default] DELETE failed (client error): The resource could not be found. [pid: 7|app: 0|req: 454/912] 10.0.0.198 () {32 vars in 726 bytes} [Tue Jun 23 20:02:19 2026] DELETE /v2.0/networks/7a963c54-7166-4ea0-80d9-70f311e5a04c => generated 138 bytes in 14 msecs (HTTP/1.1 404) 4 headers in 164 bytes (1 switches on core 0) [pid: 8|app: 0|req: 459/913] 10.0.0.198 () {32 vars in 694 bytes} [Tue Jun 23 20:02:19 2026] GET /v2.0/networks?router%3Aexternal=True => generated 689 bytes in 71 msecs (HTTP/1.1 200) 4 headers in 157 bytes (1 switches on core 0) [pid: 7|app: 0|req: 455/914] 10.0.0.198 () {32 vars in 742 bytes} [Tue Jun 23 20:02:19 2026] GET /v2.0/subnets?network_id=de95bc42-0fb5-4e2f-b1b3-664c787ff9c6 => generated 649 bytes in 37 msecs (HTTP/1.1 200) 4 headers in 157 bytes (1 switches on core 0) [pid: 8|app: 0|req: 460/915] 10.0.0.198 () {32 vars in 653 bytes} [Tue Jun 23 20:02:19 2026] GET /v2.0/extensions => generated 20541 bytes in 6 msecs (HTTP/1.1 200) 4 headers in 159 bytes (1 switches on core 0) [pid: 7|app: 0|req: 456/916] 10.0.0.198 () {32 vars in 649 bytes} [Tue Jun 23 20:02:19 2026] GET /v2.0/networks => generated 1383 bytes in 58 msecs (HTTP/1.1 200) 4 headers in 158 bytes (1 switches on core 0) [pid: 8|app: 0|req: 461/917] 10.0.0.198 () {32 vars in 647 bytes} [Tue Jun 23 20:02:19 2026] GET /v2.0/subnets => generated 1280 bytes in 44 msecs (HTTP/1.1 200) 4 headers in 158 bytes (1 switches on core 0) [pid: 7|app: 0|req: 457/918] 10.0.0.198 () {32 vars in 723 bytes} [Tue Jun 23 20:02:19 2026] GET /v2.0/networks/3c1762a3-a864-471e-a647-a4eda8caced6 => generated 705 bytes in 53 msecs (HTTP/1.1 200) 4 headers in 157 bytes (1 switches on core 0) [pid: 8|app: 0|req: 462/919] 10.0.0.198 () {32 vars in 721 bytes} [Tue Jun 23 20:02:19 2026] GET /v2.0/subnets/8aae842f-d332-424c-93e5-69d53414f8c6 => generated 641 bytes in 30 msecs (HTTP/1.1 200) 4 headers in 157 bytes (1 switches on core 0)
2026-06-23 20:02:19.612 7 INFO neutron.pecan_wsgi.hooks.translation [None req-ffb23f12-bfa3-46c2-96ae-3e8f1675c1cf e4c478bdee5c491ca7d2aade04b542d5 29280007c4a34c8caa97854eacb3382b - - default default] DELETE failed (client error): The resource could not be found. [pid: 7|app: 0|req: 458/920] 10.0.0.198 () {32 vars in 724 bytes} [Tue Jun 23 20:02:19 2026] DELETE /v2.0/subnets/31e9dd63-4b5f-41b0-a295-15d1568d9db4 => generated 136 bytes in 16 msecs (HTTP/1.1 404) 4 headers in 164 bytes (1 switches on core 0)
2026-06-23 20:02:19.636 8 INFO neutron.pecan_wsgi.hooks.translation [None req-e6d2f90e-b6d7-4d48-872a-07eaee155f59 e4c478bdee5c491ca7d2aade04b542d5 29280007c4a34c8caa97854eacb3382b - - default default] DELETE failed (client error): The resource could not be found. [pid: 8|app: 0|req: 463/921] 10.0.0.198 () {32 vars in 726 bytes} [Tue Jun 23 20:02:19 2026] DELETE /v2.0/networks/7a963c54-7166-4ea0-80d9-70f311e5a04c => generated 138 bytes in 18 msecs (HTTP/1.1 404) 4 headers in 164 bytes (1 switches on core 0) [pid: 7|app: 0|req: 459/922] 10.0.0.198 () {32 vars in 724 bytes} [Tue Jun 23 20:02:19 2026] DELETE /v2.0/subnets/8aae842f-d332-424c-93e5-69d53414f8c6 => generated 0 bytes in 142 msecs (HTTP/1.1 204) 3 headers in 131 bytes (1 switches on core 0)
2026-06-23 20:02:19.902 8 INFO neutron_taas.services.taas.taas_plugin [None req-efb92d5f-f17e-406c-aabc-a7108c386a47 e4c478bdee5c491ca7d2aade04b542d5 29280007c4a34c8caa97854eacb3382b - - default default] TaaS: Handle Delete Port: 07b261ea-7e74-46b2-aa47-12d361809210
2026-06-23 20:02:19.905 8 INFO neutron_taas.services.taas.tap_mirror_plugin [None req-efb92d5f-f17e-406c-aabc-a7108c386a47 e4c478bdee5c491ca7d2aade04b542d5 29280007c4a34c8caa97854eacb3382b - - default default] Tap Mirror: Handle Delete Port: 07b261ea-7e74-46b2-aa47-12d361809210 [pid: 8|app: 0|req: 464/923] 10.0.0.198 () {32 vars in 726 bytes} [Tue Jun 23 20:02:19 2026] DELETE /v2.0/networks/3c1762a3-a864-471e-a647-a4eda8caced6 => generated 0 bytes in 296 msecs (HTTP/1.1 204) 3 headers in 131 bytes (1 switches on core 0)
2026-06-23 20:02:20.519 8 INFO neutron.services.segments.plugin [-] Segment c242a1a3-7080-4160-9807-e2f2136ecd09 resource provider aggregate not found
2026-06-23 20:02:20.529 8 INFO neutron.services.segments.plugin [-] Segment c242a1a3-7080-4160-9807-e2f2136ecd09 resource provider aggregate not found
2026-06-23 20:02:20.542 8 INFO neutron.services.segments.plugin [-] Segment c242a1a3-7080-4160-9807-e2f2136ecd09 resource provider not found; error: Placement Client Error (4xx): {"errors": [{"status": 404, "title": "Not Found", "detail": "The resource could not be found.\n\n No resource provider with uuid c242a1a3-7080-4160-9807-e2f2136ecd09 found for delete ", "request_id": "req-6d1b33bf-cd50-42f4-8f78-0bce30b31921"}]}
2026-06-23 20:02:20.555 8 INFO neutron.services.segments.plugin [-] Segment f8c340ca-dec4-49c0-a73f-c5383cb9dfe7 resource provider aggregate not found
2026-06-23 20:02:20.560 8 INFO neutron.services.segments.plugin [-] Segment c242a1a3-7080-4160-9807-e2f2136ecd09 resource provider not found; error: Placement Client Error (4xx): {"errors": [{"status": 404, "title": "Not Found", "detail": "The resource could not be found.\n\n No resource provider with uuid c242a1a3-7080-4160-9807-e2f2136ecd09 found for delete ", "request_id": "req-59b35a18-97d3-458a-99ca-5be672c97241"}]}
2026-06-23 20:02:20.568 8 INFO neutron.services.segments.plugin [-] Segment f8c340ca-dec4-49c0-a73f-c5383cb9dfe7 resource provider not found; error: Placement Client Error (4xx): {"errors": [{"status": 404, "title": "Not Found", "detail": "The resource could not be found.\n\n No resource provider with uuid f8c340ca-dec4-49c0-a73f-c5383cb9dfe7 found for delete ", "request_id": "req-3824bdb2-a764-47d0-a3b6-a5a90c79ffc7"}]}
2026-06-23 20:02:20.571 8 INFO neutron.services.segments.plugin [-] Segment f8c340ca-dec4-49c0-a73f-c5383cb9dfe7 resource provider aggregate not found
2026-06-23 20:02:20.591 8 INFO neutron.services.segments.plugin [-] Segment f8c340ca-dec4-49c0-a73f-c5383cb9dfe7 resource provider not found; error: Placement Client Error (4xx): {"errors": [{"status": 404, "title": "Not Found", "detail": "The resource could not be found.\n\n No resource provider with uuid f8c340ca-dec4-49c0-a73f-c5383cb9dfe7 found for delete ", "request_id": "req-551bd48f-35ea-4238-9b8f-34513f8e537c"}]} [pid: 7|app: 0|req: 460/924] 10.0.0.198 () {32 vars in 774 bytes} [Tue Jun 23 20:02:20 2026] GET /v2.0/security-groups?tenant_id=29280007c4a34c8caa97854eacb3382b&name=default => generated 2925 bytes in 139 msecs (HTTP/1.1 200) 4 headers in 158 bytes (1 switches on core 0) [pid: 7|app: 0|req: 461/925] 10.0.0.163 () {34 vars in 990 bytes} [Tue Jun 23 20:02:20 2026] GET /v2.0/ports?device_id=90f43e85-dd60-4506-aafd-d407805a8baa => generated 971 bytes in 72 msecs (HTTP/1.1 200) 4 headers in 157 bytes (1 switches on core 0)
2026-06-23 20:02:20.877 8 INFO neutron.db.ovn_revision_numbers_db [None req-c6d6299f-0d7f-4c88-be36-6ebc0b9fc5ad 0b346d944d334c89af2283d0d438c17a 3648309eeea949919512e502836bbb3f - - default default] Successfully bumped revision number for resource 400abd0f-2217-4736-b248-0b532b256ff7 (type: security_groups) to 1
2026-06-23 20:02:20.888 8 INFO neutron.db.ovn_revision_numbers_db [None req-c6d6299f-0d7f-4c88-be36-6ebc0b9fc5ad 0b346d944d334c89af2283d0d438c17a 3648309eeea949919512e502836bbb3f - - default default] Successfully bumped revision number for resource 3e86acf8-8684-413c-8033-3dc3115a04ff (type: security_group_rules) to 0
2026-06-23 20:02:20.904 8 INFO neutron.db.ovn_revision_numbers_db [None req-c6d6299f-0d7f-4c88-be36-6ebc0b9fc5ad 0b346d944d334c89af2283d0d438c17a 3648309eeea949919512e502836bbb3f - - default default] Successfully bumped revision number for resource c22df883-66e6-47df-b8e9-f481e593c011 (type: security_group_rules) to 0
2026-06-23 20:02:20.916 8 INFO neutron.db.ovn_revision_numbers_db [None req-c6d6299f-0d7f-4c88-be36-6ebc0b9fc5ad 0b346d944d334c89af2283d0d438c17a 3648309eeea949919512e502836bbb3f - - default default] Successfully bumped revision number for resource ea7d06a4-fb9e-49c4-bcb7-0cc706f509c5 (type: security_group_rules) to 0
2026-06-23 20:02:20.931 8 INFO neutron.db.ovn_revision_numbers_db [None req-c6d6299f-0d7f-4c88-be36-6ebc0b9fc5ad 0b346d944d334c89af2283d0d438c17a 3648309eeea949919512e502836bbb3f - - default default] Successfully bumped revision number for resource ed163dfa-6b5d-40b2-a32f-ae72cbd63d10 (type: security_group_rules) to 0 [pid: 7|app: 0|req: 462/926] 10.0.0.198 () {32 vars in 740 bytes} [Tue Jun 23 20:02:20 2026] DELETE /v2.0/security-groups/86fa3d2b-f858-4bf7-a978-4daa0abdf489 => generated 0 bytes in 219 msecs (HTTP/1.1 204) 2 headers in 112 bytes (1 switches on core 0)
2026-06-23 20:02:21.011 8 INFO neutron.db.segments_db [None req-c6d6299f-0d7f-4c88-be36-6ebc0b9fc5ad 0b346d944d334c89af2283d0d438c17a 3648309eeea949919512e502836bbb3f - - default default] Added segment 79184c73-da20-4b37-b8a0-7bceb84f9112 of type geneve for network 940e8736-1c7c-4f64-b83b-0ab1d7372853 [pid: 7|app: 0|req: 463/927] 10.0.0.163 () {34 vars in 971 bytes} [Tue Jun 23 20:02:21 2026] GET /v2.0/ports/5d54deed-ad1d-4e49-9502-92f68c6597af => generated 968 bytes in 27 msecs (HTTP/1.1 200) 4 headers in 157 bytes (1 switches on core 0)
2026-06-23 20:02:21.127 8 INFO neutron.db.ovn_revision_numbers_db [None req-c6d6299f-0d7f-4c88-be36-6ebc0b9fc5ad 0b346d944d334c89af2283d0d438c17a 3648309eeea949919512e502836bbb3f - - default default] Successfully bumped revision number for resource 940e8736-1c7c-4f64-b83b-0ab1d7372853 (type: networks) to 1
2026-06-23 20:02:21.266 8 WARNING neutron.scheduler.dhcp_agent_scheduler [None req-c6d6299f-0d7f-4c88-be36-6ebc0b9fc5ad 0b346d944d334c89af2283d0d438c17a 3648309eeea949919512e502836bbb3f - - default default] No more DHCP agents
2026-06-23 20:02:21.268 8 WARNING neutron.api.rpc.agentnotifiers.dhcp_rpc_agent_api [None req-c6d6299f-0d7f-4c88-be36-6ebc0b9fc5ad 0b346d944d334c89af2283d0d438c17a 3648309eeea949919512e502836bbb3f - - default default] Unable to schedule network 940e8736-1c7c-4f64-b83b-0ab1d7372853: no agents available; will retry on subsequent port and subnet creation events.
2026-06-23 20:02:21.318 7 INFO neutron.plugins.ml2.drivers.ovn.mech_driver.mech_driver [None req-59702717-c882-4cb4-acda-f1fd073d4935 - - - - - -] OVN reports status down for port: bceadd0c-5fd5-41b8-ba68-6b1ca6635ab6
2026-06-23 20:02:21.340 8 INFO neutron.db.ovn_revision_numbers_db [None req-c6d6299f-0d7f-4c88-be36-6ebc0b9fc5ad 0b346d944d334c89af2283d0d438c17a 3648309eeea949919512e502836bbb3f - - default default] Successfully bumped revision number for resource bceadd0c-5fd5-41b8-ba68-6b1ca6635ab6 (type: ports) to 1 [pid: 8|app: 0|req: 465/928] 10.0.0.198 () {34 vars in 671 bytes} [Tue Jun 23 20:02:20 2026] POST /v2.0/networks => generated 779 bytes in 705 msecs (HTTP/1.1 201) 4 headers in 162 bytes (1 switches on core 0)
2026-06-23 20:02:21.504 7 WARNING neutron.scheduler.dhcp_agent_scheduler [None req-6eccfb8d-2d2f-4bb0-a235-38740598de4d 0b346d944d334c89af2283d0d438c17a 3648309eeea949919512e502836bbb3f - - default default] No more DHCP agents
2026-06-23 20:02:21.505 7 WARNING neutron.api.rpc.agentnotifiers.dhcp_rpc_agent_api [None req-6eccfb8d-2d2f-4bb0-a235-38740598de4d 0b346d944d334c89af2283d0d438c17a 3648309eeea949919512e502836bbb3f - - default default] Unable to schedule network 940e8736-1c7c-4f64-b83b-0ab1d7372853: no agents available; will retry on subsequent port and subnet creation events. [pid: 8|app: 0|req: 466/929] 199.19.213.137 () {34 vars in 1000 bytes} [Tue Jun 23 20:02:21 2026] GET /v2.0/subnets?network_id=7ab1514d-acd9-43b1-a6e3-7da6700627b4 => generated 684 bytes in 31 msecs (HTTP/1.1 200) 4 headers in 157 bytes (1 switches on core 0) [pid: 8|app: 0|req: 467/930] 199.19.213.137 () {34 vars in 1146 bytes} [Tue Jun 23 20:02:21 2026] GET /v2.0/ports?device_id=90f43e85-dd60-4506-aafd-d407805a8baa&device_owner=compute%3Anova&network_id=7ab1514d-acd9-43b1-a6e3-7da6700627b4 => generated 971 bytes in 94 msecs (HTTP/1.1 200) 4 headers in 157 bytes (1 switches on core 0)
2026-06-23 20:02:21.920 7 INFO neutron.db.ovn_revision_numbers_db [None req-323ff0e7-5470-4ee2-8c47-2f9e3fc39843 - - - - - -] Successfully bumped revision number for resource bceadd0c-5fd5-41b8-ba68-6b1ca6635ab6 (type: ports) to 2
2026-06-23 20:02:21.949 7 INFO neutron.db.ovn_revision_numbers_db [None req-323ff0e7-5470-4ee2-8c47-2f9e3fc39843 - - - - - -] Successfully bumped revision number for resource 57a58dbf-312f-498d-b363-b3b35cefc081 (type: subnets) to 0 [pid: 7|app: 0|req: 464/931] 10.0.0.198 () {34 vars in 669 bytes} [Tue Jun 23 20:02:21 2026] POST /v2.0/subnets => generated 685 bytes in 596 msecs (HTTP/1.1 201) 4 headers in 162 bytes (1 switches on core 0)
2026-06-23 20:02:22.382 7 WARNING neutron.scheduler.dhcp_agent_scheduler [None req-b71ffb2a-deee-4c52-ac71-8eafb984b2b6 0b346d944d334c89af2283d0d438c17a 3648309eeea949919512e502836bbb3f - - default default] No more DHCP agents
2026-06-23 20:02:22.383 7 WARNING neutron.api.rpc.agentnotifiers.dhcp_rpc_agent_api [None req-b71ffb2a-deee-4c52-ac71-8eafb984b2b6 0b346d944d334c89af2283d0d438c17a 3648309eeea949919512e502836bbb3f - - default default] Unable to schedule network de95bc42-0fb5-4e2f-b1b3-664c787ff9c6: no agents available; will retry on subsequent port and subnet creation events.
2026-06-23 20:02:22.485 7 INFO neutron.plugins.ml2.drivers.ovn.mech_driver.mech_driver [None req-59702717-c882-4cb4-acda-f1fd073d4935 - - - - - -] OVN reports status down for port: 4f3f7ac2-78d0-4afb-8aff-bfb1cffd461a
2026-06-23 20:02:22.542 7 INFO neutron.db.ovn_revision_numbers_db [None req-b71ffb2a-deee-4c52-ac71-8eafb984b2b6 0b346d944d334c89af2283d0d438c17a 3648309eeea949919512e502836bbb3f - - default default] Successfully bumped revision number for resource 4f3f7ac2-78d0-4afb-8aff-bfb1cffd461a (type: ports) to 1
2026-06-23 20:02:22.734 8 INFO neutron.db.ovn_revision_numbers_db [req-19222e6c-5c69-4951-8398-85d5abc3810b req-4b19e232-a859-4ba3-85d0-01217285772f b4ffd6aa43cc450489f7f68c9de7ba76 5f8dccaaa3d346fe9d6ea170e1b80fef - - default default] Successfully bumped revision number for resource 5d54deed-ad1d-4e49-9502-92f68c6597af (type: ports) to 6 [pid: 8|app: 0|req: 468/932] 199.19.213.137 () {38 vars in 1028 bytes} [Tue Jun 23 20:02:21 2026] PUT /v2.0/ports/5d54deed-ad1d-4e49-9502-92f68c6597af => generated 1145 bytes in 981 msecs (HTTP/1.1 200) 4 headers in 158 bytes (1 switches on core 0)
2026-06-23 20:02:22.779 8 INFO neutron.notifiers.nova [-] Nova event matching ['req-0498ffe5-1b7d-4992-8972-31ee0802e166'] response: {'name': 'network-changed', 'server_uuid': '90f43e85-dd60-4506-aafd-d407805a8baa', 'tag': '5d54deed-ad1d-4e49-9502-92f68c6597af', 'status': 'completed', 'code': 200} /var/lib/openstack/lib/python3.12/site-packages/pycadf/identifier.py:70: UserWarning: Invalid uuid: neutron. To ensure interoperability, identifiers should be a valid uuid. warnings.warn(('Invalid uuid: %s. To ensure interoperability, '
2026-06-23 20:02:23.028 8 INFO neutron.db.ovn_revision_numbers_db [None req-364083d9-cdeb-4b36-a844-e5d03aa5d3f3 0b346d944d334c89af2283d0d438c17a 3648309eeea949919512e502836bbb3f - - default default] Successfully bumped revision number for resource 83a24072-c54d-4d68-93f4-ee6ac15b81c6 (type: security_groups) to 1
2026-06-23 20:02:23.039 8 INFO neutron.db.ovn_revision_numbers_db [None req-364083d9-cdeb-4b36-a844-e5d03aa5d3f3 0b346d944d334c89af2283d0d438c17a 3648309eeea949919512e502836bbb3f - - default default] Successfully bumped revision number for resource 22a1cba7-de0f-4ff0-a31a-7a30478580cf (type: security_group_rules) to 0
2026-06-23 20:02:23.048 8 INFO neutron.db.ovn_revision_numbers_db [None req-364083d9-cdeb-4b36-a844-e5d03aa5d3f3 0b346d944d334c89af2283d0d438c17a 3648309eeea949919512e502836bbb3f - - default default] Successfully bumped revision number for resource 4c777f22-f7a5-487e-82dc-d0b75b3c6a7a (type: security_group_rules) to 0
2026-06-23 20:02:23.059 8 INFO neutron.db.ovn_revision_numbers_db [None req-364083d9-cdeb-4b36-a844-e5d03aa5d3f3 0b346d944d334c89af2283d0d438c17a 3648309eeea949919512e502836bbb3f - - default default] Successfully bumped revision number for resource 55c6b3c4-d5a2-4197-a174-36a26b222879 (type: security_group_rules) to 0
