2026-07-02 16:39:34.623 7 INFO placement.requestlog [req-f6c8ba7d-e02b-4701-bac1-571b29065295 req-366daf60-950e-4133-8f3c-64eb40553999 0738f082948148e7b164fb9374875ef0 935aad96fe404b929e1b4c54767aad9f - - 8a866b77d43d4a139210fde42ea3a636 8a866b77d43d4a139210fde42ea3a636] 199.204.45.38 "DELETE /allocations/e74d7db8-6bb0-4e1d-8dec-ad851e3aa87a" status: 204 len: 0 microversion: 1.0 [pid: 7|app: 0|req: 345/689] 199.204.45.38 () {34 vars in 840 bytes} [Thu Jul 2 16:39:34 2026] DELETE /allocations/e74d7db8-6bb0-4e1d-8dec-ad851e3aa87a => generated 0 bytes in 35 msecs (HTTP/1.1 204) 5 headers in 198 bytes (1 switches on core 0)
2026-07-02 16:39:34.879 8 INFO placement.requestlog [None req-ac3d199b-4e5b-462d-a293-6f9d74707772 - - - - - -] 10.0.0.162 "GET /" status: 200 len: 136 microversion: 1.0
2026-07-02 16:39:34.879 7 INFO placement.requestlog [None req-4a15f76f-d260-43d7-9a41-85806c720eb3 - - - - - -] 10.0.0.162 "GET /" status: 200 len: 136 microversion: 1.0
2026-07-02 16:39:35.766 8 INFO placement.requestlog [None req-dfe744a1-1113-4781-8fec-f6ce6c66e398 1036ffb4dff843a295549ab22caabe60 935aad96fe404b929e1b4c54767aad9f - - 8a866b77d43d4a139210fde42ea3a636 8a866b77d43d4a139210fde42ea3a636] 10.0.0.122 "GET /resource_providers/5bc6e8c1-23d3-4d6a-8766-c78e4364f417/aggregates" status: 404 len: 235 microversion: 1.1 [pid: 8|app: 0|req: 346/692] 10.0.0.122 () {32 vars in 816 bytes} [Thu Jul 2 16:39:35 2026] GET /resource_providers/5bc6e8c1-23d3-4d6a-8766-c78e4364f417/aggregates => generated 235 bytes in 11 msecs (HTTP/1.1 404) 5 headers in 202 bytes (1 switches on core 0)
2026-07-02 16:39:35.774 7 INFO placement.requestlog [None req-c7fa0567-83ad-442c-bf73-9cbd931c9e8b 1036ffb4dff843a295549ab22caabe60 935aad96fe404b929e1b4c54767aad9f - - 8a866b77d43d4a139210fde42ea3a636 8a866b77d43d4a139210fde42ea3a636] 10.0.0.122 "GET /resource_providers/5bc6e8c1-23d3-4d6a-8766-c78e4364f417/aggregates" status: 404 len: 235 microversion: 1.1 [pid: 7|app: 0|req: 347/693] 10.0.0.122 () {32 vars in 816 bytes} [Thu Jul 2 16:39:35 2026] GET /resource_providers/5bc6e8c1-23d3-4d6a-8766-c78e4364f417/aggregates => generated 235 bytes in 17 msecs (HTTP/1.1 404) 5 headers in 202 bytes (1 switches on core 0)
2026-07-02 16:39:35.784 8 INFO placement.requestlog [None req-1f778d11-3238-4532-943f-533401d4addf 1036ffb4dff843a295549ab22caabe60 935aad96fe404b929e1b4c54767aad9f - - 8a866b77d43d4a139210fde42ea3a636 8a866b77d43d4a139210fde42ea3a636] 10.0.0.122 "DELETE /resource_providers/5bc6e8c1-23d3-4d6a-8766-c78e4364f417" status: 404 len: 246 microversion: 1.1 [pid: 8|app: 0|req: 347/694] 10.0.0.122 () {34 vars in 816 bytes} [Thu Jul 2 16:39:35 2026] DELETE /resource_providers/5bc6e8c1-23d3-4d6a-8766-c78e4364f417 => generated 246 bytes in 9 msecs (HTTP/1.1 404) 6 headers in 231 bytes (1 switches on core 0)
2026-07-02 16:39:35.796 7 INFO placement.requestlog [None req-8a953b70-1480-4785-9c56-b4b2883f8a6e 1036ffb4dff843a295549ab22caabe60 935aad96fe404b929e1b4c54767aad9f - - 8a866b77d43d4a139210fde42ea3a636 8a866b77d43d4a139210fde42ea3a636] 10.0.0.122 "DELETE /resource_providers/5bc6e8c1-23d3-4d6a-8766-c78e4364f417" status: 404 len: 246 microversion: 1.1 [pid: 7|app: 0|req: 348/695] 10.0.0.122 () {34 vars in 816 bytes} [Thu Jul 2 16:39:35 2026] DELETE /resource_providers/5bc6e8c1-23d3-4d6a-8766-c78e4364f417 => generated 246 bytes in 15 msecs (HTTP/1.1 404) 6 headers in 231 bytes (1 switches on core 0)
2026-07-02 16:39:37.807 8 INFO placement.requestlog [None req-367281ce-0397-4775-b11a-0b98f1d35faa 1036ffb4dff843a295549ab22caabe60 935aad96fe404b929e1b4c54767aad9f - - 8a866b77d43d4a139210fde42ea3a636 8a866b77d43d4a139210fde42ea3a636] 10.0.0.122 "GET /resource_providers/48919766-5117-4cb4-a872-20f82df786d7/aggregates" status: 404 len: 235 microversion: 1.1 [pid: 8|app: 0|req: 348/696] 10.0.0.122 () {32 vars in 816 bytes} [Thu Jul 2 16:39:37 2026] GET /resource_providers/48919766-5117-4cb4-a872-20f82df786d7/aggregates => generated 235 bytes in 10 msecs (HTTP/1.1 404) 5 headers in 202 bytes (1 switches on core 0)
2026-07-02 16:39:37.818 7 INFO placement.requestlog [None req-b5d99ccd-954b-407b-8aa0-ea0d2b6b4619 1036ffb4dff843a295549ab22caabe60 935aad96fe404b929e1b4c54767aad9f - - 8a866b77d43d4a139210fde42ea3a636 8a866b77d43d4a139210fde42ea3a636] 10.0.0.122 "GET /resource_providers/48919766-5117-4cb4-a872-20f82df786d7/aggregates" status: 404 len: 235 microversion: 1.1 [pid: 7|app: 0|req: 349/697] 10.0.0.122 () {32 vars in 816 bytes} [Thu Jul 2 16:39:37 2026] GET /resource_providers/48919766-5117-4cb4-a872-20f82df786d7/aggregates => generated 235 bytes in 12 msecs (HTTP/1.1 404) 5 headers in 202 bytes (1 switches on core 0)
2026-07-02 16:39:37.831 8 INFO placement.requestlog [None req-b869e6ad-559d-4472-82df-d0be6ec87bb9 1036ffb4dff843a295549ab22caabe60 935aad96fe404b929e1b4c54767aad9f - - 8a866b77d43d4a139210fde42ea3a636 8a866b77d43d4a139210fde42ea3a636] 10.0.0.122 "DELETE /resource_providers/48919766-5117-4cb4-a872-20f82df786d7" status: 404 len: 246 microversion: 1.1 [pid: 8|app: 0|req: 349/698] 10.0.0.122 () {34 vars in 816 bytes} [Thu Jul 2 16:39:37 2026] DELETE /resource_providers/48919766-5117-4cb4-a872-20f82df786d7 => generated 246 bytes in 11 msecs (HTTP/1.1 404) 6 headers in 231 bytes (1 switches on core 0)
2026-07-02 16:39:37.839 7 INFO placement.requestlog [None req-84975a1b-cf49-4da3-9046-89f240715b9b 1036ffb4dff843a295549ab22caabe60 935aad96fe404b929e1b4c54767aad9f - - 8a866b77d43d4a139210fde42ea3a636 8a866b77d43d4a139210fde42ea3a636] 10.0.0.122 "DELETE /resource_providers/48919766-5117-4cb4-a872-20f82df786d7" status: 404 len: 246 microversion: 1.1 [pid: 7|app: 0|req: 350/699] 10.0.0.122 () {34 vars in 816 bytes} [Thu Jul 2 16:39:37 2026] DELETE /resource_providers/48919766-5117-4cb4-a872-20f82df786d7 => generated 246 bytes in 13 msecs (HTTP/1.1 404) 6 headers in 231 bytes (1 switches on core 0)
2026-07-02 16:39:39.982 8 INFO placement.requestlog [req-334a2777-9ed8-44f2-8adc-147ada26e89d req-a937dace-cbba-4734-8abf-75308e9a8a94 0738f082948148e7b164fb9374875ef0 935aad96fe404b929e1b4c54767aad9f - - 8a866b77d43d4a139210fde42ea3a636 8a866b77d43d4a139210fde42ea3a636] 199.204.45.38 "GET /resource_providers/b0adbb94-e3b4-4cbb-84f4-c21bcd270f9d/allocations" status: 200 len: 252 microversion: 1.0 [pid: 8|app: 0|req: 350/700] 199.204.45.38 () {32 vars in 856 bytes} [Thu Jul 2 16:39:39 2026] GET /resource_providers/b0adbb94-e3b4-4cbb-84f4-c21bcd270f9d/allocations => generated 252 bytes in 25 msecs (HTTP/1.1 200) 6 headers in 224 bytes (1 switches on core 0)
2026-07-02 16:39:40.021 7 INFO placement.requestlog [req-334a2777-9ed8-44f2-8adc-147ada26e89d req-9b944407-7968-4864-b114-e2b1639226e0 0738f082948148e7b164fb9374875ef0 935aad96fe404b929e1b4c54767aad9f - - 8a866b77d43d4a139210fde42ea3a636 8a866b77d43d4a139210fde42ea3a636] 199.204.45.38 "GET /allocations/d5594c08-6b7a-4c78-986d-da6c173a8d65" status: 200 len: 257 microversion: 1.28 [pid: 7|app: 0|req: 351/701] 199.204.45.38 () {34 vars in 862 bytes} [Thu Jul 2 16:39:39 2026] GET /allocations/d5594c08-6b7a-4c78-986d-da6c173a8d65 => generated 257 bytes in 27 msecs (HTTP/1.1 200) 8 headers in 296 bytes (1 switches on core 0)
2026-07-02 16:39:40.063 8 INFO placement.requestlog [req-334a2777-9ed8-44f2-8adc-147ada26e89d req-c0aa55c4-a23a-4c9a-aafa-b0978888104f 0738f082948148e7b164fb9374875ef0 935aad96fe404b929e1b4c54767aad9f - - 8a866b77d43d4a139210fde42ea3a636 8a866b77d43d4a139210fde42ea3a636] 199.204.45.38 "GET /allocations/32275e93-f49e-405c-b789-2743ce3240a9" status: 200 len: 257 microversion: 1.28 [pid: 8|app: 0|req: 351/702] 199.204.45.38 () {34 vars in 862 bytes} [Thu Jul 2 16:39:40 2026] GET /allocations/32275e93-f49e-405c-b789-2743ce3240a9 => generated 257 bytes in 28 msecs (HTTP/1.1 200) 8 headers in 296 bytes (1 switches on core 0)
2026-07-02 16:39:40.168 7 INFO placement.requestlog [req-334a2777-9ed8-44f2-8adc-147ada26e89d req-88a092f8-1d30-4f13-9091-9855ed91de66 0738f082948148e7b164fb9374875ef0 935aad96fe404b929e1b4c54767aad9f - - 8a866b77d43d4a139210fde42ea3a636 8a866b77d43d4a139210fde42ea3a636] 199.204.45.38 "DELETE /allocations/d5594c08-6b7a-4c78-986d-da6c173a8d65" status: 204 len: 0 microversion: 1.0 [pid: 7|app: 0|req: 352/703] 199.204.45.38 () {34 vars in 840 bytes} [Thu Jul 2 16:39:40 2026] DELETE /allocations/d5594c08-6b7a-4c78-986d-da6c173a8d65 => generated 0 bytes in 31 msecs (HTTP/1.1 204) 5 headers in 198 bytes (1 switches on core 0)
2026-07-02 16:39:40.327 8 INFO placement.requestlog [None req-84ec09b2-b8cb-43f5-be1f-2dbe69a6e92b 1036ffb4dff843a295549ab22caabe60 935aad96fe404b929e1b4c54767aad9f - - 8a866b77d43d4a139210fde42ea3a636 8a866b77d43d4a139210fde42ea3a636] 10.0.0.122 "GET /resource_providers/7c724c43-8d10-4564-b727-8f1079cb0798/aggregates" status: 404 len: 235 microversion: 1.1 [pid: 8|app: 0|req: 352/704] 10.0.0.122 () {32 vars in 816 bytes} [Thu Jul 2 16:39:40 2026] GET /resource_providers/7c724c43-8d10-4564-b727-8f1079cb0798/aggregates => generated 235 bytes in 12 msecs (HTTP/1.1 404) 5 headers in 202 bytes (1 switches on core 0)
2026-07-02 16:39:40.334 7 INFO placement.requestlog [None req-e30a97cc-6e14-4dc7-96bd-5d93a9fb8f93 1036ffb4dff843a295549ab22caabe60 935aad96fe404b929e1b4c54767aad9f - - 8a866b77d43d4a139210fde42ea3a636 8a866b77d43d4a139210fde42ea3a636] 10.0.0.122 "GET /resource_providers/7c724c43-8d10-4564-b727-8f1079cb0798/aggregates" status: 404 len: 235 microversion: 1.1 [pid: 7|app: 0|req: 353/705] 10.0.0.122 () {32 vars in 816 bytes} [Thu Jul 2 16:39:40 2026] GET /resource_providers/7c724c43-8d10-4564-b727-8f1079cb0798/aggregates => generated 235 bytes in 19 msecs (HTTP/1.1 404) 5 headers in 202 bytes (1 switches on core 0)
2026-07-02 16:39:40.360 8 INFO placement.requestlog [None req-a73568a1-52b2-4ee1-bdb8-fd2d27c552b5 1036ffb4dff843a295549ab22caabe60 935aad96fe404b929e1b4c54767aad9f - - 8a866b77d43d4a139210fde42ea3a636 8a866b77d43d4a139210fde42ea3a636] 10.0.0.122 "DELETE /resource_providers/7c724c43-8d10-4564-b727-8f1079cb0798" status: 404 len: 246 microversion: 1.1 [pid: 8|app: 0|req: 353/706] 10.0.0.122 () {34 vars in 816 bytes} [Thu Jul 2 16:39:40 2026] DELETE /resource_providers/7c724c43-8d10-4564-b727-8f1079cb0798 => generated 246 bytes in 15 msecs (HTTP/1.1 404) 6 headers in 231 bytes (1 switches on core 0)
2026-07-02 16:39:40.367 7 INFO placement.requestlog [None req-5a67e2f8-7694-44ce-942f-8d64b0da3160 1036ffb4dff843a295549ab22caabe60 935aad96fe404b929e1b4c54767aad9f - - 8a866b77d43d4a139210fde42ea3a636 8a866b77d43d4a139210fde42ea3a636] 10.0.0.122 "DELETE /resource_providers/7c724c43-8d10-4564-b727-8f1079cb0798" status: 404 len: 246 microversion: 1.1 [pid: 7|app: 0|req: 354/707] 10.0.0.122 () {34 vars in 816 bytes} [Thu Jul 2 16:39:40 2026] DELETE /resource_providers/7c724c43-8d10-4564-b727-8f1079cb0798 => generated 246 bytes in 20 msecs (HTTP/1.1 404) 6 headers in 231 bytes (1 switches on core 0)
2026-07-02 16:39:42.386 8 INFO placement.requestlog [None req-a5144998-eb8b-4f00-b8fb-8e814b1d5c2a 1036ffb4dff843a295549ab22caabe60 935aad96fe404b929e1b4c54767aad9f - - 8a866b77d43d4a139210fde42ea3a636 8a866b77d43d4a139210fde42ea3a636] 10.0.0.122 "GET /resource_providers/de2dad5e-8f38-494a-8ce6-3b732b390fd9/aggregates" status: 404 len: 235 microversion: 1.1 [pid: 8|app: 0|req: 354/708] 10.0.0.122 () {32 vars in 816 bytes} [Thu Jul 2 16:39:42 2026] GET /resource_providers/de2dad5e-8f38-494a-8ce6-3b732b390fd9/aggregates => generated 235 bytes in 14 msecs (HTTP/1.1 404) 5 headers in 202 bytes (1 switches on core 0)
2026-07-02 16:39:42.395 7 INFO placement.requestlog [None req-6b8e179b-fe44-4020-a662-6901f6b1ec95 1036ffb4dff843a295549ab22caabe60 935aad96fe404b929e1b4c54767aad9f - - 8a866b77d43d4a139210fde42ea3a636 8a866b77d43d4a139210fde42ea3a636] 10.0.0.122 "GET /resource_providers/de2dad5e-8f38-494a-8ce6-3b732b390fd9/aggregates" status: 404 len: 235 microversion: 1.1 [pid: 7|app: 0|req: 355/709] 10.0.0.122 () {32 vars in 816 bytes} [Thu Jul 2 16:39:42 2026] GET /resource_providers/de2dad5e-8f38-494a-8ce6-3b732b390fd9/aggregates => generated 235 bytes in 16 msecs (HTTP/1.1 404) 5 headers in 202 bytes (1 switches on core 0)
2026-07-02 16:39:42.413 8 INFO placement.requestlog [None req-ca738124-4eed-433b-b486-b3bcebea7b4d 1036ffb4dff843a295549ab22caabe60 935aad96fe404b929e1b4c54767aad9f - - 8a866b77d43d4a139210fde42ea3a636 8a866b77d43d4a139210fde42ea3a636] 10.0.0.122 "DELETE /resource_providers/de2dad5e-8f38-494a-8ce6-3b732b390fd9" status: 404 len: 246 microversion: 1.1 [pid: 8|app: 0|req: 355/710] 10.0.0.122 () {34 vars in 816 bytes} [Thu Jul 2 16:39:42 2026] DELETE /resource_providers/de2dad5e-8f38-494a-8ce6-3b732b390fd9 => generated 246 bytes in 15 msecs (HTTP/1.1 404) 6 headers in 231 bytes (1 switches on core 0)
2026-07-02 16:39:42.421 7 INFO placement.requestlog [None req-a3af2650-a6bd-4ffd-9efc-789a87236400 1036ffb4dff843a295549ab22caabe60 935aad96fe404b929e1b4c54767aad9f - - 8a866b77d43d4a139210fde42ea3a636 8a866b77d43d4a139210fde42ea3a636] 10.0.0.122 "DELETE /resource_providers/de2dad5e-8f38-494a-8ce6-3b732b390fd9" status: 404 len: 246 microversion: 1.1 [pid: 7|app: 0|req: 356/711] 10.0.0.122 () {34 vars in 816 bytes} [Thu Jul 2 16:39:42 2026] DELETE /resource_providers/de2dad5e-8f38-494a-8ce6-3b732b390fd9 => generated 246 bytes in 14 msecs (HTTP/1.1 404) 6 headers in 231 bytes (1 switches on core 0)
2026-07-02 16:39:44.442 8 INFO placement.requestlog [None req-fc1e4e93-524f-419d-bc04-0153d96e1454 1036ffb4dff843a295549ab22caabe60 935aad96fe404b929e1b4c54767aad9f - - 8a866b77d43d4a139210fde42ea3a636 8a866b77d43d4a139210fde42ea3a636] 10.0.0.122 "GET /resource_providers/cb0c6ac1-5836-4738-9550-0b5ce253d5a3/aggregates" status: 404 len: 235 microversion: 1.1 [pid: 8|app: 0|req: 356/712] 10.0.0.122 () {32 vars in 816 bytes} [Thu Jul 2 16:39:44 2026] GET /resource_providers/cb0c6ac1-5836-4738-9550-0b5ce253d5a3/aggregates => generated 235 bytes in 11 msecs (HTTP/1.1 404) 5 headers in 202 bytes (1 switches on core 0)
2026-07-02 16:39:44.467 8 INFO placement.requestlog [None req-fbb4b3b0-3408-47bf-97a5-637881e5c901 1036ffb4dff843a295549ab22caabe60 935aad96fe404b929e1b4c54767aad9f - - 8a866b77d43d4a139210fde42ea3a636 8a866b77d43d4a139210fde42ea3a636] 10.0.0.122 "DELETE /resource_providers/cb0c6ac1-5836-4738-9550-0b5ce253d5a3" status: 404 len: 246 microversion: 1.1
2026-07-02 16:39:44.467 7 INFO placement.requestlog [None req-7d50ea16-b226-4391-8a14-a17c368f2f7e 1036ffb4dff843a295549ab22caabe60 935aad96fe404b929e1b4c54767aad9f - - 8a866b77d43d4a139210fde42ea3a636 8a866b77d43d4a139210fde42ea3a636] 10.0.0.122 "GET /resource_providers/cb0c6ac1-5836-4738-9550-0b5ce253d5a3/aggregates" status: 404 len: 235 microversion: 1.1 [pid: 8|app: 0|req: 357/713] 10.0.0.122 () {34 vars in 816 bytes} [Thu Jul 2 16:39:44 2026] DELETE /resource_providers/cb0c6ac1-5836-4738-9550-0b5ce253d5a3 => generated 246 bytes in 14 msecs (HTTP/1.1 404) 6 headers in 231 bytes (1 switches on core 0) [pid: 7|app: 0|req: 357/714] 10.0.0.122 () {32 vars in 816 bytes} [Thu Jul 2 16:39:44 2026] GET /resource_providers/cb0c6ac1-5836-4738-9550-0b5ce253d5a3/aggregates => generated 235 bytes in 14 msecs (HTTP/1.1 404) 5 headers in 202 bytes (1 switches on core 0)
2026-07-02 16:39:44.485 8 INFO placement.requestlog [None req-a352abb2-daef-48d0-ab4e-6ab3a11a87eb 1036ffb4dff843a295549ab22caabe60 935aad96fe404b929e1b4c54767aad9f - - 8a866b77d43d4a139210fde42ea3a636 8a866b77d43d4a139210fde42ea3a636] 10.0.0.122 "DELETE /resource_providers/cb0c6ac1-5836-4738-9550-0b5ce253d5a3" status: 404 len: 246 microversion: 1.1 [pid: 8|app: 0|req: 358/715] 10.0.0.122 () {34 vars in 816 bytes} [Thu Jul 2 16:39:44 2026] DELETE /resource_providers/cb0c6ac1-5836-4738-9550-0b5ce253d5a3 => generated 246 bytes in 8 msecs (HTTP/1.1 404) 6 headers in 231 bytes (1 switches on core 0)
2026-07-02 16:39:44.879 7 INFO placement.requestlog [None req-124d1dea-7f22-402d-acaf-f04978e039f7 - - - - - -] 10.0.0.162 "GET /" status: 200 len: 136 microversion: 1.0
2026-07-02 16:39:44.879 8 INFO placement.requestlog [None req-2669bbfa-41b0-46be-be0b-7a5815450f76 - - - - - -] 10.0.0.162 "GET /" status: 200 len: 136 microversion: 1.0
2026-07-02 16:39:45.290 7 INFO placement.requestlog [None req-82280e3d-def4-4625-9a3b-01c82d7b03bb 1036ffb4dff843a295549ab22caabe60 935aad96fe404b929e1b4c54767aad9f - - 8a866b77d43d4a139210fde42ea3a636 8a866b77d43d4a139210fde42ea3a636] 10.0.0.122 "GET /resource_providers/b181cf5e-442d-4b59-b47e-cade830a10e5/aggregates" status: 404 len: 235 microversion: 1.1 [pid: 7|app: 0|req: 359/718] 10.0.0.122 () {32 vars in 816 bytes} [Thu Jul 2 16:39:45 2026] GET /resource_providers/b181cf5e-442d-4b59-b47e-cade830a10e5/aggregates => generated 235 bytes in 12 msecs (HTTP/1.1 404) 5 headers in 202 bytes (1 switches on core 0)
2026-07-02 16:39:45.291 8 INFO placement.requestlog [None req-0e85f2a7-23cc-40f5-b8b0-f8f148c4bc9d 1036ffb4dff843a295549ab22caabe60 935aad96fe404b929e1b4c54767aad9f - - 8a866b77d43d4a139210fde42ea3a636 8a866b77d43d4a139210fde42ea3a636] 10.0.0.122 "GET /resource_providers/b181cf5e-442d-4b59-b47e-cade830a10e5/aggregates" status: 404 len: 235 microversion: 1.1 [pid: 8|app: 0|req: 360/719] 10.0.0.122 () {32 vars in 816 bytes} [Thu Jul 2 16:39:45 2026] GET /resource_providers/b181cf5e-442d-4b59-b47e-cade830a10e5/aggregates => generated 235 bytes in 13 msecs (HTTP/1.1 404) 5 headers in 202 bytes (1 switches on core 0)
2026-07-02 16:39:45.329 7 INFO placement.requestlog [None req-a183ba27-3078-4e1a-ae2e-0a70473f9006 1036ffb4dff843a295549ab22caabe60 935aad96fe404b929e1b4c54767aad9f - - 8a866b77d43d4a139210fde42ea3a636 8a866b77d43d4a139210fde42ea3a636] 10.0.0.122 "DELETE /resource_providers/b181cf5e-442d-4b59-b47e-cade830a10e5" status: 404 len: 246 microversion: 1.1 [pid: 7|app: 0|req: 360/720] 10.0.0.122 () {34 vars in 816 bytes} [Thu Jul 2 16:39:45 2026] DELETE /resource_providers/b181cf5e-442d-4b59-b47e-cade830a10e5 => generated 246 bytes in 10 msecs (HTTP/1.1 404) 6 headers in 231 bytes (1 switches on core 0)
2026-07-02 16:39:45.329 8 INFO placement.requestlog [None req-cb990dd7-a8ba-4520-9c9d-feb600e66dd4 1036ffb4dff843a295549ab22caabe60 935aad96fe404b929e1b4c54767aad9f - - 8a866b77d43d4a139210fde42ea3a636 8a866b77d43d4a139210fde42ea3a636] 10.0.0.122 "DELETE /resource_providers/b181cf5e-442d-4b59-b47e-cade830a10e5" status: 404 len: 246 microversion: 1.1 [pid: 8|app: 0|req: 361/721] 10.0.0.122 () {34 vars in 816 bytes} [Thu Jul 2 16:39:45 2026] DELETE /resource_providers/b181cf5e-442d-4b59-b47e-cade830a10e5 => generated 246 bytes in 10 msecs (HTTP/1.1 404) 6 headers in 231 bytes (1 switches on core 0)
2026-07-02 16:39:48.136 7 INFO placement.requestlog [req-d4bc9c7a-ec08-4bd8-b755-738a6cba94a2 req-ed0bb16f-1263-4279-8a89-171a66bfec13 0738f082948148e7b164fb9374875ef0 935aad96fe404b929e1b4c54767aad9f - - 8a866b77d43d4a139210fde42ea3a636 8a866b77d43d4a139210fde42ea3a636] 10.0.0.40 "GET /allocation_candidates?limit=1000&resources=DISK_GB%3A1%2CMEMORY_MB%3A512%2CVCPU%3A1&root_required=%21COMPUTE_STATUS_DISABLED" status: 200 len: 2190 microversion: 1.36 [pid: 7|app: 0|req: 361/722] 10.0.0.40 () {34 vars in 1011 bytes} [Thu Jul 2 16:39:48 2026] GET /allocation_candidates?limit=1000&resources=DISK_GB%3A1%2CMEMORY_MB%3A512%2CVCPU%3A1&root_required=%21COMPUTE_STATUS_DISABLED => generated 2190 bytes in 67 msecs (HTTP/1.1 200) 8 headers in 297 bytes (1 switches on core 0)
2026-07-02 16:39:48.185 8 INFO placement.requestlog [req-d4bc9c7a-ec08-4bd8-b755-738a6cba94a2 req-278bcb41-6024-45a5-a7f7-6bd0ad6d1d58 0738f082948148e7b164fb9374875ef0 935aad96fe404b929e1b4c54767aad9f - - 8a866b77d43d4a139210fde42ea3a636 8a866b77d43d4a139210fde42ea3a636] 10.0.0.40 "GET /allocations/1b410c39-e0f2-4f69-b540-a719f7c7d460" status: 200 len: 19 microversion: 1.28 [pid: 8|app: 0|req: 362/723] 10.0.0.40 () {34 vars in 860 bytes} [Thu Jul 2 16:39:48 2026] GET /allocations/1b410c39-e0f2-4f69-b540-a719f7c7d460 => generated 19 bytes in 12 msecs (HTTP/1.1 200) 8 headers in 295 bytes (1 switches on core 0)
2026-07-02 16:39:48.269 7 INFO placement.requestlog [req-d4bc9c7a-ec08-4bd8-b755-738a6cba94a2 req-3fb0aab9-3597-4b9c-b0a7-d0d138122c89 0738f082948148e7b164fb9374875ef0 935aad96fe404b929e1b4c54767aad9f - - 8a866b77d43d4a139210fde42ea3a636 8a866b77d43d4a139210fde42ea3a636] 10.0.0.40 "PUT /allocations/1b410c39-e0f2-4f69-b540-a719f7c7d460" status: 204 len: 0 microversion: 1.36 [pid: 7|app: 0|req: 362/724] 10.0.0.40 () {38 vars in 913 bytes} [Thu Jul 2 16:39:48 2026] PUT /allocations/1b410c39-e0f2-4f69-b540-a719f7c7d460 => generated 0 bytes in 77 msecs (HTTP/1.1 204) 5 headers in 199 bytes (1 switches on core 0)
2026-07-02 16:39:48.566 8 INFO placement.requestlog [req-d4bc9c7a-ec08-4bd8-b755-738a6cba94a2 req-e8a35798-b231-4409-b051-f5a855669133 0738f082948148e7b164fb9374875ef0 935aad96fe404b929e1b4c54767aad9f - - 8a866b77d43d4a139210fde42ea3a636 8a866b77d43d4a139210fde42ea3a636] 199.204.45.38 "GET /allocations/1b410c39-e0f2-4f69-b540-a719f7c7d460" status: 200 len: 257 microversion: 1.28 [pid: 8|app: 0|req: 363/725] 199.204.45.38 () {34 vars in 862 bytes} [Thu Jul 2 16:39:48 2026] GET /allocations/1b410c39-e0f2-4f69-b540-a719f7c7d460 => generated 257 bytes in 20 msecs (HTTP/1.1 200) 8 headers in 296 bytes (1 switches on core 0)
2026-07-02 16:39:48.699 7 INFO placement.requestlog [req-d4bc9c7a-ec08-4bd8-b755-738a6cba94a2 req-443d051f-1ff9-472b-95db-60533c1c3ce5 0738f082948148e7b164fb9374875ef0 935aad96fe404b929e1b4c54767aad9f - - 8a866b77d43d4a139210fde42ea3a636 8a866b77d43d4a139210fde42ea3a636] 199.204.45.38 "GET /resource_providers/b0adbb94-e3b4-4cbb-84f4-c21bcd270f9d/allocations" status: 200 len: 252 microversion: 1.0 [pid: 7|app: 0|req: 363/726] 199.204.45.38 () {32 vars in 856 bytes} [Thu Jul 2 16:39:48 2026] GET /resource_providers/b0adbb94-e3b4-4cbb-84f4-c21bcd270f9d/allocations => generated 252 bytes in 16 msecs (HTTP/1.1 200) 6 headers in 224 bytes (1 switches on core 0)
2026-07-02 16:39:48.723 8 INFO placement.requestlog [req-d4bc9c7a-ec08-4bd8-b755-738a6cba94a2 req-04204b74-22a6-4829-b7ab-2a82b74f5411 0738f082948148e7b164fb9374875ef0 935aad96fe404b929e1b4c54767aad9f - - 8a866b77d43d4a139210fde42ea3a636 8a866b77d43d4a139210fde42ea3a636] 199.204.45.38 "GET /allocations/32275e93-f49e-405c-b789-2743ce3240a9" status: 200 len: 257 microversion: 1.28 [pid: 8|app: 0|req: 364/727] 199.204.45.38 () {34 vars in 862 bytes} [Thu Jul 2 16:39:48 2026] GET /allocations/32275e93-f49e-405c-b789-2743ce3240a9 => generated 257 bytes in 18 msecs (HTTP/1.1 200) 8 headers in 296 bytes (1 switches on core 0)
2026-07-02 16:39:48.744 7 INFO placement.requestlog [req-d4bc9c7a-ec08-4bd8-b755-738a6cba94a2 req-f8b4e9bb-23c9-4bd3-89e5-5e89af84d60c 0738f082948148e7b164fb9374875ef0 935aad96fe404b929e1b4c54767aad9f - - 8a866b77d43d4a139210fde42ea3a636 8a866b77d43d4a139210fde42ea3a636] 199.204.45.38 "GET /allocations/1b410c39-e0f2-4f69-b540-a719f7c7d460" status: 200 len: 257 microversion: 1.28 [pid: 7|app: 0|req: 364/728] 199.204.45.38 () {34 vars in 862 bytes} [Thu Jul 2 16:39:48 2026] GET /allocations/1b410c39-e0f2-4f69-b540-a719f7c7d460 => generated 257 bytes in 15 msecs (HTTP/1.1 200) 8 headers in 296 bytes (1 switches on core 0)
2026-07-02 16:39:53.840 8 INFO placement.requestlog [req-36d252c5-6ed7-4be0-8ba7-66d5153c1157 req-eb085a49-8ea8-4daf-902a-883f813052cf 0738f082948148e7b164fb9374875ef0 935aad96fe404b929e1b4c54767aad9f - - 8a866b77d43d4a139210fde42ea3a636 8a866b77d43d4a139210fde42ea3a636] 199.204.45.38 "GET /resource_providers/b0adbb94-e3b4-4cbb-84f4-c21bcd270f9d/allocations" status: 200 len: 252 microversion: 1.0 [pid: 8|app: 0|req: 365/729] 199.204.45.38 () {32 vars in 856 bytes} [Thu Jul 2 16:39:53 2026] GET /resource_providers/b0adbb94-e3b4-4cbb-84f4-c21bcd270f9d/allocations => generated 252 bytes in 38 msecs (HTTP/1.1 200) 6 headers in 224 bytes (1 switches on core 0)
2026-07-02 16:39:53.873 7 INFO placement.requestlog [req-36d252c5-6ed7-4be0-8ba7-66d5153c1157 req-b99668bb-d1cf-4c1c-bb2c-6015c7be1230 0738f082948148e7b164fb9374875ef0 935aad96fe404b929e1b4c54767aad9f - - 8a866b77d43d4a139210fde42ea3a636 8a866b77d43d4a139210fde42ea3a636] 199.204.45.38 "GET /allocations/32275e93-f49e-405c-b789-2743ce3240a9" status: 200 len: 257 microversion: 1.28 [pid: 7|app: 0|req: 365/730] 199.204.45.38 () {34 vars in 862 bytes} [Thu Jul 2 16:39:53 2026] GET /allocations/32275e93-f49e-405c-b789-2743ce3240a9 => generated 257 bytes in 27 msecs (HTTP/1.1 200) 8 headers in 296 bytes (1 switches on core 0)
2026-07-02 16:39:53.902 8 INFO placement.requestlog [req-36d252c5-6ed7-4be0-8ba7-66d5153c1157 req-05fd6d18-a8bc-41a9-aa2b-db335d2aeb91 0738f082948148e7b164fb9374875ef0 935aad96fe404b929e1b4c54767aad9f - - 8a866b77d43d4a139210fde42ea3a636 8a866b77d43d4a139210fde42ea3a636] 199.204.45.38 "GET /allocations/1b410c39-e0f2-4f69-b540-a719f7c7d460" status: 200 len: 257 microversion: 1.28 [pid: 8|app: 0|req: 366/731] 199.204.45.38 () {34 vars in 862 bytes} [Thu Jul 2 16:39:53 2026] GET /allocations/1b410c39-e0f2-4f69-b540-a719f7c7d460 => generated 257 bytes in 18 msecs (HTTP/1.1 200) 8 headers in 296 bytes (1 switches on core 0)
2026-07-02 16:39:54.022 7 INFO placement.requestlog [req-36d252c5-6ed7-4be0-8ba7-66d5153c1157 req-cd737b78-09ce-4e62-ba29-7da8a9123bd0 0738f082948148e7b164fb9374875ef0 935aad96fe404b929e1b4c54767aad9f - - 8a866b77d43d4a139210fde42ea3a636 8a866b77d43d4a139210fde42ea3a636] 199.204.45.38 "DELETE /allocations/32275e93-f49e-405c-b789-2743ce3240a9" status: 204 len: 0 microversion: 1.0 [pid: 7|app: 0|req: 366/732] 199.204.45.38 () {34 vars in 840 bytes} [Thu Jul 2 16:39:53 2026] DELETE /allocations/32275e93-f49e-405c-b789-2743ce3240a9 => generated 0 bytes in 51 msecs (HTTP/1.1 204) 5 headers in 198 bytes (1 switches on core 0)
2026-07-02 16:39:54.801 8 INFO placement.requestlog [req-dc442b67-cf66-404c-a8a7-91a3d490803c req-92aa1210-976b-436d-9cee-befca1bc508e 0738f082948148e7b164fb9374875ef0 935aad96fe404b929e1b4c54767aad9f - - 8a866b77d43d4a139210fde42ea3a636 8a866b77d43d4a139210fde42ea3a636] 10.0.0.40 "GET /allocation_candidates?limit=1000&resources=DISK_GB%3A1%2CMEMORY_MB%3A512%2CVCPU%3A1&root_required=%21COMPUTE_STATUS_DISABLED" status: 200 len: 2190 microversion: 1.36 [pid: 8|app: 0|req: 367/733] 10.0.0.40 () {34 vars in 1011 bytes} [Thu Jul 2 16:39:54 2026] GET /allocation_candidates?limit=1000&resources=DISK_GB%3A1%2CMEMORY_MB%3A512%2CVCPU%3A1&root_required=%21COMPUTE_STATUS_DISABLED => generated 2190 bytes in 49 msecs (HTTP/1.1 200) 8 headers in 297 bytes (1 switches on core 0)
2026-07-02 16:39:54.846 7 INFO placement.requestlog [req-dc442b67-cf66-404c-a8a7-91a3d490803c req-d32ee2d4-81cb-4dc1-9033-ed8664992c50 0738f082948148e7b164fb9374875ef0 935aad96fe404b929e1b4c54767aad9f - - 8a866b77d43d4a139210fde42ea3a636 8a866b77d43d4a139210fde42ea3a636] 10.0.0.40 "GET /allocations/d25e5a71-f4c9-4040-a75f-57e285afdae3" status: 200 len: 19 microversion: 1.28 [pid: 7|app: 0|req: 367/734] 10.0.0.40 () {34 vars in 860 bytes} [Thu Jul 2 16:39:54 2026] GET /allocations/d25e5a71-f4c9-4040-a75f-57e285afdae3 => generated 19 bytes in 16 msecs (HTTP/1.1 200) 8 headers in 295 bytes (1 switches on core 0)
2026-07-02 16:39:54.879 7 INFO placement.requestlog [None req-ef1cd815-2a63-48c0-99d4-6b5158061d5b - - - - - -] 10.0.0.162 "GET /" status: 200 len: 136 microversion: 1.0
2026-07-02 16:39:54.882 7 INFO placement.requestlog [None req-9d9a9e58-fcf1-45e2-8a16-dc99f22220fe - - - - - -] 10.0.0.162 "GET /" status: 200 len: 136 microversion: 1.0
2026-07-02 16:39:54.960 8 INFO placement.requestlog [req-dc442b67-cf66-404c-a8a7-91a3d490803c req-bc1d7be4-040c-4cc9-97d5-bd837c61f2b7 0738f082948148e7b164fb9374875ef0 935aad96fe404b929e1b4c54767aad9f - - 8a866b77d43d4a139210fde42ea3a636 8a866b77d43d4a139210fde42ea3a636] 10.0.0.40 "PUT /allocations/d25e5a71-f4c9-4040-a75f-57e285afdae3" status: 204 len: 0 microversion: 1.36 [pid: 8|app: 0|req: 368/737] 10.0.0.40 () {38 vars in 913 bytes} [Thu Jul 2 16:39:54 2026] PUT /allocations/d25e5a71-f4c9-4040-a75f-57e285afdae3 => generated 0 bytes in 102 msecs (HTTP/1.1 204) 5 headers in 199 bytes (1 switches on core 0)
2026-07-02 16:39:55.091 7 INFO placement.requestlog [req-2282afa7-2fe0-46e3-aacc-8fd8ecc88b49 req-95dc5449-7666-4677-9ce0-545ac6c25767 0738f082948148e7b164fb9374875ef0 935aad96fe404b929e1b4c54767aad9f - - 8a866b77d43d4a139210fde42ea3a636 8a866b77d43d4a139210fde42ea3a636] 199.204.45.38 "GET /resource_providers/b0adbb94-e3b4-4cbb-84f4-c21bcd270f9d/allocations" status: 200 len: 252 microversion: 1.0 [pid: 7|app: 0|req: 370/738] 199.204.45.38 () {32 vars in 856 bytes} [Thu Jul 2 16:39:55 2026] GET /resource_providers/b0adbb94-e3b4-4cbb-84f4-c21bcd270f9d/allocations => generated 252 bytes in 27 msecs (HTTP/1.1 200) 6 headers in 224 bytes (1 switches on core 0)
2026-07-02 16:39:55.123 8 INFO placement.requestlog [req-2282afa7-2fe0-46e3-aacc-8fd8ecc88b49 req-c296bd5e-9407-47d4-ba97-71de88a5c13e 0738f082948148e7b164fb9374875ef0 935aad96fe404b929e1b4c54767aad9f - - 8a866b77d43d4a139210fde42ea3a636 8a866b77d43d4a139210fde42ea3a636] 199.204.45.38 "GET /allocations/d25e5a71-f4c9-4040-a75f-57e285afdae3" status: 200 len: 257 microversion: 1.28 [pid: 8|app: 0|req: 369/739] 199.204.45.38 () {34 vars in 862 bytes} [Thu Jul 2 16:39:55 2026] GET /allocations/d25e5a71-f4c9-4040-a75f-57e285afdae3 => generated 257 bytes in 25 msecs (HTTP/1.1 200) 8 headers in 296 bytes (1 switches on core 0)
2026-07-02 16:39:55.155 7 INFO placement.requestlog [req-2282afa7-2fe0-46e3-aacc-8fd8ecc88b49 req-783aaed2-feef-42e3-9c5a-1fb77f6fe195 0738f082948148e7b164fb9374875ef0 935aad96fe404b929e1b4c54767aad9f - - 8a866b77d43d4a139210fde42ea3a636 8a866b77d43d4a139210fde42ea3a636] 199.204.45.38 "GET /allocations/1b410c39-e0f2-4f69-b540-a719f7c7d460" status: 200 len: 257 microversion: 1.28 [pid: 7|app: 0|req: 371/740] 199.204.45.38 () {34 vars in 862 bytes} [Thu Jul 2 16:39:55 2026] GET /allocations/1b410c39-e0f2-4f69-b540-a719f7c7d460 => generated 257 bytes in 24 msecs (HTTP/1.1 200) 8 headers in 296 bytes (1 switches on core 0)
2026-07-02 16:39:55.252 8 INFO placement.requestlog [req-2282afa7-2fe0-46e3-aacc-8fd8ecc88b49 req-ad60ff72-a62d-4828-9ba5-9e037776dbde 0738f082948148e7b164fb9374875ef0 935aad96fe404b929e1b4c54767aad9f - - 8a866b77d43d4a139210fde42ea3a636 8a866b77d43d4a139210fde42ea3a636] 199.204.45.38 "DELETE /allocations/1b410c39-e0f2-4f69-b540-a719f7c7d460" status: 204 len: 0 microversion: 1.0 [pid: 8|app: 0|req: 370/741] 199.204.45.38 () {34 vars in 840 bytes} [Thu Jul 2 16:39:55 2026] DELETE /allocations/1b410c39-e0f2-4f69-b540-a719f7c7d460 => generated 0 bytes in 45 msecs (HTTP/1.1 204) 5 headers in 198 bytes (1 switches on core 0)
2026-07-02 16:39:55.398 7 INFO placement.requestlog [req-dc442b67-cf66-404c-a8a7-91a3d490803c req-1ee8d8f5-3040-42ee-819d-1fb8211a9a57 0738f082948148e7b164fb9374875ef0 935aad96fe404b929e1b4c54767aad9f - - 8a866b77d43d4a139210fde42ea3a636 8a866b77d43d4a139210fde42ea3a636] 199.204.45.38 "GET /allocations/d25e5a71-f4c9-4040-a75f-57e285afdae3" status: 200 len: 257 microversion: 1.28 [pid: 7|app: 0|req: 372/742] 199.204.45.38 () {34 vars in 862 bytes} [Thu Jul 2 16:39:55 2026] GET /allocations/d25e5a71-f4c9-4040-a75f-57e285afdae3 => generated 257 bytes in 31 msecs (HTTP/1.1 200) 8 headers in 296 bytes (1 switches on core 0)
2026-07-02 16:39:55.508 8 INFO placement.requestlog [req-dc442b67-cf66-404c-a8a7-91a3d490803c req-b66f2b18-5b2e-41ad-b1fe-bb0c89705c40 0738f082948148e7b164fb9374875ef0 935aad96fe404b929e1b4c54767aad9f - - 8a866b77d43d4a139210fde42ea3a636 8a866b77d43d4a139210fde42ea3a636] 199.204.45.38 "GET /resource_providers/b0adbb94-e3b4-4cbb-84f4-c21bcd270f9d/allocations" status: 200 len: 152 microversion: 1.0 [pid: 8|app: 0|req: 371/743] 199.204.45.38 () {32 vars in 856 bytes} [Thu Jul 2 16:39:55 2026] GET /resource_providers/b0adbb94-e3b4-4cbb-84f4-c21bcd270f9d/allocations => generated 152 bytes in 20 msecs (HTTP/1.1 200) 6 headers in 224 bytes (1 switches on core 0)
2026-07-02 16:39:55.533 7 INFO placement.requestlog [req-dc442b67-cf66-404c-a8a7-91a3d490803c req-112365fe-3f7d-4e4a-ba79-79e75fda0716 0738f082948148e7b164fb9374875ef0 935aad96fe404b929e1b4c54767aad9f - - 8a866b77d43d4a139210fde42ea3a636 8a866b77d43d4a139210fde42ea3a636] 199.204.45.38 "GET /allocations/d25e5a71-f4c9-4040-a75f-57e285afdae3" status: 200 len: 257 microversion: 1.28 [pid: 7|app: 0|req: 373/744] 199.204.45.38 () {34 vars in 862 bytes} [Thu Jul 2 16:39:55 2026] GET /allocations/d25e5a71-f4c9-4040-a75f-57e285afdae3 => generated 257 bytes in 16 msecs (HTTP/1.1 200) 8 headers in 296 bytes (1 switches on core 0)
2026-07-02 16:39:58.153 7 INFO placement.requestlog [None req-2be1d7e9-79ff-436b-98c7-38d022273881 1036ffb4dff843a295549ab22caabe60 935aad96fe404b929e1b4c54767aad9f - - 8a866b77d43d4a139210fde42ea3a636 8a866b77d43d4a139210fde42ea3a636] 10.0.0.122 "GET /resource_providers/448f7ffd-dd67-4047-8c08-eeed6356b9f7/aggregates" status: 404 len: 235 microversion: 1.1 [pid: 7|app: 0|req: 374/745] 10.0.0.122 () {32 vars in 816 bytes} [Thu Jul 2 16:39:58 2026] GET /resource_providers/448f7ffd-dd67-4047-8c08-eeed6356b9f7/aggregates => generated 235 bytes in 10 msecs (HTTP/1.1 404) 5 headers in 202 bytes (1 switches on core 0)
2026-07-02 16:39:58.153 8 INFO placement.requestlog [None req-2d92dbea-2d1f-4c37-957b-7fcc7da99d32 1036ffb4dff843a295549ab22caabe60 935aad96fe404b929e1b4c54767aad9f - - 8a866b77d43d4a139210fde42ea3a636 8a866b77d43d4a139210fde42ea3a636] 10.0.0.122 "GET /resource_providers/448f7ffd-dd67-4047-8c08-eeed6356b9f7/aggregates" status: 404 len: 235 microversion: 1.1 [pid: 8|app: 0|req: 372/746] 10.0.0.122 () {32 vars in 816 bytes} [Thu Jul 2 16:39:58 2026] GET /resource_providers/448f7ffd-dd67-4047-8c08-eeed6356b9f7/aggregates => generated 235 bytes in 11 msecs (HTTP/1.1 404) 5 headers in 202 bytes (1 switches on core 0)
2026-07-02 16:39:58.177 7 INFO placement.requestlog [None req-468a9f12-31e5-46b1-9bfe-233cc82f5527 1036ffb4dff843a295549ab22caabe60 935aad96fe404b929e1b4c54767aad9f - - 8a866b77d43d4a139210fde42ea3a636 8a866b77d43d4a139210fde42ea3a636] 10.0.0.122 "DELETE /resource_providers/448f7ffd-dd67-4047-8c08-eeed6356b9f7" status: 404 len: 246 microversion: 1.1 [pid: 7|app: 0|req: 375/747] 10.0.0.122 () {34 vars in 816 bytes} [Thu Jul 2 16:39:58 2026] DELETE /resource_providers/448f7ffd-dd67-4047-8c08-eeed6356b9f7 => generated 246 bytes in 9 msecs (HTTP/1.1 404) 6 headers in 231 bytes (1 switches on core 0)
2026-07-02 16:39:58.183 8 INFO placement.requestlog [None req-8608d0c6-2bdd-4d23-aa2a-26685d0daf02 1036ffb4dff843a295549ab22caabe60 935aad96fe404b929e1b4c54767aad9f - - 8a866b77d43d4a139210fde42ea3a636 8a866b77d43d4a139210fde42ea3a636] 10.0.0.122 "DELETE /resource_providers/448f7ffd-dd67-4047-8c08-eeed6356b9f7" status: 404 len: 246 microversion: 1.1 [pid: 8|app: 0|req: 373/748] 10.0.0.122 () {34 vars in 816 bytes} [Thu Jul 2 16:39:58 2026] DELETE /resource_providers/448f7ffd-dd67-4047-8c08-eeed6356b9f7 => generated 246 bytes in 12 msecs (HTTP/1.1 404) 6 headers in 231 bytes (1 switches on core 0)
2026-07-02 16:39:59.190 7 INFO placement.requestlog [None req-195a366b-a52a-4cde-91ec-494551a56ef7 1036ffb4dff843a295549ab22caabe60 935aad96fe404b929e1b4c54767aad9f - - 8a866b77d43d4a139210fde42ea3a636 8a866b77d43d4a139210fde42ea3a636] 10.0.0.122 "GET /resource_providers/8c4c30f5-b8eb-4bb3-aa37-2c25346fe885/aggregates" status: 404 len: 235 microversion: 1.1 [pid: 7|app: 0|req: 376/749] 10.0.0.122 () {32 vars in 816 bytes} [Thu Jul 2 16:39:59 2026] GET /resource_providers/8c4c30f5-b8eb-4bb3-aa37-2c25346fe885/aggregates => generated 235 bytes in 15 msecs (HTTP/1.1 404) 5 headers in 202 bytes (1 switches on core 0)
2026-07-02 16:39:59.195 8 INFO placement.requestlog [None req-f2858902-148d-4bfb-a582-8e7d07479f75 1036ffb4dff843a295549ab22caabe60 935aad96fe404b929e1b4c54767aad9f - - 8a866b77d43d4a139210fde42ea3a636 8a866b77d43d4a139210fde42ea3a636] 10.0.0.122 "GET /resource_providers/8c4c30f5-b8eb-4bb3-aa37-2c25346fe885/aggregates" status: 404 len: 235 microversion: 1.1 [pid: 8|app: 0|req: 374/750] 10.0.0.122 () {32 vars in 816 bytes} [Thu Jul 2 16:39:59 2026] GET /resource_providers/8c4c30f5-b8eb-4bb3-aa37-2c25346fe885/aggregates => generated 235 bytes in 14 msecs (HTTP/1.1 404) 5 headers in 202 bytes (1 switches on core 0)
2026-07-02 16:39:59.212 7 INFO placement.requestlog [None req-ae563ef3-1bb1-4cb4-bccb-7c62c18793c6 1036ffb4dff843a295549ab22caabe60 935aad96fe404b929e1b4c54767aad9f - - 8a866b77d43d4a139210fde42ea3a636 8a866b77d43d4a139210fde42ea3a636] 10.0.0.122 "DELETE /resource_providers/8c4c30f5-b8eb-4bb3-aa37-2c25346fe885" status: 404 len: 246 microversion: 1.1 [pid: 7|app: 0|req: 377/751] 10.0.0.122 () {34 vars in 816 bytes} [Thu Jul 2 16:39:59 2026] DELETE /resource_providers/8c4c30f5-b8eb-4bb3-aa37-2c25346fe885 => generated 246 bytes in 14 msecs (HTTP/1.1 404) 6 headers in 231 bytes (1 switches on core 0)
2026-07-02 16:39:59.216 8 INFO placement.requestlog [None req-3b400ba3-71bb-4bf9-a7df-abecede0d0c2 1036ffb4dff843a295549ab22caabe60 935aad96fe404b929e1b4c54767aad9f - - 8a866b77d43d4a139210fde42ea3a636 8a866b77d43d4a139210fde42ea3a636] 10.0.0.122 "DELETE /resource_providers/8c4c30f5-b8eb-4bb3-aa37-2c25346fe885" status: 404 len: 246 microversion: 1.1 [pid: 8|app: 0|req: 375/752] 10.0.0.122 () {34 vars in 816 bytes} [Thu Jul 2 16:39:59 2026] DELETE /resource_providers/8c4c30f5-b8eb-4bb3-aa37-2c25346fe885 => generated 246 bytes in 13 msecs (HTTP/1.1 404) 6 headers in 231 bytes (1 switches on core 0)
2026-07-02 16:40:00.202 7 INFO placement.requestlog [None req-407a723d-72ce-4416-a763-3d6216488270 1036ffb4dff843a295549ab22caabe60 935aad96fe404b929e1b4c54767aad9f - - 8a866b77d43d4a139210fde42ea3a636 8a866b77d43d4a139210fde42ea3a636] 10.0.0.122 "GET /resource_providers/a4a23d2e-c328-4a69-9094-8ddb0adf5c72/aggregates" status: 404 len: 235 microversion: 1.1 [pid: 7|app: 0|req: 378/753] 10.0.0.122 () {32 vars in 816 bytes} [Thu Jul 2 16:40:00 2026] GET /resource_providers/a4a23d2e-c328-4a69-9094-8ddb0adf5c72/aggregates => generated 235 bytes in 15 msecs (HTTP/1.1 404) 5 headers in 202 bytes (1 switches on core 0)
2026-07-02 16:40:00.214 8 INFO placement.requestlog [None req-5bb68fbf-fd49-4fca-bc1f-9e4349967d7c 1036ffb4dff843a295549ab22caabe60 935aad96fe404b929e1b4c54767aad9f - - 8a866b77d43d4a139210fde42ea3a636 8a866b77d43d4a139210fde42ea3a636] 10.0.0.122 "GET /resource_providers/a4a23d2e-c328-4a69-9094-8ddb0adf5c72/aggregates" status: 404 len: 235 microversion: 1.1 [pid: 8|app: 0|req: 376/754] 10.0.0.122 () {32 vars in 816 bytes} [Thu Jul 2 16:40:00 2026] GET /resource_providers/a4a23d2e-c328-4a69-9094-8ddb0adf5c72/aggregates => generated 235 bytes in 15 msecs (HTTP/1.1 404) 5 headers in 202 bytes (1 switches on core 0)
2026-07-02 16:40:00.224 7 INFO placement.requestlog [None req-c36de175-60ca-417d-9b9d-79508621fec5 1036ffb4dff843a295549ab22caabe60 935aad96fe404b929e1b4c54767aad9f - - 8a866b77d43d4a139210fde42ea3a636 8a866b77d43d4a139210fde42ea3a636] 10.0.0.122 "DELETE /resource_providers/a4a23d2e-c328-4a69-9094-8ddb0adf5c72" status: 404 len: 246 microversion: 1.1 [pid: 7|app: 0|req: 379/755] 10.0.0.122 () {34 vars in 816 bytes} [Thu Jul 2 16:40:00 2026] DELETE /resource_providers/a4a23d2e-c328-4a69-9094-8ddb0adf5c72 => generated 246 bytes in 14 msecs (HTTP/1.1 404) 6 headers in 231 bytes (1 switches on core 0)
2026-07-02 16:40:00.233 8 INFO placement.requestlog [None req-1ec6776b-50a7-4cbe-b615-e49940f33dab 1036ffb4dff843a295549ab22caabe60 935aad96fe404b929e1b4c54767aad9f - - 8a866b77d43d4a139210fde42ea3a636 8a866b77d43d4a139210fde42ea3a636] 10.0.0.122 "DELETE /resource_providers/a4a23d2e-c328-4a69-9094-8ddb0adf5c72" status: 404 len: 246 microversion: 1.1 [pid: 8|app: 0|req: 377/756] 10.0.0.122 () {34 vars in 816 bytes} [Thu Jul 2 16:40:00 2026] DELETE /resource_providers/a4a23d2e-c328-4a69-9094-8ddb0adf5c72 => generated 246 bytes in 10 msecs (HTTP/1.1 404) 6 headers in 231 bytes (1 switches on core 0)
2026-07-02 16:40:02.248 7 INFO placement.requestlog [None req-b9d8b798-41cd-4328-a25e-d8a9ba2ca3a6 1036ffb4dff843a295549ab22caabe60 935aad96fe404b929e1b4c54767aad9f - - 8a866b77d43d4a139210fde42ea3a636 8a866b77d43d4a139210fde42ea3a636] 10.0.0.122 "GET /resource_providers/4a1a7dd7-0559-4dd7-b0e1-622a0aaa263f/aggregates" status: 404 len: 235 microversion: 1.1 [pid: 7|app: 0|req: 380/757] 10.0.0.122 () {32 vars in 816 bytes} [Thu Jul 2 16:40:02 2026] GET /resource_providers/4a1a7dd7-0559-4dd7-b0e1-622a0aaa263f/aggregates => generated 235 bytes in 16 msecs (HTTP/1.1 404) 5 headers in 202 bytes (1 switches on core 0)
2026-07-02 16:40:02.255 8 INFO placement.requestlog [None req-232ad61f-3555-47cc-bb2b-f8e5e879b82e 1036ffb4dff843a295549ab22caabe60 935aad96fe404b929e1b4c54767aad9f - - 8a866b77d43d4a139210fde42ea3a636 8a866b77d43d4a139210fde42ea3a636] 10.0.0.122 "GET /resource_providers/4a1a7dd7-0559-4dd7-b0e1-622a0aaa263f/aggregates" status: 404 len: 235 microversion: 1.1 [pid: 8|app: 0|req: 378/758] 10.0.0.122 () {32 vars in 816 bytes} [Thu Jul 2 16:40:02 2026] GET /resource_providers/4a1a7dd7-0559-4dd7-b0e1-622a0aaa263f/aggregates => generated 235 bytes in 16 msecs (HTTP/1.1 404) 5 headers in 202 bytes (1 switches on core 0)
2026-07-02 16:40:02.296 7 INFO placement.requestlog [None req-e2dd4293-3314-4017-bbcf-96a60fd68516 1036ffb4dff843a295549ab22caabe60 935aad96fe404b929e1b4c54767aad9f - - 8a866b77d43d4a139210fde42ea3a636 8a866b77d43d4a139210fde42ea3a636] 10.0.0.122 "DELETE /resource_providers/4a1a7dd7-0559-4dd7-b0e1-622a0aaa263f" status: 404 len: 246 microversion: 1.1 [pid: 7|app: 0|req: 381/759] 10.0.0.122 () {34 vars in 816 bytes} [Thu Jul 2 16:40:02 2026] DELETE /resource_providers/4a1a7dd7-0559-4dd7-b0e1-622a0aaa263f => generated 246 bytes in 17 msecs (HTTP/1.1 404) 6 headers in 231 bytes (1 switches on core 0)
2026-07-02 16:40:02.298 8 INFO placement.requestlog [None req-cce3b7f5-fc0a-48a4-80e7-12612aff97f3 1036ffb4dff843a295549ab22caabe60 935aad96fe404b929e1b4c54767aad9f - - 8a866b77d43d4a139210fde42ea3a636 8a866b77d43d4a139210fde42ea3a636] 10.0.0.122 "DELETE /resource_providers/4a1a7dd7-0559-4dd7-b0e1-622a0aaa263f" status: 404 len: 246 microversion: 1.1 [pid: 8|app: 0|req: 379/760] 10.0.0.122 () {34 vars in 816 bytes} [Thu Jul 2 16:40:02 2026] DELETE /resource_providers/4a1a7dd7-0559-4dd7-b0e1-622a0aaa263f => generated 246 bytes in 17 msecs (HTTP/1.1 404) 6 headers in 231 bytes (1 switches on core 0)
2026-07-02 16:40:04.879 8 INFO placement.requestlog [None req-43127db5-0073-4acb-acfc-8ca90e2366a8 - - - - - -] 10.0.0.162 "GET /" status: 200 len: 136 microversion: 1.0
2026-07-02 16:40:04.879 7 INFO placement.requestlog [None req-3d4b4b8c-eabb-4fd1-aa7b-8c2fed9eeeb1 - - - - - -] 10.0.0.162 "GET /" status: 200 len: 136 microversion: 1.0
2026-07-02 16:40:09.225 7 INFO placement.requestlog [None req-ff52dada-283a-467d-a2bd-04597a02d2b6 1036ffb4dff843a295549ab22caabe60 935aad96fe404b929e1b4c54767aad9f - - 8a866b77d43d4a139210fde42ea3a636 8a866b77d43d4a139210fde42ea3a636] 10.0.0.122 "GET /resource_providers/d442b2a8-8abd-4806-b126-8e325b5dbaf3/aggregates" status: 404 len: 235 microversion: 1.1
2026-07-02 16:40:09.226 8 INFO placement.requestlog [None req-511a27d1-3cd3-421c-ab56-6e287bbe2e45 1036ffb4dff843a295549ab22caabe60 935aad96fe404b929e1b4c54767aad9f - - 8a866b77d43d4a139210fde42ea3a636 8a866b77d43d4a139210fde42ea3a636] 10.0.0.122 "GET /resource_providers/d442b2a8-8abd-4806-b126-8e325b5dbaf3/aggregates" status: 404 len: 235 microversion: 1.1 [pid: 7|app: 0|req: 383/763] 10.0.0.122 () {32 vars in 816 bytes} [Thu Jul 2 16:40:09 2026] GET /resource_providers/d442b2a8-8abd-4806-b126-8e325b5dbaf3/aggregates => generated 235 bytes in 18 msecs (HTTP/1.1 404) 5 headers in 202 bytes (1 switches on core 0) [pid: 8|app: 0|req: 381/764] 10.0.0.122 () {32 vars in 816 bytes} [Thu Jul 2 16:40:09 2026] GET /resource_providers/d442b2a8-8abd-4806-b126-8e325b5dbaf3/aggregates => generated 235 bytes in 12 msecs (HTTP/1.1 404) 5 headers in 202 bytes (1 switches on core 0)
2026-07-02 16:40:09.247 8 INFO placement.requestlog [None req-cd19642a-a997-4a93-ad91-81246a3a2eef 1036ffb4dff843a295549ab22caabe60 935aad96fe404b929e1b4c54767aad9f - - 8a866b77d43d4a139210fde42ea3a636 8a866b77d43d4a139210fde42ea3a636] 10.0.0.122 "DELETE /resource_providers/d442b2a8-8abd-4806-b126-8e325b5dbaf3" status: 404 len: 246 microversion: 1.1 [pid: 8|app: 0|req: 382/765] 10.0.0.122 () {34 vars in 816 bytes} [Thu Jul 2 16:40:09 2026] DELETE /resource_providers/d442b2a8-8abd-4806-b126-8e325b5dbaf3 => generated 246 bytes in 11 msecs (HTTP/1.1 404) 6 headers in 231 bytes (1 switches on core 0)
2026-07-02 16:40:09.248 7 INFO placement.requestlog [None req-bf21dffd-31eb-48a0-a4c0-3f509bb6df56 1036ffb4dff843a295549ab22caabe60 935aad96fe404b929e1b4c54767aad9f - - 8a866b77d43d4a139210fde42ea3a636 8a866b77d43d4a139210fde42ea3a636] 10.0.0.122 "DELETE /resource_providers/d442b2a8-8abd-4806-b126-8e325b5dbaf3" status: 404 len: 246 microversion: 1.1 [pid: 7|app: 0|req: 384/766] 10.0.0.122 () {34 vars in 816 bytes} [Thu Jul 2 16:40:09 2026] DELETE /resource_providers/d442b2a8-8abd-4806-b126-8e325b5dbaf3 => generated 246 bytes in 12 msecs (HTTP/1.1 404) 6 headers in 231 bytes (1 switches on core 0)
2026-07-02 16:40:09.514 8 INFO placement.requestlog [None req-003f0aaf-4900-4326-a6a1-c40988843077 1036ffb4dff843a295549ab22caabe60 935aad96fe404b929e1b4c54767aad9f - - 8a866b77d43d4a139210fde42ea3a636 8a866b77d43d4a139210fde42ea3a636] 10.0.0.122 "GET /resource_providers/3f85c5c2-9f33-4673-9ccf-99c339443423/aggregates" status: 404 len: 235 microversion: 1.1 [pid: 8|app: 0|req: 383/767] 10.0.0.122 () {32 vars in 816 bytes} [Thu Jul 2 16:40:09 2026] GET /resource_providers/3f85c5c2-9f33-4673-9ccf-99c339443423/aggregates => generated 235 bytes in 11 msecs (HTTP/1.1 404) 5 headers in 202 bytes (1 switches on core 0)
2026-07-02 16:40:09.514 7 INFO placement.requestlog [None req-8f3d3fe6-5e3c-41fa-b04c-45ac654ed93b 1036ffb4dff843a295549ab22caabe60 935aad96fe404b929e1b4c54767aad9f - - 8a866b77d43d4a139210fde42ea3a636 8a866b77d43d4a139210fde42ea3a636] 10.0.0.122 "GET /resource_providers/3f85c5c2-9f33-4673-9ccf-99c339443423/aggregates" status: 404 len: 235 microversion: 1.1 [pid: 7|app: 0|req: 385/768] 10.0.0.122 () {32 vars in 816 bytes} [Thu Jul 2 16:40:09 2026] GET /resource_providers/3f85c5c2-9f33-4673-9ccf-99c339443423/aggregates => generated 235 bytes in 12 msecs (HTTP/1.1 404) 5 headers in 202 bytes (1 switches on core 0)
2026-07-02 16:40:09.538 8 INFO placement.requestlog [None req-a670ec00-5fca-48c3-87cc-d9ab7cb56537 1036ffb4dff843a295549ab22caabe60 935aad96fe404b929e1b4c54767aad9f - - 8a866b77d43d4a139210fde42ea3a636 8a866b77d43d4a139210fde42ea3a636] 10.0.0.122 "DELETE /resource_providers/3f85c5c2-9f33-4673-9ccf-99c339443423" status: 404 len: 246 microversion: 1.1 [pid: 8|app: 0|req: 384/769] 10.0.0.122 () {34 vars in 816 bytes} [Thu Jul 2 16:40:09 2026] DELETE /resource_providers/3f85c5c2-9f33-4673-9ccf-99c339443423 => generated 246 bytes in 11 msecs (HTTP/1.1 404) 6 headers in 231 bytes (1 switches on core 0)
2026-07-02 16:40:09.540 7 INFO placement.requestlog [None req-c1c76d57-a8ec-4f01-ae83-8af9c2a03bc9 1036ffb4dff843a295549ab22caabe60 935aad96fe404b929e1b4c54767aad9f - - 8a866b77d43d4a139210fde42ea3a636 8a866b77d43d4a139210fde42ea3a636] 10.0.0.122 "DELETE /resource_providers/3f85c5c2-9f33-4673-9ccf-99c339443423" status: 404 len: 246 microversion: 1.1 [pid: 7|app: 0|req: 386/770] 10.0.0.122 () {34 vars in 816 bytes} [Thu Jul 2 16:40:09 2026] DELETE /resource_providers/3f85c5c2-9f33-4673-9ccf-99c339443423 => generated 246 bytes in 11 msecs (HTTP/1.1 404) 6 headers in 231 bytes (1 switches on core 0)
2026-07-02 16:40:14.842 8 INFO placement.requestlog [None req-b6c549ad-4bc6-48e2-aed0-7a120e35f652 1036ffb4dff843a295549ab22caabe60 935aad96fe404b929e1b4c54767aad9f - - 8a866b77d43d4a139210fde42ea3a636 8a866b77d43d4a139210fde42ea3a636] 10.0.0.122 "GET /resource_providers/8063685c-f58e-480e-b48b-b9e61844b4ad/aggregates" status: 404 len: 235 microversion: 1.1 [pid: 8|app: 0|req: 385/771] 10.0.0.122 () {32 vars in 816 bytes} [Thu Jul 2 16:40:14 2026] GET /resource_providers/8063685c-f58e-480e-b48b-b9e61844b4ad/aggregates => generated 235 bytes in 12 msecs (HTTP/1.1 404) 5 headers in 202 bytes (1 switches on core 0)
2026-07-02 16:40:14.845 7 INFO placement.requestlog [None req-1801ee44-b658-4259-a08f-c8d3ef73562a 1036ffb4dff843a295549ab22caabe60 935aad96fe404b929e1b4c54767aad9f - - 8a866b77d43d4a139210fde42ea3a636 8a866b77d43d4a139210fde42ea3a636] 10.0.0.122 "GET /resource_providers/8063685c-f58e-480e-b48b-b9e61844b4ad/aggregates" status: 404 len: 235 microversion: 1.1 [pid: 7|app: 0|req: 387/772] 10.0.0.122 () {32 vars in 816 bytes} [Thu Jul 2 16:40:14 2026] GET /resource_providers/8063685c-f58e-480e-b48b-b9e61844b4ad/aggregates => generated 235 bytes in 14 msecs (HTTP/1.1 404) 5 headers in 202 bytes (1 switches on core 0)
2026-07-02 16:40:14.875 8 INFO placement.requestlog [None req-4a7779b8-6d06-4b91-8add-b4dac1e38b01 1036ffb4dff843a295549ab22caabe60 935aad96fe404b929e1b4c54767aad9f - - 8a866b77d43d4a139210fde42ea3a636 8a866b77d43d4a139210fde42ea3a636] 10.0.0.122 "DELETE /resource_providers/8063685c-f58e-480e-b48b-b9e61844b4ad" status: 404 len: 246 microversion: 1.1 [pid: 8|app: 0|req: 386/773] 10.0.0.122 () {34 vars in 816 bytes} [Thu Jul 2 16:40:14 2026] DELETE /resource_providers/8063685c-f58e-480e-b48b-b9e61844b4ad => generated 246 bytes in 10 msecs (HTTP/1.1 404) 6 headers in 231 bytes (1 switches on core 0)
2026-07-02 16:40:14.878 8 INFO placement.requestlog [None req-97980b2b-c71c-42d2-a551-2acf01cdb20c - - - - - -] 10.0.0.162 "GET /" status: 200 len: 136 microversion: 1.0
2026-07-02 16:40:14.878 8 INFO placement.requestlog [None req-3e05ed2d-536c-46a6-aea6-d9c98c58b53e - - - - - -] 10.0.0.162 "GET /" status: 200 len: 136 microversion: 1.0
