2026-07-02 16:36:14.879 7 INFO placement.requestlog [None req-5fbb2a9c-c445-4539-a7d0-80d66dc93802 - - - - - -] 10.0.0.162 "GET /" status: 200 len: 136 microversion: 1.0
2026-07-02 16:36:22.960 8 INFO placement.requestlog [req-be7c4d16-7dd6-4490-8d2b-b42fda9583ea req-18a7feb9-8d88-4cd0-8dea-6643700986cc 0738f082948148e7b164fb9374875ef0 935aad96fe404b929e1b4c54767aad9f - - 8a866b77d43d4a139210fde42ea3a636 8a866b77d43d4a139210fde42ea3a636] 199.204.45.38 "GET /resource_providers/b0adbb94-e3b4-4cbb-84f4-c21bcd270f9d/allocations" status: 200 len: 54 microversion: 1.0 [pid: 8|app: 0|req: 293/584] 199.204.45.38 () {32 vars in 856 bytes} [Thu Jul 2 16:36:22 2026] GET /resource_providers/b0adbb94-e3b4-4cbb-84f4-c21bcd270f9d/allocations => generated 54 bytes in 23 msecs (HTTP/1.1 200) 6 headers in 223 bytes (1 switches on core 0)
2026-07-02 16:36:22.990 7 INFO placement.requestlog [req-be7c4d16-7dd6-4490-8d2b-b42fda9583ea req-8760e5a3-1ae0-4212-9fa2-2c943928d694 0738f082948148e7b164fb9374875ef0 935aad96fe404b929e1b4c54767aad9f - - 8a866b77d43d4a139210fde42ea3a636 8a866b77d43d4a139210fde42ea3a636] 199.204.45.38 "GET /resource_providers/b0adbb94-e3b4-4cbb-84f4-c21bcd270f9d/allocations" status: 200 len: 54 microversion: 1.0 [pid: 7|app: 0|req: 292/585] 199.204.45.38 () {32 vars in 856 bytes} [Thu Jul 2 16:36:22 2026] GET /resource_providers/b0adbb94-e3b4-4cbb-84f4-c21bcd270f9d/allocations => generated 54 bytes in 18 msecs (HTTP/1.1 200) 6 headers in 223 bytes (1 switches on core 0)
2026-07-02 16:36:24.880 7 INFO placement.requestlog [None req-ace1ddf2-1535-4c3b-9f0a-de259ede3e8b - - - - - -] 10.0.0.162 "GET /" status: 200 len: 136 microversion: 1.0
2026-07-02 16:36:24.881 8 INFO placement.requestlog [None req-169805c4-f47b-44d0-83fc-9a751e77f053 - - - - - -] 10.0.0.162 "GET /" status: 200 len: 136 microversion: 1.0
2026-07-02 16:36:34.879 7 INFO placement.requestlog [None req-04626a70-b164-4254-9c47-8f1b27a2dc91 - - - - - -] 10.0.0.162 "GET /" status: 200 len: 136 microversion: 1.0
2026-07-02 16:36:34.880 8 INFO placement.requestlog [None req-805f35c7-850f-47f0-aa1d-ba45ce6d0882 - - - - - -] 10.0.0.162 "GET /" status: 200 len: 136 microversion: 1.0
2026-07-02 16:36:44.879 8 INFO placement.requestlog [None req-e423721c-cdf5-4f6c-a635-58645f1294fb - - - - - -] 10.0.0.162 "GET /" status: 200 len: 136 microversion: 1.0
2026-07-02 16:36:44.880 7 INFO placement.requestlog [None req-b8d4f0b9-721c-4a0d-a223-f8f1f16f1185 - - - - - -] 10.0.0.162 "GET /" status: 200 len: 136 microversion: 1.0
2026-07-02 16:36:54.879 7 INFO placement.requestlog [None req-f6298475-192b-4fb2-aefc-650a23eb6786 - - - - - -] 10.0.0.162 "GET /" status: 200 len: 136 microversion: 1.0
2026-07-02 16:36:54.879 8 INFO placement.requestlog [None req-efce5f82-a81c-44d3-b621-bef2d7dec0ee - - - - - -] 10.0.0.162 "GET /" status: 200 len: 136 microversion: 1.0
2026-07-02 16:37:04.881 8 INFO placement.requestlog [None req-7bfcd18b-4e4a-4635-a5aa-3e0058cb8074 - - - - - -] 10.0.0.162 "GET /" status: 200 len: 136 microversion: 1.0
2026-07-02 16:37:04.881 7 INFO placement.requestlog [None req-76e58a29-0572-49b0-bfad-a8e547cd04d5 - - - - - -] 10.0.0.162 "GET /" status: 200 len: 136 microversion: 1.0
2026-07-02 16:37:14.880 7 INFO placement.requestlog [None req-641a40d0-9c15-42fc-8dc4-07fd2c91c98d - - - - - -] 10.0.0.162 "GET /" status: 200 len: 136 microversion: 1.0
2026-07-02 16:37:14.880 8 INFO placement.requestlog [None req-4fdd1f14-676d-48ca-8c0b-eb472d0857f9 - - - - - -] 10.0.0.162 "GET /" status: 200 len: 136 microversion: 1.0
2026-07-02 16:37:23.889 8 INFO placement.requestlog [req-3e1adb44-cc7d-448e-8d1f-a5b94055462c req-41f61a3f-45c3-4034-96bc-e840568b177a 0738f082948148e7b164fb9374875ef0 935aad96fe404b929e1b4c54767aad9f - - 8a866b77d43d4a139210fde42ea3a636 8a866b77d43d4a139210fde42ea3a636] 199.204.45.38 "GET /resource_providers/b0adbb94-e3b4-4cbb-84f4-c21bcd270f9d/allocations" status: 200 len: 54 microversion: 1.0 [pid: 8|app: 0|req: 300/598] 199.204.45.38 () {32 vars in 856 bytes} [Thu Jul 2 16:37:23 2026] GET /resource_providers/b0adbb94-e3b4-4cbb-84f4-c21bcd270f9d/allocations => generated 54 bytes in 23 msecs (HTTP/1.1 200) 6 headers in 223 bytes (1 switches on core 0)
2026-07-02 16:37:23.918 7 INFO placement.requestlog [req-3e1adb44-cc7d-448e-8d1f-a5b94055462c req-441542e8-b5b2-406c-b274-247056702b99 0738f082948148e7b164fb9374875ef0 935aad96fe404b929e1b4c54767aad9f - - 8a866b77d43d4a139210fde42ea3a636 8a866b77d43d4a139210fde42ea3a636] 199.204.45.38 "GET /resource_providers/b0adbb94-e3b4-4cbb-84f4-c21bcd270f9d/allocations" status: 200 len: 54 microversion: 1.0 [pid: 7|app: 0|req: 299/599] 199.204.45.38 () {32 vars in 856 bytes} [Thu Jul 2 16:37:23 2026] GET /resource_providers/b0adbb94-e3b4-4cbb-84f4-c21bcd270f9d/allocations => generated 54 bytes in 19 msecs (HTTP/1.1 200) 6 headers in 223 bytes (1 switches on core 0)
2026-07-02 16:37:24.881 7 INFO placement.requestlog [None req-563e00f7-6739-40a4-9cc9-fef8ccdec849 - - - - - -] 10.0.0.162 "GET /" status: 200 len: 136 microversion: 1.0
2026-07-02 16:37:24.884 8 INFO placement.requestlog [None req-5150abbe-f4ce-4ffa-b48a-694e7aa760f0 - - - - - -] 10.0.0.162 "GET /" status: 200 len: 136 microversion: 1.0
2026-07-02 16:37:34.880 7 INFO placement.requestlog [None req-315aa913-e303-4d6a-b820-c5ba8f445050 - - - - - -] 10.0.0.162 "GET /" status: 200 len: 136 microversion: 1.0
2026-07-02 16:37:34.880 8 INFO placement.requestlog [None req-a42f83eb-6519-410c-9b02-f7747d9b11bd - - - - - -] 10.0.0.162 "GET /" status: 200 len: 136 microversion: 1.0
2026-07-02 16:37:44.880 8 INFO placement.requestlog [None req-01287ef6-e3dc-436a-bdef-ff7ab00fd267 - - - - - -] 10.0.0.162 "GET /" status: 200 len: 136 microversion: 1.0
2026-07-02 16:37:44.881 7 INFO placement.requestlog [None req-2d1c920a-b50b-4d18-9fdb-bf83ca2901b8 - - - - - -] 10.0.0.162 "GET /" status: 200 len: 136 microversion: 1.0
2026-07-02 16:37:54.880 7 INFO placement.requestlog [None req-fd8fe038-1a2c-4199-aa4e-482ef46e1026 - - - - - -] 10.0.0.162 "GET /" status: 200 len: 136 microversion: 1.0
2026-07-02 16:37:54.880 8 INFO placement.requestlog [None req-7ea82623-493a-4da5-b639-6c1547082867 - - - - - -] 10.0.0.162 "GET /" status: 200 len: 136 microversion: 1.0
2026-07-02 16:38:04.879 7 INFO placement.requestlog [None req-bc8fcb31-7c72-4159-b968-a90b83df4bcc - - - - - -] 10.0.0.162 "GET /" status: 200 len: 136 microversion: 1.0
2026-07-02 16:38:04.879 8 INFO placement.requestlog [None req-31eced36-2656-40b2-ae3c-634f7ee458cd - - - - - -] 10.0.0.162 "GET /" status: 200 len: 136 microversion: 1.0
2026-07-02 16:38:14.879 8 INFO placement.requestlog [None req-46b96199-0e44-4ba7-a4c0-74bc66d5f254 - - - - - -] 10.0.0.162 "GET /" status: 200 len: 136 microversion: 1.0
2026-07-02 16:38:14.879 7 INFO placement.requestlog [None req-bcb13610-35a7-4498-a6df-c00677eb413a - - - - - -] 10.0.0.162 "GET /" status: 200 len: 136 microversion: 1.0
2026-07-02 16:38:23.853 8 INFO placement.requestlog [req-1b8275ca-dace-4004-9909-afcd19865bf8 req-d97d07e1-1e37-4094-b4b9-b9078d25a79c 0738f082948148e7b164fb9374875ef0 935aad96fe404b929e1b4c54767aad9f - - 8a866b77d43d4a139210fde42ea3a636 8a866b77d43d4a139210fde42ea3a636] 199.204.45.38 "GET /resource_providers/b0adbb94-e3b4-4cbb-84f4-c21bcd270f9d/allocations" status: 200 len: 54 microversion: 1.0 [pid: 8|app: 0|req: 307/612] 199.204.45.38 () {32 vars in 856 bytes} [Thu Jul 2 16:38:23 2026] GET /resource_providers/b0adbb94-e3b4-4cbb-84f4-c21bcd270f9d/allocations => generated 54 bytes in 16 msecs (HTTP/1.1 200) 6 headers in 223 bytes (1 switches on core 0)
2026-07-02 16:38:23.884 7 INFO placement.requestlog [req-1b8275ca-dace-4004-9909-afcd19865bf8 req-02635326-b7f5-4446-a174-02c8d2a47cfd 0738f082948148e7b164fb9374875ef0 935aad96fe404b929e1b4c54767aad9f - - 8a866b77d43d4a139210fde42ea3a636 8a866b77d43d4a139210fde42ea3a636] 199.204.45.38 "GET /resource_providers/b0adbb94-e3b4-4cbb-84f4-c21bcd270f9d/allocations" status: 200 len: 54 microversion: 1.0 [pid: 7|app: 0|req: 306/613] 199.204.45.38 () {32 vars in 856 bytes} [Thu Jul 2 16:38:23 2026] GET /resource_providers/b0adbb94-e3b4-4cbb-84f4-c21bcd270f9d/allocations => generated 54 bytes in 18 msecs (HTTP/1.1 200) 6 headers in 223 bytes (1 switches on core 0)
2026-07-02 16:38:24.880 7 INFO placement.requestlog [None req-ce7806f9-50bd-4e5e-828c-82084156b7ce - - - - - -] 10.0.0.162 "GET /" status: 200 len: 136 microversion: 1.0
2026-07-02 16:38:24.880 8 INFO placement.requestlog [None req-1a616934-7261-450d-b30b-68fda9c8be61 - - - - - -] 10.0.0.162 "GET /" status: 200 len: 136 microversion: 1.0
2026-07-02 16:38:34.880 8 INFO placement.requestlog [None req-388aa589-9891-475f-b939-9536a6ce64e7 - - - - - -] 10.0.0.162 "GET /" status: 200 len: 136 microversion: 1.0
2026-07-02 16:38:34.881 7 INFO placement.requestlog [None req-02f01d17-4393-4e88-9d4c-e6b4e2b795fe - - - - - -] 10.0.0.162 "GET /" status: 200 len: 136 microversion: 1.0
2026-07-02 16:38:44.899 8 INFO placement.requestlog [None req-c4c03711-e663-4845-8a97-3d419fe46b46 - - - - - -] 10.0.0.162 "GET /" status: 200 len: 136 microversion: 1.0
2026-07-02 16:38:44.902 7 INFO placement.requestlog [None req-42c869f1-e8c2-48ae-b7db-412ab2f35ca1 - - - - - -] 10.0.0.162 "GET /" status: 200 len: 136 microversion: 1.0
2026-07-02 16:38:54.880 7 INFO placement.requestlog [None req-f63a7cf1-b2ac-4e84-a957-34d83e674046 - - - - - -] 10.0.0.162 "GET /" status: 200 len: 136 microversion: 1.0
2026-07-02 16:38:54.880 8 INFO placement.requestlog [None req-51365890-3b36-49fd-b471-25c98a2aefb6 - - - - - -] 10.0.0.162 "GET /" status: 200 len: 136 microversion: 1.0
2026-07-02 16:39:04.880 8 INFO placement.requestlog [None req-4d1f921d-873e-4101-afbb-83f740e581eb - - - - - -] 10.0.0.162 "GET /" status: 200 len: 136 microversion: 1.0
2026-07-02 16:39:04.882 7 INFO placement.requestlog [None req-fb92eabf-f210-4a61-aaf1-36b23b0635e3 - - - - - -] 10.0.0.162 "GET /" status: 200 len: 136 microversion: 1.0
2026-07-02 16:39:07.601 8 INFO placement.requestlog [req-9e98163c-f872-430d-821a-df96eb79866f req-dcb987f7-1141-4f0a-9e32-6de8cb3102ea 0738f082948148e7b164fb9374875ef0 935aad96fe404b929e1b4c54767aad9f - - 8a866b77d43d4a139210fde42ea3a636 8a866b77d43d4a139210fde42ea3a636] 10.0.0.40 "GET /allocation_candidates?limit=1000&resources=DISK_GB%3A1%2CMEMORY_MB%3A512%2CVCPU%3A1&root_required=%21COMPUTE_STATUS_DISABLED" status: 200 len: 2188 microversion: 1.36 [pid: 8|app: 0|req: 313/624] 10.0.0.40 () {34 vars in 1011 bytes} [Thu Jul 2 16:39:07 2026] GET /allocation_candidates?limit=1000&resources=DISK_GB%3A1%2CMEMORY_MB%3A512%2CVCPU%3A1&root_required=%21COMPUTE_STATUS_DISABLED => generated 2188 bytes in 167 msecs (HTTP/1.1 200) 8 headers in 297 bytes (1 switches on core 0)
2026-07-02 16:39:07.641 7 INFO placement.requestlog [req-9e98163c-f872-430d-821a-df96eb79866f req-86a146d7-b008-415b-bdaa-7e233945e563 0738f082948148e7b164fb9374875ef0 935aad96fe404b929e1b4c54767aad9f - - 8a866b77d43d4a139210fde42ea3a636 8a866b77d43d4a139210fde42ea3a636] 10.0.0.40 "GET /allocations/32275e93-f49e-405c-b789-2743ce3240a9" status: 200 len: 19 microversion: 1.28 [pid: 7|app: 0|req: 312/625] 10.0.0.40 () {34 vars in 860 bytes} [Thu Jul 2 16:39:07 2026] GET /allocations/32275e93-f49e-405c-b789-2743ce3240a9 => generated 19 bytes in 15 msecs (HTTP/1.1 200) 8 headers in 295 bytes (1 switches on core 0)
2026-07-02 16:39:07.723 8 INFO placement.requestlog [req-9e98163c-f872-430d-821a-df96eb79866f req-7c1b515b-d625-4d2b-be26-21a8e5e8c4f9 0738f082948148e7b164fb9374875ef0 935aad96fe404b929e1b4c54767aad9f - - 8a866b77d43d4a139210fde42ea3a636 8a866b77d43d4a139210fde42ea3a636] 10.0.0.40 "PUT /allocations/32275e93-f49e-405c-b789-2743ce3240a9" status: 204 len: 0 microversion: 1.36 [pid: 8|app: 0|req: 314/626] 10.0.0.40 () {38 vars in 913 bytes} [Thu Jul 2 16:39:07 2026] PUT /allocations/32275e93-f49e-405c-b789-2743ce3240a9 => generated 0 bytes in 74 msecs (HTTP/1.1 204) 5 headers in 199 bytes (1 switches on core 0)
2026-07-02 16:39:08.262 7 INFO placement.requestlog [req-9e98163c-f872-430d-821a-df96eb79866f req-20b6b3a9-3c47-4784-9bb4-82ac2ae129ff 0738f082948148e7b164fb9374875ef0 935aad96fe404b929e1b4c54767aad9f - - 8a866b77d43d4a139210fde42ea3a636 8a866b77d43d4a139210fde42ea3a636] 199.204.45.38 "GET /allocations/32275e93-f49e-405c-b789-2743ce3240a9" status: 200 len: 257 microversion: 1.28 [pid: 7|app: 0|req: 313/627] 199.204.45.38 () {34 vars in 862 bytes} [Thu Jul 2 16:39:08 2026] GET /allocations/32275e93-f49e-405c-b789-2743ce3240a9 => generated 257 bytes in 14 msecs (HTTP/1.1 200) 8 headers in 296 bytes (1 switches on core 0)
2026-07-02 16:39:08.452 8 INFO placement.requestlog [req-9e98163c-f872-430d-821a-df96eb79866f req-b8dd5eac-aca5-473d-8102-8aeb2bf2a09e 0738f082948148e7b164fb9374875ef0 935aad96fe404b929e1b4c54767aad9f - - 8a866b77d43d4a139210fde42ea3a636 8a866b77d43d4a139210fde42ea3a636] 199.204.45.38 "GET /resource_providers/b0adbb94-e3b4-4cbb-84f4-c21bcd270f9d/allocations" status: 200 len: 152 microversion: 1.0 [pid: 8|app: 0|req: 315/628] 199.204.45.38 () {32 vars in 856 bytes} [Thu Jul 2 16:39:08 2026] GET /resource_providers/b0adbb94-e3b4-4cbb-84f4-c21bcd270f9d/allocations => generated 152 bytes in 29 msecs (HTTP/1.1 200) 6 headers in 224 bytes (1 switches on core 0)
2026-07-02 16:39:08.486 7 INFO placement.requestlog [req-9e98163c-f872-430d-821a-df96eb79866f req-15e5428c-22f6-42b3-bdd8-6214abfc1198 0738f082948148e7b164fb9374875ef0 935aad96fe404b929e1b4c54767aad9f - - 8a866b77d43d4a139210fde42ea3a636 8a866b77d43d4a139210fde42ea3a636] 199.204.45.38 "GET /allocations/32275e93-f49e-405c-b789-2743ce3240a9" status: 200 len: 257 microversion: 1.28 [pid: 7|app: 0|req: 314/629] 199.204.45.38 () {34 vars in 862 bytes} [Thu Jul 2 16:39:08 2026] GET /allocations/32275e93-f49e-405c-b789-2743ce3240a9 => generated 257 bytes in 18 msecs (HTTP/1.1 200) 8 headers in 296 bytes (1 switches on core 0)
2026-07-02 16:39:09.377 8 INFO placement.requestlog [None req-9b7ace3e-e8ef-48d7-8d3e-8e365b016e67 1036ffb4dff843a295549ab22caabe60 935aad96fe404b929e1b4c54767aad9f - - 8a866b77d43d4a139210fde42ea3a636 8a866b77d43d4a139210fde42ea3a636] 10.0.0.122 "GET /resource_providers/194d9b74-a748-4a38-bec8-eb2f78feab60/aggregates" status: 404 len: 235 microversion: 1.1 [pid: 8|app: 0|req: 316/630] 10.0.0.122 () {32 vars in 816 bytes} [Thu Jul 2 16:39:09 2026] GET /resource_providers/194d9b74-a748-4a38-bec8-eb2f78feab60/aggregates => generated 235 bytes in 92 msecs (HTTP/1.1 404) 5 headers in 202 bytes (1 switches on core 0)
2026-07-02 16:39:09.381 7 INFO placement.requestlog [None req-57ffac8d-33b7-4582-a804-d149a5e0d564 1036ffb4dff843a295549ab22caabe60 935aad96fe404b929e1b4c54767aad9f - - 8a866b77d43d4a139210fde42ea3a636 8a866b77d43d4a139210fde42ea3a636] 10.0.0.122 "GET /resource_providers/194d9b74-a748-4a38-bec8-eb2f78feab60/aggregates" status: 404 len: 235 microversion: 1.1 [pid: 7|app: 0|req: 315/631] 10.0.0.122 () {32 vars in 816 bytes} [Thu Jul 2 16:39:09 2026] GET /resource_providers/194d9b74-a748-4a38-bec8-eb2f78feab60/aggregates => generated 235 bytes in 92 msecs (HTTP/1.1 404) 5 headers in 202 bytes (1 switches on core 0)
2026-07-02 16:39:09.418 7 INFO placement.requestlog [None req-91bf4cc6-f096-418c-8954-62a3d47aafb3 1036ffb4dff843a295549ab22caabe60 935aad96fe404b929e1b4c54767aad9f - - 8a866b77d43d4a139210fde42ea3a636 8a866b77d43d4a139210fde42ea3a636] 10.0.0.122 "DELETE /resource_providers/194d9b74-a748-4a38-bec8-eb2f78feab60" status: 404 len: 246 microversion: 1.1
2026-07-02 16:39:09.418 8 INFO placement.requestlog [None req-2d91ac8a-aaf9-481c-974e-2285e97b3a99 1036ffb4dff843a295549ab22caabe60 935aad96fe404b929e1b4c54767aad9f - - 8a866b77d43d4a139210fde42ea3a636 8a866b77d43d4a139210fde42ea3a636] 10.0.0.122 "DELETE /resource_providers/194d9b74-a748-4a38-bec8-eb2f78feab60" status: 404 len: 246 microversion: 1.1 [pid: 7|app: 0|req: 316/633] 10.0.0.122 () {34 vars in 816 bytes} [Thu Jul 2 16:39:09 2026] DELETE /resource_providers/194d9b74-a748-4a38-bec8-eb2f78feab60 => generated 246 bytes in 18 msecs (HTTP/1.1 404) 6 headers in 231 bytes (1 switches on core 0) [pid: 8|app: 0|req: 317/633] 10.0.0.122 () {34 vars in 816 bytes} [Thu Jul 2 16:39:09 2026] DELETE /resource_providers/194d9b74-a748-4a38-bec8-eb2f78feab60 => generated 246 bytes in 18 msecs (HTTP/1.1 404) 6 headers in 231 bytes (1 switches on core 0)
2026-07-02 16:39:11.473 8 INFO placement.requestlog [None req-0e53b245-8989-49a5-8cda-25878d395a2d 1036ffb4dff843a295549ab22caabe60 935aad96fe404b929e1b4c54767aad9f - - 8a866b77d43d4a139210fde42ea3a636 8a866b77d43d4a139210fde42ea3a636] 10.0.0.122 "GET /resource_providers/582bc2c1-92bd-4a31-9be8-d56adf451318/aggregates" status: 404 len: 235 microversion: 1.1 [pid: 8|app: 0|req: 318/634] 10.0.0.122 () {32 vars in 816 bytes} [Thu Jul 2 16:39:11 2026] GET /resource_providers/582bc2c1-92bd-4a31-9be8-d56adf451318/aggregates => generated 235 bytes in 16 msecs (HTTP/1.1 404) 5 headers in 202 bytes (1 switches on core 0)
2026-07-02 16:39:11.480 7 INFO placement.requestlog [None req-ec14f941-6a00-4160-8c89-f7832be98f4c 1036ffb4dff843a295549ab22caabe60 935aad96fe404b929e1b4c54767aad9f - - 8a866b77d43d4a139210fde42ea3a636 8a866b77d43d4a139210fde42ea3a636] 10.0.0.122 "GET /resource_providers/582bc2c1-92bd-4a31-9be8-d56adf451318/aggregates" status: 404 len: 235 microversion: 1.1 [pid: 7|app: 0|req: 317/635] 10.0.0.122 () {32 vars in 816 bytes} [Thu Jul 2 16:39:11 2026] GET /resource_providers/582bc2c1-92bd-4a31-9be8-d56adf451318/aggregates => generated 235 bytes in 23 msecs (HTTP/1.1 404) 5 headers in 202 bytes (1 switches on core 0)
2026-07-02 16:39:11.507 8 INFO placement.requestlog [None req-4b59929c-898c-472f-bd45-6a53c4c91631 1036ffb4dff843a295549ab22caabe60 935aad96fe404b929e1b4c54767aad9f - - 8a866b77d43d4a139210fde42ea3a636 8a866b77d43d4a139210fde42ea3a636] 10.0.0.122 "DELETE /resource_providers/582bc2c1-92bd-4a31-9be8-d56adf451318" status: 404 len: 246 microversion: 1.1 [pid: 8|app: 0|req: 319/636] 10.0.0.122 () {34 vars in 816 bytes} [Thu Jul 2 16:39:11 2026] DELETE /resource_providers/582bc2c1-92bd-4a31-9be8-d56adf451318 => generated 246 bytes in 10 msecs (HTTP/1.1 404) 6 headers in 231 bytes (1 switches on core 0)
2026-07-02 16:39:11.508 7 INFO placement.requestlog [None req-1645fb36-e2a7-4453-bd4d-ef620a8a5ab1 1036ffb4dff843a295549ab22caabe60 935aad96fe404b929e1b4c54767aad9f - - 8a866b77d43d4a139210fde42ea3a636 8a866b77d43d4a139210fde42ea3a636] 10.0.0.122 "DELETE /resource_providers/582bc2c1-92bd-4a31-9be8-d56adf451318" status: 404 len: 246 microversion: 1.1 [pid: 7|app: 0|req: 318/637] 10.0.0.122 () {34 vars in 816 bytes} [Thu Jul 2 16:39:11 2026] DELETE /resource_providers/582bc2c1-92bd-4a31-9be8-d56adf451318 => generated 246 bytes in 10 msecs (HTTP/1.1 404) 6 headers in 231 bytes (1 switches on core 0)
2026-07-02 16:39:12.802 7 INFO placement.requestlog [None req-58e899f9-e8b2-45d1-b4fe-21c70b6c926c 1036ffb4dff843a295549ab22caabe60 935aad96fe404b929e1b4c54767aad9f - - 8a866b77d43d4a139210fde42ea3a636 8a866b77d43d4a139210fde42ea3a636] 10.0.0.122 "GET /resource_providers/739c8074-923d-4282-86f6-17a078e72b0d/aggregates" status: 404 len: 235 microversion: 1.1 [pid: 7|app: 0|req: 319/638] 10.0.0.122 () {32 vars in 816 bytes} [Thu Jul 2 16:39:12 2026] GET /resource_providers/739c8074-923d-4282-86f6-17a078e72b0d/aggregates => generated 235 bytes in 251 msecs (HTTP/1.1 404) 5 headers in 202 bytes (1 switches on core 0)
2026-07-02 16:39:12.826 8 INFO placement.requestlog [None req-f4e1813c-b3bf-4837-ab94-afd9a268cd3f 1036ffb4dff843a295549ab22caabe60 935aad96fe404b929e1b4c54767aad9f - - 8a866b77d43d4a139210fde42ea3a636 8a866b77d43d4a139210fde42ea3a636] 10.0.0.122 "GET /resource_providers/739c8074-923d-4282-86f6-17a078e72b0d/aggregates" status: 404 len: 235 microversion: 1.1 [pid: 8|app: 0|req: 320/639] 10.0.0.122 () {32 vars in 816 bytes} [Thu Jul 2 16:39:12 2026] GET /resource_providers/739c8074-923d-4282-86f6-17a078e72b0d/aggregates => generated 235 bytes in 292 msecs (HTTP/1.1 404) 5 headers in 202 bytes (1 switches on core 0)
2026-07-02 16:39:12.833 7 INFO placement.requestlog [None req-1e4598fe-e678-435f-8909-99bf609d5289 1036ffb4dff843a295549ab22caabe60 935aad96fe404b929e1b4c54767aad9f - - 8a866b77d43d4a139210fde42ea3a636 8a866b77d43d4a139210fde42ea3a636] 10.0.0.122 "DELETE /resource_providers/739c8074-923d-4282-86f6-17a078e72b0d" status: 404 len: 246 microversion: 1.1 [pid: 7|app: 0|req: 320/640] 10.0.0.122 () {34 vars in 816 bytes} [Thu Jul 2 16:39:12 2026] DELETE /resource_providers/739c8074-923d-4282-86f6-17a078e72b0d => generated 246 bytes in 17 msecs (HTTP/1.1 404) 6 headers in 231 bytes (1 switches on core 0)
2026-07-02 16:39:12.845 8 INFO placement.requestlog [None req-6e21ebb8-43b3-4f73-b49b-bdb371776ac0 1036ffb4dff843a295549ab22caabe60 935aad96fe404b929e1b4c54767aad9f - - 8a866b77d43d4a139210fde42ea3a636 8a866b77d43d4a139210fde42ea3a636] 10.0.0.122 "DELETE /resource_providers/739c8074-923d-4282-86f6-17a078e72b0d" status: 404 len: 246 microversion: 1.1 [pid: 8|app: 0|req: 321/641] 10.0.0.122 () {34 vars in 816 bytes} [Thu Jul 2 16:39:12 2026] DELETE /resource_providers/739c8074-923d-4282-86f6-17a078e72b0d => generated 246 bytes in 10 msecs (HTTP/1.1 404) 6 headers in 231 bytes (1 switches on core 0)
2026-07-02 16:39:14.852 7 INFO placement.requestlog [None req-c161f3f1-b606-48ff-a024-428753b03551 1036ffb4dff843a295549ab22caabe60 935aad96fe404b929e1b4c54767aad9f - - 8a866b77d43d4a139210fde42ea3a636 8a866b77d43d4a139210fde42ea3a636] 10.0.0.122 "GET /resource_providers/715c4355-045d-4264-bc8b-890110c88905/aggregates" status: 404 len: 235 microversion: 1.1 [pid: 7|app: 0|req: 321/642] 10.0.0.122 () {32 vars in 816 bytes} [Thu Jul 2 16:39:14 2026] GET /resource_providers/715c4355-045d-4264-bc8b-890110c88905/aggregates => generated 235 bytes in 8 msecs (HTTP/1.1 404) 5 headers in 202 bytes (1 switches on core 0)
2026-07-02 16:39:14.881 7 INFO placement.requestlog [None req-1ff2615f-4d7d-43d9-93cc-cc0770c3c5cc 1036ffb4dff843a295549ab22caabe60 935aad96fe404b929e1b4c54767aad9f - - 8a866b77d43d4a139210fde42ea3a636 8a866b77d43d4a139210fde42ea3a636] 10.0.0.122 "DELETE /resource_providers/715c4355-045d-4264-bc8b-890110c88905" status: 404 len: 246 microversion: 1.1 [pid: 7|app: 0|req: 322/643] 10.0.0.122 () {34 vars in 816 bytes} [Thu Jul 2 16:39:14 2026] DELETE /resource_providers/715c4355-045d-4264-bc8b-890110c88905 => generated 246 bytes in 16 msecs (HTTP/1.1 404) 6 headers in 231 bytes (1 switches on core 0)
2026-07-02 16:39:14.882 8 INFO placement.requestlog [None req-712be5b7-ed4a-494c-8844-43871e6e22c6 1036ffb4dff843a295549ab22caabe60 935aad96fe404b929e1b4c54767aad9f - - 8a866b77d43d4a139210fde42ea3a636 8a866b77d43d4a139210fde42ea3a636] 10.0.0.122 "GET /resource_providers/715c4355-045d-4264-bc8b-890110c88905/aggregates" status: 404 len: 235 microversion: 1.1 [pid: 8|app: 0|req: 322/644] 10.0.0.122 () {32 vars in 816 bytes} [Thu Jul 2 16:39:14 2026] GET /resource_providers/715c4355-045d-4264-bc8b-890110c88905/aggregates => generated 235 bytes in 17 msecs (HTTP/1.1 404) 5 headers in 202 bytes (1 switches on core 0)
2026-07-02 16:39:14.883 7 INFO placement.requestlog [None req-c8c810c3-3d4d-43b5-a04c-ca60604ab17a - - - - - -] 10.0.0.162 "GET /" status: 200 len: 136 microversion: 1.0
2026-07-02 16:39:14.883 8 INFO placement.requestlog [None req-12a52119-245a-41de-8468-b641ad663e94 - - - - - -] 10.0.0.162 "GET /" status: 200 len: 136 microversion: 1.0
2026-07-02 16:39:14.922 7 INFO placement.requestlog [None req-4718255b-ea86-478a-a519-9bb4477c8f5a 1036ffb4dff843a295549ab22caabe60 935aad96fe404b929e1b4c54767aad9f - - 8a866b77d43d4a139210fde42ea3a636 8a866b77d43d4a139210fde42ea3a636] 10.0.0.122 "DELETE /resource_providers/715c4355-045d-4264-bc8b-890110c88905" status: 404 len: 246 microversion: 1.1 [pid: 7|app: 0|req: 324/647] 10.0.0.122 () {34 vars in 816 bytes} [Thu Jul 2 16:39:14 2026] DELETE /resource_providers/715c4355-045d-4264-bc8b-890110c88905 => generated 246 bytes in 14 msecs (HTTP/1.1 404) 6 headers in 231 bytes (1 switches on core 0)
2026-07-02 16:39:17.191 8 INFO placement.requestlog [req-cb3a8167-21b7-400e-8f7c-46849def4dad req-24cf0abb-9763-4c91-9b32-0546e53de70d 0738f082948148e7b164fb9374875ef0 935aad96fe404b929e1b4c54767aad9f - - 8a866b77d43d4a139210fde42ea3a636 8a866b77d43d4a139210fde42ea3a636] 10.0.0.40 "GET /allocation_candidates?limit=1000&resources=MEMORY_MB%3A512%2CVCPU%3A1&root_required=%21COMPUTE_STATUS_DISABLED" status: 200 len: 2176 microversion: 1.36 [pid: 8|app: 0|req: 324/648] 10.0.0.40 () {34 vars in 983 bytes} [Thu Jul 2 16:39:17 2026] GET /allocation_candidates?limit=1000&resources=MEMORY_MB%3A512%2CVCPU%3A1&root_required=%21COMPUTE_STATUS_DISABLED => generated 2176 bytes in 54 msecs (HTTP/1.1 200) 8 headers in 297 bytes (1 switches on core 0)
2026-07-02 16:39:17.270 7 INFO placement.requestlog [req-cb3a8167-21b7-400e-8f7c-46849def4dad req-2edd3707-d6ac-477f-81d2-ded9e594667f 0738f082948148e7b164fb9374875ef0 935aad96fe404b929e1b4c54767aad9f - - 8a866b77d43d4a139210fde42ea3a636 8a866b77d43d4a139210fde42ea3a636] 10.0.0.40 "GET /allocations/e251e465-6a99-4b53-8294-2a2be415ba67" status: 200 len: 19 microversion: 1.28 [pid: 7|app: 0|req: 325/649] 10.0.0.40 () {34 vars in 860 bytes} [Thu Jul 2 16:39:17 2026] GET /allocations/e251e465-6a99-4b53-8294-2a2be415ba67 => generated 19 bytes in 27 msecs (HTTP/1.1 200) 8 headers in 295 bytes (1 switches on core 0)
2026-07-02 16:39:17.358 8 INFO placement.requestlog [req-cb3a8167-21b7-400e-8f7c-46849def4dad req-5ecc3c38-97b1-4e4a-86c3-b9057c9b17a0 0738f082948148e7b164fb9374875ef0 935aad96fe404b929e1b4c54767aad9f - - 8a866b77d43d4a139210fde42ea3a636 8a866b77d43d4a139210fde42ea3a636] 10.0.0.40 "PUT /allocations/e251e465-6a99-4b53-8294-2a2be415ba67" status: 204 len: 0 microversion: 1.36 [pid: 8|app: 0|req: 325/650] 10.0.0.40 () {38 vars in 913 bytes} [Thu Jul 2 16:39:17 2026] PUT /allocations/e251e465-6a99-4b53-8294-2a2be415ba67 => generated 0 bytes in 76 msecs (HTTP/1.1 204) 5 headers in 199 bytes (1 switches on core 0)
2026-07-02 16:39:17.947 7 INFO placement.requestlog [req-cb3a8167-21b7-400e-8f7c-46849def4dad req-ae9a0d83-7fd8-4582-b8c7-349e9b2c5e94 0738f082948148e7b164fb9374875ef0 935aad96fe404b929e1b4c54767aad9f - - 8a866b77d43d4a139210fde42ea3a636 8a866b77d43d4a139210fde42ea3a636] 199.204.45.38 "GET /allocations/e251e465-6a99-4b53-8294-2a2be415ba67" status: 200 len: 243 microversion: 1.28 [pid: 7|app: 0|req: 326/651] 199.204.45.38 () {34 vars in 862 bytes} [Thu Jul 2 16:39:17 2026] GET /allocations/e251e465-6a99-4b53-8294-2a2be415ba67 => generated 243 bytes in 25 msecs (HTTP/1.1 200) 8 headers in 296 bytes (1 switches on core 0)
2026-07-02 16:39:18.086 8 INFO placement.requestlog [req-cb3a8167-21b7-400e-8f7c-46849def4dad req-96c3efab-401f-434a-8900-327256414648 0738f082948148e7b164fb9374875ef0 935aad96fe404b929e1b4c54767aad9f - - 8a866b77d43d4a139210fde42ea3a636 8a866b77d43d4a139210fde42ea3a636] 199.204.45.38 "GET /resource_providers/b0adbb94-e3b4-4cbb-84f4-c21bcd270f9d/allocations" status: 200 len: 238 microversion: 1.0 [pid: 8|app: 0|req: 326/652] 199.204.45.38 () {32 vars in 856 bytes} [Thu Jul 2 16:39:18 2026] GET /resource_providers/b0adbb94-e3b4-4cbb-84f4-c21bcd270f9d/allocations => generated 238 bytes in 26 msecs (HTTP/1.1 200) 6 headers in 224 bytes (1 switches on core 0)
2026-07-02 16:39:18.130 7 INFO placement.requestlog [req-cb3a8167-21b7-400e-8f7c-46849def4dad req-c7563249-d9d4-4fe6-ac95-3a7b29704b4b 0738f082948148e7b164fb9374875ef0 935aad96fe404b929e1b4c54767aad9f - - 8a866b77d43d4a139210fde42ea3a636 8a866b77d43d4a139210fde42ea3a636] 199.204.45.38 "GET /allocations/e251e465-6a99-4b53-8294-2a2be415ba67" status: 200 len: 243 microversion: 1.28 [pid: 7|app: 0|req: 327/653] 199.204.45.38 () {34 vars in 862 bytes} [Thu Jul 2 16:39:18 2026] GET /allocations/e251e465-6a99-4b53-8294-2a2be415ba67 => generated 243 bytes in 28 msecs (HTTP/1.1 200) 8 headers in 296 bytes (1 switches on core 0)
2026-07-02 16:39:18.156 8 INFO placement.requestlog [req-cb3a8167-21b7-400e-8f7c-46849def4dad req-839838e0-e025-43d4-8332-61f5e18e03ea 0738f082948148e7b164fb9374875ef0 935aad96fe404b929e1b4c54767aad9f - - 8a866b77d43d4a139210fde42ea3a636 8a866b77d43d4a139210fde42ea3a636] 199.204.45.38 "GET /allocations/32275e93-f49e-405c-b789-2743ce3240a9" status: 200 len: 257 microversion: 1.28 [pid: 8|app: 0|req: 327/654] 199.204.45.38 () {34 vars in 862 bytes} [Thu Jul 2 16:39:18 2026] GET /allocations/32275e93-f49e-405c-b789-2743ce3240a9 => generated 257 bytes in 17 msecs (HTTP/1.1 200) 8 headers in 296 bytes (1 switches on core 0)
2026-07-02 16:39:23.919 7 INFO placement.requestlog [req-070c8cc6-cd5c-42ff-b81d-7ca259ebe847 req-06413f29-58e6-4529-89f7-ba2fb27e3d55 0738f082948148e7b164fb9374875ef0 935aad96fe404b929e1b4c54767aad9f - - 8a866b77d43d4a139210fde42ea3a636 8a866b77d43d4a139210fde42ea3a636] 10.0.0.40 "GET /allocation_candidates?limit=1000&resources=DISK_GB%3A1%2CMEMORY_MB%3A512%2CVCPU%3A1&root_required=%21COMPUTE_STATUS_DISABLED" status: 200 len: 2191 microversion: 1.36 [pid: 7|app: 0|req: 328/655] 10.0.0.40 () {34 vars in 1011 bytes} [Thu Jul 2 16:39:23 2026] GET /allocation_candidates?limit=1000&resources=DISK_GB%3A1%2CMEMORY_MB%3A512%2CVCPU%3A1&root_required=%21COMPUTE_STATUS_DISABLED => generated 2191 bytes in 95 msecs (HTTP/1.1 200) 8 headers in 297 bytes (1 switches on core 0)
2026-07-02 16:39:23.965 8 INFO placement.requestlog [req-070c8cc6-cd5c-42ff-b81d-7ca259ebe847 req-f6b73520-0d94-4ed8-915f-e7a18431d97e 0738f082948148e7b164fb9374875ef0 935aad96fe404b929e1b4c54767aad9f - - 8a866b77d43d4a139210fde42ea3a636 8a866b77d43d4a139210fde42ea3a636] 10.0.0.40 "GET /allocations/e74d7db8-6bb0-4e1d-8dec-ad851e3aa87a" status: 200 len: 19 microversion: 1.28 [pid: 8|app: 0|req: 328/656] 10.0.0.40 () {34 vars in 860 bytes} [Thu Jul 2 16:39:23 2026] GET /allocations/e74d7db8-6bb0-4e1d-8dec-ad851e3aa87a => generated 19 bytes in 14 msecs (HTTP/1.1 200) 8 headers in 295 bytes (1 switches on core 0)
2026-07-02 16:39:24.053 7 INFO placement.requestlog [req-070c8cc6-cd5c-42ff-b81d-7ca259ebe847 req-4581a843-c373-4566-b8d1-b2139b6b7587 0738f082948148e7b164fb9374875ef0 935aad96fe404b929e1b4c54767aad9f - - 8a866b77d43d4a139210fde42ea3a636 8a866b77d43d4a139210fde42ea3a636] 10.0.0.40 "PUT /allocations/e74d7db8-6bb0-4e1d-8dec-ad851e3aa87a" status: 204 len: 0 microversion: 1.36 [pid: 7|app: 0|req: 329/657] 10.0.0.40 () {38 vars in 913 bytes} [Thu Jul 2 16:39:23 2026] PUT /allocations/e74d7db8-6bb0-4e1d-8dec-ad851e3aa87a => generated 0 bytes in 83 msecs (HTTP/1.1 204) 5 headers in 199 bytes (1 switches on core 0)
2026-07-02 16:39:24.452 8 INFO placement.requestlog [req-070c8cc6-cd5c-42ff-b81d-7ca259ebe847 req-a06a4119-cb94-4f78-b616-e53351573052 0738f082948148e7b164fb9374875ef0 935aad96fe404b929e1b4c54767aad9f - - 8a866b77d43d4a139210fde42ea3a636 8a866b77d43d4a139210fde42ea3a636] 199.204.45.38 "GET /allocations/e74d7db8-6bb0-4e1d-8dec-ad851e3aa87a" status: 200 len: 257 microversion: 1.28 [pid: 8|app: 0|req: 329/658] 199.204.45.38 () {34 vars in 862 bytes} [Thu Jul 2 16:39:24 2026] GET /allocations/e74d7db8-6bb0-4e1d-8dec-ad851e3aa87a => generated 257 bytes in 42 msecs (HTTP/1.1 200) 8 headers in 296 bytes (1 switches on core 0)
2026-07-02 16:39:24.635 7 INFO placement.requestlog [req-070c8cc6-cd5c-42ff-b81d-7ca259ebe847 req-889b019b-4d42-4eab-84f1-2da5d159c484 0738f082948148e7b164fb9374875ef0 935aad96fe404b929e1b4c54767aad9f - - 8a866b77d43d4a139210fde42ea3a636 8a866b77d43d4a139210fde42ea3a636] 199.204.45.38 "GET /resource_providers/b0adbb94-e3b4-4cbb-84f4-c21bcd270f9d/allocations" status: 200 len: 338 microversion: 1.0 [pid: 7|app: 0|req: 330/659] 199.204.45.38 () {32 vars in 856 bytes} [Thu Jul 2 16:39:24 2026] GET /resource_providers/b0adbb94-e3b4-4cbb-84f4-c21bcd270f9d/allocations => generated 338 bytes in 46 msecs (HTTP/1.1 200) 6 headers in 224 bytes (1 switches on core 0)
2026-07-02 16:39:24.677 8 INFO placement.requestlog [req-070c8cc6-cd5c-42ff-b81d-7ca259ebe847 req-8dda0dba-2e6d-4f15-aea4-f84c692e47d2 0738f082948148e7b164fb9374875ef0 935aad96fe404b929e1b4c54767aad9f - - 8a866b77d43d4a139210fde42ea3a636 8a866b77d43d4a139210fde42ea3a636] 199.204.45.38 "GET /allocations/e251e465-6a99-4b53-8294-2a2be415ba67" status: 200 len: 243 microversion: 1.28 [pid: 8|app: 0|req: 330/660] 199.204.45.38 () {34 vars in 862 bytes} [Thu Jul 2 16:39:24 2026] GET /allocations/e251e465-6a99-4b53-8294-2a2be415ba67 => generated 243 bytes in 24 msecs (HTTP/1.1 200) 8 headers in 296 bytes (1 switches on core 0)
2026-07-02 16:39:24.741 7 INFO placement.requestlog [req-070c8cc6-cd5c-42ff-b81d-7ca259ebe847 req-9b637bec-2d69-4510-8594-b824defc692c 0738f082948148e7b164fb9374875ef0 935aad96fe404b929e1b4c54767aad9f - - 8a866b77d43d4a139210fde42ea3a636 8a866b77d43d4a139210fde42ea3a636] 199.204.45.38 "GET /allocations/32275e93-f49e-405c-b789-2743ce3240a9" status: 200 len: 257 microversion: 1.28 [pid: 7|app: 0|req: 331/661] 199.204.45.38 () {34 vars in 862 bytes} [Thu Jul 2 16:39:24 2026] GET /allocations/32275e93-f49e-405c-b789-2743ce3240a9 => generated 257 bytes in 40 msecs (HTTP/1.1 200) 8 headers in 296 bytes (1 switches on core 0)
2026-07-02 16:39:24.786 8 INFO placement.requestlog [req-070c8cc6-cd5c-42ff-b81d-7ca259ebe847 req-4b096612-52f8-4eaa-8373-adbc081ae58f 0738f082948148e7b164fb9374875ef0 935aad96fe404b929e1b4c54767aad9f - - 8a866b77d43d4a139210fde42ea3a636 8a866b77d43d4a139210fde42ea3a636] 199.204.45.38 "GET /allocations/e74d7db8-6bb0-4e1d-8dec-ad851e3aa87a" status: 200 len: 257 microversion: 1.28 [pid: 8|app: 0|req: 331/662] 199.204.45.38 () {34 vars in 862 bytes} [Thu Jul 2 16:39:24 2026] GET /allocations/e74d7db8-6bb0-4e1d-8dec-ad851e3aa87a => generated 257 bytes in 27 msecs (HTTP/1.1 200) 8 headers in 296 bytes (1 switches on core 0)
2026-07-02 16:39:24.879 7 INFO placement.requestlog [None req-5f37db7d-2e95-454a-82a3-985bda080ad7 - - - - - -] 10.0.0.162 "GET /" status: 200 len: 136 microversion: 1.0
2026-07-02 16:39:24.880 8 INFO placement.requestlog [None req-852c2a3d-4a58-41ea-bfed-55387bf3ed94 - - - - - -] 10.0.0.162 "GET /" status: 200 len: 136 microversion: 1.0
2026-07-02 16:39:26.421 7 INFO placement.requestlog [req-5e9af483-4d02-46c3-90dd-9e9c72ed2f08 req-031f3cb0-cb93-48b8-9b56-74e2185d056d 0738f082948148e7b164fb9374875ef0 935aad96fe404b929e1b4c54767aad9f - - 8a866b77d43d4a139210fde42ea3a636 8a866b77d43d4a139210fde42ea3a636] 199.204.45.38 "GET /resource_providers/b0adbb94-e3b4-4cbb-84f4-c21bcd270f9d/allocations" status: 200 len: 338 microversion: 1.0 [pid: 7|app: 0|req: 333/665] 199.204.45.38 () {32 vars in 856 bytes} [Thu Jul 2 16:39:26 2026] GET /resource_providers/b0adbb94-e3b4-4cbb-84f4-c21bcd270f9d/allocations => generated 338 bytes in 20 msecs (HTTP/1.1 200) 6 headers in 224 bytes (1 switches on core 0)
2026-07-02 16:39:26.461 8 INFO placement.requestlog [req-5e9af483-4d02-46c3-90dd-9e9c72ed2f08 req-2ae4b89b-4355-404d-a564-0b4a252afdbf 0738f082948148e7b164fb9374875ef0 935aad96fe404b929e1b4c54767aad9f - - 8a866b77d43d4a139210fde42ea3a636 8a866b77d43d4a139210fde42ea3a636] 199.204.45.38 "GET /resource_providers/b0adbb94-e3b4-4cbb-84f4-c21bcd270f9d/allocations" status: 200 len: 338 microversion: 1.0 [pid: 8|app: 0|req: 333/666] 199.204.45.38 () {32 vars in 856 bytes} [Thu Jul 2 16:39:26 2026] GET /resource_providers/b0adbb94-e3b4-4cbb-84f4-c21bcd270f9d/allocations => generated 338 bytes in 28 msecs (HTTP/1.1 200) 6 headers in 224 bytes (1 switches on core 0)
2026-07-02 16:39:26.486 7 INFO placement.requestlog [req-5e9af483-4d02-46c3-90dd-9e9c72ed2f08 req-d67aca0f-a100-44f8-8550-f6bd52d7c000 0738f082948148e7b164fb9374875ef0 935aad96fe404b929e1b4c54767aad9f - - 8a866b77d43d4a139210fde42ea3a636 8a866b77d43d4a139210fde42ea3a636] 199.204.45.38 "GET /allocations/e251e465-6a99-4b53-8294-2a2be415ba67" status: 200 len: 243 microversion: 1.28 [pid: 7|app: 0|req: 334/667] 199.204.45.38 () {34 vars in 862 bytes} [Thu Jul 2 16:39:26 2026] GET /allocations/e251e465-6a99-4b53-8294-2a2be415ba67 => generated 243 bytes in 15 msecs (HTTP/1.1 200) 8 headers in 296 bytes (1 switches on core 0)
2026-07-02 16:39:26.515 8 INFO placement.requestlog [req-5e9af483-4d02-46c3-90dd-9e9c72ed2f08 req-bc3f754c-033a-43b7-b6d7-8b0f6afa79fa 0738f082948148e7b164fb9374875ef0 935aad96fe404b929e1b4c54767aad9f - - 8a866b77d43d4a139210fde42ea3a636 8a866b77d43d4a139210fde42ea3a636] 199.204.45.38 "GET /allocations/32275e93-f49e-405c-b789-2743ce3240a9" status: 200 len: 257 microversion: 1.28 [pid: 8|app: 0|req: 334/668] 199.204.45.38 () {34 vars in 862 bytes} [Thu Jul 2 16:39:26 2026] GET /allocations/32275e93-f49e-405c-b789-2743ce3240a9 => generated 257 bytes in 20 msecs (HTTP/1.1 200) 8 headers in 296 bytes (1 switches on core 0)
2026-07-02 16:39:26.541 7 INFO placement.requestlog [req-5e9af483-4d02-46c3-90dd-9e9c72ed2f08 req-cad4b5d5-f45b-4b84-929f-f7909328bda4 0738f082948148e7b164fb9374875ef0 935aad96fe404b929e1b4c54767aad9f - - 8a866b77d43d4a139210fde42ea3a636 8a866b77d43d4a139210fde42ea3a636] 199.204.45.38 "GET /allocations/e74d7db8-6bb0-4e1d-8dec-ad851e3aa87a" status: 200 len: 257 microversion: 1.28 [pid: 7|app: 0|req: 335/669] 199.204.45.38 () {34 vars in 862 bytes} [Thu Jul 2 16:39:26 2026] GET /allocations/e74d7db8-6bb0-4e1d-8dec-ad851e3aa87a => generated 257 bytes in 17 msecs (HTTP/1.1 200) 8 headers in 296 bytes (1 switches on core 0)
2026-07-02 16:39:27.228 8 INFO placement.requestlog [req-a57699eb-353c-4e74-ad40-b6e9f7b8a977 req-dca55561-762e-4ef4-a138-dfb6b0de564b 0738f082948148e7b164fb9374875ef0 935aad96fe404b929e1b4c54767aad9f - - 8a866b77d43d4a139210fde42ea3a636 8a866b77d43d4a139210fde42ea3a636] 10.0.0.40 "GET /allocation_candidates?limit=1000&resources=DISK_GB%3A1%2CMEMORY_MB%3A512%2CVCPU%3A1&root_required=%21COMPUTE_STATUS_DISABLED" status: 200 len: 2191 microversion: 1.36 [pid: 8|app: 0|req: 335/670] 10.0.0.40 () {34 vars in 1011 bytes} [Thu Jul 2 16:39:27 2026] GET /allocation_candidates?limit=1000&resources=DISK_GB%3A1%2CMEMORY_MB%3A512%2CVCPU%3A1&root_required=%21COMPUTE_STATUS_DISABLED => generated 2191 bytes in 56 msecs (HTTP/1.1 200) 8 headers in 297 bytes (1 switches on core 0)
2026-07-02 16:39:27.268 7 INFO placement.requestlog [req-a57699eb-353c-4e74-ad40-b6e9f7b8a977 req-8b783782-d5cd-483d-bf8c-2a2b5e9c1e0c 0738f082948148e7b164fb9374875ef0 935aad96fe404b929e1b4c54767aad9f - - 8a866b77d43d4a139210fde42ea3a636 8a866b77d43d4a139210fde42ea3a636] 10.0.0.40 "GET /allocations/d5594c08-6b7a-4c78-986d-da6c173a8d65" status: 200 len: 19 microversion: 1.28 [pid: 7|app: 0|req: 336/671] 10.0.0.40 () {34 vars in 860 bytes} [Thu Jul 2 16:39:27 2026] GET /allocations/d5594c08-6b7a-4c78-986d-da6c173a8d65 => generated 19 bytes in 10 msecs (HTTP/1.1 200) 8 headers in 295 bytes (1 switches on core 0)
2026-07-02 16:39:27.357 8 INFO placement.requestlog [req-a57699eb-353c-4e74-ad40-b6e9f7b8a977 req-338aa390-dad3-45e4-9ff4-7735eff4ee95 0738f082948148e7b164fb9374875ef0 935aad96fe404b929e1b4c54767aad9f - - 8a866b77d43d4a139210fde42ea3a636 8a866b77d43d4a139210fde42ea3a636] 10.0.0.40 "PUT /allocations/d5594c08-6b7a-4c78-986d-da6c173a8d65" status: 204 len: 0 microversion: 1.36 [pid: 8|app: 0|req: 336/672] 10.0.0.40 () {38 vars in 913 bytes} [Thu Jul 2 16:39:27 2026] PUT /allocations/d5594c08-6b7a-4c78-986d-da6c173a8d65 => generated 0 bytes in 84 msecs (HTTP/1.1 204) 5 headers in 199 bytes (1 switches on core 0)
2026-07-02 16:39:27.768 7 INFO placement.requestlog [req-a57699eb-353c-4e74-ad40-b6e9f7b8a977 req-30f02f7a-5c4d-4f95-9625-c576efa871b6 0738f082948148e7b164fb9374875ef0 935aad96fe404b929e1b4c54767aad9f - - 8a866b77d43d4a139210fde42ea3a636 8a866b77d43d4a139210fde42ea3a636] 199.204.45.38 "GET /allocations/d5594c08-6b7a-4c78-986d-da6c173a8d65" status: 200 len: 257 microversion: 1.28 [pid: 7|app: 0|req: 337/673] 199.204.45.38 () {34 vars in 862 bytes} [Thu Jul 2 16:39:27 2026] GET /allocations/d5594c08-6b7a-4c78-986d-da6c173a8d65 => generated 257 bytes in 16 msecs (HTTP/1.1 200) 8 headers in 296 bytes (1 switches on core 0)
2026-07-02 16:39:27.936 8 INFO placement.requestlog [req-a57699eb-353c-4e74-ad40-b6e9f7b8a977 req-8300a263-6fb7-40fc-8023-7dde7f3771c8 0738f082948148e7b164fb9374875ef0 935aad96fe404b929e1b4c54767aad9f - - 8a866b77d43d4a139210fde42ea3a636 8a866b77d43d4a139210fde42ea3a636] 199.204.45.38 "GET /resource_providers/b0adbb94-e3b4-4cbb-84f4-c21bcd270f9d/allocations" status: 200 len: 438 microversion: 1.0 [pid: 8|app: 0|req: 337/674] 199.204.45.38 () {32 vars in 856 bytes} [Thu Jul 2 16:39:27 2026] GET /resource_providers/b0adbb94-e3b4-4cbb-84f4-c21bcd270f9d/allocations => generated 438 bytes in 33 msecs (HTTP/1.1 200) 6 headers in 224 bytes (1 switches on core 0)
2026-07-02 16:39:27.976 7 INFO placement.requestlog [req-a57699eb-353c-4e74-ad40-b6e9f7b8a977 req-304ce532-f150-4cc2-a4ee-1af7fdf43d69 0738f082948148e7b164fb9374875ef0 935aad96fe404b929e1b4c54767aad9f - - 8a866b77d43d4a139210fde42ea3a636 8a866b77d43d4a139210fde42ea3a636] 199.204.45.38 "GET /allocations/e251e465-6a99-4b53-8294-2a2be415ba67" status: 200 len: 243 microversion: 1.28 [pid: 7|app: 0|req: 338/675] 199.204.45.38 () {34 vars in 862 bytes} [Thu Jul 2 16:39:27 2026] GET /allocations/e251e465-6a99-4b53-8294-2a2be415ba67 => generated 243 bytes in 23 msecs (HTTP/1.1 200) 8 headers in 296 bytes (1 switches on core 0)
2026-07-02 16:39:28.013 8 INFO placement.requestlog [req-a57699eb-353c-4e74-ad40-b6e9f7b8a977 req-c8ffda6f-a57a-407d-b428-3f00cd5b6bb6 0738f082948148e7b164fb9374875ef0 935aad96fe404b929e1b4c54767aad9f - - 8a866b77d43d4a139210fde42ea3a636 8a866b77d43d4a139210fde42ea3a636] 199.204.45.38 "GET /allocations/d5594c08-6b7a-4c78-986d-da6c173a8d65" status: 200 len: 257 microversion: 1.28 [pid: 8|app: 0|req: 338/676] 199.204.45.38 () {34 vars in 862 bytes} [Thu Jul 2 16:39:27 2026] GET /allocations/d5594c08-6b7a-4c78-986d-da6c173a8d65 => generated 257 bytes in 26 msecs (HTTP/1.1 200) 8 headers in 296 bytes (1 switches on core 0)
2026-07-02 16:39:28.062 7 INFO placement.requestlog [req-a57699eb-353c-4e74-ad40-b6e9f7b8a977 req-766928e4-8f29-4a97-8499-f978190e59f5 0738f082948148e7b164fb9374875ef0 935aad96fe404b929e1b4c54767aad9f - - 8a866b77d43d4a139210fde42ea3a636 8a866b77d43d4a139210fde42ea3a636] 199.204.45.38 "GET /allocations/32275e93-f49e-405c-b789-2743ce3240a9" status: 200 len: 257 microversion: 1.28 [pid: 7|app: 0|req: 339/677] 199.204.45.38 () {34 vars in 862 bytes} [Thu Jul 2 16:39:28 2026] GET /allocations/32275e93-f49e-405c-b789-2743ce3240a9 => generated 257 bytes in 30 msecs (HTTP/1.1 200) 8 headers in 296 bytes (1 switches on core 0)
2026-07-02 16:39:28.097 8 INFO placement.requestlog [req-a57699eb-353c-4e74-ad40-b6e9f7b8a977 req-c1302f12-2cc0-41ee-9512-1f38abd50206 0738f082948148e7b164fb9374875ef0 935aad96fe404b929e1b4c54767aad9f - - 8a866b77d43d4a139210fde42ea3a636 8a866b77d43d4a139210fde42ea3a636] 199.204.45.38 "GET /allocations/e74d7db8-6bb0-4e1d-8dec-ad851e3aa87a" status: 200 len: 257 microversion: 1.28 [pid: 8|app: 0|req: 339/678] 199.204.45.38 () {34 vars in 862 bytes} [Thu Jul 2 16:39:28 2026] GET /allocations/e74d7db8-6bb0-4e1d-8dec-ad851e3aa87a => generated 257 bytes in 27 msecs (HTTP/1.1 200) 8 headers in 296 bytes (1 switches on core 0)
2026-07-02 16:39:30.910 7 INFO placement.requestlog [req-35b22552-3278-4bbd-9724-0c8c18ce2d3e req-a1321776-2feb-4ee6-b45f-259224df4d6b 0738f082948148e7b164fb9374875ef0 935aad96fe404b929e1b4c54767aad9f - - 8a866b77d43d4a139210fde42ea3a636 8a866b77d43d4a139210fde42ea3a636] 199.204.45.38 "GET /resource_providers/b0adbb94-e3b4-4cbb-84f4-c21bcd270f9d/allocations" status: 200 len: 438 microversion: 1.0 [pid: 7|app: 0|req: 340/679] 199.204.45.38 () {32 vars in 856 bytes} [Thu Jul 2 16:39:30 2026] GET /resource_providers/b0adbb94-e3b4-4cbb-84f4-c21bcd270f9d/allocations => generated 438 bytes in 23 msecs (HTTP/1.1 200) 6 headers in 224 bytes (1 switches on core 0)
2026-07-02 16:39:30.943 8 INFO placement.requestlog [req-35b22552-3278-4bbd-9724-0c8c18ce2d3e req-5d388f45-6f59-48fd-aa39-f6f91b8a6d77 0738f082948148e7b164fb9374875ef0 935aad96fe404b929e1b4c54767aad9f - - 8a866b77d43d4a139210fde42ea3a636 8a866b77d43d4a139210fde42ea3a636] 199.204.45.38 "GET /allocations/e251e465-6a99-4b53-8294-2a2be415ba67" status: 200 len: 243 microversion: 1.28 [pid: 8|app: 0|req: 340/680] 199.204.45.38 () {34 vars in 862 bytes} [Thu Jul 2 16:39:30 2026] GET /allocations/e251e465-6a99-4b53-8294-2a2be415ba67 => generated 243 bytes in 16 msecs (HTTP/1.1 200) 8 headers in 296 bytes (1 switches on core 0)
2026-07-02 16:39:30.992 7 INFO placement.requestlog [req-35b22552-3278-4bbd-9724-0c8c18ce2d3e req-298cd9ed-d229-4db5-a4e3-bd4e4aba2bd4 0738f082948148e7b164fb9374875ef0 935aad96fe404b929e1b4c54767aad9f - - 8a866b77d43d4a139210fde42ea3a636 8a866b77d43d4a139210fde42ea3a636] 199.204.45.38 "GET /allocations/d5594c08-6b7a-4c78-986d-da6c173a8d65" status: 200 len: 257 microversion: 1.28 [pid: 7|app: 0|req: 341/681] 199.204.45.38 () {34 vars in 862 bytes} [Thu Jul 2 16:39:30 2026] GET /allocations/d5594c08-6b7a-4c78-986d-da6c173a8d65 => generated 257 bytes in 36 msecs (HTTP/1.1 200) 8 headers in 296 bytes (1 switches on core 0)
2026-07-02 16:39:31.036 8 INFO placement.requestlog [req-35b22552-3278-4bbd-9724-0c8c18ce2d3e req-60021dde-4f06-48b1-97b4-2422c18d8179 0738f082948148e7b164fb9374875ef0 935aad96fe404b929e1b4c54767aad9f - - 8a866b77d43d4a139210fde42ea3a636 8a866b77d43d4a139210fde42ea3a636] 199.204.45.38 "GET /allocations/32275e93-f49e-405c-b789-2743ce3240a9" status: 200 len: 257 microversion: 1.28 [pid: 8|app: 0|req: 341/682] 199.204.45.38 () {34 vars in 862 bytes} [Thu Jul 2 16:39:31 2026] GET /allocations/32275e93-f49e-405c-b789-2743ce3240a9 => generated 257 bytes in 16 msecs (HTTP/1.1 200) 8 headers in 296 bytes (1 switches on core 0)
2026-07-02 16:39:31.080 7 INFO placement.requestlog [req-35b22552-3278-4bbd-9724-0c8c18ce2d3e req-b2e9a120-8668-4e94-825c-62a65489746c 0738f082948148e7b164fb9374875ef0 935aad96fe404b929e1b4c54767aad9f - - 8a866b77d43d4a139210fde42ea3a636 8a866b77d43d4a139210fde42ea3a636] 199.204.45.38 "GET /allocations/e74d7db8-6bb0-4e1d-8dec-ad851e3aa87a" status: 200 len: 257 microversion: 1.28 [pid: 7|app: 0|req: 342/683] 199.204.45.38 () {34 vars in 862 bytes} [Thu Jul 2 16:39:31 2026] GET /allocations/e74d7db8-6bb0-4e1d-8dec-ad851e3aa87a => generated 257 bytes in 37 msecs (HTTP/1.1 200) 8 headers in 296 bytes (1 switches on core 0)
2026-07-02 16:39:31.224 8 INFO placement.requestlog [req-35b22552-3278-4bbd-9724-0c8c18ce2d3e req-712a6c61-738d-4419-bb5f-3ce0eb08410c 0738f082948148e7b164fb9374875ef0 935aad96fe404b929e1b4c54767aad9f - - 8a866b77d43d4a139210fde42ea3a636 8a866b77d43d4a139210fde42ea3a636] 199.204.45.38 "DELETE /allocations/e251e465-6a99-4b53-8294-2a2be415ba67" status: 204 len: 0 microversion: 1.0 [pid: 8|app: 0|req: 342/684] 199.204.45.38 () {34 vars in 840 bytes} [Thu Jul 2 16:39:31 2026] DELETE /allocations/e251e465-6a99-4b53-8294-2a2be415ba67 => generated 0 bytes in 49 msecs (HTTP/1.1 204) 5 headers in 198 bytes (1 switches on core 0)
2026-07-02 16:39:34.379 7 INFO placement.requestlog [req-f6c8ba7d-e02b-4701-bac1-571b29065295 req-4ea83767-b1cd-4d00-9273-f5ff589c37ba 0738f082948148e7b164fb9374875ef0 935aad96fe404b929e1b4c54767aad9f - - 8a866b77d43d4a139210fde42ea3a636 8a866b77d43d4a139210fde42ea3a636] 199.204.45.38 "GET /resource_providers/b0adbb94-e3b4-4cbb-84f4-c21bcd270f9d/allocations" status: 200 len: 352 microversion: 1.0 [pid: 7|app: 0|req: 343/685] 199.204.45.38 () {32 vars in 856 bytes} [Thu Jul 2 16:39:34 2026] GET /resource_providers/b0adbb94-e3b4-4cbb-84f4-c21bcd270f9d/allocations => generated 352 bytes in 31 msecs (HTTP/1.1 200) 6 headers in 224 bytes (1 switches on core 0)
2026-07-02 16:39:34.431 8 INFO placement.requestlog [req-f6c8ba7d-e02b-4701-bac1-571b29065295 req-2eb00929-f9fd-4022-a8a6-09e0e3137127 0738f082948148e7b164fb9374875ef0 935aad96fe404b929e1b4c54767aad9f - - 8a866b77d43d4a139210fde42ea3a636 8a866b77d43d4a139210fde42ea3a636] 199.204.45.38 "GET /allocations/e74d7db8-6bb0-4e1d-8dec-ad851e3aa87a" status: 200 len: 257 microversion: 1.28 [pid: 8|app: 0|req: 343/686] 199.204.45.38 () {34 vars in 862 bytes} [Thu Jul 2 16:39:34 2026] GET /allocations/e74d7db8-6bb0-4e1d-8dec-ad851e3aa87a => generated 257 bytes in 34 msecs (HTTP/1.1 200) 8 headers in 296 bytes (1 switches on core 0)
2026-07-02 16:39:34.461 7 INFO placement.requestlog [req-f6c8ba7d-e02b-4701-bac1-571b29065295 req-795eceb6-ea25-49e5-baca-e681b1f29ced 0738f082948148e7b164fb9374875ef0 935aad96fe404b929e1b4c54767aad9f - - 8a866b77d43d4a139210fde42ea3a636 8a866b77d43d4a139210fde42ea3a636] 199.204.45.38 "GET /allocations/d5594c08-6b7a-4c78-986d-da6c173a8d65" status: 200 len: 257 microversion: 1.28 [pid: 7|app: 0|req: 344/687] 199.204.45.38 () {34 vars in 862 bytes} [Thu Jul 2 16:39:34 2026] GET /allocations/d5594c08-6b7a-4c78-986d-da6c173a8d65 => generated 257 bytes in 31 msecs (HTTP/1.1 200) 8 headers in 296 bytes (1 switches on core 0)
2026-07-02 16:39:34.521 8 INFO placement.requestlog [req-f6c8ba7d-e02b-4701-bac1-571b29065295 req-f211d063-c4a3-4b0f-8895-54cf1076fa2a 0738f082948148e7b164fb9374875ef0 935aad96fe404b929e1b4c54767aad9f - - 8a866b77d43d4a139210fde42ea3a636 8a866b77d43d4a139210fde42ea3a636] 199.204.45.38 "GET /allocations/32275e93-f49e-405c-b789-2743ce3240a9" status: 200 len: 257 microversion: 1.28 [pid: 8|app: 0|req: 344/688] 199.204.45.38 () {34 vars in 862 bytes} [Thu Jul 2 16:39:34 2026] GET /allocations/32275e93-f49e-405c-b789-2743ce3240a9 => generated 257 bytes in 29 msecs (HTTP/1.1 200) 8 headers in 296 bytes (1 switches on core 0)
