2026-06-15 17:04:07.560 8 INFO neutron.db.ovn_revision_numbers_db [None req-67d38d68-1159-416d-9abd-f1f19c1dcb87 52f4b7c6356849b2b0939622d559d036 1d0555f964204fa9881d667299ac9616 - - default default] Successfully bumped revision number for resource ff54d874-1078-4ed1-9387-3228ca4c6d2d (type: security_group_rules) to 0 [pid: 8|app: 0|req: 1131/2326] 10.0.0.86 () {32 vars in 773 bytes} [Mon Jun 15 17:04:07 2026] GET /v2.0/security-groups?tenant_id=a05635f03af54ca288a19e069bbf2501&name=default => generated 2925 bytes in 452 msecs (HTTP/1.1 200) 4 headers in 158 bytes (1 switches on core 0) [pid: 7|app: 0|req: 1196/2327] 10.0.0.86 () {32 vars in 739 bytes} [Mon Jun 15 17:04:07 2026] DELETE /v2.0/security-groups/63426199-7251-40d2-8faa-525670453a39 => generated 0 bytes in 249 msecs (HTTP/1.1 204) 2 headers in 112 bytes (1 switches on core 0) [pid: 8|app: 0|req: 1132/2328] 10.0.0.226 () {34 vars in 990 bytes} [Mon Jun 15 17:04:08 2026] GET /v2.0/ports?device_id=fd241d3d-ef14-4ac2-bdda-6f59def0ba52 => generated 1209 bytes in 50 msecs (HTTP/1.1 200) 4 headers in 158 bytes (1 switches on core 0) [pid: 7|app: 0|req: 1197/2329] 10.0.0.226 () {34 vars in 1040 bytes} [Mon Jun 15 17:04:08 2026] GET /v2.0/security-groups?id=5fa686ce-a16e-4e36-bc90-1929d0fbda33&fields=id&fields=name => generated 114 bytes in 32 msecs (HTTP/1.1 200) 4 headers in 157 bytes (1 switches on core 0)
2026-06-15 17:04:09.979 8 INFO neutron.db.ovn_revision_numbers_db [None req-8d633b0f-9718-4b41-80d6-ce3008ed2616 d2366a2209ed44248eef9f6f4c3188e5 8da0e162376c4536a22fb67155ba4904 - - default default] Successfully bumped revision number for resource 0d8a9419-4f0c-4610-a401-21be13bac2a7 (type: security_groups) to 1
2026-06-15 17:04:09.994 8 INFO neutron.db.ovn_revision_numbers_db [None req-8d633b0f-9718-4b41-80d6-ce3008ed2616 d2366a2209ed44248eef9f6f4c3188e5 8da0e162376c4536a22fb67155ba4904 - - default default] Successfully bumped revision number for resource 7f3f7b6f-4cd1-4a21-be55-f71ef6e230d3 (type: security_group_rules) to 0
2026-06-15 17:04:10.008 8 INFO neutron.db.ovn_revision_numbers_db [None req-8d633b0f-9718-4b41-80d6-ce3008ed2616 d2366a2209ed44248eef9f6f4c3188e5 8da0e162376c4536a22fb67155ba4904 - - default default] Successfully bumped revision number for resource 853326ca-d0ce-492f-ba88-20bdb30a4d67 (type: security_group_rules) to 0
2026-06-15 17:04:10.021 8 INFO neutron.db.ovn_revision_numbers_db [None req-8d633b0f-9718-4b41-80d6-ce3008ed2616 d2366a2209ed44248eef9f6f4c3188e5 8da0e162376c4536a22fb67155ba4904 - - default default] Successfully bumped revision number for resource f0371b60-2e21-46f1-ab72-98b8240b0047 (type: security_group_rules) to 0
2026-06-15 17:04:10.033 8 INFO neutron.db.ovn_revision_numbers_db [None req-8d633b0f-9718-4b41-80d6-ce3008ed2616 d2366a2209ed44248eef9f6f4c3188e5 8da0e162376c4536a22fb67155ba4904 - - default default] Successfully bumped revision number for resource f8c3a609-c6ad-4426-adaa-2d727697cb60 (type: security_group_rules) to 0
2026-06-15 17:04:10.109 8 INFO neutron.db.segments_db [None req-8d633b0f-9718-4b41-80d6-ce3008ed2616 d2366a2209ed44248eef9f6f4c3188e5 8da0e162376c4536a22fb67155ba4904 - - default default] Added segment 1873abff-f288-4ad7-aa03-b919f74380e9 of type geneve for network f96a2dbb-66c8-486b-b551-08e00b29fad7
2026-06-15 17:04:10.175 7 INFO neutron.db.ovn_revision_numbers_db [None req-8baf2c43-5fb0-4f24-a1ec-035c15c150f2 ab0ec44252714906b7f2a18370f22ee9 0ff3c8412cd746f6ac18faa698a0c69f - - default default] Successfully bumped revision number for resource efcfb008-cb9a-47df-b79f-fe737d09740d (type: security_groups) to 1
2026-06-15 17:04:10.193 7 INFO neutron.db.ovn_revision_numbers_db [None req-8baf2c43-5fb0-4f24-a1ec-035c15c150f2 ab0ec44252714906b7f2a18370f22ee9 0ff3c8412cd746f6ac18faa698a0c69f - - default default] Successfully bumped revision number for resource 301e1551-3da9-46a7-8d2d-f822c19c3410 (type: security_group_rules) to 0
2026-06-15 17:04:10.208 7 INFO neutron.db.ovn_revision_numbers_db [None req-8baf2c43-5fb0-4f24-a1ec-035c15c150f2 ab0ec44252714906b7f2a18370f22ee9 0ff3c8412cd746f6ac18faa698a0c69f - - default default] Successfully bumped revision number for resource 664c08cb-2766-4818-a341-3023fe6ab983 (type: security_group_rules) to 0
2026-06-15 17:04:10.224 7 INFO neutron.db.ovn_revision_numbers_db [None req-8baf2c43-5fb0-4f24-a1ec-035c15c150f2 ab0ec44252714906b7f2a18370f22ee9 0ff3c8412cd746f6ac18faa698a0c69f - - default default] Successfully bumped revision number for resource e1abd038-144c-4ab0-a05c-0927fc9544cc (type: security_group_rules) to 0
2026-06-15 17:04:10.236 8 INFO neutron.db.ovn_revision_numbers_db [None req-8d633b0f-9718-4b41-80d6-ce3008ed2616 d2366a2209ed44248eef9f6f4c3188e5 8da0e162376c4536a22fb67155ba4904 - - default default] Successfully bumped revision number for resource f96a2dbb-66c8-486b-b551-08e00b29fad7 (type: networks) to 1
2026-06-15 17:04:10.238 7 INFO neutron.db.ovn_revision_numbers_db [None req-8baf2c43-5fb0-4f24-a1ec-035c15c150f2 ab0ec44252714906b7f2a18370f22ee9 0ff3c8412cd746f6ac18faa698a0c69f - - default default] Successfully bumped revision number for resource e430e759-f642-4400-b571-6d943125ef2c (type: security_group_rules) to 0
2026-06-15 17:04:10.321 7 INFO neutron.db.segments_db [None req-8baf2c43-5fb0-4f24-a1ec-035c15c150f2 ab0ec44252714906b7f2a18370f22ee9 0ff3c8412cd746f6ac18faa698a0c69f - - default default] Added segment d857bfe4-c136-4e84-b5d5-9b3dc7592e15 of type geneve for network 546b60f1-4331-42de-b9c7-a8ec5e307c54
2026-06-15 17:04:10.403 8 WARNING neutron.scheduler.dhcp_agent_scheduler [None req-8d633b0f-9718-4b41-80d6-ce3008ed2616 d2366a2209ed44248eef9f6f4c3188e5 8da0e162376c4536a22fb67155ba4904 - - default default] No more DHCP agents
2026-06-15 17:04:10.406 8 WARNING neutron.api.rpc.agentnotifiers.dhcp_rpc_agent_api [None req-8d633b0f-9718-4b41-80d6-ce3008ed2616 d2366a2209ed44248eef9f6f4c3188e5 8da0e162376c4536a22fb67155ba4904 - - default default] Unable to schedule network f96a2dbb-66c8-486b-b551-08e00b29fad7: no agents available; will retry on subsequent port and subnet creation events.
2026-06-15 17:04:10.427 7 INFO neutron.db.ovn_revision_numbers_db [None req-8baf2c43-5fb0-4f24-a1ec-035c15c150f2 ab0ec44252714906b7f2a18370f22ee9 0ff3c8412cd746f6ac18faa698a0c69f - - default default] Successfully bumped revision number for resource 546b60f1-4331-42de-b9c7-a8ec5e307c54 (type: networks) to 1
2026-06-15 17:04:10.451 8 INFO neutron.plugins.ml2.drivers.ovn.mech_driver.mech_driver [None req-0ba68434-3a41-416b-9df4-c18266387d74 - - - - - -] OVN reports status down for port: 1f70a6e0-f14e-4ccf-94af-a6e805b6c3ea
2026-06-15 17:04:10.529 8 INFO neutron.db.ovn_revision_numbers_db [None req-8d633b0f-9718-4b41-80d6-ce3008ed2616 d2366a2209ed44248eef9f6f4c3188e5 8da0e162376c4536a22fb67155ba4904 - - default default] Successfully bumped revision number for resource 1f70a6e0-f14e-4ccf-94af-a6e805b6c3ea (type: ports) to 1 [pid: 8|app: 0|req: 1133/2330] 10.0.0.86 () {34 vars in 669 bytes} [Mon Jun 15 17:04:09 2026] POST /v2.0/networks => generated 662 bytes in 874 msecs (HTTP/1.1 201) 4 headers in 162 bytes (1 switches on core 0)
2026-06-15 17:04:10.646 7 WARNING neutron.scheduler.dhcp_agent_scheduler [None req-8baf2c43-5fb0-4f24-a1ec-035c15c150f2 ab0ec44252714906b7f2a18370f22ee9 0ff3c8412cd746f6ac18faa698a0c69f - - default default] No more DHCP agents
2026-06-15 17:04:10.648 7 WARNING neutron.api.rpc.agentnotifiers.dhcp_rpc_agent_api [None req-8baf2c43-5fb0-4f24-a1ec-035c15c150f2 ab0ec44252714906b7f2a18370f22ee9 0ff3c8412cd746f6ac18faa698a0c69f - - default default] Unable to schedule network 546b60f1-4331-42de-b9c7-a8ec5e307c54: no agents available; will retry on subsequent port and subnet creation events.
2026-06-15 17:04:10.693 7 INFO neutron.plugins.ml2.drivers.ovn.mech_driver.mech_driver [None req-8f3e9381-f44a-4f0f-9f94-1b4f28847636 - - - - - -] OVN reports status down for port: f630ff57-7df6-45e7-9204-07b487ca6682
2026-06-15 17:04:10.757 7 INFO neutron.db.ovn_revision_numbers_db [None req-8baf2c43-5fb0-4f24-a1ec-035c15c150f2 ab0ec44252714906b7f2a18370f22ee9 0ff3c8412cd746f6ac18faa698a0c69f - - default default] Successfully bumped revision number for resource f630ff57-7df6-45e7-9204-07b487ca6682 (type: ports) to 1 [pid: 7|app: 0|req: 1198/2331] 10.0.0.86 () {34 vars in 669 bytes} [Mon Jun 15 17:04:09 2026] POST /v2.0/networks => generated 645 bytes in 838 msecs (HTTP/1.1 201) 4 headers in 162 bytes (1 switches on core 0)
2026-06-15 17:04:10.864 8 WARNING neutron.scheduler.dhcp_agent_scheduler [None req-1f9db1df-b474-46e3-9ffd-9d725cb34aff d2366a2209ed44248eef9f6f4c3188e5 8da0e162376c4536a22fb67155ba4904 - - default default] No more DHCP agents
2026-06-15 17:04:10.866 8 WARNING neutron.api.rpc.agentnotifiers.dhcp_rpc_agent_api [None req-1f9db1df-b474-46e3-9ffd-9d725cb34aff d2366a2209ed44248eef9f6f4c3188e5 8da0e162376c4536a22fb67155ba4904 - - default default] Unable to schedule network f96a2dbb-66c8-486b-b551-08e00b29fad7: no agents available; will retry on subsequent port and subnet creation events.
2026-06-15 17:04:11.042 7 WARNING neutron.scheduler.dhcp_agent_scheduler [None req-02e1ee37-4269-42df-890a-5cb1aec2973c ab0ec44252714906b7f2a18370f22ee9 0ff3c8412cd746f6ac18faa698a0c69f - - default default] No more DHCP agents
2026-06-15 17:04:11.043 7 WARNING neutron.api.rpc.agentnotifiers.dhcp_rpc_agent_api [None req-02e1ee37-4269-42df-890a-5cb1aec2973c ab0ec44252714906b7f2a18370f22ee9 0ff3c8412cd746f6ac18faa698a0c69f - - default default] Unable to schedule network 546b60f1-4331-42de-b9c7-a8ec5e307c54: no agents available; will retry on subsequent port and subnet creation events.
2026-06-15 17:04:11.345 8 INFO neutron.db.ovn_revision_numbers_db [None req-a2144c7c-85c4-48c0-91ee-62fa28eb1e97 - - - - - -] Successfully bumped revision number for resource 1f70a6e0-f14e-4ccf-94af-a6e805b6c3ea (type: ports) to 2
2026-06-15 17:04:11.382 8 INFO neutron.db.ovn_revision_numbers_db [None req-a2144c7c-85c4-48c0-91ee-62fa28eb1e97 - - - - - -] Successfully bumped revision number for resource 82514682-d2c1-4bc6-be61-faa1fe54efbf (type: subnets) to 0 [pid: 8|app: 0|req: 1134/2332] 10.0.0.86 () {34 vars in 668 bytes} [Mon Jun 15 17:04:10 2026] POST /v2.0/subnets => generated 641 bytes in 779 msecs (HTTP/1.1 201) 4 headers in 162 bytes (1 switches on core 0)
2026-06-15 17:04:11.514 8 INFO neutron.db.segments_db [None req-6c1c3d30-7749-466c-a44a-fb56341cbdba d2366a2209ed44248eef9f6f4c3188e5 8da0e162376c4536a22fb67155ba4904 - - default default] Added segment 50bfaabb-5f44-4843-abe0-9f045cd9f840 of type geneve for network 8aee0b26-431f-4122-9dc5-5dbb87bed786
2026-06-15 17:04:11.567 7 INFO neutron.db.ovn_revision_numbers_db [None req-4b04ad57-ee7d-4144-8e06-e636cf476180 - - - - - -] Successfully bumped revision number for resource f630ff57-7df6-45e7-9204-07b487ca6682 (type: ports) to 2
2026-06-15 17:04:11.604 7 INFO neutron.db.ovn_revision_numbers_db [None req-4b04ad57-ee7d-4144-8e06-e636cf476180 - - - - - -] Successfully bumped revision number for resource 7b5ae963-ca8f-4e47-993d-157e950fcb69 (type: subnets) to 0 [pid: 7|app: 0|req: 1199/2333] 10.0.0.86 () {34 vars in 668 bytes} [Mon Jun 15 17:04:10 2026] POST /v2.0/subnets => generated 626 bytes in 818 msecs (HTTP/1.1 201) 4 headers in 162 bytes (1 switches on core 0)
2026-06-15 17:04:11.661 8 INFO neutron.db.ovn_revision_numbers_db [None req-6c1c3d30-7749-466c-a44a-fb56341cbdba d2366a2209ed44248eef9f6f4c3188e5 8da0e162376c4536a22fb67155ba4904 - - default default] Successfully bumped revision number for resource 8aee0b26-431f-4122-9dc5-5dbb87bed786 (type: networks) to 1 [pid: 7|app: 0|req: 1200/2334] 10.0.0.46 () {34 vars in 989 bytes} [Mon Jun 15 17:04:11 2026] GET /v2.0/ports?device_id=fd241d3d-ef14-4ac2-bdda-6f59def0ba52 => generated 971 bytes in 83 msecs (HTTP/1.1 200) 4 headers in 157 bytes (1 switches on core 0)
2026-06-15 17:04:11.865 8 WARNING neutron.scheduler.dhcp_agent_scheduler [None req-6c1c3d30-7749-466c-a44a-fb56341cbdba d2366a2209ed44248eef9f6f4c3188e5 8da0e162376c4536a22fb67155ba4904 - - default default] No more DHCP agents
2026-06-15 17:04:11.867 8 WARNING neutron.api.rpc.agentnotifiers.dhcp_rpc_agent_api [None req-6c1c3d30-7749-466c-a44a-fb56341cbdba d2366a2209ed44248eef9f6f4c3188e5 8da0e162376c4536a22fb67155ba4904 - - default default] Unable to schedule network 8aee0b26-431f-4122-9dc5-5dbb87bed786: no agents available; will retry on subsequent port and subnet creation events.
2026-06-15 17:04:11.930 7 INFO neutron.plugins.ml2.drivers.ovn.mech_driver.mech_driver [None req-8f3e9381-f44a-4f0f-9f94-1b4f28847636 - - - - - -] OVN reports status down for port: 4672f0c4-2de7-4fd8-84b9-aefab3dbb1ee
2026-06-15 17:04:11.976 8 INFO neutron.db.ovn_revision_numbers_db [None req-6c1c3d30-7749-466c-a44a-fb56341cbdba d2366a2209ed44248eef9f6f4c3188e5 8da0e162376c4536a22fb67155ba4904 - - default default] Successfully bumped revision number for resource 4672f0c4-2de7-4fd8-84b9-aefab3dbb1ee (type: ports) to 1 [pid: 8|app: 0|req: 1135/2335] 10.0.0.86 () {34 vars in 669 bytes} [Mon Jun 15 17:04:11 2026] POST /v2.0/networks => generated 663 bytes in 603 msecs (HTTP/1.1 201) 4 headers in 162 bytes (1 switches on core 0) [pid: 8|app: 0|req: 1136/2336] 10.0.0.46 () {34 vars in 1039 bytes} [Mon Jun 15 17:04:12 2026] GET /v2.0/security-groups?id=5fa686ce-a16e-4e36-bc90-1929d0fbda33&fields=id&fields=name => generated 114 bytes in 34 msecs (HTTP/1.1 200) 4 headers in 157 bytes (1 switches on core 0)
2026-06-15 17:04:12.190 8 INFO neutron.db.ovn_revision_numbers_db [None req-d31a3891-3d55-468e-9f9e-b8d3200f22b8 d2366a2209ed44248eef9f6f4c3188e5 8da0e162376c4536a22fb67155ba4904 - - default default] Successfully bumped revision number for resource 8aee0b26-431f-4122-9dc5-5dbb87bed786 (type: networks) to 2 [pid: 8|app: 0|req: 1137/2337] 10.0.0.86 () {34 vars in 742 bytes} [Mon Jun 15 17:04:12 2026] PUT /v2.0/networks/8aee0b26-431f-4122-9dc5-5dbb87bed786 => generated 636 bytes in 152 msecs (HTTP/1.1 200) 4 headers in 157 bytes (1 switches on core 0)
2026-06-15 17:04:12.263 7 WARNING neutron.scheduler.dhcp_agent_scheduler [None req-92e4986e-ba84-41ad-91bf-df071b51bb25 ab0ec44252714906b7f2a18370f22ee9 0ff3c8412cd746f6ac18faa698a0c69f - - default default] No more DHCP agents
2026-06-15 17:04:12.265 7 WARNING neutron.api.rpc.agentnotifiers.dhcp_rpc_agent_api [None req-92e4986e-ba84-41ad-91bf-df071b51bb25 ab0ec44252714906b7f2a18370f22ee9 0ff3c8412cd746f6ac18faa698a0c69f - - default default] Unable to schedule network e63224d3-347d-42db-b9e1-cdc509ab7068: no agents available; will retry on subsequent port and subnet creation events.
2026-06-15 17:04:12.384 8 INFO neutron.plugins.ml2.drivers.ovn.mech_driver.mech_driver [None req-0ba68434-3a41-416b-9df4-c18266387d74 - - - - - -] OVN reports status down for port: 400b2ceb-17db-4c0d-a138-8251771802f2
2026-06-15 17:04:12.423 7 INFO neutron.db.ovn_revision_numbers_db [None req-92e4986e-ba84-41ad-91bf-df071b51bb25 ab0ec44252714906b7f2a18370f22ee9 0ff3c8412cd746f6ac18faa698a0c69f - - default default] Successfully bumped revision number for resource 400b2ceb-17db-4c0d-a138-8251771802f2 (type: ports) to 1
2026-06-15 17:04:12.424 8 WARNING neutron.scheduler.dhcp_agent_scheduler [None req-3d3622cd-bff7-464e-bfc9-03bda9e24cc3 d2366a2209ed44248eef9f6f4c3188e5 8da0e162376c4536a22fb67155ba4904 - - default default] No more DHCP agents
2026-06-15 17:04:12.427 8 WARNING neutron.api.rpc.agentnotifiers.dhcp_rpc_agent_api [None req-3d3622cd-bff7-464e-bfc9-03bda9e24cc3 d2366a2209ed44248eef9f6f4c3188e5 8da0e162376c4536a22fb67155ba4904 - - default default] Unable to schedule network 8aee0b26-431f-4122-9dc5-5dbb87bed786: no agents available; will retry on subsequent port and subnet creation events.
2026-06-15 17:04:12.576 7 INFO neutron.plugins.ml2.drivers.ovn.mech_driver.mech_driver [None req-8f3e9381-f44a-4f0f-9f94-1b4f28847636 - - - - - -] OVN reports status down for port: c14d37b8-38de-46e2-87c5-ff9083bc252d
2026-06-15 17:04:12.965 8 INFO neutron.db.ovn_revision_numbers_db [None req-d7a40ae0-6c53-4fc3-963d-d3eaa787d462 - - - - - -] Successfully bumped revision number for resource 4672f0c4-2de7-4fd8-84b9-aefab3dbb1ee (type: ports) to 2
2026-06-15 17:04:13.011 8 INFO neutron.db.ovn_revision_numbers_db [None req-d7a40ae0-6c53-4fc3-963d-d3eaa787d462 - - - - - -] Successfully bumped revision number for resource b642d9e0-64ef-408a-8dad-3887f8309438 (type: subnets) to 0 [pid: 8|app: 0|req: 1138/2338] 10.0.0.86 () {34 vars in 668 bytes} [Mon Jun 15 17:04:12 2026] POST /v2.0/subnets => generated 626 bytes in 825 msecs (HTTP/1.1 201) 4 headers in 162 bytes (1 switches on core 0)
2026-06-15 17:04:13.303 8 INFO neutron.db.ovn_revision_numbers_db [None req-f704ba08-c9fe-4697-88c8-41b3cafdd55a d2366a2209ed44248eef9f6f4c3188e5 8da0e162376c4536a22fb67155ba4904 - - default default] Successfully bumped revision number for resource b642d9e0-64ef-408a-8dad-3887f8309438 (type: subnets) to 1 [pid: 8|app: 0|req: 1139/2339] 10.0.0.86 () {34 vars in 740 bytes} [Mon Jun 15 17:04:13 2026] PUT /v2.0/subnets/b642d9e0-64ef-408a-8dad-3887f8309438 => generated 636 bytes in 270 msecs (HTTP/1.1 200) 4 headers in 157 bytes (1 switches on core 0) [pid: 8|app: 0|req: 1140/2340] 10.0.0.46 () {34 vars in 989 bytes} [Mon Jun 15 17:04:13 2026] GET /v2.0/ports?device_id=fd241d3d-ef14-4ac2-bdda-6f59def0ba52 => generated 971 bytes in 70 msecs (HTTP/1.1 200) 4 headers in 157 bytes (1 switches on core 0)
2026-06-15 17:04:13.384 7 INFO neutron.notifiers.nova [-] Nova event matching ['req-35cd57b7-c809-471f-8458-f7effc1834a9'] response: {'server_uuid': 'fd241d3d-ef14-4ac2-bdda-6f59def0ba52', 'name': 'network-vif-unplugged', 'status': 'completed', 'tag': 'c14d37b8-38de-46e2-87c5-ff9083bc252d', 'code': 200}
2026-06-15 17:04:13.514 8 INFO neutron_taas.services.taas.taas_plugin [None req-d6493a04-04dd-4688-b73c-241dcd19c8a5 d2366a2209ed44248eef9f6f4c3188e5 8da0e162376c4536a22fb67155ba4904 - - default default] TaaS: Handle Delete Port: 4672f0c4-2de7-4fd8-84b9-aefab3dbb1ee
2026-06-15 17:04:13.517 8 INFO neutron_taas.services.taas.tap_mirror_plugin [None req-d6493a04-04dd-4688-b73c-241dcd19c8a5 d2366a2209ed44248eef9f6f4c3188e5 8da0e162376c4536a22fb67155ba4904 - - default default] Tap Mirror: Handle Delete Port: 4672f0c4-2de7-4fd8-84b9-aefab3dbb1ee
2026-06-15 17:04:13.593 7 INFO neutron.db.ovn_revision_numbers_db [None req-8f3e9381-f44a-4f0f-9f94-1b4f28847636 - - - - - -] Successfully bumped revision number for resource c14d37b8-38de-46e2-87c5-ff9083bc252d (type: ports) to 6
2026-06-15 17:04:13.915 8 INFO neutron.services.segments.plugin [-] Segment 50bfaabb-5f44-4843-abe0-9f045cd9f840 resource provider aggregate not found
2026-06-15 17:04:13.919 8 INFO neutron.services.segments.plugin [-] Segment 50bfaabb-5f44-4843-abe0-9f045cd9f840 resource provider aggregate not found
2026-06-15 17:04:13.943 8 INFO neutron.services.segments.plugin [-] Segment 50bfaabb-5f44-4843-abe0-9f045cd9f840 resource provider not found; error: Placement Client Error (4xx): {"errors": [{"status": 404, "title": "Not Found", "detail": "The resource could not be found.\n\n No resource provider with uuid 50bfaabb-5f44-4843-abe0-9f045cd9f840 found for delete ", "request_id": "req-f36f4a0f-1afb-4373-8f42-dc3195e50869"}]}
2026-06-15 17:04:13.944 8 INFO neutron.services.segments.plugin [-] Segment 50bfaabb-5f44-4843-abe0-9f045cd9f840 resource provider not found; error: Placement Client Error (4xx): {"errors": [{"status": 404, "title": "Not Found", "detail": "The resource could not be found.\n\n No resource provider with uuid 50bfaabb-5f44-4843-abe0-9f045cd9f840 found for delete ", "request_id": "req-5a733fad-6278-4183-a047-3f0a5d3e4e47"}]}
2026-06-15 17:04:13.963 7 INFO neutron.plugins.ml2.drivers.ovn.mech_driver.ovsdb.commands [None req-a9e06299-e683-4e1d-80a8-90a0e047e0c5 - - - - - -] Schedule LRP lrp-400b2ceb-17db-4c0d-a138-8251771802f2 on gateway a8a6243b-e8c4-43f2-8c27-306d053e9e90 with priority 1
2026-06-15 17:04:13.993 8 INFO neutron.plugins.ml2.drivers.ovn.mech_driver.mech_driver [None req-0ba68434-3a41-416b-9df4-c18266387d74 - - - - - -] OVN reports status up for port: 400b2ceb-17db-4c0d-a138-8251771802f2 [pid: 8|app: 0|req: 1141/2341] 10.0.0.86 () {32 vars in 725 bytes} [Mon Jun 15 17:04:13 2026] DELETE /v2.0/networks/8aee0b26-431f-4122-9dc5-5dbb87bed786 => generated 0 bytes in 626 msecs (HTTP/1.1 204) 3 headers in 131 bytes (1 switches on core 0)
2026-06-15 17:04:14.025 7 INFO neutron.db.ovn_revision_numbers_db [None req-92e4986e-ba84-41ad-91bf-df071b51bb25 ab0ec44252714906b7f2a18370f22ee9 0ff3c8412cd746f6ac18faa698a0c69f - - default default] Successfully bumped revision number for resource 400b2ceb-17db-4c0d-a138-8251771802f2 (type: router_ports) to 1
2026-06-15 17:04:14.028 8 INFO neutron.plugins.ml2.plugin [None req-0ba68434-3a41-416b-9df4-c18266387d74 - - - - - -] Attempt 1 to provision port 400b2ceb-17db-4c0d-a138-8251771802f2 [pid: 8|app: 0|req: 1142/2342] 10.0.0.46 () {34 vars in 1039 bytes} [Mon Jun 15 17:04:14 2026] GET /v2.0/security-groups?id=5fa686ce-a16e-4e36-bc90-1929d0fbda33&fields=id&fields=name => generated 114 bytes in 65 msecs (HTTP/1.1 200) 4 headers in 157 bytes (1 switches on core 0)
2026-06-15 17:04:14.102 7 INFO neutron.db.ovn_revision_numbers_db [None req-92e4986e-ba84-41ad-91bf-df071b51bb25 ab0ec44252714906b7f2a18370f22ee9 0ff3c8412cd746f6ac18faa698a0c69f - - default default] Successfully bumped revision number for resource 2977ef97-3cf7-4197-862c-dafd208fe5b9 (type: routers) to 2 [pid: 7|app: 0|req: 1201/2343] 10.0.0.86 () {34 vars in 668 bytes} [Mon Jun 15 17:04:11 2026] POST /v2.0/routers => generated 935 bytes in 2416 msecs (HTTP/1.1 201) 4 headers in 162 bytes (1 switches on core 0) /var/lib/openstack/lib/python3.12/site-packages/pycadf/identifier.py:70: UserWarning: Invalid uuid: neutron. To ensure interoperability, identifiers should be a valid uuid. warnings.warn(('Invalid uuid: %s. To ensure interoperability, '
2026-06-15 17:04:14.136 7 INFO neutron.pecan_wsgi.hooks.translation [None req-9c0939e6-c5d2-438e-84b6-4c5967cd854f d2366a2209ed44248eef9f6f4c3188e5 8da0e162376c4536a22fb67155ba4904 - - default default] DELETE failed (client error): The resource could not be found. [pid: 7|app: 0|req: 1202/2344] 10.0.0.86 () {32 vars in 725 bytes} [Mon Jun 15 17:04:14 2026] DELETE /v2.0/networks/8aee0b26-431f-4122-9dc5-5dbb87bed786 => generated 138 bytes in 17 msecs (HTTP/1.1 404) 4 headers in 164 bytes (1 switches on core 0) [pid: 8|app: 0|req: 1143/2345] 199.204.45.210 () {34 vars in 994 bytes} [Mon Jun 15 17:04:14 2026] GET /v2.0/ports?device_id=fd241d3d-ef14-4ac2-bdda-6f59def0ba52 => generated 969 bytes in 93 msecs (HTTP/1.1 200) 4 headers in 157 bytes (1 switches on core 0) [pid: 8|app: 0|req: 1144/2346] 10.0.0.86 () {32 vars in 693 bytes} [Mon Jun 15 17:04:14 2026] GET /v2.0/networks?router%3Aexternal=True => generated 689 bytes in 84 msecs (HTTP/1.1 200) 4 headers in 157 bytes (1 switches on core 0)
2026-06-15 17:04:14.384 8 INFO neutron_taas.services.taas.taas_plugin [req-cba26b90-6d9d-4b1c-96d2-31bb0cc7e6e1 req-a323b854-0281-4197-8a5b-fe4512c94115 4ba17c6cedfb47ae98d90d44b934052f 665f834b116f4a21bc0f856f550dc7b6 - - default default] TaaS: Handle Delete Port: c14d37b8-38de-46e2-87c5-ff9083bc252d
2026-06-15 17:04:14.387 8 INFO neutron_taas.services.taas.tap_mirror_plugin [req-cba26b90-6d9d-4b1c-96d2-31bb0cc7e6e1 req-a323b854-0281-4197-8a5b-fe4512c94115 4ba17c6cedfb47ae98d90d44b934052f 665f834b116f4a21bc0f856f550dc7b6 - - default default] Tap Mirror: Handle Delete Port: c14d37b8-38de-46e2-87c5-ff9083bc252d
2026-06-15 17:04:14.533 8 INFO neutron.db.l3_db [req-cba26b90-6d9d-4b1c-96d2-31bb0cc7e6e1 req-a323b854-0281-4197-8a5b-fe4512c94115 4ba17c6cedfb47ae98d90d44b934052f 665f834b116f4a21bc0f856f550dc7b6 - - default default] Floating IP 0d0144b7-44d1-4c36-ab94-ae6cdfbd63f4 disassociated. External IP: 10.96.250.208, port: c14d37b8-38de-46e2-87c5-ff9083bc252d. [pid: 8|app: 0|req: 1145/2347] 199.204.45.210 () {36 vars in 997 bytes} [Mon Jun 15 17:04:14 2026] DELETE /v2.0/ports/c14d37b8-38de-46e2-87c5-ff9083bc252d => generated 0 bytes in 420 msecs (HTTP/1.1 204) 3 headers in 131 bytes (1 switches on core 0) [pid: 8|app: 0|req: 1146/2348] 10.0.0.86 () {32 vars in 741 bytes} [Mon Jun 15 17:04:14 2026] GET /v2.0/subnets?network_id=e63224d3-347d-42db-b9e1-cdc509ab7068 => generated 649 bytes in 31 msecs (HTTP/1.1 200) 4 headers in 157 bytes (1 switches on core 0)
2026-06-15 17:04:14.710 8 INFO neutron.notifiers.nova [-] Nova event matching ['req-a38f9740-7174-4697-8539-6d03c156910f'] response: {'server_uuid': 'fd241d3d-ef14-4ac2-bdda-6f59def0ba52', 'name': 'network-vif-deleted', 'tag': 'c14d37b8-38de-46e2-87c5-ff9083bc252d', 'status': 'completed', 'code': 200} [pid: 8|app: 0|req: 1147/2349] 10.0.0.86 () {32 vars in 652 bytes} [Mon Jun 15 17:04:14 2026] GET /v2.0/extensions => generated 20541 bytes in 8 msecs (HTTP/1.1 200) 4 headers in 159 bytes (1 switches on core 0)
2026-06-15 17:04:14.756 7 WARNING neutron.scheduler.dhcp_agent_scheduler [None req-a9f050d2-835e-45c8-b499-6cedd2112214 ab0ec44252714906b7f2a18370f22ee9 0ff3c8412cd746f6ac18faa698a0c69f - - default default] No more DHCP agents
2026-06-15 17:04:14.758 7 WARNING neutron.api.rpc.agentnotifiers.dhcp_rpc_agent_api [None req-a9f050d2-835e-45c8-b499-6cedd2112214 ab0ec44252714906b7f2a18370f22ee9 0ff3c8412cd746f6ac18faa698a0c69f - - default default] Unable to schedule network 546b60f1-4331-42de-b9c7-a8ec5e307c54: no agents available; will retry on subsequent port and subnet creation events. [pid: 8|app: 0|req: 1148/2350] 10.0.0.86 () {32 vars in 648 bytes} [Mon Jun 15 17:04:14 2026] GET /v2.0/networks => generated 1384 bytes in 47 msecs (HTTP/1.1 200) 4 headers in 158 bytes (1 switches on core 0) [pid: 8|app: 0|req: 1149/2351] 10.0.0.86 () {32 vars in 646 bytes} [Mon Jun 15 17:04:14 2026] GET /v2.0/subnets => generated 1280 bytes in 47 msecs (HTTP/1.1 200) 4 headers in 158 bytes (1 switches on core 0) [pid: 8|app: 0|req: 1150/2352] 10.0.0.86 () {32 vars in 722 bytes} [Mon Jun 15 17:04:14 2026] GET /v2.0/networks/f96a2dbb-66c8-486b-b551-08e00b29fad7 => generated 706 bytes in 81 msecs (HTTP/1.1 200) 4 headers in 157 bytes (1 switches on core 0)
2026-06-15 17:04:14.942 7 INFO neutron.db.ovn_revision_numbers_db [None req-a9f050d2-835e-45c8-b499-6cedd2112214 ab0ec44252714906b7f2a18370f22ee9 0ff3c8412cd746f6ac18faa698a0c69f - - default default] Successfully bumped revision number for resource 72fc4ead-5548-4c1a-aac6-eaabb29e9ec5 (type: ports) to 1 [pid: 8|app: 0|req: 1151/2353] 10.0.0.86 () {32 vars in 720 bytes} [Mon Jun 15 17:04:14 2026] GET /v2.0/subnets/82514682-d2c1-4bc6-be61-faa1fe54efbf => generated 641 bytes in 29 msecs (HTTP/1.1 200) 4 headers in 157 bytes (1 switches on core 0)
2026-06-15 17:04:14.978 8 INFO neutron.pecan_wsgi.hooks.translation [None req-f382fce8-c218-4c29-9cea-94d535268469 d2366a2209ed44248eef9f6f4c3188e5 8da0e162376c4536a22fb67155ba4904 - - default default] DELETE failed (client error): The resource could not be found. [pid: 8|app: 0|req: 1152/2354] 10.0.0.86 () {32 vars in 723 bytes} [Mon Jun 15 17:04:14 2026] DELETE /v2.0/subnets/b642d9e0-64ef-408a-8dad-3887f8309438 => generated 136 bytes in 21 msecs (HTTP/1.1 404) 4 headers in 164 bytes (1 switches on core 0)
2026-06-15 17:04:14.997 8 INFO neutron.pecan_wsgi.hooks.translation [None req-4f0631c3-2873-4df4-aae8-5780c469b525 d2366a2209ed44248eef9f6f4c3188e5 8da0e162376c4536a22fb67155ba4904 - - default default] DELETE failed (client error): The resource could not be found. [pid: 8|app: 0|req: 1153/2355] 10.0.0.86 () {32 vars in 725 bytes} [Mon Jun 15 17:04:14 2026] DELETE /v2.0/networks/8aee0b26-431f-4122-9dc5-5dbb87bed786 => generated 138 bytes in 13 msecs (HTTP/1.1 404) 4 headers in 164 bytes (1 switches on core 0) [pid: 8|app: 0|req: 1154/2356] 10.0.0.86 () {32 vars in 723 bytes} [Mon Jun 15 17:04:15 2026] DELETE /v2.0/subnets/82514682-d2c1-4bc6-be61-faa1fe54efbf => generated 0 bytes in 160 msecs (HTTP/1.1 204) 3 headers in 131 bytes (1 switches on core 0) [pid: 8|app: 0|req: 1155/2357] 10.0.0.46 () {34 vars in 989 bytes} [Mon Jun 15 17:04:15 2026] GET /v2.0/ports?device_id=fd241d3d-ef14-4ac2-bdda-6f59def0ba52 => generated 12 bytes in 16 msecs (HTTP/1.1 200) 4 headers in 156 bytes (1 switches on core 0)
2026-06-15 17:04:15.302 8 INFO neutron_taas.services.taas.taas_plugin [None req-d4f1d450-f505-4f01-b9aa-6511b4fca6b7 d2366a2209ed44248eef9f6f4c3188e5 8da0e162376c4536a22fb67155ba4904 - - default default] TaaS: Handle Delete Port: 1f70a6e0-f14e-4ccf-94af-a6e805b6c3ea
2026-06-15 17:04:15.305 8 INFO neutron_taas.services.taas.tap_mirror_plugin [None req-d4f1d450-f505-4f01-b9aa-6511b4fca6b7 d2366a2209ed44248eef9f6f4c3188e5 8da0e162376c4536a22fb67155ba4904 - - default default] Tap Mirror: Handle Delete Port: 1f70a6e0-f14e-4ccf-94af-a6e805b6c3ea
2026-06-15 17:04:15.439 7 INFO neutron.notifiers.nova [-] Nova event matching ['req-0e7d755a-381d-4028-a4b2-dd40835ab386'] response: {'server_uuid': 'fd241d3d-ef14-4ac2-bdda-6f59def0ba52', 'name': 'network-vif-unplugged', 'status': 'completed', 'tag': 'c14d37b8-38de-46e2-87c5-ff9083bc252d', 'code': 200} [pid: 8|app: 0|req: 1156/2358] 10.0.0.86 () {32 vars in 725 bytes} [Mon Jun 15 17:04:15 2026] DELETE /v2.0/networks/f96a2dbb-66c8-486b-b551-08e00b29fad7 => generated 0 bytes in 346 msecs (HTTP/1.1 204) 3 headers in 131 bytes (1 switches on core 0)
2026-06-15 17:04:15.781 7 WARNING neutron.scheduler.dhcp_agent_scheduler [None req-a9f050d2-835e-45c8-b499-6cedd2112214 ab0ec44252714906b7f2a18370f22ee9 0ff3c8412cd746f6ac18faa698a0c69f - - default default] No more DHCP agents
2026-06-15 17:04:15.782 7 WARNING neutron.api.rpc.agentnotifiers.dhcp_rpc_agent_api [None req-a9f050d2-835e-45c8-b499-6cedd2112214 ab0ec44252714906b7f2a18370f22ee9 0ff3c8412cd746f6ac18faa698a0c69f - - default default] Unable to schedule network 546b60f1-4331-42de-b9c7-a8ec5e307c54: no agents available; will retry on subsequent port and subnet creation events.
2026-06-15 17:04:15.969 8 INFO neutron.services.segments.plugin [-] Segment 1873abff-f288-4ad7-aa03-b919f74380e9 resource provider aggregate not found
2026-06-15 17:04:15.975 8 INFO neutron.services.segments.plugin [-] Segment 1873abff-f288-4ad7-aa03-b919f74380e9 resource provider aggregate not found
2026-06-15 17:04:15.994 8 INFO neutron.services.segments.plugin [-] Segment 1873abff-f288-4ad7-aa03-b919f74380e9 resource provider not found; error: Placement Client Error (4xx): {"errors": [{"status": 404, "title": "Not Found", "detail": "The resource could not be found.\n\n No resource provider with uuid 1873abff-f288-4ad7-aa03-b919f74380e9 found for delete ", "request_id": "req-19e3241a-bfca-4ac0-999f-3c948e956335"}]}
2026-06-15 17:04:15.995 8 INFO neutron.services.segments.plugin [-] Segment 1873abff-f288-4ad7-aa03-b919f74380e9 resource provider not found; error: Placement Client Error (4xx): {"errors": [{"status": 404, "title": "Not Found", "detail": "The resource could not be found.\n\n No resource provider with uuid 1873abff-f288-4ad7-aa03-b919f74380e9 found for delete ", "request_id": "req-28c99b50-78e2-471b-a577-d50a1a29c480"}]}
2026-06-15 17:04:16.202 7 INFO neutron.db.ovn_revision_numbers_db [None req-a9f050d2-835e-45c8-b499-6cedd2112214 ab0ec44252714906b7f2a18370f22ee9 0ff3c8412cd746f6ac18faa698a0c69f - - default default] Successfully bumped revision number for resource 72fc4ead-5548-4c1a-aac6-eaabb29e9ec5 (type: router_ports) to 1 [pid: 7|app: 0|req: 1203/2359] 10.0.0.86 () {34 vars in 782 bytes} [Mon Jun 15 17:04:14 2026] PUT /v2.0/routers/2977ef97-3cf7-4197-862c-dafd208fe5b9/add_router_interface => generated 309 bytes in 2068 msecs (HTTP/1.1 200) 4 headers in 157 bytes (1 switches on core 0) /var/lib/openstack/lib/python3.12/site-packages/pycadf/identifier.py:70: UserWarning: Invalid uuid: neutron. To ensure interoperability, identifiers should be a valid uuid. warnings.warn(('Invalid uuid: %s. To ensure interoperability, ' [pid: 8|app: 0|req: 1157/2360] 10.0.0.86 () {32 vars in 773 bytes} [Mon Jun 15 17:04:16 2026] GET /v2.0/security-groups?tenant_id=8da0e162376c4536a22fb67155ba4904&name=default => generated 2925 bytes in 189 msecs (HTTP/1.1 200) 4 headers in 158 bytes (1 switches on core 0) [pid: 8|app: 0|req: 1158/2361] 10.0.0.46 () {34 vars in 989 bytes} [Mon Jun 15 17:04:16 2026] GET /v2.0/ports?device_id=fd241d3d-ef14-4ac2-bdda-6f59def0ba52 => generated 12 bytes in 26 msecs (HTTP/1.1 200) 4 headers in 156 bytes (1 switches on core 0) [pid: 8|app: 0|req: 1159/2362] 10.0.0.86 () {32 vars in 739 bytes} [Mon Jun 15 17:04:16 2026] DELETE /v2.0/security-groups/0d8a9419-4f0c-4610-a401-21be13bac2a7 => generated 0 bytes in 279 msecs (HTTP/1.1 204) 2 headers in 112 bytes (1 switches on core 0)
2026-06-15 17:04:16.939 7 WARNING neutron.scheduler.dhcp_agent_scheduler [None req-c013ff54-0657-48f3-b201-4b364aa8c121 - - - - - -] No more DHCP agents
2026-06-15 17:04:16.941 7 WARNING neutron.api.rpc.agentnotifiers.dhcp_rpc_agent_api [None req-c013ff54-0657-48f3-b201-4b364aa8c121 - - - - - -] Unable to schedule network e63224d3-347d-42db-b9e1-cdc509ab7068: no agents available; will retry on subsequent port and subnet creation events.
2026-06-15 17:04:17.081 7 INFO neutron.plugins.ml2.drivers.ovn.mech_driver.mech_driver [None req-1e8a3df8-475f-4963-b75c-0ecb50248cb1 - - - - - -] OVN reports status down for port: c3603b71-dc60-4931-9e40-684faeb1389c
2026-06-15 17:04:17.146 7 INFO neutron.db.ovn_revision_numbers_db [None req-c013ff54-0657-48f3-b201-4b364aa8c121 - - - - - -] Successfully bumped revision number for resource c3603b71-dc60-4931-9e40-684faeb1389c (type: ports) to 1 [pid: 8|app: 0|req: 1160/2363] 10.0.0.46 () {34 vars in 989 bytes} [Mon Jun 15 17:04:17 2026] GET /v2.0/ports?device_id=fd241d3d-ef14-4ac2-bdda-6f59def0ba52 => generated 12 bytes in 21 msecs (HTTP/1.1 200) 4 headers in 156 bytes (1 switches on core 0)
2026-06-15 17:04:17.484 7 INFO neutron.db.ovn_revision_numbers_db [None req-c013ff54-0657-48f3-b201-4b364aa8c121 - - - - - -] Successfully bumped revision number for resource c3603b71-dc60-4931-9e40-684faeb1389c (type: ports) to 3
2026-06-15 17:04:17.539 7 INFO neutron.db.segments_db [None req-c013ff54-0657-48f3-b201-4b364aa8c121 - - - - - -] Added segment 447bdcd5-8f5a-4bc2-866c-9a450a4159ca of type geneve for network 5664c201-5806-4e4a-8946-90379fd7e506
2026-06-15 17:04:17.713 7 INFO neutron.db.ovn_revision_numbers_db [None req-e605ab80-e72a-4a5e-ae9d-6a98b6229e33 - - - - - -] Successfully bumped revision number for resource 5664c201-5806-4e4a-8946-90379fd7e506 (type: networks) to 1
2026-06-15 17:04:17.909 7 WARNING neutron.scheduler.dhcp_agent_scheduler [None req-e605ab80-e72a-4a5e-ae9d-6a98b6229e33 - - - - - -] No more DHCP agents
2026-06-15 17:04:17.911 7 WARNING neutron.api.rpc.agentnotifiers.dhcp_rpc_agent_api [None req-e605ab80-e72a-4a5e-ae9d-6a98b6229e33 - - - - - -] Unable to schedule network 5664c201-5806-4e4a-8946-90379fd7e506: no agents available; will retry on subsequent port and subnet creation events.
2026-06-15 17:04:17.976 7 INFO neutron.plugins.ml2.drivers.ovn.mech_driver.mech_driver [None req-1e8a3df8-475f-4963-b75c-0ecb50248cb1 - - - - - -] OVN reports status down for port: aa7b1b45-a8e9-455f-8899-9b1bf7377f1e
2026-06-15 17:04:18.040 7 INFO neutron.db.ovn_revision_numbers_db [None req-e605ab80-e72a-4a5e-ae9d-6a98b6229e33 - - - - - -] Successfully bumped revision number for resource aa7b1b45-a8e9-455f-8899-9b1bf7377f1e (type: ports) to 1
2026-06-15 17:04:18.205 7 WARNING neutron.scheduler.dhcp_agent_scheduler [None req-e605ab80-e72a-4a5e-ae9d-6a98b6229e33 - - - - - -] No more DHCP agents
2026-06-15 17:04:18.207 7 WARNING neutron.api.rpc.agentnotifiers.dhcp_rpc_agent_api [None req-e605ab80-e72a-4a5e-ae9d-6a98b6229e33 - - - - - -] Unable to schedule network 5664c201-5806-4e4a-8946-90379fd7e506: no agents available; will retry on subsequent port and subnet creation events.
2026-06-15 17:04:18.231 7 INFO neutron.db.ovn_revision_numbers_db [None req-e605ab80-e72a-4a5e-ae9d-6a98b6229e33 - - - - - -] Successfully bumped revision number for resource 4acad24e-f40e-4f54-8bbd-3b0a522f0feb (type: subnets) to 0
2026-06-15 17:04:18.619 7 WARNING neutron.scheduler.dhcp_agent_scheduler [None req-e605ab80-e72a-4a5e-ae9d-6a98b6229e33 - - - - - -] No more DHCP agents
2026-06-15 17:04:18.620 7 WARNING neutron.api.rpc.agentnotifiers.dhcp_rpc_agent_api [None req-e605ab80-e72a-4a5e-ae9d-6a98b6229e33 - - - - - -] Unable to schedule network 5664c201-5806-4e4a-8946-90379fd7e506: no agents available; will retry on subsequent port and subnet creation events.
2026-06-15 17:04:18.719 8 INFO neutron.db.ovn_revision_numbers_db [None req-5c8df924-e302-466d-b9a4-f7c795bd2da2 af7982000c874e4a949c96e609b37efe 6fe81600bc874de8b342bbc31454fc7f - - default default] Successfully bumped revision number for resource 7a0881e3-00c8-4b35-90a9-affbb4ad02be (type: security_groups) to 1
2026-06-15 17:04:18.731 8 INFO neutron.db.ovn_revision_numbers_db [None req-5c8df924-e302-466d-b9a4-f7c795bd2da2 af7982000c874e4a949c96e609b37efe 6fe81600bc874de8b342bbc31454fc7f - - default default] Successfully bumped revision number for resource 14adff91-a3ff-4fa4-8e43-3a8447837d47 (type: security_group_rules) to 0
2026-06-15 17:04:18.745 8 INFO neutron.db.ovn_revision_numbers_db [None req-5c8df924-e302-466d-b9a4-f7c795bd2da2 af7982000c874e4a949c96e609b37efe 6fe81600bc874de8b342bbc31454fc7f - - default default] Successfully bumped revision number for resource 41b77072-8b5f-4951-a26d-3984a4372a89 (type: security_group_rules) to 0
2026-06-15 17:04:18.763 7 INFO neutron.plugins.ml2.drivers.ovn.mech_driver.mech_driver [None req-1e8a3df8-475f-4963-b75c-0ecb50248cb1 - - - - - -] OVN reports status down for port: bf0fedac-8d11-4a1a-bffb-83f41fc6b100
2026-06-15 17:04:18.776 8 INFO neutron.db.ovn_revision_numbers_db [None req-5c8df924-e302-466d-b9a4-f7c795bd2da2 af7982000c874e4a949c96e609b37efe 6fe81600bc874de8b342bbc31454fc7f - - default default] Successfully bumped revision number for resource caca0856-adc8-4959-98f1-70b293c278ac (type: security_group_rules) to 0
2026-06-15 17:04:18.785 8 INFO neutron.db.ovn_revision_numbers_db [None req-5c8df924-e302-466d-b9a4-f7c795bd2da2 af7982000c874e4a949c96e609b37efe 6fe81600bc874de8b342bbc31454fc7f - - default default] Successfully bumped revision number for resource fbb1f8bb-074f-4017-a198-6d642e2ba616 (type: security_group_rules) to 0
2026-06-15 17:04:18.822 7 INFO neutron.db.ovn_revision_numbers_db [None req-e605ab80-e72a-4a5e-ae9d-6a98b6229e33 - - - - - -] Successfully bumped revision number for resource bf0fedac-8d11-4a1a-bffb-83f41fc6b100 (type: ports) to 1
2026-06-15 17:04:18.906 8 INFO neutron.db.ovn_revision_numbers_db [None req-5c8df924-e302-466d-b9a4-f7c795bd2da2 af7982000c874e4a949c96e609b37efe 6fe81600bc874de8b342bbc31454fc7f - - default default] Successfully bumped revision number for resource 2b287ae6-588b-4641-aeab-9ceee51e851a (type: security_groups) to 1
2026-06-15 17:04:18.925 8 INFO neutron.db.ovn_revision_numbers_db [None req-5c8df924-e302-466d-b9a4-f7c795bd2da2 af7982000c874e4a949c96e609b37efe 6fe81600bc874de8b342bbc31454fc7f - - default default] Successfully bumped revision number for resource 785a7abc-cdac-4236-a1ef-0fe1cb89015b (type: security_group_rules) to 0
2026-06-15 17:04:18.943 8 INFO neutron.db.ovn_revision_numbers_db [None req-5c8df924-e302-466d-b9a4-f7c795bd2da2 af7982000c874e4a949c96e609b37efe 6fe81600bc874de8b342bbc31454fc7f - - default default] Successfully bumped revision number for resource a0fb6026-f50c-4570-a1ad-415ff0bcad62 (type: security_group_rules) to 0 [pid: 8|app: 0|req: 1161/2364] 10.0.0.86 () {34 vars in 683 bytes} [Mon Jun 15 17:04:18 2026] POST /v2.0/security-groups => generated 1624 bytes in 559 msecs (HTTP/1.1 201) 4 headers in 163 bytes (1 switches on core 0) [pid: 8|app: 0|req: 1162/2365] 10.0.0.86 () {32 vars in 739 bytes} [Mon Jun 15 17:04:18 2026] DELETE /v2.0/security-groups/5fa686ce-a16e-4e36-bc90-1929d0fbda33 => generated 0 bytes in 214 msecs (HTTP/1.1 204) 2 headers in 112 bytes (1 switches on core 0) [pid: 8|app: 0|req: 1163/2366] 10.0.0.86 () {32 vars in 662 bytes} [Mon Jun 15 17:04:19 2026] GET /v2.0/security-groups => generated 4529 bytes in 33 msecs (HTTP/1.1 200) 4 headers in 158 bytes (1 switches on core 0)
2026-06-15 17:04:19.369 8 WARNING neutron.plugins.ml2.drivers.ovn.mech_driver.ovsdb.ovn_client [None req-0ba68434-3a41-416b-9df4-c18266387d74 - - - - - -] No hosting information found for port 400b2ceb-17db-4c0d-a138-8251771802f2: RuntimeError: No hosting information found for port 400b2ceb-17db-4c0d-a138-8251771802f2
2026-06-15 17:04:19.369 8 INFO neutron.plugins.ml2.drivers.ovn.mech_driver.mech_driver [None req-0ba68434-3a41-416b-9df4-c18266387d74 - - - - - -] OVN reports status down for port: 72fc4ead-5548-4c1a-aac6-eaabb29e9ec5
2026-06-15 17:04:19.406 8 INFO neutron_taas.services.taas.taas_plugin [None req-c587cd89-f447-4e97-8a77-65a8f3b0793d 4ba17c6cedfb47ae98d90d44b934052f 665f834b116f4a21bc0f856f550dc7b6 - - default default] TaaS: Handle Delete Port: 78e44294-9224-4b4f-ac0f-8e22eb7064db
2026-06-15 17:04:19.412 8 INFO neutron_taas.services.taas.tap_mirror_plugin [None req-c587cd89-f447-4e97-8a77-65a8f3b0793d 4ba17c6cedfb47ae98d90d44b934052f 665f834b116f4a21bc0f856f550dc7b6 - - default default] Tap Mirror: Handle Delete Port: 78e44294-9224-4b4f-ac0f-8e22eb7064db
2026-06-15 17:04:19.477 8 WARNING neutron.plugins.ml2.drivers.ovn.mech_driver.ovsdb.ovn_client [None req-0ba68434-3a41-416b-9df4-c18266387d74 - - - - - -] Logical_Switch_Port %s host information not removed, the port state is up
2026-06-15 17:04:19.479 8 INFO neutron.plugins.ml2.drivers.ovn.mech_driver.mech_driver [None req-0ba68434-3a41-416b-9df4-c18266387d74 - - - - - -] OVN reports status up for port: 72fc4ead-5548-4c1a-aac6-eaabb29e9ec5
2026-06-15 17:04:19.498 8 INFO neutron.plugins.ml2.plugin [None req-0ba68434-3a41-416b-9df4-c18266387d74 - - - - - -] Attempt 1 to provision port 72fc4ead-5548-4c1a-aac6-eaabb29e9ec5
2026-06-15 17:04:19.548 7 INFO neutron.plugins.ml2.drivers.ovn.mech_driver.mech_driver [None req-1e8a3df8-475f-4963-b75c-0ecb50248cb1 - - - - - -] OVN reports status up for port: bf0fedac-8d11-4a1a-bffb-83f41fc6b100
2026-06-15 17:04:19.573 7 INFO neutron.plugins.ml2.plugin [None req-1e8a3df8-475f-4963-b75c-0ecb50248cb1 - - - - - -] Attempt 1 to provision port bf0fedac-8d11-4a1a-bffb-83f41fc6b100
2026-06-15 17:04:19.701 7 WARNING neutron.scheduler.dhcp_agent_scheduler [None req-e605ab80-e72a-4a5e-ae9d-6a98b6229e33 - - - - - -] No more DHCP agents
2026-06-15 17:04:19.710 7 WARNING neutron.api.rpc.agentnotifiers.dhcp_rpc_agent_api [None req-e605ab80-e72a-4a5e-ae9d-6a98b6229e33 - - - - - -] Unable to schedule network 5664c201-5806-4e4a-8946-90379fd7e506: no agents available; will retry on subsequent port and subnet creation events. [pid: 8|app: 0|req: 1164/2367] 10.0.0.86 () {32 vars in 731 bytes} [Mon Jun 15 17:04:19 2026] DELETE /v2.0/floatingips/0d0144b7-44d1-4c36-ab94-ae6cdfbd63f4 => generated 0 bytes in 489 msecs (HTTP/1.1 204) 2 headers in 112 bytes (1 switches on core 0)
2026-06-15 17:04:19.856 8 INFO neutron.db.ovn_revision_numbers_db [None req-4015f456-40f1-4f53-8c62-cfc02ad41418 af7982000c874e4a949c96e609b37efe 6fe81600bc874de8b342bbc31454fc7f - - default default] Successfully bumped revision number for resource 2b287ae6-588b-4641-aeab-9ceee51e851a (type: security_groups) to 2 [pid: 8|app: 0|req: 1165/2368] 10.0.0.86 () {34 vars in 757 bytes} [Mon Jun 15 17:04:19 2026] PUT /v2.0/security-groups/2b287ae6-588b-4641-aeab-9ceee51e851a => generated 1662 bytes in 193 msecs (HTTP/1.1 200) 4 headers in 158 bytes (1 switches on core 0) [pid: 8|app: 0|req: 1166/2369] 10.0.0.46 () {34 vars in 989 bytes} [Mon Jun 15 17:04:19 2026] GET /v2.0/ports?device_id=2cadc11a-5b79-4488-99c9-e1964e4b63ca => generated 971 bytes in 177 msecs (HTTP/1.1 200) 4 headers in 157 bytes (1 switches on core 0) [pid: 8|app: 0|req: 1167/2370] 10.0.0.86 () {32 vars in 736 bytes} [Mon Jun 15 17:04:20 2026] GET /v2.0/security-groups/2b287ae6-588b-4641-aeab-9ceee51e851a => generated 1662 bytes in 67 msecs (HTTP/1.1 200) 4 headers in 158 bytes (1 switches on core 0) [pid: 8|app: 0|req: 1168/2371] 10.0.0.46 () {34 vars in 1039 bytes} [Mon Jun 15 17:04:20 2026] GET /v2.0/security-groups?id=79d396ec-ceae-4cc9-b049-dc3b113916d5&fields=id&fields=name => generated 113 bytes in 74 msecs (HTTP/1.1 200) 4 headers in 157 bytes (1 switches on core 0)
2026-06-15 17:04:20.337 8 INFO neutron.db.ovn_revision_numbers_db [None req-0ba68434-3a41-416b-9df4-c18266387d74 - - - - - -] Successfully bumped revision number for resource 72fc4ead-5548-4c1a-aac6-eaabb29e9ec5 (type: ports) to 2
2026-06-15 17:04:20.361 7 INFO neutron.db.ovn_revision_numbers_db [None req-1e8a3df8-475f-4963-b75c-0ecb50248cb1 - - - - - -] Successfully bumped revision number for resource bf0fedac-8d11-4a1a-bffb-83f41fc6b100 (type: ports) to 2 [pid: 8|app: 0|req: 1169/2372] 10.0.0.86 () {32 vars in 739 bytes} [Mon Jun 15 17:04:20 2026] DELETE /v2.0/security-groups/2b287ae6-588b-4641-aeab-9ceee51e851a => generated 0 bytes in 223 msecs (HTTP/1.1 204) 2 headers in 112 bytes (1 switches on core 0) [pid: 8|app: 0|req: 1172/2375] 10.0.0.86 () {32 vars in 662 bytes} [Mon Jun 15 17:04:20 2026] GET /v2.0/security-groups => generated 2925 bytes in 52 msecs (HTTP/1.1 200) 4 headers in 158 bytes (1 switches on core 0)
2026-06-15 17:04:20.542 8 INFO neutron.api.v2.resource [None req-2c6e779c-847b-4e75-bc57-648ad5ed3886 af7982000c874e4a949c96e609b37efe 6fe81600bc874de8b342bbc31454fc7f - - default default] delete failed (client error): The resource could not be found. [pid: 8|app: 0|req: 1173/2376] 10.0.0.86 () {32 vars in 739 bytes} [Mon Jun 15 17:04:20 2026] DELETE /v2.0/security-groups/2b287ae6-588b-4641-aeab-9ceee51e851a => generated 146 bytes in 12 msecs (HTTP/1.1 404) 4 headers in 164 bytes (1 switches on core 0)
2026-06-15 17:04:20.690 8 INFO neutron.db.ovn_revision_numbers_db [None req-68456daf-9bb0-4db2-8d96-2aa60a77d82f af7982000c874e4a949c96e609b37efe 6fe81600bc874de8b342bbc31454fc7f - - default default] Successfully bumped revision number for resource dc19069e-91d8-434b-b661-dfd997ff8c43 (type: security_groups) to 1
2026-06-15 17:04:20.701 8 INFO neutron.db.ovn_revision_numbers_db [None req-68456daf-9bb0-4db2-8d96-2aa60a77d82f af7982000c874e4a949c96e609b37efe 6fe81600bc874de8b342bbc31454fc7f - - default default] Successfully bumped revision number for resource 40e30c32-ce92-4f1e-9b0a-377b70c7b1b7 (type: security_group_rules) to 0
2026-06-15 17:04:20.713 8 INFO neutron.db.ovn_revision_numbers_db [None req-68456daf-9bb0-4db2-8d96-2aa60a77d82f af7982000c874e4a949c96e609b37efe 6fe81600bc874de8b342bbc31454fc7f - - default default] Successfully bumped revision number for resource 448bc568-dd0b-46cf-bcff-4c470286dc91 (type: security_group_rules) to 0
2026-06-15 17:04:20.714 7 INFO neutron.db.ovn_revision_numbers_db [None req-e605ab80-e72a-4a5e-ae9d-6a98b6229e33 - - - - - -] Successfully bumped revision number for resource bf0fedac-8d11-4a1a-bffb-83f41fc6b100 (type: router_ports) to 1 [pid: 8|app: 0|req: 1174/2377] 10.0.0.86 () {34 vars in 683 bytes} [Mon Jun 15 17:04:20 2026] POST /v2.0/security-groups => generated 1625 bytes in 199 msecs (HTTP/1.1 201) 4 headers in 163 bytes (1 switches on core 0)
2026-06-15 17:04:20.894 8 INFO neutron.db.ovn_revision_numbers_db [None req-07223446-b870-48a3-8ef0-da5a9457b370 af7982000c874e4a949c96e609b37efe 6fe81600bc874de8b342bbc31454fc7f - - default default] Successfully bumped revision number for resource 470a1db0-9cc4-4c20-a0f2-e929ac5f3227 (type: security_group_rules) to 0 [pid: 8|app: 0|req: 1175/2378] 10.0.0.86 () {34 vars in 694 bytes} [Mon Jun 15 17:04:20 2026] POST /v2.0/security-group-rules => generated 601 bytes in 194 msecs (HTTP/1.1 201) 4 headers in 162 bytes (1 switches on core 0) [pid: 8|app: 0|req: 1176/2379] 10.0.0.86 () {32 vars in 746 bytes} [Mon Jun 15 17:04:20 2026] GET /v2.0/security-group-rules/470a1db0-9cc4-4c20-a0f2-e929ac5f3227 => generated 601 bytes in 36 msecs (HTTP/1.1 200) 4 headers in 157 bytes (1 switches on core 0)
2026-06-15 17:04:20.995 7 WARNING neutron.scheduler.dhcp_agent_scheduler [None req-e605ab80-e72a-4a5e-ae9d-6a98b6229e33 - - - - - -] No more DHCP agents
2026-06-15 17:04:20.998 7 WARNING neutron.api.rpc.agentnotifiers.dhcp_rpc_agent_api [None req-e605ab80-e72a-4a5e-ae9d-6a98b6229e33 - - - - - -] Unable to schedule network 5664c201-5806-4e4a-8946-90379fd7e506: no agents available; will retry on subsequent port and subnet creation events. [pid: 8|app: 0|req: 1177/2380] 10.0.0.86 () {32 vars in 672 bytes} [Mon Jun 15 17:04:20 2026] GET /v2.0/security-group-rules => generated 4138 bytes in 98 msecs (HTTP/1.1 200) 4 headers in 158 bytes (1 switches on core 0)
2026-06-15 17:04:21.181 7 INFO neutron.db.ovn_revision_numbers_db [None req-e605ab80-e72a-4a5e-ae9d-6a98b6229e33 - - - - - -] Successfully bumped revision number for resource 876b0315-9531-4a87-b978-3ec020c496c9 (type: ports) to 1 [pid: 8|app: 0|req: 1178/2381] 10.0.0.86 () {32 vars in 749 bytes} [Mon Jun 15 17:04:21 2026] DELETE /v2.0/security-group-rules/470a1db0-9cc4-4c20-a0f2-e929ac5f3227 => generated 0 bytes in 144 msecs (HTTP/1.1 204) 2 headers in 112 bytes (1 switches on core 0) [pid: 8|app: 0|req: 1179/2382] 10.0.0.86 () {32 vars in 672 bytes} [Mon Jun 15 17:04:21 2026] GET /v2.0/security-group-rules => generated 3560 bytes in 62 msecs (HTTP/1.1 200) 4 headers in 158 bytes (1 switches on core 0) [pid: 8|app: 0|req: 1180/2383] 10.0.0.46 () {34 vars in 989 bytes} [Mon Jun 15 17:04:21 2026] GET /v2.0/ports?device_id=2cadc11a-5b79-4488-99c9-e1964e4b63ca => generated 971 bytes in 37 msecs (HTTP/1.1 200) 4 headers in 157 bytes (1 switches on core 0)
2026-06-15 17:04:21.430 7 INFO neutron.db.ovn_revision_numbers_db [None req-e605ab80-e72a-4a5e-ae9d-6a98b6229e33 - - - - - -] Successfully bumped revision number for resource 876b0315-9531-4a87-b978-3ec020c496c9 (type: ports) to 3
