2026-06-22 03:11:14.190 7 INFO placement.requestlog [None req-01f1feda-50b2-465f-bebd-a14382a1450c e8a3d17115754093be577709599f46d6 e70ffcb64c0c484e82e6865220907b34 - - ff5c70270a06466dacd3fd0d1ebd3565 ff5c70270a06466dacd3fd0d1ebd3565] 10.0.0.91 "GET /resource_providers/2cc0c27a-65ae-457e-94f8-cc209afa4c9a/aggregates" status: 404 len: 235 microversion: 1.1 [pid: 7|app: 0|req: 470/935] 10.0.0.91 () {32 vars in 815 bytes} [Mon Jun 22 03:11:14 2026] GET /resource_providers/2cc0c27a-65ae-457e-94f8-cc209afa4c9a/aggregates => generated 235 bytes in 14 msecs (HTTP/1.1 404) 5 headers in 202 bytes (1 switches on core 0)
2026-06-22 03:11:14.207 8 INFO placement.requestlog [None req-f3e6fe89-2834-4998-bdaa-28555e1b3d41 e8a3d17115754093be577709599f46d6 e70ffcb64c0c484e82e6865220907b34 - - ff5c70270a06466dacd3fd0d1ebd3565 ff5c70270a06466dacd3fd0d1ebd3565] 10.0.0.91 "DELETE /resource_providers/2cc0c27a-65ae-457e-94f8-cc209afa4c9a" status: 404 len: 246 microversion: 1.1 [pid: 8|app: 0|req: 466/936] 10.0.0.91 () {34 vars in 815 bytes} [Mon Jun 22 03:11:14 2026] DELETE /resource_providers/2cc0c27a-65ae-457e-94f8-cc209afa4c9a => generated 246 bytes in 8 msecs (HTTP/1.1 404) 6 headers in 231 bytes (1 switches on core 0)
2026-06-22 03:11:14.211 7 INFO placement.requestlog [None req-9e57b33e-665f-441c-929d-6c6648572213 e8a3d17115754093be577709599f46d6 e70ffcb64c0c484e82e6865220907b34 - - ff5c70270a06466dacd3fd0d1ebd3565 ff5c70270a06466dacd3fd0d1ebd3565] 10.0.0.91 "DELETE /resource_providers/2cc0c27a-65ae-457e-94f8-cc209afa4c9a" status: 404 len: 246 microversion: 1.1 [pid: 7|app: 0|req: 471/937] 10.0.0.91 () {34 vars in 815 bytes} [Mon Jun 22 03:11:14 2026] DELETE /resource_providers/2cc0c27a-65ae-457e-94f8-cc209afa4c9a => generated 246 bytes in 10 msecs (HTTP/1.1 404) 6 headers in 231 bytes (1 switches on core 0)
2026-06-22 03:11:15.063 8 INFO placement.requestlog [req-38c7d1a6-0825-4248-bbe6-c95f98047ad8 req-c32e89bb-8450-4a76-b74b-2131bc59d7c9 dc1c23e9cf4f4f87bb7e0dd6874a4a75 e70ffcb64c0c484e82e6865220907b34 - - ff5c70270a06466dacd3fd0d1ebd3565 ff5c70270a06466dacd3fd0d1ebd3565] 199.204.45.25 "GET /resource_providers/28620ae9-2146-4ebd-b0b7-118072354c38/allocations" status: 200 len: 153 microversion: 1.0 [pid: 8|app: 0|req: 467/938] 199.204.45.25 () {32 vars in 856 bytes} [Mon Jun 22 03:11:15 2026] GET /resource_providers/28620ae9-2146-4ebd-b0b7-118072354c38/allocations => generated 153 bytes in 18 msecs (HTTP/1.1 200) 6 headers in 224 bytes (1 switches on core 0)
2026-06-22 03:11:15.086 7 INFO placement.requestlog [req-38c7d1a6-0825-4248-bbe6-c95f98047ad8 req-5713c146-dd23-4314-bfbc-7adc6819f0a8 dc1c23e9cf4f4f87bb7e0dd6874a4a75 e70ffcb64c0c484e82e6865220907b34 - - ff5c70270a06466dacd3fd0d1ebd3565 ff5c70270a06466dacd3fd0d1ebd3565] 199.204.45.25 "GET /allocations/d5a9ee14-a3c4-4f61-a2df-43820e4df222" status: 200 len: 258 microversion: 1.28 [pid: 7|app: 0|req: 472/939] 199.204.45.25 () {34 vars in 862 bytes} [Mon Jun 22 03:11:15 2026] GET /allocations/d5a9ee14-a3c4-4f61-a2df-43820e4df222 => generated 258 bytes in 18 msecs (HTTP/1.1 200) 8 headers in 296 bytes (1 switches on core 0)
2026-06-22 03:11:16.149 8 INFO placement.requestlog [req-38c7d1a6-0825-4248-bbe6-c95f98047ad8 req-dbfc00e1-274a-4257-8e88-880362c894e6 dc1c23e9cf4f4f87bb7e0dd6874a4a75 e70ffcb64c0c484e82e6865220907b34 - - ff5c70270a06466dacd3fd0d1ebd3565 ff5c70270a06466dacd3fd0d1ebd3565] 199.204.45.25 "DELETE /allocations/d5a9ee14-a3c4-4f61-a2df-43820e4df222" status: 204 len: 0 microversion: 1.0 [pid: 8|app: 0|req: 468/940] 199.204.45.25 () {34 vars in 840 bytes} [Mon Jun 22 03:11:16 2026] DELETE /allocations/d5a9ee14-a3c4-4f61-a2df-43820e4df222 => generated 0 bytes in 31 msecs (HTTP/1.1 204) 5 headers in 198 bytes (1 switches on core 0)
2026-06-22 03:11:16.511 8 INFO placement.requestlog [None req-975e7e03-7f34-47a1-b4ed-afffdeacff08 e8a3d17115754093be577709599f46d6 e70ffcb64c0c484e82e6865220907b34 - - ff5c70270a06466dacd3fd0d1ebd3565 ff5c70270a06466dacd3fd0d1ebd3565] 10.0.0.91 "GET /resource_providers/1b4223fe-b95a-4a7b-aadf-f7dbaa254f72/aggregates" status: 404 len: 235 microversion: 1.1 [pid: 8|app: 0|req: 469/941] 10.0.0.91 () {32 vars in 815 bytes} [Mon Jun 22 03:11:16 2026] GET /resource_providers/1b4223fe-b95a-4a7b-aadf-f7dbaa254f72/aggregates => generated 235 bytes in 9 msecs (HTTP/1.1 404) 5 headers in 202 bytes (1 switches on core 0)
2026-06-22 03:11:16.516 7 INFO placement.requestlog [None req-2c8a2491-a4d2-4cb6-a03f-f86f6ca419f4 e8a3d17115754093be577709599f46d6 e70ffcb64c0c484e82e6865220907b34 - - ff5c70270a06466dacd3fd0d1ebd3565 ff5c70270a06466dacd3fd0d1ebd3565] 10.0.0.91 "GET /resource_providers/1b4223fe-b95a-4a7b-aadf-f7dbaa254f72/aggregates" status: 404 len: 235 microversion: 1.1 [pid: 7|app: 0|req: 473/942] 10.0.0.91 () {32 vars in 815 bytes} [Mon Jun 22 03:11:16 2026] GET /resource_providers/1b4223fe-b95a-4a7b-aadf-f7dbaa254f72/aggregates => generated 235 bytes in 21 msecs (HTTP/1.1 404) 5 headers in 202 bytes (1 switches on core 0)
2026-06-22 03:11:16.540 7 INFO placement.requestlog [None req-a4f0361f-cf70-4ca7-ba17-090bd4125ca9 e8a3d17115754093be577709599f46d6 e70ffcb64c0c484e82e6865220907b34 - - ff5c70270a06466dacd3fd0d1ebd3565 ff5c70270a06466dacd3fd0d1ebd3565] 10.0.0.91 "DELETE /resource_providers/1b4223fe-b95a-4a7b-aadf-f7dbaa254f72" status: 404 len: 246 microversion: 1.1 [pid: 7|app: 0|req: 474/943] 10.0.0.91 () {34 vars in 815 bytes} [Mon Jun 22 03:11:16 2026] DELETE /resource_providers/1b4223fe-b95a-4a7b-aadf-f7dbaa254f72 => generated 246 bytes in 10 msecs (HTTP/1.1 404) 6 headers in 231 bytes (1 switches on core 0)
2026-06-22 03:11:16.540 8 INFO placement.requestlog [None req-84b7f214-deda-4f73-befa-9f02f9caa5d1 e8a3d17115754093be577709599f46d6 e70ffcb64c0c484e82e6865220907b34 - - ff5c70270a06466dacd3fd0d1ebd3565 ff5c70270a06466dacd3fd0d1ebd3565] 10.0.0.91 "DELETE /resource_providers/1b4223fe-b95a-4a7b-aadf-f7dbaa254f72" status: 404 len: 246 microversion: 1.1 [pid: 8|app: 0|req: 470/944] 10.0.0.91 () {34 vars in 815 bytes} [Mon Jun 22 03:11:16 2026] DELETE /resource_providers/1b4223fe-b95a-4a7b-aadf-f7dbaa254f72 => generated 246 bytes in 10 msecs (HTTP/1.1 404) 6 headers in 231 bytes (1 switches on core 0)
2026-06-22 03:11:17.029 8 INFO placement.requestlog [None req-21acc3db-731b-4176-9712-fa0dfb64269d e8a3d17115754093be577709599f46d6 e70ffcb64c0c484e82e6865220907b34 - - ff5c70270a06466dacd3fd0d1ebd3565 ff5c70270a06466dacd3fd0d1ebd3565] 10.0.0.91 "GET /resource_providers/b2187175-ff4d-44f9-b9be-d90ec69c1668/aggregates" status: 404 len: 235 microversion: 1.1 [pid: 8|app: 0|req: 471/945] 10.0.0.91 () {32 vars in 815 bytes} [Mon Jun 22 03:11:17 2026] GET /resource_providers/b2187175-ff4d-44f9-b9be-d90ec69c1668/aggregates => generated 235 bytes in 8 msecs (HTTP/1.1 404) 5 headers in 202 bytes (1 switches on core 0)
2026-06-22 03:11:17.034 7 INFO placement.requestlog [None req-a69f4eeb-4f7d-4868-bedb-f1811b794276 e8a3d17115754093be577709599f46d6 e70ffcb64c0c484e82e6865220907b34 - - ff5c70270a06466dacd3fd0d1ebd3565 ff5c70270a06466dacd3fd0d1ebd3565] 10.0.0.91 "GET /resource_providers/b2187175-ff4d-44f9-b9be-d90ec69c1668/aggregates" status: 404 len: 235 microversion: 1.1 [pid: 7|app: 0|req: 475/946] 10.0.0.91 () {32 vars in 815 bytes} [Mon Jun 22 03:11:17 2026] GET /resource_providers/b2187175-ff4d-44f9-b9be-d90ec69c1668/aggregates => generated 235 bytes in 13 msecs (HTTP/1.1 404) 5 headers in 202 bytes (1 switches on core 0)
2026-06-22 03:11:17.054 8 INFO placement.requestlog [None req-560e995c-17dc-49bb-b458-6212aceff775 e8a3d17115754093be577709599f46d6 e70ffcb64c0c484e82e6865220907b34 - - ff5c70270a06466dacd3fd0d1ebd3565 ff5c70270a06466dacd3fd0d1ebd3565] 10.0.0.91 "DELETE /resource_providers/b2187175-ff4d-44f9-b9be-d90ec69c1668" status: 404 len: 246 microversion: 1.1
2026-06-22 03:11:17.055 7 INFO placement.requestlog [None req-5b20a44a-9bae-4bad-9620-d147e69ec7a7 e8a3d17115754093be577709599f46d6 e70ffcb64c0c484e82e6865220907b34 - - ff5c70270a06466dacd3fd0d1ebd3565 ff5c70270a06466dacd3fd0d1ebd3565] 10.0.0.91 "DELETE /resource_providers/b2187175-ff4d-44f9-b9be-d90ec69c1668" status: 404 len: 246 microversion: 1.1 [pid: 7|app: 0|req: 476/947] 10.0.0.91 () {34 vars in 815 bytes} [Mon Jun 22 03:11:17 2026] DELETE /resource_providers/b2187175-ff4d-44f9-b9be-d90ec69c1668 => generated 246 bytes in 8 msecs (HTTP/1.1 404) 6 headers in 231 bytes (1 switches on core 0) [pid: 8|app: 0|req: 472/948] 10.0.0.91 () {34 vars in 815 bytes} [Mon Jun 22 03:11:17 2026] DELETE /resource_providers/b2187175-ff4d-44f9-b9be-d90ec69c1668 => generated 246 bytes in 10 msecs (HTTP/1.1 404) 6 headers in 231 bytes (1 switches on core 0)
2026-06-22 03:11:17.152 7 INFO placement.requestlog [req-eb10f2ef-553c-45ea-bc54-b84a6f277da2 req-4ddcfb6a-9228-4bd5-a522-47a791de01e4 dc1c23e9cf4f4f87bb7e0dd6874a4a75 e70ffcb64c0c484e82e6865220907b34 - - ff5c70270a06466dacd3fd0d1ebd3565 ff5c70270a06466dacd3fd0d1ebd3565] 199.204.45.25 "GET /resource_providers/28620ae9-2146-4ebd-b0b7-118072354c38/allocations" status: 200 len: 55 microversion: 1.0 [pid: 7|app: 0|req: 477/949] 199.204.45.25 () {32 vars in 856 bytes} [Mon Jun 22 03:11:17 2026] GET /resource_providers/28620ae9-2146-4ebd-b0b7-118072354c38/allocations => generated 55 bytes in 19 msecs (HTTP/1.1 200) 6 headers in 223 bytes (1 switches on core 0)
2026-06-22 03:11:17.171 8 INFO placement.requestlog [req-eb10f2ef-553c-45ea-bc54-b84a6f277da2 req-99dbbde1-1e5e-4dc0-9932-c3fe5aa90e52 dc1c23e9cf4f4f87bb7e0dd6874a4a75 e70ffcb64c0c484e82e6865220907b34 - - ff5c70270a06466dacd3fd0d1ebd3565 ff5c70270a06466dacd3fd0d1ebd3565] 199.204.45.25 "GET /resource_providers/28620ae9-2146-4ebd-b0b7-118072354c38/allocations" status: 200 len: 55 microversion: 1.0 [pid: 8|app: 0|req: 473/950] 199.204.45.25 () {32 vars in 856 bytes} [Mon Jun 22 03:11:17 2026] GET /resource_providers/28620ae9-2146-4ebd-b0b7-118072354c38/allocations => generated 55 bytes in 11 msecs (HTTP/1.1 200) 6 headers in 223 bytes (1 switches on core 0)
2026-06-22 03:11:19.907 7 INFO placement.requestlog [None req-f3831a95-898e-4fac-96c5-e6f309094d86 e8a3d17115754093be577709599f46d6 e70ffcb64c0c484e82e6865220907b34 - - ff5c70270a06466dacd3fd0d1ebd3565 ff5c70270a06466dacd3fd0d1ebd3565] 10.0.0.91 "GET /resource_providers/06006f40-5cd7-44b4-a1cc-de6f627ef76d/aggregates" status: 404 len: 235 microversion: 1.1 [pid: 7|app: 0|req: 478/951] 10.0.0.91 () {32 vars in 815 bytes} [Mon Jun 22 03:11:19 2026] GET /resource_providers/06006f40-5cd7-44b4-a1cc-de6f627ef76d/aggregates => generated 235 bytes in 10 msecs (HTTP/1.1 404) 5 headers in 202 bytes (1 switches on core 0)
2026-06-22 03:11:19.913 8 INFO placement.requestlog [None req-80b23346-8a5c-478c-bec9-649f5cfbd10b e8a3d17115754093be577709599f46d6 e70ffcb64c0c484e82e6865220907b34 - - ff5c70270a06466dacd3fd0d1ebd3565 ff5c70270a06466dacd3fd0d1ebd3565] 10.0.0.91 "GET /resource_providers/06006f40-5cd7-44b4-a1cc-de6f627ef76d/aggregates" status: 404 len: 235 microversion: 1.1 [pid: 8|app: 0|req: 474/952] 10.0.0.91 () {32 vars in 815 bytes} [Mon Jun 22 03:11:19 2026] GET /resource_providers/06006f40-5cd7-44b4-a1cc-de6f627ef76d/aggregates => generated 235 bytes in 9 msecs (HTTP/1.1 404) 5 headers in 202 bytes (1 switches on core 0)
2026-06-22 03:11:19.932 7 INFO placement.requestlog [None req-bb7d184a-5e95-4af3-9928-8e99f73b43f3 e8a3d17115754093be577709599f46d6 e70ffcb64c0c484e82e6865220907b34 - - ff5c70270a06466dacd3fd0d1ebd3565 ff5c70270a06466dacd3fd0d1ebd3565] 10.0.0.91 "DELETE /resource_providers/06006f40-5cd7-44b4-a1cc-de6f627ef76d" status: 404 len: 246 microversion: 1.1 [pid: 7|app: 0|req: 479/953] 10.0.0.91 () {34 vars in 815 bytes} [Mon Jun 22 03:11:19 2026] DELETE /resource_providers/06006f40-5cd7-44b4-a1cc-de6f627ef76d => generated 246 bytes in 8 msecs (HTTP/1.1 404) 6 headers in 231 bytes (1 switches on core 0)
2026-06-22 03:11:19.936 8 INFO placement.requestlog [None req-444c1cc5-9c75-4f3e-a701-b2f6a88fff81 e8a3d17115754093be577709599f46d6 e70ffcb64c0c484e82e6865220907b34 - - ff5c70270a06466dacd3fd0d1ebd3565 ff5c70270a06466dacd3fd0d1ebd3565] 10.0.0.91 "DELETE /resource_providers/06006f40-5cd7-44b4-a1cc-de6f627ef76d" status: 404 len: 246 microversion: 1.1 [pid: 8|app: 0|req: 475/954] 10.0.0.91 () {34 vars in 815 bytes} [Mon Jun 22 03:11:19 2026] DELETE /resource_providers/06006f40-5cd7-44b4-a1cc-de6f627ef76d => generated 246 bytes in 11 msecs (HTTP/1.1 404) 6 headers in 231 bytes (1 switches on core 0)
2026-06-22 03:11:20.267 8 INFO placement.requestlog [None req-0003c2c9-83b4-4cf0-a03f-94f221775426 e8a3d17115754093be577709599f46d6 e70ffcb64c0c484e82e6865220907b34 - - ff5c70270a06466dacd3fd0d1ebd3565 ff5c70270a06466dacd3fd0d1ebd3565] 10.0.0.91 "GET /resource_providers/f5fc95d1-1404-40ab-a9d3-c848f611eb6e/aggregates" status: 404 len: 235 microversion: 1.1 [pid: 8|app: 0|req: 476/955] 10.0.0.91 () {32 vars in 815 bytes} [Mon Jun 22 03:11:20 2026] GET /resource_providers/f5fc95d1-1404-40ab-a9d3-c848f611eb6e/aggregates => generated 235 bytes in 17 msecs (HTTP/1.1 404) 5 headers in 202 bytes (1 switches on core 0)
2026-06-22 03:11:20.276 7 INFO placement.requestlog [None req-8fdfc1bb-753d-457b-9605-c3d38298623c e8a3d17115754093be577709599f46d6 e70ffcb64c0c484e82e6865220907b34 - - ff5c70270a06466dacd3fd0d1ebd3565 ff5c70270a06466dacd3fd0d1ebd3565] 10.0.0.91 "GET /resource_providers/f5fc95d1-1404-40ab-a9d3-c848f611eb6e/aggregates" status: 404 len: 235 microversion: 1.1 [pid: 7|app: 0|req: 480/956] 10.0.0.91 () {32 vars in 815 bytes} [Mon Jun 22 03:11:20 2026] GET /resource_providers/f5fc95d1-1404-40ab-a9d3-c848f611eb6e/aggregates => generated 235 bytes in 26 msecs (HTTP/1.1 404) 5 headers in 202 bytes (1 switches on core 0)
2026-06-22 03:11:20.283 8 INFO placement.requestlog [None req-da6df1cf-a09b-4956-aea2-9ac6bf3b2e1f e8a3d17115754093be577709599f46d6 e70ffcb64c0c484e82e6865220907b34 - - ff5c70270a06466dacd3fd0d1ebd3565 ff5c70270a06466dacd3fd0d1ebd3565] 10.0.0.91 "DELETE /resource_providers/f5fc95d1-1404-40ab-a9d3-c848f611eb6e" status: 404 len: 246 microversion: 1.1 [pid: 8|app: 0|req: 477/957] 10.0.0.91 () {34 vars in 815 bytes} [Mon Jun 22 03:11:20 2026] DELETE /resource_providers/f5fc95d1-1404-40ab-a9d3-c848f611eb6e => generated 246 bytes in 9 msecs (HTTP/1.1 404) 6 headers in 231 bytes (1 switches on core 0)
2026-06-22 03:11:20.309 7 INFO placement.requestlog [None req-952f8588-e498-4593-9209-981b1430e600 e8a3d17115754093be577709599f46d6 e70ffcb64c0c484e82e6865220907b34 - - ff5c70270a06466dacd3fd0d1ebd3565 ff5c70270a06466dacd3fd0d1ebd3565] 10.0.0.91 "DELETE /resource_providers/f5fc95d1-1404-40ab-a9d3-c848f611eb6e" status: 404 len: 246 microversion: 1.1 [pid: 7|app: 0|req: 481/958] 10.0.0.91 () {34 vars in 815 bytes} [Mon Jun 22 03:11:20 2026] DELETE /resource_providers/f5fc95d1-1404-40ab-a9d3-c848f611eb6e => generated 246 bytes in 29 msecs (HTTP/1.1 404) 6 headers in 231 bytes (1 switches on core 0)
2026-06-22 03:11:21.285 8 INFO placement.requestlog [None req-3cc92ec1-1ccf-4896-ad59-0d7fd51166ee - - - - - -] 10.0.0.49 "GET /" status: 200 len: 136 microversion: 1.0
2026-06-22 03:11:21.285 7 INFO placement.requestlog [None req-30e2192d-a1fa-476c-a14a-6ec7d3cc62ef - - - - - -] 10.0.0.49 "GET /" status: 200 len: 136 microversion: 1.0
2026-06-22 03:11:22.301 8 INFO placement.requestlog [None req-a5a6e965-f905-4795-994d-74fde437433c e8a3d17115754093be577709599f46d6 e70ffcb64c0c484e82e6865220907b34 - - ff5c70270a06466dacd3fd0d1ebd3565 ff5c70270a06466dacd3fd0d1ebd3565] 10.0.0.91 "GET /resource_providers/459f279e-d81f-44a7-bc91-857764f3b4fb/aggregates" status: 404 len: 235 microversion: 1.1 [pid: 8|app: 0|req: 479/961] 10.0.0.91 () {32 vars in 815 bytes} [Mon Jun 22 03:11:22 2026] GET /resource_providers/459f279e-d81f-44a7-bc91-857764f3b4fb/aggregates => generated 235 bytes in 10 msecs (HTTP/1.1 404) 5 headers in 202 bytes (1 switches on core 0)
2026-06-22 03:11:22.324 7 INFO placement.requestlog [None req-1acb3cd9-78da-4a50-a867-ee7e9daadd15 e8a3d17115754093be577709599f46d6 e70ffcb64c0c484e82e6865220907b34 - - ff5c70270a06466dacd3fd0d1ebd3565 ff5c70270a06466dacd3fd0d1ebd3565] 10.0.0.91 "DELETE /resource_providers/459f279e-d81f-44a7-bc91-857764f3b4fb" status: 404 len: 246 microversion: 1.1 [pid: 7|app: 0|req: 483/962] 10.0.0.91 () {34 vars in 815 bytes} [Mon Jun 22 03:11:22 2026] DELETE /resource_providers/459f279e-d81f-44a7-bc91-857764f3b4fb => generated 246 bytes in 16 msecs (HTTP/1.1 404) 6 headers in 231 bytes (1 switches on core 0)
2026-06-22 03:11:22.331 8 INFO placement.requestlog [None req-a7322928-5493-445e-9d0a-79f3001bd142 e8a3d17115754093be577709599f46d6 e70ffcb64c0c484e82e6865220907b34 - - ff5c70270a06466dacd3fd0d1ebd3565 ff5c70270a06466dacd3fd0d1ebd3565] 10.0.0.91 "GET /resource_providers/459f279e-d81f-44a7-bc91-857764f3b4fb/aggregates" status: 404 len: 235 microversion: 1.1 [pid: 8|app: 0|req: 480/963] 10.0.0.91 () {32 vars in 815 bytes} [Mon Jun 22 03:11:22 2026] GET /resource_providers/459f279e-d81f-44a7-bc91-857764f3b4fb/aggregates => generated 235 bytes in 10 msecs (HTTP/1.1 404) 5 headers in 202 bytes (1 switches on core 0)
2026-06-22 03:11:22.349 7 INFO placement.requestlog [None req-577128dd-ec2c-4efb-931d-5392aefda739 e8a3d17115754093be577709599f46d6 e70ffcb64c0c484e82e6865220907b34 - - ff5c70270a06466dacd3fd0d1ebd3565 ff5c70270a06466dacd3fd0d1ebd3565] 10.0.0.91 "DELETE /resource_providers/459f279e-d81f-44a7-bc91-857764f3b4fb" status: 404 len: 246 microversion: 1.1 [pid: 7|app: 0|req: 484/964] 10.0.0.91 () {34 vars in 815 bytes} [Mon Jun 22 03:11:22 2026] DELETE /resource_providers/459f279e-d81f-44a7-bc91-857764f3b4fb => generated 246 bytes in 8 msecs (HTTP/1.1 404) 6 headers in 231 bytes (1 switches on core 0)
2026-06-22 03:11:25.097 8 INFO placement.requestlog [req-c27be32e-9bc5-4ee7-83e8-661041bda041 req-e115541b-2715-4a26-89ca-4d3cc301e54c dc1c23e9cf4f4f87bb7e0dd6874a4a75 e70ffcb64c0c484e82e6865220907b34 - - ff5c70270a06466dacd3fd0d1ebd3565 ff5c70270a06466dacd3fd0d1ebd3565] 10.0.0.236 "GET /allocation_candidates?limit=1000&resources=DISK_GB%3A1%2CMEMORY_MB%3A512%2CVCPU%3A1&root_required=%21COMPUTE_STATUS_DISABLED" status: 200 len: 2640 microversion: 1.36 [pid: 8|app: 0|req: 481/965] 10.0.0.236 () {34 vars in 1012 bytes} [Mon Jun 22 03:11:25 2026] GET /allocation_candidates?limit=1000&resources=DISK_GB%3A1%2CMEMORY_MB%3A512%2CVCPU%3A1&root_required=%21COMPUTE_STATUS_DISABLED => generated 2640 bytes in 54 msecs (HTTP/1.1 200) 8 headers in 297 bytes (1 switches on core 0)
2026-06-22 03:11:25.123 7 INFO placement.requestlog [req-c27be32e-9bc5-4ee7-83e8-661041bda041 req-86e16b97-ddca-4cf3-b1f1-aaaeff1e85f9 dc1c23e9cf4f4f87bb7e0dd6874a4a75 e70ffcb64c0c484e82e6865220907b34 - - ff5c70270a06466dacd3fd0d1ebd3565 ff5c70270a06466dacd3fd0d1ebd3565] 10.0.0.236 "GET /allocations/7621854b-2a35-4814-9699-d17a8cd5f4d0" status: 200 len: 19 microversion: 1.28 [pid: 7|app: 0|req: 485/966] 10.0.0.236 () {34 vars in 861 bytes} [Mon Jun 22 03:11:25 2026] GET /allocations/7621854b-2a35-4814-9699-d17a8cd5f4d0 => generated 19 bytes in 10 msecs (HTTP/1.1 200) 8 headers in 295 bytes (1 switches on core 0)
2026-06-22 03:11:25.211 8 INFO placement.requestlog [req-c27be32e-9bc5-4ee7-83e8-661041bda041 req-44a94851-8827-4c71-a669-08c74287bcb2 dc1c23e9cf4f4f87bb7e0dd6874a4a75 e70ffcb64c0c484e82e6865220907b34 - - ff5c70270a06466dacd3fd0d1ebd3565 ff5c70270a06466dacd3fd0d1ebd3565] 10.0.0.236 "PUT /allocations/7621854b-2a35-4814-9699-d17a8cd5f4d0" status: 204 len: 0 microversion: 1.36 [pid: 8|app: 0|req: 482/967] 10.0.0.236 () {38 vars in 914 bytes} [Mon Jun 22 03:11:25 2026] PUT /allocations/7621854b-2a35-4814-9699-d17a8cd5f4d0 => generated 0 bytes in 83 msecs (HTTP/1.1 204) 5 headers in 199 bytes (1 switches on core 0)
2026-06-22 03:11:26.747 7 INFO placement.requestlog [req-c27be32e-9bc5-4ee7-83e8-661041bda041 req-c8d05123-d3ed-4af1-a52c-094bc3193c90 dc1c23e9cf4f4f87bb7e0dd6874a4a75 e70ffcb64c0c484e82e6865220907b34 - - ff5c70270a06466dacd3fd0d1ebd3565 ff5c70270a06466dacd3fd0d1ebd3565] 199.204.45.25 "GET /allocations/7621854b-2a35-4814-9699-d17a8cd5f4d0" status: 200 len: 258 microversion: 1.28 [pid: 7|app: 0|req: 486/968] 199.204.45.25 () {34 vars in 862 bytes} [Mon Jun 22 03:11:26 2026] GET /allocations/7621854b-2a35-4814-9699-d17a8cd5f4d0 => generated 258 bytes in 11 msecs (HTTP/1.1 200) 8 headers in 296 bytes (1 switches on core 0)
2026-06-22 03:11:27.792 8 INFO placement.requestlog [req-c27be32e-9bc5-4ee7-83e8-661041bda041 req-c89acc05-e59c-4e00-916b-6950e0c5d2ca dc1c23e9cf4f4f87bb7e0dd6874a4a75 e70ffcb64c0c484e82e6865220907b34 - - ff5c70270a06466dacd3fd0d1ebd3565 ff5c70270a06466dacd3fd0d1ebd3565] 199.204.45.25 "GET /resource_providers/28620ae9-2146-4ebd-b0b7-118072354c38/allocations" status: 200 len: 153 microversion: 1.0 [pid: 8|app: 0|req: 483/969] 199.204.45.25 () {32 vars in 856 bytes} [Mon Jun 22 03:11:27 2026] GET /resource_providers/28620ae9-2146-4ebd-b0b7-118072354c38/allocations => generated 153 bytes in 20 msecs (HTTP/1.1 200) 6 headers in 224 bytes (1 switches on core 0)
2026-06-22 03:11:27.812 7 INFO placement.requestlog [req-c27be32e-9bc5-4ee7-83e8-661041bda041 req-9086858a-ab0b-48ff-93ca-6cf0095fe38a dc1c23e9cf4f4f87bb7e0dd6874a4a75 e70ffcb64c0c484e82e6865220907b34 - - ff5c70270a06466dacd3fd0d1ebd3565 ff5c70270a06466dacd3fd0d1ebd3565] 199.204.45.25 "GET /allocations/7621854b-2a35-4814-9699-d17a8cd5f4d0" status: 200 len: 258 microversion: 1.28 [pid: 7|app: 0|req: 487/970] 199.204.45.25 () {34 vars in 862 bytes} [Mon Jun 22 03:11:27 2026] GET /allocations/7621854b-2a35-4814-9699-d17a8cd5f4d0 => generated 258 bytes in 14 msecs (HTTP/1.1 200) 8 headers in 296 bytes (1 switches on core 0)
2026-06-22 03:11:31.285 7 INFO placement.requestlog [None req-146c7f2a-7ada-4ae2-bcb1-a6d856e4768c - - - - - -] 10.0.0.49 "GET /" status: 200 len: 136 microversion: 1.0
2026-06-22 03:11:31.285 8 INFO placement.requestlog [None req-abe5c091-e245-4d44-87ac-419eca7a475d - - - - - -] 10.0.0.49 "GET /" status: 200 len: 136 microversion: 1.0
2026-06-22 03:11:31.762 7 INFO placement.requestlog [None req-9b8d59ad-ad2f-48a3-96e5-01970fc7cf1a e8a3d17115754093be577709599f46d6 e70ffcb64c0c484e82e6865220907b34 - - ff5c70270a06466dacd3fd0d1ebd3565 ff5c70270a06466dacd3fd0d1ebd3565] 10.0.0.91 "GET /resource_providers/ab6e99ee-adaf-4332-8bc5-48bdf4349c20/aggregates" status: 404 len: 235 microversion: 1.1 [pid: 7|app: 0|req: 489/973] 10.0.0.91 () {32 vars in 815 bytes} [Mon Jun 22 03:11:31 2026] GET /resource_providers/ab6e99ee-adaf-4332-8bc5-48bdf4349c20/aggregates => generated 235 bytes in 8 msecs (HTTP/1.1 404) 5 headers in 202 bytes (1 switches on core 0)
2026-06-22 03:11:31.764 8 INFO placement.requestlog [None req-670d8527-a3fd-4059-8b01-0bd952ef520b e8a3d17115754093be577709599f46d6 e70ffcb64c0c484e82e6865220907b34 - - ff5c70270a06466dacd3fd0d1ebd3565 ff5c70270a06466dacd3fd0d1ebd3565] 10.0.0.91 "GET /resource_providers/ab6e99ee-adaf-4332-8bc5-48bdf4349c20/aggregates" status: 404 len: 235 microversion: 1.1 [pid: 8|app: 0|req: 485/974] 10.0.0.91 () {32 vars in 815 bytes} [Mon Jun 22 03:11:31 2026] GET /resource_providers/ab6e99ee-adaf-4332-8bc5-48bdf4349c20/aggregates => generated 235 bytes in 9 msecs (HTTP/1.1 404) 5 headers in 202 bytes (1 switches on core 0)
2026-06-22 03:11:31.787 7 INFO placement.requestlog [None req-87ffcab8-9955-4d61-81b1-3596236b095c e8a3d17115754093be577709599f46d6 e70ffcb64c0c484e82e6865220907b34 - - ff5c70270a06466dacd3fd0d1ebd3565 ff5c70270a06466dacd3fd0d1ebd3565] 10.0.0.91 "DELETE /resource_providers/ab6e99ee-adaf-4332-8bc5-48bdf4349c20" status: 404 len: 246 microversion: 1.1 [pid: 7|app: 0|req: 490/975] 10.0.0.91 () {34 vars in 815 bytes} [Mon Jun 22 03:11:31 2026] DELETE /resource_providers/ab6e99ee-adaf-4332-8bc5-48bdf4349c20 => generated 246 bytes in 11 msecs (HTTP/1.1 404) 6 headers in 231 bytes (1 switches on core 0)
2026-06-22 03:11:31.787 8 INFO placement.requestlog [None req-63da68b7-cb6b-4113-96b7-fdaaf2f111b2 e8a3d17115754093be577709599f46d6 e70ffcb64c0c484e82e6865220907b34 - - ff5c70270a06466dacd3fd0d1ebd3565 ff5c70270a06466dacd3fd0d1ebd3565] 10.0.0.91 "DELETE /resource_providers/ab6e99ee-adaf-4332-8bc5-48bdf4349c20" status: 404 len: 246 microversion: 1.1 [pid: 8|app: 0|req: 486/976] 10.0.0.91 () {34 vars in 815 bytes} [Mon Jun 22 03:11:31 2026] DELETE /resource_providers/ab6e99ee-adaf-4332-8bc5-48bdf4349c20 => generated 246 bytes in 11 msecs (HTTP/1.1 404) 6 headers in 231 bytes (1 switches on core 0)
2026-06-22 03:11:32.100 8 INFO placement.requestlog [None req-fff4ddc5-d85a-4d98-af78-7fa0ff324d9a e8a3d17115754093be577709599f46d6 e70ffcb64c0c484e82e6865220907b34 - - ff5c70270a06466dacd3fd0d1ebd3565 ff5c70270a06466dacd3fd0d1ebd3565] 10.0.0.91 "GET /resource_providers/d3266146-184e-49bd-99d6-8774e32d9087/aggregates" status: 404 len: 235 microversion: 1.1 [pid: 8|app: 0|req: 487/977] 10.0.0.91 () {32 vars in 815 bytes} [Mon Jun 22 03:11:32 2026] GET /resource_providers/d3266146-184e-49bd-99d6-8774e32d9087/aggregates => generated 235 bytes in 9 msecs (HTTP/1.1 404) 5 headers in 202 bytes (1 switches on core 0)
2026-06-22 03:11:32.105 7 INFO placement.requestlog [None req-7163c2f2-7ec7-4929-a0d3-4aaa1754dc15 e8a3d17115754093be577709599f46d6 e70ffcb64c0c484e82e6865220907b34 - - ff5c70270a06466dacd3fd0d1ebd3565 ff5c70270a06466dacd3fd0d1ebd3565] 10.0.0.91 "GET /resource_providers/d3266146-184e-49bd-99d6-8774e32d9087/aggregates" status: 404 len: 235 microversion: 1.1 [pid: 7|app: 0|req: 491/978] 10.0.0.91 () {32 vars in 815 bytes} [Mon Jun 22 03:11:32 2026] GET /resource_providers/d3266146-184e-49bd-99d6-8774e32d9087/aggregates => generated 235 bytes in 13 msecs (HTTP/1.1 404) 5 headers in 202 bytes (1 switches on core 0)
2026-06-22 03:11:32.123 8 INFO placement.requestlog [None req-1c1c286a-9719-41d4-80a8-69a0604b65ea e8a3d17115754093be577709599f46d6 e70ffcb64c0c484e82e6865220907b34 - - ff5c70270a06466dacd3fd0d1ebd3565 ff5c70270a06466dacd3fd0d1ebd3565] 10.0.0.91 "DELETE /resource_providers/d3266146-184e-49bd-99d6-8774e32d9087" status: 404 len: 246 microversion: 1.1 [pid: 8|app: 0|req: 488/979] 10.0.0.91 () {34 vars in 815 bytes} [Mon Jun 22 03:11:32 2026] DELETE /resource_providers/d3266146-184e-49bd-99d6-8774e32d9087 => generated 246 bytes in 8 msecs (HTTP/1.1 404) 6 headers in 231 bytes (1 switches on core 0)
2026-06-22 03:11:32.130 7 INFO placement.requestlog [None req-2e6a7dba-b301-4bd4-a967-2f75fcf9355b e8a3d17115754093be577709599f46d6 e70ffcb64c0c484e82e6865220907b34 - - ff5c70270a06466dacd3fd0d1ebd3565 ff5c70270a06466dacd3fd0d1ebd3565] 10.0.0.91 "DELETE /resource_providers/d3266146-184e-49bd-99d6-8774e32d9087" status: 404 len: 246 microversion: 1.1 [pid: 7|app: 0|req: 492/980] 10.0.0.91 () {34 vars in 815 bytes} [Mon Jun 22 03:11:32 2026] DELETE /resource_providers/d3266146-184e-49bd-99d6-8774e32d9087 => generated 246 bytes in 14 msecs (HTTP/1.1 404) 6 headers in 231 bytes (1 switches on core 0)
2026-06-22 03:11:33.808 8 INFO placement.requestlog [None req-81cc2ac6-bca3-46f1-aedd-1284c85231ad e8a3d17115754093be577709599f46d6 e70ffcb64c0c484e82e6865220907b34 - - ff5c70270a06466dacd3fd0d1ebd3565 ff5c70270a06466dacd3fd0d1ebd3565] 10.0.0.91 "GET /resource_providers/7ac4ed2f-af46-4a58-88d5-e88712fe3025/aggregates" status: 404 len: 235 microversion: 1.1 [pid: 8|app: 0|req: 489/981] 10.0.0.91 () {32 vars in 815 bytes} [Mon Jun 22 03:11:33 2026] GET /resource_providers/7ac4ed2f-af46-4a58-88d5-e88712fe3025/aggregates => generated 235 bytes in 10 msecs (HTTP/1.1 404) 5 headers in 202 bytes (1 switches on core 0)
2026-06-22 03:11:33.810 7 INFO placement.requestlog [None req-1d8cf289-3411-44be-869e-8a7082249b68 e8a3d17115754093be577709599f46d6 e70ffcb64c0c484e82e6865220907b34 - - ff5c70270a06466dacd3fd0d1ebd3565 ff5c70270a06466dacd3fd0d1ebd3565] 10.0.0.91 "GET /resource_providers/7ac4ed2f-af46-4a58-88d5-e88712fe3025/aggregates" status: 404 len: 235 microversion: 1.1 [pid: 7|app: 0|req: 493/982] 10.0.0.91 () {32 vars in 815 bytes} [Mon Jun 22 03:11:33 2026] GET /resource_providers/7ac4ed2f-af46-4a58-88d5-e88712fe3025/aggregates => generated 235 bytes in 10 msecs (HTTP/1.1 404) 5 headers in 202 bytes (1 switches on core 0)
2026-06-22 03:11:33.822 8 INFO placement.requestlog [None req-719dc6d1-b6a5-49f4-8203-6c3ba41dc82a e8a3d17115754093be577709599f46d6 e70ffcb64c0c484e82e6865220907b34 - - ff5c70270a06466dacd3fd0d1ebd3565 ff5c70270a06466dacd3fd0d1ebd3565] 10.0.0.91 "DELETE /resource_providers/7ac4ed2f-af46-4a58-88d5-e88712fe3025" status: 404 len: 246 microversion: 1.1 [pid: 8|app: 0|req: 490/983] 10.0.0.91 () {34 vars in 815 bytes} [Mon Jun 22 03:11:33 2026] DELETE /resource_providers/7ac4ed2f-af46-4a58-88d5-e88712fe3025 => generated 246 bytes in 6 msecs (HTTP/1.1 404) 6 headers in 231 bytes (1 switches on core 0)
2026-06-22 03:11:33.824 7 INFO placement.requestlog [None req-f4729a71-1c39-45c9-b444-3cbe1dc41f0d e8a3d17115754093be577709599f46d6 e70ffcb64c0c484e82e6865220907b34 - - ff5c70270a06466dacd3fd0d1ebd3565 ff5c70270a06466dacd3fd0d1ebd3565] 10.0.0.91 "DELETE /resource_providers/7ac4ed2f-af46-4a58-88d5-e88712fe3025" status: 404 len: 246 microversion: 1.1 [pid: 7|app: 0|req: 494/984] 10.0.0.91 () {34 vars in 815 bytes} [Mon Jun 22 03:11:33 2026] DELETE /resource_providers/7ac4ed2f-af46-4a58-88d5-e88712fe3025 => generated 246 bytes in 7 msecs (HTTP/1.1 404) 6 headers in 231 bytes (1 switches on core 0)
2026-06-22 03:11:33.840 7 INFO placement.requestlog [None req-3e83f93b-9ca6-4dab-9847-2a902a6f5603 e8a3d17115754093be577709599f46d6 e70ffcb64c0c484e82e6865220907b34 - - ff5c70270a06466dacd3fd0d1ebd3565 ff5c70270a06466dacd3fd0d1ebd3565] 10.0.0.91 "GET /resource_providers/854835ca-06c4-4f55-bdcf-da448114746f/aggregates" status: 404 len: 235 microversion: 1.1
2026-06-22 03:11:33.841 8 INFO placement.requestlog [None req-1fcd5a19-602f-4928-abef-1f0557a94098 e8a3d17115754093be577709599f46d6 e70ffcb64c0c484e82e6865220907b34 - - ff5c70270a06466dacd3fd0d1ebd3565 ff5c70270a06466dacd3fd0d1ebd3565] 10.0.0.91 "GET /resource_providers/854835ca-06c4-4f55-bdcf-da448114746f/aggregates" status: 404 len: 235 microversion: 1.1 [pid: 7|app: 0|req: 495/985] 10.0.0.91 () {32 vars in 815 bytes} [Mon Jun 22 03:11:33 2026] GET /resource_providers/854835ca-06c4-4f55-bdcf-da448114746f/aggregates => generated 235 bytes in 7 msecs (HTTP/1.1 404) 5 headers in 202 bytes (1 switches on core 0) [pid: 8|app: 0|req: 491/986] 10.0.0.91 () {32 vars in 815 bytes} [Mon Jun 22 03:11:33 2026] GET /resource_providers/854835ca-06c4-4f55-bdcf-da448114746f/aggregates => generated 235 bytes in 9 msecs (HTTP/1.1 404) 5 headers in 202 bytes (1 switches on core 0)
2026-06-22 03:11:33.864 7 INFO placement.requestlog [None req-06ced291-7923-4833-952c-fbd4ce916f7d e8a3d17115754093be577709599f46d6 e70ffcb64c0c484e82e6865220907b34 - - ff5c70270a06466dacd3fd0d1ebd3565 ff5c70270a06466dacd3fd0d1ebd3565] 10.0.0.91 "DELETE /resource_providers/854835ca-06c4-4f55-bdcf-da448114746f" status: 404 len: 246 microversion: 1.1 [pid: 7|app: 0|req: 496/987] 10.0.0.91 () {34 vars in 815 bytes} [Mon Jun 22 03:11:33 2026] DELETE /resource_providers/854835ca-06c4-4f55-bdcf-da448114746f => generated 246 bytes in 12 msecs (HTTP/1.1 404) 6 headers in 231 bytes (1 switches on core 0)
2026-06-22 03:11:33.865 8 INFO placement.requestlog [None req-26885a4b-d0f3-4c05-b7b7-411b06262d3b e8a3d17115754093be577709599f46d6 e70ffcb64c0c484e82e6865220907b34 - - ff5c70270a06466dacd3fd0d1ebd3565 ff5c70270a06466dacd3fd0d1ebd3565] 10.0.0.91 "DELETE /resource_providers/854835ca-06c4-4f55-bdcf-da448114746f" status: 404 len: 246 microversion: 1.1 [pid: 8|app: 0|req: 492/988] 10.0.0.91 () {34 vars in 815 bytes} [Mon Jun 22 03:11:33 2026] DELETE /resource_providers/854835ca-06c4-4f55-bdcf-da448114746f => generated 246 bytes in 8 msecs (HTTP/1.1 404) 6 headers in 231 bytes (1 switches on core 0)
2026-06-22 03:11:34.146 7 INFO placement.requestlog [None req-77afce89-b743-43e6-ab85-5b40dd4ac1ea e8a3d17115754093be577709599f46d6 e70ffcb64c0c484e82e6865220907b34 - - ff5c70270a06466dacd3fd0d1ebd3565 ff5c70270a06466dacd3fd0d1ebd3565] 10.0.0.91 "GET /resource_providers/bafe662f-8d93-47bd-b0c5-26d93c49fbb7/aggregates" status: 404 len: 235 microversion: 1.1 [pid: 7|app: 0|req: 497/989] 10.0.0.91 () {32 vars in 815 bytes} [Mon Jun 22 03:11:34 2026] GET /resource_providers/bafe662f-8d93-47bd-b0c5-26d93c49fbb7/aggregates => generated 235 bytes in 11 msecs (HTTP/1.1 404) 5 headers in 202 bytes (1 switches on core 0)
2026-06-22 03:11:34.148 8 INFO placement.requestlog [None req-655412ad-544d-44ee-aaf9-e3e5f523eaa1 e8a3d17115754093be577709599f46d6 e70ffcb64c0c484e82e6865220907b34 - - ff5c70270a06466dacd3fd0d1ebd3565 ff5c70270a06466dacd3fd0d1ebd3565] 10.0.0.91 "GET /resource_providers/bafe662f-8d93-47bd-b0c5-26d93c49fbb7/aggregates" status: 404 len: 235 microversion: 1.1 [pid: 8|app: 0|req: 493/990] 10.0.0.91 () {32 vars in 815 bytes} [Mon Jun 22 03:11:34 2026] GET /resource_providers/bafe662f-8d93-47bd-b0c5-26d93c49fbb7/aggregates => generated 235 bytes in 10 msecs (HTTP/1.1 404) 5 headers in 202 bytes (1 switches on core 0)
2026-06-22 03:11:34.164 7 INFO placement.requestlog [None req-e5ccb007-2e2f-4d85-822d-dfaf6c108851 e8a3d17115754093be577709599f46d6 e70ffcb64c0c484e82e6865220907b34 - - ff5c70270a06466dacd3fd0d1ebd3565 ff5c70270a06466dacd3fd0d1ebd3565] 10.0.0.91 "DELETE /resource_providers/bafe662f-8d93-47bd-b0c5-26d93c49fbb7" status: 404 len: 246 microversion: 1.1 [pid: 7|app: 0|req: 498/991] 10.0.0.91 () {34 vars in 815 bytes} [Mon Jun 22 03:11:34 2026] DELETE /resource_providers/bafe662f-8d93-47bd-b0c5-26d93c49fbb7 => generated 246 bytes in 7 msecs (HTTP/1.1 404) 6 headers in 231 bytes (1 switches on core 0)
2026-06-22 03:11:34.169 8 INFO placement.requestlog [None req-bd3c9640-b700-4458-818a-0d92cd8d2156 e8a3d17115754093be577709599f46d6 e70ffcb64c0c484e82e6865220907b34 - - ff5c70270a06466dacd3fd0d1ebd3565 ff5c70270a06466dacd3fd0d1ebd3565] 10.0.0.91 "DELETE /resource_providers/bafe662f-8d93-47bd-b0c5-26d93c49fbb7" status: 404 len: 246 microversion: 1.1 [pid: 8|app: 0|req: 494/992] 10.0.0.91 () {34 vars in 815 bytes} [Mon Jun 22 03:11:34 2026] DELETE /resource_providers/bafe662f-8d93-47bd-b0c5-26d93c49fbb7 => generated 246 bytes in 10 msecs (HTTP/1.1 404) 6 headers in 231 bytes (1 switches on core 0)
2026-06-22 03:11:37.628 7 INFO placement.requestlog [None req-60d4b32b-5917-4299-a74e-853eba563a2c e8a3d17115754093be577709599f46d6 e70ffcb64c0c484e82e6865220907b34 - - ff5c70270a06466dacd3fd0d1ebd3565 ff5c70270a06466dacd3fd0d1ebd3565] 10.0.0.91 "GET /resource_providers/2af054ef-ce41-4a80-9b87-9e10f1a35d63/aggregates" status: 404 len: 235 microversion: 1.1 [pid: 7|app: 0|req: 499/993] 10.0.0.91 () {32 vars in 815 bytes} [Mon Jun 22 03:11:37 2026] GET /resource_providers/2af054ef-ce41-4a80-9b87-9e10f1a35d63/aggregates => generated 235 bytes in 10 msecs (HTTP/1.1 404) 5 headers in 202 bytes (1 switches on core 0)
2026-06-22 03:11:37.640 8 INFO placement.requestlog [None req-e90dadb7-b325-448a-b02f-16deba46a4da e8a3d17115754093be577709599f46d6 e70ffcb64c0c484e82e6865220907b34 - - ff5c70270a06466dacd3fd0d1ebd3565 ff5c70270a06466dacd3fd0d1ebd3565] 10.0.0.91 "GET /resource_providers/2af054ef-ce41-4a80-9b87-9e10f1a35d63/aggregates" status: 404 len: 235 microversion: 1.1 [pid: 8|app: 0|req: 495/994] 10.0.0.91 () {32 vars in 815 bytes} [Mon Jun 22 03:11:37 2026] GET /resource_providers/2af054ef-ce41-4a80-9b87-9e10f1a35d63/aggregates => generated 235 bytes in 16 msecs (HTTP/1.1 404) 5 headers in 202 bytes (1 switches on core 0)
2026-06-22 03:11:37.652 7 INFO placement.requestlog [None req-16c01fdd-f3f7-4cee-a39a-2254d1104410 e8a3d17115754093be577709599f46d6 e70ffcb64c0c484e82e6865220907b34 - - ff5c70270a06466dacd3fd0d1ebd3565 ff5c70270a06466dacd3fd0d1ebd3565] 10.0.0.91 "DELETE /resource_providers/2af054ef-ce41-4a80-9b87-9e10f1a35d63" status: 404 len: 246 microversion: 1.1 [pid: 7|app: 0|req: 500/995] 10.0.0.91 () {34 vars in 815 bytes} [Mon Jun 22 03:11:37 2026] DELETE /resource_providers/2af054ef-ce41-4a80-9b87-9e10f1a35d63 => generated 246 bytes in 17 msecs (HTTP/1.1 404) 6 headers in 231 bytes (1 switches on core 0)
2026-06-22 03:11:37.666 8 INFO placement.requestlog [None req-8c6eae6a-3398-46b3-a661-918901dac830 e8a3d17115754093be577709599f46d6 e70ffcb64c0c484e82e6865220907b34 - - ff5c70270a06466dacd3fd0d1ebd3565 ff5c70270a06466dacd3fd0d1ebd3565] 10.0.0.91 "DELETE /resource_providers/2af054ef-ce41-4a80-9b87-9e10f1a35d63" status: 404 len: 246 microversion: 1.1 [pid: 8|app: 0|req: 496/996] 10.0.0.91 () {34 vars in 815 bytes} [Mon Jun 22 03:11:37 2026] DELETE /resource_providers/2af054ef-ce41-4a80-9b87-9e10f1a35d63 => generated 246 bytes in 12 msecs (HTTP/1.1 404) 6 headers in 231 bytes (1 switches on core 0)
2026-06-22 03:11:38.294 7 INFO placement.requestlog [None req-eeb68d3d-6b11-40f6-8934-c38f55216fd7 e8a3d17115754093be577709599f46d6 e70ffcb64c0c484e82e6865220907b34 - - ff5c70270a06466dacd3fd0d1ebd3565 ff5c70270a06466dacd3fd0d1ebd3565] 10.0.0.91 "GET /resource_providers/316f141e-678f-4ea6-a595-9e3b5a6836f2/aggregates" status: 404 len: 235 microversion: 1.1 [pid: 7|app: 0|req: 501/997] 10.0.0.91 () {32 vars in 815 bytes} [Mon Jun 22 03:11:38 2026] GET /resource_providers/316f141e-678f-4ea6-a595-9e3b5a6836f2/aggregates => generated 235 bytes in 11 msecs (HTTP/1.1 404) 5 headers in 202 bytes (1 switches on core 0)
2026-06-22 03:11:38.296 8 INFO placement.requestlog [None req-d29d374f-75c9-44af-b5b2-bdd393c2a9ae e8a3d17115754093be577709599f46d6 e70ffcb64c0c484e82e6865220907b34 - - ff5c70270a06466dacd3fd0d1ebd3565 ff5c70270a06466dacd3fd0d1ebd3565] 10.0.0.91 "GET /resource_providers/316f141e-678f-4ea6-a595-9e3b5a6836f2/aggregates" status: 404 len: 235 microversion: 1.1 [pid: 8|app: 0|req: 497/998] 10.0.0.91 () {32 vars in 815 bytes} [Mon Jun 22 03:11:38 2026] GET /resource_providers/316f141e-678f-4ea6-a595-9e3b5a6836f2/aggregates => generated 235 bytes in 9 msecs (HTTP/1.1 404) 5 headers in 202 bytes (1 switches on core 0)
2026-06-22 03:11:38.313 7 INFO placement.requestlog [None req-9581c1c1-0740-4906-a79c-b157fff3e73c e8a3d17115754093be577709599f46d6 e70ffcb64c0c484e82e6865220907b34 - - ff5c70270a06466dacd3fd0d1ebd3565 ff5c70270a06466dacd3fd0d1ebd3565] 10.0.0.91 "DELETE /resource_providers/316f141e-678f-4ea6-a595-9e3b5a6836f2" status: 404 len: 246 microversion: 1.1 [pid: 7|app: 0|req: 502/999] 10.0.0.91 () {34 vars in 815 bytes} [Mon Jun 22 03:11:38 2026] DELETE /resource_providers/316f141e-678f-4ea6-a595-9e3b5a6836f2 => generated 246 bytes in 6 msecs (HTTP/1.1 404) 6 headers in 231 bytes (1 switches on core 0)
2026-06-22 03:11:38.322 8 INFO placement.requestlog [None req-de45d1b7-6fe0-4893-b422-9672f944f51b e8a3d17115754093be577709599f46d6 e70ffcb64c0c484e82e6865220907b34 - - ff5c70270a06466dacd3fd0d1ebd3565 ff5c70270a06466dacd3fd0d1ebd3565] 10.0.0.91 "DELETE /resource_providers/316f141e-678f-4ea6-a595-9e3b5a6836f2" status: 404 len: 246 microversion: 1.1 [pid: 8|app: 0|req: 498/1000] 10.0.0.91 () {34 vars in 815 bytes} [Mon Jun 22 03:11:38 2026] DELETE /resource_providers/316f141e-678f-4ea6-a595-9e3b5a6836f2 => generated 246 bytes in 12 msecs (HTTP/1.1 404) 6 headers in 231 bytes (1 switches on core 0)
2026-06-22 03:11:40.332 7 INFO placement.requestlog [None req-0943bcaa-6622-4aca-8751-40cbc36760f9 e8a3d17115754093be577709599f46d6 e70ffcb64c0c484e82e6865220907b34 - - ff5c70270a06466dacd3fd0d1ebd3565 ff5c70270a06466dacd3fd0d1ebd3565] 10.0.0.91 "GET /resource_providers/fa0092f3-c507-4d6b-bc0b-75d3b59ab7cb/aggregates" status: 404 len: 235 microversion: 1.1 [pid: 7|app: 0|req: 503/1001] 10.0.0.91 () {32 vars in 815 bytes} [Mon Jun 22 03:11:40 2026] GET /resource_providers/fa0092f3-c507-4d6b-bc0b-75d3b59ab7cb/aggregates => generated 235 bytes in 9 msecs (HTTP/1.1 404) 5 headers in 202 bytes (1 switches on core 0)
2026-06-22 03:11:40.339 8 INFO placement.requestlog [None req-a56ef6d6-4fc0-4889-b54d-9b625863a268 e8a3d17115754093be577709599f46d6 e70ffcb64c0c484e82e6865220907b34 - - ff5c70270a06466dacd3fd0d1ebd3565 ff5c70270a06466dacd3fd0d1ebd3565] 10.0.0.91 "GET /resource_providers/fa0092f3-c507-4d6b-bc0b-75d3b59ab7cb/aggregates" status: 404 len: 235 microversion: 1.1 [pid: 8|app: 0|req: 499/1002] 10.0.0.91 () {32 vars in 815 bytes} [Mon Jun 22 03:11:40 2026] GET /resource_providers/fa0092f3-c507-4d6b-bc0b-75d3b59ab7cb/aggregates => generated 235 bytes in 10 msecs (HTTP/1.1 404) 5 headers in 202 bytes (1 switches on core 0)
2026-06-22 03:11:40.346 7 INFO placement.requestlog [None req-d87be688-062b-43f4-982a-b06bb4662808 e8a3d17115754093be577709599f46d6 e70ffcb64c0c484e82e6865220907b34 - - ff5c70270a06466dacd3fd0d1ebd3565 ff5c70270a06466dacd3fd0d1ebd3565] 10.0.0.91 "DELETE /resource_providers/fa0092f3-c507-4d6b-bc0b-75d3b59ab7cb" status: 404 len: 246 microversion: 1.1 [pid: 7|app: 0|req: 504/1003] 10.0.0.91 () {34 vars in 815 bytes} [Mon Jun 22 03:11:40 2026] DELETE /resource_providers/fa0092f3-c507-4d6b-bc0b-75d3b59ab7cb => generated 246 bytes in 7 msecs (HTTP/1.1 404) 6 headers in 231 bytes (1 switches on core 0)
2026-06-22 03:11:40.357 8 INFO placement.requestlog [None req-56e69116-cae2-4984-81c6-40d6e2cc50f6 e8a3d17115754093be577709599f46d6 e70ffcb64c0c484e82e6865220907b34 - - ff5c70270a06466dacd3fd0d1ebd3565 ff5c70270a06466dacd3fd0d1ebd3565] 10.0.0.91 "DELETE /resource_providers/fa0092f3-c507-4d6b-bc0b-75d3b59ab7cb" status: 404 len: 246 microversion: 1.1 [pid: 8|app: 0|req: 500/1004] 10.0.0.91 () {34 vars in 815 bytes} [Mon Jun 22 03:11:40 2026] DELETE /resource_providers/fa0092f3-c507-4d6b-bc0b-75d3b59ab7cb => generated 246 bytes in 10 msecs (HTTP/1.1 404) 6 headers in 231 bytes (1 switches on core 0)
2026-06-22 03:11:41.285 8 INFO placement.requestlog [None req-00d95193-cf4e-4930-bd0e-2430d5f173a4 - - - - - -] 10.0.0.49 "GET /" status: 200 len: 136 microversion: 1.0
2026-06-22 03:11:41.287 7 INFO placement.requestlog [None req-5eef2598-5e18-4af2-847d-a3d28efe50a1 - - - - - -] 10.0.0.49 "GET /" status: 200 len: 136 microversion: 1.0
2026-06-22 03:11:42.561 8 INFO placement.requestlog [req-65e96e07-aab4-470e-8451-21866b102558 req-65ee2537-7a19-49e1-92c2-f36496649faa dc1c23e9cf4f4f87bb7e0dd6874a4a75 e70ffcb64c0c484e82e6865220907b34 - - ff5c70270a06466dacd3fd0d1ebd3565 ff5c70270a06466dacd3fd0d1ebd3565] 199.204.45.25 "GET /resource_providers/28620ae9-2146-4ebd-b0b7-118072354c38/allocations" status: 200 len: 153 microversion: 1.0 [pid: 8|app: 0|req: 502/1007] 199.204.45.25 () {32 vars in 856 bytes} [Mon Jun 22 03:11:42 2026] GET /resource_providers/28620ae9-2146-4ebd-b0b7-118072354c38/allocations => generated 153 bytes in 28 msecs (HTTP/1.1 200) 6 headers in 224 bytes (1 switches on core 0)
2026-06-22 03:11:42.586 7 INFO placement.requestlog [req-65e96e07-aab4-470e-8451-21866b102558 req-d8ae14aa-f5ad-4ef0-8569-d309d683fa4f dc1c23e9cf4f4f87bb7e0dd6874a4a75 e70ffcb64c0c484e82e6865220907b34 - - ff5c70270a06466dacd3fd0d1ebd3565 ff5c70270a06466dacd3fd0d1ebd3565] 199.204.45.25 "GET /allocations/7621854b-2a35-4814-9699-d17a8cd5f4d0" status: 200 len: 258 microversion: 1.28 [pid: 7|app: 0|req: 506/1008] 199.204.45.25 () {34 vars in 862 bytes} [Mon Jun 22 03:11:42 2026] GET /allocations/7621854b-2a35-4814-9699-d17a8cd5f4d0 => generated 258 bytes in 19 msecs (HTTP/1.1 200) 8 headers in 296 bytes (1 switches on core 0)
2026-06-22 03:11:43.650 8 INFO placement.requestlog [req-65e96e07-aab4-470e-8451-21866b102558 req-c4861895-f1e8-4062-90c0-1b06fa7622f4 dc1c23e9cf4f4f87bb7e0dd6874a4a75 e70ffcb64c0c484e82e6865220907b34 - - ff5c70270a06466dacd3fd0d1ebd3565 ff5c70270a06466dacd3fd0d1ebd3565] 199.204.45.25 "DELETE /allocations/7621854b-2a35-4814-9699-d17a8cd5f4d0" status: 204 len: 0 microversion: 1.0 [pid: 8|app: 0|req: 503/1009] 199.204.45.25 () {34 vars in 840 bytes} [Mon Jun 22 03:11:43 2026] DELETE /allocations/7621854b-2a35-4814-9699-d17a8cd5f4d0 => generated 0 bytes in 33 msecs (HTTP/1.1 204) 5 headers in 198 bytes (1 switches on core 0)
2026-06-22 03:11:46.957 8 INFO placement.requestlog [None req-4db2363a-722e-4df9-a26a-5dc5cbcdd82f e8a3d17115754093be577709599f46d6 e70ffcb64c0c484e82e6865220907b34 - - ff5c70270a06466dacd3fd0d1ebd3565 ff5c70270a06466dacd3fd0d1ebd3565] 10.0.0.91 "GET /resource_providers/59d141f8-617d-4da7-810b-915486733626/aggregates" status: 404 len: 235 microversion: 1.1 [pid: 8|app: 0|req: 504/1010] 10.0.0.91 () {32 vars in 815 bytes} [Mon Jun 22 03:11:46 2026] GET /resource_providers/59d141f8-617d-4da7-810b-915486733626/aggregates => generated 235 bytes in 9 msecs (HTTP/1.1 404) 5 headers in 202 bytes (1 switches on core 0)
2026-06-22 03:11:46.958 7 INFO placement.requestlog [None req-50e2f701-971d-4b66-b00f-07a9186a83a7 e8a3d17115754093be577709599f46d6 e70ffcb64c0c484e82e6865220907b34 - - ff5c70270a06466dacd3fd0d1ebd3565 ff5c70270a06466dacd3fd0d1ebd3565] 10.0.0.91 "GET /resource_providers/59d141f8-617d-4da7-810b-915486733626/aggregates" status: 404 len: 235 microversion: 1.1 [pid: 7|app: 0|req: 507/1011] 10.0.0.91 () {32 vars in 815 bytes} [Mon Jun 22 03:11:46 2026] GET /resource_providers/59d141f8-617d-4da7-810b-915486733626/aggregates => generated 235 bytes in 9 msecs (HTTP/1.1 404) 5 headers in 202 bytes (1 switches on core 0)
2026-06-22 03:11:46.982 8 INFO placement.requestlog [None req-cda5c239-48c5-4101-b24c-b3720f61eb39 e8a3d17115754093be577709599f46d6 e70ffcb64c0c484e82e6865220907b34 - - ff5c70270a06466dacd3fd0d1ebd3565 ff5c70270a06466dacd3fd0d1ebd3565] 10.0.0.91 "DELETE /resource_providers/59d141f8-617d-4da7-810b-915486733626" status: 404 len: 246 microversion: 1.1 [pid: 8|app: 0|req: 505/1012] 10.0.0.91 () {34 vars in 815 bytes} [Mon Jun 22 03:11:46 2026] DELETE /resource_providers/59d141f8-617d-4da7-810b-915486733626 => generated 246 bytes in 10 msecs (HTTP/1.1 404) 6 headers in 231 bytes (1 switches on core 0)
2026-06-22 03:11:46.989 7 INFO placement.requestlog [None req-e0a7e353-450d-49cc-a48d-6d3ad70f6aa5 e8a3d17115754093be577709599f46d6 e70ffcb64c0c484e82e6865220907b34 - - ff5c70270a06466dacd3fd0d1ebd3565 ff5c70270a06466dacd3fd0d1ebd3565] 10.0.0.91 "DELETE /resource_providers/59d141f8-617d-4da7-810b-915486733626" status: 404 len: 246 microversion: 1.1 [pid: 7|app: 0|req: 508/1013] 10.0.0.91 () {34 vars in 815 bytes} [Mon Jun 22 03:11:46 2026] DELETE /resource_providers/59d141f8-617d-4da7-810b-915486733626 => generated 246 bytes in 10 msecs (HTTP/1.1 404) 6 headers in 231 bytes (1 switches on core 0)
2026-06-22 03:11:47.504 8 INFO placement.requestlog [None req-8a541f94-c71b-461f-86cf-1d67eabe88c2 e8a3d17115754093be577709599f46d6 e70ffcb64c0c484e82e6865220907b34 - - ff5c70270a06466dacd3fd0d1ebd3565 ff5c70270a06466dacd3fd0d1ebd3565] 10.0.0.91 "GET /resource_providers/f4c9ea64-5fab-4287-81bd-4cf50f0df27e/aggregates" status: 404 len: 235 microversion: 1.1 [pid: 8|app: 0|req: 506/1014] 10.0.0.91 () {32 vars in 815 bytes} [Mon Jun 22 03:11:47 2026] GET /resource_providers/f4c9ea64-5fab-4287-81bd-4cf50f0df27e/aggregates => generated 235 bytes in 14 msecs (HTTP/1.1 404) 5 headers in 202 bytes (1 switches on core 0)
2026-06-22 03:11:47.506 7 INFO placement.requestlog [None req-6b8f6943-fca6-4379-a15e-abbceb27728e e8a3d17115754093be577709599f46d6 e70ffcb64c0c484e82e6865220907b34 - - ff5c70270a06466dacd3fd0d1ebd3565 ff5c70270a06466dacd3fd0d1ebd3565] 10.0.0.91 "GET /resource_providers/f4c9ea64-5fab-4287-81bd-4cf50f0df27e/aggregates" status: 404 len: 235 microversion: 1.1 [pid: 7|app: 0|req: 509/1015] 10.0.0.91 () {32 vars in 815 bytes} [Mon Jun 22 03:11:47 2026] GET /resource_providers/f4c9ea64-5fab-4287-81bd-4cf50f0df27e/aggregates => generated 235 bytes in 15 msecs (HTTP/1.1 404) 5 headers in 202 bytes (1 switches on core 0)
2026-06-22 03:11:47.531 7 INFO placement.requestlog [None req-3569d14e-15b2-4f9a-92d9-1cae30074d0a e8a3d17115754093be577709599f46d6 e70ffcb64c0c484e82e6865220907b34 - - ff5c70270a06466dacd3fd0d1ebd3565 ff5c70270a06466dacd3fd0d1ebd3565] 10.0.0.91 "DELETE /resource_providers/f4c9ea64-5fab-4287-81bd-4cf50f0df27e" status: 404 len: 246 microversion: 1.1 [pid: 7|app: 0|req: 510/1016] 10.0.0.91 () {34 vars in 815 bytes} [Mon Jun 22 03:11:47 2026] DELETE /resource_providers/f4c9ea64-5fab-4287-81bd-4cf50f0df27e => generated 246 bytes in 11 msecs (HTTP/1.1 404) 6 headers in 231 bytes (1 switches on core 0)
2026-06-22 03:11:47.534 8 INFO placement.requestlog [None req-57a6e5ee-a9a1-419e-ab3c-de7fc193b16d e8a3d17115754093be577709599f46d6 e70ffcb64c0c484e82e6865220907b34 - - ff5c70270a06466dacd3fd0d1ebd3565 ff5c70270a06466dacd3fd0d1ebd3565] 10.0.0.91 "DELETE /resource_providers/f4c9ea64-5fab-4287-81bd-4cf50f0df27e" status: 404 len: 246 microversion: 1.1 [pid: 8|app: 0|req: 507/1017] 10.0.0.91 () {34 vars in 815 bytes} [Mon Jun 22 03:11:47 2026] DELETE /resource_providers/f4c9ea64-5fab-4287-81bd-4cf50f0df27e => generated 246 bytes in 16 msecs (HTTP/1.1 404) 6 headers in 231 bytes (1 switches on core 0)
2026-06-22 03:11:49.559 7 INFO placement.requestlog [None req-12c05f85-9b28-4b13-99d1-bc5ffb5d2245 e8a3d17115754093be577709599f46d6 e70ffcb64c0c484e82e6865220907b34 - - ff5c70270a06466dacd3fd0d1ebd3565 ff5c70270a06466dacd3fd0d1ebd3565] 10.0.0.91 "GET /resource_providers/2da9dd77-6c5c-44cf-9c81-a24f0056f995/aggregates" status: 404 len: 235 microversion: 1.1 [pid: 7|app: 0|req: 511/1018] 10.0.0.91 () {32 vars in 815 bytes} [Mon Jun 22 03:11:49 2026] GET /resource_providers/2da9dd77-6c5c-44cf-9c81-a24f0056f995/aggregates => generated 235 bytes in 14 msecs (HTTP/1.1 404) 5 headers in 202 bytes (1 switches on core 0)
2026-06-22 03:11:49.560 8 INFO placement.requestlog [None req-9a2d5d72-a7ab-4465-84df-a403f135e18e e8a3d17115754093be577709599f46d6 e70ffcb64c0c484e82e6865220907b34 - - ff5c70270a06466dacd3fd0d1ebd3565 ff5c70270a06466dacd3fd0d1ebd3565] 10.0.0.91 "GET /resource_providers/2da9dd77-6c5c-44cf-9c81-a24f0056f995/aggregates" status: 404 len: 235 microversion: 1.1 [pid: 8|app: 0|req: 508/1019] 10.0.0.91 () {32 vars in 815 bytes} [Mon Jun 22 03:11:49 2026] GET /resource_providers/2da9dd77-6c5c-44cf-9c81-a24f0056f995/aggregates => generated 235 bytes in 12 msecs (HTTP/1.1 404) 5 headers in 202 bytes (1 switches on core 0)
