+ COMMAND=start + start + for KEYSTONE_WSGI_SCRIPT in keystone-wsgi-public ++ type -p keystone-wsgi-public + cp -a /var/lib/openstack/bin/keystone-wsgi-public /var/www/cgi-bin/keystone/ + '[' -f /etc/apache2/envvars ']' + source /etc/apache2/envvars ++ unset HOME ++ '[' '' '!=' '' ']' ++ SUFFIX= ++ export APACHE_RUN_USER=www-data ++ APACHE_RUN_USER=www-data ++ export APACHE_RUN_GROUP=www-data ++ APACHE_RUN_GROUP=www-data ++ export APACHE_PID_FILE=/var/run/apache2/apache2.pid ++ APACHE_PID_FILE=/var/run/apache2/apache2.pid ++ export APACHE_RUN_DIR=/var/run/apache2 ++ APACHE_RUN_DIR=/var/run/apache2 ++ export APACHE_LOCK_DIR=/var/lock/apache2 ++ APACHE_LOCK_DIR=/var/lock/apache2 ++ export APACHE_LOG_DIR=/var/log/apache2 ++ APACHE_LOG_DIR=/var/log/apache2 ++ export LANG=C ++ LANG=C ++ export LANG + '[' -f /var/run/apache2/apache2.pid ']' + exec apache2 -DFOREGROUND AH00558: apache2: Could not reliably determine the server's fully qualified domain name, using 10.0.0.217. Set the 'ServerName' directive globally to suppress this message AH00558: apache2: Could not reliably determine the server's fully qualified domain name, using 10.0.0.217. Set the 'ServerName' directive globally to suppress this message
[Wed Jun 17 18:51:41.506159 2026] [mpm_event:notice] [pid 1:tid 139983729289088] AH00489: Apache/2.4.58 (Ubuntu) mod_wsgi/5.0.0 Python/3.12 configured -- resuming normal operations
[Wed Jun 17 18:51:41.506315 2026] [core:notice] [pid 1:tid 139983729289088] AH00094: Command line: 'apache2 -D FOREGROUND'
[Wed Jun 17 18:52:42.404923 2026] [wsgi:error] [pid 11:tid 139983091467968] /var/lib/openstack/lib/python3.12/site-packages/oslo_utils/importutils.py:77: EventletDeprecationWarning:
[Wed Jun 17 18:52:42.405193 2026] [wsgi:error] [pid 11:tid 139983091467968] Eventlet is deprecated. It is currently being maintained in bugfix mode, and
[Wed Jun 17 18:52:42.405195 2026] [wsgi:error] [pid 11:tid 139983091467968] we strongly recommend against using it for new projects.
[Wed Jun 17 18:52:42.405196 2026] [wsgi:error] [pid 11:tid 139983091467968]
[Wed Jun 17 18:52:42.405198 2026] [wsgi:error] [pid 11:tid 139983091467968] If you are already using Eventlet, we recommend migrating to a different
[Wed Jun 17 18:52:42.405199 2026] [wsgi:error] [pid 11:tid 139983091467968] framework. For more detail see
[Wed Jun 17 18:52:42.405201 2026] [wsgi:error] [pid 11:tid 139983091467968] https://eventlet.readthedocs.io/en/latest/asyncio/migration.html
[Wed Jun 17 18:52:42.405202 2026] [wsgi:error] [pid 11:tid 139983091467968]
[Wed Jun 17 18:52:42.405203 2026] [wsgi:error] [pid 11:tid 139983091467968] __import__(import_str)
[Wed Jun 17 18:52:42.419228 2026] [wsgi:error] [pid 10:tid 139983091467968] /var/lib/openstack/lib/python3.12/site-packages/oslo_utils/importutils.py:77: EventletDeprecationWarning:
[Wed Jun 17 18:52:42.419285 2026] [wsgi:error] [pid 10:tid 139983091467968] Eventlet is deprecated. It is currently being maintained in bugfix mode, and
[Wed Jun 17 18:52:42.419288 2026] [wsgi:error] [pid 10:tid 139983091467968] we strongly recommend against using it for new projects.
[Wed Jun 17 18:52:42.419289 2026] [wsgi:error] [pid 10:tid 139983091467968]
[Wed Jun 17 18:52:42.419290 2026] [wsgi:error] [pid 10:tid 139983091467968] If you are already using Eventlet, we recommend migrating to a different
[Wed Jun 17 18:52:42.419291 2026] [wsgi:error] [pid 10:tid 139983091467968] framework. For more detail see
[Wed Jun 17 18:52:42.419293 2026] [wsgi:error] [pid 10:tid 139983091467968] https://eventlet.readthedocs.io/en/latest/asyncio/migration.html
[Wed Jun 17 18:52:42.419294 2026] [wsgi:error] [pid 10:tid 139983091467968]
[Wed Jun 17 18:52:42.419295 2026] [wsgi:error] [pid 10:tid 139983091467968] __import__(import_str) 10.0.0.14 - - [17/Jun/2026:18:52:41 +0000] "GET /v3/ HTTP/1.1" 200 250 10.0.0.14 - - [17/Jun/2026:18:52:41 +0000] "GET /v3/ HTTP/1.1" 200 250
[Wed Jun 17 18:52:54.640541 2026] [wsgi:error] [pid 12:tid 139983091467968] /var/lib/openstack/lib/python3.12/site-packages/oslo_utils/importutils.py:77: EventletDeprecationWarning:
[Wed Jun 17 18:52:54.640584 2026] [wsgi:error] [pid 12:tid 139983091467968] Eventlet is deprecated. It is currently being maintained in bugfix mode, and
[Wed Jun 17 18:52:54.640586 2026] [wsgi:error] [pid 12:tid 139983091467968] we strongly recommend against using it for new projects.
[Wed Jun 17 18:52:54.640587 2026] [wsgi:error] [pid 12:tid 139983091467968]
[Wed Jun 17 18:52:54.640589 2026] [wsgi:error] [pid 12:tid 139983091467968] If you are already using Eventlet, we recommend migrating to a different
[Wed Jun 17 18:52:54.640590 2026] [wsgi:error] [pid 12:tid 139983091467968] framework. For more detail see
[Wed Jun 17 18:52:54.640591 2026] [wsgi:error] [pid 12:tid 139983091467968] https://eventlet.readthedocs.io/en/latest/asyncio/migration.html
[Wed Jun 17 18:52:54.640593 2026] [wsgi:error] [pid 12:tid 139983091467968]
[Wed Jun 17 18:52:54.640594 2026] [wsgi:error] [pid 12:tid 139983091467968] __import__(import_str) 10.0.0.76 - - [17/Jun/2026:18:52:53 +0000] "GET / HTTP/1.1" 300 295
[Wed Jun 17 18:53:00.255501 2026] [wsgi:error] [pid 9:tid 139983091467968] /var/lib/openstack/lib/python3.12/site-packages/oslo_utils/importutils.py:77: EventletDeprecationWarning:
[Wed Jun 17 18:53:00.255558 2026] [wsgi:error] [pid 9:tid 139983091467968] Eventlet is deprecated. It is currently being maintained in bugfix mode, and
[Wed Jun 17 18:53:00.255561 2026] [wsgi:error] [pid 9:tid 139983091467968] we strongly recommend against using it for new projects.
[Wed Jun 17 18:53:00.255563 2026] [wsgi:error] [pid 9:tid 139983091467968]
[Wed Jun 17 18:53:00.255564 2026] [wsgi:error] [pid 9:tid 139983091467968] If you are already using Eventlet, we recommend migrating to a different
[Wed Jun 17 18:53:00.255566 2026] [wsgi:error] [pid 9:tid 139983091467968] framework. For more detail see
[Wed Jun 17 18:53:00.255568 2026] [wsgi:error] [pid 9:tid 139983091467968] https://eventlet.readthedocs.io/en/latest/asyncio/migration.html
[Wed Jun 17 18:53:00.255570 2026] [wsgi:error] [pid 9:tid 139983091467968]
[Wed Jun 17 18:53:00.255571 2026] [wsgi:error] [pid 9:tid 139983091467968] __import__(import_str)
[Wed Jun 17 18:53:05.254542 2026] [wsgi:error] [pid 9:tid 139983091467968] [remote 10.0.0.76:51862] 2026-06-17 18:53:05.251 9 WARNING keystone.identity.core [None req-3135bac6-a659-45b1-9f98-9cb24323bcad - - - - - -] Invalid domain name (atmosphere) found in config file name: keystone.exception.DomainNotFound: Could not find domain: atmosphere.
[Wed Jun 17 18:53:05.326942 2026] [wsgi:error] [pid 9:tid 139983091467968] [remote 10.0.0.76:51862] 2026-06-17 18:53:05.326 9 WARNING keystone.common.password_hashing [None req-3135bac6-a659-45b1-9f98-9cb24323bcad - - - - - -] Truncating password to algorithm specific maximum length 72 characters.
[Wed Jun 17 18:53:05.629512 2026] [wsgi:error] [pid 9:tid 139983091467968] [remote 10.0.0.76:51862] 2026-06-17 18:53:05.629 9 WARNING keystone.common.fernet_utils [None req-3135bac6-a659-45b1-9f98-9cb24323bcad - - - - - -] key_repository is world readable: /etc/keystone/fernet-keys/ 10.0.0.76 - - [17/Jun/2026:18:52:59 +0000] "POST /v3/auth/tokens HTTP/1.1" 201 1360
[Wed Jun 17 18:53:06.048592 2026] [wsgi:error] [pid 11:tid 139983091467968] [remote 10.0.0.76:51862] 2026-06-17 18:53:06.045 11 WARNING keystone.identity.core [None req-b0fa36b1-cfd4-4011-a0de-9fb5d477b708 - - - - - -] Invalid domain name (atmosphere) found in config file name: keystone.exception.DomainNotFound: Could not find domain: atmosphere. 10.0.0.76 - - [17/Jun/2026:18:53:05 +0000] "POST /v3/domains HTTP/1.1" 201 261 10.0.0.231 - - [17/Jun/2026:18:53:18 +0000] "GET / HTTP/1.1" 300 295
[Wed Jun 17 18:53:19.293304 2026] [wsgi:error] [pid 12:tid 139983091467968] [remote 10.0.0.231:44074] 2026-06-17 18:53:19.292 12 WARNING keystone.common.password_hashing [None req-0ed672be-6b83-4853-bef4-64f95b57d7eb - - - - - -] Truncating password to algorithm specific maximum length 72 characters.
[Wed Jun 17 18:53:19.569886 2026] [wsgi:error] [pid 12:tid 139983091467968] [remote 10.0.0.231:44074] 2026-06-17 18:53:19.569 12 WARNING keystone.common.fernet_utils [None req-0ed672be-6b83-4853-bef4-64f95b57d7eb - - - - - -] key_repository is world readable: /etc/keystone/fernet-keys/ 10.0.0.231 - - [17/Jun/2026:18:53:18 +0000] "POST /v3/auth/tokens HTTP/1.1" 201 1360 10.0.0.231 - - [17/Jun/2026:18:53:19 +0000] "GET /v3/roles/admin HTTP/1.1" 404 83
[Wed Jun 17 18:53:19.866315 2026] [wsgi:error] [pid 11:tid 139983091467968] [remote 10.0.0.231:44074] 2026-06-17 18:53:19.866 11 WARNING keystone.common.rbac_enforcer.enforcer [None req-15f4ec15-8950-4264-96ba-d869942ce352 1aa030c6c4954d0d8212cc9e9df90463 8556b32137334766931f3e5eb34ee706 - - default default] Deprecated policy rules found. Use oslopolicy-policy-generator and oslopolicy-policy-upgrade to detect and resolve deprecated policies in your configuration. 10.0.0.231 - - [17/Jun/2026:18:53:19 +0000] "GET /v3/roles?name=admin HTTP/1.1" 200 389
[Wed Jun 17 18:53:20.369325 2026] [wsgi:error] [pid 10:tid 139983091467968] [remote 10.0.0.231:44074] 2026-06-17 18:53:20.369 10 WARNING keystone.common.rbac_enforcer.enforcer [None req-fe8333b9-dd18-4d97-ab89-a6925a07c153 1aa030c6c4954d0d8212cc9e9df90463 8556b32137334766931f3e5eb34ee706 - - default default] Deprecated policy rules found. Use oslopolicy-policy-generator and oslopolicy-policy-upgrade to detect and resolve deprecated policies in your configuration. 10.0.0.231 - - [17/Jun/2026:18:53:20 +0000] "GET /v3/users/admin-RegionOne HTTP/1.1" 404 93
[Wed Jun 17 18:53:20.547045 2026] [wsgi:error] [pid 12:tid 139983091467968] [remote 10.0.0.231:44074] 2026-06-17 18:53:20.546 12 WARNING keystone.common.rbac_enforcer.enforcer [None req-04094dff-ed85-4ea9-bc2f-14ee1ae70bed 1aa030c6c4954d0d8212cc9e9df90463 8556b32137334766931f3e5eb34ee706 - - default default] Deprecated policy rules found. Use oslopolicy-policy-generator and oslopolicy-policy-upgrade to detect and resolve deprecated policies in your configuration. 10.0.0.231 - - [17/Jun/2026:18:53:20 +0000] "GET /v3/users?name=admin-RegionOne HTTP/1.1" 200 422
[Wed Jun 17 18:53:20.782888 2026] [wsgi:error] [pid 9:tid 139983091467968] [remote 10.0.0.231:44074] 2026-06-17 18:53:20.782 9 WARNING keystone.common.rbac_enforcer.enforcer [None req-ef9cc672-e12e-41d8-a652-3f7fc8075c55 1aa030c6c4954d0d8212cc9e9df90463 8556b32137334766931f3e5eb34ee706 - - default default] Deprecated policy rules found. Use oslopolicy-policy-generator and oslopolicy-policy-upgrade to detect and resolve deprecated policies in your configuration. 10.0.0.231 - - [17/Jun/2026:18:53:20 +0000] "GET /v3/domains/default HTTP/1.1" 200 224 10.0.0.231 - - [17/Jun/2026:18:53:20 +0000] "PUT /v3/domains/default/users/1aa030c6c4954d0d8212cc9e9df90463/roles/97e62163e14d488491ef24e524b23292 HTTP/1.1" 204 - 10.0.0.14 - - [17/Jun/2026:18:53:31 +0000] "GET / HTTP/1.1" 300 281 10.0.0.14 - - [17/Jun/2026:18:53:32 +0000] "GET /v3 HTTP/1.1" 200 266
[Wed Jun 17 18:53:32.805637 2026] [wsgi:error] [pid 9:tid 139983091467968] [remote 10.0.0.14:52762] 2026-06-17 18:53:32.805 9 WARNING keystone.common.password_hashing [None req-bee804e1-6492-47c5-8e57-63d0f1e8e5f8 - - - - - -] Truncating password to algorithm specific maximum length 72 characters.
[Wed Jun 17 18:53:33.078757 2026] [wsgi:error] [pid 9:tid 139983091467968] [remote 10.0.0.14:52762] 2026-06-17 18:53:33.078 9 WARNING keystone.common.fernet_utils [None req-bee804e1-6492-47c5-8e57-63d0f1e8e5f8 - - - - - -] key_repository is world readable: /etc/keystone/fernet-keys/ 10.0.0.14 - - [17/Jun/2026:18:53:32 +0000] "POST /v3/auth/tokens HTTP/1.1" 201 1360 10.0.0.14 - - [17/Jun/2026:18:53:33 +0000] "GET / HTTP/1.1" 300 281 10.0.0.14 - - [17/Jun/2026:18:53:33 +0000] "GET /v3/domains/atmosphere HTTP/1.1" 404 90 10.0.0.14 - - [17/Jun/2026:18:53:33 +0000] "GET /v3/domains?name=atmosphere HTTP/1.1" 200 370 10.0.0.14 - - [17/Jun/2026:18:53:33 +0000] "GET /v3/domains/90fe0170f464496eb6107377328787eb HTTP/1.1" 200 247 10.0.0.14 - - [17/Jun/2026:18:53:34 +0000] "GET /v3 HTTP/1.1" 200 266
[Wed Jun 17 18:53:34.205600 2026] [wsgi:error] [pid 10:tid 139983091467968] [remote 10.0.0.14:52764] 2026-06-17 18:53:34.204 10 WARNING keystone.common.password_hashing [None req-d8618d67-0079-40e1-b236-c61513b2f0a4 - - - - - -] Truncating password to algorithm specific maximum length 72 characters.
[Wed Jun 17 18:53:34.486731 2026] [wsgi:error] [pid 10:tid 139983091467968] [remote 10.0.0.14:52764] 2026-06-17 18:53:34.486 10 WARNING keystone.common.fernet_utils [None req-d8618d67-0079-40e1-b236-c61513b2f0a4 - - - - - -] key_repository is world readable: /etc/keystone/fernet-keys/ 10.0.0.14 - - [17/Jun/2026:18:53:34 +0000] "POST /v3/auth/tokens HTTP/1.1" 201 1360 10.0.0.14 - - [17/Jun/2026:18:53:34 +0000] "GET / HTTP/1.1" 300 281 10.0.0.14 - - [17/Jun/2026:18:53:34 +0000] "GET /v3/OS-FEDERATION/identity_providers/atmosphere HTTP/1.1" 404 101 10.0.0.14 - - [17/Jun/2026:18:53:34 +0000] "GET /v3/OS-FEDERATION/identity_providers HTTP/1.1" 200 156 10.0.0.14 - - [17/Jun/2026:18:53:34 +0000] "PUT /v3/OS-FEDERATION/identity_providers/atmosphere HTTP/1.1" 201 342 10.0.0.14 - - [17/Jun/2026:18:53:35 +0000] "GET /v3 HTTP/1.1" 200 266
[Wed Jun 17 18:53:35.294706 2026] [wsgi:error] [pid 9:tid 139983091467968] [remote 10.0.0.14:52762] 2026-06-17 18:53:35.294 9 WARNING keystone.common.password_hashing [None req-de4ddc87-409b-4c03-8ee0-1eddae969938 - - - - - -] Truncating password to algorithm specific maximum length 72 characters.
[Wed Jun 17 18:53:35.578468 2026] [wsgi:error] [pid 9:tid 139983091467968] [remote 10.0.0.14:52762] 2026-06-17 18:53:35.578 9 WARNING keystone.common.fernet_utils [None req-de4ddc87-409b-4c03-8ee0-1eddae969938 - - - - - -] key_repository is world readable: /etc/keystone/fernet-keys/ 10.0.0.14 - - [17/Jun/2026:18:53:35 +0000] "POST /v3/auth/tokens HTTP/1.1" 201 1360 10.0.0.14 - - [17/Jun/2026:18:53:35 +0000] "GET / HTTP/1.1" 300 281 10.0.0.14 - - [17/Jun/2026:18:53:35 +0000] "GET /v3/OS-FEDERATION/mappings/atmosphere-openid HTTP/1.1" 404 98 10.0.0.14 - - [17/Jun/2026:18:53:35 +0000] "GET /v3/OS-FEDERATION/mappings HTTP/1.1" 200 136 10.0.0.14 - - [17/Jun/2026:18:53:35 +0000] "PUT /v3/OS-FEDERATION/mappings/atmosphere-openid HTTP/1.1" 201 357 10.0.0.14 - - [17/Jun/2026:18:53:36 +0000] "GET /v3 HTTP/1.1" 200 266
[Wed Jun 17 18:53:36.426441 2026] [wsgi:error] [pid 10:tid 139983091467968] [remote 10.0.0.14:52762] 2026-06-17 18:53:36.426 10 WARNING keystone.common.password_hashing [None req-69a4054f-8f41-4f9c-8adf-92a74dc33c63 - - - - - -] Truncating password to algorithm specific maximum length 72 characters.
[Wed Jun 17 18:53:36.777443 2026] [wsgi:error] [pid 10:tid 139983091467968] [remote 10.0.0.14:52762] 2026-06-17 18:53:36.777 10 WARNING keystone.common.fernet_utils [None req-69a4054f-8f41-4f9c-8adf-92a74dc33c63 - - - - - -] key_repository is world readable: /etc/keystone/fernet-keys/ 10.0.0.14 - - [17/Jun/2026:18:53:36 +0000] "POST /v3/auth/tokens HTTP/1.1" 201 1360 10.0.0.14 - - [17/Jun/2026:18:53:36 +0000] "GET / HTTP/1.1" 300 281 10.0.0.14 - - [17/Jun/2026:18:53:36 +0000] "GET /v3/OS-FEDERATION/identity_providers/atmosphere/protocols/openid?idp_id=atmosphere HTTP/1.1" 404 131 10.0.0.14 - - [17/Jun/2026:18:53:36 +0000] "GET /v3/OS-FEDERATION/identity_providers/atmosphere/protocols HTTP/1.1" 200 168 10.0.0.14 - - [17/Jun/2026:18:53:36 +0000] "PUT /v3/OS-FEDERATION/identity_providers/atmosphere/protocols/openid HTTP/1.1" 201 224 10.0.0.14 - - [17/Jun/2026:18:53:41 +0000] "GET /v3/ HTTP/1.1" 200 250 10.0.0.14 - - [17/Jun/2026:18:53:41 +0000] "GET /v3/ HTTP/1.1" 200 250 10.0.0.14 - - [17/Jun/2026:18:54:41 +0000] "GET /v3/ HTTP/1.1" 200 250 10.0.0.14 - - [17/Jun/2026:18:54:41 +0000] "GET /v3/ HTTP/1.1" 200 250 10.0.0.174 - - [17/Jun/2026:18:54:59 +0000] "GET / HTTP/1.1" 300 295
[Wed Jun 17 18:54:59.036351 2026] [wsgi:error] [pid 9:tid 139983091467968] [remote 10.0.0.174:39650] 2026-06-17 18:54:59.036 9 WARNING keystone.common.password_hashing [None req-46d6c70f-d47a-4840-b12d-5b000f45e565 - - - - - -] Truncating password to algorithm specific maximum length 72 characters.
[Wed Jun 17 18:54:59.309841 2026] [wsgi:error] [pid 9:tid 139983091467968] [remote 10.0.0.174:39650] 2026-06-17 18:54:59.309 9 WARNING keystone.common.fernet_utils [None req-46d6c70f-d47a-4840-b12d-5b000f45e565 - - - - - -] key_repository is world readable: /etc/keystone/fernet-keys/ 10.0.0.174 - - [17/Jun/2026:18:54:59 +0000] "POST /v3/auth/tokens HTTP/1.1" 201 1360 10.0.0.174 - - [17/Jun/2026:18:54:59 +0000] "GET /v3/services HTTP/1.1" 200 355 10.0.0.174 - - [17/Jun/2026:18:55:03 +0000] "GET / HTTP/1.1" 300 295
[Wed Jun 17 18:55:03.094653 2026] [wsgi:error] [pid 12:tid 139983091467968] [remote 10.0.0.174:43552] 2026-06-17 18:55:03.092 12 WARNING keystone.common.password_hashing [None req-5dfe1547-49dc-4636-9244-057599f4c9a8 - - - - - -] Truncating password to algorithm specific maximum length 72 characters.
[Wed Jun 17 18:55:03.380594 2026] [wsgi:error] [pid 12:tid 139983091467968] [remote 10.0.0.174:43552] 2026-06-17 18:55:03.380 12 WARNING keystone.common.fernet_utils [None req-5dfe1547-49dc-4636-9244-057599f4c9a8 - - - - - -] key_repository is world readable: /etc/keystone/fernet-keys/ 10.0.0.174 - - [17/Jun/2026:18:55:03 +0000] "POST /v3/auth/tokens HTTP/1.1" 201 1360 10.0.0.174 - - [17/Jun/2026:18:55:03 +0000] "GET /v3/services HTTP/1.1" 200 355 10.0.0.174 - - [17/Jun/2026:18:55:07 +0000] "GET / HTTP/1.1" 300 295
[Wed Jun 17 18:55:07.026724 2026] [wsgi:error] [pid 10:tid 139983091467968] [remote 10.0.0.174:43554] 2026-06-17 18:55:07.026 10 WARNING keystone.common.password_hashing [None req-2327e112-38df-4890-a24d-41afb02b245a - - - - - -] Truncating password to algorithm specific maximum length 72 characters.
[Wed Jun 17 18:55:07.302432 2026] [wsgi:error] [pid 10:tid 139983091467968] [remote 10.0.0.174:43554] 2026-06-17 18:55:07.302 10 WARNING keystone.common.fernet_utils [None req-2327e112-38df-4890-a24d-41afb02b245a - - - - - -] key_repository is world readable: /etc/keystone/fernet-keys/ 10.0.0.174 - - [17/Jun/2026:18:55:07 +0000] "POST /v3/auth/tokens HTTP/1.1" 201 1360 10.0.0.174 - - [17/Jun/2026:18:55:07 +0000] "GET /v3/services HTTP/1.1" 200 355 10.0.0.174 - - [17/Jun/2026:18:55:11 +0000] "GET / HTTP/1.1" 300 295
[Wed Jun 17 18:55:11.078211 2026] [wsgi:error] [pid 11:tid 139983091467968] [remote 10.0.0.174:41168] 2026-06-17 18:55:11.077 11 WARNING keystone.common.password_hashing [None req-16422bad-ae3c-4d46-9040-6a543b1dfdae - - - - - -] Truncating password to algorithm specific maximum length 72 characters.
[Wed Jun 17 18:55:11.358666 2026] [wsgi:error] [pid 11:tid 139983091467968] [remote 10.0.0.174:41168] 2026-06-17 18:55:11.358 11 WARNING keystone.common.fernet_utils [None req-16422bad-ae3c-4d46-9040-6a543b1dfdae - - - - - -] key_repository is world readable: /etc/keystone/fernet-keys/ 10.0.0.174 - - [17/Jun/2026:18:55:11 +0000] "POST /v3/auth/tokens HTTP/1.1" 201 1360 10.0.0.174 - - [17/Jun/2026:18:55:11 +0000] "POST /v3/services HTTP/1.1" 201 296 10.0.0.179 - - [17/Jun/2026:18:55:23 +0000] "GET / HTTP/1.1" 300 295 10.0.0.179 - - [17/Jun/2026:18:55:23 +0000] "GET / HTTP/1.1" 300 295
[Wed Jun 17 18:55:23.268682 2026] [wsgi:error] [pid 9:tid 139983091467968] [remote 10.0.0.179:37032] 2026-06-17 18:55:23.268 9 WARNING keystone.common.password_hashing [None req-8ca464ff-0386-4223-8e97-c1fcb4fe1252 - - - - - -] Truncating password to algorithm specific maximum length 72 characters.
[Wed Jun 17 18:55:23.273802 2026] [wsgi:error] [pid 10:tid 139983091467968] [remote 10.0.0.179:37042] 2026-06-17 18:55:23.273 10 WARNING keystone.common.password_hashing [None req-118b724d-47b2-4f0f-bb2a-f42539b03fca - - - - - -] Truncating password to algorithm specific maximum length 72 characters. 10.0.0.179 - - [17/Jun/2026:18:55:23 +0000] "GET / HTTP/1.1" 300 295
[Wed Jun 17 18:55:23.411390 2026] [wsgi:error] [pid 11:tid 139983091467968] [remote 10.0.0.179:37054] 2026-06-17 18:55:23.411 11 WARNING keystone.common.password_hashing [None req-38fcba58-9268-4c65-9f14-e20bf9ee53a1 - - - - - -] Truncating password to algorithm specific maximum length 72 characters.
[Wed Jun 17 18:55:23.541383 2026] [wsgi:error] [pid 10:tid 139983091467968] [remote 10.0.0.179:37042] 2026-06-17 18:55:23.541 10 WARNING keystone.common.fernet_utils [None req-118b724d-47b2-4f0f-bb2a-f42539b03fca - - - - - -] key_repository is world readable: /etc/keystone/fernet-keys/ 10.0.0.179 - - [17/Jun/2026:18:55:23 +0000] "POST /v3/auth/tokens HTTP/1.1" 201 1464
[Wed Jun 17 18:55:23.558701 2026] [wsgi:error] [pid 9:tid 139983091467968] [remote 10.0.0.179:37032] 2026-06-17 18:55:23.558 9 WARNING keystone.common.fernet_utils [None req-8ca464ff-0386-4223-8e97-c1fcb4fe1252 - - - - - -] key_repository is world readable: /etc/keystone/fernet-keys/ 10.0.0.179 - - [17/Jun/2026:18:55:23 +0000] "POST /v3/auth/tokens HTTP/1.1" 201 1464
[Wed Jun 17 18:55:23.694939 2026] [wsgi:error] [pid 11:tid 139983091467968] [remote 10.0.0.179:37054] 2026-06-17 18:55:23.694 11 WARNING keystone.common.fernet_utils [None req-38fcba58-9268-4c65-9f14-e20bf9ee53a1 - - - - - -] key_repository is world readable: /etc/keystone/fernet-keys/ 10.0.0.179 - - [17/Jun/2026:18:55:23 +0000] "POST /v3/auth/tokens HTTP/1.1" 201 1464 10.0.0.179 - - [17/Jun/2026:18:55:23 +0000] "GET /v3/services HTTP/1.1" 200 639 10.0.0.179 - - [17/Jun/2026:18:55:23 +0000] "GET /v3/services HTTP/1.1" 200 639 10.0.0.179 - - [17/Jun/2026:18:55:23 +0000] "GET /v3/services HTTP/1.1" 200 639 10.0.0.179 - - [17/Jun/2026:18:55:25 +0000] "GET / HTTP/1.1" 300 295
[Wed Jun 17 18:55:25.281183 2026] [wsgi:error] [pid 10:tid 139983091467968] [remote 10.0.0.179:37064] 2026-06-17 18:55:25.280 10 WARNING keystone.common.password_hashing [None req-9a09d402-f966-42b0-b504-dfcc85db1581 - - - - - -] Truncating password to algorithm specific maximum length 72 characters. 10.0.0.179 - - [17/Jun/2026:18:55:25 +0000] "GET / HTTP/1.1" 300 295
[Wed Jun 17 18:55:25.464022 2026] [wsgi:error] [pid 9:tid 139983091467968] [remote 10.0.0.179:37074] 2026-06-17 18:55:25.463 9 WARNING keystone.common.password_hashing [None req-01b93eaa-57ab-4fc7-8da1-ff8909156fa6 - - - - - -] Truncating password to algorithm specific maximum length 72 characters.
[Wed Jun 17 18:55:25.569371 2026] [wsgi:error] [pid 10:tid 139983091467968] [remote 10.0.0.179:37064] 2026-06-17 18:55:25.569 10 WARNING keystone.common.fernet_utils [None req-9a09d402-f966-42b0-b504-dfcc85db1581 - - - - - -] key_repository is world readable: /etc/keystone/fernet-keys/ 10.0.0.179 - - [17/Jun/2026:18:55:25 +0000] "POST /v3/auth/tokens HTTP/1.1" 201 1464 10.0.0.179 - - [17/Jun/2026:18:55:25 +0000] "GET / HTTP/1.1" 300 295
[Wed Jun 17 18:55:25.618341 2026] [wsgi:error] [pid 12:tid 139983091467968] [remote 10.0.0.179:37088] 2026-06-17 18:55:25.617 12 WARNING keystone.common.password_hashing [None req-37a22c5c-e4b5-441c-8706-f88d385f2512 - - - - - -] Truncating password to algorithm specific maximum length 72 characters. 10.0.0.179 - - [17/Jun/2026:18:55:25 +0000] "GET /v3/endpoints HTTP/1.1" 200 1227
[Wed Jun 17 18:55:25.735670 2026] [wsgi:error] [pid 9:tid 139983091467968] [remote 10.0.0.179:37074] 2026-06-17 18:55:25.735 9 WARNING keystone.common.fernet_utils [None req-01b93eaa-57ab-4fc7-8da1-ff8909156fa6 - - - - - -] key_repository is world readable: /etc/keystone/fernet-keys/ 10.0.0.179 - - [17/Jun/2026:18:55:25 +0000] "GET /v3/services/a740a08669784ba69f38a1c6812ac634 HTTP/1.1" 200 233 10.0.0.179 - - [17/Jun/2026:18:55:25 +0000] "POST /v3/auth/tokens HTTP/1.1" 201 1464 10.0.0.179 - - [17/Jun/2026:18:55:25 +0000] "GET /v3/services/a740a08669784ba69f38a1c6812ac634 HTTP/1.1" 200 233 10.0.0.179 - - [17/Jun/2026:18:55:25 +0000] "GET /v3/services/a740a08669784ba69f38a1c6812ac634 HTTP/1.1" 200 233 10.0.0.179 - - [17/Jun/2026:18:55:25 +0000] "GET /v3/endpoints HTTP/1.1" 200 1227 10.0.0.179 - - [17/Jun/2026:18:55:25 +0000] "GET /v3/services/a740a08669784ba69f38a1c6812ac634 HTTP/1.1" 200 233 10.0.0.179 - - [17/Jun/2026:18:55:25 +0000] "GET /v3/services/a740a08669784ba69f38a1c6812ac634 HTTP/1.1" 200 233
[Wed Jun 17 18:55:25.904368 2026] [wsgi:error] [pid 12:tid 139983091467968] [remote 10.0.0.179:37088] 2026-06-17 18:55:25.904 12 WARNING keystone.common.fernet_utils [None req-37a22c5c-e4b5-441c-8706-f88d385f2512 - - - - - -] key_repository is world readable: /etc/keystone/fernet-keys/ 10.0.0.179 - - [17/Jun/2026:18:55:25 +0000] "POST /v3/auth/tokens HTTP/1.1" 201 1464 10.0.0.179 - - [17/Jun/2026:18:55:25 +0000] "GET /v3/services/a740a08669784ba69f38a1c6812ac634 HTTP/1.1" 200 233 10.0.0.179 - - [17/Jun/2026:18:55:26 +0000] "GET /v3/endpoints HTTP/1.1" 200 1227 10.0.0.179 - - [17/Jun/2026:18:55:26 +0000] "GET /v3/services/a740a08669784ba69f38a1c6812ac634 HTTP/1.1" 200 233 10.0.0.179 - - [17/Jun/2026:18:55:26 +0000] "GET /v3/services/a740a08669784ba69f38a1c6812ac634 HTTP/1.1" 200 233 10.0.0.179 - - [17/Jun/2026:18:55:26 +0000] "GET /v3/services/a740a08669784ba69f38a1c6812ac634 HTTP/1.1" 200 233 10.0.0.179 - - [17/Jun/2026:18:55:27 +0000] "GET / HTTP/1.1" 300 295
[Wed Jun 17 18:55:27.405730 2026] [wsgi:error] [pid 11:tid 139983091467968] [remote 10.0.0.179:37096] 2026-06-17 18:55:27.405 11 WARNING keystone.common.password_hashing [None req-5d952b98-5e4c-4b97-8e04-ff9883746b3c - - - - - -] Truncating password to algorithm specific maximum length 72 characters. 10.0.0.179 - - [17/Jun/2026:18:55:27 +0000] "GET / HTTP/1.1" 300 295
[Wed Jun 17 18:55:27.461526 2026] [wsgi:error] [pid 9:tid 139983091467968] [remote 10.0.0.179:37106] 2026-06-17 18:55:27.461 9 WARNING keystone.common.password_hashing [None req-bbe41781-eb73-4081-9e8b-2f1f8ca4e31d - - - - - -] Truncating password to algorithm specific maximum length 72 characters. 10.0.0.179 - - [17/Jun/2026:18:55:27 +0000] "GET / HTTP/1.1" 300 295
[Wed Jun 17 18:55:27.571060 2026] [wsgi:error] [pid 12:tid 139983091467968] [remote 10.0.0.179:37116] 2026-06-17 18:55:27.570 12 WARNING keystone.common.password_hashing [None req-410f97c6-dc2f-49b3-b08c-4beeadecf744 - - - - - -] Truncating password to algorithm specific maximum length 72 characters.
[Wed Jun 17 18:55:27.699494 2026] [wsgi:error] [pid 11:tid 139983091467968] [remote 10.0.0.179:37096] 2026-06-17 18:55:27.699 11 WARNING keystone.common.fernet_utils [None req-5d952b98-5e4c-4b97-8e04-ff9883746b3c - - - - - -] key_repository is world readable: /etc/keystone/fernet-keys/ 10.0.0.179 - - [17/Jun/2026:18:55:27 +0000] "POST /v3/auth/tokens HTTP/1.1" 201 1464
[Wed Jun 17 18:55:27.754881 2026] [wsgi:error] [pid 9:tid 139983091467968] [remote 10.0.0.179:37106] 2026-06-17 18:55:27.754 9 WARNING keystone.common.fernet_utils [None req-bbe41781-eb73-4081-9e8b-2f1f8ca4e31d - - - - - -] key_repository is world readable: /etc/keystone/fernet-keys/ 10.0.0.179 - - [17/Jun/2026:18:55:27 +0000] "POST /v3/auth/tokens HTTP/1.1" 201 1464 10.0.0.179 - - [17/Jun/2026:18:55:27 +0000] "GET /v3/services/a075306e374d418397bc6d8414be542b HTTP/1.1" 200 296 10.0.0.179 - - [17/Jun/2026:18:55:27 +0000] "GET /v3/regions/RegionOne HTTP/1.1" 200 173
[Wed Jun 17 18:55:27.848901 2026] [wsgi:error] [pid 12:tid 139983091467968] [remote 10.0.0.179:37116] 2026-06-17 18:55:27.848 12 WARNING keystone.common.fernet_utils [None req-410f97c6-dc2f-49b3-b08c-4beeadecf744 - - - - - -] key_repository is world readable: /etc/keystone/fernet-keys/ 10.0.0.179 - - [17/Jun/2026:18:55:27 +0000] "POST /v3/auth/tokens HTTP/1.1" 201 1464 10.0.0.179 - - [17/Jun/2026:18:55:27 +0000] "GET /v3/services/a075306e374d418397bc6d8414be542b HTTP/1.1" 200 296 10.0.0.179 - - [17/Jun/2026:18:55:27 +0000] "GET /v3/regions/RegionOne HTTP/1.1" 200 173 10.0.0.179 - - [17/Jun/2026:18:55:27 +0000] "GET /v3/services/a075306e374d418397bc6d8414be542b HTTP/1.1" 200 296 10.0.0.179 - - [17/Jun/2026:18:55:27 +0000] "GET /v3/regions/RegionOne HTTP/1.1" 200 173 10.0.0.179 - - [17/Jun/2026:18:55:27 +0000] "POST /v3/endpoints HTTP/1.1" 201 383 10.0.0.179 - - [17/Jun/2026:18:55:27 +0000] "POST /v3/endpoints HTTP/1.1" 201 370 10.0.0.179 - - [17/Jun/2026:18:55:27 +0000] "POST /v3/endpoints HTTP/1.1" 201 380 10.0.0.179 - - [17/Jun/2026:18:55:29 +0000] "GET / HTTP/1.1" 300 295
[Wed Jun 17 18:55:29.633932 2026] [wsgi:error] [pid 9:tid 139983091467968] [remote 10.0.0.179:37118] 2026-06-17 18:55:29.633 9 WARNING keystone.common.password_hashing [None req-096ceecc-e9a3-4610-88a1-2adef4eecfe2 - - - - - -] Truncating password to algorithm specific maximum length 72 characters. 10.0.0.179 - - [17/Jun/2026:18:55:29 +0000] "GET / HTTP/1.1" 300 295 10.0.0.179 - - [17/Jun/2026:18:55:29 +0000] "GET / HTTP/1.1" 300 295
[Wed Jun 17 18:55:29.679087 2026] [wsgi:error] [pid 10:tid 139983091467968] [remote 10.0.0.179:37136] 2026-06-17 18:55:29.678 10 WARNING keystone.common.password_hashing [None req-d4657870-5975-400f-bea5-ca3edda7caeb - - - - - -] Truncating password to algorithm specific maximum length 72 characters.
[Wed Jun 17 18:55:29.681751 2026] [wsgi:error] [pid 11:tid 139983091467968] [remote 10.0.0.179:37134] 2026-06-17 18:55:29.681 11 WARNING keystone.common.password_hashing [None req-eea0a792-df6b-4393-9de3-37b4920f9939 - - - - - -] Truncating password to algorithm specific maximum length 72 characters.
[Wed Jun 17 18:55:29.903082 2026] [wsgi:error] [pid 9:tid 139983091467968] [remote 10.0.0.179:37118] 2026-06-17 18:55:29.902 9 WARNING keystone.common.fernet_utils [None req-096ceecc-e9a3-4610-88a1-2adef4eecfe2 - - - - - -] key_repository is world readable: /etc/keystone/fernet-keys/ 10.0.0.179 - - [17/Jun/2026:18:55:29 +0000] "POST /v3/auth/tokens HTTP/1.1" 201 1992
[Wed Jun 17 18:55:29.949664 2026] [wsgi:error] [pid 10:tid 139983091467968] [remote 10.0.0.179:37136] 2026-06-17 18:55:29.949 10 WARNING keystone.common.fernet_utils [None req-d4657870-5975-400f-bea5-ca3edda7caeb - - - - - -] key_repository is world readable: /etc/keystone/fernet-keys/ 10.0.0.179 - - [17/Jun/2026:18:55:29 +0000] "POST /v3/auth/tokens HTTP/1.1" 201 1992
[Wed Jun 17 18:55:29.962653 2026] [wsgi:error] [pid 11:tid 139983091467968] [remote 10.0.0.179:37134] 2026-06-17 18:55:29.962 11 WARNING keystone.common.fernet_utils [None req-eea0a792-df6b-4393-9de3-37b4920f9939 - - - - - -] key_repository is world readable: /etc/keystone/fernet-keys/ 10.0.0.179 - - [17/Jun/2026:18:55:29 +0000] "POST /v3/auth/tokens HTTP/1.1" 201 1992 10.0.0.179 - - [17/Jun/2026:18:55:30 +0000] "GET /v3/endpoints/b55f441ae11446fd9799b5d465129b8f HTTP/1.1" 200 383 10.0.0.179 - - [17/Jun/2026:18:55:30 +0000] "GET /v3/services/a075306e374d418397bc6d8414be542b HTTP/1.1" 200 296 10.0.0.179 - - [17/Jun/2026:18:55:30 +0000] "GET /v3/endpoints/04a97184269e4c15bf98f3e06586850f HTTP/1.1" 200 370 10.0.0.179 - - [17/Jun/2026:18:55:30 +0000] "GET /v3/endpoints/a605388993814350a0b7dbcc3273fbe2 HTTP/1.1" 200 380 10.0.0.179 - - [17/Jun/2026:18:55:30 +0000] "GET /v3/services/a075306e374d418397bc6d8414be542b HTTP/1.1" 200 296 10.0.0.179 - - [17/Jun/2026:18:55:30 +0000] "GET /v3/services/a075306e374d418397bc6d8414be542b HTTP/1.1" 200 296 10.0.0.14 - - [17/Jun/2026:18:55:41 +0000] "GET /v3/ HTTP/1.1" 200 250 10.0.0.14 - - [17/Jun/2026:18:55:41 +0000] "GET /v3/ HTTP/1.1" 200 250 10.0.0.228 - - [17/Jun/2026:18:55:42 +0000] "GET / HTTP/1.1" 300 295
[Wed Jun 17 18:55:42.437841 2026] [wsgi:error] [pid 9:tid 139983091467968] [remote 10.0.0.228:36872] 2026-06-17 18:55:42.437 9 WARNING keystone.common.password_hashing [None req-9f8dc9af-5d81-4e5e-9d2b-9024d45e3809 - - - - - -] Truncating password to algorithm specific maximum length 72 characters.
[Wed Jun 17 18:55:42.717840 2026] [wsgi:error] [pid 9:tid 139983091467968] [remote 10.0.0.228:36872] 2026-06-17 18:55:42.717 9 WARNING keystone.common.fernet_utils [None req-9f8dc9af-5d81-4e5e-9d2b-9024d45e3809 - - - - - -] key_repository is world readable: /etc/keystone/fernet-keys/ 10.0.0.228 - - [17/Jun/2026:18:55:42 +0000] "POST /v3/auth/tokens HTTP/1.1" 201 1992 10.0.0.228 - - [17/Jun/2026:18:55:42 +0000] "POST /v3/domains HTTP/1.1" 201 284 10.0.0.228 - - [17/Jun/2026:18:55:44 +0000] "GET / HTTP/1.1" 300 295
[Wed Jun 17 18:55:44.465727 2026] [wsgi:error] [pid 12:tid 139983091467968] [remote 10.0.0.228:36884] 2026-06-17 18:55:44.465 12 WARNING keystone.common.password_hashing [None req-cc368506-659e-4a29-baf6-906ca226720e - - - - - -] Truncating password to algorithm specific maximum length 72 characters.
[Wed Jun 17 18:55:44.757764 2026] [wsgi:error] [pid 12:tid 139983091467968] [remote 10.0.0.228:36884] 2026-06-17 18:55:44.757 12 WARNING keystone.common.fernet_utils [None req-cc368506-659e-4a29-baf6-906ca226720e - - - - - -] key_repository is world readable: /etc/keystone/fernet-keys/ 10.0.0.228 - - [17/Jun/2026:18:55:44 +0000] "POST /v3/auth/tokens HTTP/1.1" 201 1992
[Wed Jun 17 18:55:44.957809 2026] [wsgi:error] [pid 9:tid 139983091467968] [remote 10.0.0.228:36884] 2026-06-17 18:55:44.942 9 ERROR keystone.server.flask.application [None req-eae7a747-11e0-4937-a6aa-f69244fc38b5 1aa030c6c4954d0d8212cc9e9df90463 8556b32137334766931f3e5eb34ee706 - - default default] Conflict occurred attempting to store project - it is not permitted to have two projects acting as domains with the same name: service.: keystone.exception.Conflict: Conflict occurred attempting to store project - it is not permitted to have two projects acting as domains with the same name: service.
[Wed Jun 17 18:55:44.957836 2026] [wsgi:error] [pid 9:tid 139983091467968] [remote 10.0.0.228:36884] 2026-06-17 18:55:44.942 9 ERROR keystone.server.flask.application
Traceback (most recent call last):
[Wed Jun 17 18:55:44.957838 2026] [wsgi:error] [pid 9:tid 139983091467968] [remote 10.0.0.228:36884] 2026-06-17 18:55:44.942 9 ERROR keystone.server.flask.application
File "/var/lib/openstack/lib/python3.12/site-packages/sqlalchemy/engine/base.py", line 1969, in _exec_single_context
[Wed Jun 17 18:55:44.957840 2026] [wsgi:error] [pid 9:tid 139983091467968] [remote 10.0.0.228:36884] 2026-06-17 18:55:44.942 9 ERROR keystone.server.flask.application self.dialect.do_execute(
[Wed Jun 17 18:55:44.957841 2026] [wsgi:error] [pid 9:tid 139983091467968] [remote 10.0.0.228:36884] 2026-06-17 18:55:44.942 9 ERROR keystone.server.flask.application
File "/var/lib/openstack/lib/python3.12/site-packages/sqlalchemy/engine/default.py", line 952, in do_execute
[Wed Jun 17 18:55:44.957843 2026] [wsgi:error] [pid 9:tid 139983091467968] [remote 10.0.0.228:36884] 2026-06-17 18:55:44.942 9 ERROR keystone.server.flask.application cursor.execute(statement, parameters)
[Wed Jun 17 18:55:44.957844 2026] [wsgi:error] [pid 9:tid 139983091467968] [remote 10.0.0.228:36884] 2026-06-17 18:55:44.942 9 ERROR keystone.server.flask.application
File "/var/lib/openstack/lib/python3.12/site-packages/pymysql/cursors.py", line 159, in execute
[Wed Jun 17 18:55:44.957846 2026] [wsgi:error] [pid 9:tid 139983091467968] [remote 10.0.0.228:36884] 2026-06-17 18:55:44.942 9 ERROR keystone.server.flask.application result = self._query(query)
[Wed Jun 17 18:55:44.957847 2026] [wsgi:error] [pid 9:tid 139983091467968] [remote 10.0.0.228:36884] 2026-06-17 18:55:44.942 9 ERROR keystone.server.flask.application ^^^^^^^^^^^^^^^^^^
[Wed Jun 17 18:55:44.957849 2026] [wsgi:error] [pid 9:tid 139983091467968] [remote 10.0.0.228:36884] 2026-06-17 18:55:44.942 9 ERROR keystone.server.flask.application
File "/var/lib/openstack/lib/python3.12/site-packages/pymysql/cursors.py", line 330, in _query
[Wed Jun 17 18:55:44.957850 2026] [wsgi:error] [pid 9:tid 139983091467968] [remote 10.0.0.228:36884] 2026-06-17 18:55:44.942 9 ERROR keystone.server.flask.application conn.query(q)
[Wed Jun 17 18:55:44.957852 2026] [wsgi:error] [pid 9:tid 139983091467968] [remote 10.0.0.228:36884] 2026-06-17 18:55:44.942 9 ERROR keystone.server.flask.application
File "/var/lib/openstack/lib/python3.12/site-packages/pymysql/connections.py", line 582, in query
[Wed Jun 17 18:55:44.957853 2026] [wsgi:error] [pid 9:tid 139983091467968] [remote 10.0.0.228:36884] 2026-06-17 18:55:44.942 9 ERROR keystone.server.flask.application self._affected_rows = self._read_query_result(unbuffered=unbuffered)
[Wed Jun 17 18:55:44.957855 2026] [wsgi:error] [pid 9:tid 139983091467968] [remote 10.0.0.228:36884] 2026-06-17 18:55:44.942 9 ERROR keystone.server.flask.application ^^^^^^^^^^^^^^^^^^^^^^^^^^^^^^^^^^^^^^^^^^^^^^
[Wed Jun 17 18:55:44.957856 2026] [wsgi:error] [pid 9:tid 139983091467968] [remote 10.0.0.228:36884] 2026-06-17 18:55:44.942 9 ERROR keystone.server.flask.application
File "/var/lib/openstack/lib/python3.12/site-packages/pymysql/connections.py", line 847, in _read_query_result
[Wed Jun 17 18:55:44.957859 2026] [wsgi:error] [pid 9:tid 139983091467968] [remote 10.0.0.228:36884] 2026-06-17 18:55:44.942 9 ERROR keystone.server.flask.application result.read()
[Wed Jun 17 18:55:44.957863 2026] [wsgi:error] [pid 9:tid 139983091467968] [remote 10.0.0.228:36884] 2026-06-17 18:55:44.942 9 ERROR keystone.server.flask.application
File "/var/lib/openstack/lib/python3.12/site-packages/pymysql/connections.py", line 1245, in read
[Wed Jun 17 18:55:44.957864 2026] [wsgi:error] [pid 9:tid 139983091467968] [remote 10.0.0.228:36884] 2026-06-17 18:55:44.942 9 ERROR keystone.server.flask.application first_packet = self.connection._read_packet()
[Wed Jun 17 18:55:44.957865 2026] [wsgi:error] [pid 9:tid 139983091467968] [remote 10.0.0.228:36884] 2026-06-17 18:55:44.942 9 ERROR keystone.server.flask.application ^^^^^^^^^^^^^^^^^^^^^^^^^^^^^^
[Wed Jun 17 18:55:44.957867 2026] [wsgi:error] [pid 9:tid 139983091467968] [remote 10.0.0.228:36884] 2026-06-17 18:55:44.942 9 ERROR keystone.server.flask.application
File "/var/lib/openstack/lib/python3.12/site-packages/pymysql/connections.py", line 803, in _read_packet
[Wed Jun 17 18:55:44.957868 2026] [wsgi:error] [pid 9:tid 139983091467968] [remote 10.0.0.228:36884] 2026-06-17 18:55:44.942 9 ERROR keystone.server.flask.application packet.raise_for_error()
[Wed Jun 17 18:55:44.957869 2026] [wsgi:error] [pid 9:tid 139983091467968] [remote 10.0.0.228:36884] 2026-06-17 18:55:44.942 9 ERROR keystone.server.flask.application
File "/var/lib/openstack/lib/python3.12/site-packages/pymysql/protocol.py", line 219, in raise_for_error
[Wed Jun 17 18:55:44.957871 2026] [wsgi:error] [pid 9:tid 139983091467968] [remote 10.0.0.228:36884] 2026-06-17 18:55:44.942 9 ERROR keystone.server.flask.application err.raise_mysql_exception(self._data)
[Wed Jun 17 18:55:44.957872 2026] [wsgi:error] [pid 9:tid 139983091467968] [remote 10.0.0.228:36884] 2026-06-17 18:55:44.942 9 ERROR keystone.server.flask.application
File "/var/lib/openstack/lib/python3.12/site-packages/pymysql/err.py", line 154, in raise_mysql_exception
[Wed Jun 17 18:55:44.957874 2026] [wsgi:error] [pid 9:tid 139983091467968] [remote 10.0.0.228:36884] 2026-06-17 18:55:44.942 9 ERROR keystone.server.flask.application raise errorclass(errno, errval, sqlstate=sqlstate)
[Wed Jun 17 18:55:44.957875 2026] [wsgi:error] [pid 9:tid 139983091467968] [remote 10.0.0.228:36884] 2026-06-17 18:55:44.942 9 ERROR keystone.server.flask.application pymysql.err.IntegrityError: (1062, "Duplicate entry '<>-service' for key 'project.ixu_project_name_domain_id'")
[Wed Jun 17 18:55:44.957877 2026] [wsgi:error] [pid 9:tid 139983091467968] [remote 10.0.0.228:36884] 2026-06-17 18:55:44.942 9 ERROR keystone.server.flask.application
[Wed Jun 17 18:55:44.957878 2026] [wsgi:error] [pid 9:tid 139983091467968] [remote 10.0.0.228:36884] 2026-06-17 18:55:44.942 9 ERROR keystone.server.flask.application The above exception was the direct cause of the following exception:
[Wed Jun 17 18:55:44.957880 2026] [wsgi:error] [pid 9:tid 139983091467968] [remote 10.0.0.228:36884] 2026-06-17 18:55:44.942 9 ERROR keystone.server.flask.application
[Wed Jun 17 18:55:44.957881 2026] [wsgi:error] [pid 9:tid 139983091467968] [remote 10.0.0.228:36884] 2026-06-17 18:55:44.942 9 ERROR keystone.server.flask.application
Traceback (most recent call last):
[Wed Jun 17 18:55:44.957882 2026] [wsgi:error] [pid 9:tid 139983091467968] [remote 10.0.0.228:36884] 2026-06-17 18:55:44.942 9 ERROR keystone.server.flask.application
File "/var/lib/openstack/lib/python3.12/site-packages/keystone/common/sql/core.py", line 575, in wrapper
[Wed Jun 17 18:55:44.957884 2026] [wsgi:error] [pid 9:tid 139983091467968] [remote 10.0.0.228:36884] 2026-06-17 18:55:44.942 9 ERROR keystone.server.flask.application return method(*args, **kwargs)
[Wed Jun 17 18:55:44.957885 2026] [wsgi:error] [pid 9:tid 139983091467968] [remote 10.0.0.228:36884] 2026-06-17 18:55:44.942 9 ERROR keystone.server.flask.application ^^^^^^^^^^^^^^^^^^^^^^^
[Wed Jun 17 18:55:44.957886 2026] [wsgi:error] [pid 9:tid 139983091467968] [remote 10.0.0.228:36884] 2026-06-17 18:55:44.942 9 ERROR keystone.server.flask.application
File "/var/lib/openstack/lib/python3.12/site-packages/keystone/resource/backends/sql.py", line 278, in create_project
[Wed Jun 17 18:55:44.957889 2026] [wsgi:error] [pid 9:tid 139983091467968] [remote 10.0.0.228:36884] 2026-06-17 18:55:44.942 9 ERROR keystone.server.flask.application with sql.session_for_write() as session:
[Wed Jun 17 18:55:44.957919 2026] [wsgi:error] [pid 9:tid 139983091467968] [remote 10.0.0.228:36884] 2026-06-17 18:55:44.942 9 ERROR keystone.server.flask.application
File "/usr/lib/python3.12/contextlib.py", line 144, in __exit__
[Wed Jun 17 18:55:44.957920 2026] [wsgi:error] [pid 9:tid 139983091467968] [remote 10.0.0.228:36884] 2026-06-17 18:55:44.942 9 ERROR keystone.server.flask.application next(self.gen)
[Wed Jun 17 18:55:44.957922 2026] [wsgi:error] [pid 9:tid 139983091467968] [remote 10.0.0.228:36884] 2026-06-17 18:55:44.942 9 ERROR keystone.server.flask.application
File "/var/lib/openstack/lib/python3.12/site-packages/oslo_db/sqlalchemy/enginefacade.py", line 1175, in _transaction_scope
[Wed Jun 17 18:55:44.957924 2026] [wsgi:error] [pid 9:tid 139983091467968] [remote 10.0.0.228:36884] 2026-06-17 18:55:44.942 9 ERROR keystone.server.flask.application with current._produce_block(
[Wed Jun 17 18:55:44.957925 2026] [wsgi:error] [pid 9:tid 139983091467968] [remote 10.0.0.228:36884] 2026-06-17 18:55:44.942 9 ERROR keystone.server.flask.application
File "/usr/lib/python3.12/contextlib.py", line 144, in __exit__
[Wed Jun 17 18:55:44.957927 2026] [wsgi:error] [pid 9:tid 139983091467968] [remote 10.0.0.228:36884] 2026-06-17 18:55:44.942 9 ERROR keystone.server.flask.application next(self.gen)
[Wed Jun 17 18:55:44.957928 2026] [wsgi:error] [pid 9:tid 139983091467968] [remote 10.0.0.228:36884] 2026-06-17 18:55:44.942 9 ERROR keystone.server.flask.application
File "/var/lib/openstack/lib/python3.12/site-packages/oslo_db/sqlalchemy/enginefacade.py", line 837, in _session
[Wed Jun 17 18:55:44.957930 2026] [wsgi:error] [pid 9:tid 139983091467968] [remote 10.0.0.228:36884] 2026-06-17 18:55:44.942 9 ERROR keystone.server.flask.application with excutils.save_and_reraise_exception():
[Wed Jun 17 18:55:44.957931 2026] [wsgi:error] [pid 9:tid 139983091467968] [remote 10.0.0.228:36884] 2026-06-17 18:55:44.942 9 ERROR keystone.server.flask.application
File "/var/lib/openstack/lib/python3.12/site-packages/oslo_utils/excutils.py", line 266, in __exit__
[Wed Jun 17 18:55:44.957933 2026] [wsgi:error] [pid 9:tid 139983091467968] [remote 10.0.0.228:36884] 2026-06-17 18:55:44.942 9 ERROR keystone.server.flask.application self.force_reraise()
[Wed Jun 17 18:55:44.957934 2026] [wsgi:error] [pid 9:tid 139983091467968] [remote 10.0.0.228:36884] 2026-06-17 18:55:44.942 9 ERROR keystone.server.flask.application
File "/var/lib/openstack/lib/python3.12/site-packages/oslo_utils/excutils.py", line 232, in force_reraise
[Wed Jun 17 18:55:44.957936 2026] [wsgi:error] [pid 9:tid 139983091467968] [remote 10.0.0.228:36884] 2026-06-17 18:55:44.942 9 ERROR keystone.server.flask.application raise self.value
[Wed Jun 17 18:55:44.957937 2026] [wsgi:error] [pid 9:tid 139983091467968] [remote 10.0.0.228:36884] 2026-06-17 18:55:44.942 9 ERROR keystone.server.flask.application
File "/var/lib/openstack/lib/python3.12/site-packages/oslo_db/sqlalchemy/enginefacade.py", line 835, in _session
[Wed Jun 17 18:55:44.957939 2026] [wsgi:error] [pid 9:tid 139983091467968] [remote 10.0.0.228:36884] 2026-06-17 18:55:44.942 9 ERROR keystone.server.flask.application self._end_session_transaction(self.session)
[Wed Jun 17 18:55:44.957941 2026] [wsgi:error] [pid 9:tid 139983091467968] [remote 10.0.0.228:36884] 2026-06-17 18:55:44.942 9 ERROR keystone.server.flask.application
File "/var/lib/openstack/lib/python3.12/site-packages/oslo_db/sqlalchemy/enginefacade.py", line 748, in _end_session_transaction
[Wed Jun 17 18:55:44.957943 2026] [wsgi:error] [pid 9:tid 139983091467968] [remote 10.0.0.228:36884] 2026-06-17 18:55:44.942 9 ERROR keystone.server.flask.application session.commit()
[Wed Jun 17 18:55:44.957944 2026] [wsgi:error] [pid 9:tid 139983091467968] [remote 10.0.0.228:36884] 2026-06-17 18:55:44.942 9 ERROR keystone.server.flask.application
File "/var/lib/openstack/lib/python3.12/site-packages/sqlalchemy/orm/session.py", line 2034, in commit
[Wed Jun 17 18:55:44.957947 2026] [wsgi:error] [pid 9:tid 139983091467968] [remote 10.0.0.228:36884] 2026-06-17 18:55:44.942 9 ERROR keystone.server.flask.application trans.commit(_to_root=True)
[Wed Jun 17 18:55:44.957948 2026] [wsgi:error] [pid 9:tid 139983091467968] [remote 10.0.0.228:36884] 2026-06-17 18:55:44.942 9 ERROR keystone.server.flask.application File "", line 2, in commit
[Wed Jun 17 18:55:44.957950 2026] [wsgi:error] [pid 9:tid 139983091467968] [remote 10.0.0.228:36884] 2026-06-17 18:55:44.942 9 ERROR keystone.server.flask.application
File "/var/lib/openstack/lib/python3.12/site-packages/sqlalchemy/orm/state_changes.py", line 137, in _go
[Wed Jun 17 18:55:44.957952 2026] [wsgi:error] [pid 9:tid 139983091467968] [remote 10.0.0.228:36884] 2026-06-17 18:55:44.942 9 ERROR keystone.server.flask.application ret_value = fn(self, *arg, **kw)
[Wed Jun 17 18:55:44.957953 2026] [wsgi:error] [pid 9:tid 139983091467968] [remote 10.0.0.228:36884] 2026-06-17 18:55:44.942 9 ERROR keystone.server.flask.application ^^^^^^^^^^^^^^^^^^^^
[Wed Jun 17 18:55:44.957956 2026] [wsgi:error] [pid 9:tid 139983091467968] [remote 10.0.0.228:36884] 2026-06-17 18:55:44.942 9 ERROR keystone.server.flask.application
File "/var/lib/openstack/lib/python3.12/site-packages/sqlalchemy/orm/session.py", line 1315, in commit
[Wed Jun 17 18:55:44.957958 2026] [wsgi:error] [pid 9:tid 139983091467968] [remote 10.0.0.228:36884] 2026-06-17 18:55:44.942 9 ERROR keystone.server.flask.application self._prepare_impl()
[Wed Jun 17 18:55:44.957959 2026] [wsgi:error] [pid 9:tid 139983091467968] [remote 10.0.0.228:36884] 2026-06-17 18:55:44.942 9 ERROR keystone.server.flask.application File "", line 2, in _prepare_impl
[Wed Jun 17 18:55:44.957961 2026] [wsgi:error] [pid 9:tid 139983091467968] [remote 10.0.0.228:36884] 2026-06-17 18:55:44.942 9 ERROR keystone.server.flask.application
File "/var/lib/openstack/lib/python3.12/site-packages/sqlalchemy/orm/state_changes.py", line 137, in _go
[Wed Jun 17 18:55:44.957964 2026] [wsgi:error] [pid 9:tid 139983091467968] [remote 10.0.0.228:36884] 2026-06-17 18:55:44.942 9 ERROR keystone.server.flask.application ret_value = fn(self, *arg, **kw)
[Wed Jun 17 18:55:44.957966 2026] [wsgi:error] [pid 9:tid 139983091467968] [remote 10.0.0.228:36884] 2026-06-17 18:55:44.942 9 ERROR keystone.server.flask.application ^^^^^^^^^^^^^^^^^^^^
[Wed Jun 17 18:55:44.957968 2026] [wsgi:error] [pid 9:tid 139983091467968] [remote 10.0.0.228:36884] 2026-06-17 18:55:44.942 9 ERROR keystone.server.flask.application
File "/var/lib/openstack/lib/python3.12/site-packages/sqlalchemy/orm/session.py", line 1290, in _prepare_impl
[Wed Jun 17 18:55:44.957970 2026] [wsgi:error] [pid 9:tid 139983091467968] [remote 10.0.0.228:36884] 2026-06-17 18:55:44.942 9 ERROR keystone.server.flask.application self.session.flush()
[Wed Jun 17 18:55:44.957972 2026] [wsgi:error] [pid 9:tid 139983091467968] [remote 10.0.0.228:36884] 2026-06-17 18:55:44.942 9 ERROR keystone.server.flask.application
File "/var/lib/openstack/lib/python3.12/site-packages/sqlalchemy/orm/session.py", line 4352, in flush
[Wed Jun 17 18:55:44.957974 2026] [wsgi:error] [pid 9:tid 139983091467968] [remote 10.0.0.228:36884] 2026-06-17 18:55:44.942 9 ERROR keystone.server.flask.application self._flush(objects)
[Wed Jun 17 18:55:44.957976 2026] [wsgi:error] [pid 9:tid 139983091467968] [remote 10.0.0.228:36884] 2026-06-17 18:55:44.942 9 ERROR keystone.server.flask.application
File "/var/lib/openstack/lib/python3.12/site-packages/sqlalchemy/orm/session.py", line 4487, in _flush
[Wed Jun 17 18:55:44.957978 2026] [wsgi:error] [pid 9:tid 139983091467968] [remote 10.0.0.228:36884] 2026-06-17 18:55:44.942 9 ERROR keystone.server.flask.application with util.safe_reraise():
[Wed Jun 17 18:55:44.957980 2026] [wsgi:error] [pid 9:tid 139983091467968] [remote 10.0.0.228:36884] 2026-06-17 18:55:44.942 9 ERROR keystone.server.flask.application
File "/var/lib/openstack/lib/python3.12/site-packages/sqlalchemy/util/langhelpers.py", line 122, in __exit__
[Wed Jun 17 18:55:44.957982 2026] [wsgi:error] [pid 9:tid 139983091467968] [remote 10.0.0.228:36884] 2026-06-17 18:55:44.942 9 ERROR keystone.server.flask.application raise exc_value.with_traceback(exc_tb)
[Wed Jun 17 18:55:44.957985 2026] [wsgi:error] [pid 9:tid 139983091467968] [remote 10.0.0.228:36884] 2026-06-17 18:55:44.942 9 ERROR keystone.server.flask.application
File "/var/lib/openstack/lib/python3.12/site-packages/sqlalchemy/orm/session.py", line 4448, in _flush
[Wed Jun 17 18:55:44.957986 2026] [wsgi:error] [pid 9:tid 139983091467968] [remote 10.0.0.228:36884] 2026-06-17 18:55:44.942 9 ERROR keystone.server.flask.application flush_context.execute()
[Wed Jun 17 18:55:44.957988 2026] [wsgi:error] [pid 9:tid 139983091467968] [remote 10.0.0.228:36884] 2026-06-17 18:55:44.942 9 ERROR keystone.server.flask.application
File "/var/lib/openstack/lib/python3.12/site-packages/sqlalchemy/orm/unitofwork.py", line 465, in execute
